47.79.216.86 - - [15/Apr/2025:03:45:03 -0400] "GET / HTTP/1.1" 403 1242 "https://www.google.com/" "Mozilla/5.0 (Linux; Android 10; K) AppleWebKit/537.36 (KHTML, like Gecko) Chrome/132.0.0.0 Mobile Safari/537.36"
150.109.118.157 - - [15/Apr/2025:03:46:37 -0400] "GET /led-wall-rental/ HTTP/1.1" 404 1251 "-" "Python/3.10 aiohttp/3.10.5"
4.227.36.44 - - [15/Apr/2025:03:50:48 -0400] "GET /robots.txt HTTP/1.1" 404 1251 "-" "Mozilla/5.0 AppleWebKit/537.36 (KHTML, like Gecko; compatible; GPTBot/1.2; +https://openai.com/gptbot)"
40.87.59.98 - - [15/Apr/2025:03:53:48 -0400] "GET /wp-admin/network/ HTTP/1.1" 302 0 "-" "-"
40.87.59.98 - - [15/Apr/2025:03:53:48 -0400] "GET /wp-login.php?redirect_to=https%3A%2F%2Ffreelancingclients.com%2Fwp-admin%2Fnetwork%2F&reauth=1 HTTP/1.1" 200 1727 "-" "-"
40.87.59.98 - - [15/Apr/2025:03:53:51 -0400] "GET /wp-admin/ HTTP/1.1" 302 0 "-" "-"
40.87.59.98 - - [15/Apr/2025:03:53:52 -0400] "GET /wp-login.php?redirect_to=https%3A%2F%2Ffreelancingclients.com%2Fwp-admin%2F&reauth=1 HTTP/1.1" 200 1725 "-" "-"
198.54.114.83 - - [15/Apr/2025:03:53:53 -0400] "POST /wp-admin/admin-ajax.php?action=async_litespeed&nonce=jgCtnAWsDlMepPt7ckBDlVkTnJ4IyoFo&litespeed_type=imgoptm HTTP/1.1" 200 0 "-" "WordPress/6.7.1; https://freelancingclients.com"
40.87.59.98 - - [15/Apr/2025:03:54:14 -0400] "GET /wp-admin/user/ HTTP/1.1" 302 0 "-" "-"
40.87.59.98 - - [15/Apr/2025:03:54:14 -0400] "GET /wp-login.php?redirect_to=https%3A%2F%2Ffreelancingclients.com%2Fwp-admin%2Fuser%2F&reauth=1 HTTP/1.1" 200 1722 "-" "-"
198.54.114.83 - - [15/Apr/2025:03:55:03 -0400] "POST /wp-admin/admin-ajax.php?action=async_litespeed&nonce=2XCmKd8xbNyQAvT5ygeIX71U1PsC0Dnx&litespeed_type=imgoptm HTTP/1.1" 200 0 "-" "WordPress/6.7.1; https://freelancingclients.com"
40.87.59.98 - - [15/Apr/2025:03:55:03 -0400] "GET /wp-admin/ HTTP/1.1" 302 0 "-" "-"
40.87.59.98 - - [15/Apr/2025:03:55:05 -0400] "GET /wp-login.php?redirect_to=https%3A%2F%2Ffreelancingclients.com%2Fwp-admin%2F&reauth=1 HTTP/1.1" 200 1725 "-" "-"
40.87.59.98 - - [15/Apr/2025:03:55:07 -0400] "GET /wp-admin/admin.php HTTP/1.1" 302 0 "-" "-"
40.87.59.98 - - [15/Apr/2025:03:55:09 -0400] "GET /wp-login.php?redirect_to=https%3A%2F%2Ffreelancingclients.com%2Fwp-admin%2Fadmin.php&reauth=1 HTTP/1.1" 200 1726 "-" "-"
46.4.81.149 - - [15/Apr/2025:03:58:45 -0400] "GET /gitarrenkurs-online/ HTTP/1.1" 404 1251 "-" "Mozilla/5.0 (Windows NT 10.0; Win64; x64; rv:109.0) Gecko/20100101 Firefox/110.0"
46.4.81.149 - - [15/Apr/2025:03:59:38 -0400] "GET /die-kunst-des-gitarrespielens-meistern/ HTTP/1.1" 404 1251 "-" "Mozilla/5.0 (Windows NT 10.0; Win64; x64) AppleWebKit/537.36 (KHTML, like Gecko) Chrome/109.0.0.0 Safari/537.36"
2a02:598:64:8a00::3100:4 - - [15/Apr/2025:03:59:55 -0400] "GET /exploring-the-water-chiller-unit/ HTTP/1.1" 404 1251 "-" "Mozilla/5.0 (compatible; SeznamBot/4.0; +https://o-seznam.cz/napoveda/vyhledavani/en/seznambot-crawler/)"
185.82.177.89 - - [15/Apr/2025:04:00:46 -0400] "GET /gitarrenkurs-online-2/ HTTP/1.1" 404 1251 "-" "Mozilla/5.0 (Windows NT 10.0; Win64; x64) AppleWebKit/537.36 (KHTML, like Gecko) Chrome/107.0.0.0 Safari/537.36 OPR/93.0.0.0"
150.109.40.196 - - [15/Apr/2025:04:01:04 -0400] "GET /send-flowers-to-home/ HTTP/1.1" 404 1251 "-" "Python/3.10 aiohttp/3.10.5"
46.4.81.149 - - [15/Apr/2025:04:01:45 -0400] "GET /gitarrenunterricht-essen/ HTTP/1.1" 404 1251 "-" "Mozilla/5.0 (Windows NT 10.0; Win64; x64; rv:108.0) Gecko/20100101 Firefox/108.0"
111.225.149.135 - - [15/Apr/2025:04:08:04 -0400] "GET /page/66/ HTTP/1.1" 404 1251 "-" "Mozilla/5.0 (Linux; Android 5.0) AppleWebKit/537.36 (KHTML, like Gecko) Mobile Safari/537.36 (compatible; Bytespider; https://zhanzhang.toutiao.com/)"
198.54.114.83 - - [15/Apr/2025:04:13:02 -0400] "POST /wp-admin/admin-ajax.php?action=async_litespeed&nonce=bIMitsJwmgSsRApaJk2r2wmuJh3M0Wv4&litespeed_type=imgoptm HTTP/1.1" 200 0 "-" "WordPress/6.7.1; https://freelancingclients.com"
2a02:598:64:8a00::3100:4 - - [15/Apr/2025:04:16:07 -0400] "GET /choosing-the-right-tax-advisor/ HTTP/1.1" 404 1251 "-" "Mozilla/5.0 (compatible; SeznamBot/4.0; +https://o-seznam.cz/napoveda/vyhledavani/en/seznambot-crawler/)"
52.169.30.224 - - [15/Apr/2025:04:19:29 -0400] "GET //wp-admin/about.php HTTP/1.1" 302 0 "-" "-"
52.169.30.224 - - [15/Apr/2025:04:19:30 -0400] "GET /wp-login.php?redirect_to=https%3A%2F%2Fwww.freelancingclients.com%2F%2Fwp-admin%2Fabout.php&reauth=1 HTTP/1.1" 200 1728 "-" "-"
198.54.114.83 - - [15/Apr/2025:04:19:33 -0400] "POST /wp-admin/admin-ajax.php?action=async_litespeed&nonce=AhwHNgfdbABjIyOIxSRKMPm0P6Y0YmJk&litespeed_type=imgoptm HTTP/1.1" 200 5 "-" "WordPress/6.7.1; https://freelancingclients.com"
198.54.114.83 - - [15/Apr/2025:04:19:42 -0400] "POST /wp-cron.php?doing_wp_cron=1744705182.0440850257873535156250 HTTP/1.1" 200 0 "-" "WordPress/6.7.1; https://freelancingclients.com"
52.169.30.224 - - [15/Apr/2025:04:19:41 -0400] "GET //wp-admin/network/admin.php HTTP/1.1" 302 0 "-" "-"
52.169.30.224 - - [15/Apr/2025:04:19:43 -0400] "GET /wp-login.php?redirect_to=https%3A%2F%2Fwww.freelancingclients.com%2F%2Fwp-admin%2Fnetwork%2Fadmin.php&reauth=1 HTTP/1.1" 200 1732 "-" "-"
198.54.114.83 - - [15/Apr/2025:04:19:44 -0400] "POST /wp-admin/admin-ajax.php?action=async_litespeed&nonce=smvpfpAo5HB1CFXxRtByHtBnn8DatK5K&litespeed_type=imgoptm HTTP/1.1" 200 0 "-" "WordPress/6.7.1; https://freelancingclients.com"
52.169.30.224 - - [15/Apr/2025:04:19:47 -0400] "GET //wp-admin/network/index.php HTTP/1.1" 302 0 "-" "-"
52.169.30.224 - - [15/Apr/2025:04:19:48 -0400] "GET /wp-login.php?redirect_to=https%3A%2F%2Fwww.freelancingclients.com%2F%2Fwp-admin%2Fnetwork%2Findex.php&reauth=1 HTTP/1.1" 200 1730 "-" "-"
198.54.114.83 - - [15/Apr/2025:04:20:46 -0400] "POST /wp-cron.php?doing_wp_cron=1744705246.2798559665679931640625 HTTP/1.1" 200 0 "-" "WordPress/6.7.1; https://freelancingclients.com"
240e:350:8003:bddd:4ecc:6aaa:e8f7:5ca9 - - [15/Apr/2025:04:20:45 -0400] "POST /wp-comments-post.php HTTP/1.1" 302 0 "-" "Mozilla/5.0 (Windows NT 10.0; Win64; x64) AppleWebKit/537.36 (KHTML, like Gecko) Chrome/108.0.0.0 Safari/537.36 Edg/108.0.1462.46"
240e:350:8003:bddd:4ecc:6aaa:e8f7:5ca9 - - [15/Apr/2025:04:20:50 -0400] "GET /efficient-and-eco-friendly-heating-units-for-modern-comfort/?unapproved=8198&moderation-hash=a331c82ed526b9d9f8876500bb097471 HTTP/1.1" 404 1251 "-" "Mozilla/5.0 (Windows NT 10.0; Win64; x64) AppleWebKit/537.36 (KHTML, like Gecko) Chrome/108.0.0.0 Safari/537.36 Edg/108.0.1462.46"
198.54.114.83 - - [15/Apr/2025:04:20:52 -0400] "POST /wp-admin/admin-ajax.php?action=async_litespeed&nonce=Jh9YlfbFOI8ruWo72kINckeYHMhWIDru&litespeed_type=imgoptm HTTP/1.1" 200 0 "-" "WordPress/6.7.1; https://freelancingclients.com"
52.169.30.224 - - [15/Apr/2025:04:24:31 -0400] "GET /wp-admin/ HTTP/1.1" 302 0 "-" "-"
52.169.30.224 - - [15/Apr/2025:04:24:35 -0400] "GET /wp-login.php?redirect_to=https%3A%2F%2Fwww.freelancingclients.com%2Fwp-admin%2F&reauth=1 HTTP/1.1" 200 1725 "-" "-"
20.97.189.107 - - [15/Apr/2025:04:25:08 -0400] "GET / HTTP/1.1" 403 1242 "-" "Mozilla/5.0 AppleWebKit/537.36 (KHTML, like Gecko); compatible; ChatGPT-User/1.0; +https://openai.com/bot"
52.169.30.224 - - [15/Apr/2025:04:25:20 -0400] "GET /wp-admin/about.php HTTP/1.1" 302 0 "-" "-"
52.169.30.224 - - [15/Apr/2025:04:25:26 -0400] "GET /wp-login.php?redirect_to=https%3A%2F%2Fwww.freelancingclients.com%2Fwp-admin%2Fabout.php&reauth=1 HTTP/1.1" 200 1729 "-" "-"
198.54.114.83 - - [15/Apr/2025:04:25:30 -0400] "POST /wp-cron.php?doing_wp_cron=1744705526.9377810955047607421875 HTTP/1.1" 200 0 "-" "WordPress/6.7.1; https://freelancingclients.com"
52.169.30.224 - - [15/Apr/2025:04:25:34 -0400] "GET /wp-admin/admin.php HTTP/1.1" 302 0 "-" "-"
52.169.30.224 - - [15/Apr/2025:04:25:35 -0400] "GET /wp-login.php?redirect_to=https%3A%2F%2Fwww.freelancingclients.com%2Fwp-admin%2Fadmin.php&reauth=1 HTTP/1.1" 200 1727 "-" "-"
52.169.30.224 - - [15/Apr/2025:04:26:12 -0400] "GET /wp-admin/index.php HTTP/1.1" 302 0 "-" "-"
52.169.30.224 - - [15/Apr/2025:04:26:13 -0400] "GET /wp-login.php?redirect_to=https%3A%2F%2Fwww.freelancingclients.com%2Fwp-admin%2Findex.php&reauth=1 HTTP/1.1" 200 1727 "-" "-"
52.169.30.224 - - [15/Apr/2025:04:26:14 -0400] "GET /wp-admin/index.php?p= HTTP/1.1" 302 0 "-" "-"
52.169.30.224 - - [15/Apr/2025:04:26:14 -0400] "GET /wp-login.php?redirect_to=https%3A%2F%2Fwww.freelancingclients.com%2Fwp-admin%2Findex.php%3Fp%3D&reauth=1 HTTP/1.1" 200 1736 "-" "-"
52.169.30.224 - - [15/Apr/2025:04:26:26 -0400] "GET /wp-admin/media.php HTTP/1.1" 302 0 "-" "-"
52.169.30.224 - - [15/Apr/2025:04:26:26 -0400] "GET /wp-login.php?redirect_to=https%3A%2F%2Fwww.freelancingclients.com%2Fwp-admin%2Fmedia.php&reauth=1 HTTP/1.1" 200 1728 "-" "-"
52.169.30.224 - - [15/Apr/2025:04:26:27 -0400] "GET /wp-admin/network/ HTTP/1.1" 302 0 "-" "-"
52.169.30.224 - - [15/Apr/2025:04:26:28 -0400] "GET /wp-login.php?redirect_to=https%3A%2F%2Fwww.freelancingclients.com%2Fwp-admin%2Fnetwork%2F&reauth=1 HTTP/1.1" 200 1729 "-" "-"
52.169.30.224 - - [15/Apr/2025:04:26:29 -0400] "GET /wp-admin/network/about.php HTTP/1.1" 302 0 "-" "-"
52.169.30.224 - - [15/Apr/2025:04:26:29 -0400] "GET /wp-login.php?redirect_to=https%3A%2F%2Fwww.freelancingclients.com%2Fwp-admin%2Fnetwork%2Fabout.php&reauth=1 HTTP/1.1" 200 1734 "-" "-"
52.169.30.224 - - [15/Apr/2025:04:26:31 -0400] "GET /wp-admin/network/admin.php HTTP/1.1" 302 0 "-" "-"
52.169.30.224 - - [15/Apr/2025:04:26:31 -0400] "GET /wp-login.php?redirect_to=https%3A%2F%2Fwww.freelancingclients.com%2Fwp-admin%2Fnetwork%2Fadmin.php&reauth=1 HTTP/1.1" 200 1734 "-" "-"
198.54.114.83 - - [15/Apr/2025:04:26:32 -0400] "POST /wp-admin/admin-ajax.php?action=async_litespeed&nonce=FF1tnMoFNVY6wTgy5gAanKzejmFT68b7&litespeed_type=imgoptm HTTP/1.1" 200 5 "-" "WordPress/6.7.1; https://freelancingclients.com"
52.169.30.224 - - [15/Apr/2025:04:26:33 -0400] "GET /wp-admin/network/index.php HTTP/1.1" 302 0 "-" "-"
52.169.30.224 - - [15/Apr/2025:04:26:34 -0400] "GET /wp-login.php?redirect_to=https%3A%2F%2Fwww.freelancingclients.com%2Fwp-admin%2Fnetwork%2Findex.php&reauth=1 HTTP/1.1" 200 1731 "-" "-"
52.169.30.224 - - [15/Apr/2025:04:26:35 -0400] "GET /wp-admin/network/plugins.php HTTP/1.1" 302 0 "-" "-"
52.169.30.224 - - [15/Apr/2025:04:26:36 -0400] "GET /wp-login.php?redirect_to=https%3A%2F%2Fwww.freelancingclients.com%2Fwp-admin%2Fnetwork%2Fplugins.php&reauth=1 HTTP/1.1" 200 1736 "-" "-"
198.54.114.83 - - [15/Apr/2025:04:26:43 -0400] "POST /wp-cron.php?doing_wp_cron=1744705602.5845499038696289062500 HTTP/1.1" 200 0 "-" "WordPress/6.7.1; https://freelancingclients.com"
52.169.30.224 - - [15/Apr/2025:04:26:42 -0400] "GET /wp-admin/options.php HTTP/1.1" 302 0 "-" "-"
52.169.30.224 - - [15/Apr/2025:04:26:43 -0400] "GET /wp-login.php?redirect_to=https%3A%2F%2Fwww.freelancingclients.com%2Fwp-admin%2Foptions.php&reauth=1 HTTP/1.1" 200 1732 "-" "-"
198.54.114.83 - - [15/Apr/2025:04:26:43 -0400] "POST /wp-admin/admin-ajax.php?action=async_litespeed&nonce=FEwyjqFM2mQufpMrWfwTc1cYea5pgEtx&litespeed_type=imgoptm HTTP/1.1" 200 5 "-" "WordPress/6.7.1; https://freelancingclients.com"
52.169.30.224 - - [15/Apr/2025:04:26:48 -0400] "GET /wp-admin/user/ HTTP/1.1" 302 0 "-" "-"
52.169.30.224 - - [15/Apr/2025:04:26:49 -0400] "GET /wp-login.php?redirect_to=https%3A%2F%2Fwww.freelancingclients.com%2Fwp-admin%2Fuser%2F&reauth=1 HTTP/1.1" 200 1730 "-" "-"
52.169.30.224 - - [15/Apr/2025:04:26:50 -0400] "GET /wp-admin/user/?p= HTTP/1.1" 302 0 "-" "-"
52.169.30.224 - - [15/Apr/2025:04:26:50 -0400] "GET /wp-login.php?redirect_to=https%3A%2F%2Fwww.freelancingclients.com%2Fwp-admin%2Fuser%2F%3Fp%3D&reauth=1 HTTP/1.1" 200 1731 "-" "-"
52.169.30.224 - - [15/Apr/2025:04:26:51 -0400] "GET /wp-admin/user/about.php HTTP/1.1" 302 0 "-" "-"
52.169.30.224 - - [15/Apr/2025:04:26:51 -0400] "GET /wp-login.php?redirect_to=https%3A%2F%2Fwww.freelancingclients.com%2Fwp-admin%2Fuser%2Fabout.php&reauth=1 HTTP/1.1" 200 1737 "-" "-"
52.169.30.224 - - [15/Apr/2025:04:26:53 -0400] "GET /wp-admin/user/about.php?p= HTTP/1.1" 302 0 "-" "-"
52.169.30.224 - - [15/Apr/2025:04:26:53 -0400] "GET /wp-login.php?redirect_to=https%3A%2F%2Fwww.freelancingclients.com%2Fwp-admin%2Fuser%2Fabout.php%3Fp%3D&reauth=1 HTTP/1.1" 200 1738 "-" "-"
52.169.30.224 - - [15/Apr/2025:04:26:54 -0400] "GET /wp-admin/user/admin.php HTTP/1.1" 302 0 "-" "-"
52.169.30.224 - - [15/Apr/2025:04:26:55 -0400] "GET /wp-login.php?redirect_to=https%3A%2F%2Fwww.freelancingclients.com%2Fwp-admin%2Fuser%2Fadmin.php&reauth=1 HTTP/1.1" 200 1735 "-" "-"
52.169.30.224 - - [15/Apr/2025:04:26:58 -0400] "GET /wp-admin/user/index.php HTTP/1.1" 302 0 "-" "-"
52.169.30.224 - - [15/Apr/2025:04:26:58 -0400] "GET /wp-login.php?redirect_to=https%3A%2F%2Fwww.freelancingclients.com%2Fwp-admin%2Fuser%2Findex.php&reauth=1 HTTP/1.1" 200 1734 "-" "-"
52.169.30.224 - - [15/Apr/2025:04:27:01 -0400] "GET /wp-admin/users.php HTTP/1.1" 302 0 "-" "-"
52.169.30.224 - - [15/Apr/2025:04:27:01 -0400] "GET /wp-login.php?redirect_to=https%3A%2F%2Fwww.freelancingclients.com%2Fwp-admin%2Fusers.php&reauth=1 HTTP/1.1" 200 1727 "-" "-"
198.54.114.83 - - [15/Apr/2025:04:29:27 -0400] "POST /wp-admin/admin-ajax.php?action=async_litespeed&nonce=JaNFUzgaPhnrPiV4nXiAyybVgWIpK6oQ&litespeed_type=imgoptm HTTP/1.1" 200 5 "-" "WordPress/6.7.1; https://freelancingclients.com"
2a02:598:96:8a00::1200:13b - - [15/Apr/2025:04:32:09 -0400] "GET /a-gateway-to-diverse-content/ HTTP/1.1" 404 1251 "-" "Mozilla/5.0 (compatible; SeznamBot/4.0; +https://o-seznam.cz/napoveda/vyhledavani/en/seznambot-crawler/)"
119.28.2.109 - - [15/Apr/2025:04:34:11 -0400] "GET /new-composite-door-new-accessibility/ HTTP/1.1" 404 1251 "-" "Python/3.10 aiohttp/3.10.5"
134.17.14.122 - - [15/Apr/2025:04:35:32 -0400] "GET /goat.php HTTP/1.1" 404 1251 "-" "Mozilla/4.0 (compatible; MSIE 6.0; Windows NT 5.1; SV1)"
87.250.224.4 - - [15/Apr/2025:04:41:46 -0400] "GET /robots.txt HTTP/1.1" 404 1251 "-" "Mozilla/5.0 (compatible; YandexBot/3.0; +http://yandex.com/bots)"
213.180.203.24 - - [15/Apr/2025:04:41:47 -0400] "GET /unlocking-the-benefits-of-part-time-employment/ HTTP/1.1" 404 1251 "-" "Mozilla/5.0 (compatible; YandexBot/3.0; +http://yandex.com/bots)"
2a02:598:96:8a00::1200:13b - - [15/Apr/2025:04:54:11 -0400] "GET /the-power-of-casino-solution-rentals/ HTTP/1.1" 404 1251 "-" "Mozilla/5.0 (compatible; SeznamBot/4.0; +https://o-seznam.cz/napoveda/vyhledavani/en/seznambot-crawler/)"
43.135.121.153 - - [15/Apr/2025:04:55:09 -0400] "GET /how-to-improve-your-dating-photos-and-get-more-matches/ HTTP/1.1" 404 1251 "-" "Python/3.10 aiohttp/3.10.5"
87.250.224.121 - - [15/Apr/2025:05:02:36 -0400] "GET /robots.txt HTTP/1.1" 404 1251 "-" "Mozilla/5.0 (compatible; YandexBot/3.0; +http://yandex.com/bots)"
213.180.203.67 - - [15/Apr/2025:05:02:38 -0400] "GET /the-key-to-success/ HTTP/1.1" 404 1251 "-" "Mozilla/5.0 (compatible; YandexBot/3.0; +http://yandex.com/bots)"
136.243.220.210 - - [15/Apr/2025:05:05:12 -0400] "GET /dachdecker-fachbetrieb-fur-hamburg-und-umgebung/ HTTP/1.1" 404 1251 "-" "Mozilla/5.0 (compatible; DataForSeoBot/1.0; +https://dataforseo.com/dataforseo-bot)"
103.87.142.24 - - [15/Apr/2025:05:05:32 -0400] "GET /which-large-dehumidifier-uk-should-you-buy/ HTTP/1.1" 404 1251 "-" "Mozilla/5.0 (Windows NT 10.0; Win64; x64) AppleWebKit/537.36 (KHTML, like Gecko) Chrome/114.0.0.0 Safari/537.36"
103.87.142.24 - - [15/Apr/2025:05:05:33 -0400] "GET / HTTP/1.1" 403 1242 "-" "Mozilla/5.0 (Windows NT 10.0; Win64; x64) AppleWebKit/537.36 (KHTML, like Gecko) Chrome/114.0.0.0 Safari/537.36"
47.242.217.111 - - [15/Apr/2025:05:06:59 -0400] "HEAD /category/activity HTTP/1.1" 404 0 "-" "Mozilla/5.0 (Windows NT 6.3; Win64; x64) AppleWebKit/537.36 (KHTML, like Gecko) Chrome/74.0.3678.1 Safari/537.36"
47.243.78.44 - - [15/Apr/2025:05:06:59 -0400] "HEAD / HTTP/1.1" 403 0 "-" "Mozilla/5.0 (Windows NT 10.0; Win64; x64) AppleWebKit/537.36 (KHTML, like Gecko) Chrome/72.0.3255.155 Safari/537.36"
47.76.99.127 - - [15/Apr/2025:05:06:59 -0400] "HEAD /page/2 HTTP/1.1" 404 0 "-" "Mozilla/5.0 (Windows NT 10.0; Win64; x64) AppleWebKit/537.36 (KHTML, like Gecko) Chrome/70.0.3628.79 Safari/537.36"
47.243.78.44 - - [15/Apr/2025:05:07:00 -0400] "GET / HTTP/1.1" 403 1242 "-" "Mozilla/5.0 (Windows NT 10.0; Win64; x64) AppleWebKit/537.36 (KHTML, like Gecko) Chrome/72.0.3255.155 Safari/537.36"
47.76.99.127 - - [15/Apr/2025:05:07:00 -0400] "GET /page/2 HTTP/1.1" 404 1251 "-" "Mozilla/5.0 (Windows NT 10.0; Win64; x64) AppleWebKit/537.36 (KHTML, like Gecko) Chrome/70.0.3628.79 Safari/537.36"
47.242.217.111 - - [15/Apr/2025:05:07:00 -0400] "GET /category/activity HTTP/1.1" 404 1251 "-" "Mozilla/5.0 (Windows NT 6.3; Win64; x64) AppleWebKit/537.36 (KHTML, like Gecko) Chrome/74.0.3678.1 Safari/537.36"
8.210.190.63 - - [15/Apr/2025:05:07:03 -0400] "HEAD /category/activity HTTP/1.1" 404 0 "-" "Mozilla/5.0 (Windows NT 10.0; Win64; x64) AppleWebKit/537.36 (KHTML, like Gecko) Chrome/74.0.3250.185 Safari/537.36"
8.210.190.63 - - [15/Apr/2025:05:07:03 -0400] "GET /category/activity HTTP/1.1" 404 1251 "-" "Mozilla/5.0 (Windows NT 10.0; Win64; x64) AppleWebKit/537.36 (KHTML, like Gecko) Chrome/74.0.3250.185 Safari/537.36"
47.242.235.57 - - [15/Apr/2025:05:07:47 -0400] "HEAD /page/159 HTTP/1.1" 404 0 "-" "Mozilla/5.0 (Windows NT 6.3; Win64; x64) AppleWebKit/537.36 (KHTML, like Gecko) Chrome/72.0.3716.151 Safari/537.36"
47.242.235.57 - - [15/Apr/2025:05:07:48 -0400] "GET /page/159 HTTP/1.1" 404 1251 "-" "Mozilla/5.0 (Windows NT 6.3; Win64; x64) AppleWebKit/537.36 (KHTML, like Gecko) Chrome/72.0.3716.151 Safari/537.36"
47.243.48.79 - - [15/Apr/2025:05:07:51 -0400] "HEAD /page/159 HTTP/1.1" 404 0 "-" "Mozilla/5.0 (Windows NT 6.1; Win64; x64) AppleWebKit/537.36 (KHTML, like Gecko) Chrome/65.0.3967.95 Safari/537.36"
47.243.48.79 - - [15/Apr/2025:05:07:51 -0400] "GET /page/159 HTTP/1.1" 404 1251 "-" "Mozilla/5.0 (Windows NT 6.1; Win64; x64) AppleWebKit/537.36 (KHTML, like Gecko) Chrome/65.0.3967.95 Safari/537.36"
47.242.95.94 - - [15/Apr/2025:05:07:54 -0400] "HEAD /page/159 HTTP/1.1" 404 0 "-" "Mozilla/5.0 (Windows NT 10.0; Win64; x64) AppleWebKit/537.36 (KHTML, like Gecko) Chrome/64.0.2128.51 Safari/537.36"
47.242.95.94 - - [15/Apr/2025:05:07:55 -0400] "GET /page/159 HTTP/1.1" 404 1251 "-" "Mozilla/5.0 (Windows NT 10.0; Win64; x64) AppleWebKit/537.36 (KHTML, like Gecko) Chrome/64.0.2128.51 Safari/537.36"
8.210.147.121 - - [15/Apr/2025:05:07:58 -0400] "HEAD /page/159 HTTP/1.1" 404 0 "-" "Mozilla/5.0 (Windows NT 6.1; Win64; x64) AppleWebKit/537.36 (KHTML, like Gecko) Chrome/77.0.2363.71 Safari/537.36"
8.210.147.121 - - [15/Apr/2025:05:07:58 -0400] "GET /page/159 HTTP/1.1" 404 1251 "-" "Mozilla/5.0 (Windows NT 6.1; Win64; x64) AppleWebKit/537.36 (KHTML, like Gecko) Chrome/77.0.2363.71 Safari/537.36"
47.242.235.57 - - [15/Apr/2025:05:21:51 -0400] "HEAD /page/158 HTTP/1.1" 404 0 "-" "Mozilla/5.0 (Windows NT 10.0; Win64; x64) AppleWebKit/537.36 (KHTML, like Gecko) Chrome/69.0.2340.171 Safari/537.36"
47.242.235.57 - - [15/Apr/2025:05:21:53 -0400] "GET /page/158 HTTP/1.1" 404 1251 "-" "Mozilla/5.0 (Windows NT 10.0; Win64; x64) AppleWebKit/537.36 (KHTML, like Gecko) Chrome/69.0.2340.171 Safari/537.36"
8.210.164.94 - - [15/Apr/2025:05:21:54 -0400] "HEAD /page/158 HTTP/1.1" 404 0 "-" "Mozilla/5.0 (Windows NT 6.1; Win64; x64) AppleWebKit/537.36 (KHTML, like Gecko) Chrome/72.0.3744.178 Safari/537.36"
8.210.164.94 - - [15/Apr/2025:05:21:55 -0400] "GET /page/158 HTTP/1.1" 404 1251 "-" "Mozilla/5.0 (Windows NT 6.1; Win64; x64) AppleWebKit/537.36 (KHTML, like Gecko) Chrome/72.0.3744.178 Safari/537.36"
47.243.62.121 - - [15/Apr/2025:05:22:32 -0400] "HEAD /page/157 HTTP/1.1" 404 0 "-" "Mozilla/5.0 (Windows NT 6.2; Win64; x64) AppleWebKit/537.36 (KHTML, like Gecko) Chrome/78.0.2284.81 Safari/537.36"
47.243.62.121 - - [15/Apr/2025:05:22:32 -0400] "GET /page/157 HTTP/1.1" 404 1251 "-" "Mozilla/5.0 (Windows NT 6.2; Win64; x64) AppleWebKit/537.36 (KHTML, like Gecko) Chrome/78.0.2284.81 Safari/537.36"
8.210.190.0 - - [15/Apr/2025:05:23:44 -0400] "HEAD /page/156 HTTP/1.1" 404 0 "-" "Mozilla/5.0 (Windows NT 6.1; Win64; x64) AppleWebKit/537.36 (KHTML, like Gecko) Chrome/79.0.2185.185 Safari/537.36"
8.210.190.0 - - [15/Apr/2025:05:23:45 -0400] "GET /page/156 HTTP/1.1" 404 1251 "-" "Mozilla/5.0 (Windows NT 6.1; Win64; x64) AppleWebKit/537.36 (KHTML, like Gecko) Chrome/79.0.2185.185 Safari/537.36"
47.243.71.191 - - [15/Apr/2025:05:23:48 -0400] "HEAD /page/156 HTTP/1.1" 404 0 "-" "Mozilla/5.0 (Windows NT 6.1; Win64; x64) AppleWebKit/537.36 (KHTML, like Gecko) Chrome/69.0.3057.51 Safari/537.36"
47.243.71.191 - - [15/Apr/2025:05:23:49 -0400] "GET /page/156 HTTP/1.1" 404 1251 "-" "Mozilla/5.0 (Windows NT 6.1; Win64; x64) AppleWebKit/537.36 (KHTML, like Gecko) Chrome/69.0.3057.51 Safari/537.36"
47.243.71.191 - - [15/Apr/2025:05:23:53 -0400] "HEAD /page/156 HTTP/1.1" 404 0 "-" "Mozilla/5.0 (Windows NT 6.2; Win64; x64) AppleWebKit/537.36 (KHTML, like Gecko) Chrome/68.0.2836.80 Safari/537.36"
47.243.71.191 - - [15/Apr/2025:05:23:54 -0400] "GET /page/156 HTTP/1.1" 404 1251 "-" "Mozilla/5.0 (Windows NT 6.2; Win64; x64) AppleWebKit/537.36 (KHTML, like Gecko) Chrome/68.0.2836.80 Safari/537.36"
8.218.91.49 - - [15/Apr/2025:05:23:56 -0400] "HEAD /page/156 HTTP/1.1" 404 0 "-" "Mozilla/5.0 (Windows NT 6.1; Win64; x64) AppleWebKit/537.36 (KHTML, like Gecko) Chrome/79.0.2511.120 Safari/537.36"
8.218.91.49 - - [15/Apr/2025:05:23:57 -0400] "GET /page/156 HTTP/1.1" 404 1251 "-" "Mozilla/5.0 (Windows NT 6.1; Win64; x64) AppleWebKit/537.36 (KHTML, like Gecko) Chrome/79.0.2511.120 Safari/537.36"
47.243.78.23 - - [15/Apr/2025:05:24:00 -0400] "HEAD /page/156 HTTP/1.1" 404 0 "-" "Mozilla/5.0 (Windows NT 10.0; Win64; x64) AppleWebKit/537.36 (KHTML, like Gecko) Chrome/60.0.2994.30 Safari/537.36"
47.243.78.23 - - [15/Apr/2025:05:24:02 -0400] "GET /page/156 HTTP/1.1" 404 1251 "-" "Mozilla/5.0 (Windows NT 10.0; Win64; x64) AppleWebKit/537.36 (KHTML, like Gecko) Chrome/60.0.2994.30 Safari/537.36"
47.242.217.111 - - [15/Apr/2025:05:24:04 -0400] "HEAD /page/156 HTTP/1.1" 404 0 "-" "Mozilla/5.0 (Windows NT 6.1; Win64; x64) AppleWebKit/537.36 (KHTML, like Gecko) Chrome/73.0.3517.195 Safari/537.36"
47.242.217.111 - - [15/Apr/2025:05:24:04 -0400] "GET /page/156 HTTP/1.1" 404 1251 "-" "Mozilla/5.0 (Windows NT 6.1; Win64; x64) AppleWebKit/537.36 (KHTML, like Gecko) Chrome/73.0.3517.195 Safari/537.36"
95.108.213.99 - - [15/Apr/2025:05:25:13 -0400] "GET /robots.txt HTTP/1.1" 404 1251 "-" "Mozilla/5.0 (compatible; YandexBot/3.0; +http://yandex.com/bots)"
87.250.224.219 - - [15/Apr/2025:05:25:14 -0400] "GET /plongez-dans-lunivers-virtuel-avec-vision-vr/ HTTP/1.1" 404 1251 "-" "Mozilla/5.0 (compatible; YandexBot/3.0; +http://yandex.com/bots)"
8.210.153.23 - - [15/Apr/2025:05:25:33 -0400] "HEAD /page/155 HTTP/1.1" 404 0 "-" "Mozilla/5.0 (Windows NT 6.3; Win64; x64) AppleWebKit/537.36 (KHTML, like Gecko) Chrome/70.0.3522.113 Safari/537.36"
8.210.153.23 - - [15/Apr/2025:05:25:34 -0400] "GET /page/155 HTTP/1.1" 404 1251 "-" "Mozilla/5.0 (Windows NT 6.3; Win64; x64) AppleWebKit/537.36 (KHTML, like Gecko) Chrome/70.0.3522.113 Safari/537.36"
47.128.96.122 - - [15/Apr/2025:05:30:21 -0400] "GET /robots.txt HTTP/1.1" 404 1251 "-" "Go-http-client/2.0"
66.249.66.9 - - [15/Apr/2025:05:32:42 -0400] "GET /robots.txt HTTP/1.1" 404 1251 "-" "Mozilla/5.0 (compatible; Googlebot/2.1; +http://www.google.com/bot.html)"
66.249.66.8 - - [15/Apr/2025:05:32:43 -0400] "GET /ads.txt HTTP/1.1" 404 1251 "-" "Mozilla/5.0 (compatible; Googlebot/2.1; +http://www.google.com/bot.html)"
47.128.121.69 - - [15/Apr/2025:05:34:21 -0400] "GET /birthday-cake-ideas-for-kids/ HTTP/1.1" 404 1251 "-" "Mozilla/5.0 (Linux; Android 5.0) AppleWebKit/537.36 (KHTML, like Gecko) Mobile Safari/537.36 (compatible; TikTokSpider; ttspider-feedback@tiktok.com)"
151.106.166.243 - - [15/Apr/2025:05:34:24 -0400] "GET /wp-content/uploads/2023/03/3.jpg HTTP/1.1" 200 5365 "-" "Mozilla/5.0 (X11; Ubuntu; Linux x86_64; rv:72.0) Gecko/20100101 Firefox/72.0"
2a02:598:64:8a00::3100:4 - - [15/Apr/2025:05:37:15 -0400] "GET /innovation-at-its-core/ HTTP/1.1" 404 1251 "-" "Mozilla/5.0 (compatible; SeznamBot/4.0; +https://o-seznam.cz/napoveda/vyhledavani/en/seznambot-crawler/)"
134.17.14.122 - - [15/Apr/2025:05:39:20 -0400] "GET /past.php HTTP/1.1" 404 1251 "-" "Mozilla/4.0 (compatible; MSIE 6.0; Windows NT 5.1; SV1)"
2001:41d0:303:6f0b::1 - - [15/Apr/2025:05:42:33 -0400] "GET /robots.txt HTTP/1.1" 404 1251 "-" "Mozilla/5.0 (compatible; MJ12bot/v1.4.8; http://mj12bot.com/)"
2001:41d0:303:6f0b::1 - - [15/Apr/2025:05:42:40 -0400] "GET /benefits-of-customized-socks-with-logo/ HTTP/1.1" 404 1251 "-" "Mozilla/5.0 (compatible; MJ12bot/v1.4.8; http://mj12bot.com/)"
2001:41d0:303:6f0b::1 - - [15/Apr/2025:05:42:46 -0400] "GET /brownie-cake/ HTTP/1.1" 404 1251 "-" "Mozilla/5.0 (compatible; MJ12bot/v1.4.8; http://mj12bot.com/)"
47.79.212.183 - - [15/Apr/2025:05:45:10 -0400] "GET / HTTP/1.1" 403 1242 "https://www.google.com/" "Mozilla/5.0 (Windows NT 10.0; Win64; x64) AppleWebKit/537.36 (KHTML, like Gecko) Chrome/133.0.0.0 Safari/537.36 Edg/133.0.0.0"
47.79.212.183 - - [15/Apr/2025:05:45:10 -0400] "GET / HTTP/1.1" 403 1242 "https://www.google.com/" "Mozilla/5.0 (Windows NT 10.0; Win64; x64) AppleWebKit/537.36 (KHTML, like Gecko) Chrome/132.0.0.0 Safari/537.36"
43.154.122.150 - - [15/Apr/2025:05:45:28 -0400] "GET /omnivoid-inc-a-brief-review-of-the-ai-ar-software-company/ HTTP/1.1" 404 1251 "-" "Python/3.10 aiohttp/3.10.5"
129.226.162.39 - - [15/Apr/2025:05:46:25 -0400] "GET /making-it-easy-for-children-when-moving-overseas/ HTTP/1.1" 404 1251 "-" "Python/3.10 aiohttp/3.10.5"
43.132.219.33 - - [15/Apr/2025:05:49:07 -0400] "GET /fine-pitch-led-display/ HTTP/1.1" 404 1251 "-" "Python/3.10 aiohttp/3.10.5"
217.154.66.163 - - [15/Apr/2025:05:56:46 -0400] "GET / HTTP/1.1" 403 1242 "-" "python-requests/2.32.3"
85.208.98.20 - - [15/Apr/2025:06:09:17 -0400] "GET /how-to-increase-youtube-subscribers/ HTTP/1.1" 404 1251 "-" "Mozilla/5.0 (compatible; SemrushBot-BA; +http://www.semrush.com/bot.html)"
213.180.203.111 - - [15/Apr/2025:06:11:29 -0400] "GET /robots.txt HTTP/1.1" 404 1251 "-" "Mozilla/5.0 (compatible; YandexBot/3.0; +http://yandex.com/bots)"
5.255.231.44 - - [15/Apr/2025:06:11:31 -0400] "GET /winnie-the-pooh-quotes-about-life-and-love/ HTTP/1.1" 404 1251 "-" "Mozilla/5.0 (compatible; YandexBot/3.0; +http://yandex.com/bots)"
2600:1700:2b50:c810:c1dc:ef24:4b87:13aa - - [15/Apr/2025:06:23:21 -0400] "POST /xmlrpc.php HTTP/1.1" 200 0 "-" "Mozilla/5.0 (Windows NT 10.0; Win64; x64) AppleWebKit/537.36 (KHTML, like Gecko) Chrome/91.0.4472.124 Safari/537.36"
198.54.114.83 - - [15/Apr/2025:06:23:30 -0400] "POST /wp-cron.php?doing_wp_cron=1744712608.6901760101318359375000 HTTP/1.1" 200 0 "-" "WordPress/6.7.1; https://freelancingclients.com"
161.139.154.5 - - [15/Apr/2025:06:23:34 -0400] "POST /xmlrpc.php HTTP/1.1" 200 186 "-" "Mozilla/5.0 (Windows NT 10.0; Win64; x64) AppleWebKit/537.36 (KHTML, like Gecko) Chrome/91.0.4472.124 Safari/537.36"
17.241.75.54 - - [15/Apr/2025:06:24:04 -0400] "GET /robots.txt HTTP/1.1" 404 1251 "-" "Mozilla/5.0 (Macintosh; Intel Mac OS X 10_15_7) AppleWebKit/605.1.15 (KHTML, like Gecko) Version/17.4 Safari/605.1.15 (Applebot/0.1; +http://www.apple.com/go/applebot)"
17.241.75.54 - - [15/Apr/2025:06:24:05 -0400] "GET /wp-content/uploads/2023/09/synthesize-2-2.mp3 HTTP/1.1" 200 34080 "-" "Mozilla/5.0 (Macintosh; Intel Mac OS X 10_15_7) AppleWebKit/605.1.15 (KHTML, like Gecko) Version/17.4 Safari/605.1.15 (Applebot/0.1; +http://www.apple.com/go/applebot)"
196.251.69.226 - - [15/Apr/2025:06:35:53 -0400] "GET /wp-content/plugins/WordPressCore/include.php HTTP/1.1" 404 1251 "-" "Mozlila/5.0 (Linux; Android 7.0; SM-G892A Bulid/NRD90M; wv) AppleWebKit/537.36 (KHTML, like Gecko) Version/4.0 Chrome/60.0.3112.107 Moblie Safari/537.36"
196.251.69.226 - - [15/Apr/2025:06:36:18 -0400] "GET /wp-content/plugins/WordPressCore/include.php HTTP/1.1" 404 1251 "-" "Mozlila/5.0 (Linux; Android 7.0; SM-G892A Bulid/NRD90M; wv) AppleWebKit/537.36 (KHTML, like Gecko) Version/4.0 Chrome/60.0.3112.107 Moblie Safari/537.36"
196.251.69.226 - - [15/Apr/2025:06:36:56 -0400] "GET /wp-includes/images/include.php HTTP/1.1" 404 1251 "-" "Mozlila/5.0 (Linux; Android 7.0; SM-G892A Bulid/NRD90M; wv) AppleWebKit/537.36 (KHTML, like Gecko) Version/4.0 Chrome/60.0.3112.107 Moblie Safari/537.36"
196.251.69.226 - - [15/Apr/2025:06:37:48 -0400] "GET /wp-includes/images/include.php HTTP/1.1" 404 1251 "-" "Mozlila/5.0 (Linux; Android 7.0; SM-G892A Bulid/NRD90M; wv) AppleWebKit/537.36 (KHTML, like Gecko) Version/4.0 Chrome/60.0.3112.107 Moblie Safari/537.36"
196.251.69.226 - - [15/Apr/2025:06:38:15 -0400] "GET /wp-content/themes/include.php HTTP/1.1" 404 1251 "-" "Mozlila/5.0 (Linux; Android 7.0; SM-G892A Bulid/NRD90M; wv) AppleWebKit/537.36 (KHTML, like Gecko) Version/4.0 Chrome/60.0.3112.107 Moblie Safari/537.36"
196.251.69.226 - - [15/Apr/2025:06:38:31 -0400] "GET /wp-content/themes/include.php HTTP/1.1" 404 1251 "-" "Mozlila/5.0 (Linux; Android 7.0; SM-G892A Bulid/NRD90M; wv) AppleWebKit/537.36 (KHTML, like Gecko) Version/4.0 Chrome/60.0.3112.107 Moblie Safari/537.36"
196.251.69.226 - - [15/Apr/2025:06:38:57 -0400] "GET /wp-includes/widgets/include.php HTTP/1.1" 404 1251 "-" "Mozlila/5.0 (Linux; Android 7.0; SM-G892A Bulid/NRD90M; wv) AppleWebKit/537.36 (KHTML, like Gecko) Version/4.0 Chrome/60.0.3112.107 Moblie Safari/537.36"
196.251.69.226 - - [15/Apr/2025:06:39:20 -0400] "GET /wp-includes/widgets/include.php HTTP/1.1" 404 1251 "-" "Mozlila/5.0 (Linux; Android 7.0; SM-G892A Bulid/NRD90M; wv) AppleWebKit/537.36 (KHTML, like Gecko) Version/4.0 Chrome/60.0.3112.107 Moblie Safari/537.36"
54.226.143.137 - - [15/Apr/2025:06:39:44 -0400] "GET /how-photo-clipping-services-can-help-you-stay-organized/ HTTP/1.1" 404 1251 "-" "Grammarly/1.0 (http://www.grammarly.com)"
196.251.69.226 - - [15/Apr/2025:06:39:56 -0400] "GET /wp-content/plugins/include.php HTTP/1.1" 404 1251 "-" "Mozlila/5.0 (Linux; Android 7.0; SM-G892A Bulid/NRD90M; wv) AppleWebKit/537.36 (KHTML, like Gecko) Version/4.0 Chrome/60.0.3112.107 Moblie Safari/537.36"
52.14.131.93 - - [15/Apr/2025:06:40:36 -0400] "GET /robots.txt HTTP/1.1" 404 1251 "-" "Mozilla/5.0 AppleWebKit/537.36 (KHTML, like Gecko; compatible; ClaudeBot/1.0; +claudebot@anthropic.com)"
52.14.131.93 - - [15/Apr/2025:06:40:36 -0400] "GET /smm-panel-what-to-look-for-in-an-smm-panel HTTP/1.1" 404 1251 "-" "Mozilla/5.0 AppleWebKit/537.36 (KHTML, like Gecko; compatible; ClaudeBot/1.0; +claudebot@anthropic.com)"
196.251.69.226 - - [15/Apr/2025:06:40:44 -0400] "GET /wp-content/plugins/include.php HTTP/1.1" 404 1251 "-" "Mozlila/5.0 (Linux; Android 7.0; SM-G892A Bulid/NRD90M; wv) AppleWebKit/537.36 (KHTML, like Gecko) Version/4.0 Chrome/60.0.3112.107 Moblie Safari/537.36"
119.28.31.106 - - [15/Apr/2025:06:41:51 -0400] "GET /what-is-business-information/ HTTP/1.1" 404 1251 "-" "Python/3.10 aiohttp/3.10.5"
196.251.88.242 - - [15/Apr/2025:06:42:10 -0400] "GET /style.php HTTP/1.1" 404 1251 "www.google.com" "Mozlila/5.0 (Linux; Android 7.0; SM-G892A Bulid/NRD90M; wv) AppleWebKit/537.36 (KHTML, like Gecko) Version/4.0 Chrome/60.0.3112.107 Moblie Safari/537.36"
17.241.227.141 - - [15/Apr/2025:06:47:14 -0400] "GET /wp-content/uploads/2023/10/synthesize-11.mp3 HTTP/1.1" 200 36480 "-" "Mozilla/5.0 (Macintosh; Intel Mac OS X 10_15_7) AppleWebKit/605.1.15 (KHTML, like Gecko) Version/17.4 Safari/605.1.15 (Applebot/0.1; +http://www.apple.com/go/applebot)"
198.54.114.83 - - [15/Apr/2025:06:50:26 -0400] "POST /wp-cron.php?doing_wp_cron=1744714225.8652429580688476562500 HTTP/1.1" 200 0 "-" "WordPress/6.7.1; https://freelancingclients.com"
156.146.36.74 - - [15/Apr/2025:06:50:20 -0400] "POST /xmlrpc.php HTTP/1.1" 200 186 "-" "Mozilla/5.0 (Windows NT 10.0; Win64; x64) AppleWebKit/537.36 (KHTML, like Gecko) Chrome/79.0.3945.130 Safari/537.36 OPR/66.0.3515.115"
156.146.36.74 - - [15/Apr/2025:06:50:27 -0400] "POST /xmlrpc.php HTTP/1.1" 200 186 "-" "Mozilla/5.0 (Windows NT 10.0; Win64; x64) AppleWebKit/537.36 (KHTML, like Gecko) Chrome/79.0.3945.130 Safari/537.36 OPR/66.0.3515.115"
198.54.114.83 - - [15/Apr/2025:06:50:27 -0400] "POST /wp-admin/admin-ajax.php?action=async_litespeed&nonce=M4w6XutXDuTZIKC64oW9s8G2AZKvYH43&litespeed_type=imgoptm HTTP/1.1" 200 0 "-" "WordPress/6.7.1; https://freelancingclients.com"
156.146.36.74 - - [15/Apr/2025:06:50:28 -0400] "POST /xmlrpc.php HTTP/1.1" 200 186 "-" "Mozilla/5.0 (Windows NT 10.0; Win64; x64) AppleWebKit/537.36 (KHTML, like Gecko) Chrome/79.0.3945.130 Safari/537.36 OPR/66.0.3515.115"
156.146.36.74 - - [15/Apr/2025:06:50:29 -0400] "POST /xmlrpc.php HTTP/1.1" 200 186 "-" "Mozilla/5.0 (Windows NT 10.0; Win64; x64) AppleWebKit/537.36 (KHTML, like Gecko) Chrome/79.0.3945.130 Safari/537.36 OPR/66.0.3515.115"
198.54.114.83 - - [15/Apr/2025:06:50:35 -0400] "POST /wp-cron.php HTTP/1.1" 200 0 "-" "WordPress/6.7.1; https://freelancingclients.com"
198.54.114.83 - - [15/Apr/2025:06:50:36 -0400] "GET / HTTP/1.1" 403 1242 "-" "WordPress/6.7.1; https://freelancingclients.com"
198.54.114.83 - - [15/Apr/2025:06:50:36 -0400] "GET / HTTP/1.1" 403 1242 "-" "WordPress/6.7.1; https://freelancingclients.com"
68.183.228.202 - - [15/Apr/2025:06:55:24 -0400] "GET /hosted/images/a6/6e40813cd64414a0e4b28844d74ef3/Screen-Shot-2020-01-30-at-9.43.53-AM.png HTTP/1.1" 404 1251 "-" "Mozilla/5.0 (iPhone; CPU iPhone OS 17_3_1 like Mac OS X) AppleWebKit/605.1.15 (KHTML, like Gecko) Version/17.0 EdgiOS/121.2277.107 Mobile/15E148 Safari/605.1.15"
3.128.24.183 - - [15/Apr/2025:06:55:28 -0400] "GET /which-large-dehumidifier-uk-should-you-buy HTTP/1.1" 404 1251 "-" "Mozilla/5.0 AppleWebKit/537.36 (KHTML, like Gecko; compatible; ClaudeBot/1.0; +claudebot@anthropic.com)"
198.54.114.83 - - [15/Apr/2025:06:56:12 -0400] "POST /wp-admin/admin-ajax.php?action=async_litespeed&nonce=NQn6OwJEUVFPdO37AlI6znY5ndgOrv9d&litespeed_type=imgoptm HTTP/1.1" 200 0 "-" "WordPress/6.7.1; https://freelancingclients.com"
129.226.64.249 - - [15/Apr/2025:06:57:16 -0400] "GET /choosing-conservatory-designs-in-merthyr-tydfil/ HTTP/1.1" 404 1251 "-" "Python/3.10 aiohttp/3.10.5"
150.109.118.157 - - [15/Apr/2025:07:06:13 -0400] "GET /compression-grip-socks-2/ HTTP/1.1" 404 1251 "-" "Python/3.10 aiohttp/3.10.5"
85.208.98.29 - - [15/Apr/2025:07:08:14 -0400] "GET /when-to-use-an-ad-agency/ HTTP/1.1" 404 1251 "-" "Mozilla/5.0 (compatible; SemrushBot-BA; +http://www.semrush.com/bot.html)"
85.208.98.16 - - [15/Apr/2025:07:08:54 -0400] "GET /advertising-agencies-in-mumbai/ HTTP/1.1" 404 1251 "-" "Mozilla/5.0 (compatible; SemrushBot-BA; +http://www.semrush.com/bot.html)"
2a02:598:64:8a00::3100:4 - - [15/Apr/2025:07:16:15 -0400] "GET /essential-travel-tips/ HTTP/1.1" 404 1251 "-" "Mozilla/5.0 (compatible; SeznamBot/4.0; +https://o-seznam.cz/napoveda/vyhledavani/en/seznambot-crawler/)"
5.255.231.118 - - [15/Apr/2025:07:20:28 -0400] "GET /robots.txt HTTP/1.1" 404 1251 "-" "Mozilla/5.0 (compatible; YandexBot/3.0; +http://yandex.com/bots)"
95.108.213.189 - - [15/Apr/2025:07:20:30 -0400] "GET /building-your-tiktok-follower-base/ HTTP/1.1" 404 1251 "-" "Mozilla/5.0 (compatible; YandexBot/3.0; +http://yandex.com/bots)"
5.255.231.62 - - [15/Apr/2025:07:21:08 -0400] "GET /robots.txt HTTP/1.1" 404 1251 "-" "Mozilla/5.0 (compatible; YandexBot/3.0; +http://yandex.com/bots)"
5.255.231.46 - - [15/Apr/2025:07:21:09 -0400] "GET /a-gateway-to-infinite-knowledge-and-entertainment/ HTTP/1.1" 404 1251 "-" "Mozilla/5.0 (compatible; YandexBot/3.0; +http://yandex.com/bots)"
198.54.114.83 - - [15/Apr/2025:07:24:46 -0400] "POST /wp-admin/admin-ajax.php?action=async_litespeed&nonce=s49zofZQi3Te04n11Yg8MQ5RMuMNN5VV&litespeed_type=imgoptm HTTP/1.1" 200 5 "-" "WordPress/6.7.1; https://freelancingclients.com"
52.138.175.243 - - [15/Apr/2025:07:24:47 -0400] "GET //wp-admin/about.php HTTP/1.1" 302 0 "-" "-"
52.138.175.243 - - [15/Apr/2025:07:24:48 -0400] "GET /wp-login.php?redirect_to=https%3A%2F%2Fwww.freelancingclients.com%2F%2Fwp-admin%2Fabout.php&reauth=1 HTTP/1.1" 200 1728 "-" "-"
52.138.175.243 - - [15/Apr/2025:07:25:01 -0400] "GET //wp-admin/network/admin.php HTTP/1.1" 302 0 "-" "-"
52.138.175.243 - - [15/Apr/2025:07:25:04 -0400] "GET /wp-login.php?redirect_to=https%3A%2F%2Fwww.freelancingclients.com%2F%2Fwp-admin%2Fnetwork%2Fadmin.php&reauth=1 HTTP/1.1" 200 1732 "-" "-"
52.138.175.243 - - [15/Apr/2025:07:25:11 -0400] "GET //wp-admin/network/index.php HTTP/1.1" 302 0 "-" "-"
198.54.114.83 - - [15/Apr/2025:07:25:14 -0400] "POST /wp-cron.php?doing_wp_cron=1744716313.7909929752349853515625 HTTP/1.1" 200 0 "-" "WordPress/6.7.1; https://freelancingclients.com"
52.138.175.243 - - [15/Apr/2025:07:25:13 -0400] "GET /wp-login.php?redirect_to=https%3A%2F%2Fwww.freelancingclients.com%2F%2Fwp-admin%2Fnetwork%2Findex.php&reauth=1 HTTP/1.1" 200 1730 "-" "-"
47.128.32.110 - - [15/Apr/2025:07:30:02 -0400] "GET /what-does-no-sim-mean/ HTTP/1.1" 404 1251 "-" "Mozilla/5.0 (Linux; Android 5.0) AppleWebKit/537.36 (KHTML, like Gecko) Mobile Safari/537.36 (compatible; TikTokSpider; ttspider-feedback@tiktok.com)"
5.255.231.31 - - [15/Apr/2025:07:33:05 -0400] "GET /a-gamblers-paradise/ HTTP/1.1" 404 1251 "-" "Mozilla/5.0 (compatible; YandexBot/3.0; +http://yandex.com/bots)"
52.138.175.243 - - [15/Apr/2025:07:33:24 -0400] "GET /wp-admin/ HTTP/1.1" 302 0 "-" "-"
52.138.175.243 - - [15/Apr/2025:07:33:26 -0400] "GET /wp-login.php?redirect_to=https%3A%2F%2Fwww.freelancingclients.com%2Fwp-admin%2F&reauth=1 HTTP/1.1" 200 1725 "-" "-"
198.54.114.83 - - [15/Apr/2025:07:33:28 -0400] "POST /wp-admin/admin-ajax.php?action=async_litespeed&nonce=vyw8F6NZCJyb8Ivct08uTjBXhMHsJXQb&litespeed_type=imgoptm HTTP/1.1" 200 0 "-" "WordPress/6.7.1; https://freelancingclients.com"
52.138.175.243 - - [15/Apr/2025:07:33:40 -0400] "GET /wp-admin/about.php HTTP/1.1" 302 0 "-" "-"
198.54.114.83 - - [15/Apr/2025:07:33:41 -0400] "POST /wp-cron.php?doing_wp_cron=1744716821.6934790611267089843750 HTTP/1.1" 200 0 "-" "WordPress/6.7.1; https://freelancingclients.com"
52.138.175.243 - - [15/Apr/2025:07:33:41 -0400] "GET /wp-login.php?redirect_to=https%3A%2F%2Fwww.freelancingclients.com%2Fwp-admin%2Fabout.php&reauth=1 HTTP/1.1" 200 1729 "-" "-"
198.54.114.83 - - [15/Apr/2025:07:33:42 -0400] "POST /wp-admin/admin-ajax.php?action=async_litespeed&nonce=rV9NLraSq7O8FhPi7jkHwKTNnZLPgy2Z&litespeed_type=imgoptm HTTP/1.1" 200 5 "-" "WordPress/6.7.1; https://freelancingclients.com"
52.138.175.243 - - [15/Apr/2025:07:33:44 -0400] "GET /wp-admin/admin.php HTTP/1.1" 302 0 "-" "-"
52.138.175.243 - - [15/Apr/2025:07:33:45 -0400] "GET /wp-login.php?redirect_to=https%3A%2F%2Fwww.freelancingclients.com%2Fwp-admin%2Fadmin.php&reauth=1 HTTP/1.1" 200 1727 "-" "-"
202.95.8.157 - - [15/Apr/2025:07:34:07 -0400] "GET / HTTP/1.1" 403 1242 "https://freelancingclients.com" "Mozilla/5.0 (Windows NT 10.0; Win64; x64) AppleWebKit/537.36 (KHTML, like Gecko) Chrome/131.0.0.0 Safari/537.36"
52.138.175.243 - - [15/Apr/2025:07:35:09 -0400] "GET /wp-admin/index.php HTTP/1.1" 302 0 "-" "-"
52.138.175.243 - - [15/Apr/2025:07:35:11 -0400] "GET /wp-login.php?redirect_to=https%3A%2F%2Fwww.freelancingclients.com%2Fwp-admin%2Findex.php&reauth=1 HTTP/1.1" 200 1727 "-" "-"
198.54.114.83 - - [15/Apr/2025:07:35:13 -0400] "POST /wp-admin/admin-ajax.php?action=async_litespeed&nonce=y4tgyHTkNc5okcwdmrnrleMk0QeGkimp&litespeed_type=imgoptm HTTP/1.1" 200 0 "-" "WordPress/6.7.1; https://freelancingclients.com"
52.138.175.243 - - [15/Apr/2025:07:35:17 -0400] "GET /wp-admin/index.php?p= HTTP/1.1" 302 0 "-" "-"
52.138.175.243 - - [15/Apr/2025:07:35:19 -0400] "GET /wp-login.php?redirect_to=https%3A%2F%2Fwww.freelancingclients.com%2Fwp-admin%2Findex.php%3Fp%3D&reauth=1 HTTP/1.1" 200 1736 "-" "-"
198.54.114.83 - - [15/Apr/2025:07:35:54 -0400] "POST /wp-admin/admin-ajax.php?action=async_litespeed&nonce=hNk1sHDyM0ST76IuT8TBISBnExjYlg47&litespeed_type=imgoptm HTTP/1.1" 200 0 "-" "WordPress/6.7.1; https://freelancingclients.com"
52.138.175.243 - - [15/Apr/2025:07:35:54 -0400] "GET /wp-admin/media.php HTTP/1.1" 302 0 "-" "-"
52.138.175.243 - - [15/Apr/2025:07:35:57 -0400] "GET /wp-login.php?redirect_to=https%3A%2F%2Fwww.freelancingclients.com%2Fwp-admin%2Fmedia.php&reauth=1 HTTP/1.1" 200 1728 "-" "-"
52.138.175.243 - - [15/Apr/2025:07:36:01 -0400] "GET /wp-admin/network/ HTTP/1.1" 302 0 "-" "-"
52.138.175.243 - - [15/Apr/2025:07:36:02 -0400] "GET /wp-login.php?redirect_to=https%3A%2F%2Fwww.freelancingclients.com%2Fwp-admin%2Fnetwork%2F&reauth=1 HTTP/1.1" 200 1729 "-" "-"
52.138.175.243 - - [15/Apr/2025:07:36:04 -0400] "GET /wp-admin/network/about.php HTTP/1.1" 302 0 "-" "-"
52.138.175.243 - - [15/Apr/2025:07:36:05 -0400] "GET /wp-login.php?redirect_to=https%3A%2F%2Fwww.freelancingclients.com%2Fwp-admin%2Fnetwork%2Fabout.php&reauth=1 HTTP/1.1" 200 1734 "-" "-"
52.138.175.243 - - [15/Apr/2025:07:36:08 -0400] "GET /wp-admin/network/admin.php HTTP/1.1" 302 0 "-" "-"
52.138.175.243 - - [15/Apr/2025:07:36:10 -0400] "GET /wp-login.php?redirect_to=https%3A%2F%2Fwww.freelancingclients.com%2Fwp-admin%2Fnetwork%2Fadmin.php&reauth=1 HTTP/1.1" 200 1734 "-" "-"
52.138.175.243 - - [15/Apr/2025:07:36:18 -0400] "GET /wp-admin/network/index.php HTTP/1.1" 302 0 "-" "-"
52.138.175.243 - - [15/Apr/2025:07:36:18 -0400] "GET /wp-login.php?redirect_to=https%3A%2F%2Fwww.freelancingclients.com%2Fwp-admin%2Fnetwork%2Findex.php&reauth=1 HTTP/1.1" 200 1731 "-" "-"
52.138.175.243 - - [15/Apr/2025:07:36:24 -0400] "GET /wp-admin/network/plugins.php HTTP/1.1" 302 0 "-" "-"
52.138.175.243 - - [15/Apr/2025:07:36:26 -0400] "GET /wp-login.php?redirect_to=https%3A%2F%2Fwww.freelancingclients.com%2Fwp-admin%2Fnetwork%2Fplugins.php&reauth=1 HTTP/1.1" 200 1736 "-" "-"
52.138.175.243 - - [15/Apr/2025:07:36:40 -0400] "GET /wp-admin/options.php HTTP/1.1" 302 0 "-" "-"
198.54.114.83 - - [15/Apr/2025:07:36:42 -0400] "POST /wp-cron.php?doing_wp_cron=1744717001.0136010646820068359375 HTTP/1.1" 200 0 "-" "WordPress/6.7.1; https://freelancingclients.com"
52.138.175.243 - - [15/Apr/2025:07:36:44 -0400] "GET /wp-login.php?redirect_to=https%3A%2F%2Fwww.freelancingclients.com%2Fwp-admin%2Foptions.php&reauth=1 HTTP/1.1" 200 1732 "-" "-"
52.138.175.243 - - [15/Apr/2025:07:37:00 -0400] "GET /wp-admin/user/ HTTP/1.1" 302 0 "-" "-"
52.138.175.243 - - [15/Apr/2025:07:37:01 -0400] "GET /wp-login.php?redirect_to=https%3A%2F%2Fwww.freelancingclients.com%2Fwp-admin%2Fuser%2F&reauth=1 HTTP/1.1" 200 1730 "-" "-"
52.138.175.243 - - [15/Apr/2025:07:37:03 -0400] "GET /wp-admin/user/?p= HTTP/1.1" 302 0 "-" "-"
52.138.175.243 - - [15/Apr/2025:07:37:04 -0400] "GET /wp-login.php?redirect_to=https%3A%2F%2Fwww.freelancingclients.com%2Fwp-admin%2Fuser%2F%3Fp%3D&reauth=1 HTTP/1.1" 200 1731 "-" "-"
52.138.175.243 - - [15/Apr/2025:07:37:06 -0400] "GET /wp-admin/user/about.php HTTP/1.1" 302 0 "-" "-"
52.138.175.243 - - [15/Apr/2025:07:37:07 -0400] "GET /wp-login.php?redirect_to=https%3A%2F%2Fwww.freelancingclients.com%2Fwp-admin%2Fuser%2Fabout.php&reauth=1 HTTP/1.1" 200 1737 "-" "-"
52.138.175.243 - - [15/Apr/2025:07:37:08 -0400] "GET /wp-admin/user/about.php?p= HTTP/1.1" 302 0 "-" "-"
52.138.175.243 - - [15/Apr/2025:07:37:09 -0400] "GET /wp-login.php?redirect_to=https%3A%2F%2Fwww.freelancingclients.com%2Fwp-admin%2Fuser%2Fabout.php%3Fp%3D&reauth=1 HTTP/1.1" 200 1738 "-" "-"
52.138.175.243 - - [15/Apr/2025:07:37:11 -0400] "GET /wp-admin/user/admin.php HTTP/1.1" 302 0 "-" "-"
52.138.175.243 - - [15/Apr/2025:07:37:12 -0400] "GET /wp-login.php?redirect_to=https%3A%2F%2Fwww.freelancingclients.com%2Fwp-admin%2Fuser%2Fadmin.php&reauth=1 HTTP/1.1" 200 1735 "-" "-"
52.138.175.243 - - [15/Apr/2025:07:37:17 -0400] "GET /wp-admin/user/index.php HTTP/1.1" 302 0 "-" "-"
52.138.175.243 - - [15/Apr/2025:07:37:17 -0400] "GET /wp-login.php?redirect_to=https%3A%2F%2Fwww.freelancingclients.com%2Fwp-admin%2Fuser%2Findex.php&reauth=1 HTTP/1.1" 200 1734 "-" "-"
52.138.175.243 - - [15/Apr/2025:07:37:21 -0400] "GET /wp-admin/users.php HTTP/1.1" 302 0 "-" "-"
52.138.175.243 - - [15/Apr/2025:07:37:22 -0400] "GET /wp-login.php?redirect_to=https%3A%2F%2Fwww.freelancingclients.com%2Fwp-admin%2Fusers.php&reauth=1 HTTP/1.1" 200 1727 "-" "-"
95.108.213.100 - - [15/Apr/2025:07:38:19 -0400] "GET /water-tank-cleaning-services/ HTTP/1.1" 404 1251 "-" "Mozilla/5.0 (compatible; YandexBot/3.0; +http://yandex.com/bots)"
198.54.114.83 - - [15/Apr/2025:07:41:00 -0400] "POST /wp-admin/admin-ajax.php?action=async_litespeed&nonce=YcpfBOSGz0xSt6QXosSileNzbvxPG4kh&litespeed_type=imgoptm HTTP/1.1" 200 5 "-" "WordPress/6.7.1; https://freelancingclients.com"
47.79.203.91 - - [15/Apr/2025:07:45:27 -0400] "GET / HTTP/1.1" 403 1242 "https://www.google.com/" "Mozilla/5.0 (Linux; Android 10; K) AppleWebKit/537.36 (KHTML, like Gecko) Chrome/132.0.0.0 Mobile Safari/537.36"
47.79.212.243 - - [15/Apr/2025:07:45:28 -0400] "GET / HTTP/1.1" 403 1242 "https://www.google.com/" "Mozilla/5.0 (Windows NT 10.0; Win64; x64) AppleWebKit/537.36 (KHTML, like Gecko) Chrome/133.0.0.0 Safari/537.36 Edg/133.0.0.0"
52.138.175.243 - - [15/Apr/2025:07:46:46 -0400] "GET /wp-admin/ HTTP/1.1" 302 0 "-" "-"
52.138.175.243 - - [15/Apr/2025:07:46:48 -0400] "GET /wp-login.php?redirect_to=https%3A%2F%2Ffreelancingclients.com%2Fwp-admin%2F&reauth=1 HTTP/1.1" 200 1725 "-" "-"
198.54.114.83 - - [15/Apr/2025:07:46:50 -0400] "POST /wp-admin/admin-ajax.php?action=async_litespeed&nonce=pWmcJFR0KkJDebNCQIm7bjqLyRyu5EUL&litespeed_type=imgoptm HTTP/1.1" 200 0 "-" "WordPress/6.7.1; https://freelancingclients.com"
52.138.175.243 - - [15/Apr/2025:07:47:01 -0400] "GET /wp-login.php?action=register HTTP/1.1" 302 0 "-" "-"
52.138.175.243 - - [15/Apr/2025:07:47:03 -0400] "GET /wp-login.php?registration=disabled HTTP/1.1" 200 1790 "-" "-"
150.109.45.190 - - [15/Apr/2025:07:59:29 -0400] "GET /what-to-do-when-your-doctor-retires-thank-you-suzanne-barnes-do/ HTTP/1.1" 404 1251 "-" "Python/3.10 aiohttp/3.10.5"
198.54.114.83 - - [15/Apr/2025:08:00:23 -0400] "POST /wp-admin/admin-ajax.php?action=async_litespeed&nonce=fDTxBGKO4KJH0gizkaLQlnWPoRu6CRwV&litespeed_type=imgoptm HTTP/1.1" 200 0 "-" "WordPress/6.7.1; https://freelancingclients.com"
43.135.121.251 - - [15/Apr/2025:08:04:13 -0400] "GET /riveting-machinery/ HTTP/1.1" 404 1251 "-" "Python/3.10 aiohttp/3.10.5"
217.145.227.189 - - [15/Apr/2025:08:22:31 -0400] "GET /wp-login.php HTTP/1.1" 200 1725 "-" "Mozilla/5.0 (Windows NT 10.0; Win64; x64) AppleWebKit/537.36 (KHTML, like Gecko) Chrome/115.0.0.0 Safari/537.36 Edg/115.0.1901.203"
198.54.114.83 - - [15/Apr/2025:08:22:38 -0400] "POST /wp-cron.php?doing_wp_cron=1744719756.7434089183807373046875 HTTP/1.1" 200 0 "-" "WordPress/6.7.1; https://freelancingclients.com"
217.145.227.189 - - [15/Apr/2025:08:22:40 -0400] "POST /wp-login.php HTTP/1.1" 200 1849 "https://freelancingclients.com/wp-login.php" "Mozilla/5.0 (Windows NT 10.0; Win64; x64) AppleWebKit/537.36 (KHTML, like Gecko) Chrome/115.0.0.0 Safari/537.36 Edg/115.0.1901.203"
129.226.66.188 - - [15/Apr/2025:08:25:56 -0400] "GET /the-benefits-of-mindfulness/ HTTP/1.1" 404 1251 "-" "Python/3.10 aiohttp/3.10.5"
2a01:239:3bb:8a00::1 - - [15/Apr/2025:08:30:46 -0400] "GET /wp-content/themes/include.php HTTP/1.1" 404 1251 "www.google.com" "Mozilla/5.0 (Linux; Android 7.0; SM-G892A Build/NRD90M; wv) AppleWebKit/537.36 (KHTML, like Gecko) Version/4.0 Chrome/60.0.3112.107 Mobile Safari/537.36"
2a01:239:3bb:8a00::1 - - [15/Apr/2025:08:31:25 -0400] "GET /style.php HTTP/1.1" 404 1251 "www.google.com" "Mozilla/5.0 (Linux; Android 7.0; SM-G892A Build/NRD90M; wv) AppleWebKit/537.36 (KHTML, like Gecko) Version/4.0 Chrome/60.0.3112.107 Mobile Safari/537.36"
2a01:239:3bb:8a00::1 - - [15/Apr/2025:08:31:40 -0400] "GET /file.php HTTP/1.1" 404 1251 "www.google.com" "Mozilla/5.0 (Linux; Android 7.0; SM-G892A Build/NRD90M; wv) AppleWebKit/537.36 (KHTML, like Gecko) Version/4.0 Chrome/60.0.3112.107 Mobile Safari/537.36"
110.249.202.81 - - [15/Apr/2025:08:34:36 -0400] "GET /page/17/ HTTP/1.1" 404 1251 "-" "Mozilla/5.0 (Linux; Android 5.0) AppleWebKit/537.36 (KHTML, like Gecko) Mobile Safari/537.36 (compatible; Bytespider; https://zhanzhang.toutiao.com/)"
111.225.149.213 - - [15/Apr/2025:08:35:12 -0400] "GET /page/48/ HTTP/1.1" 404 1251 "-" "Mozilla/5.0 (Linux; Android 5.0) AppleWebKit/537.36 (KHTML, like Gecko) Mobile Safari/537.36 (compatible; Bytespider; https://zhanzhang.toutiao.com/)"
178.20.46.206 - - [15/Apr/2025:08:37:08 -0400] "GET /osteopathy/ HTTP/1.1" 404 1251 "https://freelancingclients.com/osteopathy/" "Mozilla/5.0 (Windows NT 10.0; Win64; x64) AppleWebKit/537.36 (KHTML, like Gecko) Chrome/129.0.0.0 Safari/537.36"
178.20.46.206 - - [15/Apr/2025:08:37:11 -0400] "GET / HTTP/1.1" 403 1242 "https://freelancingclients.com/" "Mozilla/5.0 (Windows NT 10.0; Win64; x64) AppleWebKit/537.36 (KHTML, like Gecko) Chrome/129.0.0.0 Safari/537.36"
178.20.46.206 - - [15/Apr/2025:08:37:13 -0400] "GET / HTTP/1.1" 403 1242 "https://freelancingclients.com/" "Mozilla/5.0 (Windows NT 10.0; Win64; x64) AppleWebKit/537.36 (KHTML, like Gecko) Chrome/129.0.0.0 Safari/537.36"
17.241.219.254 - - [15/Apr/2025:08:38:03 -0400] "GET /wp-content/uploads/2023/09/synthesize-1-12.mp3 HTTP/1.1" 200 49536 "-" "Mozilla/5.0 (Macintosh; Intel Mac OS X 10_15_7) AppleWebKit/605.1.15 (KHTML, like Gecko) Version/17.4 Safari/605.1.15 (Applebot/0.1; +http://www.apple.com/go/applebot)"
85.208.98.20 - - [15/Apr/2025:08:43:00 -0400] "GET /innovative-bathroom-renovations-for-small-spaces/ HTTP/1.1" 404 1251 "-" "Mozilla/5.0 (compatible; SemrushBot-BA; +http://www.semrush.com/bot.html)"
2a02:598:96:8a00::1200:13b - - [15/Apr/2025:08:43:24 -0400] "GET /robots.txt HTTP/1.1" 404 1251 "-" "Mozilla/5.0 (compatible; SeznamBot/4.0; +https://o-seznam.cz/napoveda/vyhledavani/en/seznambot-crawler/)"
2a02:598:96:8a00::1200:13b - - [15/Apr/2025:08:43:24 -0400] "GET /why-invest-in-premium-domains/ HTTP/1.1" 404 1251 "-" "Mozilla/5.0 (compatible; SeznamBot/4.0; +https://o-seznam.cz/napoveda/vyhledavani/en/seznambot-crawler/)"
