195.2.67.184 - - [16/Apr/2025:06:47:07 -0400] "GET /osteopathy/ HTTP/1.1" 200 15754 "https://freelancingclients.com/osteopathy/#comment-8213" "Mozilla/5.0 (Windows NT 10.0; Win64; x64) AppleWebKit/537.36 (KHTML, like Gecko) Chrome/131.0.0.0 Safari/537.36 Avast/131.0.0.0"
195.2.67.184 - - [16/Apr/2025:06:47:07 -0400] "GET /osteopathy/ HTTP/1.1" 200 12354 "https://freelancingclients.com/osteopathy/#comment-8212" "Mozilla/5.0 (Windows NT 10.0; Win64; x64) AppleWebKit/537.36 (KHTML, like Gecko) Chrome/130.0.0.0 Safari/537.36 CCleaner/130.0.0.0"
195.2.67.184 - - [16/Apr/2025:06:47:32 -0400] "GET /osteopathy/ HTTP/1.1" 200 9642 "https://freelancingclients.com/osteopathy/#comment-7547/" "Mozilla/5.0 (Windows NT 10.0; Win64; x64) AppleWebKit/537.36 (KHTML, like Gecko) Chrome/130.0.0.0 Safari/537.36"
2a02:598:64:8a00::3100:4 - - [16/Apr/2025:06:47:31 -0400] "GET /contemporary-elegance-modern-kitchen-cabinets/ HTTP/1.1" 200 10493 "-" "Mozilla/5.0 (compatible; SeznamBot/4.0; +https://o-seznam.cz/napoveda/vyhledavani/en/seznambot-crawler/)"
195.2.67.184 - - [16/Apr/2025:06:47:37 -0400] "POST /wp-comments-post.php HTTP/1.1" 302 0 "https://freelancingclients.com/osteopathy/#comment-7547/" "Mozilla/5.0 (Windows NT 10.0; Win64; x64) AppleWebKit/537.36 (KHTML, like Gecko) Chrome/130.0.0.0 Safari/537.36"
195.2.67.184 - - [16/Apr/2025:06:47:44 -0400] "GET /osteopathy/ HTTP/1.1" 200 17678 "https://freelancingclients.com/osteopathy/#comment-8214" "Mozilla/5.0 (Windows NT 10.0; Win64; x64) AppleWebKit/537.36 (KHTML, like Gecko) Chrome/130.0.0.0 Safari/537.36"
198.54.114.83 - - [16/Apr/2025:06:51:17 -0400] "POST /wp-cron.php?doing_wp_cron=1744800676.8918659687042236328125 HTTP/1.1" 200 0 "-" "WordPress/6.8; https://freelancingclients.com"
43.156.156.96 - - [16/Apr/2025:06:51:12 -0400] "GET /category/activity/ HTTP/1.1" 200 10198 "-" "Mozilla/5.0 (iPhone; CPU iPhone OS 13_2_3 like Mac OS X) AppleWebKit/605.1.15 (KHTML, like Gecko) Version/13.0.3 Mobile/15E148 Safari/604.1"
198.54.114.83 - - [16/Apr/2025:06:51:20 -0400] "POST /wp-admin/admin-ajax.php?action=async_litespeed&nonce=WrMAAKhnNwM32tJutdJxoZus0fwHwjUY&litespeed_type=imgoptm HTTP/1.1" 200 0 "-" "WordPress/6.8; https://freelancingclients.com"
200.10.34.41 - - [16/Apr/2025:06:53:58 -0400] "GET /.git/ HTTP/1.1" 403 1242 "-" "python-httpx/0.27.2"
200.10.34.41 - - [16/Apr/2025:06:53:59 -0400] "GET /wp-content/upgrade/ HTTP/1.1" 403 1242 "-" "python-httpx/0.27.2"
200.10.34.41 - - [16/Apr/2025:06:53:58 -0400] "GET /wp-content/plugins/ HTTP/1.1" 200 0 "-" "python-httpx/0.27.2"
200.10.34.41 - - [16/Apr/2025:06:53:59 -0400] "GET /wp-includes/ HTTP/1.1" 403 1242 "-" "python-httpx/0.27.2"
200.10.34.41 - - [16/Apr/2025:06:53:58 -0400] "GET /cpanel/ HTTP/1.1" 301 0 "-" "python-httpx/0.27.2"
200.10.34.41 - - [16/Apr/2025:06:54:00 -0400] "GET /cgi-bin/ HTTP/1.1" 500 80 "-" "python-httpx/0.27.2"
200.10.34.41 - - [16/Apr/2025:06:53:58 -0400] "GET /custom/ HTTP/1.1" 301 0 "-" "python-httpx/0.27.2"
200.10.34.41 - - [16/Apr/2025:06:53:58 -0400] "GET /wp-admin/admin.php/ HTTP/1.1" 302 0 "-" "python-httpx/0.27.2"
200.10.34.41 - - [16/Apr/2025:06:53:58 -0400] "GET /xmlrpc.php/ HTTP/1.1" 405 46 "-" "python-httpx/0.27.2"
200.10.34.41 - - [16/Apr/2025:06:53:58 -0400] "GET /u/ HTTP/1.1" 301 0 "-" "python-httpx/0.27.2"
200.10.34.41 - - [16/Apr/2025:06:53:58 -0400] "GET /uploads/files/ HTTP/1.1" 404 8131 "-" "python-httpx/0.27.2"
200.10.34.41 - - [16/Apr/2025:06:53:58 -0400] "GET /dor/ HTTP/1.1" 404 8131 "-" "python-httpx/0.27.2"
200.10.34.41 - - [16/Apr/2025:06:53:58 -0400] "GET /tools/ HTTP/1.1" 404 8131 "-" "python-httpx/0.27.2"
200.10.34.41 - - [16/Apr/2025:06:53:58 -0400] "GET /upload/ HTTP/1.1" 404 8131 "-" "python-httpx/0.27.2"
200.10.34.41 - - [16/Apr/2025:06:53:58 -0400] "GET /editor/ HTTP/1.1" 404 8131 "-" "python-httpx/0.27.2"
200.10.34.41 - - [16/Apr/2025:06:53:58 -0400] "GET /mails/ HTTP/1.1" 404 8131 "-" "python-httpx/0.27.2"
200.10.34.41 - - [16/Apr/2025:06:53:58 -0400] "GET /public/ HTTP/1.1" 404 8131 "-" "python-httpx/0.27.2"
200.10.34.41 - - [16/Apr/2025:06:53:58 -0400] "GET /config/ HTTP/1.1" 404 8131 "-" "python-httpx/0.27.2"
200.10.34.41 - - [16/Apr/2025:06:53:58 -0400] "GET /html/ HTTP/1.1" 404 8131 "-" "python-httpx/0.27.2"
200.10.34.41 - - [16/Apr/2025:06:53:58 -0400] "GET /filemanager/ HTTP/1.1" 404 8131 "-" "python-httpx/0.27.2"
200.10.34.41 - - [16/Apr/2025:06:53:58 -0400] "GET /phpmyadmin/ HTTP/1.1" 404 8131 "-" "python-httpx/0.27.2"
200.10.34.41 - - [16/Apr/2025:06:53:58 -0400] "GET /backup/ HTTP/1.1" 404 8131 "-" "python-httpx/0.27.2"
200.10.34.41 - - [16/Apr/2025:06:53:58 -0400] "GET /apps/ HTTP/1.1" 404 8131 "-" "python-httpx/0.27.2"
200.10.34.41 - - [16/Apr/2025:06:53:58 -0400] "GET /uploader/ HTTP/1.1" 404 8131 "-" "python-httpx/0.27.2"
200.10.34.41 - - [16/Apr/2025:06:53:58 -0400] "GET /library/ HTTP/1.1" 404 8131 "-" "python-httpx/0.27.2"
200.10.34.41 - - [16/Apr/2025:06:53:58 -0400] "GET /env/ HTTP/1.1" 404 8131 "-" "python-httpx/0.27.2"
200.10.34.41 - - [16/Apr/2025:06:53:58 -0400] "GET /upload_files/ HTTP/1.1" 404 8131 "-" "python-httpx/0.27.2"
200.10.34.41 - - [16/Apr/2025:06:53:59 -0400] "GET /security/ HTTP/1.1" 404 8131 "-" "python-httpx/0.27.2"
200.10.34.41 - - [16/Apr/2025:06:53:59 -0400] "GET /cache/ HTTP/1.1" 301 0 "-" "python-httpx/0.27.2"
200.10.34.41 - - [16/Apr/2025:06:53:58 -0400] "GET /db/ HTTP/1.1" 404 8131 "-" "python-httpx/0.27.2"
200.10.34.41 - - [16/Apr/2025:06:53:58 -0400] "GET /save/ HTTP/1.1" 404 8131 "-" "python-httpx/0.27.2"
200.10.34.41 - - [16/Apr/2025:06:53:58 -0400] "GET /example/ HTTP/1.1" 404 8131 "-" "python-httpx/0.27.2"
200.10.34.41 - - [16/Apr/2025:06:53:58 -0400] "GET /secure/ HTTP/1.1" 404 8131 "-" "python-httpx/0.27.2"
200.10.34.41 - - [16/Apr/2025:06:53:58 -0400] "GET /import/ HTTP/1.1" 301 0 "-" "python-httpx/0.27.2"
200.10.34.41 - - [16/Apr/2025:06:53:59 -0400] "GET /wp-content/db-backup/ HTTP/1.1" 404 8131 "-" "python-httpx/0.27.2"
200.10.34.41 - - [16/Apr/2025:06:53:58 -0400] "GET /admin_old/ HTTP/1.1" 404 8131 "-" "python-httpx/0.27.2"
200.10.34.41 - - [16/Apr/2025:06:53:59 -0400] "GET /uploads/ HTTP/1.1" 404 8131 "-" "python-httpx/0.27.2"
200.10.34.41 - - [16/Apr/2025:06:53:58 -0400] "GET /phpinfo.php/ HTTP/1.1" 404 8131 "-" "python-httpx/0.27.2"
200.10.34.41 - - [16/Apr/2025:06:53:59 -0400] "GET /tmp/ HTTP/1.1" 404 8131 "-" "python-httpx/0.27.2"
200.10.34.41 - - [16/Apr/2025:06:53:59 -0400] "GET /images/ HTTP/1.1" 404 8131 "-" "python-httpx/0.27.2"
200.10.34.41 - - [16/Apr/2025:06:53:58 -0400] "GET /statics/ HTTP/1.1" 404 8131 "-" "python-httpx/0.27.2"
200.10.34.41 - - [16/Apr/2025:06:53:59 -0400] "GET /var/ HTTP/1.1" 404 8131 "-" "python-httpx/0.27.2"
200.10.34.41 - - [16/Apr/2025:06:53:58 -0400] "GET /website/ HTTP/1.1" 404 8131 "-" "python-httpx/0.27.2"
200.10.34.41 - - [16/Apr/2025:06:53:59 -0400] "GET /files/ HTTP/1.1" 404 8131 "-" "python-httpx/0.27.2"
200.10.34.41 - - [16/Apr/2025:06:53:58 -0400] "GET /shell/ HTTP/1.1" 404 8131 "-" "python-httpx/0.27.2"
200.10.34.41 - - [16/Apr/2025:06:53:58 -0400] "GET /out/ HTTP/1.1" 404 8131 "-" "python-httpx/0.27.2"
200.10.34.41 - - [16/Apr/2025:06:53:59 -0400] "GET /src/ HTTP/1.1" 404 8131 "-" "python-httpx/0.27.2"
200.10.34.41 - - [16/Apr/2025:06:53:59 -0400] "GET /util/ HTTP/1.1" 404 8131 "-" "python-httpx/0.27.2"
200.10.34.41 - - [16/Apr/2025:06:53:58 -0400] "GET /img/ HTTP/1.1" 404 8131 "-" "python-httpx/0.27.2"
200.10.34.41 - - [16/Apr/2025:06:53:58 -0400] "GET /uploadfile/ HTTP/1.1" 404 8131 "-" "python-httpx/0.27.2"
200.10.34.41 - - [16/Apr/2025:06:53:59 -0400] "GET /data/ HTTP/1.1" 404 8131 "-" "python-httpx/0.27.2"
200.10.34.41 - - [16/Apr/2025:06:53:59 -0400] "GET /web/ HTTP/1.1" 301 0 "-" "python-httpx/0.27.2"
200.10.34.41 - - [16/Apr/2025:06:53:59 -0400] "GET /wp-content/cache-backup/ HTTP/1.1" 404 8131 "-" "python-httpx/0.27.2"
200.10.34.41 - - [16/Apr/2025:06:53:59 -0400] "GET /wp-content/mu-plugins/ HTTP/1.1" 404 8131 "-" "python-httpx/0.27.2"
200.10.34.41 - - [16/Apr/2025:06:53:58 -0400] "GET /templates/ HTTP/1.1" 404 8131 "-" "python-httpx/0.27.2"
200.10.34.41 - - [16/Apr/2025:06:53:58 -0400] "GET /js/ HTTP/1.1" 404 8131 "-" "python-httpx/0.27.2"
200.10.34.41 - - [16/Apr/2025:06:53:59 -0400] "GET /log/ HTTP/1.1" 404 8131 "-" "python-httpx/0.27.2"
200.10.34.41 - - [16/Apr/2025:06:53:59 -0400] "GET /app/ HTTP/1.1" 301 0 "-" "python-httpx/0.27.2"
200.10.34.41 - - [16/Apr/2025:06:53:59 -0400] "GET /wp-admin/ HTTP/1.1" 302 0 "-" "python-httpx/0.27.2"
200.10.34.41 - - [16/Apr/2025:06:53:59 -0400] "GET /modules/paypal/ HTTP/1.1" 301 0 "-" "python-httpx/0.27.2"
200.10.34.41 - - [16/Apr/2025:06:53:58 -0400] "GET /admin9895zsrjq/ HTTP/1.1" 404 8131 "-" "python-httpx/0.27.2"
200.10.34.41 - - [16/Apr/2025:06:53:59 -0400] "GET /cms/ HTTP/1.1" 404 8131 "-" "python-httpx/0.27.2"
200.10.34.41 - - [16/Apr/2025:06:53:59 -0400] "GET /translations/ HTTP/1.1" 404 8131 "-" "python-httpx/0.27.2"
200.10.34.41 - - [16/Apr/2025:06:54:00 -0400] "GET /docs/ HTTP/1.1" 404 8131 "-" "python-httpx/0.27.2"
200.10.34.41 - - [16/Apr/2025:06:54:00 -0400] "GET /wp-content/themes/ HTTP/1.1" 200 0 "-" "python-httpx/0.27.2"
200.10.34.41 - - [16/Apr/2025:06:54:00 -0400] "GET /media/ HTTP/1.1" 404 8131 "-" "python-httpx/0.27.2"
200.10.34.41 - - [16/Apr/2025:06:54:00 -0400] "GET /webservice/ HTTP/1.1" 404 8131 "-" "python-httpx/0.27.2"
200.10.34.41 - - [16/Apr/2025:06:54:00 -0400] "GET /modules/myprestaloyalty/ HTTP/1.1" 404 8131 "-" "python-httpx/0.27.2"
200.10.34.41 - - [16/Apr/2025:06:54:01 -0400] "GET /controllers/ HTTP/1.1" 404 8131 "-" "python-httpx/0.27.2"
200.10.34.41 - - [16/Apr/2025:06:54:01 -0400] "GET /wp-admin/tools.php/ HTTP/1.1" 302 0 "-" "python-httpx/0.27.2"
200.10.34.41 - - [16/Apr/2025:06:53:59 -0400] "GET /debug/ HTTP/1.1" 404 8131 "-" "python-httpx/0.27.2"
200.10.34.41 - - [16/Apr/2025:06:54:01 -0400] "GET /image/ HTTP/1.1" 404 8131 "-" "python-httpx/0.27.2"
200.10.34.41 - - [16/Apr/2025:06:54:01 -0400] "GET /panel/ HTTP/1.1" 404 8131 "-" "python-httpx/0.27.2"
200.10.34.41 - - [16/Apr/2025:06:54:01 -0400] "GET /users/ HTTP/1.1" 404 8131 "-" "python-httpx/0.27.2"
200.10.34.41 - - [16/Apr/2025:06:54:01 -0400] "GET /storage/ HTTP/1.1" 404 8131 "-" "python-httpx/0.27.2"
200.10.34.41 - - [16/Apr/2025:06:54:00 -0400] "GET /vendor/ HTTP/1.1" 404 8131 "-" "python-httpx/0.27.2"
200.10.34.41 - - [16/Apr/2025:06:54:04 -0400] "GET /lib/ HTTP/1.1" 404 8131 "-" "python-httpx/0.27.2"
200.10.34.41 - - [16/Apr/2025:06:54:00 -0400] "GET /api/ HTTP/1.1" 404 8131 "-" "python-httpx/0.27.2"
200.10.34.41 - - [16/Apr/2025:06:53:58 -0400] "GET /modules/paypal/Javascript.php/ HTTP/1.1" 404 8131 "-" "python-httpx/0.27.2"
200.10.34.41 - - [16/Apr/2025:06:54:02 -0400] "GET /test/ HTTP/1.1" 404 8131 "-" "python-httpx/0.27.2"
200.10.34.41 - - [16/Apr/2025:06:53:58 -0400] "GET /modules/myprestaloyalty/controllers/front/controllers/modules/ HTTP/1.1" 404 8131 "-" "python-httpx/0.27.2"
200.10.34.41 - - [16/Apr/2025:06:54:02 -0400] "GET /modules/ HTTP/1.1" 404 8131 "-" "python-httpx/0.27.2"
200.10.34.41 - - [16/Apr/2025:06:54:04 -0400] "GET /public_html/ HTTP/1.1" 404 8131 "-" "python-httpx/0.27.2"
200.10.34.41 - - [16/Apr/2025:06:54:01 -0400] "GET /backups/ HTTP/1.1" 404 8131 "-" "python-httpx/0.27.2"
200.10.34.41 - - [16/Apr/2025:06:54:01 -0400] "GET /bin/ HTTP/1.1" 404 8131 "-" "python-httpx/0.27.2"
200.10.34.41 - - [16/Apr/2025:06:53:58 -0400] "GET /wp-content/plugins/wp-file-manager/ HTTP/1.1" 404 8131 "-" "python-httpx/0.27.2"
198.54.114.83 - - [16/Apr/2025:06:54:07 -0400] "POST /wp-cron.php?doing_wp_cron=1744800843.6914000511169433593750 HTTP/1.1" 200 0 "-" "WordPress/6.8; https://freelancingclients.com"
198.54.114.83 - - [16/Apr/2025:06:54:07 -0400] "POST /wp-cron.php?doing_wp_cron=1744800843.6860160827636718750000 HTTP/1.1" 200 0 "-" "WordPress/6.8; https://freelancingclients.com"
198.54.114.83 - - [16/Apr/2025:06:54:07 -0400] "POST /wp-cron.php?doing_wp_cron=1744800843.6841020584106445312500 HTTP/1.1" 200 0 "-" "WordPress/6.8; https://freelancingclients.com"
198.54.114.83 - - [16/Apr/2025:06:54:07 -0400] "POST /wp-cron.php?doing_wp_cron=1744800843.6870939731597900390625 HTTP/1.1" 200 0 "-" "WordPress/6.8; https://freelancingclients.com"
198.54.114.83 - - [16/Apr/2025:06:54:07 -0400] "POST /wp-cron.php?doing_wp_cron=1744800843.6927618980407714843750 HTTP/1.1" 200 0 "-" "WordPress/6.8; https://freelancingclients.com"
198.54.114.83 - - [16/Apr/2025:06:54:07 -0400] "POST /wp-cron.php?doing_wp_cron=1744800843.6878540515899658203125 HTTP/1.1" 200 0 "-" "WordPress/6.8; https://freelancingclients.com"
198.54.114.83 - - [16/Apr/2025:06:54:07 -0400] "POST /wp-cron.php?doing_wp_cron=1744800843.6843259334564208984375 HTTP/1.1" 200 0 "-" "WordPress/6.8; https://freelancingclients.com"
198.54.114.83 - - [16/Apr/2025:06:54:07 -0400] "POST /wp-cron.php?doing_wp_cron=1744800843.6886830329895019531250 HTTP/1.1" 200 0 "-" "WordPress/6.8; https://freelancingclients.com"
198.54.114.83 - - [16/Apr/2025:06:54:07 -0400] "POST /wp-cron.php?doing_wp_cron=1744800843.6860060691833496093750 HTTP/1.1" 200 0 "-" "WordPress/6.8; https://freelancingclients.com"
198.54.114.83 - - [16/Apr/2025:06:54:07 -0400] "POST /wp-cron.php?doing_wp_cron=1744800843.6905109882354736328125 HTTP/1.1" 200 0 "-" "WordPress/6.8; https://freelancingclients.com"
198.54.114.83 - - [16/Apr/2025:06:54:07 -0400] "POST /wp-cron.php?doing_wp_cron=1744800843.6906900405883789062500 HTTP/1.1" 200 0 "-" "WordPress/6.8; https://freelancingclients.com"
198.54.114.83 - - [16/Apr/2025:06:54:07 -0400] "POST /wp-cron.php?doing_wp_cron=1744800843.6917040348052978515625 HTTP/1.1" 200 0 "-" "WordPress/6.8; https://freelancingclients.com"
198.54.114.83 - - [16/Apr/2025:06:54:07 -0400] "POST /wp-cron.php?doing_wp_cron=1744800843.6860079765319824218750 HTTP/1.1" 200 0 "-" "WordPress/6.8; https://freelancingclients.com"
198.54.114.83 - - [16/Apr/2025:06:54:07 -0400] "POST /wp-cron.php?doing_wp_cron=1744800843.6842339038848876953125 HTTP/1.1" 200 0 "-" "WordPress/6.8; https://freelancingclients.com"
198.54.114.83 - - [16/Apr/2025:06:54:07 -0400] "POST /wp-cron.php?doing_wp_cron=1744800843.6870100498199462890625 HTTP/1.1" 200 0 "-" "WordPress/6.8; https://freelancingclients.com"
198.54.114.83 - - [16/Apr/2025:06:54:07 -0400] "POST /wp-cron.php?doing_wp_cron=1744800843.6841020584106445312500 HTTP/1.1" 200 0 "-" "WordPress/6.8; https://freelancingclients.com"
198.54.114.83 - - [16/Apr/2025:06:54:07 -0400] "POST /wp-cron.php?doing_wp_cron=1744800843.6881868839263916015625 HTTP/1.1" 200 0 "-" "WordPress/6.8; https://freelancingclients.com"
198.54.114.83 - - [16/Apr/2025:06:54:07 -0400] "POST /wp-cron.php?doing_wp_cron=1744800843.6888840198516845703125 HTTP/1.1" 200 0 "-" "WordPress/6.8; https://freelancingclients.com"
198.54.114.83 - - [16/Apr/2025:06:54:07 -0400] "POST /wp-cron.php?doing_wp_cron=1744800843.6842439174652099609375 HTTP/1.1" 200 0 "-" "WordPress/6.8; https://freelancingclients.com"
200.10.34.41 - - [16/Apr/2025:06:54:08 -0400] "GET /errors/ HTTP/1.1" 404 8131 "-" "python-httpx/0.27.2"
200.10.34.41 - - [16/Apr/2025:06:54:08 -0400] "GET /site/ HTTP/1.1" 404 8131 "-" "python-httpx/0.27.2"
200.10.34.41 - - [16/Apr/2025:06:54:08 -0400] "GET /administrator/ HTTP/1.1" 404 8131 "-" "python-httpx/0.27.2"
200.10.34.41 - - [16/Apr/2025:06:54:08 -0400] "GET /utilities/ HTTP/1.1" 404 8131 "-" "python-httpx/0.27.2"
200.10.34.41 - - [16/Apr/2025:06:54:13 -0400] "GET /temp/ HTTP/1.1" 404 8131 "-" "python-httpx/0.27.2"
200.10.34.41 - - [16/Apr/2025:06:54:13 -0400] "GET /export/ HTTP/1.1" 404 8131 "-" "python-httpx/0.27.2"
200.10.34.41 - - [16/Apr/2025:06:54:14 -0400] "GET /wp-admin/images/ HTTP/1.1" 403 1242 "-" "python-httpx/0.27.2"
200.10.34.41 - - [16/Apr/2025:06:54:14 -0400] "GET /wp-includes/js/ HTTP/1.1" 403 1242 "-" "python-httpx/0.27.2"
200.10.34.41 - - [16/Apr/2025:06:54:14 -0400] "GET /wp-admin/includes/ HTTP/1.1" 403 1242 "-" "python-httpx/0.27.2"
200.10.34.41 - - [16/Apr/2025:06:54:13 -0400] "GET /cgi/ HTTP/1.1" 404 8131 "-" "python-httpx/0.27.2"
200.10.34.41 - - [16/Apr/2025:06:54:13 -0400] "GET /old/ HTTP/1.1" 404 8131 "-" "python-httpx/0.27.2"
200.10.34.41 - - [16/Apr/2025:06:54:13 -0400] "GET /ftp/ HTTP/1.1" 404 8131 "-" "python-httpx/0.27.2"
200.10.34.41 - - [16/Apr/2025:06:54:14 -0400] "GET /wp-admin/css/ HTTP/1.1" 403 1242 "-" "python-httpx/0.27.2"
200.10.34.41 - - [16/Apr/2025:06:54:13 -0400] "GET /logs/ HTTP/1.1" 404 8131 "-" "python-httpx/0.27.2"
200.10.34.41 - - [16/Apr/2025:06:54:14 -0400] "GET /wp-content/uploads/ HTTP/1.1" 403 1242 "-" "python-httpx/0.27.2"
200.10.34.41 - - [16/Apr/2025:06:54:14 -0400] "GET /wp-admin/js/ HTTP/1.1" 403 1242 "-" "python-httpx/0.27.2"
200.10.34.41 - - [16/Apr/2025:06:54:13 -0400] "GET /themes/ HTTP/1.1" 404 8131 "-" "python-httpx/0.27.2"
200.10.34.41 - - [16/Apr/2025:06:54:14 -0400] "GET /admin123/ HTTP/1.1" 404 8131 "-" "python-httpx/0.27.2"
200.10.34.41 - - [16/Apr/2025:06:54:14 -0400] "GET /wp-admin/network/ HTTP/1.1" 302 0 "-" "python-httpx/0.27.2"
200.10.34.41 - - [16/Apr/2025:06:54:14 -0400] "GET /home/ HTTP/1.1" 301 0 "-" "python-httpx/0.27.2"
200.10.34.41 - - [16/Apr/2025:06:54:14 -0400] "GET /new/ HTTP/1.1" 301 0 "-" "python-httpx/0.27.2"
200.10.34.41 - - [16/Apr/2025:06:54:14 -0400] "GET /wp-content/ HTTP/1.1" 200 0 "-" "python-httpx/0.27.2"
200.10.34.41 - - [16/Apr/2025:06:54:14 -0400] "GET /classes/ HTTP/1.1" 404 8131 "-" "python-httpx/0.27.2"
200.10.34.41 - - [16/Apr/2025:06:54:14 -0400] "GET /admin/ HTTP/1.1" 302 0 "-" "python-httpx/0.27.2"
200.10.34.41 - - [16/Apr/2025:06:54:14 -0400] "GET /error_log/ HTTP/1.1" 404 8131 "-" "python-httpx/0.27.2"
200.10.34.41 - - [16/Apr/2025:06:54:14 -0400] "GET /console/ HTTP/1.1" 404 8131 "-" "python-httpx/0.27.2"
200.10.34.41 - - [16/Apr/2025:06:54:14 -0400] "GET /pdf/ HTTP/1.1" 404 8131 "-" "python-httpx/0.27.2"
200.10.34.41 - - [16/Apr/2025:06:54:14 -0400] "GET /private/ HTTP/1.1" 404 8131 "-" "python-httpx/0.27.2"
200.10.34.41 - - [16/Apr/2025:06:54:14 -0400] "GET /license/ HTTP/1.1" 301 0 "-" "python-httpx/0.27.2"
200.10.34.41 - - [16/Apr/2025:06:54:14 -0400] "GET /system/ HTTP/1.1" 404 8131 "-" "python-httpx/0.27.2"
200.10.34.41 - - [16/Apr/2025:06:54:14 -0400] "GET /V1.7/ HTTP/1.1" 404 8131 "-" "python-httpx/0.27.2"
200.10.34.41 - - [16/Apr/2025:06:54:14 -0400] "GET /robots.txt/ HTTP/1.1" 301 0 "-" "python-httpx/0.27.2"
200.10.34.41 - - [16/Apr/2025:06:54:14 -0400] "GET /plugins/ HTTP/1.1" 404 8131 "-" "python-httpx/0.27.2"
200.10.34.41 - - [16/Apr/2025:06:54:14 -0400] "GET /includes/ HTTP/1.1" 404 8131 "-" "python-httpx/0.27.2"
200.10.34.41 - - [16/Apr/2025:06:54:14 -0400] "GET /inc/ HTTP/1.1" 404 8131 "-" "python-httpx/0.27.2"
200.10.34.41 - - [16/Apr/2025:06:54:14 -0400] "GET /scripts/ HTTP/1.1" 404 8131 "-" "python-httpx/0.27.2"
200.10.34.41 - - [16/Apr/2025:06:54:14 -0400] "GET /core/ HTTP/1.1" 404 8131 "-" "python-httpx/0.27.2"
200.10.34.41 - - [16/Apr/2025:06:54:14 -0400] "GET /wp-content/plugins/file-manager/ HTTP/1.1" 404 8131 "-" "python-httpx/0.27.2"
200.10.34.41 - - [16/Apr/2025:06:54:14 -0400] "GET /components/ HTTP/1.1" 404 8131 "-" "python-httpx/0.27.2"
200.10.34.41 - - [16/Apr/2025:06:54:14 -0400] "GET /cp/ HTTP/1.1" 301 0 "-" "python-httpx/0.27.2"
200.10.34.41 - - [16/Apr/2025:06:54:14 -0400] "GET /localization/ HTTP/1.1" 404 8131 "-" "python-httpx/0.27.2"
200.10.34.41 - - [16/Apr/2025:06:54:14 -0400] "GET /.well-known/ HTTP/1.1" 404 8131 "-" "python-httpx/0.27.2"
200.10.34.41 - - [16/Apr/2025:06:54:14 -0400] "GET /staging/ HTTP/1.1" 404 8131 "-" "python-httpx/0.27.2"
200.10.34.41 - - [16/Apr/2025:06:54:14 -0400] "GET /wp-json/ HTTP/1.1" 200 200829 "-" "python-httpx/0.27.2"
200.10.34.41 - - [16/Apr/2025:06:54:14 -0400] "GET /webmail/ HTTP/1.1" 301 0 "-" "python-httpx/0.27.2"
200.10.34.41 - - [16/Apr/2025:06:54:14 -0400] "GET /wp-content/languages/ HTTP/1.1" 404 8131 "-" "python-httpx/0.27.2"
200.10.34.41 - - [16/Apr/2025:06:54:14 -0400] "GET /shells/ HTTP/1.1" 404 8131 "-" "python-httpx/0.27.2"
200.10.34.41 - - [16/Apr/2025:06:54:14 -0400] "GET /tests/ HTTP/1.1" 404 8131 "-" "python-httpx/0.27.2"
200.10.34.41 - - [16/Apr/2025:06:54:15 -0400] "GET /ajax/ HTTP/1.1" 404 8131 "-" "python-httpx/0.27.2"
200.10.34.41 - - [16/Apr/2025:06:54:16 -0400] "GET /wp-backup/ HTTP/1.1" 404 8131 "-" "python-httpx/0.27.2"
200.10.34.41 - - [16/Apr/2025:06:54:16 -0400] "GET /uploads/images/ HTTP/1.1" 404 8131 "-" "python-httpx/0.27.2"
200.10.34.41 - - [16/Apr/2025:06:54:17 -0400] "GET /webroot/ HTTP/1.1" 404 8131 "-" "python-httpx/0.27.2"
200.10.34.41 - - [16/Apr/2025:06:54:18 -0400] "GET /assets/ HTTP/1.1" 404 8131 "-" "python-httpx/0.27.2"
200.10.34.41 - - [16/Apr/2025:06:54:17 -0400] "GET /tmp/uploads/ HTTP/1.1" 404 8131 "-" "python-httpx/0.27.2"
200.10.34.41 - - [16/Apr/2025:06:54:18 -0400] "GET /user/ HTTP/1.1" 404 8131 "-" "python-httpx/0.27.2"
200.10.34.41 - - [16/Apr/2025:06:54:18 -0400] "GET /installold/ HTTP/1.1" 404 8131 "-" "python-httpx/0.27.2"
200.10.34.41 - - [16/Apr/2025:06:54:19 -0400] "GET /override/ HTTP/1.1" 404 8131 "-" "python-httpx/0.27.2"
200.10.34.41 - - [16/Apr/2025:06:54:19 -0400] "GET /download/ HTTP/1.1" 404 8131 "-" "python-httpx/0.27.2"
200.10.34.41 - - [16/Apr/2025:06:54:19 -0400] "GET /views/ HTTP/1.1" 404 8131 "-" "python-httpx/0.27.2"
200.10.34.41 - - [16/Apr/2025:06:54:20 -0400] "GET /wp-content/uploads/backup/ HTTP/1.1" 404 8131 "-" "python-httpx/0.27.2"
198.54.114.83 - - [16/Apr/2025:06:58:20 -0400] "POST /wp-cron.php?doing_wp_cron=1744801098.9182391166687011718750 HTTP/1.1" 200 0 "-" "WordPress/6.8; https://freelancingclients.com"
207.46.13.127 - - [16/Apr/2025:06:58:12 -0400] "GET /2024/08/ HTTP/1.1" 301 0 "-" "Mozilla/5.0 AppleWebKit/537.36 (KHTML, like Gecko; compatible; bingbot/2.0; +http://www.bing.com/bingbot.htm) Chrome/116.0.1938.76 Safari/537.36"
85.208.98.29 - - [16/Apr/2025:06:58:28 -0400] "GET /which-large-dehumidifier-uk-should-you-buy/ HTTP/1.1" 200 10441 "-" "Mozilla/5.0 (compatible; SemrushBot-BA; +http://www.semrush.com/bot.html)"
43.153.104.196 - - [16/Apr/2025:07:02:40 -0400] "GET /category/contact-us/ HTTP/1.1" 200 8410 "-" "Mozilla/5.0 (iPhone; CPU iPhone OS 13_2_3 like Mac OS X) AppleWebKit/605.1.15 (KHTML, like Gecko) Version/13.0.3 Mobile/15E148 Safari/604.1"
198.54.114.83 - - [16/Apr/2025:07:05:29 -0400] "POST /wp-cron.php?doing_wp_cron=1744801528.4024219512939453125000 HTTP/1.1" 200 0 "-" "WordPress/6.8; https://freelancingclients.com"
198.54.114.83 - - [16/Apr/2025:07:05:33 -0400] "POST /wp-admin/admin-ajax.php?action=async_litespeed&nonce=WVcyrwC7gS5uOu1ixh2KJdvZRQTYlB3T&litespeed_type=imgoptm HTTP/1.1" 200 0 "-" "WordPress/6.8; https://freelancingclients.com"
34.116.22.76 - - [16/Apr/2025:07:05:22 -0400] "GET /a-fusion-of-contemporary-design/ HTTP/1.1" 200 10884 "-" "Mozilla/5.0 (compatible; Google-Apps-Script; beanserver; +https://script.google.com; id: UAEmdDd-PoRGEvgsVmUEWah8uuaASwmqBPQ)"
43.135.145.77 - - [16/Apr/2025:07:12:23 -0400] "GET /a-guide-to-sentiment-analysis-using-nlp/ HTTP/1.1" 200 76301 "-" "Mozilla/5.0 (iPhone; CPU iPhone OS 13_2_3 like Mac OS X) AppleWebKit/605.1.15 (KHTML, like Gecko) Version/13.0.3 Mobile/15E148 Safari/604.1"
178.20.45.159 - - [16/Apr/2025:07:13:30 -0400] "GET /osteopathy/ HTTP/1.1" 200 9642 "https://freelancingclients.com/osteopathy/#comment-9633/" "Mozilla/5.0 (Windows NT 10.0; Win64; x64) AppleWebKit/537.36 (KHTML, like Gecko) Chrome/131.0.0.0 Safari/537.36 Avast/131.0.0.0"
198.54.114.83 - - [16/Apr/2025:07:13:39 -0400] "POST /wp-cron.php?doing_wp_cron=1744802018.5927999019622802734375 HTTP/1.1" 200 0 "-" "WordPress/6.8; https://freelancingclients.com"
178.20.45.159 - - [16/Apr/2025:07:13:33 -0400] "POST /wp-comments-post.php HTTP/1.1" 302 0 "https://freelancingclients.com/osteopathy/#comment-9633/" "Mozilla/5.0 (Windows NT 10.0; Win64; x64) AppleWebKit/537.36 (KHTML, like Gecko) Chrome/131.0.0.0 Safari/537.36 Avast/131.0.0.0"
178.20.45.159 - - [16/Apr/2025:07:13:45 -0400] "GET /osteopathy/ HTTP/1.1" 200 10995 "https://freelancingclients.com/osteopathy/#comment-8216" "Mozilla/5.0 (Windows NT 10.0; Win64; x64) AppleWebKit/537.36 (KHTML, like Gecko) Chrome/131.0.0.0 Safari/537.36 Avast/131.0.0.0"
198.54.114.83 - - [16/Apr/2025:07:15:46 -0400] "POST /wp-admin/admin-ajax.php?action=async_litespeed&nonce=8YSWFLseRTbbvZQpT7snPnCn7zWNKfIc&litespeed_type=imgoptm HTTP/1.1" 200 0 "-" "WordPress/6.8; https://freelancingclients.com"
52.138.205.74 - - [16/Apr/2025:07:17:35 -0400] "GET /wp-admin/about.php HTTP/1.1" 302 0 "-" "-"
52.138.205.74 - - [16/Apr/2025:07:17:41 -0400] "GET /wp-login.php?redirect_to=https%3A%2F%2Fwww.freelancingclients.com%2Fwp-admin%2Fabout.php&reauth=1 HTTP/1.1" 200 1736 "-" "-"
52.138.205.74 - - [16/Apr/2025:07:17:54 -0400] "GET /wp-admin/index.php HTTP/1.1" 302 0 "-" "-"
52.138.205.74 - - [16/Apr/2025:07:17:56 -0400] "GET /wp-login.php?redirect_to=https%3A%2F%2Fwww.freelancingclients.com%2Fwp-admin%2Findex.php&reauth=1 HTTP/1.1" 200 1733 "-" "-"
35.187.143.129 - - [16/Apr/2025:07:19:35 -0400] "GET /a-fusion-of-contemporary-design/ HTTP/1.1" 200 10884 "-" "Mozilla/5.0 (compatible; Google-Apps-Script; beanserver; +https://script.google.com; id: UAEmdDd-PoRGEvgsVmUEWah8uuaASwmqBPQ)"
52.138.205.74 - - [16/Apr/2025:07:21:03 -0400] "GET /wp-admin/themes.php HTTP/1.1" 302 0 "-" "-"
52.138.205.74 - - [16/Apr/2025:07:21:08 -0400] "GET /wp-login.php?redirect_to=https%3A%2F%2Fwww.freelancingclients.com%2Fwp-admin%2Fthemes.php&reauth=1 HTTP/1.1" 200 1734 "-" "-"
43.157.95.239 - - [16/Apr/2025:07:22:11 -0400] "GET /the-inside-story-of-how-chatgpt-was-built-from-the/ HTTP/1.1" 200 105386 "-" "Mozilla/5.0 (iPhone; CPU iPhone OS 13_2_3 like Mac OS X) AppleWebKit/605.1.15 (KHTML, like Gecko) Version/13.0.3 Mobile/15E148 Safari/604.1"
52.138.205.74 - - [16/Apr/2025:07:24:02 -0400] "GET /wp-admin/user/index.php HTTP/1.1" 302 0 "-" "-"
52.138.205.74 - - [16/Apr/2025:07:24:09 -0400] "GET /wp-login.php?redirect_to=https%3A%2F%2Fwww.freelancingclients.com%2Fwp-admin%2Fuser%2Findex.php&reauth=1 HTTP/1.1" 200 1731 "-" "-"
178.20.45.159 - - [16/Apr/2025:07:27:25 -0400] "GET /osteopathy/ HTTP/1.1" 200 9642 "https://freelancingclients.com/osteopathy/#comment-9633/" "Mozilla/5.0 (Windows NT 10.0; Win64; x64) AppleWebKit/537.36 (KHTML, like Gecko) Chrome/130.0.0.0 Safari/537.36 CCleaner/130.0.0.0"
178.20.45.159 - - [16/Apr/2025:07:27:28 -0400] "POST /wp-comments-post.php HTTP/1.1" 302 0 "https://freelancingclients.com/osteopathy/#comment-9633/" "Mozilla/5.0 (Windows NT 10.0; Win64; x64) AppleWebKit/537.36 (KHTML, like Gecko) Chrome/130.0.0.0 Safari/537.36 CCleaner/130.0.0.0"
178.20.45.159 - - [16/Apr/2025:07:27:33 -0400] "GET /osteopathy/ HTTP/1.1" 200 20070 "https://freelancingclients.com/osteopathy/#comment-8219" "Mozilla/5.0 (Windows NT 10.0; Win64; x64) AppleWebKit/537.36 (KHTML, like Gecko) Chrome/130.0.0.0 Safari/537.36 CCleaner/130.0.0.0"
52.138.205.74 - - [16/Apr/2025:07:28:58 -0400] "GET /wp-login.php?action=register HTTP/1.1" 302 0 "-" "-"
52.138.205.74 - - [16/Apr/2025:07:29:01 -0400] "GET /wp-login.php?registration=disabled HTTP/1.1" 200 1786 "-" "-"
2a02:598:96:8a00::1200:13b - - [16/Apr/2025:07:29:27 -0400] "GET /exploring-the-meyer-blue-phenomenon/ HTTP/1.1" 200 10220 "-" "Mozilla/5.0 (compatible; SeznamBot/4.0; +https://o-seznam.cz/napoveda/vyhledavani/en/seznambot-crawler/)"
52.164.184.48 - - [16/Apr/2025:07:30:27 -0400] "GET /wp-login.php?action=register HTTP/1.1" 302 0 "-" "-"
52.164.184.48 - - [16/Apr/2025:07:30:33 -0400] "GET /wp-login.php?registration=disabled HTTP/1.1" 200 1786 "-" "-"
198.54.114.83 - - [16/Apr/2025:07:30:56 -0400] "POST /wp-admin/admin-ajax.php?action=async_litespeed&nonce=qduTLjm4ieoMEQDTfenfc5MnzSqArGb4&litespeed_type=imgoptm HTTP/1.1" 200 0 "-" "WordPress/6.8; https://freelancingclients.com"
52.164.184.48 - - [16/Apr/2025:07:31:17 -0400] "GET /wp-login.php?action=register HTTP/1.1" 302 0 "-" "-"
52.164.184.48 - - [16/Apr/2025:07:31:22 -0400] "GET /wp-login.php?registration=disabled HTTP/1.1" 200 1786 "-" "-"
92.255.85.164 - - [16/Apr/2025:07:31:26 -0400] "GET /category/contact-us/ HTTP/1.1" 200 8410 "https://freelancingclients.com/category/contact-us/" "Mozilla/5.0 (Windows NT 10.0; Win64; x64) AppleWebKit/537.36 (KHTML, like Gecko) Chrome/130.0.0.0 Safari/537.36 CCleaner/130.0.0.0"
43.135.145.73 - - [16/Apr/2025:07:32:26 -0400] "GET /5-steps-to-a-catchy-bot-name-ideas/feed/ HTTP/1.1" 200 412 "-" "Mozilla/5.0 (iPhone; CPU iPhone OS 13_2_3 like Mac OS X) AppleWebKit/605.1.15 (KHTML, like Gecko) Version/13.0.3 Mobile/15E148 Safari/604.1"
52.164.184.48 - - [16/Apr/2025:07:34:04 -0400] "GET /wp-login.php HTTP/1.1" 200 1724 "-" "-"
198.54.114.83 - - [16/Apr/2025:07:38:36 -0400] "POST /wp-admin/admin-ajax.php?action=async_litespeed&nonce=NZgM9UBi30NxDnY9heKmH48xhNmvI9A2&litespeed_type=imgoptm HTTP/1.1" 200 0 "-" "WordPress/6.8; https://freelancingclients.com"
66.249.66.9 - - [16/Apr/2025:07:40:44 -0400] "GET /robots.txt HTTP/1.1" 304 0 "-" "Mozilla/5.0 (compatible; Googlebot/2.1; +http://www.google.com/bot.html)"
66.249.66.10 - - [16/Apr/2025:07:40:46 -0400] "GET /wp-content/uploads/2023/09/synthesize-1-5.mp3 HTTP/1.1" 200 34944 "-" "Googlebot-Video/1.0"
43.133.91.48 - - [16/Apr/2025:07:42:54 -0400] "GET /page/160/ HTTP/1.1" 200 8751 "-" "Mozilla/5.0 (iPhone; CPU iPhone OS 13_2_3 like Mac OS X) AppleWebKit/605.1.15 (KHTML, like Gecko) Version/13.0.3 Mobile/15E148 Safari/604.1"
47.79.197.61 - - [16/Apr/2025:07:45:03 -0400] "GET / HTTP/1.1" 200 10016 "https://www.google.com/" "Mozilla/5.0 (Windows NT 10.0; Win64; x64) AppleWebKit/537.36 (KHTML, like Gecko) Chrome/132.0.0.0 Safari/537.36"
47.79.197.61 - - [16/Apr/2025:07:45:03 -0400] "GET / HTTP/1.1" 200 10016 "https://www.google.com/" "Mozilla/5.0 (Linux; Android 10; K) AppleWebKit/537.36 (KHTML, like Gecko) Chrome/133.0.0.0 Mobile Safari/537.36"
198.54.114.83 - - [16/Apr/2025:07:53:17 -0400] "POST /wp-cron.php?doing_wp_cron=1744804396.0684609413146972656250 HTTP/1.1" 200 0 "-" "WordPress/6.8; https://freelancingclients.com"
43.159.135.203 - - [16/Apr/2025:07:53:11 -0400] "GET /2025/03/ HTTP/1.1" 301 0 "-" "Mozilla/5.0 (iPhone; CPU iPhone OS 13_2_3 like Mac OS X) AppleWebKit/605.1.15 (KHTML, like Gecko) Version/13.0.3 Mobile/15E148 Safari/604.1"
43.159.135.203 - - [16/Apr/2025:07:53:23 -0400] "GET / HTTP/1.1" 200 10016 "https://freelancingclients.com/2025/03/" "Mozilla/5.0 (iPhone; CPU iPhone OS 13_2_3 like Mac OS X) AppleWebKit/605.1.15 (KHTML, like Gecko) Version/13.0.3 Mobile/15E148 Safari/604.1"
2a02:598:64:8a00::3100:4 - - [16/Apr/2025:07:59:13 -0400] "GET /best-family-restaurants-near-me/ HTTP/1.1" 200 0 "-" "Mozilla/5.0 (compatible; SeznamBot/4.0; +https://o-seznam.cz/napoveda/vyhledavani/en/seznambot-crawler/)"
198.54.114.83 - - [16/Apr/2025:07:59:23 -0400] "POST /wp-cron.php?doing_wp_cron=1744804759.7280058860778808593750 HTTP/1.1" 200 0 "-" "WordPress/6.8; https://freelancingclients.com"
110.249.201.49 - - [16/Apr/2025:08:01:48 -0400] "GET /robots.txt HTTP/1.1" 301 0 "-" "Mozilla/5.0 (Linux; Android 5.0) AppleWebKit/537.36 (KHTML, like Gecko) Mobile Safari/537.36 (compatible; Bytespider; https://zhanzhang.toutiao.com/)"
240e:350:8003:c646:4ecc:6a15:48f7:5ca9 - - [16/Apr/2025:08:01:46 -0400] "POST /wp-comments-post.php HTTP/1.1" 302 0 "-" "Mozilla/5.0 (Windows NT 10.0; Win64; x64) AppleWebKit/537.36 (KHTML, like Gecko) Chrome/108.0.0.0 Safari/537.36 Edg/108.0.1462.46"
240e:350:8003:c646:4ecc:6a15:48f7:5ca9 - - [16/Apr/2025:08:01:51 -0400] "GET /den-narzissten-entlarven-die-komplexe-persona-verstehen/?unapproved=8226&moderation-hash=6e0cd0f6b2a276b7896d1734c7f1810f HTTP/1.1" 200 11958 "-" "Mozilla/5.0 (Windows NT 10.0; Win64; x64) AppleWebKit/537.36 (KHTML, like Gecko) Chrome/108.0.0.0 Safari/537.36 Edg/108.0.1462.46"
43.166.136.24 - - [16/Apr/2025:08:03:13 -0400] "GET / HTTP/1.1" 200 10016 "-" "Mozilla/5.0 (iPhone; CPU iPhone OS 13_2_3 like Mac OS X) AppleWebKit/605.1.15 (KHTML, like Gecko) Version/13.0.3 Mobile/15E148 Safari/604.1"
198.54.114.83 - - [16/Apr/2025:08:07:34 -0400] "POST /wp-cron.php?doing_wp_cron=1744805253.0403430461883544921875 HTTP/1.1" 200 0 "-" "WordPress/6.8; https://freelancingclients.com"
2a03:2880:f800:5:: - - [16/Apr/2025:08:07:28 -0400] "GET /page/119/ HTTP/1.1" 200 10156 "-" "meta-externalagent/1.1 (+https://developers.facebook.com/docs/sharing/webmasters/crawler)"
198.54.114.83 - - [16/Apr/2025:08:14:20 -0400] "POST /wp-cron.php?doing_wp_cron=1744805658.8082749843597412109375 HTTP/1.1" 200 0 "-" "WordPress/6.8; https://freelancingclients.com"
49.51.183.15 - - [16/Apr/2025:08:14:18 -0400] "GET /a-guide-to-sentiment-analysis-using-nlp/feed/ HTTP/1.1" 200 409 "-" "Mozilla/5.0 (iPhone; CPU iPhone OS 13_2_3 like Mac OS X) AppleWebKit/605.1.15 (KHTML, like Gecko) Version/13.0.3 Mobile/15E148 Safari/604.1"
195.2.75.216 - - [16/Apr/2025:08:15:48 -0400] "GET /osteopathy/ HTTP/1.1" 200 9642 "https://freelancingclients.com/osteopathy/" "Mozilla/5.0 (Windows NT 10.0; Win64; x64) AppleWebKit/537.36 (KHTML, like Gecko) Chrome/131.0.0.0 Safari/537.36 Avast/131.0.0.0"
198.54.114.83 - - [16/Apr/2025:08:15:58 -0400] "POST /wp-cron.php?doing_wp_cron=1744805756.6205520629882812500000 HTTP/1.1" 200 0 "-" "WordPress/6.8; https://freelancingclients.com"
195.2.75.216 - - [16/Apr/2025:08:15:50 -0400] "POST /wp-comments-post.php HTTP/1.1" 302 0 "https://freelancingclients.com/osteopathy/" "Mozilla/5.0 (Windows NT 10.0; Win64; x64) AppleWebKit/537.36 (KHTML, like Gecko) Chrome/131.0.0.0 Safari/537.36 Avast/131.0.0.0"
195.2.75.216 - - [16/Apr/2025:08:16:00 -0400] "GET /osteopathy/ HTTP/1.1" 200 16242 "https://freelancingclients.com/osteopathy/#comment-8228" "Mozilla/5.0 (Windows NT 10.0; Win64; x64) AppleWebKit/537.36 (KHTML, like Gecko) Chrome/131.0.0.0 Safari/537.36 Avast/131.0.0.0"
198.54.114.83 - - [16/Apr/2025:08:23:30 -0400] "POST /wp-cron.php?doing_wp_cron=1744806208.4198470115661621093750 HTTP/1.1" 200 0 "-" "WordPress/6.8; https://freelancingclients.com"
43.130.53.252 - - [16/Apr/2025:08:23:27 -0400] "GET /the-inside-story-of-how-chatgpt-was-built-from-the/feed/ HTTP/1.1" 200 435 "-" "Mozilla/5.0 (iPhone; CPU iPhone OS 13_2_3 like Mac OS X) AppleWebKit/605.1.15 (KHTML, like Gecko) Version/13.0.3 Mobile/15E148 Safari/604.1"
94.46.220.6 - - [16/Apr/2025:08:23:48 -0400] "GET /osteopathy/ HTTP/1.1" 200 10313 "https://freelancingclients.com/osteopathy/#comment-8231" "Mozilla/5.0 (Windows NT 10.0; Win64; x64) AppleWebKit/537.36 (KHTML, like Gecko) Chrome/129.0.0.0 Safari/537.36"
31.129.79.28 - - [16/Apr/2025:08:27:15 -0400] "GET /robots.txt HTTP/1.1" 304 0 "-" "Screaming Frog SEO Spider/21.4"
31.129.79.28 - - [16/Apr/2025:08:27:19 -0400] "GET /a-fusion-of-contemporary-design/ HTTP/1.1" 200 10884 "-" "Screaming Frog SEO Spider/21.4"
198.54.114.83 - - [16/Apr/2025:08:32:29 -0400] "POST /wp-cron.php?doing_wp_cron=1744806746.0486330986022949218750 HTTP/1.1" 200 0 "-" "WordPress/6.8; https://freelancingclients.com"
49.51.203.164 - - [16/Apr/2025:08:32:20 -0400] "GET /2022/01/ HTTP/1.1" 301 0 "-" "Mozilla/5.0 (iPhone; CPU iPhone OS 13_2_3 like Mac OS X) AppleWebKit/605.1.15 (KHTML, like Gecko) Version/13.0.3 Mobile/15E148 Safari/604.1"
49.51.203.164 - - [16/Apr/2025:08:32:38 -0400] "GET / HTTP/1.1" 200 10016 "https://freelancingclients.com/2022/01/" "Mozilla/5.0 (iPhone; CPU iPhone OS 13_2_3 like Mac OS X) AppleWebKit/605.1.15 (KHTML, like Gecko) Version/13.0.3 Mobile/15E148 Safari/604.1"
78.138.127.62 - - [16/Apr/2025:08:33:42 -0400] "GET /the-world-of-satta-king-a-deep-dive/ HTTP/1.1" 200 10894 "https://freelancingclients.com/" "Mozilla/5.0 (Macintosh; Intel Mac OS X 12_5) AppleWebKit/537.36 (KHTML, like Gecko) Chrome/114.0.0.0 Safari/537.36 OPR/89.0.4447.51"
78.138.127.62 - - [16/Apr/2025:08:33:57 -0400] "GET /category/sign-up/ HTTP/1.1" 200 8410 "https://freelancingclients.com/" "Mozilla/5.0 (Windows NT 6.3; Win64; x64) AppleWebKit/537.36 (KHTML, like Gecko) Chrome/103.0.0.0 Safari/537.36"
78.138.127.62 - - [16/Apr/2025:08:34:02 -0400] "GET /category/sign-up/ HTTP/1.1" 200 8410 "https://freelancingclients.com/category/sign-up/" "Mozilla/5.0 (Windows NT 6.3; Win64; x64) AppleWebKit/537.36 (KHTML, like Gecko) Chrome/103.0.0.0 Safari/537.36"
78.138.127.62 - - [16/Apr/2025:08:34:08 -0400] "GET /the-world-of-satta-king-a-deep-dive/ HTTP/1.1" 200 10894 "https://freelancingclients.com/" "Mozilla/5.0 (Windows NT 6.3; Win64; x64) AppleWebKit/537.36 (KHTML, like Gecko) Chrome/103.0.0.0 Safari/537.36"
78.138.127.62 - - [16/Apr/2025:08:34:13 -0400] "POST /wp-comments-post.php HTTP/1.1" 302 0 "https://freelancingclients.com/the-world-of-satta-king-a-deep-dive/" "Mozilla/5.0 (Windows NT 6.3; Win64; x64) AppleWebKit/537.36 (KHTML, like Gecko) Chrome/103.0.0.0 Safari/537.36"
78.138.127.62 - - [16/Apr/2025:08:34:20 -0400] "GET /the-world-of-satta-king-a-deep-dive/?unapproved=8233&moderation-hash=ce738d25254810e68ae822683100e546 HTTP/1.1" 200 11524 "https://freelancingclients.com/wp-comments-post.php" "Mozilla/5.0 (Windows NT 6.3; Win64; x64) AppleWebKit/537.36 (KHTML, like Gecko) Chrome/103.0.0.0 Safari/537.36"
78.138.127.62 - - [16/Apr/2025:08:34:26 -0400] "GET /the-world-of-satta-king-a-deep-dive/ HTTP/1.1" 200 10894 "-" "Mozilla/5.0 (Windows NT 6.3; Win64; x64) AppleWebKit/537.36 (KHTML, like Gecko) Chrome/103.0.0.0 Safari/537.36"
78.138.127.62 - - [16/Apr/2025:08:37:50 -0400] "GET /the-world-of-satta-king-a-deep-dive/ HTTP/1.1" 200 10894 "-" "Mozilla/5.0 (Macintosh; Intel Mac OS X 12.5; rv:114.0) Gecko/20100101 Firefox/114.0"
170.106.181.163 - - [16/Apr/2025:08:43:30 -0400] "GET /comments/feed/ HTTP/1.1" 200 365 "-" "Mozilla/5.0 (iPhone; CPU iPhone OS 13_2_3 like Mac OS X) AppleWebKit/605.1.15 (KHTML, like Gecko) Version/13.0.3 Mobile/15E148 Safari/604.1"
2a02:598:64:8a00::3100:4 - - [16/Apr/2025:08:45:13 -0400] "GET /robots.txt HTTP/1.1" 200 112 "-" "Mozilla/5.0 (compatible; SeznamBot/4.0; +https://o-seznam.cz/napoveda/vyhledavani/en/seznambot-crawler/)"
198.54.114.83 - - [16/Apr/2025:08:45:19 -0400] "POST /wp-cron.php?doing_wp_cron=1744807518.5038120746612548828125 HTTP/1.1" 200 0 "-" "WordPress/6.8; https://freelancingclients.com"
2a02:598:64:8a00::3100:4 - - [16/Apr/2025:08:45:14 -0400] "GET /cold-drawing-machine/ HTTP/1.1" 200 10837 "-" "Mozilla/5.0 (compatible; SeznamBot/4.0; +https://o-seznam.cz/napoveda/vyhledavani/en/seznambot-crawler/)"
85.208.98.16 - - [16/Apr/2025:08:48:47 -0400] "GET /the-transformative-power-of-massage-therapy/ HTTP/1.1" 200 0 "-" "Mozilla/5.0 (compatible; SemrushBot-BA; +http://www.semrush.com/bot.html)"
207.46.13.36 - - [16/Apr/2025:08:56:44 -0400] "GET /symboles-et-significations/ HTTP/1.1" 200 10469 "-" "Mozilla/5.0 AppleWebKit/537.36 (KHTML, like Gecko; compatible; bingbot/2.0; +http://www.bing.com/bingbot.htm) Chrome/116.0.1938.76 Safari/537.36"
198.54.114.83 - - [16/Apr/2025:08:56:52 -0400] "POST /wp-cron.php?doing_wp_cron=1744808209.6177730560302734375000 HTTP/1.1" 200 0 "-" "WordPress/6.8; https://freelancingclients.com"
135.181.166.47 - - [16/Apr/2025:08:59:36 -0400] "GET /your-guide-to-preventive-healthcare/ HTTP/1.1" 200 10352 "https://freelancingclients.com/your-guide-to-preventive-healthcare/#comment-12536" "Mozilla/5.0 (Windows NT 10.0; WOW64) AppleWebKit/537.36 (KHTML, like Gecko) Chrome/103.0.0.0 Safari/537.36"
198.54.114.83 - - [16/Apr/2025:08:59:42 -0400] "POST /wp-cron.php?doing_wp_cron=1744808377.6350600719451904296875 HTTP/1.1" 200 0 "-" "WordPress/6.8; https://freelancingclients.com"
66.249.66.19 - - [16/Apr/2025:09:02:16 -0400] "GET / HTTP/1.1" 200 10016 "-" "Mozilla/5.0 (compatible; Googlebot/2.1; +http://www.google.com/bot.html)"
114.235.63.221 - - [16/Apr/2025:09:07:25 -0400] "GET /category/activity/page/130/ HTTP/1.1" 200 10115 "-" "Mozilla/5.0 (Windows NT 10.0; Win64; x64) AppleWebKit/537.36 (KHTML, like Gecko) Chrome/114.0.0.0 Safari/537.36"
198.54.114.83 - - [16/Apr/2025:09:07:33 -0400] "POST /wp-cron.php?doing_wp_cron=1744808851.3059918880462646484375 HTTP/1.1" 200 0 "-" "WordPress/6.8; https://freelancingclients.com"
114.235.63.221 - - [16/Apr/2025:09:07:39 -0400] "GET /virtual-customer-innovation-staying-close-to-your/ HTTP/1.1" 200 88156 "https://freelancingclients.com/category/activity/page/130/" "Mozilla/5.0 (Windows NT 10.0; Win64; x64) AppleWebKit/537.36 (KHTML, like Gecko) Chrome/114.0.0.0 Safari/537.36"
114.235.63.221 - - [16/Apr/2025:09:07:44 -0400] "POST /wp-comments-post.php HTTP/1.1" 302 0 "https://freelancingclients.com/virtual-customer-innovation-staying-close-to-your/" "Mozilla/5.0 (Windows NT 10.0; Win64; x64) AppleWebKit/537.36 (KHTML, like Gecko) Chrome/114.0.0.0 Safari/537.36"
114.235.63.221 - - [16/Apr/2025:09:07:50 -0400] "GET /virtual-customer-innovation-staying-close-to-your/?unapproved=8239&moderation-hash=46dc3076dd674ecfb903cfe7e3779506 HTTP/1.1" 200 88779 "https://freelancingclients.com/wp-comments-post.php" "Mozilla/5.0 (Windows NT 10.0; Win64; x64) AppleWebKit/537.36 (KHTML, like Gecko) Chrome/114.0.0.0 Safari/537.36"
114.235.63.221 - - [16/Apr/2025:09:07:56 -0400] "GET /virtual-customer-innovation-staying-close-to-your/ HTTP/1.1" 200 88156 "-" "Mozilla/5.0 (Windows NT 10.0; Win64; x64) AppleWebKit/537.36 (KHTML, like Gecko) Chrome/114.0.0.0 Safari/537.36"
114.235.63.221 - - [16/Apr/2025:09:08:03 -0400] "GET /virtual-customer-innovation-staying-close-to-your/ HTTP/1.1" 200 88156 "-" "Mozilla/5.0 (Macintosh; Intel Mac OS X 12.5; rv:114.0) Gecko/20100101 Firefox/114.0"
52.169.84.30 - - [16/Apr/2025:09:12:04 -0400] "GET /wp-login.php?action=register HTTP/1.1" 302 0 "-" "-"
52.169.84.30 - - [16/Apr/2025:09:12:06 -0400] "GET /wp-login.php?registration=disabled HTTP/1.1" 200 1786 "-" "-"
52.169.84.30 - - [16/Apr/2025:09:12:27 -0400] "GET /wp-login.php?action=register HTTP/1.1" 302 0 "-" "-"
52.169.84.30 - - [16/Apr/2025:09:12:29 -0400] "GET /wp-login.php?registration=disabled HTTP/1.1" 200 1786 "-" "-"
121.229.156.15 - - [16/Apr/2025:09:16:07 -0400] "GET / HTTP/1.1" 200 10016 "-" "Sogou web spider/4.0(+http://www.sogou.com/docs/help/webmasters.htm#07)"
52.169.84.30 - - [16/Apr/2025:09:16:36 -0400] "GET /wp-admin/ HTTP/1.1" 302 0 "-" "-"
52.169.84.30 - - [16/Apr/2025:09:16:39 -0400] "GET /wp-login.php?redirect_to=https%3A%2F%2Ffreelancingclients.com%2Fwp-admin%2F&reauth=1 HTTP/1.1" 200 1724 "-" "-"
217.145.226.159 - - [16/Apr/2025:09:20:22 -0400] "GET /bilanz-hattingen/ HTTP/1.1" 200 9658 "https://freelancingclients.com/bilanz-hattingen/" "Mozilla/5.0 (Windows NT 6.1; WOW64) AppleWebKit/537.36 (KHTML, like Gecko) Chrome/103.0.0.0 Safari/537.36"
217.145.226.159 - - [16/Apr/2025:09:20:28 -0400] "POST /wp-comments-post.php HTTP/1.1" 302 0 "https://freelancingclients.com/bilanz-hattingen/" "Mozilla/5.0 (Windows NT 6.1; WOW64) AppleWebKit/537.36 (KHTML, like Gecko) Chrome/103.0.0.0 Safari/537.36"
217.145.226.159 - - [16/Apr/2025:09:20:33 -0400] "GET /bilanz-hattingen/ HTTP/1.1" 200 10608 "https://freelancingclients.com/bilanz-hattingen/#comment-8242" "Mozilla/5.0 (Windows NT 6.1; WOW64) AppleWebKit/537.36 (KHTML, like Gecko) Chrome/103.0.0.0 Safari/537.36"
2a02:598:64:8a00::3100:4 - - [16/Apr/2025:09:29:33 -0400] "GET /the-advanced-number-plate-machine/ HTTP/1.1" 200 0 "-" "Mozilla/5.0 (compatible; SeznamBot/4.0; +https://o-seznam.cz/napoveda/vyhledavani/en/seznambot-crawler/)"
198.54.114.83 - - [16/Apr/2025:09:29:40 -0400] "POST /wp-cron.php?doing_wp_cron=1744810178.0822679996490478515625 HTTP/1.1" 200 0 "-" "WordPress/6.8; https://freelancingclients.com"
47.238.13.17 - - [16/Apr/2025:09:47:51 -0400] "GET /category/about-us/ HTTP/1.1" 200 8376 "-" "Mozilla/5.0 (Macintosh; Intel Mac OS X 10_15_7) AppleWebKit/537.36 (KHTML, like Gecko) Chrome/109.0.0.0 Safari/537.36"
47.79.198.125 - - [16/Apr/2025:09:50:29 -0400] "GET / HTTP/1.1" 200 10016 "https://www.google.com/" "Mozilla/5.0 (Windows NT 10.0; Win64; x64) AppleWebKit/537.36 (KHTML, like Gecko) Chrome/133.0.0.0 Safari/537.36"
47.79.198.125 - - [16/Apr/2025:09:50:29 -0400] "GET / HTTP/1.1" 200 10016 "https://www.google.com/" "Mozilla/5.0 (Linux; Android 10; K) AppleWebKit/537.36 (KHTML, like Gecko) Chrome/132.0.0.0 Mobile Safari/537.36"
34.170.159.184 - - [16/Apr/2025:09:50:38 -0400] "GET / HTTP/1.1" 200 10016 "-" "Mozilla/5.0 (X11; Linux x86_64) AppleWebKit/537.36 (KHTML, like Gecko) Chrome/120.0.0.0 Safari/537.36"
36.225.24.206 - - [16/Apr/2025:09:57:22 -0400] "GET /how-to-get-more-live-stream-viewers-on-youtube HTTP/1.1" 200 0 "https://freelancingclients.com/how-to-get-more-live-stream-viewers-on-youtube" "Mozilla/5.0 (Windows NT 6.1; WOW64) AppleWebKit/537.36 (KHTML, like Gecko) Chrome/32.0.1007.548 Safari/537.36"
2a02:598:64:8a00::3100:4 - - [16/Apr/2025:09:57:27 -0400] "GET /a-holistic-approach-to-healths/ HTTP/1.1" 200 10487 "-" "Mozilla/5.0 (compatible; SeznamBot/4.0; +https://o-seznam.cz/napoveda/vyhledavani/en/seznambot-crawler/)"
36.225.24.206 - - [16/Apr/2025:09:57:36 -0400] "GET /how-to-get-more-live-stream-viewers-on-youtube HTTP/1.1" 301 0 "https://freelancingclients.com/how-to-get-more-live-stream-viewers-on-youtube" "Mozilla/5.0 (Windows NT 6.1; WOW64) AppleWebKit/537.36 (KHTML, like Gecko) Chrome/32.0.1007.548 Safari/537.36"
36.225.24.206 - - [16/Apr/2025:09:57:42 -0400] "GET /how-to-get-more-live-stream-viewers-on-youtube/ HTTP/1.1" 200 10923 "https://freelancingclients.com/how-to-get-more-live-stream-viewers-on-youtube" "Mozilla/5.0 (Windows NT 6.1; WOW64) AppleWebKit/537.36 (KHTML, like Gecko) Chrome/32.0.1007.548 Safari/537.36"
212.30.36.32 - - [16/Apr/2025:10:00:48 -0400] "GET /osteopathy/ HTTP/1.1" 200 10315 "https://freelancingclients.com/osteopathy/#comment-8248" "Mozilla/5.0 (Windows NT 10.0; Win64; x64) AppleWebKit/537.36 (KHTML, like Gecko) Chrome/130.0.0.0 Safari/537.36"
185.213.83.247 - - [16/Apr/2025:10:10:15 -0400] "POST /wp-login.php/wp-login.php HTTP/1.1" 200 1849 "-" "Mozilla"
198.54.114.83 - - [16/Apr/2025:10:10:21 -0400] "POST /wp-cron.php?doing_wp_cron=1744812615.8232860565185546875000 HTTP/1.1" 200 0 "-" "WordPress/6.8; https://freelancingclients.com"
44.211.20.232 - - [16/Apr/2025:10:12:41 -0400] "GET /benefits-of-small-business-decals/ HTTP/1.1" 200 10292 "-" "Grammarly/1.0 (http://www.grammarly.com)"
45.95.119.249 - - [16/Apr/2025:10:15:45 -0400] "POST /xmlrpc.php HTTP/1.1" 200 186 "-" "Mozilla/5.0 (Windows NT 10.0; Win64; x64) AppleWebKit/537.36 (KHTML, like Gecko) Chrome/108.0.0.0 Safari/537.36"
198.54.114.83 - - [16/Apr/2025:10:15:53 -0400] "POST /wp-cron.php?doing_wp_cron=1744812949.9398651123046875000000 HTTP/1.1" 200 0 "-" "WordPress/6.8; https://freelancingclients.com"
212.30.36.27 - - [16/Apr/2025:10:17:26 -0400] "GET /osteopathy/ HTTP/1.1" 200 10326 "https://freelancingclients.com/osteopathy/#comment-8251" "Mozilla/5.0 (Windows NT 10.0; Win64; x64) AppleWebKit/537.36 (KHTML, like Gecko) Chrome/130.0.0.0 Safari/537.36 CCleaner/130.0.0.0"
43.135.135.57 - - [16/Apr/2025:10:26:47 -0400] "GET /page/2/ HTTP/1.1" 200 10718 "-" "Mozilla/5.0 (iPhone; CPU iPhone OS 13_2_3 like Mac OS X) AppleWebKit/605.1.15 (KHTML, like Gecko) Version/13.0.3 Mobile/15E148 Safari/604.1"
8.210.190.63 - - [16/Apr/2025:10:34:50 -0400] "HEAD / HTTP/1.1" 200 0 "-" "Mozilla/5.0 (Windows NT 10.0; Win64; x64) AppleWebKit/537.36 (KHTML, like Gecko) Chrome/75.0.3791.121 Safari/537.36"
8.210.190.63 - - [16/Apr/2025:10:34:55 -0400] "GET / HTTP/1.1" 200 10016 "-" "Mozilla/5.0 (Windows NT 10.0; Win64; x64) AppleWebKit/537.36 (KHTML, like Gecko) Chrome/75.0.3791.121 Safari/537.36"
47.243.228.99 - - [16/Apr/2025:10:34:54 -0400] "HEAD /page/2 HTTP/1.1" 200 0 "-" "Mozilla/5.0 (Windows NT 6.1; Win64; x64) AppleWebKit/537.36 (KHTML, like Gecko) Chrome/63.0.2810.54 Safari/537.36"
47.243.74.123 - - [16/Apr/2025:10:34:54 -0400] "HEAD /category/activity HTTP/1.1" 200 0 "-" "Mozilla/5.0 (Windows NT 6.2; Win64; x64) AppleWebKit/537.36 (KHTML, like Gecko) Chrome/73.0.2396.145 Safari/537.36"
8.210.86.148 - - [16/Apr/2025:10:34:57 -0400] "HEAD / HTTP/1.1" 200 0 "-" "Mozilla/5.0 (Windows NT 6.3; Win64; x64) AppleWebKit/537.36 (KHTML, like Gecko) Chrome/66.0.3313.121 Safari/537.36"
47.243.79.195 - - [16/Apr/2025:10:34:57 -0400] "HEAD /category/activity HTTP/1.1" 200 0 "-" "Mozilla/5.0 (Windows NT 6.2; Win64; x64) AppleWebKit/537.36 (KHTML, like Gecko) Chrome/68.0.3117.16 Safari/537.36"
47.242.95.94 - - [16/Apr/2025:10:34:57 -0400] "HEAD /page/2 HTTP/1.1" 200 0 "-" "Mozilla/5.0 (Windows NT 6.3; Win64; x64) AppleWebKit/537.36 (KHTML, like Gecko) Chrome/79.0.3662.97 Safari/537.36"
8.210.75.120 - - [16/Apr/2025:10:35:02 -0400] "HEAD / HTTP/1.1" 200 0 "-" "Mozilla/5.0 (Windows NT 6.2; Win64; x64) AppleWebKit/537.36 (KHTML, like Gecko) Chrome/64.0.3480.169 Safari/537.36"
8.210.86.148 - - [16/Apr/2025:10:35:02 -0400] "GET / HTTP/1.1" 200 10016 "-" "Mozilla/5.0 (Windows NT 6.3; Win64; x64) AppleWebKit/537.36 (KHTML, like Gecko) Chrome/66.0.3313.121 Safari/537.36"
8.210.66.89 - - [16/Apr/2025:10:35:02 -0400] "HEAD /page/2 HTTP/1.1" 301 0 "-" "Mozilla/5.0 (Windows NT 10.0; Win64; x64) AppleWebKit/537.36 (KHTML, like Gecko) Chrome/66.0.2932.163 Safari/537.36"
198.54.114.83 - - [16/Apr/2025:10:35:04 -0400] "POST /wp-cron.php?doing_wp_cron=1744814099.6577260494232177734375 HTTP/1.1" 200 0 "-" "WordPress/6.8; https://freelancingclients.com"
198.54.114.83 - - [16/Apr/2025:10:35:04 -0400] "POST /wp-cron.php?doing_wp_cron=1744814099.6615240573883056640625 HTTP/1.1" 200 0 "-" "WordPress/6.8; https://freelancingclients.com"
198.54.114.83 - - [16/Apr/2025:10:35:04 -0400] "POST /wp-cron.php?doing_wp_cron=1744814099.6629331111907958984375 HTTP/1.1" 200 0 "-" "WordPress/6.8; https://freelancingclients.com"
198.54.114.83 - - [16/Apr/2025:10:35:05 -0400] "POST /wp-cron.php?doing_wp_cron=1744814099.6592209339141845703125 HTTP/1.1" 200 0 "-" "WordPress/6.8; https://freelancingclients.com"
8.210.75.120 - - [16/Apr/2025:10:35:08 -0400] "GET / HTTP/1.1" 200 10016 "-" "Mozilla/5.0 (Windows NT 6.2; Win64; x64) AppleWebKit/537.36 (KHTML, like Gecko) Chrome/64.0.3480.169 Safari/537.36"
47.243.71.191 - - [16/Apr/2025:10:35:07 -0400] "HEAD /virtual-customer-innovation-staying-close-to-your HTTP/1.1" 301 0 "-" "Mozilla/5.0 (Windows NT 10.0; Win64; x64) AppleWebKit/537.36 (KHTML, like Gecko) Chrome/71.0.2990.106 Safari/537.36"
