195.2.75.216 - - [17/Apr/2025:03:02:46 -0400] "GET /osteopathy/ HTTP/1.1" 200 14556 "https://freelancingclients.com/osteopathy/#comment-8418" "Mozilla/5.0 (Windows NT 10.0; Win64; x64) AppleWebKit/537.36 (KHTML, like Gecko) Chrome/130.0.0.0 Safari/537.36"
20.171.207.125 - - [17/Apr/2025:03:03:09 -0400] "GET /?p=103 HTTP/1.1" 301 0 "-" "Mozilla/5.0 AppleWebKit/537.36 (KHTML, like Gecko; compatible; GPTBot/1.2; +https://openai.com/gptbot)"
20.171.207.125 - - [17/Apr/2025:03:03:38 -0400] "GET /?p=91 HTTP/1.1" 301 0 "-" "Mozilla/5.0 AppleWebKit/537.36 (KHTML, like Gecko; compatible; GPTBot/1.2; +https://openai.com/gptbot)"
198.54.114.83 - - [17/Apr/2025:03:03:42 -0400] "POST /wp-cron.php?doing_wp_cron=1744873418.5835080146789550781250 HTTP/1.1" 200 0 "-" "WordPress/6.8; https://freelancingclients.com"
20.171.207.125 - - [17/Apr/2025:03:04:03 -0400] "GET /?p=89 HTTP/1.1" 301 0 "-" "Mozilla/5.0 AppleWebKit/537.36 (KHTML, like Gecko; compatible; GPTBot/1.2; +https://openai.com/gptbot)"
20.171.207.125 - - [17/Apr/2025:03:04:29 -0400] "GET /?p=87 HTTP/1.1" 301 0 "-" "Mozilla/5.0 AppleWebKit/537.36 (KHTML, like Gecko; compatible; GPTBot/1.2; +https://openai.com/gptbot)"
20.171.207.125 - - [17/Apr/2025:03:04:55 -0400] "GET /seasonal-gutter-cleaning-why-clean-gutters-matter-most-in-the-spring-and-fall/feed/ HTTP/1.1" 200 453 "-" "Mozilla/5.0 AppleWebKit/537.36 (KHTML, like Gecko; compatible; GPTBot/1.2; +https://openai.com/gptbot)"
198.54.114.83 - - [17/Apr/2025:03:04:58 -0400] "POST /wp-cron.php?doing_wp_cron=1744873495.4185900688171386718750 HTTP/1.1" 200 0 "-" "WordPress/6.8; https://freelancingclients.com"
20.171.207.125 - - [17/Apr/2025:03:05:56 -0400] "GET /?p=3637 HTTP/1.1" 301 0 "-" "Mozilla/5.0 AppleWebKit/537.36 (KHTML, like Gecko; compatible; GPTBot/1.2; +https://openai.com/gptbot)"
198.54.114.83 - - [17/Apr/2025:03:06:00 -0400] "POST /wp-cron.php?doing_wp_cron=1744873557.6232891082763671875000 HTTP/1.1" 200 0 "-" "WordPress/6.8; https://freelancingclients.com"
20.171.207.125 - - [17/Apr/2025:03:06:25 -0400] "GET /?p=3632 HTTP/1.1" 301 0 "-" "Mozilla/5.0 AppleWebKit/537.36 (KHTML, like Gecko; compatible; GPTBot/1.2; +https://openai.com/gptbot)"
91.201.113.132 - - [17/Apr/2025:03:06:47 -0400] "GET /what-are-sarms-and-why-they-are-gaining-popularity-in-canada/ HTTP/1.1" 200 11158 "https://freelancingclients.com/what-are-sarms-and-why-they-are-gaining-popularity-in-canada/" "Mozilla/5.0 (Windows NT 10.0; Win64; x64) AppleWebKit/537.36 (KHTML, like Gecko) Chrome/130.0.0.0 Safari/537.36 CCleaner/130.0.0.0"
20.171.207.125 - - [17/Apr/2025:03:06:48 -0400] "GET /?p=3635 HTTP/1.1" 301 0 "-" "Mozilla/5.0 AppleWebKit/537.36 (KHTML, like Gecko; compatible; GPTBot/1.2; +https://openai.com/gptbot)"
91.201.113.132 - - [17/Apr/2025:03:06:50 -0400] "POST /wp-comments-post.php HTTP/1.1" 302 0 "https://freelancingclients.com/what-are-sarms-and-why-they-are-gaining-popularity-in-canada/" "Mozilla/5.0 (Windows NT 10.0; Win64; x64) AppleWebKit/537.36 (KHTML, like Gecko) Chrome/130.0.0.0 Safari/537.36 CCleaner/130.0.0.0"
91.201.113.132 - - [17/Apr/2025:03:06:54 -0400] "GET /what-are-sarms-and-why-they-are-gaining-popularity-in-canada/ HTTP/1.1" 200 11829 "https://freelancingclients.com/what-are-sarms-and-why-they-are-gaining-popularity-in-canada/#comment-8420" "Mozilla/5.0 (Windows NT 10.0; Win64; x64) AppleWebKit/537.36 (KHTML, like Gecko) Chrome/130.0.0.0 Safari/537.36 CCleaner/130.0.0.0"
198.54.114.83 - - [17/Apr/2025:03:07:16 -0400] "POST /wp-cron.php?doing_wp_cron=1744873635.2643110752105712890625 HTTP/1.1" 200 0 "-" "WordPress/6.8; https://freelancingclients.com"
20.171.207.125 - - [17/Apr/2025:03:07:14 -0400] "GET /installing-conservatories-on-a-bungalow-is-easier-than-you-think/feed/ HTTP/1.1" 200 441 "-" "Mozilla/5.0 AppleWebKit/537.36 (KHTML, like Gecko; compatible; GPTBot/1.2; +https://openai.com/gptbot)"
198.54.114.83 - - [17/Apr/2025:03:07:21 -0400] "POST /wp-admin/admin-ajax.php?action=async_litespeed&nonce=AbLbOpgJQMENiSAS7YpJNYwPPLDqYmmM&litespeed_type=imgoptm HTTP/1.1" 200 0 "-" "WordPress/6.8; https://freelancingclients.com"
198.54.114.83 - - [17/Apr/2025:03:07:42 -0400] "POST /wp-cron.php?doing_wp_cron=1744873661.4018390178680419921875 HTTP/1.1" 200 0 "-" "WordPress/6.8; https://freelancingclients.com"
20.171.207.125 - - [17/Apr/2025:03:07:40 -0400] "GET /revolutionizing-your-kitchen-the-instant-hot-and-cold-water-tap/feed/ HTTP/1.1" 200 440 "-" "Mozilla/5.0 AppleWebKit/537.36 (KHTML, like Gecko; compatible; GPTBot/1.2; +https://openai.com/gptbot)"
198.54.114.83 - - [17/Apr/2025:03:07:44 -0400] "POST /wp-admin/admin-ajax.php?action=async_litespeed&nonce=pk3TMilWQ2lYjug1atiGHtWC7DdkwC0v&litespeed_type=imgoptm HTTP/1.1" 200 0 "-" "WordPress/6.8; https://freelancingclients.com"
20.171.207.125 - - [17/Apr/2025:03:08:08 -0400] "GET /the-ultimate-convenience-instant-hot-and-cold-water-dispensers/feed/ HTTP/1.1" 200 434 "-" "Mozilla/5.0 AppleWebKit/537.36 (KHTML, like Gecko; compatible; GPTBot/1.2; +https://openai.com/gptbot)"
198.54.114.83 - - [17/Apr/2025:03:08:37 -0400] "POST /wp-cron.php?doing_wp_cron=1744873716.8478980064392089843750 HTTP/1.1" 200 0 "-" "WordPress/6.8; https://freelancingclients.com"
198.54.114.83 - - [17/Apr/2025:03:08:50 -0400] "POST /wp-admin/admin-ajax.php?action=async_litespeed&nonce=K3ke0tRitBmVzTjlOD3SUzYBz0hIDsjY&litespeed_type=imgoptm HTTP/1.1" 200 0 "-" "WordPress/6.8; https://freelancingclients.com"
20.171.207.125 - - [17/Apr/2025:03:08:32 -0400] "GET /how-to-choose-the-right-health-care-courses-for-a-career/feed/ HTTP/1.1" 200 436 "-" "Mozilla/5.0 AppleWebKit/537.36 (KHTML, like Gecko; compatible; GPTBot/1.2; +https://openai.com/gptbot)"
20.171.207.125 - - [17/Apr/2025:03:09:15 -0400] "GET /elevating-comfort-the-essentials-of-hotel-room-furniture/feed/ HTTP/1.1" 200 433 "-" "Mozilla/5.0 AppleWebKit/537.36 (KHTML, like Gecko; compatible; GPTBot/1.2; +https://openai.com/gptbot)"
198.54.114.83 - - [17/Apr/2025:03:09:22 -0400] "POST /wp-cron.php?doing_wp_cron=1744873758.0678000450134277343750 HTTP/1.1" 200 0 "-" "WordPress/6.8; https://freelancingclients.com"
20.171.207.125 - - [17/Apr/2025:03:09:48 -0400] "GET /boosting-workplace-efficiency-with-employee-communication-apps/feed/ HTTP/1.1" 200 429 "-" "Mozilla/5.0 AppleWebKit/537.36 (KHTML, like Gecko; compatible; GPTBot/1.2; +https://openai.com/gptbot)"
20.171.207.125 - - [17/Apr/2025:03:10:22 -0400] "GET /enhancing-hotel-comfort-with-stylish-bedroom-furniture/feed/ HTTP/1.1" 200 419 "-" "Mozilla/5.0 AppleWebKit/537.36 (KHTML, like Gecko; compatible; GPTBot/1.2; +https://openai.com/gptbot)"
20.171.207.125 - - [17/Apr/2025:03:10:54 -0400] "GET /the-conservatory-sunroom-vs-the-conservatory-patio-room/feed/ HTTP/1.1" 200 413 "-" "Mozilla/5.0 AppleWebKit/537.36 (KHTML, like Gecko; compatible; GPTBot/1.2; +https://openai.com/gptbot)"
20.171.207.125 - - [17/Apr/2025:03:11:24 -0400] "GET /the-ultimate-convenience-for-modern-kitchens/ HTTP/1.1" 200 10296 "-" "Mozilla/5.0 AppleWebKit/537.36 (KHTML, like Gecko; compatible; GPTBot/1.2; +https://openai.com/gptbot)"
198.54.114.83 - - [17/Apr/2025:03:11:30 -0400] "POST /wp-cron.php?doing_wp_cron=1744873884.9920859336853027343750 HTTP/1.1" 200 0 "-" "WordPress/6.8; https://freelancingclients.com"
20.171.207.125 - - [17/Apr/2025:03:11:53 -0400] "GET /powerball-numbers-for-today-know-your-odds/ HTTP/1.1" 200 11514 "-" "Mozilla/5.0 AppleWebKit/537.36 (KHTML, like Gecko; compatible; GPTBot/1.2; +https://openai.com/gptbot)"
20.171.207.125 - - [17/Apr/2025:03:12:24 -0400] "GET /benefits-of-a-tiled-conservatory-roof/ HTTP/1.1" 200 10814 "-" "Mozilla/5.0 AppleWebKit/537.36 (KHTML, like Gecko; compatible; GPTBot/1.2; +https://openai.com/gptbot)"
198.54.114.83 - - [17/Apr/2025:03:12:31 -0400] "POST /wp-cron.php?doing_wp_cron=1744873945.3882770538330078125000 HTTP/1.1" 200 0 "-" "WordPress/6.8; https://freelancingclients.com"
20.171.207.125 - - [17/Apr/2025:03:12:54 -0400] "GET /instant-hot-and-cold-water-dispensers/ HTTP/1.1" 200 10172 "-" "Mozilla/5.0 AppleWebKit/537.36 (KHTML, like Gecko; compatible; GPTBot/1.2; +https://openai.com/gptbot)"
20.171.207.125 - - [17/Apr/2025:03:13:31 -0400] "GET /store-bamser-til-born-og-voksne/ HTTP/1.1" 200 10952 "-" "Mozilla/5.0 AppleWebKit/537.36 (KHTML, like Gecko; compatible; GPTBot/1.2; +https://openai.com/gptbot)"
198.54.114.83 - - [17/Apr/2025:03:13:36 -0400] "POST /wp-cron.php?doing_wp_cron=1744874012.0242779254913330078125 HTTP/1.1" 200 0 "-" "WordPress/6.8; https://freelancingclients.com"
20.171.207.125 - - [17/Apr/2025:03:14:00 -0400] "GET /best-employee-communication-app/feed/ HTTP/1.1" 200 392 "-" "Mozilla/5.0 AppleWebKit/537.36 (KHTML, like Gecko; compatible; GPTBot/1.2; +https://openai.com/gptbot)"
20.171.207.125 - - [17/Apr/2025:03:14:22 -0400] "GET /instant-hot-and-cold-water-dispensers/feed/ HTTP/1.1" 200 407 "-" "Mozilla/5.0 AppleWebKit/537.36 (KHTML, like Gecko; compatible; GPTBot/1.2; +https://openai.com/gptbot)"
20.171.207.125 - - [17/Apr/2025:03:14:49 -0400] "GET /wp-json/oembed/1.0/embed?format=xml&url=https%3A%2F%2Ffreelancingclients.com%2Finstant-hot-and-cold-water-dispensers%2F HTTP/1.1" 200 1203 "-" "Mozilla/5.0 AppleWebKit/537.36 (KHTML, like Gecko; compatible; GPTBot/1.2; +https://openai.com/gptbot)"
198.54.114.83 - - [17/Apr/2025:03:14:55 -0400] "POST /wp-cron.php?doing_wp_cron=1744874090.6982560157775878906250 HTTP/1.1" 200 0 "-" "WordPress/6.8; https://freelancingclients.com"
20.171.207.125 - - [17/Apr/2025:03:15:21 -0400] "GET /wp-json/oembed/1.0/embed?url=https%3A%2F%2Ffreelancingclients.com%2Finstant-hot-and-cold-water-dispensers%2F HTTP/1.1" 200 2515 "-" "Mozilla/5.0 AppleWebKit/537.36 (KHTML, like Gecko; compatible; GPTBot/1.2; +https://openai.com/gptbot)"
20.171.207.125 - - [17/Apr/2025:03:15:50 -0400] "GET /?p=3621 HTTP/1.1" 301 0 "-" "Mozilla/5.0 AppleWebKit/537.36 (KHTML, like Gecko; compatible; GPTBot/1.2; +https://openai.com/gptbot)"
198.54.114.83 - - [17/Apr/2025:03:15:55 -0400] "POST /wp-cron.php?doing_wp_cron=1744874150.8302180767059326171875 HTTP/1.1" 200 0 "-" "WordPress/6.8; https://freelancingclients.com"
20.171.207.125 - - [17/Apr/2025:03:16:19 -0400] "GET /wp-json/wp/v2/posts/3621 HTTP/1.1" 200 10594 "-" "Mozilla/5.0 AppleWebKit/537.36 (KHTML, like Gecko; compatible; GPTBot/1.2; +https://openai.com/gptbot)"
20.171.207.125 - - [17/Apr/2025:03:16:46 -0400] "GET /?p=3617 HTTP/1.1" 301 0 "-" "Mozilla/5.0 AppleWebKit/537.36 (KHTML, like Gecko; compatible; GPTBot/1.2; +https://openai.com/gptbot)"
198.54.114.83 - - [17/Apr/2025:03:17:08 -0400] "POST /wp-cron.php?doing_wp_cron=1744874227.8444828987121582031250 HTTP/1.1" 200 0 "-" "WordPress/6.8; https://freelancingclients.com"
20.171.207.125 - - [17/Apr/2025:03:17:07 -0400] "GET /?p=3621 HTTP/1.1" 301 0 "-" "Mozilla/5.0 AppleWebKit/537.36 (KHTML, like Gecko; compatible; GPTBot/1.2; +https://openai.com/gptbot)"
198.54.114.83 - - [17/Apr/2025:03:17:13 -0400] "POST /wp-admin/admin-ajax.php?action=async_litespeed&nonce=6aMpvelLAvUgoD37BgNc8V6cOYaLMLTr&litespeed_type=imgoptm HTTP/1.1" 200 0 "-" "WordPress/6.8; https://freelancingclients.com"
20.171.207.125 - - [17/Apr/2025:03:17:35 -0400] "GET /?p=101 HTTP/1.1" 301 0 "-" "Mozilla/5.0 AppleWebKit/537.36 (KHTML, like Gecko; compatible; GPTBot/1.2; +https://openai.com/gptbot)"
198.54.114.83 - - [17/Apr/2025:03:17:39 -0400] "POST /wp-cron.php?doing_wp_cron=1744874256.2118020057678222656250 HTTP/1.1" 200 0 "-" "WordPress/6.8; https://freelancingclients.com"
20.171.207.125 - - [17/Apr/2025:03:18:35 -0400] "GET /?p=80 HTTP/1.1" 301 0 "-" "Mozilla/5.0 AppleWebKit/537.36 (KHTML, like Gecko; compatible; GPTBot/1.2; +https://openai.com/gptbot)"
198.54.114.83 - - [17/Apr/2025:03:18:40 -0400] "POST /wp-cron.php?doing_wp_cron=1744874316.5898420810699462890625 HTTP/1.1" 200 0 "-" "WordPress/6.8; https://freelancingclients.com"
20.171.207.125 - - [17/Apr/2025:03:19:03 -0400] "GET /?p=93 HTTP/1.1" 301 0 "-" "Mozilla/5.0 AppleWebKit/537.36 (KHTML, like Gecko; compatible; GPTBot/1.2; +https://openai.com/gptbot)"
20.171.207.125 - - [17/Apr/2025:03:19:30 -0400] "GET /powerball-numbers-for-today-know-your-odds/feed/ HTTP/1.1" 200 424 "-" "Mozilla/5.0 AppleWebKit/537.36 (KHTML, like Gecko; compatible; GPTBot/1.2; +https://openai.com/gptbot)"
85.208.98.19 - - [17/Apr/2025:03:19:48 -0400] "GET /pg-slot-gaming-center/ HTTP/1.1" 200 0 "-" "Mozilla/5.0 (compatible; SemrushBot-BA; +http://www.semrush.com/bot.html)"
198.54.114.83 - - [17/Apr/2025:03:19:53 -0400] "POST /wp-cron.php?doing_wp_cron=1744874388.6895370483398437500000 HTTP/1.1" 200 0 "-" "WordPress/6.8; https://freelancingclients.com"
20.171.207.125 - - [17/Apr/2025:03:19:58 -0400] "GET /the-ultimate-convenience-for-modern-kitchens/feed/ HTTP/1.1" 200 413 "-" "Mozilla/5.0 AppleWebKit/537.36 (KHTML, like Gecko; compatible; GPTBot/1.2; +https://openai.com/gptbot)"
20.171.207.125 - - [17/Apr/2025:03:20:24 -0400] "GET /instant-hot-and-cold-water-dispensers/embed/ HTTP/1.1" 200 6254 "-" "Mozilla/5.0 AppleWebKit/537.36 (KHTML, like Gecko; compatible; GPTBot/1.2; +https://openai.com/gptbot)"
20.171.207.125 - - [17/Apr/2025:03:20:54 -0400] "GET /benefits-of-a-tiled-conservatory-roof/feed/ HTTP/1.1" 200 404 "-" "Mozilla/5.0 AppleWebKit/537.36 (KHTML, like Gecko; compatible; GPTBot/1.2; +https://openai.com/gptbot)"
20.171.207.125 - - [17/Apr/2025:03:21:18 -0400] "GET /xmlrpc.php HTTP/1.1" 405 46 "-" "Mozilla/5.0 AppleWebKit/537.36 (KHTML, like Gecko; compatible; GPTBot/1.2; +https://openai.com/gptbot)"
20.171.207.125 - - [17/Apr/2025:03:21:43 -0400] "GET /store-bamser-til-born-og-voksne/feed/ HTTP/1.1" 200 407 "-" "Mozilla/5.0 AppleWebKit/537.36 (KHTML, like Gecko; compatible; GPTBot/1.2; +https://openai.com/gptbot)"
20.171.207.125 - - [17/Apr/2025:03:22:52 -0400] "GET /the-versatile-tote-bag/ HTTP/1.1" 200 10774 "-" "Mozilla/5.0 AppleWebKit/537.36 (KHTML, like Gecko; compatible; GPTBot/1.2; +https://openai.com/gptbot)"
198.54.114.83 - - [17/Apr/2025:03:22:57 -0400] "POST /wp-cron.php?doing_wp_cron=1744874573.4345240592956542968750 HTTP/1.1" 200 0 "-" "WordPress/6.8; https://freelancingclients.com"
20.171.207.125 - - [17/Apr/2025:03:23:24 -0400] "GET /the-evolution-of-door-manufacturers/ HTTP/1.1" 200 10303 "-" "Mozilla/5.0 AppleWebKit/537.36 (KHTML, like Gecko; compatible; GPTBot/1.2; +https://openai.com/gptbot)"
20.171.207.125 - - [17/Apr/2025:03:23:51 -0400] "GET /business-trip-massage/ HTTP/1.1" 200 9767 "-" "Mozilla/5.0 AppleWebKit/537.36 (KHTML, like Gecko; compatible; GPTBot/1.2; +https://openai.com/gptbot)"
20.171.207.125 - - [17/Apr/2025:03:24:19 -0400] "GET /cosplay-totally-spies/ HTTP/1.1" 200 10277 "-" "Mozilla/5.0 AppleWebKit/537.36 (KHTML, like Gecko; compatible; GPTBot/1.2; +https://openai.com/gptbot)"
198.54.114.83 - - [17/Apr/2025:03:24:25 -0400] "POST /wp-cron.php?doing_wp_cron=1744874659.9797298908233642578125 HTTP/1.1" 200 0 "-" "WordPress/6.8; https://freelancingclients.com"
20.171.207.125 - - [17/Apr/2025:03:24:48 -0400] "GET /shop-opening-times/ HTTP/1.1" 200 9705 "-" "Mozilla/5.0 AppleWebKit/537.36 (KHTML, like Gecko; compatible; GPTBot/1.2; +https://openai.com/gptbot)"
20.171.207.125 - - [17/Apr/2025:03:25:18 -0400] "GET /wp-content/uploads/2023/04/6-850x567.jpg HTTP/1.1" 200 65276 "-" "Mozilla/5.0 AppleWebKit/537.36 (KHTML, like Gecko; compatible; GPTBot/1.2; +https://openai.com/gptbot)"
20.171.207.125 - - [17/Apr/2025:03:25:46 -0400] "GET /wp-content/uploads/2023/04/6.jpg HTTP/1.1" 200 111046 "-" "Mozilla/5.0 AppleWebKit/537.36 (KHTML, like Gecko; compatible; GPTBot/1.2; +https://openai.com/gptbot)"
20.171.207.125 - - [17/Apr/2025:03:26:13 -0400] "GET /wp-json/wp/v2/posts/3632 HTTP/1.1" 200 11728 "-" "Mozilla/5.0 AppleWebKit/537.36 (KHTML, like Gecko; compatible; GPTBot/1.2; +https://openai.com/gptbot)"
20.171.207.125 - - [17/Apr/2025:03:26:38 -0400] "GET /wp-json/wp/v2/posts/3637 HTTP/1.1" 200 10999 "-" "Mozilla/5.0 AppleWebKit/537.36 (KHTML, like Gecko; compatible; GPTBot/1.2; +https://openai.com/gptbot)"
20.171.207.125 - - [17/Apr/2025:03:27:09 -0400] "GET /?p=3623 HTTP/1.1" 301 0 "-" "Mozilla/5.0 AppleWebKit/537.36 (KHTML, like Gecko; compatible; GPTBot/1.2; +https://openai.com/gptbot)"
20.171.207.125 - - [17/Apr/2025:03:27:32 -0400] "GET /favicon.ico HTTP/1.1" 404 1251 "-" "Mozilla/5.0 AppleWebKit/537.36 (KHTML, like Gecko; compatible; GPTBot/1.2; +https://openai.com/gptbot)"
20.171.207.125 - - [17/Apr/2025:03:27:59 -0400] "GET /?p=3628 HTTP/1.1" 301 0 "-" "Mozilla/5.0 AppleWebKit/537.36 (KHTML, like Gecko; compatible; GPTBot/1.2; +https://openai.com/gptbot)"
198.54.114.83 - - [17/Apr/2025:03:28:01 -0400] "POST /wp-cron.php?doing_wp_cron=1744874879.3017559051513671875000 HTTP/1.1" 200 0 "-" "WordPress/6.8; https://freelancingclients.com"
20.171.207.125 - - [17/Apr/2025:03:28:25 -0400] "GET /?p=97 HTTP/1.1" 301 0 "-" "Mozilla/5.0 AppleWebKit/537.36 (KHTML, like Gecko; compatible; GPTBot/1.2; +https://openai.com/gptbot)"
20.171.207.125 - - [17/Apr/2025:03:28:49 -0400] "GET /?p=83 HTTP/1.1" 301 0 "-" "Mozilla/5.0 AppleWebKit/537.36 (KHTML, like Gecko; compatible; GPTBot/1.2; +https://openai.com/gptbot)"
20.171.207.125 - - [17/Apr/2025:03:29:15 -0400] "GET /?p=78 HTTP/1.1" 301 0 "-" "Mozilla/5.0 AppleWebKit/537.36 (KHTML, like Gecko; compatible; GPTBot/1.2; +https://openai.com/gptbot)"
198.54.114.83 - - [17/Apr/2025:03:29:19 -0400] "POST /wp-cron.php?doing_wp_cron=1744874955.6960310935974121093750 HTTP/1.1" 200 0 "-" "WordPress/6.8; https://freelancingclients.com"
2a02:598:64:8a00::3100:4 - - [17/Apr/2025:03:29:20 -0400] "GET /how-to-win-at-tennis-prediction/ HTTP/1.1" 200 10664 "-" "Mozilla/5.0 (compatible; SeznamBot/4.0; +https://o-seznam.cz/napoveda/vyhledavani/en/seznambot-crawler/)"
20.171.207.125 - - [17/Apr/2025:03:29:46 -0400] "GET /the-evolution-of-door-manufacturers/feed/ HTTP/1.1" 200 400 "-" "Mozilla/5.0 AppleWebKit/537.36 (KHTML, like Gecko; compatible; GPTBot/1.2; +https://openai.com/gptbot)"
87.250.224.130 - - [17/Apr/2025:03:30:10 -0400] "GET /robots.txt HTTP/1.1" 200 112 "-" "Mozilla/5.0 (compatible; YandexBot/3.0; +http://yandex.com/bots)"
77.88.47.20 - - [17/Apr/2025:03:30:16 -0400] "GET /best-employee-communication-app/ HTTP/1.1" 200 10279 "-" "Mozilla/5.0 (compatible; YandexBot/3.0; +http://yandex.com/bots)"
20.171.207.125 - - [17/Apr/2025:03:30:16 -0400] "GET /xmlrpc.php HTTP/1.1" 405 46 "-" "Mozilla/5.0 AppleWebKit/537.36 (KHTML, like Gecko; compatible; GPTBot/1.2; +https://openai.com/gptbot)"
20.171.207.125 - - [17/Apr/2025:03:31:37 -0400] "GET /the-versatile-tote-bag/feed/ HTTP/1.1" 200 387 "-" "Mozilla/5.0 AppleWebKit/537.36 (KHTML, like Gecko; compatible; GPTBot/1.2; +https://openai.com/gptbot)"
20.171.207.125 - - [17/Apr/2025:03:32:08 -0400] "GET /cosplay-totally-spies/feed/ HTTP/1.1" 200 384 "-" "Mozilla/5.0 AppleWebKit/537.36 (KHTML, like Gecko; compatible; GPTBot/1.2; +https://openai.com/gptbot)"
20.171.207.125 - - [17/Apr/2025:03:32:34 -0400] "GET /business-trip-massage/feed/ HTTP/1.1" 200 378 "-" "Mozilla/5.0 AppleWebKit/537.36 (KHTML, like Gecko; compatible; GPTBot/1.2; +https://openai.com/gptbot)"
20.171.207.125 - - [17/Apr/2025:03:33:02 -0400] "GET /shop-opening-times/feed/ HTTP/1.1" 200 378 "-" "Mozilla/5.0 AppleWebKit/537.36 (KHTML, like Gecko; compatible; GPTBot/1.2; +https://openai.com/gptbot)"
198.54.114.83 - - [17/Apr/2025:03:33:07 -0400] "POST /wp-cron.php?doing_wp_cron=1744875183.4887430667877197265625 HTTP/1.1" 200 0 "-" "WordPress/6.8; https://freelancingclients.com"
20.171.207.125 - - [17/Apr/2025:03:33:30 -0400] "GET /wp-json/wp/v2/posts/3630 HTTP/1.1" 200 11254 "-" "Mozilla/5.0 AppleWebKit/537.36 (KHTML, like Gecko; compatible; GPTBot/1.2; +https://openai.com/gptbot)"
20.171.207.125 - - [17/Apr/2025:03:33:59 -0400] "GET /wp-json/wp/v2/posts/3623 HTTP/1.1" 200 10990 "-" "Mozilla/5.0 AppleWebKit/537.36 (KHTML, like Gecko; compatible; GPTBot/1.2; +https://openai.com/gptbot)"
20.171.207.125 - - [17/Apr/2025:03:34:26 -0400] "GET /wp-json/wp/v2/posts/3628 HTTP/1.1" 200 9418 "-" "Mozilla/5.0 AppleWebKit/537.36 (KHTML, like Gecko; compatible; GPTBot/1.2; +https://openai.com/gptbot)"
198.54.114.83 - - [17/Apr/2025:03:34:31 -0400] "POST /wp-cron.php?doing_wp_cron=1744875267.2033119201660156250000 HTTP/1.1" 200 0 "-" "WordPress/6.8; https://freelancingclients.com"
20.171.207.125 - - [17/Apr/2025:03:34:56 -0400] "GET /wp-json/wp/v2/posts/3635 HTTP/1.1" 200 11259 "-" "Mozilla/5.0 AppleWebKit/537.36 (KHTML, like Gecko; compatible; GPTBot/1.2; +https://openai.com/gptbot)"
20.171.207.125 - - [17/Apr/2025:03:35:23 -0400] "GET /wp-json/wp/v2/posts/3625 HTTP/1.1" 200 12496 "-" "Mozilla/5.0 AppleWebKit/537.36 (KHTML, like Gecko; compatible; GPTBot/1.2; +https://openai.com/gptbot)"
20.171.207.125 - - [17/Apr/2025:03:35:53 -0400] "GET /wp-json/wp/v2/posts/3617 HTTP/1.1" 200 11105 "-" "Mozilla/5.0 AppleWebKit/537.36 (KHTML, like Gecko; compatible; GPTBot/1.2; +https://openai.com/gptbot)"
198.54.114.83 - - [17/Apr/2025:03:35:56 -0400] "POST /wp-cron.php?doing_wp_cron=1744875353.8458900451660156250000 HTTP/1.1" 200 0 "-" "WordPress/6.8; https://freelancingclients.com"
20.171.207.125 - - [17/Apr/2025:03:36:19 -0400] "GET /wp-json/wp/v2/posts/3619 HTTP/1.1" 200 12064 "-" "Mozilla/5.0 AppleWebKit/537.36 (KHTML, like Gecko; compatible; GPTBot/1.2; +https://openai.com/gptbot)"
20.171.207.125 - - [17/Apr/2025:03:36:47 -0400] "GET /page/8/ HTTP/1.1" 200 10037 "-" "Mozilla/5.0 AppleWebKit/537.36 (KHTML, like Gecko; compatible; GPTBot/1.2; +https://openai.com/gptbot)"
87.250.224.82 - - [17/Apr/2025:03:36:59 -0400] "GET /robots.txt HTTP/1.1" 200 112 "-" "Mozilla/5.0 (compatible; YandexBot/3.0; +http://yandex.com/bots)"
198.54.114.83 - - [17/Apr/2025:03:37:01 -0400] "POST /wp-cron.php?doing_wp_cron=1744875419.5004739761352539062500 HTTP/1.1" 200 0 "-" "WordPress/6.8; https://freelancingclients.com"
77.88.47.16 - - [17/Apr/2025:03:37:03 -0400] "GET / HTTP/1.1" 200 10016 "-" "Mozilla/5.0 (compatible; YandexBot/3.0; +http://yandex.com/bots)"
20.171.207.125 - - [17/Apr/2025:03:37:15 -0400] "GET /page/154/ HTTP/1.1" 200 10048 "-" "Mozilla/5.0 AppleWebKit/537.36 (KHTML, like Gecko; compatible; GPTBot/1.2; +https://openai.com/gptbot)"
20.171.207.125 - - [17/Apr/2025:03:37:44 -0400] "GET /wp-json/wp/v2/posts/93 HTTP/1.1" 200 15589 "-" "Mozilla/5.0 AppleWebKit/537.36 (KHTML, like Gecko; compatible; GPTBot/1.2; +https://openai.com/gptbot)"
20.171.207.125 - - [17/Apr/2025:03:38:13 -0400] "GET /wp-json/wp/v2/posts/91 HTTP/1.1" 200 13586 "-" "Mozilla/5.0 AppleWebKit/537.36 (KHTML, like Gecko; compatible; GPTBot/1.2; +https://openai.com/gptbot)"
20.171.207.125 - - [17/Apr/2025:03:38:59 -0400] "GET /wp-json/wp/v2/posts/80 HTTP/1.1" 200 12996 "-" "Mozilla/5.0 AppleWebKit/537.36 (KHTML, like Gecko; compatible; GPTBot/1.2; +https://openai.com/gptbot)"
20.171.207.125 - - [17/Apr/2025:03:39:36 -0400] "GET /wp-json/wp/v2/posts/78 HTTP/1.1" 200 12295 "-" "Mozilla/5.0 AppleWebKit/537.36 (KHTML, like Gecko; compatible; GPTBot/1.2; +https://openai.com/gptbot)"
20.171.207.125 - - [17/Apr/2025:03:40:21 -0400] "GET /michael-kors-handbags-affordable-handbags-from-a-modern-day-designer/ HTTP/1.1" 200 10671 "-" "Mozilla/5.0 AppleWebKit/537.36 (KHTML, like Gecko; compatible; GPTBot/1.2; +https://openai.com/gptbot)"
20.171.207.125 - - [17/Apr/2025:03:40:50 -0400] "GET /the-essential-role-of-shipping-agents-in-global-trade/ HTTP/1.1" 200 10199 "-" "Mozilla/5.0 AppleWebKit/537.36 (KHTML, like Gecko; compatible; GPTBot/1.2; +https://openai.com/gptbot)"
198.54.114.83 - - [17/Apr/2025:03:40:54 -0400] "POST /wp-cron.php?doing_wp_cron=1744875650.8531620502471923828125 HTTP/1.1" 200 0 "-" "WordPress/6.8; https://freelancingclients.com"
20.171.207.125 - - [17/Apr/2025:03:41:18 -0400] "GET /medical-office-furniture-helps-create-a-warm-atmosphere/ HTTP/1.1" 200 11007 "-" "Mozilla/5.0 AppleWebKit/537.36 (KHTML, like Gecko; compatible; GPTBot/1.2; +https://openai.com/gptbot)"
20.171.207.125 - - [17/Apr/2025:03:41:45 -0400] "GET /artificial-intelligent-trash-can-recycling-computational-strategy/ HTTP/1.1" 200 11137 "-" "Mozilla/5.0 AppleWebKit/537.36 (KHTML, like Gecko; compatible; GPTBot/1.2; +https://openai.com/gptbot)"
198.54.114.83 - - [17/Apr/2025:03:42:14 -0400] "POST /wp-cron.php?doing_wp_cron=1744875732.4503610134124755859375 HTTP/1.1" 200 0 "-" "WordPress/6.8; https://freelancingclients.com"
20.171.207.125 - - [17/Apr/2025:03:42:11 -0400] "GET /hvac-explained-a-complete-air-conditioning-guide/ HTTP/1.1" 200 11521 "-" "Mozilla/5.0 AppleWebKit/537.36 (KHTML, like Gecko; compatible; GPTBot/1.2; +https://openai.com/gptbot)"
20.171.207.125 - - [17/Apr/2025:03:42:38 -0400] "GET /unlocking-the-power-of-hypnotherapy-in-singapore/ HTTP/1.1" 200 10247 "-" "Mozilla/5.0 AppleWebKit/537.36 (KHTML, like Gecko; compatible; GPTBot/1.2; +https://openai.com/gptbot)"
20.171.207.125 - - [17/Apr/2025:03:43:04 -0400] "GET /capture-your-pets-essence-with-custom-portraits/ HTTP/1.1" 200 10706 "-" "Mozilla/5.0 AppleWebKit/537.36 (KHTML, like Gecko; compatible; GPTBot/1.2; +https://openai.com/gptbot)"
198.54.114.83 - - [17/Apr/2025:03:43:39 -0400] "POST /wp-cron.php?doing_wp_cron=1744875818.6072609424591064453125 HTTP/1.1" 200 0 "-" "WordPress/6.8; https://freelancingclients.com"
20.171.207.125 - - [17/Apr/2025:03:43:37 -0400] "GET /10-hair-and-beauty-salon-equipment-essentials/ HTTP/1.1" 200 10489 "-" "Mozilla/5.0 AppleWebKit/537.36 (KHTML, like Gecko; compatible; GPTBot/1.2; +https://openai.com/gptbot)"
198.54.114.83 - - [17/Apr/2025:03:43:42 -0400] "POST /wp-admin/admin-ajax.php?action=async_litespeed&nonce=LasiWaRoyTt6EeiooRlHfekIKxguHLIW&litespeed_type=imgoptm HTTP/1.1" 200 0 "-" "WordPress/6.8; https://freelancingclients.com"
198.54.114.83 - - [17/Apr/2025:03:44:06 -0400] "POST /wp-cron.php?doing_wp_cron=1744875845.1092150211334228515625 HTTP/1.1" 200 0 "-" "WordPress/6.8; https://freelancingclients.com"
20.171.207.125 - - [17/Apr/2025:03:44:04 -0400] "GET /navigating-the-world-of-international-shipping/ HTTP/1.1" 200 10094 "-" "Mozilla/5.0 AppleWebKit/537.36 (KHTML, like Gecko; compatible; GPTBot/1.2; +https://openai.com/gptbot)"
20.171.207.125 - - [17/Apr/2025:03:44:33 -0400] "GET /?p=3603 HTTP/1.1" 301 0 "-" "Mozilla/5.0 AppleWebKit/537.36 (KHTML, like Gecko; compatible; GPTBot/1.2; +https://openai.com/gptbot)"
20.171.207.125 - - [17/Apr/2025:03:44:57 -0400] "GET /?p=3606 HTTP/1.1" 301 0 "-" "Mozilla/5.0 AppleWebKit/537.36 (KHTML, like Gecko; compatible; GPTBot/1.2; +https://openai.com/gptbot)"
20.171.207.125 - - [17/Apr/2025:03:45:23 -0400] "GET /?p=3599 HTTP/1.1" 301 0 "-" "Mozilla/5.0 AppleWebKit/537.36 (KHTML, like Gecko; compatible; GPTBot/1.2; +https://openai.com/gptbot)"
198.54.114.83 - - [17/Apr/2025:03:45:25 -0400] "POST /wp-cron.php?doing_wp_cron=1744875923.3823549747467041015625 HTTP/1.1" 200 0 "-" "WordPress/6.8; https://freelancingclients.com"
20.171.207.125 - - [17/Apr/2025:03:45:47 -0400] "GET /?p=121 HTTP/1.1" 301 0 "-" "Mozilla/5.0 AppleWebKit/537.36 (KHTML, like Gecko; compatible; GPTBot/1.2; +https://openai.com/gptbot)"
20.171.207.125 - - [17/Apr/2025:03:46:10 -0400] "GET /?p=114 HTTP/1.1" 301 0 "-" "Mozilla/5.0 AppleWebKit/537.36 (KHTML, like Gecko; compatible; GPTBot/1.2; +https://openai.com/gptbot)"
198.54.114.83 - - [17/Apr/2025:03:46:38 -0400] "POST /wp-cron.php?doing_wp_cron=1744875997.4401419162750244140625 HTTP/1.1" 200 0 "-" "WordPress/6.8; https://freelancingclients.com"
20.171.207.125 - - [17/Apr/2025:03:46:37 -0400] "GET /?p=116 HTTP/1.1" 301 0 "-" "Mozilla/5.0 AppleWebKit/537.36 (KHTML, like Gecko; compatible; GPTBot/1.2; +https://openai.com/gptbot)"
198.54.114.83 - - [17/Apr/2025:03:46:39 -0400] "POST /wp-admin/admin-ajax.php?action=async_litespeed&nonce=TN1Q6KJyakLc6UO2B2750lMwWwLDF5Yz&litespeed_type=imgoptm HTTP/1.1" 200 0 "-" "WordPress/6.8; https://freelancingclients.com"
20.171.207.125 - - [17/Apr/2025:03:47:02 -0400] "GET /?p=110 HTTP/1.1" 301 0 "-" "Mozilla/5.0 AppleWebKit/537.36 (KHTML, like Gecko; compatible; GPTBot/1.2; +https://openai.com/gptbot)"
20.171.207.125 - - [17/Apr/2025:03:47:29 -0400] "GET /artificial-intelligent-trash-can-recycling-computational-strategy/feed/ HTTP/1.1" 200 431 "-" "Mozilla/5.0 AppleWebKit/537.36 (KHTML, like Gecko; compatible; GPTBot/1.2; +https://openai.com/gptbot)"
198.54.114.83 - - [17/Apr/2025:03:48:41 -0400] "POST /wp-cron.php?doing_wp_cron=1744876121.0060179233551025390625 HTTP/1.1" 200 0 "-" "WordPress/6.8; https://freelancingclients.com"
20.171.207.125 - - [17/Apr/2025:03:48:40 -0400] "GET /?p=126 HTTP/1.1" 301 0 "-" "Mozilla/5.0 AppleWebKit/537.36 (KHTML, like Gecko; compatible; GPTBot/1.2; +https://openai.com/gptbot)"
198.54.114.83 - - [17/Apr/2025:03:48:44 -0400] "POST /wp-admin/admin-ajax.php?action=async_litespeed&nonce=1bMf5paA7jqPxejqDaselP1uZvaz6znz&litespeed_type=imgoptm HTTP/1.1" 200 0 "-" "WordPress/6.8; https://freelancingclients.com"
20.171.207.125 - - [17/Apr/2025:03:49:07 -0400] "GET /?p=3605 HTTP/1.1" 301 0 "-" "Mozilla/5.0 AppleWebKit/537.36 (KHTML, like Gecko; compatible; GPTBot/1.2; +https://openai.com/gptbot)"
136.243.220.210 - - [17/Apr/2025:03:49:16 -0400] "GET /exploring-the-klimt-cairnhill-showflat/ HTTP/1.1" 200 10291 "-" "Mozilla/5.0 (compatible; DataForSeoBot/1.0; +https://dataforseo.com/dataforseo-bot)"
198.54.114.83 - - [17/Apr/2025:03:49:19 -0400] "POST /wp-cron.php?doing_wp_cron=1744876156.9308118820190429687500 HTTP/1.1" 200 0 "-" "WordPress/6.8; https://freelancingclients.com"
20.171.207.125 - - [17/Apr/2025:03:49:36 -0400] "GET /michael-kors-handbags-affordable-handbags-from-a-modern-day-designer/feed/ HTTP/1.1" 200 438 "-" "Mozilla/5.0 AppleWebKit/537.36 (KHTML, like Gecko; compatible; GPTBot/1.2; +https://openai.com/gptbot)"
2a03:2880:f800:9:: - - [17/Apr/2025:03:49:43 -0400] "GET /solid-conservatory-roof/ HTTP/1.1" 200 9681 "-" "meta-externalagent/1.1 (+https://developers.facebook.com/docs/sharing/webmasters/crawler)"
20.171.207.125 - - [17/Apr/2025:03:50:01 -0400] "GET /medical-office-furniture-helps-create-a-warm-atmosphere/feed/ HTTP/1.1" 200 426 "-" "Mozilla/5.0 AppleWebKit/537.36 (KHTML, like Gecko; compatible; GPTBot/1.2; +https://openai.com/gptbot)"
198.54.114.83 - - [17/Apr/2025:03:50:30 -0400] "POST /wp-cron.php?doing_wp_cron=1744876229.6215360164642333984375 HTTP/1.1" 200 0 "-" "WordPress/6.8; https://freelancingclients.com"
20.171.207.125 - - [17/Apr/2025:03:50:29 -0400] "GET /the-essential-role-of-shipping-agents-in-global-trade/feed/ HTTP/1.1" 200 427 "-" "Mozilla/5.0 AppleWebKit/537.36 (KHTML, like Gecko; compatible; GPTBot/1.2; +https://openai.com/gptbot)"
198.54.114.83 - - [17/Apr/2025:03:50:32 -0400] "POST /wp-admin/admin-ajax.php?action=async_litespeed&nonce=zZ3EUoVdM4MUmz3j3ylJfSiWNr1fqWjA&litespeed_type=imgoptm HTTP/1.1" 200 0 "-" "WordPress/6.8; https://freelancingclients.com"
198.54.114.83 - - [17/Apr/2025:03:50:57 -0400] "POST /wp-cron.php?doing_wp_cron=1744876257.0206699371337890625000 HTTP/1.1" 200 0 "-" "WordPress/6.8; https://freelancingclients.com"
20.171.207.125 - - [17/Apr/2025:03:50:56 -0400] "GET /capture-your-pets-essence-with-custom-portraits/feed/ HTTP/1.1" 200 428 "-" "Mozilla/5.0 AppleWebKit/537.36 (KHTML, like Gecko; compatible; GPTBot/1.2; +https://openai.com/gptbot)"
198.54.114.83 - - [17/Apr/2025:03:50:59 -0400] "POST /wp-admin/admin-ajax.php?action=async_litespeed&nonce=mt1V8PKWPQ8hZOaGUgxncjHFQ7KLrn66&litespeed_type=imgoptm HTTP/1.1" 200 0 "-" "WordPress/6.8; https://freelancingclients.com"
20.171.207.125 - - [17/Apr/2025:03:51:25 -0400] "GET /unlocking-the-power-of-hypnotherapy-in-singapore/feed/ HTTP/1.1" 200 421 "-" "Mozilla/5.0 AppleWebKit/537.36 (KHTML, like Gecko; compatible; GPTBot/1.2; +https://openai.com/gptbot)"
198.54.114.83 - - [17/Apr/2025:03:51:29 -0400] "POST /wp-cron.php?doing_wp_cron=1744876286.1657180786132812500000 HTTP/1.1" 200 0 "-" "WordPress/6.8; https://freelancingclients.com"
20.171.207.125 - - [17/Apr/2025:03:51:57 -0400] "GET /hvac-explained-a-complete-air-conditioning-guide/feed/ HTTP/1.1" 200 423 "-" "Mozilla/5.0 AppleWebKit/537.36 (KHTML, like Gecko; compatible; GPTBot/1.2; +https://openai.com/gptbot)"
20.171.207.125 - - [17/Apr/2025:03:52:21 -0400] "GET /10-hair-and-beauty-salon-equipment-essentials/feed/ HTTP/1.1" 200 418 "-" "Mozilla/5.0 AppleWebKit/537.36 (KHTML, like Gecko; compatible; GPTBot/1.2; +https://openai.com/gptbot)"
4.227.36.89 - - [17/Apr/2025:03:52:29 -0400] "GET /robots.txt HTTP/1.1" 200 112 "-" "Mozilla/5.0 AppleWebKit/537.36 (KHTML, like Gecko; compatible; GPTBot/1.2; +https://openai.com/gptbot)"
198.54.114.83 - - [17/Apr/2025:03:52:55 -0400] "POST /wp-cron.php?doing_wp_cron=1744876375.0582029819488525390625 HTTP/1.1" 200 0 "-" "WordPress/6.8; https://freelancingclients.com"
20.171.207.125 - - [17/Apr/2025:03:52:54 -0400] "GET /straighten-up-fixing-forward-head-posture/ HTTP/1.1" 200 10466 "-" "Mozilla/5.0 AppleWebKit/537.36 (KHTML, like Gecko; compatible; GPTBot/1.2; +https://openai.com/gptbot)"
198.54.114.83 - - [17/Apr/2025:03:52:57 -0400] "POST /wp-admin/admin-ajax.php?action=async_litespeed&nonce=3RJuO4glU32wp9w6fSSmo0RXSTj0VvGs&litespeed_type=imgoptm HTTP/1.1" 200 0 "-" "WordPress/6.8; https://freelancingclients.com"
20.171.207.125 - - [17/Apr/2025:03:53:20 -0400] "GET /xmlrpc.php HTTP/1.1" 405 46 "-" "Mozilla/5.0 AppleWebKit/537.36 (KHTML, like Gecko; compatible; GPTBot/1.2; +https://openai.com/gptbot)"
20.171.207.125 - - [17/Apr/2025:03:53:45 -0400] "GET /navigating-the-world-of-international-shipping/feed/ HTTP/1.1" 200 402 "-" "Mozilla/5.0 AppleWebKit/537.36 (KHTML, like Gecko; compatible; GPTBot/1.2; +https://openai.com/gptbot)"
20.171.207.125 - - [17/Apr/2025:03:54:13 -0400] "GET /manicure-and-pedicure-equipment/ HTTP/1.1" 200 10384 "-" "Mozilla/5.0 AppleWebKit/537.36 (KHTML, like Gecko; compatible; GPTBot/1.2; +https://openai.com/gptbot)"
198.54.114.83 - - [17/Apr/2025:03:54:46 -0400] "POST /wp-cron.php?doing_wp_cron=1744876486.5127489566802978515625 HTTP/1.1" 200 0 "-" "WordPress/6.8; https://freelancingclients.com"
20.171.207.125 - - [17/Apr/2025:03:54:46 -0400] "GET /capturing-pet-personalities-custom-pet-portraits/ HTTP/1.1" 200 10157 "-" "Mozilla/5.0 AppleWebKit/537.36 (KHTML, like Gecko; compatible; GPTBot/1.2; +https://openai.com/gptbot)"
198.54.114.83 - - [17/Apr/2025:03:54:47 -0400] "POST /wp-admin/admin-ajax.php?action=async_litespeed&nonce=WI4ZS2DuczEOU41u1P9WDMaqKufvR0JF&litespeed_type=imgoptm HTTP/1.1" 200 5 "-" "WordPress/6.8; https://freelancingclients.com"
20.171.207.125 - - [17/Apr/2025:03:55:15 -0400] "GET /the-transformative-benefits-of-energy-healing/ HTTP/1.1" 200 10324 "-" "Mozilla/5.0 AppleWebKit/537.36 (KHTML, like Gecko; compatible; GPTBot/1.2; +https://openai.com/gptbot)"
198.54.114.83 - - [17/Apr/2025:03:55:17 -0400] "POST /wp-cron.php?doing_wp_cron=1744876516.0560770034790039062500 HTTP/1.1" 200 0 "-" "WordPress/6.8; https://freelancingclients.com"
20.171.207.125 - - [17/Apr/2025:03:55:42 -0400] "GET /secrets-to-successful-online-gambling/ HTTP/1.1" 200 10737 "-" "Mozilla/5.0 AppleWebKit/537.36 (KHTML, like Gecko; compatible; GPTBot/1.2; +https://openai.com/gptbot)"
20.171.207.125 - - [17/Apr/2025:03:56:09 -0400] "GET /a-regal-tribute-to-your-beloved-companion/ HTTP/1.1" 200 10299 "-" "Mozilla/5.0 AppleWebKit/537.36 (KHTML, like Gecko; compatible; GPTBot/1.2; +https://openai.com/gptbot)"
66.249.66.9 - - [17/Apr/2025:03:56:25 -0400] "GET /wp-content/uploads/2023/03/1.jpg HTTP/1.1" 200 6665 "-" "Googlebot-Image/1.0"
198.54.114.83 - - [17/Apr/2025:03:57:13 -0400] "POST /wp-cron.php?doing_wp_cron=1744876632.6984069347381591796875 HTTP/1.1" 200 0 "-" "WordPress/6.8; https://freelancingclients.com"
20.171.207.125 - - [17/Apr/2025:03:57:11 -0400] "GET /?p=3597 HTTP/1.1" 301 0 "-" "Mozilla/5.0 AppleWebKit/537.36 (KHTML, like Gecko; compatible; GPTBot/1.2; +https://openai.com/gptbot)"
198.54.114.83 - - [17/Apr/2025:03:57:15 -0400] "POST /wp-admin/admin-ajax.php?action=async_litespeed&nonce=8wAFx3ZqkL6N25ae86g9bVfL7eBSl7uS&litespeed_type=imgoptm HTTP/1.1" 200 0 "-" "WordPress/6.8; https://freelancingclients.com"
20.171.207.125 - - [17/Apr/2025:03:57:39 -0400] "GET /?p=3611 HTTP/1.1" 301 0 "-" "Mozilla/5.0 AppleWebKit/537.36 (KHTML, like Gecko; compatible; GPTBot/1.2; +https://openai.com/gptbot)"
20.171.207.125 - - [17/Apr/2025:03:58:08 -0400] "GET /?p=3601 HTTP/1.1" 301 0 "-" "Mozilla/5.0 AppleWebKit/537.36 (KHTML, like Gecko; compatible; GPTBot/1.2; +https://openai.com/gptbot)"
198.54.114.83 - - [17/Apr/2025:03:58:10 -0400] "POST /wp-cron.php?doing_wp_cron=1744876688.4991190433502197265625 HTTP/1.1" 200 0 "-" "WordPress/6.8; https://freelancingclients.com"
20.171.207.125 - - [17/Apr/2025:03:58:37 -0400] "GET /?p=124 HTTP/1.1" 301 0 "-" "Mozilla/5.0 AppleWebKit/537.36 (KHTML, like Gecko; compatible; GPTBot/1.2; +https://openai.com/gptbot)"
20.171.207.125 - - [17/Apr/2025:03:59:00 -0400] "GET /?p=106 HTTP/1.1" 301 0 "-" "Mozilla/5.0 AppleWebKit/537.36 (KHTML, like Gecko; compatible; GPTBot/1.2; +https://openai.com/gptbot)"
20.171.207.125 - - [17/Apr/2025:03:59:29 -0400] "GET /the-transformative-benefits-of-energy-healing/feed/ HTTP/1.1" 200 413 "-" "Mozilla/5.0 AppleWebKit/537.36 (KHTML, like Gecko; compatible; GPTBot/1.2; +https://openai.com/gptbot)"
198.54.114.83 - - [17/Apr/2025:03:59:31 -0400] "POST /wp-cron.php?doing_wp_cron=1744876770.2359321117401123046875 HTTP/1.1" 200 0 "-" "WordPress/6.8; https://freelancingclients.com"
20.171.207.125 - - [17/Apr/2025:03:59:55 -0400] "GET /straighten-up-fixing-forward-head-posture/feed/ HTTP/1.1" 200 409 "-" "Mozilla/5.0 AppleWebKit/537.36 (KHTML, like Gecko; compatible; GPTBot/1.2; +https://openai.com/gptbot)"
20.171.207.125 - - [17/Apr/2025:04:00:23 -0400] "GET /capturing-pet-personalities-custom-pet-portraits/feed/ HTTP/1.1" 200 408 "-" "Mozilla/5.0 AppleWebKit/537.36 (KHTML, like Gecko; compatible; GPTBot/1.2; +https://openai.com/gptbot)"
198.54.114.83 - - [17/Apr/2025:04:00:50 -0400] "POST /wp-cron.php?doing_wp_cron=1744876850.0743050575256347656250 HTTP/1.1" 200 0 "-" "WordPress/6.8; https://freelancingclients.com"
20.171.207.125 - - [17/Apr/2025:04:00:49 -0400] "GET /secrets-to-successful-online-gambling/feed/ HTTP/1.1" 200 405 "-" "Mozilla/5.0 AppleWebKit/537.36 (KHTML, like Gecko; compatible; GPTBot/1.2; +https://openai.com/gptbot)"
198.54.114.83 - - [17/Apr/2025:04:00:51 -0400] "POST /wp-admin/admin-ajax.php?action=async_litespeed&nonce=8VbSw1CVdejjhclyj2GCLFtEB3bhvVGJ&litespeed_type=imgoptm HTTP/1.1" 200 0 "-" "WordPress/6.8; https://freelancingclients.com"
198.54.114.83 - - [17/Apr/2025:04:01:54 -0400] "POST /wp-cron.php?doing_wp_cron=1744876913.8130540847778320312500 HTTP/1.1" 200 0 "-" "WordPress/6.8; https://freelancingclients.com"
20.171.207.125 - - [17/Apr/2025:04:01:53 -0400] "GET /a-regal-tribute-to-your-beloved-companion/feed/ HTTP/1.1" 200 413 "-" "Mozilla/5.0 AppleWebKit/537.36 (KHTML, like Gecko; compatible; GPTBot/1.2; +https://openai.com/gptbot)"
198.54.114.83 - - [17/Apr/2025:04:01:55 -0400] "POST /wp-admin/admin-ajax.php?action=async_litespeed&nonce=rZVd9TlNTd7JwvMJ54hiLzizzwXklDNv&litespeed_type=imgoptm HTTP/1.1" 200 0 "-" "WordPress/6.8; https://freelancingclients.com"
198.54.114.83 - - [17/Apr/2025:04:02:19 -0400] "POST /wp-cron.php?doing_wp_cron=1744876939.0147559642791748046875 HTTP/1.1" 200 0 "-" "WordPress/6.8; https://freelancingclients.com"
20.171.207.125 - - [17/Apr/2025:04:02:18 -0400] "GET /?p=3613 HTTP/1.1" 301 0 "-" "Mozilla/5.0 AppleWebKit/537.36 (KHTML, like Gecko; compatible; GPTBot/1.2; +https://openai.com/gptbot)"
20.171.207.125 - - [17/Apr/2025:04:02:46 -0400] "GET /xmlrpc.php HTTP/1.1" 405 46 "-" "Mozilla/5.0 AppleWebKit/537.36 (KHTML, like Gecko; compatible; GPTBot/1.2; +https://openai.com/gptbot)"
198.54.114.83 - - [17/Apr/2025:04:02:49 -0400] "POST /wp-cron.php?doing_wp_cron=1744876967.0917899608612060546875 HTTP/1.1" 200 0 "-" "WordPress/6.8; https://freelancingclients.com"
20.171.207.125 - - [17/Apr/2025:04:03:16 -0400] "GET /michael-kors-sales-bags/ HTTP/1.1" 200 11263 "-" "Mozilla/5.0 AppleWebKit/537.36 (KHTML, like Gecko; compatible; GPTBot/1.2; +https://openai.com/gptbot)"
20.171.207.125 - - [17/Apr/2025:04:03:42 -0400] "GET /custom-digital-pet-portraits/ HTTP/1.1" 200 10242 "-" "Mozilla/5.0 AppleWebKit/537.36 (KHTML, like Gecko; compatible; GPTBot/1.2; +https://openai.com/gptbot)"
198.54.114.83 - - [17/Apr/2025:04:04:08 -0400] "POST /wp-cron.php?doing_wp_cron=1744877047.8047280311584472656250 HTTP/1.1" 200 0 "-" "WordPress/6.8; https://freelancingclients.com"
20.171.207.125 - - [17/Apr/2025:04:04:07 -0400] "GET /introduction-to-online-casinos/ HTTP/1.1" 200 10267 "-" "Mozilla/5.0 AppleWebKit/537.36 (KHTML, like Gecko; compatible; GPTBot/1.2; +https://openai.com/gptbot)"
198.54.114.83 - - [17/Apr/2025:04:04:08 -0400] "POST /wp-admin/admin-ajax.php?action=async_litespeed&nonce=ArInwiMJTkMFBMCBTumgeVCpRG9xXRfj&litespeed_type=imgoptm HTTP/1.1" 200 5 "-" "WordPress/6.8; https://freelancingclients.com"
198.54.114.83 - - [17/Apr/2025:04:04:37 -0400] "POST /wp-cron.php?doing_wp_cron=1744877077.3099288940429687500000 HTTP/1.1" 200 0 "-" "WordPress/6.8; https://freelancingclients.com"
20.171.207.125 - - [17/Apr/2025:04:04:36 -0400] "GET /manicure-and-pedicure-equipment/feed/ HTTP/1.1" 200 395 "-" "Mozilla/5.0 AppleWebKit/537.36 (KHTML, like Gecko; compatible; GPTBot/1.2; +https://openai.com/gptbot)"
198.54.114.83 - - [17/Apr/2025:04:05:06 -0400] "POST /wp-cron.php?doing_wp_cron=1744877105.0652959346771240234375 HTTP/1.1" 200 0 "-" "WordPress/6.8; https://freelancingclients.com"
20.171.207.125 - - [17/Apr/2025:04:05:04 -0400] "GET /plastic-shredder-machine/ HTTP/1.1" 200 9646 "-" "Mozilla/5.0 AppleWebKit/537.36 (KHTML, like Gecko; compatible; GPTBot/1.2; +https://openai.com/gptbot)"
20.171.207.125 - - [17/Apr/2025:04:05:32 -0400] "GET /how-to-find-hvac-near-me/ HTTP/1.1" 200 10979 "-" "Mozilla/5.0 AppleWebKit/537.36 (KHTML, like Gecko; compatible; GPTBot/1.2; +https://openai.com/gptbot)"
198.54.114.83 - - [17/Apr/2025:04:06:28 -0400] "POST /wp-cron.php?doing_wp_cron=1744877186.7663431167602539062500 HTTP/1.1" 200 0 "-" "WordPress/6.8; https://freelancingclients.com"
20.171.207.125 - - [17/Apr/2025:04:06:26 -0400] "GET /wp-json/oembed/1.0/embed?url=https%3A%2F%2Ffreelancingclients.com%2Fintroduction-to-online-casinos%2F HTTP/1.1" 200 2482 "-" "Mozilla/5.0 AppleWebKit/537.36 (KHTML, like Gecko; compatible; GPTBot/1.2; +https://openai.com/gptbot)"
20.171.207.125 - - [17/Apr/2025:04:06:52 -0400] "GET /introduction-to-online-casinos/feed/ HTTP/1.1" 200 383 "-" "Mozilla/5.0 AppleWebKit/537.36 (KHTML, like Gecko; compatible; GPTBot/1.2; +https://openai.com/gptbot)"
20.171.207.125 - - [17/Apr/2025:04:07:17 -0400] "GET /?p=3615 HTTP/1.1" 301 0 "-" "Mozilla/5.0 AppleWebKit/537.36 (KHTML, like Gecko; compatible; GPTBot/1.2; +https://openai.com/gptbot)"
198.54.114.83 - - [17/Apr/2025:04:07:43 -0400] "POST /wp-cron.php?doing_wp_cron=1744877262.8833470344543457031250 HTTP/1.1" 200 0 "-" "WordPress/6.8; https://freelancingclients.com"
20.171.207.125 - - [17/Apr/2025:04:07:42 -0400] "GET /wp-json/wp/v2/posts/3615 HTTP/1.1" 200 10703 "-" "Mozilla/5.0 AppleWebKit/537.36 (KHTML, like Gecko; compatible; GPTBot/1.2; +https://openai.com/gptbot)"
198.54.114.83 - - [17/Apr/2025:04:07:43 -0400] "POST /wp-admin/admin-ajax.php?action=async_litespeed&nonce=XbHVvnhVcGw1a14Jnut7aUOzPTghgvsu&litespeed_type=imgoptm HTTP/1.1" 200 5 "-" "WordPress/6.8; https://freelancingclients.com"
5.102.173.71 - - [17/Apr/2025:04:07:54 -0400] "GET /robots.txt HTTP/1.1" 200 112 "-" "Mozilla/5.0 (compatible; MojeekBot/0.11; +https://www.mojeek.com/bot.html)"
5.102.173.71 - - [17/Apr/2025:04:07:55 -0400] "GET /category/sign-up/ HTTP/1.1" 200 8410 "-" "Mozilla/5.0 (compatible; MojeekBot/0.11; +https://www.mojeek.com/bot.html)"
20.171.207.125 - - [17/Apr/2025:04:08:08 -0400] "GET /wp-json/oembed/1.0/embed?format=xml&url=https%3A%2F%2Ffreelancingclients.com%2Fintroduction-to-online-casinos%2F HTTP/1.1" 200 1197 "-" "Mozilla/5.0 AppleWebKit/537.36 (KHTML, like Gecko; compatible; GPTBot/1.2; +https://openai.com/gptbot)"
198.54.114.83 - - [17/Apr/2025:04:08:33 -0400] "POST /wp-cron.php?doing_wp_cron=1744877313.1077699661254882812500 HTTP/1.1" 200 0 "-" "WordPress/6.8; https://freelancingclients.com"
20.171.207.125 - - [17/Apr/2025:04:08:32 -0400] "GET /?p=3615 HTTP/1.1" 301 0 "-" "Mozilla/5.0 AppleWebKit/537.36 (KHTML, like Gecko; compatible; GPTBot/1.2; +https://openai.com/gptbot)"
198.54.114.83 - - [17/Apr/2025:04:08:57 -0400] "POST /wp-cron.php?doing_wp_cron=1744877337.3569560050964355468750 HTTP/1.1" 200 0 "-" "WordPress/6.8; https://freelancingclients.com"
20.171.207.125 - - [17/Apr/2025:04:08:56 -0400] "GET /?p=3609 HTTP/1.1" 301 0 "-" "Mozilla/5.0 AppleWebKit/537.36 (KHTML, like Gecko; compatible; GPTBot/1.2; +https://openai.com/gptbot)"
198.54.114.83 - - [17/Apr/2025:04:08:58 -0400] "POST /wp-admin/admin-ajax.php?action=async_litespeed&nonce=6lspadDVx8kdKfMwqL66R3eDlGB7vIh1&litespeed_type=imgoptm HTTP/1.1" 200 0 "-" "WordPress/6.8; https://freelancingclients.com"
198.54.114.83 - - [17/Apr/2025:04:09:23 -0400] "POST /wp-cron.php?doing_wp_cron=1744877362.7930660247802734375000 HTTP/1.1" 200 0 "-" "WordPress/6.8; https://freelancingclients.com"
20.171.207.125 - - [17/Apr/2025:04:09:22 -0400] "GET /?p=108 HTTP/1.1" 301 0 "-" "Mozilla/5.0 AppleWebKit/537.36 (KHTML, like Gecko; compatible; GPTBot/1.2; +https://openai.com/gptbot)"
198.54.114.83 - - [17/Apr/2025:04:09:50 -0400] "POST /wp-cron.php?doing_wp_cron=1744877390.1800649166107177734375 HTTP/1.1" 200 0 "-" "WordPress/6.8; https://freelancingclients.com"
20.171.207.125 - - [17/Apr/2025:04:09:49 -0400] "GET /?p=118 HTTP/1.1" 301 0 "-" "Mozilla/5.0 AppleWebKit/537.36 (KHTML, like Gecko; compatible; GPTBot/1.2; +https://openai.com/gptbot)"
198.54.114.83 - - [17/Apr/2025:04:09:51 -0400] "POST /wp-admin/admin-ajax.php?action=async_litespeed&nonce=YHi15bct4wXpVlE4TBgJO880zFshkhtN&litespeed_type=imgoptm HTTP/1.1" 200 0 "-" "WordPress/6.8; https://freelancingclients.com"
198.54.114.83 - - [17/Apr/2025:04:10:52 -0400] "POST /wp-cron.php?doing_wp_cron=1744877451.8705880641937255859375 HTTP/1.1" 200 0 "-" "WordPress/6.8; https://freelancingclients.com"
20.171.207.125 - - [17/Apr/2025:04:10:51 -0400] "GET /introduction-to-online-casinos/embed/ HTTP/1.1" 200 6253 "-" "Mozilla/5.0 AppleWebKit/537.36 (KHTML, like Gecko; compatible; GPTBot/1.2; +https://openai.com/gptbot)"
198.54.114.83 - - [17/Apr/2025:04:10:53 -0400] "POST /wp-admin/admin-ajax.php?action=async_litespeed&nonce=NupPoi1xVQHR7HccoUSbkkehC3JfxqGo&litespeed_type=imgoptm HTTP/1.1" 200 0 "-" "WordPress/6.8; https://freelancingclients.com"
198.54.114.83 - - [17/Apr/2025:04:11:18 -0400] "POST /wp-cron.php?doing_wp_cron=1744877478.0329370498657226562500 HTTP/1.1" 200 0 "-" "WordPress/6.8; https://freelancingclients.com"
20.171.207.125 - - [17/Apr/2025:04:11:17 -0400] "GET /?p=112 HTTP/1.1" 301 0 "-" "Mozilla/5.0 AppleWebKit/537.36 (KHTML, like Gecko; compatible; GPTBot/1.2; +https://openai.com/gptbot)"
198.54.114.83 - - [17/Apr/2025:04:11:43 -0400] "POST /wp-cron.php?doing_wp_cron=1744877502.7740700244903564453125 HTTP/1.1" 200 0 "-" "WordPress/6.8; https://freelancingclients.com"
20.171.207.125 - - [17/Apr/2025:04:11:42 -0400] "GET /xmlrpc.php HTTP/1.1" 405 46 "-" "Mozilla/5.0 AppleWebKit/537.36 (KHTML, like Gecko; compatible; GPTBot/1.2; +https://openai.com/gptbot)"
198.54.114.83 - - [17/Apr/2025:04:11:44 -0400] "POST /wp-admin/admin-ajax.php?action=async_litespeed&nonce=RWrtDSwUR93AgdvxpMynSxfR6heZWN9K&litespeed_type=imgoptm HTTP/1.1" 200 5 "-" "WordPress/6.8; https://freelancingclients.com"
20.171.207.125 - - [17/Apr/2025:04:12:08 -0400] "GET /wp-content/uploads/2023/05/synthesize.mp3 HTTP/1.1" 200 53568 "-" "Mozilla/5.0 AppleWebKit/537.36 (KHTML, like Gecko; compatible; GPTBot/1.2; +https://openai.com/gptbot)"
198.54.114.83 - - [17/Apr/2025:04:12:36 -0400] "POST /wp-cron.php?doing_wp_cron=1744877555.8728148937225341796875 HTTP/1.1" 200 0 "-" "WordPress/6.8; https://freelancingclients.com"
20.171.207.125 - - [17/Apr/2025:04:12:35 -0400] "GET /how-to-find-hvac-near-me/feed/ HTTP/1.1" 200 396 "-" "Mozilla/5.0 AppleWebKit/537.36 (KHTML, like Gecko; compatible; GPTBot/1.2; +https://openai.com/gptbot)"
198.54.114.83 - - [17/Apr/2025:04:12:58 -0400] "POST /wp-cron.php?doing_wp_cron=1744877578.7004139423370361328125 HTTP/1.1" 200 0 "-" "WordPress/6.8; https://freelancingclients.com"
20.171.207.125 - - [17/Apr/2025:04:12:58 -0400] "GET /custom-digital-pet-portraits/feed/ HTTP/1.1" 200 392 "-" "Mozilla/5.0 AppleWebKit/537.36 (KHTML, like Gecko; compatible; GPTBot/1.2; +https://openai.com/gptbot)"
198.54.114.83 - - [17/Apr/2025:04:12:59 -0400] "POST /wp-admin/admin-ajax.php?action=async_litespeed&nonce=qS32Fc6PqLXON3i1i5Q7Y1Ck1COOcVyt&litespeed_type=imgoptm HTTP/1.1" 200 5 "-" "WordPress/6.8; https://freelancingclients.com"
198.54.114.83 - - [17/Apr/2025:04:13:25 -0400] "POST /wp-cron.php?doing_wp_cron=1744877605.2638618946075439453125 HTTP/1.1" 200 0 "-" "WordPress/6.8; https://freelancingclients.com"
20.171.207.125 - - [17/Apr/2025:04:13:24 -0400] "GET /types-danesthesie-dentaire/ HTTP/1.1" 200 10580 "-" "Mozilla/5.0 AppleWebKit/537.36 (KHTML, like Gecko; compatible; GPTBot/1.2; +https://openai.com/gptbot)"
198.54.114.83 - - [17/Apr/2025:04:13:52 -0400] "POST /wp-cron.php?doing_wp_cron=1744877632.4119839668273925781250 HTTP/1.1" 200 0 "-" "WordPress/6.8; https://freelancingclients.com"
20.171.207.125 - - [17/Apr/2025:04:13:51 -0400] "GET /michael-kors-sales-bags/feed/ HTTP/1.1" 200 387 "-" "Mozilla/5.0 AppleWebKit/537.36 (KHTML, like Gecko; compatible; GPTBot/1.2; +https://openai.com/gptbot)"
198.54.114.83 - - [17/Apr/2025:04:13:54 -0400] "POST /wp-admin/admin-ajax.php?action=async_litespeed&nonce=TiB3elfcjwHULYHDiTLHfZh2hNr3dqqe&litespeed_type=imgoptm HTTP/1.1" 200 0 "-" "WordPress/6.8; https://freelancingclients.com"
198.54.114.83 - - [17/Apr/2025:04:15:08 -0400] "POST /wp-cron.php?doing_wp_cron=1744877707.8505480289459228515625 HTTP/1.1" 200 0 "-" "WordPress/6.8; https://freelancingclients.com"
