20.171.207.125 - - [17/Apr/2025:06:50:56 -0400] "GET /the-transformative-benefits-of-massage-therapy/feed/ HTTP/1.1" 200 414 "-" "Mozilla/5.0 AppleWebKit/537.36 (KHTML, like Gecko; compatible; GPTBot/1.2; +https://openai.com/gptbot)"
198.54.114.83 - - [17/Apr/2025:06:50:58 -0400] "POST /wp-admin/admin-ajax.php?action=async_litespeed&nonce=3chDteV5MPqRwmq9QTgrPMkqRQ53rlzS&litespeed_type=imgoptm HTTP/1.1" 200 0 "-" "WordPress/6.8; https://freelancingclients.com"
198.54.114.83 - - [17/Apr/2025:06:51:28 -0400] "POST /wp-cron.php?doing_wp_cron=1744887087.0869839191436767578125 HTTP/1.1" 200 0 "-" "WordPress/6.8; https://freelancingclients.com"
20.171.207.125 - - [17/Apr/2025:06:51:25 -0400] "GET /benefits-of-a-24-hour-locksmith/ HTTP/1.1" 200 10543 "-" "Mozilla/5.0 AppleWebKit/537.36 (KHTML, like Gecko; compatible; GPTBot/1.2; +https://openai.com/gptbot)"
20.171.207.125 - - [17/Apr/2025:06:51:54 -0400] "GET /xmlrpc.php HTTP/1.1" 405 46 "-" "Mozilla/5.0 AppleWebKit/537.36 (KHTML, like Gecko; compatible; GPTBot/1.2; +https://openai.com/gptbot)"
20.171.207.125 - - [17/Apr/2025:06:52:23 -0400] "GET /tips-for-tissot-watch-battery-replacement HTTP/1.1" 301 0 "-" "Mozilla/5.0 AppleWebKit/537.36 (KHTML, like Gecko; compatible; GPTBot/1.2; +https://openai.com/gptbot)"
198.54.114.83 - - [17/Apr/2025:06:52:51 -0400] "POST /wp-cron.php?doing_wp_cron=1744887170.7874119281768798828125 HTTP/1.1" 200 0 "-" "WordPress/6.8; https://freelancingclients.com"
20.171.207.125 - - [17/Apr/2025:06:52:50 -0400] "GET /the-expertise-of-lawyer-hattingen/ HTTP/1.1" 200 10388 "-" "Mozilla/5.0 AppleWebKit/537.36 (KHTML, like Gecko; compatible; GPTBot/1.2; +https://openai.com/gptbot)"
198.54.114.83 - - [17/Apr/2025:06:52:52 -0400] "POST /wp-admin/admin-ajax.php?action=async_litespeed&nonce=PcJu8JTCAq93M99I7IeyELiNsf1egmmK&litespeed_type=imgoptm HTTP/1.1" 200 0 "-" "WordPress/6.8; https://freelancingclients.com"
20.171.207.125 - - [17/Apr/2025:06:54:21 -0400] "GET /?p=183 HTTP/1.1" 301 0 "-" "Mozilla/5.0 AppleWebKit/537.36 (KHTML, like Gecko; compatible; GPTBot/1.2; +https://openai.com/gptbot)"
198.54.114.83 - - [17/Apr/2025:06:54:53 -0400] "POST /wp-cron.php?doing_wp_cron=1744887292.6338338851928710937500 HTTP/1.1" 200 0 "-" "WordPress/6.8; https://freelancingclients.com"
20.171.207.125 - - [17/Apr/2025:06:54:52 -0400] "GET /wp-json/oembed/1.0/embed?url=https%3A%2F%2Ffreelancingclients.com%2Fthe-expertise-of-lawyer-hattingen%2F HTTP/1.1" 200 2419 "-" "Mozilla/5.0 AppleWebKit/537.36 (KHTML, like Gecko; compatible; GPTBot/1.2; +https://openai.com/gptbot)"
198.54.114.83 - - [17/Apr/2025:06:54:56 -0400] "POST /wp-admin/admin-ajax.php?action=async_litespeed&nonce=0gE0eB8nkImvuSFkYVvNmXe8uLGLJ3R7&litespeed_type=imgoptm HTTP/1.1" 200 0 "-" "WordPress/6.8; https://freelancingclients.com"
20.171.207.125 - - [17/Apr/2025:06:55:24 -0400] "GET /xmlrpc.php HTTP/1.1" 405 46 "-" "Mozilla/5.0 AppleWebKit/537.36 (KHTML, like Gecko; compatible; GPTBot/1.2; +https://openai.com/gptbot)"
20.171.207.125 - - [17/Apr/2025:06:55:51 -0400] "GET /the-expertise-of-lawyer-hattingen/feed/ HTTP/1.1" 200 402 "-" "Mozilla/5.0 AppleWebKit/537.36 (KHTML, like Gecko; compatible; GPTBot/1.2; +https://openai.com/gptbot)"
198.54.114.83 - - [17/Apr/2025:06:56:25 -0400] "POST /wp-cron.php?doing_wp_cron=1744887384.0494160652160644531250 HTTP/1.1" 200 0 "-" "WordPress/6.8; https://freelancingclients.com"
20.171.207.125 - - [17/Apr/2025:06:56:23 -0400] "GET /wp-json/oembed/1.0/embed?format=xml&url=https%3A%2F%2Ffreelancingclients.com%2Fthe-expertise-of-lawyer-hattingen%2F HTTP/1.1" 200 1162 "-" "Mozilla/5.0 AppleWebKit/537.36 (KHTML, like Gecko; compatible; GPTBot/1.2; +https://openai.com/gptbot)"
198.54.114.83 - - [17/Apr/2025:06:56:28 -0400] "POST /wp-admin/admin-ajax.php?action=async_litespeed&nonce=xdMomLndDqxcVGj4AUE2AmMcXc8kHAyY&litespeed_type=imgoptm HTTP/1.1" 200 0 "-" "WordPress/6.8; https://freelancingclients.com"
156.233.84.0 - - [17/Apr/2025:06:56:28 -0400] "GET /wp-login.php HTTP/1.1" 200 1725 "-" "Mozilla/5.0 (Windows NT 10.0; Win64; x64) AppleWebKit/537.36 (KHTML, like Gecko) Chrome/115.0.0.0 Safari/537.36 Edg/115.0.1901.203"
156.233.84.0 - - [17/Apr/2025:06:56:31 -0400] "POST /wp-login.php HTTP/1.1" 200 1850 "https://freelancingclients.com/wp-login.php" "Mozilla/5.0 (Windows NT 10.0; Win64; x64) AppleWebKit/537.36 (KHTML, like Gecko) Chrome/115.0.0.0 Safari/537.36 Edg/115.0.1901.203"
198.54.114.83 - - [17/Apr/2025:06:56:56 -0400] "POST /wp-cron.php?doing_wp_cron=1744887415.9395530223846435546875 HTTP/1.1" 200 0 "-" "WordPress/6.8; https://freelancingclients.com"
20.171.207.125 - - [17/Apr/2025:06:56:54 -0400] "GET /wp-json/wp/v2/posts/183 HTTP/1.1" 200 11432 "-" "Mozilla/5.0 AppleWebKit/537.36 (KHTML, like Gecko; compatible; GPTBot/1.2; +https://openai.com/gptbot)"
198.54.114.83 - - [17/Apr/2025:06:56:57 -0400] "POST /wp-admin/admin-ajax.php?action=async_litespeed&nonce=RCi1NP2Dp2fACi3Qj9Y1uJb3Q013OHtc&litespeed_type=imgoptm HTTP/1.1" 200 0 "-" "WordPress/6.8; https://freelancingclients.com"
198.54.114.83 - - [17/Apr/2025:06:57:25 -0400] "POST /wp-cron.php?doing_wp_cron=1744887445.5966899394989013671875 HTTP/1.1" 200 0 "-" "WordPress/6.8; https://freelancingclients.com"
20.171.207.125 - - [17/Apr/2025:06:57:25 -0400] "GET /?p=3529 HTTP/1.1" 301 0 "-" "Mozilla/5.0 AppleWebKit/537.36 (KHTML, like Gecko; compatible; GPTBot/1.2; +https://openai.com/gptbot)"
198.54.114.83 - - [17/Apr/2025:06:57:58 -0400] "POST /wp-cron.php?doing_wp_cron=1744887478.0788800716400146484375 HTTP/1.1" 200 0 "-" "WordPress/6.8; https://freelancingclients.com"
20.171.207.125 - - [17/Apr/2025:06:57:57 -0400] "GET /?p=183 HTTP/1.1" 301 0 "-" "Mozilla/5.0 AppleWebKit/537.36 (KHTML, like Gecko; compatible; GPTBot/1.2; +https://openai.com/gptbot)"
198.54.114.83 - - [17/Apr/2025:06:57:59 -0400] "POST /wp-admin/admin-ajax.php?action=async_litespeed&nonce=NTJJSITYPNU86C9rAUMaNW4y4XPmcQk8&litespeed_type=imgoptm HTTP/1.1" 200 0 "-" "WordPress/6.8; https://freelancingclients.com"
198.54.114.83 - - [17/Apr/2025:06:58:20 -0400] "POST /wp-cron.php?doing_wp_cron=1744887500.5825490951538085937500 HTTP/1.1" 200 0 "-" "WordPress/6.8; https://freelancingclients.com"
52.167.144.16 - - [17/Apr/2025:06:58:20 -0400] "GET /pioneering-fertility-solutions-in-dubai/ HTTP/1.1" 200 10504 "-" "Mozilla/5.0 AppleWebKit/537.36 (KHTML, like Gecko; compatible; bingbot/2.0; +http://www.bing.com/bingbot.htm) Chrome/116.0.1938.76 Safari/537.36"
20.171.207.125 - - [17/Apr/2025:06:58:31 -0400] "GET /?p=212 HTTP/1.1" 301 0 "-" "Mozilla/5.0 AppleWebKit/537.36 (KHTML, like Gecko; compatible; GPTBot/1.2; +https://openai.com/gptbot)"
157.55.39.196 - - [17/Apr/2025:06:58:34 -0400] "GET /wp-content/fonts/c72f40e02a47fae3159b9d954e6201db.css?ver=1.0 HTTP/1.1" 200 580 "-" "Mozilla/5.0 AppleWebKit/537.36 (KHTML, like Gecko; compatible; bingbot/2.0; +http://www.bing.com/bingbot.htm) Chrome/116.0.1938.76 Safari/537.36"
157.55.39.196 - - [17/Apr/2025:06:58:36 -0400] "GET /wp-content/themes/daily-newspaper/style.css?ver=1.0 HTTP/1.1" 200 10155 "-" "Mozilla/5.0 AppleWebKit/537.36 (KHTML, like Gecko; compatible; bingbot/2.0; +http://www.bing.com/bingbot.htm) Chrome/116.0.1938.76 Safari/537.36"
157.55.39.196 - - [17/Apr/2025:06:58:37 -0400] "GET /wp-content/themes/newspaperly/js/navigation.js?ver=20170823 HTTP/1.1" 200 951 "-" "Mozilla/5.0 AppleWebKit/537.36 (KHTML, like Gecko; compatible; bingbot/2.0; +http://www.bing.com/bingbot.htm) Chrome/116.0.1938.76 Safari/537.36"
52.167.144.16 - - [17/Apr/2025:06:58:38 -0400] "GET /wp-content/themes/newspaperly/js/script.js?ver=20160720 HTTP/1.1" 200 996 "-" "Mozilla/5.0 AppleWebKit/537.36 (KHTML, like Gecko; compatible; bingbot/2.0; +http://www.bing.com/bingbot.htm) Chrome/116.0.1938.76 Safari/537.36"
52.167.144.16 - - [17/Apr/2025:06:58:39 -0400] "GET /wp-content/themes/newspaperly/js/skip-link-focus-fix.js?ver=20170823 HTTP/1.1" 200 332 "-" "Mozilla/5.0 AppleWebKit/537.36 (KHTML, like Gecko; compatible; bingbot/2.0; +http://www.bing.com/bingbot.htm) Chrome/116.0.1938.76 Safari/537.36"
52.167.144.16 - - [17/Apr/2025:06:58:40 -0400] "GET /wp-content/themes/newspaperly/style.css?ver=6.8 HTTP/1.1" 200 10093 "-" "Mozilla/5.0 AppleWebKit/537.36 (KHTML, like Gecko; compatible; bingbot/2.0; +http://www.bing.com/bingbot.htm) Chrome/116.0.1938.76 Safari/537.36"
52.167.144.16 - - [17/Apr/2025:06:58:41 -0400] "GET /wp-includes/js/comment-reply.min.js?ver=6.8 HTTP/1.1" 200 1247 "-" "Mozilla/5.0 AppleWebKit/537.36 (KHTML, like Gecko; compatible; bingbot/2.0; +http://www.bing.com/bingbot.htm) Chrome/116.0.1938.76 Safari/537.36"
52.167.144.16 - - [17/Apr/2025:06:58:42 -0400] "GET /wp-includes/js/jquery/jquery.min.js?ver=3.7.1 HTTP/1.1" 200 29744 "-" "Mozilla/5.0 AppleWebKit/537.36 (KHTML, like Gecko; compatible; bingbot/2.0; +http://www.bing.com/bingbot.htm) Chrome/116.0.1938.76 Safari/537.36"
52.167.144.16 - - [17/Apr/2025:06:58:43 -0400] "GET /wp-includes/js/wp-emoji-release.min.js?ver=6.8 HTTP/1.1" 200 4771 "-" "Mozilla/5.0 AppleWebKit/537.36 (KHTML, like Gecko; compatible; bingbot/2.0; +http://www.bing.com/bingbot.htm) Chrome/116.0.1938.76 Safari/537.36"
40.77.167.14 - - [17/Apr/2025:06:58:44 -0400] "GET /wp-content/themes/daily-newspaper/style.css?ver=6.8 HTTP/1.1" 200 10155 "-" "Mozilla/5.0 AppleWebKit/537.36 (KHTML, like Gecko; compatible; bingbot/2.0; +http://www.bing.com/bingbot.htm) Chrome/116.0.1938.76 Safari/537.36"
40.77.167.14 - - [17/Apr/2025:06:58:45 -0400] "GET /wp-content/themes/newspaperly/css/font-awesome.min.css?ver=6.8 HTTP/1.1" 200 6658 "-" "Mozilla/5.0 AppleWebKit/537.36 (KHTML, like Gecko; compatible; bingbot/2.0; +http://www.bing.com/bingbot.htm) Chrome/116.0.1938.76 Safari/537.36"
40.77.167.14 - - [17/Apr/2025:06:58:46 -0400] "GET /wp-content/themes/newspaperly/js/accessibility.js?ver=20160720 HTTP/1.1" 200 430 "-" "Mozilla/5.0 AppleWebKit/537.36 (KHTML, like Gecko; compatible; bingbot/2.0; +http://www.bing.com/bingbot.htm) Chrome/116.0.1938.76 Safari/537.36"
40.77.167.14 - - [17/Apr/2025:06:58:48 -0400] "GET /wp-content/themes/newspaperly/js/jquery.flexslider.js?ver=20150423 HTTP/1.1" 200 11140 "-" "Mozilla/5.0 AppleWebKit/537.36 (KHTML, like Gecko; compatible; bingbot/2.0; +http://www.bing.com/bingbot.htm) Chrome/116.0.1938.76 Safari/537.36"
40.77.167.14 - - [17/Apr/2025:06:58:49 -0400] "GET /wp-includes/css/dist/block-library/style.min.css?ver=6.8 HTTP/1.1" 200 14358 "-" "Mozilla/5.0 AppleWebKit/537.36 (KHTML, like Gecko; compatible; bingbot/2.0; +http://www.bing.com/bingbot.htm) Chrome/116.0.1938.76 Safari/537.36"
40.77.167.14 - - [17/Apr/2025:06:58:50 -0400] "GET /wp-includes/js/jquery/jquery-migrate.min.js?ver=3.4.1 HTTP/1.1" 200 4678 "-" "Mozilla/5.0 AppleWebKit/537.36 (KHTML, like Gecko; compatible; bingbot/2.0; +http://www.bing.com/bingbot.htm) Chrome/116.0.1938.76 Safari/537.36"
198.54.114.83 - - [17/Apr/2025:06:59:00 -0400] "POST /wp-cron.php?doing_wp_cron=1744887540.2334990501403808593750 HTTP/1.1" 200 0 "-" "WordPress/6.8; https://freelancingclients.com"
20.171.207.125 - - [17/Apr/2025:06:58:59 -0400] "GET /?p=199 HTTP/1.1" 301 0 "-" "Mozilla/5.0 AppleWebKit/537.36 (KHTML, like Gecko; compatible; GPTBot/1.2; +https://openai.com/gptbot)"
20.171.207.125 - - [17/Apr/2025:06:59:00 -0400] "GET /?p=209 HTTP/1.1" 301 0 "-" "Mozilla/5.0 AppleWebKit/537.36 (KHTML, like Gecko; compatible; GPTBot/1.2; +https://openai.com/gptbot)"
198.54.114.83 - - [17/Apr/2025:06:59:01 -0400] "POST /wp-admin/admin-ajax.php?action=async_litespeed&nonce=fPJXHgHqZtBcKbvY3lhNUbN93rU0Okp6&litespeed_type=imgoptm HTTP/1.1" 200 5 "-" "WordPress/6.8; https://freelancingclients.com"
198.54.114.83 - - [17/Apr/2025:06:59:32 -0400] "POST /wp-cron.php?doing_wp_cron=1744887571.2939500808715820312500 HTTP/1.1" 200 0 "-" "WordPress/6.8; https://freelancingclients.com"
20.171.207.125 - - [17/Apr/2025:06:59:30 -0400] "GET /the-art-and-science-of-massage-therapy/feed/ HTTP/1.1" 200 410 "-" "Mozilla/5.0 AppleWebKit/537.36 (KHTML, like Gecko; compatible; GPTBot/1.2; +https://openai.com/gptbot)"
20.171.207.125 - - [17/Apr/2025:07:00:01 -0400] "GET /choosing-the-best-cup-for-iced-coffee/feed/ HTTP/1.1" 200 411 "-" "Mozilla/5.0 AppleWebKit/537.36 (KHTML, like Gecko; compatible; GPTBot/1.2; +https://openai.com/gptbot)"
198.54.114.83 - - [17/Apr/2025:07:00:38 -0400] "POST /wp-cron.php?doing_wp_cron=1744887637.0581300258636474609375 HTTP/1.1" 200 0 "-" "WordPress/6.8; https://freelancingclients.com"
20.171.207.125 - - [17/Apr/2025:07:00:36 -0400] "GET /tips-for-tissot-watch-battery-replacement/ HTTP/1.1" 200 10805 "-" "Mozilla/5.0 AppleWebKit/537.36 (KHTML, like Gecko; compatible; GPTBot/1.2; +https://openai.com/gptbot)"
20.171.207.125 - - [17/Apr/2025:07:01:08 -0400] "GET /how-to-find-private-caregiver-jobs/feed/ HTTP/1.1" 200 406 "-" "Mozilla/5.0 AppleWebKit/537.36 (KHTML, like Gecko; compatible; GPTBot/1.2; +https://openai.com/gptbot)"
198.54.114.83 - - [17/Apr/2025:07:01:38 -0400] "POST /wp-cron.php?doing_wp_cron=1744887698.6150560379028320312500 HTTP/1.1" 200 0 "-" "WordPress/6.8; https://freelancingclients.com"
20.171.207.125 - - [17/Apr/2025:07:01:38 -0400] "GET /the-expertise-of-lawyer-hattingen/embed/ HTTP/1.1" 200 6272 "-" "Mozilla/5.0 AppleWebKit/537.36 (KHTML, like Gecko; compatible; GPTBot/1.2; +https://openai.com/gptbot)"
198.54.114.83 - - [17/Apr/2025:07:01:40 -0400] "POST /wp-admin/admin-ajax.php?action=async_litespeed&nonce=wIDUZtK5FEY3tBmGI4VXxG95dXToASB9&litespeed_type=imgoptm HTTP/1.1" 200 5 "-" "WordPress/6.8; https://freelancingclients.com"
20.171.207.125 - - [17/Apr/2025:07:03:24 -0400] "GET /?p=221 HTTP/1.1" 301 0 "-" "Mozilla/5.0 AppleWebKit/537.36 (KHTML, like Gecko; compatible; GPTBot/1.2; +https://openai.com/gptbot)"
198.54.114.83 - - [17/Apr/2025:07:03:29 -0400] "POST /wp-cron.php?doing_wp_cron=1744887807.7602610588073730468750 HTTP/1.1" 200 0 "-" "WordPress/6.8; https://freelancingclients.com"
20.171.207.125 - - [17/Apr/2025:07:03:59 -0400] "GET /tips-for-tissot-watch-battery-replacement/feed/ HTTP/1.1" 200 411 "-" "Mozilla/5.0 AppleWebKit/537.36 (KHTML, like Gecko; compatible; GPTBot/1.2; +https://openai.com/gptbot)"
198.54.114.83 - - [17/Apr/2025:07:04:31 -0400] "POST /wp-cron.php?doing_wp_cron=1744887870.9946439266204833984375 HTTP/1.1" 200 0 "-" "WordPress/6.8; https://freelancingclients.com"
20.171.207.125 - - [17/Apr/2025:07:04:30 -0400] "GET /xmlrpc.php HTTP/1.1" 405 46 "-" "Mozilla/5.0 AppleWebKit/537.36 (KHTML, like Gecko; compatible; GPTBot/1.2; +https://openai.com/gptbot)"
198.54.114.83 - - [17/Apr/2025:07:04:33 -0400] "POST /wp-admin/admin-ajax.php?action=async_litespeed&nonce=1LAGeAvMfN0jt4bId2I7mQTIoWOCC3P3&litespeed_type=imgoptm HTTP/1.1" 200 0 "-" "WordPress/6.8; https://freelancingclients.com"
198.54.114.83 - - [17/Apr/2025:07:05:03 -0400] "POST /wp-cron.php?doing_wp_cron=1744887901.4527029991149902343750 HTTP/1.1" 200 0 "-" "WordPress/6.8; https://freelancingclients.com"
20.171.207.125 - - [17/Apr/2025:07:05:01 -0400] "GET /benefits-of-a-24-hour-locksmith/feed/ HTTP/1.1" 200 401 "-" "Mozilla/5.0 AppleWebKit/537.36 (KHTML, like Gecko; compatible; GPTBot/1.2; +https://openai.com/gptbot)"
20.171.207.125 - - [17/Apr/2025:07:05:32 -0400] "GET /bugatti-veyron-for-sale/ HTTP/1.1" 200 10193 "-" "Mozilla/5.0 AppleWebKit/537.36 (KHTML, like Gecko; compatible; GPTBot/1.2; +https://openai.com/gptbot)"
198.54.114.83 - - [17/Apr/2025:07:06:03 -0400] "POST /wp-cron.php?doing_wp_cron=1744887963.3462619781494140625000 HTTP/1.1" 200 0 "-" "WordPress/6.8; https://freelancingclients.com"
20.171.207.125 - - [17/Apr/2025:07:06:02 -0400] "GET /the-best-locksmith-chicago/ HTTP/1.1" 200 10916 "-" "Mozilla/5.0 AppleWebKit/537.36 (KHTML, like Gecko; compatible; GPTBot/1.2; +https://openai.com/gptbot)"
198.54.114.83 - - [17/Apr/2025:07:06:05 -0400] "POST /wp-admin/admin-ajax.php?action=async_litespeed&nonce=pwhDMWuWdmm485GP85dffgRYm1bGIvY5&litespeed_type=imgoptm HTTP/1.1" 200 0 "-" "WordPress/6.8; https://freelancingclients.com"
198.54.114.83 - - [17/Apr/2025:07:06:34 -0400] "POST /wp-cron.php?doing_wp_cron=1744887993.9143600463867187500000 HTTP/1.1" 200 0 "-" "WordPress/6.8; https://freelancingclients.com"
20.171.207.125 - - [17/Apr/2025:07:06:33 -0400] "GET /michael-kors-sales-bags-2/ HTTP/1.1" 200 10437 "-" "Mozilla/5.0 AppleWebKit/537.36 (KHTML, like Gecko; compatible; GPTBot/1.2; +https://openai.com/gptbot)"
198.54.114.83 - - [17/Apr/2025:07:07:04 -0400] "POST /wp-cron.php?doing_wp_cron=1744888024.0248498916625976562500 HTTP/1.1" 200 0 "-" "WordPress/6.8; https://freelancingclients.com"
20.171.207.125 - - [17/Apr/2025:07:07:03 -0400] "GET /insulated-conservatory-roof-panels/ HTTP/1.1" 200 10459 "-" "Mozilla/5.0 AppleWebKit/537.36 (KHTML, like Gecko; compatible; GPTBot/1.2; +https://openai.com/gptbot)"
198.54.114.83 - - [17/Apr/2025:07:07:06 -0400] "POST /wp-admin/admin-ajax.php?action=async_litespeed&nonce=RPrdT2gATXd1lSWoSIcohNsYbI0el6DL&litespeed_type=imgoptm HTTP/1.1" 200 0 "-" "WordPress/6.8; https://freelancingclients.com"
198.54.114.83 - - [17/Apr/2025:07:07:33 -0400] "POST /wp-cron.php?doing_wp_cron=1744888052.9140839576721191406250 HTTP/1.1" 200 0 "-" "WordPress/6.8; https://freelancingclients.com"
20.171.207.125 - - [17/Apr/2025:07:07:32 -0400] "GET /how-to-use-a-compost-tumbler/ HTTP/1.1" 200 10887 "-" "Mozilla/5.0 AppleWebKit/537.36 (KHTML, like Gecko; compatible; GPTBot/1.2; +https://openai.com/gptbot)"
198.54.114.83 - - [17/Apr/2025:07:07:54 -0400] "POST /wp-cron.php?doing_wp_cron=1744888073.6157019138336181640625 HTTP/1.1" 200 0 "-" "WordPress/6.8; https://freelancingclients.com"
20.171.207.125 - - [17/Apr/2025:07:07:53 -0400] "GET /?p=207 HTTP/1.1" 301 0 "-" "Mozilla/5.0 AppleWebKit/537.36 (KHTML, like Gecko; compatible; GPTBot/1.2; +https://openai.com/gptbot)"
20.171.207.125 - - [17/Apr/2025:07:08:02 -0400] "GET /cold-drawing-machine/ HTTP/1.1" 200 10838 "-" "Mozilla/5.0 AppleWebKit/537.36 (KHTML, like Gecko; compatible; GPTBot/1.2; +https://openai.com/gptbot)"
20.171.207.125 - - [17/Apr/2025:07:08:21 -0400] "GET /?p=203 HTTP/1.1" 301 0 "-" "Mozilla/5.0 AppleWebKit/537.36 (KHTML, like Gecko; compatible; GPTBot/1.2; +https://openai.com/gptbot)"
20.171.207.125 - - [17/Apr/2025:07:08:49 -0400] "GET /xmlrpc.php HTTP/1.1" 405 46 "-" "Mozilla/5.0 AppleWebKit/537.36 (KHTML, like Gecko; compatible; GPTBot/1.2; +https://openai.com/gptbot)"
198.54.114.83 - - [17/Apr/2025:07:09:22 -0400] "POST /wp-cron.php?doing_wp_cron=1744888161.9859519004821777343750 HTTP/1.1" 200 0 "-" "WordPress/6.8; https://freelancingclients.com"
20.171.207.125 - - [17/Apr/2025:07:09:21 -0400] "GET /hidden-moving-expenses/ HTTP/1.1" 200 10972 "-" "Mozilla/5.0 AppleWebKit/537.36 (KHTML, like Gecko; compatible; GPTBot/1.2; +https://openai.com/gptbot)"
198.54.114.83 - - [17/Apr/2025:07:09:24 -0400] "POST /wp-admin/admin-ajax.php?action=async_litespeed&nonce=LRTQ38lLmScjDeHfEeWo84ZcYQR72tCY&litespeed_type=imgoptm HTTP/1.1" 200 0 "-" "WordPress/6.8; https://freelancingclients.com"
198.54.114.83 - - [17/Apr/2025:07:09:54 -0400] "POST /wp-cron.php?doing_wp_cron=1744888193.2140190601348876953125 HTTP/1.1" 200 0 "-" "WordPress/6.8; https://freelancingclients.com"
20.171.207.125 - - [17/Apr/2025:07:09:52 -0400] "GET /iced-coffee-glass/ HTTP/1.1" 200 9648 "-" "Mozilla/5.0 AppleWebKit/537.36 (KHTML, like Gecko; compatible; GPTBot/1.2; +https://openai.com/gptbot)"
198.54.114.83 - - [17/Apr/2025:07:09:56 -0400] "POST /wp-admin/admin-ajax.php?action=async_litespeed&nonce=a8a7dpNunPe5ax7EiEf2pX1GncMHEc2p&litespeed_type=imgoptm HTTP/1.1" 200 0 "-" "WordPress/6.8; https://freelancingclients.com"
20.171.207.125 - - [17/Apr/2025:07:10:27 -0400] "GET /how-to-find-a-caregiver-near-me/ HTTP/1.1" 200 10934 "-" "Mozilla/5.0 AppleWebKit/537.36 (KHTML, like Gecko; compatible; GPTBot/1.2; +https://openai.com/gptbot)"
198.54.114.83 - - [17/Apr/2025:07:10:54 -0400] "POST /wp-cron.php?doing_wp_cron=1744888254.1600649356842041015625 HTTP/1.1" 200 0 "-" "WordPress/6.8; https://freelancingclients.com"
20.171.207.125 - - [17/Apr/2025:07:10:53 -0400] "GET /the-best-locksmith-chicago/feed/ HTTP/1.1" 200 396 "-" "Mozilla/5.0 AppleWebKit/537.36 (KHTML, like Gecko; compatible; GPTBot/1.2; +https://openai.com/gptbot)"
198.54.114.83 - - [17/Apr/2025:07:10:55 -0400] "POST /wp-admin/admin-ajax.php?action=async_litespeed&nonce=jXJTjoNkrbIcf9uhg4OLLm5KSjIGLug0&litespeed_type=imgoptm HTTP/1.1" 200 5 "-" "WordPress/6.8; https://freelancingclients.com"
198.54.114.83 - - [17/Apr/2025:07:12:18 -0400] "POST /wp-cron.php?doing_wp_cron=1744888337.3938488960266113281250 HTTP/1.1" 200 0 "-" "WordPress/6.8; https://freelancingclients.com"
20.171.207.125 - - [17/Apr/2025:07:12:16 -0400] "GET /insulated-conservatory-roof-panels/feed/ HTTP/1.1" 200 397 "-" "Mozilla/5.0 AppleWebKit/537.36 (KHTML, like Gecko; compatible; GPTBot/1.2; +https://openai.com/gptbot)"
20.171.207.125 - - [17/Apr/2025:07:12:47 -0400] "GET /wp-json/wp/v2/posts/201 HTTP/1.1" 200 11962 "-" "Mozilla/5.0 AppleWebKit/537.36 (KHTML, like Gecko; compatible; GPTBot/1.2; +https://openai.com/gptbot)"
45.159.21.67 - - [17/Apr/2025:07:13:07 -0400] "GET /comment-attirer-plus-de-clients/ HTTP/1.1" 200 9665 "https://freelancingclients.com/comment-attirer-plus-de-clients/" "Mozilla/5.0 (Windows NT 10.0; WOW64) AppleWebKit/537.36 (KHTML, like Gecko) Chrome/103.0.5060.114 Safari/537.36"
20.171.207.125 - - [17/Apr/2025:07:13:21 -0400] "GET /wp-json/oembed/1.0/embed?format=xml&url=https%3A%2F%2Ffreelancingclients.com%2Finsulated-conservatory-roof-panels%2F HTTP/1.1" 200 1165 "-" "Mozilla/5.0 AppleWebKit/537.36 (KHTML, like Gecko; compatible; GPTBot/1.2; +https://openai.com/gptbot)"
198.54.114.83 - - [17/Apr/2025:07:13:25 -0400] "POST /wp-cron.php?doing_wp_cron=1744888401.8005259037017822265625 HTTP/1.1" 200 0 "-" "WordPress/6.8; https://freelancingclients.com"
45.159.21.67 - - [17/Apr/2025:07:13:48 -0400] "POST /wp-comments-post.php HTTP/1.1" 302 0 "https://freelancingclients.com/comment-attirer-plus-de-clients/" "Mozilla/5.0 (Windows NT 10.0; WOW64) AppleWebKit/537.36 (KHTML, like Gecko) Chrome/103.0.5060.114 Safari/537.36"
45.159.21.67 - - [17/Apr/2025:07:13:53 -0400] "GET /comment-attirer-plus-de-clients/ HTTP/1.1" 200 10611 "https://freelancingclients.com/comment-attirer-plus-de-clients/#comment-8455" "Mozilla/5.0 (Windows NT 10.0; WOW64) AppleWebKit/537.36 (KHTML, like Gecko) Chrome/103.0.5060.114 Safari/537.36"
20.171.207.125 - - [17/Apr/2025:07:13:55 -0400] "GET /?p=201 HTTP/1.1" 301 0 "-" "Mozilla/5.0 AppleWebKit/537.36 (KHTML, like Gecko; compatible; GPTBot/1.2; +https://openai.com/gptbot)"
198.54.114.83 - - [17/Apr/2025:07:14:25 -0400] "POST /wp-cron.php?doing_wp_cron=1744888464.8977539539337158203125 HTTP/1.1" 200 0 "-" "WordPress/6.8; https://freelancingclients.com"
20.171.207.125 - - [17/Apr/2025:07:14:24 -0400] "GET /wp-json/oembed/1.0/embed?url=https%3A%2F%2Ffreelancingclients.com%2Finsulated-conservatory-roof-panels%2F HTTP/1.1" 200 2439 "-" "Mozilla/5.0 AppleWebKit/537.36 (KHTML, like Gecko; compatible; GPTBot/1.2; +https://openai.com/gptbot)"
198.54.114.83 - - [17/Apr/2025:07:14:27 -0400] "POST /wp-admin/admin-ajax.php?action=async_litespeed&nonce=427FjRVtwLfVTzOJQSIkNHNCvHVE2K5C&litespeed_type=imgoptm HTTP/1.1" 200 0 "-" "WordPress/6.8; https://freelancingclients.com"
40.77.189.94 - - [17/Apr/2025:07:14:38 -0400] "GET /wp-content/fonts/inter/UcC73FwrK3iLTeHuS_nVMrMxCp50SjIa1ZL7.woff2 HTTP/1.1" 200 48444 "-" "Mozilla/5.0 AppleWebKit/537.36 (KHTML, like Gecko; compatible; bingbot/2.0; +http://www.bing.com/bingbot.htm) Chrome/100.0.4896.127 Safari/537.36"
198.54.114.83 - - [17/Apr/2025:07:14:56 -0400] "POST /wp-cron.php?doing_wp_cron=1744888495.6847450733184814453125 HTTP/1.1" 200 0 "-" "WordPress/6.8; https://freelancingclients.com"
20.171.207.125 - - [17/Apr/2025:07:14:55 -0400] "GET /wp-json/oembed/1.0/embed?format=xml&url=https%3A%2F%2Ffreelancingclients.com%2Fhow-to-find-a-caregiver-near-me%2F HTTP/1.1" 200 1208 "-" "Mozilla/5.0 AppleWebKit/537.36 (KHTML, like Gecko; compatible; GPTBot/1.2; +https://openai.com/gptbot)"
198.54.114.83 - - [17/Apr/2025:07:14:58 -0400] "POST /wp-admin/admin-ajax.php?action=async_litespeed&nonce=IoprlvyJenmzXX2gpBCvKIvh0aGfBWtf&litespeed_type=imgoptm HTTP/1.1" 200 0 "-" "WordPress/6.8; https://freelancingclients.com"
20.171.207.125 - - [17/Apr/2025:07:15:28 -0400] "GET /?p=201 HTTP/1.1" 301 0 "-" "Mozilla/5.0 AppleWebKit/537.36 (KHTML, like Gecko; compatible; GPTBot/1.2; +https://openai.com/gptbot)"
198.54.114.83 - - [17/Apr/2025:07:15:31 -0400] "POST /wp-cron.php?doing_wp_cron=1744888528.9475810527801513671875 HTTP/1.1" 200 0 "-" "WordPress/6.8; https://freelancingclients.com"
20.171.207.125 - - [17/Apr/2025:07:16:02 -0400] "GET /?p=216 HTTP/1.1" 301 0 "-" "Mozilla/5.0 AppleWebKit/537.36 (KHTML, like Gecko; compatible; GPTBot/1.2; +https://openai.com/gptbot)"
198.54.114.83 - - [17/Apr/2025:07:16:30 -0400] "POST /wp-cron.php?doing_wp_cron=1744888589.5612499713897705078125 HTTP/1.1" 200 0 "-" "WordPress/6.8; https://freelancingclients.com"
20.171.207.125 - - [17/Apr/2025:07:16:29 -0400] "GET /?p=189 HTTP/1.1" 301 0 "-" "Mozilla/5.0 AppleWebKit/537.36 (KHTML, like Gecko; compatible; GPTBot/1.2; +https://openai.com/gptbot)"
198.54.114.83 - - [17/Apr/2025:07:16:32 -0400] "POST /wp-admin/admin-ajax.php?action=async_litespeed&nonce=lg1luii6AMGQOdGZZ6oNN4Hl14G4FW7K&litespeed_type=imgoptm HTTP/1.1" 200 0 "-" "WordPress/6.8; https://freelancingclients.com"
20.171.207.125 - - [17/Apr/2025:07:16:32 -0400] "GET /?p=218 HTTP/1.1" 301 0 "-" "Mozilla/5.0 AppleWebKit/537.36 (KHTML, like Gecko; compatible; GPTBot/1.2; +https://openai.com/gptbot)"
20.171.207.125 - - [17/Apr/2025:07:17:04 -0400] "GET /?p=214 HTTP/1.1" 301 0 "-" "Mozilla/5.0 AppleWebKit/537.36 (KHTML, like Gecko; compatible; GPTBot/1.2; +https://openai.com/gptbot)"
198.54.114.83 - - [17/Apr/2025:07:17:06 -0400] "POST /wp-cron.php?doing_wp_cron=1744888624.6556830406188964843750 HTTP/1.1" 200 0 "-" "WordPress/6.8; https://freelancingclients.com"
20.171.207.125 - - [17/Apr/2025:07:17:05 -0400] "GET /?p=301 HTTP/1.1" 301 0 "-" "Mozilla/5.0 AppleWebKit/537.36 (KHTML, like Gecko; compatible; GPTBot/1.2; +https://openai.com/gptbot)"
20.171.207.125 - - [17/Apr/2025:07:17:34 -0400] "GET /?p=193 HTTP/1.1" 301 0 "-" "Mozilla/5.0 AppleWebKit/537.36 (KHTML, like Gecko; compatible; GPTBot/1.2; +https://openai.com/gptbot)"
20.171.207.125 - - [17/Apr/2025:07:18:02 -0400] "GET /xmlrpc.php HTTP/1.1" 405 46 "-" "Mozilla/5.0 AppleWebKit/537.36 (KHTML, like Gecko; compatible; GPTBot/1.2; +https://openai.com/gptbot)"
198.54.114.83 - - [17/Apr/2025:07:18:35 -0400] "POST /wp-cron.php?doing_wp_cron=1744888714.9399609565734863281250 HTTP/1.1" 200 0 "-" "WordPress/6.8; https://freelancingclients.com"
20.171.207.125 - - [17/Apr/2025:07:18:34 -0400] "GET /how-to-use-a-compost-tumbler/feed/ HTTP/1.1" 200 397 "-" "Mozilla/5.0 AppleWebKit/537.36 (KHTML, like Gecko; compatible; GPTBot/1.2; +https://openai.com/gptbot)"
198.54.114.83 - - [17/Apr/2025:07:18:36 -0400] "POST /wp-admin/admin-ajax.php?action=async_litespeed&nonce=6vFJjx5WfWjWlaQ7BaqMaPfdF3gAFHVD&litespeed_type=imgoptm HTTP/1.1" 200 0 "-" "WordPress/6.8; https://freelancingclients.com"
154.47.20.231 - - [17/Apr/2025:07:18:41 -0400] "GET / HTTP/1.1" 200 10016 "-" "Mozilla/5.0 (Windows; U; Windows NT 6.1; en-US; rv:1.9.1.5) Gecko/20091102 Firefox/3.5.5 (.NET CLR 3.5.30729)"
198.54.114.83 - - [17/Apr/2025:07:19:06 -0400] "POST /wp-cron.php?doing_wp_cron=1744888745.9019451141357421875000 HTTP/1.1" 200 0 "-" "WordPress/6.8; https://freelancingclients.com"
20.171.207.125 - - [17/Apr/2025:07:19:05 -0400] "GET /michael-kors-sales-bags-2/feed/ HTTP/1.1" 200 389 "-" "Mozilla/5.0 AppleWebKit/537.36 (KHTML, like Gecko; compatible; GPTBot/1.2; +https://openai.com/gptbot)"
198.54.114.83 - - [17/Apr/2025:07:19:07 -0400] "POST /wp-admin/admin-ajax.php?action=async_litespeed&nonce=qyoAgVySC9600oX0CB2qqpvdO52daGah&litespeed_type=imgoptm HTTP/1.1" 200 0 "-" "WordPress/6.8; https://freelancingclients.com"
178.20.45.159 - - [17/Apr/2025:07:19:40 -0400] "GET /osteopathy/ HTTP/1.1" 200 9643 "https://freelancingclients.com/osteopathy/#comment-9633/" "Mozilla/5.0 (Windows NT 10.0; Win64; x64) AppleWebKit/537.36 (KHTML, like Gecko) Chrome/131.0.0.0 Safari/537.36"
198.54.114.83 - - [17/Apr/2025:07:19:42 -0400] "POST /wp-cron.php?doing_wp_cron=1744888781.8537950515747070312500 HTTP/1.1" 200 0 "-" "WordPress/6.8; https://freelancingclients.com"
198.54.114.83 - - [17/Apr/2025:07:19:43 -0400] "POST /wp-admin/admin-ajax.php?action=async_litespeed&nonce=mqnjhaRg7pZbx1oE3yOWwS0VejlZmOkA&litespeed_type=imgoptm HTTP/1.1" 200 5 "-" "WordPress/6.8; https://freelancingclients.com"
178.20.45.159 - - [17/Apr/2025:07:19:41 -0400] "POST /wp-comments-post.php HTTP/1.1" 302 0 "https://freelancingclients.com/osteopathy/#comment-9633/" "Mozilla/5.0 (Windows NT 10.0; Win64; x64) AppleWebKit/537.36 (KHTML, like Gecko) Chrome/131.0.0.0 Safari/537.36"
178.20.45.159 - - [17/Apr/2025:07:19:44 -0400] "GET /osteopathy/ HTTP/1.1" 200 17459 "https://freelancingclients.com/osteopathy/#comment-8457" "Mozilla/5.0 (Windows NT 10.0; Win64; x64) AppleWebKit/537.36 (KHTML, like Gecko) Chrome/131.0.0.0 Safari/537.36"
198.54.114.83 - - [17/Apr/2025:07:20:46 -0400] "POST /wp-admin/admin-ajax.php?action=async_litespeed&nonce=WpRuVwZucTvIGd1F2ye6hYijQ0mcJpGb&litespeed_type=imgoptm HTTP/1.1" 200 0 "-" "WordPress/6.8; https://freelancingclients.com"
138.199.59.244 - - [17/Apr/2025:07:20:47 -0400] "GET /osteopathy/ HTTP/1.1" 200 10281 "https://freelancingclients.com/osteopathy/#comment-8458" "Mozilla/5.0 (Windows NT 10.0; Win64; x64) AppleWebKit/537.36 (KHTML, like Gecko) Chrome/129.0.0.0 Safari/537.36"
20.171.207.125 - - [17/Apr/2025:07:21:03 -0400] "GET /how-to-find-a-caregiver-near-me/embed/ HTTP/1.1" 200 6255 "-" "Mozilla/5.0 AppleWebKit/537.36 (KHTML, like Gecko; compatible; GPTBot/1.2; +https://openai.com/gptbot)"
198.54.114.83 - - [17/Apr/2025:07:21:19 -0400] "POST /wp-cron.php?doing_wp_cron=1744888878.9472169876098632812500 HTTP/1.1" 200 0 "-" "WordPress/6.8; https://freelancingclients.com"
2a03:2880:3ff:: - - [17/Apr/2025:07:21:18 -0400] "GET /hosted/images/11/4317807e7245239a49dc19dc716ed3/IMG_9902.jpg HTTP/1.1" 404 8130 "-" "facebookexternalhit/1.1 (+http://www.facebook.com/externalhit_uatext.php)"
20.171.207.125 - - [17/Apr/2025:07:21:33 -0400] "GET /insulated-conservatory-roof-panels/embed/ HTTP/1.1" 200 6240 "-" "Mozilla/5.0 AppleWebKit/537.36 (KHTML, like Gecko; compatible; GPTBot/1.2; +https://openai.com/gptbot)"
198.54.114.83 - - [17/Apr/2025:07:21:51 -0400] "POST /wp-admin/admin-ajax.php?action=async_litespeed&nonce=es6p5nMOrIWIJMZ6rfnCmKWNrSkYwNmk&litespeed_type=imgoptm HTTP/1.1" 200 0 "-" "WordPress/6.8; https://freelancingclients.com"
20.171.207.125 - - [17/Apr/2025:07:22:04 -0400] "GET /how-to-find-a-caregiver-near-me/feed/ HTTP/1.1" 200 405 "-" "Mozilla/5.0 AppleWebKit/537.36 (KHTML, like Gecko; compatible; GPTBot/1.2; +https://openai.com/gptbot)"
198.54.114.83 - - [17/Apr/2025:07:22:35 -0400] "POST /wp-cron.php?doing_wp_cron=1744888955.4348309040069580078125 HTTP/1.1" 200 0 "-" "WordPress/6.8; https://freelancingclients.com"
20.171.207.125 - - [17/Apr/2025:07:22:34 -0400] "GET /bilanz-hattingen/ HTTP/1.1" 200 9658 "-" "Mozilla/5.0 AppleWebKit/537.36 (KHTML, like Gecko; compatible; GPTBot/1.2; +https://openai.com/gptbot)"
198.54.114.83 - - [17/Apr/2025:07:23:07 -0400] "POST /wp-cron.php?doing_wp_cron=1744888986.8791370391845703125000 HTTP/1.1" 200 0 "-" "WordPress/6.8; https://freelancingclients.com"
20.171.207.125 - - [17/Apr/2025:07:23:06 -0400] "GET /bugatti-veyron-for-sale/feed/ HTTP/1.1" 200 390 "-" "Mozilla/5.0 AppleWebKit/537.36 (KHTML, like Gecko; compatible; GPTBot/1.2; +https://openai.com/gptbot)"
198.54.114.83 - - [17/Apr/2025:07:23:08 -0400] "POST /wp-admin/admin-ajax.php?action=async_litespeed&nonce=90K7txscv41I2CN8uoA3fskbQeHN646j&litespeed_type=imgoptm HTTP/1.1" 200 0 "-" "WordPress/6.8; https://freelancingclients.com"
198.54.114.83 - - [17/Apr/2025:07:23:42 -0400] "POST /wp-cron.php?doing_wp_cron=1744889020.9903330802917480468750 HTTP/1.1" 200 0 "-" "WordPress/6.8; https://freelancingclients.com"
20.171.207.125 - - [17/Apr/2025:07:23:40 -0400] "GET /strategies-efficaces/ HTTP/1.1" 200 10259 "-" "Mozilla/5.0 AppleWebKit/537.36 (KHTML, like Gecko; compatible; GPTBot/1.2; +https://openai.com/gptbot)"
20.171.207.125 - - [17/Apr/2025:07:24:14 -0400] "GET /hidden-moving-expenses/feed/ HTTP/1.1" 200 385 "-" "Mozilla/5.0 AppleWebKit/537.36 (KHTML, like Gecko; compatible; GPTBot/1.2; +https://openai.com/gptbot)"
198.54.114.83 - - [17/Apr/2025:07:24:48 -0400] "POST /wp-cron.php?doing_wp_cron=1744889087.8846569061279296875000 HTTP/1.1" 200 0 "-" "WordPress/6.8; https://freelancingclients.com"
20.171.207.125 - - [17/Apr/2025:07:24:47 -0400] "GET /cold-drawing-machine/feed/ HTTP/1.1" 200 389 "-" "Mozilla/5.0 AppleWebKit/537.36 (KHTML, like Gecko; compatible; GPTBot/1.2; +https://openai.com/gptbot)"
198.54.114.83 - - [17/Apr/2025:07:24:50 -0400] "POST /wp-admin/admin-ajax.php?action=async_litespeed&nonce=pKDp30FFa6By2zbrb3N2MDl19rLmLFUU&litespeed_type=imgoptm HTTP/1.1" 200 0 "-" "WordPress/6.8; https://freelancingclients.com"
43.154.242.199 - - [17/Apr/2025:07:25:00 -0400] "GET /an-all-encompassing-world-of-excitement/ HTTP/1.1" 200 10660 "-" "Python/3.10 aiohttp/3.10.5"
198.54.114.83 - - [17/Apr/2025:07:25:22 -0400] "POST /wp-cron.php?doing_wp_cron=1744889122.3817210197448730468750 HTTP/1.1" 200 0 "-" "WordPress/6.8; https://freelancingclients.com"
20.171.207.125 - - [17/Apr/2025:07:25:21 -0400] "GET /iced-coffee-glass/feed/ HTTP/1.1" 200 380 "-" "Mozilla/5.0 AppleWebKit/537.36 (KHTML, like Gecko; compatible; GPTBot/1.2; +https://openai.com/gptbot)"
20.171.207.125 - - [17/Apr/2025:07:25:36 -0400] "GET /favicon.ico HTTP/1.1" 404 1251 "-" "Mozilla/5.0 AppleWebKit/537.36 (KHTML, like Gecko; compatible; GPTBot/1.2; +https://openai.com/gptbot)"
198.54.114.83 - - [17/Apr/2025:07:26:06 -0400] "POST /wp-cron.php?doing_wp_cron=1744889165.9324209690093994140625 HTTP/1.1" 200 0 "-" "WordPress/6.8; https://freelancingclients.com"
20.171.207.125 - - [17/Apr/2025:07:26:05 -0400] "GET /wp-json/oembed/1.0/embed?url=https%3A%2F%2Ffreelancingclients.com%2Fbilanz-hattingen%2F HTTP/1.1" 200 2193 "-" "Mozilla/5.0 AppleWebKit/537.36 (KHTML, like Gecko; compatible; GPTBot/1.2; +https://openai.com/gptbot)"
198.54.114.83 - - [17/Apr/2025:07:26:07 -0400] "POST /wp-admin/admin-ajax.php?action=async_litespeed&nonce=pXrrnVVSCXXY608fEtG7DW6SLAY7zdrU&litespeed_type=imgoptm HTTP/1.1" 200 0 "-" "WordPress/6.8; https://freelancingclients.com"
198.54.114.83 - - [17/Apr/2025:07:26:39 -0400] "POST /wp-cron.php?doing_wp_cron=1744889198.9263670444488525390625 HTTP/1.1" 200 0 "-" "WordPress/6.8; https://freelancingclients.com"
20.171.207.125 - - [17/Apr/2025:07:26:38 -0400] "GET /?p=3509 HTTP/1.1" 301 0 "-" "Mozilla/5.0 AppleWebKit/537.36 (KHTML, like Gecko; compatible; GPTBot/1.2; +https://openai.com/gptbot)"
20.171.207.125 - - [17/Apr/2025:07:27:11 -0400] "GET /?p=3518 HTTP/1.1" 301 0 "-" "Mozilla/5.0 AppleWebKit/537.36 (KHTML, like Gecko; compatible; GPTBot/1.2; +https://openai.com/gptbot)"
198.54.114.83 - - [17/Apr/2025:07:27:13 -0400] "POST /wp-cron.php?doing_wp_cron=1744889232.2849349975585937500000 HTTP/1.1" 200 0 "-" "WordPress/6.8; https://freelancingclients.com"
20.171.207.125 - - [17/Apr/2025:07:27:43 -0400] "GET /xmlrpc.php HTTP/1.1" 405 46 "-" "Mozilla/5.0 AppleWebKit/537.36 (KHTML, like Gecko; compatible; GPTBot/1.2; +https://openai.com/gptbot)"
20.171.207.125 - - [17/Apr/2025:07:28:14 -0400] "GET /wp-content/uploads/2024/08/synthesize-6.mp3 HTTP/1.1" 200 67392 "-" "Mozilla/5.0 AppleWebKit/537.36 (KHTML, like Gecko; compatible; GPTBot/1.2; +https://openai.com/gptbot)"
198.54.114.83 - - [17/Apr/2025:07:28:46 -0400] "POST /wp-cron.php?doing_wp_cron=1744889325.1968219280242919921875 HTTP/1.1" 200 0 "-" "WordPress/6.8; https://freelancingclients.com"
20.171.207.125 - - [17/Apr/2025:07:28:44 -0400] "GET /strategies-efficaces/feed/ HTTP/1.1" 200 390 "-" "Mozilla/5.0 AppleWebKit/537.36 (KHTML, like Gecko; compatible; GPTBot/1.2; +https://openai.com/gptbot)"
96.62.105.34 - - [17/Apr/2025:07:29:24 -0400] "GET /ragdoll-archers-unblocked-game-features/ HTTP/1.1" 200 10478 "-" "Mozilla/5.0 (X11; Linux x86_64) AppleWebKit/535.24 (KHTML, like Gecko) Chrome/19.0.1055.1 Safari/535.24"
198.54.114.83 - - [17/Apr/2025:07:30:10 -0400] "POST /wp-cron.php?doing_wp_cron=1744889408.5817689895629882812500 HTTP/1.1" 200 0 "-" "WordPress/6.8; https://freelancingclients.com"
20.171.207.125 - - [17/Apr/2025:07:30:08 -0400] "GET /bilanz-hattingen/feed/ HTTP/1.1" 200 380 "-" "Mozilla/5.0 AppleWebKit/537.36 (KHTML, like Gecko; compatible; GPTBot/1.2; +https://openai.com/gptbot)"
20.171.207.125 - - [17/Apr/2025:07:30:41 -0400] "GET /wp-json/wp/v2/posts/3512 HTTP/1.1" 200 12132 "-" "Mozilla/5.0 AppleWebKit/537.36 (KHTML, like Gecko; compatible; GPTBot/1.2; +https://openai.com/gptbot)"
198.54.114.83 - - [17/Apr/2025:07:31:16 -0400] "POST /wp-cron.php?doing_wp_cron=1744889475.7983651161193847656250 HTTP/1.1" 200 0 "-" "WordPress/6.8; https://freelancingclients.com"
20.171.207.125 - - [17/Apr/2025:07:31:14 -0400] "GET /wp-json/wp/v2/posts/3526 HTTP/1.1" 200 10838 "-" "Mozilla/5.0 AppleWebKit/537.36 (KHTML, like Gecko; compatible; GPTBot/1.2; +https://openai.com/gptbot)"
198.54.114.83 - - [17/Apr/2025:07:31:17 -0400] "POST /wp-admin/admin-ajax.php?action=async_litespeed&nonce=JukUE2pinb9Bffej1EizR57S2BrM9dik&litespeed_type=imgoptm HTTP/1.1" 200 0 "-" "WordPress/6.8; https://freelancingclients.com"
198.54.114.83 - - [17/Apr/2025:07:31:50 -0400] "POST /wp-cron.php?doing_wp_cron=1744889509.4449689388275146484375 HTTP/1.1" 200 0 "-" "WordPress/6.8; https://freelancingclients.com"
20.171.207.125 - - [17/Apr/2025:07:31:49 -0400] "GET /wp-json/wp/v2/posts/3522 HTTP/1.1" 200 12168 "-" "Mozilla/5.0 AppleWebKit/537.36 (KHTML, like Gecko; compatible; GPTBot/1.2; +https://openai.com/gptbot)"
198.54.114.83 - - [17/Apr/2025:07:31:52 -0400] "POST /wp-admin/admin-ajax.php?action=async_litespeed&nonce=YvLxZOeviNCPPSSsEkQAp7UYX7piJMFP&litespeed_type=imgoptm HTTP/1.1" 200 0 "-" "WordPress/6.8; https://freelancingclients.com"
198.54.114.83 - - [17/Apr/2025:07:32:23 -0400] "POST /wp-cron.php?doing_wp_cron=1744889542.1935379505157470703125 HTTP/1.1" 200 0 "-" "WordPress/6.8; https://freelancingclients.com"
20.171.207.125 - - [17/Apr/2025:07:32:22 -0400] "GET /wp-json/wp/v2/posts/3529 HTTP/1.1" 200 12226 "-" "Mozilla/5.0 AppleWebKit/537.36 (KHTML, like Gecko; compatible; GPTBot/1.2; +https://openai.com/gptbot)"
20.171.207.125 - - [17/Apr/2025:07:32:56 -0400] "GET /wp-json/wp/v2/posts/3528 HTTP/1.1" 200 10602 "-" "Mozilla/5.0 AppleWebKit/537.36 (KHTML, like Gecko; compatible; GPTBot/1.2; +https://openai.com/gptbot)"
20.171.207.125 - - [17/Apr/2025:07:33:30 -0400] "GET /wp-json/wp/v2/posts/3518 HTTP/1.1" 200 10662 "-" "Mozilla/5.0 AppleWebKit/537.36 (KHTML, like Gecko; compatible; GPTBot/1.2; +https://openai.com/gptbot)"
198.54.114.83 - - [17/Apr/2025:07:33:34 -0400] "POST /wp-cron.php?doing_wp_cron=1744889611.5771279335021972656250 HTTP/1.1" 200 0 "-" "WordPress/6.8; https://freelancingclients.com"
20.171.207.125 - - [17/Apr/2025:07:34:02 -0400] "GET /wp-json/wp/v2/posts/3509 HTTP/1.1" 200 8420 "-" "Mozilla/5.0 AppleWebKit/537.36 (KHTML, like Gecko; compatible; GPTBot/1.2; +https://openai.com/gptbot)"
198.54.114.83 - - [17/Apr/2025:07:34:36 -0400] "POST /wp-cron.php?doing_wp_cron=1744889675.1168320178985595703125 HTTP/1.1" 200 0 "-" "WordPress/6.8; https://freelancingclients.com"
198.54.114.83 - - [17/Apr/2025:07:34:36 -0400] "POST /wp-cron.php?doing_wp_cron=1744889675.1334779262542724609375 HTTP/1.1" 200 0 "-" "WordPress/6.8; https://freelancingclients.com"
20.171.207.125 - - [17/Apr/2025:07:34:34 -0400] "GET /wp-json/wp/v2/posts/3514 HTTP/1.1" 200 12893 "-" "Mozilla/5.0 AppleWebKit/537.36 (KHTML, like Gecko; compatible; GPTBot/1.2; +https://openai.com/gptbot)"
20.171.207.125 - - [17/Apr/2025:07:34:34 -0400] "GET /wp-json/wp/v2/posts/3517 HTTP/1.1" 200 12570 "-" "Mozilla/5.0 AppleWebKit/537.36 (KHTML, like Gecko; compatible; GPTBot/1.2; +https://openai.com/gptbot)"
20.171.207.125 - - [17/Apr/2025:07:35:08 -0400] "GET /page/13/ HTTP/1.1" 200 10337 "-" "Mozilla/5.0 AppleWebKit/537.36 (KHTML, like Gecko; compatible; GPTBot/1.2; +https://openai.com/gptbot)"
198.54.114.83 - - [17/Apr/2025:07:35:47 -0400] "POST /wp-cron.php?doing_wp_cron=1744889746.4650359153747558593750 HTTP/1.1" 200 0 "-" "WordPress/6.8; https://freelancingclients.com"
20.171.207.125 - - [17/Apr/2025:07:35:45 -0400] "GET /page/149/ HTTP/1.1" 200 10126 "-" "Mozilla/5.0 AppleWebKit/537.36 (KHTML, like Gecko; compatible; GPTBot/1.2; +https://openai.com/gptbot)"
198.54.114.83 - - [17/Apr/2025:07:35:48 -0400] "POST /wp-admin/admin-ajax.php?action=async_litespeed&nonce=KdeTByUi083QKWqnwjXDfBON0qlejlYN&litespeed_type=imgoptm HTTP/1.1" 200 0 "-" "WordPress/6.8; https://freelancingclients.com"
20.171.207.125 - - [17/Apr/2025:07:36:19 -0400] "GET /wp-json/wp/v2/posts/20 HTTP/1.1" 200 21454 "-" "Mozilla/5.0 AppleWebKit/537.36 (KHTML, like Gecko; compatible; GPTBot/1.2; +https://openai.com/gptbot)"
198.54.114.83 - - [17/Apr/2025:07:36:24 -0400] "POST /wp-cron.php?doing_wp_cron=1744889781.9093470573425292968750 HTTP/1.1" 200 0 "-" "WordPress/6.8; https://freelancingclients.com"
20.171.207.125 - - [17/Apr/2025:07:36:54 -0400] "GET /wp-json/wp/v2/posts/66 HTTP/1.1" 200 12740 "-" "Mozilla/5.0 AppleWebKit/537.36 (KHTML, like Gecko; compatible; GPTBot/1.2; +https://openai.com/gptbot)"
47.79.213.220 - - [17/Apr/2025:07:37:01 -0400] "GET / HTTP/1.1" 200 10016 "https://www.google.com/" "Mozilla/5.0 (Linux; Android 10; K) AppleWebKit/537.36 (KHTML, like Gecko) Chrome/132.0.0.0 Mobile Safari/537.36"
47.79.213.220 - - [17/Apr/2025:07:37:01 -0400] "GET / HTTP/1.1" 200 10016 "https://www.google.com/" "Mozilla/5.0 (Linux; Android 10; K) AppleWebKit/537.36 (KHTML, like Gecko) Chrome/132.0.0.0 Mobile Safari/537.36"
20.171.207.125 - - [17/Apr/2025:07:37:26 -0400] "GET /wp-json/wp/v2/posts/72 HTTP/1.1" 200 9583 "-" "Mozilla/5.0 AppleWebKit/537.36 (KHTML, like Gecko; compatible; GPTBot/1.2; +https://openai.com/gptbot)"
198.54.114.83 - - [17/Apr/2025:07:37:29 -0400] "POST /wp-cron.php?doing_wp_cron=1744889847.0214080810546875000000 HTTP/1.1" 200 0 "-" "WordPress/6.8; https://freelancingclients.com"
198.54.114.83 - - [17/Apr/2025:07:38:51 -0400] "POST /wp-cron.php?doing_wp_cron=1744889931.1240310668945312500000 HTTP/1.1" 200 0 "-" "WordPress/6.8; https://freelancingclients.com"
20.171.207.125 - - [17/Apr/2025:07:38:49 -0400] "GET /navigating-employment-law-free-advice-for-your-workplace-concerns/ HTTP/1.1" 200 10154 "-" "Mozilla/5.0 AppleWebKit/537.36 (KHTML, like Gecko; compatible; GPTBot/1.2; +https://openai.com/gptbot)"
198.54.114.83 - - [17/Apr/2025:07:38:53 -0400] "POST /wp-admin/admin-ajax.php?action=async_litespeed&nonce=tqlyOrCuo2fQC38fVey22u9cHWjZsMD1&litespeed_type=imgoptm HTTP/1.1" 200 0 "-" "WordPress/6.8; https://freelancingclients.com"
198.54.114.83 - - [17/Apr/2025:07:39:26 -0400] "POST /wp-cron.php?doing_wp_cron=1744889964.8140089511871337890625 HTTP/1.1" 200 0 "-" "WordPress/6.8; https://freelancingclients.com"
20.171.207.125 - - [17/Apr/2025:07:39:24 -0400] "GET /the-thrill-of-online-casinos-a-new-era-in-gaming/ HTTP/1.1" 200 10908 "-" "Mozilla/5.0 AppleWebKit/537.36 (KHTML, like Gecko; compatible; GPTBot/1.2; +https://openai.com/gptbot)"
20.171.207.125 - - [17/Apr/2025:07:39:55 -0400] "GET /why-every-home-can-benefit-from-interior-and-exterior-window-shutters/ HTTP/1.1" 200 10646 "-" "Mozilla/5.0 AppleWebKit/537.36 (KHTML, like Gecko; compatible; GPTBot/1.2; +https://openai.com/gptbot)"
198.54.114.83 - - [17/Apr/2025:07:40:28 -0400] "POST /wp-cron.php?doing_wp_cron=1744890026.3803880214691162109375 HTTP/1.1" 200 0 "-" "WordPress/6.8; https://freelancingclients.com"
20.171.207.125 - - [17/Apr/2025:07:40:25 -0400] "GET /der-beste-scheidungsanwalt-in-hattingen-ein-umfassender-leitfaden/ HTTP/1.1" 200 10213 "-" "Mozilla/5.0 AppleWebKit/537.36 (KHTML, like Gecko; compatible; GPTBot/1.2; +https://openai.com/gptbot)"
20.171.207.125 - - [17/Apr/2025:07:41:00 -0400] "GET /erfahrener-scheidungsanwalt-in-hattingen-ihre-kompetente-unterstutzung/ HTTP/1.1" 200 10775 "-" "Mozilla/5.0 AppleWebKit/537.36 (KHTML, like Gecko; compatible; GPTBot/1.2; +https://openai.com/gptbot)"
87.250.224.120 - - [17/Apr/2025:07:41:04 -0400] "GET /robots.txt HTTP/1.1" 200 112 "-" "Mozilla/5.0 (compatible; YandexBot/3.0; +http://yandex.com/bots)"
77.88.47.14 - - [17/Apr/2025:07:41:05 -0400] "GET /understanding-aba-therapy-for-kids-in-dubai/ HTTP/1.1" 200 10130 "-" "Mozilla/5.0 (compatible; YandexBot/3.0; +http://yandex.com/bots)"
198.54.114.83 - - [17/Apr/2025:07:41:33 -0400] "POST /wp-cron.php?doing_wp_cron=1744890093.2430019378662109375000 HTTP/1.1" 200 0 "-" "WordPress/6.8; https://freelancingclients.com"
20.171.207.125 - - [17/Apr/2025:07:41:32 -0400] "GET /how-to-get-more-live-stream-viewers-on-youtube/ HTTP/1.1" 200 10923 "-" "Mozilla/5.0 AppleWebKit/537.36 (KHTML, like Gecko; compatible; GPTBot/1.2; +https://openai.com/gptbot)"
198.54.114.83 - - [17/Apr/2025:07:41:37 -0400] "POST /wp-admin/admin-ajax.php?action=async_litespeed&nonce=s8tHfsHKxQkIUh5MCnrE2Wrfw8YTMoh2&litespeed_type=imgoptm HTTP/1.1" 200 0 "-" "WordPress/6.8; https://freelancingclients.com"
198.54.114.83 - - [17/Apr/2025:07:42:06 -0400] "POST /wp-cron.php?doing_wp_cron=1744890125.9245159626007080078125 HTTP/1.1" 200 0 "-" "WordPress/6.8; https://freelancingclients.com"
20.171.207.125 - - [17/Apr/2025:07:42:05 -0400] "GET /free-employment-law-advice-essential-guidance-for-workers/ HTTP/1.1" 200 10583 "-" "Mozilla/5.0 AppleWebKit/537.36 (KHTML, like Gecko; compatible; GPTBot/1.2; +https://openai.com/gptbot)"
198.54.114.83 - - [17/Apr/2025:07:42:07 -0400] "POST /wp-admin/admin-ajax.php?action=async_litespeed&nonce=I7amZES3m4p4asEbjJq9xUhQGBIA7ZBF&litespeed_type=imgoptm HTTP/1.1" 200 5 "-" "WordPress/6.8; https://freelancingclients.com"
198.54.114.83 - - [17/Apr/2025:07:42:39 -0400] "POST /wp-cron.php?doing_wp_cron=1744890158.5622138977050781250000 HTTP/1.1" 200 0 "-" "WordPress/6.8; https://freelancingclients.com"
20.171.207.125 - - [17/Apr/2025:07:42:37 -0400] "GET /top-fertility-clinics-in-dubai-a-comprehensive-guide/ HTTP/1.1" 200 10692 "-" "Mozilla/5.0 AppleWebKit/537.36 (KHTML, like Gecko; compatible; GPTBot/1.2; +https://openai.com/gptbot)"
150.109.45.190 - - [17/Apr/2025:07:43:00 -0400] "GET /the-ultimate-employer-job-listing-platform-in-the-uk/ HTTP/1.1" 200 10564 "-" "Python/3.10 aiohttp/3.10.5"
20.171.207.125 - - [17/Apr/2025:07:43:03 -0400] "GET /wp-json/oembed/1.0/embed?url=https%3A%2F%2Ffreelancingclients.com%2Fthe-thrill-of-online-casinos-a-new-era-in-gaming%2F HTTP/1.1" 200 2623 "-" "Mozilla/5.0 AppleWebKit/537.36 (KHTML, like Gecko; compatible; GPTBot/1.2; +https://openai.com/gptbot)"
20.171.207.125 - - [17/Apr/2025:07:43:09 -0400] "GET /cloud-sports-software-vs-installed-sports-software/ HTTP/1.1" 200 10987 "-" "Mozilla/5.0 AppleWebKit/537.36 (KHTML, like Gecko; compatible; GPTBot/1.2; +https://openai.com/gptbot)"
20.171.207.125 - - [17/Apr/2025:07:43:35 -0400] "GET /?p=3497 HTTP/1.1" 301 0 "-" "Mozilla/5.0 AppleWebKit/537.36 (KHTML, like Gecko; compatible; GPTBot/1.2; +https://openai.com/gptbot)"
198.54.114.83 - - [17/Apr/2025:07:43:42 -0400] "POST /wp-cron.php?doing_wp_cron=1744890222.2590780258178710937500 HTTP/1.1" 200 0 "-" "WordPress/6.8; https://freelancingclients.com"
20.171.207.125 - - [17/Apr/2025:07:43:41 -0400] "GET /kunst-und-wissenschaft-des-erfolgreichen-verhandelns/ HTTP/1.1" 200 10562 "-" "Mozilla/5.0 AppleWebKit/537.36 (KHTML, like Gecko; compatible; GPTBot/1.2; +https://openai.com/gptbot)"
198.54.114.83 - - [17/Apr/2025:07:43:44 -0400] "POST /wp-admin/admin-ajax.php?action=async_litespeed&nonce=iEjixJGljGLm8UTnFTg2PJrbei7y9Cnw&litespeed_type=imgoptm HTTP/1.1" 200 0 "-" "WordPress/6.8; https://freelancingclients.com"
20.171.207.125 - - [17/Apr/2025:07:44:07 -0400] "GET /?p=3498 HTTP/1.1" 301 0 "-" "Mozilla/5.0 AppleWebKit/537.36 (KHTML, like Gecko; compatible; GPTBot/1.2; +https://openai.com/gptbot)"
198.54.114.83 - - [17/Apr/2025:07:44:40 -0400] "POST /wp-cron.php?doing_wp_cron=1744890279.9976089000701904296875 HTTP/1.1" 200 0 "-" "WordPress/6.8; https://freelancingclients.com"
20.171.207.125 - - [17/Apr/2025:07:44:39 -0400] "GET /?p=3503 HTTP/1.1" 301 0 "-" "Mozilla/5.0 AppleWebKit/537.36 (KHTML, like Gecko; compatible; GPTBot/1.2; +https://openai.com/gptbot)"
198.54.114.83 - - [17/Apr/2025:07:44:42 -0400] "POST /wp-admin/admin-ajax.php?action=async_litespeed&nonce=P15m2KPb8cCgniKKvVWZYXKZ9yvxWhTq&litespeed_type=imgoptm HTTP/1.1" 200 0 "-" "WordPress/6.8; https://freelancingclients.com"
34.244.247.18 - - [17/Apr/2025:07:44:58 -0400] "GET / HTTP/1.1" 200 10016 "-" "Mozilla/5.0 (Linux; Android 9; MIX 2S Build/PKQ1.180729.001; wv) AppleWebKit/537.36 (KHTML, like Gecko) Version/4.0 Chrome/66.0.3359.126 MQQBrowser/6.2 TBS/044807 Mobile Safari/537.36 MMWEBID/8952 MicroMessenger/7.0.6.1460(0x27000679) Process/tools NetType/4G Language/zh_CN"
198.54.114.83 - - [17/Apr/2025:07:45:14 -0400] "POST /wp-cron.php?doing_wp_cron=1744890313.8588008880615234375000 HTTP/1.1" 200 0 "-" "WordPress/6.8; https://freelancingclients.com"
20.171.207.125 - - [17/Apr/2025:07:45:13 -0400] "GET /?p=3507 HTTP/1.1" 301 0 "-" "Mozilla/5.0 AppleWebKit/537.36 (KHTML, like Gecko; compatible; GPTBot/1.2; +https://openai.com/gptbot)"
34.244.247.18 - - [17/Apr/2025:07:45:24 -0400] "GET /wp-emoji-release.min.js HTTP/1.1" 404 8131 "-" "Mozilla/5.0 (Macintosh; Intel Mac OS X 10_13_4) AppleWebKit/605.1.15 (KHTML, like Gecko) Version/11.1 Safari/605.1.15"
34.244.247.18 - - [17/Apr/2025:07:45:24 -0400] "GET //freelancingclients.com/wp-content/themes/newspaperly/js/skip-link-focus-fix.js HTTP/1.1" 301 0 "-" "Mozilla/5.0 (iPad; CPU OS 12_3 like Mac OS X) AppleWebKit/605.1.15 (KHTML, like Gecko) CriOS/76.0.3809.81 Mobile/15E148 Safari/605.1"
