20.171.207.125 - - [17/Apr/2025:21:35:41 -0400] "GET /?p=3078 HTTP/1.1" 301 0 "-" "Mozilla/5.0 AppleWebKit/537.36 (KHTML, like Gecko; compatible; GPTBot/1.2; +https://openai.com/gptbot)"
20.171.207.125 - - [17/Apr/2025:21:36:03 -0400] "GET /?p=669 HTTP/1.1" 301 0 "-" "Mozilla/5.0 AppleWebKit/537.36 (KHTML, like Gecko; compatible; GPTBot/1.2; +https://openai.com/gptbot)"
198.54.114.83 - - [17/Apr/2025:21:36:25 -0400] "POST /wp-cron.php?doing_wp_cron=1744940184.2525780200958251953125 HTTP/1.1" 200 0 "-" "WordPress/6.8; https://freelancingclients.com"
20.171.207.125 - - [17/Apr/2025:21:36:23 -0400] "GET /?p=3082 HTTP/1.1" 301 0 "-" "Mozilla/5.0 AppleWebKit/537.36 (KHTML, like Gecko; compatible; GPTBot/1.2; +https://openai.com/gptbot)"
20.171.207.125 - - [17/Apr/2025:21:36:46 -0400] "GET /proteger-votre-canape-avec-style/feed/ HTTP/1.1" 200 411 "-" "Mozilla/5.0 AppleWebKit/537.36 (KHTML, like Gecko; compatible; GPTBot/1.2; +https://openai.com/gptbot)"
18.233.229.81 - - [17/Apr/2025:21:36:48 -0400] "GET /elegance-and-modernity-combined/ HTTP/1.1" 200 10337 "-" "Grammarly/1.0 (http://www.grammarly.com)"
20.171.207.125 - - [17/Apr/2025:21:37:08 -0400] "GET /?p=694 HTTP/1.1" 301 0 "-" "Mozilla/5.0 AppleWebKit/537.36 (KHTML, like Gecko; compatible; GPTBot/1.2; +https://openai.com/gptbot)"
20.171.207.125 - - [17/Apr/2025:21:37:34 -0400] "GET /?p=682 HTTP/1.1" 301 0 "-" "Mozilla/5.0 AppleWebKit/537.36 (KHTML, like Gecko; compatible; GPTBot/1.2; +https://openai.com/gptbot)"
198.54.114.83 - - [17/Apr/2025:21:37:39 -0400] "POST /wp-cron.php?doing_wp_cron=1744940255.4664568901062011718750 HTTP/1.1" 200 0 "-" "WordPress/6.8; https://freelancingclients.com"
20.171.207.125 - - [17/Apr/2025:21:37:56 -0400] "GET /xmlrpc.php HTTP/1.1" 405 46 "-" "Mozilla/5.0 AppleWebKit/537.36 (KHTML, like Gecko; compatible; GPTBot/1.2; +https://openai.com/gptbot)"
20.171.207.125 - - [17/Apr/2025:21:38:19 -0400] "GET /?p=671 HTTP/1.1" 301 0 "-" "Mozilla/5.0 AppleWebKit/537.36 (KHTML, like Gecko; compatible; GPTBot/1.2; +https://openai.com/gptbot)"
198.54.114.83 - - [17/Apr/2025:21:38:40 -0400] "POST /wp-cron.php?doing_wp_cron=1744940319.9149250984191894531250 HTTP/1.1" 200 0 "-" "WordPress/6.8; https://freelancingclients.com"
20.171.207.125 - - [17/Apr/2025:21:38:39 -0400] "GET /?p=711 HTTP/1.1" 301 0 "-" "Mozilla/5.0 AppleWebKit/537.36 (KHTML, like Gecko; compatible; GPTBot/1.2; +https://openai.com/gptbot)"
198.54.114.83 - - [17/Apr/2025:21:38:42 -0400] "POST /wp-admin/admin-ajax.php?action=async_litespeed&nonce=jf1fKFzVdNBkLsAXt4weHq5aFbR590nq&litespeed_type=imgoptm HTTP/1.1" 200 0 "-" "WordPress/6.8; https://freelancingclients.com"
20.171.207.125 - - [17/Apr/2025:21:39:00 -0400] "GET /what-is-seo-and-why-is-it-important/feed/ HTTP/1.1" 200 410 "-" "Mozilla/5.0 AppleWebKit/537.36 (KHTML, like Gecko; compatible; GPTBot/1.2; +https://openai.com/gptbot)"
198.54.114.83 - - [17/Apr/2025:21:39:21 -0400] "POST /wp-cron.php?doing_wp_cron=1744940361.1286499500274658203125 HTTP/1.1" 200 0 "-" "WordPress/6.8; https://freelancingclients.com"
20.171.207.125 - - [17/Apr/2025:21:39:20 -0400] "GET /isolation-professionnelle-a-geneve/feed/ HTTP/1.1" 200 397 "-" "Mozilla/5.0 AppleWebKit/537.36 (KHTML, like Gecko; compatible; GPTBot/1.2; +https://openai.com/gptbot)"
198.54.114.83 - - [17/Apr/2025:21:39:43 -0400] "POST /wp-cron.php?doing_wp_cron=1744940382.8778669834136962890625 HTTP/1.1" 200 0 "-" "WordPress/6.8; https://freelancingclients.com"
20.171.207.125 - - [17/Apr/2025:21:39:42 -0400] "GET /choosing-a-camper-refrigerator/feed/ HTTP/1.1" 200 392 "-" "Mozilla/5.0 AppleWebKit/537.36 (KHTML, like Gecko; compatible; GPTBot/1.2; +https://openai.com/gptbot)"
198.54.114.83 - - [17/Apr/2025:21:39:45 -0400] "POST /wp-admin/admin-ajax.php?action=async_litespeed&nonce=IGTVOaQU9ALvgDUw2AJDuhUCqVnA2PYb&litespeed_type=imgoptm HTTP/1.1" 200 0 "-" "WordPress/6.8; https://freelancingclients.com"
20.171.207.125 - - [17/Apr/2025:21:40:04 -0400] "GET /solid-conservatory-roof/feed/ HTTP/1.1" 200 384 "-" "Mozilla/5.0 AppleWebKit/537.36 (KHTML, like Gecko; compatible; GPTBot/1.2; +https://openai.com/gptbot)"
20.171.207.125 - - [17/Apr/2025:21:40:27 -0400] "GET /rv-refrigerator-repair/feed/ HTTP/1.1" 200 383 "-" "Mozilla/5.0 AppleWebKit/537.36 (KHTML, like Gecko; compatible; GPTBot/1.2; +https://openai.com/gptbot)"
198.54.114.83 - - [17/Apr/2025:21:40:29 -0400] "POST /wp-cron.php?doing_wp_cron=1744940428.0411770343780517578125 HTTP/1.1" 200 0 "-" "WordPress/6.8; https://freelancingclients.com"
52.167.144.187 - - [17/Apr/2025:21:40:38 -0400] "GET /url-shorteners/ HTTP/1.1" 200 9849 "-" "Mozilla/5.0 AppleWebKit/537.36 (KHTML, like Gecko; compatible; bingbot/2.0; +http://www.bing.com/bingbot.htm) Chrome/116.0.1938.76 Safari/537.36"
20.171.207.125 - - [17/Apr/2025:21:40:48 -0400] "GET /wp-content/uploads/2023/08/synthesize-6.mp3 HTTP/1.1" 200 35712 "-" "Mozilla/5.0 AppleWebKit/537.36 (KHTML, like Gecko; compatible; GPTBot/1.2; +https://openai.com/gptbot)"
20.171.207.125 - - [17/Apr/2025:21:41:08 -0400] "GET /wp-content/uploads/2023/08/synthesize-1-2.mp3 HTTP/1.1" 200 37728 "-" "Mozilla/5.0 AppleWebKit/537.36 (KHTML, like Gecko; compatible; GPTBot/1.2; +https://openai.com/gptbot)"
138.246.253.24 - - [17/Apr/2025:21:41:19 -0400] "GET /robots.txt HTTP/1.1" 304 0 "-" "Mozilla/5.0 (Windows NT 10.0; Win64; x64) AppleWebKit/537.36 (KHTML, like Gecko) Chrome/103.0.5060.134 Safari/537.36"
198.54.114.83 - - [17/Apr/2025:21:41:32 -0400] "POST /wp-cron.php?doing_wp_cron=1744940491.5689458847045898437500 HTTP/1.1" 200 0 "-" "WordPress/6.8; https://freelancingclients.com"
20.171.207.125 - - [17/Apr/2025:21:41:30 -0400] "GET /lawyer-hattingen/feed/ HTTP/1.1" 200 381 "-" "Mozilla/5.0 AppleWebKit/537.36 (KHTML, like Gecko; compatible; GPTBot/1.2; +https://openai.com/gptbot)"
20.171.207.125 - - [17/Apr/2025:21:41:54 -0400] "GET /wp-json/wp/v2/posts/3088 HTTP/1.1" 200 12238 "-" "Mozilla/5.0 AppleWebKit/537.36 (KHTML, like Gecko; compatible; GPTBot/1.2; +https://openai.com/gptbot)"
20.171.207.125 - - [17/Apr/2025:21:42:16 -0400] "GET /wp-json/wp/v2/posts/3082 HTTP/1.1" 200 11725 "-" "Mozilla/5.0 AppleWebKit/537.36 (KHTML, like Gecko; compatible; GPTBot/1.2; +https://openai.com/gptbot)"
198.54.114.83 - - [17/Apr/2025:21:42:38 -0400] "POST /wp-cron.php?doing_wp_cron=1744940558.5251779556274414062500 HTTP/1.1" 200 0 "-" "WordPress/6.8; https://freelancingclients.com"
20.171.207.125 - - [17/Apr/2025:21:42:38 -0400] "GET /wp-json/wp/v2/posts/3084 HTTP/1.1" 200 10434 "-" "Mozilla/5.0 AppleWebKit/537.36 (KHTML, like Gecko; compatible; GPTBot/1.2; +https://openai.com/gptbot)"
198.54.114.83 - - [17/Apr/2025:21:42:40 -0400] "POST /wp-admin/admin-ajax.php?action=async_litespeed&nonce=WyMCSKiI9PIrA9ujvCkmLMLCqMyIjiyU&litespeed_type=imgoptm HTTP/1.1" 200 0 "-" "WordPress/6.8; https://freelancingclients.com"
2a02:598:64:8a00::3100:4 - - [17/Apr/2025:21:42:45 -0400] "GET /buy-careprost/ HTTP/1.1" 200 10822 "-" "Mozilla/5.0 (compatible; SeznamBot/4.0; +https://o-seznam.cz/napoveda/vyhledavani/en/seznambot-crawler/)"
198.54.114.83 - - [17/Apr/2025:21:43:00 -0400] "POST /wp-cron.php?doing_wp_cron=1744940579.3218209743499755859375 HTTP/1.1" 200 0 "-" "WordPress/6.8; https://freelancingclients.com"
20.171.207.125 - - [17/Apr/2025:21:42:58 -0400] "GET /wp-json/wp/v2/posts/3078 HTTP/1.1" 200 10964 "-" "Mozilla/5.0 AppleWebKit/537.36 (KHTML, like Gecko; compatible; GPTBot/1.2; +https://openai.com/gptbot)"
198.54.114.83 - - [17/Apr/2025:21:43:01 -0400] "POST /wp-admin/admin-ajax.php?action=async_litespeed&nonce=OcDNN4cLOCijEcCf9khFBqHE6oTAUfbI&litespeed_type=imgoptm HTTP/1.1" 200 0 "-" "WordPress/6.8; https://freelancingclients.com"
198.54.114.83 - - [17/Apr/2025:21:43:21 -0400] "POST /wp-cron.php?doing_wp_cron=1744940601.1498401165008544921875 HTTP/1.1" 200 0 "-" "WordPress/6.8; https://freelancingclients.com"
20.171.207.125 - - [17/Apr/2025:21:43:20 -0400] "GET /wp-json/wp/v2/posts/3074 HTTP/1.1" 200 11344 "-" "Mozilla/5.0 AppleWebKit/537.36 (KHTML, like Gecko; compatible; GPTBot/1.2; +https://openai.com/gptbot)"
198.54.114.83 - - [17/Apr/2025:21:43:44 -0400] "POST /wp-cron.php?doing_wp_cron=1744940623.8785820007324218750000 HTTP/1.1" 200 0 "-" "WordPress/6.8; https://freelancingclients.com"
20.171.207.125 - - [17/Apr/2025:21:43:43 -0400] "GET /wp-json/wp/v2/posts/3076 HTTP/1.1" 200 11785 "-" "Mozilla/5.0 AppleWebKit/537.36 (KHTML, like Gecko; compatible; GPTBot/1.2; +https://openai.com/gptbot)"
198.54.114.83 - - [17/Apr/2025:21:43:44 -0400] "POST /wp-admin/admin-ajax.php?action=async_litespeed&nonce=ioFuAdkQTrYBsw0f3S5stfQXEz0tohnc&litespeed_type=imgoptm HTTP/1.1" 200 5 "-" "WordPress/6.8; https://freelancingclients.com"
20.171.207.125 - - [17/Apr/2025:21:44:03 -0400] "GET /wp-json/wp/v2/posts/3086 HTTP/1.1" 200 10654 "-" "Mozilla/5.0 AppleWebKit/537.36 (KHTML, like Gecko; compatible; GPTBot/1.2; +https://openai.com/gptbot)"
198.54.114.83 - - [17/Apr/2025:21:44:26 -0400] "POST /wp-cron.php?doing_wp_cron=1744940665.6178569793701171875000 HTTP/1.1" 200 0 "-" "WordPress/6.8; https://freelancingclients.com"
20.171.207.125 - - [17/Apr/2025:21:44:25 -0400] "GET /page/33/ HTTP/1.1" 200 10189 "-" "Mozilla/5.0 AppleWebKit/537.36 (KHTML, like Gecko; compatible; GPTBot/1.2; +https://openai.com/gptbot)"
198.54.114.83 - - [17/Apr/2025:21:44:54 -0400] "POST /wp-cron.php?doing_wp_cron=1744940694.0054359436035156250000 HTTP/1.1" 200 0 "-" "WordPress/6.8; https://freelancingclients.com"
20.171.207.125 - - [17/Apr/2025:21:44:53 -0400] "GET /page/129/ HTTP/1.1" 200 10187 "-" "Mozilla/5.0 AppleWebKit/537.36 (KHTML, like Gecko; compatible; GPTBot/1.2; +https://openai.com/gptbot)"
198.54.114.83 - - [17/Apr/2025:21:44:55 -0400] "POST /wp-admin/admin-ajax.php?action=async_litespeed&nonce=rULrMeYIWDFIL7Y2S3ff3EnAOPtqvRdW&litespeed_type=imgoptm HTTP/1.1" 200 0 "-" "WordPress/6.8; https://freelancingclients.com"
198.54.114.83 - - [17/Apr/2025:21:45:16 -0400] "POST /wp-cron.php?doing_wp_cron=1744940714.9749860763549804687500 HTTP/1.1" 200 0 "-" "WordPress/6.8; https://freelancingclients.com"
20.171.207.125 - - [17/Apr/2025:21:45:14 -0400] "GET /wp-json/wp/v2/posts/676 HTTP/1.1" 200 11607 "-" "Mozilla/5.0 AppleWebKit/537.36 (KHTML, like Gecko; compatible; GPTBot/1.2; +https://openai.com/gptbot)"
20.171.207.125 - - [17/Apr/2025:21:45:43 -0400] "GET /wp-json/wp/v2/posts/678 HTTP/1.1" 200 13186 "-" "Mozilla/5.0 AppleWebKit/537.36 (KHTML, like Gecko; compatible; GPTBot/1.2; +https://openai.com/gptbot)"
198.54.114.83 - - [17/Apr/2025:21:46:22 -0400] "POST /wp-cron.php?doing_wp_cron=1744940781.6146869659423828125000 HTTP/1.1" 200 0 "-" "WordPress/6.8; https://freelancingclients.com"
20.171.207.125 - - [17/Apr/2025:21:46:20 -0400] "GET /wp-json/wp/v2/posts/669 HTTP/1.1" 200 12725 "-" "Mozilla/5.0 AppleWebKit/537.36 (KHTML, like Gecko; compatible; GPTBot/1.2; +https://openai.com/gptbot)"
198.54.114.83 - - [17/Apr/2025:21:46:24 -0400] "POST /wp-admin/admin-ajax.php?action=async_litespeed&nonce=Sy65l1VDPFqiBg6uXfaTltnqx2rZck8g&litespeed_type=imgoptm HTTP/1.1" 200 0 "-" "WordPress/6.8; https://freelancingclients.com"
198.54.114.83 - - [17/Apr/2025:21:46:46 -0400] "POST /wp-cron.php?doing_wp_cron=1744940805.5928130149841308593750 HTTP/1.1" 200 0 "-" "WordPress/6.8; https://freelancingclients.com"
20.171.207.125 - - [17/Apr/2025:21:46:45 -0400] "GET /wp-json/wp/v2/posts/694 HTTP/1.1" 200 12739 "-" "Mozilla/5.0 AppleWebKit/537.36 (KHTML, like Gecko; compatible; GPTBot/1.2; +https://openai.com/gptbot)"
20.171.207.125 - - [17/Apr/2025:21:47:05 -0400] "GET /wp-json/wp/v2/posts/711 HTTP/1.1" 200 12262 "-" "Mozilla/5.0 AppleWebKit/537.36 (KHTML, like Gecko; compatible; GPTBot/1.2; +https://openai.com/gptbot)"
43.128.36.137 - - [17/Apr/2025:21:47:12 -0400] "GET /weight-loss-treatment/ HTTP/1.1" 200 11309 "-" "Python/3.10 aiohttp/3.10.5"
20.171.207.125 - - [17/Apr/2025:21:47:26 -0400] "GET /wp-json/wp/v2/posts/671 HTTP/1.1" 200 9653 "-" "Mozilla/5.0 AppleWebKit/537.36 (KHTML, like Gecko; compatible; GPTBot/1.2; +https://openai.com/gptbot)"
198.54.114.83 - - [17/Apr/2025:21:47:46 -0400] "POST /wp-cron.php?doing_wp_cron=1744940865.8983120918273925781250 HTTP/1.1" 200 0 "-" "WordPress/6.8; https://freelancingclients.com"
20.171.207.125 - - [17/Apr/2025:21:47:45 -0400] "GET /wp-json/wp/v2/posts/682 HTTP/1.1" 200 9760 "-" "Mozilla/5.0 AppleWebKit/537.36 (KHTML, like Gecko; compatible; GPTBot/1.2; +https://openai.com/gptbot)"
198.54.114.83 - - [17/Apr/2025:21:47:47 -0400] "POST /wp-admin/admin-ajax.php?action=async_litespeed&nonce=RH0CocKCGEQ0RZMMvsDI9BZGNAE132QH&litespeed_type=imgoptm HTTP/1.1" 200 0 "-" "WordPress/6.8; https://freelancingclients.com"
20.171.207.125 - - [17/Apr/2025:21:48:07 -0400] "GET /wp-json/wp/v2/posts/680 HTTP/1.1" 200 12202 "-" "Mozilla/5.0 AppleWebKit/537.36 (KHTML, like Gecko; compatible; GPTBot/1.2; +https://openai.com/gptbot)"
198.54.114.83 - - [17/Apr/2025:21:48:31 -0400] "POST /wp-cron.php?doing_wp_cron=1744940910.0879271030426025390625 HTTP/1.1" 200 0 "-" "WordPress/6.8; https://freelancingclients.com"
20.171.207.125 - - [17/Apr/2025:21:48:30 -0400] "GET /revolutionizing-plumbing-systems-with-ppr-pipes-and-fittings/ HTTP/1.1" 200 10578 "-" "Mozilla/5.0 AppleWebKit/537.36 (KHTML, like Gecko; compatible; GPTBot/1.2; +https://openai.com/gptbot)"
114.119.153.191 - - [17/Apr/2025:21:48:29 -0400] "GET /category/activity/page/155/ HTTP/1.1" 200 10558 "https://freelancingclients.com/category/activity/page/156/" "Mozilla/5.0 (Linux; Android 7.0;) AppleWebKit/537.36 (KHTML, like Gecko) Mobile Safari/537.36 (compatible; PetalBot;+https://webmaster.petalsearch.com/site/petalbot)"
20.171.207.125 - - [17/Apr/2025:21:48:53 -0400] "GET /prp-hair-loss-treatment-in-hyderabad-fue-treatment-follicular-unit-extraction/ HTTP/1.1" 200 11072 "-" "Mozilla/5.0 AppleWebKit/537.36 (KHTML, like Gecko; compatible; GPTBot/1.2; +https://openai.com/gptbot)"
20.171.207.125 - - [17/Apr/2025:21:49:16 -0400] "GET /source-soft-solutions-ux-and-ui-design-services/ HTTP/1.1" 200 10795 "-" "Mozilla/5.0 AppleWebKit/537.36 (KHTML, like Gecko; compatible; GPTBot/1.2; +https://openai.com/gptbot)"
198.54.114.83 - - [17/Apr/2025:21:49:42 -0400] "POST /wp-cron.php?doing_wp_cron=1744940981.9210679531097412109375 HTTP/1.1" 200 0 "-" "WordPress/6.8; https://freelancingclients.com"
20.171.207.125 - - [17/Apr/2025:21:49:41 -0400] "GET /redonnez-vie-a-votre-fauteuil-avec-une-housse/ HTTP/1.1" 200 10322 "-" "Mozilla/5.0 AppleWebKit/537.36 (KHTML, like Gecko; compatible; GPTBot/1.2; +https://openai.com/gptbot)"
198.54.114.83 - - [17/Apr/2025:21:49:43 -0400] "POST /wp-admin/admin-ajax.php?action=async_litespeed&nonce=01n626b9PO9bbcSlhZF2UhhjVjJuakqo&litespeed_type=imgoptm HTTP/1.1" 200 5 "-" "WordPress/6.8; https://freelancingclients.com"
20.171.207.125 - - [17/Apr/2025:21:50:04 -0400] "GET /unlocking-entertainment-the-rise-of-games-hire/ HTTP/1.1" 200 10387 "-" "Mozilla/5.0 AppleWebKit/537.36 (KHTML, like Gecko; compatible; GPTBot/1.2; +https://openai.com/gptbot)"
198.54.114.83 - - [17/Apr/2025:21:50:27 -0400] "POST /wp-cron.php?doing_wp_cron=1744941026.9873960018157958984375 HTTP/1.1" 200 0 "-" "WordPress/6.8; https://freelancingclients.com"
20.171.207.125 - - [17/Apr/2025:21:50:26 -0400] "GET /innovative-advancements-in-ppr-pipes-and-fittings/ HTTP/1.1" 200 10409 "-" "Mozilla/5.0 AppleWebKit/537.36 (KHTML, like Gecko; compatible; GPTBot/1.2; +https://openai.com/gptbot)"
198.54.114.83 - - [17/Apr/2025:21:50:50 -0400] "POST /wp-cron.php?doing_wp_cron=1744941049.7930879592895507812500 HTTP/1.1" 200 0 "-" "WordPress/6.8; https://freelancingclients.com"
198.54.114.83 - - [17/Apr/2025:21:50:51 -0400] "POST /wp-admin/admin-ajax.php?action=async_litespeed&nonce=bf6uGbnxxL5zpLMJXOy5aN5kUuYnVxjo&litespeed_type=imgoptm HTTP/1.1" 200 0 "-" "WordPress/6.8; https://freelancingclients.com"
20.171.207.125 - - [17/Apr/2025:21:50:49 -0400] "GET /how-to-choose-a-replacement-conservatory-roof/ HTTP/1.1" 200 10840 "-" "Mozilla/5.0 AppleWebKit/537.36 (KHTML, like Gecko; compatible; GPTBot/1.2; +https://openai.com/gptbot)"
198.54.114.83 - - [17/Apr/2025:21:51:18 -0400] "POST /wp-cron.php?doing_wp_cron=1744941076.8297240734100341796875 HTTP/1.1" 200 0 "-" "WordPress/6.8; https://freelancingclients.com"
20.171.207.125 - - [17/Apr/2025:21:51:16 -0400] "GET /innovative-plumbing-solutions-with-pert-pipes/ HTTP/1.1" 200 10293 "-" "Mozilla/5.0 AppleWebKit/537.36 (KHTML, like Gecko; compatible; GPTBot/1.2; +https://openai.com/gptbot)"
20.171.207.125 - - [17/Apr/2025:21:51:39 -0400] "GET /advancing-plumbing-technology-with-ppr-pipes/ HTTP/1.1" 200 10424 "-" "Mozilla/5.0 AppleWebKit/537.36 (KHTML, like Gecko; compatible; GPTBot/1.2; +https://openai.com/gptbot)"
20.171.207.125 - - [17/Apr/2025:21:51:59 -0400] "GET /discover-hanoi-vietnam-on-travelers-eyes/ HTTP/1.1" 200 11610 "-" "Mozilla/5.0 AppleWebKit/537.36 (KHTML, like Gecko; compatible; GPTBot/1.2; +https://openai.com/gptbot)"
198.54.114.83 - - [17/Apr/2025:21:52:21 -0400] "POST /wp-cron.php?doing_wp_cron=1744941140.8884840011596679687500 HTTP/1.1" 200 0 "-" "WordPress/6.8; https://freelancingclients.com"
20.171.207.125 - - [17/Apr/2025:21:52:20 -0400] "GET /have-fun-with-online-casino-gambling/ HTTP/1.1" 200 10885 "-" "Mozilla/5.0 AppleWebKit/537.36 (KHTML, like Gecko; compatible; GPTBot/1.2; +https://openai.com/gptbot)"
198.54.114.83 - - [17/Apr/2025:21:52:23 -0400] "POST /wp-admin/admin-ajax.php?action=async_litespeed&nonce=dPSA7wPDrUL10zH6NJa6HSD6kUaUzglr&litespeed_type=imgoptm HTTP/1.1" 200 0 "-" "WordPress/6.8; https://freelancingclients.com"
20.171.207.125 - - [17/Apr/2025:21:52:43 -0400] "GET /understanding-american-heart-association-bls/ HTTP/1.1" 200 10484 "-" "Mozilla/5.0 AppleWebKit/537.36 (KHTML, like Gecko; compatible; GPTBot/1.2; +https://openai.com/gptbot)"
198.54.114.83 - - [17/Apr/2025:21:52:47 -0400] "POST /wp-cron.php?doing_wp_cron=1744941164.7496449947357177734375 HTTP/1.1" 200 0 "-" "WordPress/6.8; https://freelancingclients.com"
20.171.207.125 - - [17/Apr/2025:21:53:04 -0400] "GET /?p=3064 HTTP/1.1" 301 0 "-" "Mozilla/5.0 AppleWebKit/537.36 (KHTML, like Gecko; compatible; GPTBot/1.2; +https://openai.com/gptbot)"
20.171.207.125 - - [17/Apr/2025:21:53:27 -0400] "GET /?p=704 HTTP/1.1" 301 0 "-" "Mozilla/5.0 AppleWebKit/537.36 (KHTML, like Gecko; compatible; GPTBot/1.2; +https://openai.com/gptbot)"
198.54.114.83 - - [17/Apr/2025:21:53:47 -0400] "POST /wp-cron.php?doing_wp_cron=1744941227.1415929794311523437500 HTTP/1.1" 200 0 "-" "WordPress/6.8; https://freelancingclients.com"
20.171.207.125 - - [17/Apr/2025:21:53:46 -0400] "GET /?p=698 HTTP/1.1" 301 0 "-" "Mozilla/5.0 AppleWebKit/537.36 (KHTML, like Gecko; compatible; GPTBot/1.2; +https://openai.com/gptbot)"
198.54.114.83 - - [17/Apr/2025:21:53:48 -0400] "POST /wp-admin/admin-ajax.php?action=async_litespeed&nonce=lo3bGRfAH1HbkvX0cxsDBqbJ42PZM4M0&litespeed_type=imgoptm HTTP/1.1" 200 0 "-" "WordPress/6.8; https://freelancingclients.com"
20.171.207.125 - - [17/Apr/2025:21:54:06 -0400] "GET /?p=3052 HTTP/1.1" 301 0 "-" "Mozilla/5.0 AppleWebKit/537.36 (KHTML, like Gecko; compatible; GPTBot/1.2; +https://openai.com/gptbot)"
20.171.207.125 - - [17/Apr/2025:21:54:28 -0400] "GET /?p=3070 HTTP/1.1" 301 0 "-" "Mozilla/5.0 AppleWebKit/537.36 (KHTML, like Gecko; compatible; GPTBot/1.2; +https://openai.com/gptbot)"
198.54.114.83 - - [17/Apr/2025:21:54:30 -0400] "POST /wp-cron.php?doing_wp_cron=1744941268.3476529121398925781250 HTTP/1.1" 200 0 "-" "WordPress/6.8; https://freelancingclients.com"
20.171.207.125 - - [17/Apr/2025:21:54:50 -0400] "GET /?p=3062 HTTP/1.1" 301 0 "-" "Mozilla/5.0 AppleWebKit/537.36 (KHTML, like Gecko; compatible; GPTBot/1.2; +https://openai.com/gptbot)"
20.171.207.125 - - [17/Apr/2025:21:55:11 -0400] "GET /?p=3056 HTTP/1.1" 301 0 "-" "Mozilla/5.0 AppleWebKit/537.36 (KHTML, like Gecko; compatible; GPTBot/1.2; +https://openai.com/gptbot)"
47.128.111.127 - - [17/Apr/2025:21:55:23 -0400] "GET /steuererklarung/ HTTP/1.1" 200 9925 "-" "Mozilla/5.0 (Linux; Android 5.0) AppleWebKit/537.36 (KHTML, like Gecko) Mobile Safari/537.36 (compatible; TikTokSpider; ttspider-feedback@tiktok.com)"
198.54.114.83 - - [17/Apr/2025:21:55:36 -0400] "POST /wp-cron.php?doing_wp_cron=1744941336.0670049190521240234375 HTTP/1.1" 200 0 "-" "WordPress/6.8; https://freelancingclients.com"
20.171.207.125 - - [17/Apr/2025:21:55:35 -0400] "GET /?p=3053 HTTP/1.1" 301 0 "-" "Mozilla/5.0 AppleWebKit/537.36 (KHTML, like Gecko; compatible; GPTBot/1.2; +https://openai.com/gptbot)"
198.54.114.83 - - [17/Apr/2025:21:55:38 -0400] "POST /wp-admin/admin-ajax.php?action=async_litespeed&nonce=oCXWtGaOGkWxZm1bBW82MrFglRj0v6B7&litespeed_type=imgoptm HTTP/1.1" 200 0 "-" "WordPress/6.8; https://freelancingclients.com"
20.171.207.125 - - [17/Apr/2025:21:55:55 -0400] "GET /?p=702 HTTP/1.1" 301 0 "-" "Mozilla/5.0 AppleWebKit/537.36 (KHTML, like Gecko; compatible; GPTBot/1.2; +https://openai.com/gptbot)"
198.54.114.83 - - [17/Apr/2025:21:55:57 -0400] "POST /wp-cron.php?doing_wp_cron=1744941355.8122839927673339843750 HTTP/1.1" 200 0 "-" "WordPress/6.8; https://freelancingclients.com"
20.171.207.125 - - [17/Apr/2025:21:56:17 -0400] "GET /?p=689 HTTP/1.1" 301 0 "-" "Mozilla/5.0 AppleWebKit/537.36 (KHTML, like Gecko; compatible; GPTBot/1.2; +https://openai.com/gptbot)"
4.227.36.89 - - [17/Apr/2025:21:56:18 -0400] "GET /robots.txt HTTP/1.1" 304 0 "-" "Mozilla/5.0 AppleWebKit/537.36 (KHTML, like Gecko; compatible; GPTBot/1.2; +https://openai.com/gptbot)"
20.171.207.125 - - [17/Apr/2025:21:56:40 -0400] "GET /?p=3060 HTTP/1.1" 301 0 "-" "Mozilla/5.0 AppleWebKit/537.36 (KHTML, like Gecko; compatible; GPTBot/1.2; +https://openai.com/gptbot)"
198.54.114.83 - - [17/Apr/2025:21:57:02 -0400] "POST /wp-admin/admin-ajax.php?action=async_litespeed&nonce=qyLtCX7A8hHxLlG1EXv4q4eU1F5ZFkbF&litespeed_type=imgoptm HTTP/1.1" 200 0 "-" "WordPress/6.8; https://freelancingclients.com"
20.171.207.125 - - [17/Apr/2025:21:57:03 -0400] "GET /?p=691 HTTP/1.1" 301 0 "-" "Mozilla/5.0 AppleWebKit/537.36 (KHTML, like Gecko; compatible; GPTBot/1.2; +https://openai.com/gptbot)"
198.54.114.83 - - [17/Apr/2025:21:57:24 -0400] "POST /wp-cron.php?doing_wp_cron=1744941443.3952651023864746093750 HTTP/1.1" 200 0 "-" "WordPress/6.8; https://freelancingclients.com"
20.171.207.125 - - [17/Apr/2025:21:57:23 -0400] "GET /prp-hair-loss-treatment-in-hyderabad-fue-treatment-follicular-unit-extraction/feed/ HTTP/1.1" 200 482 "-" "Mozilla/5.0 AppleWebKit/537.36 (KHTML, like Gecko; compatible; GPTBot/1.2; +https://openai.com/gptbot)"
20.171.207.125 - - [17/Apr/2025:21:57:47 -0400] "GET /source-soft-solutions-ux-and-ui-design-services/feed/ HTTP/1.1" 200 434 "-" "Mozilla/5.0 AppleWebKit/537.36 (KHTML, like Gecko; compatible; GPTBot/1.2; +https://openai.com/gptbot)"
198.54.114.83 - - [17/Apr/2025:21:57:49 -0400] "POST /wp-cron.php?doing_wp_cron=1744941468.3005530834197998046875 HTTP/1.1" 200 0 "-" "WordPress/6.8; https://freelancingclients.com"
20.171.207.125 - - [17/Apr/2025:21:58:09 -0400] "GET /revolutionizing-plumbing-systems-with-ppr-pipes-and-fittings/feed/ HTTP/1.1" 200 429 "-" "Mozilla/5.0 AppleWebKit/537.36 (KHTML, like Gecko; compatible; GPTBot/1.2; +https://openai.com/gptbot)"
20.171.207.125 - - [17/Apr/2025:21:58:31 -0400] "GET /redonnez-vie-a-votre-fauteuil-avec-une-housse/feed/ HTTP/1.1" 200 425 "-" "Mozilla/5.0 AppleWebKit/537.36 (KHTML, like Gecko; compatible; GPTBot/1.2; +https://openai.com/gptbot)"
198.54.114.83 - - [17/Apr/2025:21:58:53 -0400] "POST /wp-cron.php?doing_wp_cron=1744941533.3006129264831542968750 HTTP/1.1" 200 0 "-" "WordPress/6.8; https://freelancingclients.com"
20.171.207.125 - - [17/Apr/2025:21:58:52 -0400] "GET /unlocking-entertainment-the-rise-of-games-hire/feed/ HTTP/1.1" 200 410 "-" "Mozilla/5.0 AppleWebKit/537.36 (KHTML, like Gecko; compatible; GPTBot/1.2; +https://openai.com/gptbot)"
198.54.114.83 - - [17/Apr/2025:21:58:54 -0400] "POST /wp-admin/admin-ajax.php?action=async_litespeed&nonce=LexnSGnnK7ckG8C8coNAB54nwZMmfaUL&litespeed_type=imgoptm HTTP/1.1" 200 5 "-" "WordPress/6.8; https://freelancingclients.com"
198.54.114.83 - - [17/Apr/2025:21:59:13 -0400] "POST /wp-cron.php?doing_wp_cron=1744941553.2241890430450439453125 HTTP/1.1" 200 0 "-" "WordPress/6.8; https://freelancingclients.com"
20.171.207.125 - - [17/Apr/2025:21:59:12 -0400] "GET /innovative-advancements-in-ppr-pipes-and-fittings/feed/ HTTP/1.1" 200 417 "-" "Mozilla/5.0 AppleWebKit/537.36 (KHTML, like Gecko; compatible; GPTBot/1.2; +https://openai.com/gptbot)"
20.171.207.125 - - [17/Apr/2025:21:59:34 -0400] "GET /how-to-choose-a-replacement-conservatory-roof/feed/ HTTP/1.1" 200 416 "-" "Mozilla/5.0 AppleWebKit/537.36 (KHTML, like Gecko; compatible; GPTBot/1.2; +https://openai.com/gptbot)"
198.54.114.83 - - [17/Apr/2025:21:59:57 -0400] "POST /wp-cron.php?doing_wp_cron=1744941596.6085391044616699218750 HTTP/1.1" 200 0 "-" "WordPress/6.8; https://freelancingclients.com"
20.171.207.125 - - [17/Apr/2025:21:59:56 -0400] "GET /innovative-plumbing-solutions-with-pert-pipes/feed/ HTTP/1.1" 200 414 "-" "Mozilla/5.0 AppleWebKit/537.36 (KHTML, like Gecko; compatible; GPTBot/1.2; +https://openai.com/gptbot)"
198.54.114.83 - - [17/Apr/2025:21:59:58 -0400] "POST /wp-admin/admin-ajax.php?action=async_litespeed&nonce=1veD0BCBJMXzJQXpYVLAq5SPF9SxVyaD&litespeed_type=imgoptm HTTP/1.1" 200 0 "-" "WordPress/6.8; https://freelancingclients.com"
20.171.207.125 - - [17/Apr/2025:22:00:19 -0400] "GET /advancing-plumbing-technology-with-ppr-pipes/feed/ HTTP/1.1" 200 408 "-" "Mozilla/5.0 AppleWebKit/537.36 (KHTML, like Gecko; compatible; GPTBot/1.2; +https://openai.com/gptbot)"
198.54.114.83 - - [17/Apr/2025:22:00:22 -0400] "POST /wp-cron.php?doing_wp_cron=1744941620.1393289566040039062500 HTTP/1.1" 200 0 "-" "WordPress/6.8; https://freelancingclients.com"
47.79.192.204 - - [17/Apr/2025:22:00:26 -0400] "GET / HTTP/1.1" 200 10016 "https://www.google.com/" "Mozilla/5.0 (Linux; Android 10; K) AppleWebKit/537.36 (KHTML, like Gecko) Chrome/133.0.0.0 Mobile Safari/537.36"
47.79.192.204 - - [17/Apr/2025:22:00:26 -0400] "GET / HTTP/1.1" 200 10016 "https://www.google.com/" "Mozilla/5.0 (Linux; Android 10; K) AppleWebKit/537.36 (KHTML, like Gecko) Chrome/132.0.0.0 Mobile Safari/537.36"
20.171.207.125 - - [17/Apr/2025:22:00:42 -0400] "GET /understanding-american-heart-association-bls/feed/ HTTP/1.1" 200 402 "-" "Mozilla/5.0 AppleWebKit/537.36 (KHTML, like Gecko; compatible; GPTBot/1.2; +https://openai.com/gptbot)"
20.171.207.125 - - [17/Apr/2025:22:01:03 -0400] "GET /discover-hanoi-vietnam-on-travelers-eyes/feed/ HTTP/1.1" 200 418 "-" "Mozilla/5.0 AppleWebKit/537.36 (KHTML, like Gecko; compatible; GPTBot/1.2; +https://openai.com/gptbot)"
198.54.114.83 - - [17/Apr/2025:22:01:25 -0400] "POST /wp-cron.php?doing_wp_cron=1744941684.7441589832305908203125 HTTP/1.1" 200 0 "-" "WordPress/6.8; https://freelancingclients.com"
20.171.207.125 - - [17/Apr/2025:22:01:24 -0400] "GET /have-fun-with-online-casino-gambling/feed/ HTTP/1.1" 200 415 "-" "Mozilla/5.0 AppleWebKit/537.36 (KHTML, like Gecko; compatible; GPTBot/1.2; +https://openai.com/gptbot)"
198.54.114.83 - - [17/Apr/2025:22:01:27 -0400] "POST /wp-admin/admin-ajax.php?action=async_litespeed&nonce=vF7S0XGBvpK5NLNDNawnHKMKhyTZTQki&litespeed_type=imgoptm HTTP/1.1" 200 0 "-" "WordPress/6.8; https://freelancingclients.com"
20.171.207.125 - - [17/Apr/2025:22:01:46 -0400] "GET /xmlrpc.php HTTP/1.1" 405 46 "-" "Mozilla/5.0 AppleWebKit/537.36 (KHTML, like Gecko; compatible; GPTBot/1.2; +https://openai.com/gptbot)"
198.54.114.83 - - [17/Apr/2025:22:01:48 -0400] "POST /wp-cron.php?doing_wp_cron=1744941706.5355169773101806640625 HTTP/1.1" 200 0 "-" "WordPress/6.8; https://freelancingclients.com"
20.171.207.125 - - [17/Apr/2025:22:02:10 -0400] "GET /guide-complet-des-housses/ HTTP/1.1" 200 10258 "-" "Mozilla/5.0 AppleWebKit/537.36 (KHTML, like Gecko; compatible; GPTBot/1.2; +https://openai.com/gptbot)"
20.171.207.125 - - [17/Apr/2025:22:02:31 -0400] "GET /how-photo-clipping-services-can-help-you-stay-organized/ HTTP/1.1" 200 10932 "-" "Mozilla/5.0 AppleWebKit/537.36 (KHTML, like Gecko; compatible; GPTBot/1.2; +https://openai.com/gptbot)"
198.54.114.83 - - [17/Apr/2025:22:02:53 -0400] "POST /wp-cron.php?doing_wp_cron=1744941772.7397480010986328125000 HTTP/1.1" 200 0 "-" "WordPress/6.8; https://freelancingclients.com"
198.54.114.83 - - [17/Apr/2025:22:02:54 -0400] "POST /wp-admin/admin-ajax.php?action=async_litespeed&nonce=fDsWSHot439lip7Iu5nnvY0Ev4cjL0GN&litespeed_type=imgoptm HTTP/1.1" 200 0 "-" "WordPress/6.8; https://freelancingclients.com"
20.171.207.125 - - [17/Apr/2025:22:02:51 -0400] "GET /understanding-fda-cosmetic-registration/ HTTP/1.1" 200 10447 "-" "Mozilla/5.0 AppleWebKit/537.36 (KHTML, like Gecko; compatible; GPTBot/1.2; +https://openai.com/gptbot)"
198.54.114.83 - - [17/Apr/2025:22:03:16 -0400] "POST /wp-cron.php?doing_wp_cron=1744941795.6297039985656738281250 HTTP/1.1" 200 0 "-" "WordPress/6.8; https://freelancingclients.com"
20.171.207.125 - - [17/Apr/2025:22:03:15 -0400] "GET /hydraulic-oil-coolers/ HTTP/1.1" 200 9734 "-" "Mozilla/5.0 AppleWebKit/537.36 (KHTML, like Gecko; compatible; GPTBot/1.2; +https://openai.com/gptbot)"
20.171.207.125 - - [17/Apr/2025:22:03:35 -0400] "GET /ivf-clinic-sharjah/ HTTP/1.1" 200 10364 "-" "Mozilla/5.0 AppleWebKit/537.36 (KHTML, like Gecko; compatible; GPTBot/1.2; +https://openai.com/gptbot)"
198.54.114.83 - - [17/Apr/2025:22:03:59 -0400] "POST /wp-cron.php?doing_wp_cron=1744941839.0661270618438720703125 HTTP/1.1" 200 0 "-" "WordPress/6.8; https://freelancingclients.com"
20.171.207.125 - - [17/Apr/2025:22:03:58 -0400] "GET /what-to-expect-from-an-seo-audit/ HTTP/1.1" 200 10788 "-" "Mozilla/5.0 AppleWebKit/537.36 (KHTML, like Gecko; compatible; GPTBot/1.2; +https://openai.com/gptbot)"
198.54.114.83 - - [17/Apr/2025:22:04:00 -0400] "POST /wp-admin/admin-ajax.php?action=async_litespeed&nonce=4k1McmI72llw71WOdCnesxEEhLVNYgI9&litespeed_type=imgoptm HTTP/1.1" 200 0 "-" "WordPress/6.8; https://freelancingclients.com"
20.171.207.125 - - [17/Apr/2025:22:04:22 -0400] "GET /what-is-tretinoin/ HTTP/1.1" 200 11654 "-" "Mozilla/5.0 AppleWebKit/537.36 (KHTML, like Gecko; compatible; GPTBot/1.2; +https://openai.com/gptbot)"
198.54.114.83 - - [17/Apr/2025:22:04:24 -0400] "POST /wp-cron.php?doing_wp_cron=1744941862.9437680244445800781250 HTTP/1.1" 200 0 "-" "WordPress/6.8; https://freelancingclients.com"
20.171.207.125 - - [17/Apr/2025:22:04:42 -0400] "GET /rechtsanwalt-hattingen/ HTTP/1.1" 200 9628 "-" "Mozilla/5.0 AppleWebKit/537.36 (KHTML, like Gecko; compatible; GPTBot/1.2; +https://openai.com/gptbot)"
20.171.207.125 - - [17/Apr/2025:22:05:05 -0400] "GET /wp-json/wp/v2/posts/3052 HTTP/1.1" 200 11584 "-" "Mozilla/5.0 AppleWebKit/537.36 (KHTML, like Gecko; compatible; GPTBot/1.2; +https://openai.com/gptbot)"
114.119.136.245 - - [17/Apr/2025:22:05:15 -0400] "GET /category/activity/page/86/ HTTP/1.1" 200 10408 "https://freelancingclients.com/category/activity/page/87/" "Mozilla/5.0 (Linux; Android 7.0;) AppleWebKit/537.36 (KHTML, like Gecko) Mobile Safari/537.36 (compatible; PetalBot;+https://webmaster.petalsearch.com/site/petalbot)"
198.54.114.83 - - [17/Apr/2025:22:05:29 -0400] "POST /wp-cron.php?doing_wp_cron=1744941928.8001639842987060546875 HTTP/1.1" 200 0 "-" "WordPress/6.8; https://freelancingclients.com"
20.171.207.125 - - [17/Apr/2025:22:05:28 -0400] "GET /wp-json/wp/v2/posts/3062 HTTP/1.1" 200 11711 "-" "Mozilla/5.0 AppleWebKit/537.36 (KHTML, like Gecko; compatible; GPTBot/1.2; +https://openai.com/gptbot)"
20.171.207.125 - - [17/Apr/2025:22:05:51 -0400] "GET /wp-json/wp/v2/posts/3070 HTTP/1.1" 200 11245 "-" "Mozilla/5.0 AppleWebKit/537.36 (KHTML, like Gecko; compatible; GPTBot/1.2; +https://openai.com/gptbot)"
20.171.207.125 - - [17/Apr/2025:22:06:16 -0400] "GET /?p=3068 HTTP/1.1" 301 0 "-" "Mozilla/5.0 AppleWebKit/537.36 (KHTML, like Gecko; compatible; GPTBot/1.2; +https://openai.com/gptbot)"
20.171.207.125 - - [17/Apr/2025:22:06:33 -0400] "GET /?p=700 HTTP/1.1" 301 0 "-" "Mozilla/5.0 AppleWebKit/537.36 (KHTML, like Gecko; compatible; GPTBot/1.2; +https://openai.com/gptbot)"
198.54.114.83 - - [17/Apr/2025:22:06:37 -0400] "POST /wp-cron.php?doing_wp_cron=1744941994.5824739933013916015625 HTTP/1.1" 200 0 "-" "WordPress/6.8; https://freelancingclients.com"
114.119.131.163 - - [17/Apr/2025:22:06:37 -0400] "GET /category/activity/page/156/ HTTP/1.1" 200 10426 "https://freelancingclients.com/category/activity/page/157/" "Mozilla/5.0 (Linux; Android 7.0;) AppleWebKit/537.36 (KHTML, like Gecko) Mobile Safari/537.36 (compatible; PetalBot;+https://webmaster.petalsearch.com/site/petalbot)"
20.171.207.125 - - [17/Apr/2025:22:06:57 -0400] "GET /?p=3066 HTTP/1.1" 301 0 "-" "Mozilla/5.0 AppleWebKit/537.36 (KHTML, like Gecko; compatible; GPTBot/1.2; +https://openai.com/gptbot)"
20.171.207.125 - - [17/Apr/2025:22:07:18 -0400] "GET /?p=708 HTTP/1.1" 301 0 "-" "Mozilla/5.0 AppleWebKit/537.36 (KHTML, like Gecko; compatible; GPTBot/1.2; +https://openai.com/gptbot)"
20.171.207.125 - - [17/Apr/2025:22:07:40 -0400] "GET /?p=3049 HTTP/1.1" 301 0 "-" "Mozilla/5.0 AppleWebKit/537.36 (KHTML, like Gecko; compatible; GPTBot/1.2; +https://openai.com/gptbot)"
198.54.114.83 - - [17/Apr/2025:22:07:42 -0400] "POST /wp-cron.php?doing_wp_cron=1744942061.0476899147033691406250 HTTP/1.1" 200 0 "-" "WordPress/6.8; https://freelancingclients.com"
20.171.207.125 - - [17/Apr/2025:22:08:03 -0400] "GET /?p=696 HTTP/1.1" 301 0 "-" "Mozilla/5.0 AppleWebKit/537.36 (KHTML, like Gecko; compatible; GPTBot/1.2; +https://openai.com/gptbot)"
20.171.207.125 - - [17/Apr/2025:22:08:23 -0400] "GET /?p=728 HTTP/1.1" 301 0 "-" "Mozilla/5.0 AppleWebKit/537.36 (KHTML, like Gecko; compatible; GPTBot/1.2; +https://openai.com/gptbot)"
198.54.114.83 - - [17/Apr/2025:22:08:43 -0400] "POST /wp-cron.php?doing_wp_cron=1744942122.5948700904846191406250 HTTP/1.1" 200 0 "-" "WordPress/6.8; https://freelancingclients.com"
20.171.207.125 - - [17/Apr/2025:22:08:41 -0400] "GET /wp-json/wp/v2/posts/713 HTTP/1.1" 200 9329 "-" "Mozilla/5.0 AppleWebKit/537.36 (KHTML, like Gecko; compatible; GPTBot/1.2; +https://openai.com/gptbot)"
198.54.114.83 - - [17/Apr/2025:22:08:45 -0400] "POST /wp-admin/admin-ajax.php?action=async_litespeed&nonce=bQh9HhUNuCmqy82vzTomVgGGJWWB2t9T&litespeed_type=imgoptm HTTP/1.1" 200 0 "-" "WordPress/6.8; https://freelancingclients.com"
20.171.207.125 - - [17/Apr/2025:22:09:02 -0400] "GET /wp-json/oembed/1.0/embed?format=xml&url=https%3A%2F%2Ffreelancingclients.com%2Frechtsanwalt-hattingen%2F HTTP/1.1" 200 1142 "-" "Mozilla/5.0 AppleWebKit/537.36 (KHTML, like Gecko; compatible; GPTBot/1.2; +https://openai.com/gptbot)"
198.54.114.83 - - [17/Apr/2025:22:09:26 -0400] "POST /wp-cron.php?doing_wp_cron=1744942166.3406229019165039062500 HTTP/1.1" 200 0 "-" "WordPress/6.8; https://freelancingclients.com"
20.171.207.125 - - [17/Apr/2025:22:09:25 -0400] "GET /wp-json/oembed/1.0/embed?url=https%3A%2F%2Ffreelancingclients.com%2Frechtsanwalt-hattingen%2F HTTP/1.1" 200 2357 "-" "Mozilla/5.0 AppleWebKit/537.36 (KHTML, like Gecko; compatible; GPTBot/1.2; +https://openai.com/gptbot)"
198.54.114.83 - - [17/Apr/2025:22:09:47 -0400] "POST /wp-cron.php?doing_wp_cron=1744942187.0351500511169433593750 HTTP/1.1" 200 0 "-" "WordPress/6.8; https://freelancingclients.com"
20.171.207.125 - - [17/Apr/2025:22:09:46 -0400] "GET /rechtsanwalt-hattingen/feed/ HTTP/1.1" 200 382 "-" "Mozilla/5.0 AppleWebKit/537.36 (KHTML, like Gecko; compatible; GPTBot/1.2; +https://openai.com/gptbot)"
198.54.114.83 - - [17/Apr/2025:22:09:49 -0400] "POST /wp-admin/admin-ajax.php?action=async_litespeed&nonce=uNF9kvf2ODBLPtFkj3RP7eN6KPLfUZBF&litespeed_type=imgoptm HTTP/1.1" 200 0 "-" "WordPress/6.8; https://freelancingclients.com"
20.171.207.125 - - [17/Apr/2025:22:10:10 -0400] "GET /?p=713 HTTP/1.1" 301 0 "-" "Mozilla/5.0 AppleWebKit/537.36 (KHTML, like Gecko; compatible; GPTBot/1.2; +https://openai.com/gptbot)"
20.171.207.125 - - [17/Apr/2025:22:10:31 -0400] "GET /?p=713 HTTP/1.1" 301 0 "-" "Mozilla/5.0 AppleWebKit/537.36 (KHTML, like Gecko; compatible; GPTBot/1.2; +https://openai.com/gptbot)"
198.54.114.83 - - [17/Apr/2025:22:10:53 -0400] "POST /wp-cron.php?doing_wp_cron=1744942252.8603849411010742187500 HTTP/1.1" 200 0 "-" "WordPress/6.8; https://freelancingclients.com"
20.171.207.125 - - [17/Apr/2025:22:10:52 -0400] "GET /how-photo-clipping-services-can-help-you-stay-organized/feed/ HTTP/1.1" 200 431 "-" "Mozilla/5.0 AppleWebKit/537.36 (KHTML, like Gecko; compatible; GPTBot/1.2; +https://openai.com/gptbot)"
20.171.207.125 - - [17/Apr/2025:22:11:15 -0400] "GET /xmlrpc.php HTTP/1.1" 405 46 "-" "Mozilla/5.0 AppleWebKit/537.36 (KHTML, like Gecko; compatible; GPTBot/1.2; +https://openai.com/gptbot)"
20.171.207.125 - - [17/Apr/2025:22:11:38 -0400] "GET /what-to-expect-from-an-seo-audit/feed/ HTTP/1.1" 200 408 "-" "Mozilla/5.0 AppleWebKit/537.36 (KHTML, like Gecko; compatible; GPTBot/1.2; +https://openai.com/gptbot)"
51.8.102.45 - - [17/Apr/2025:22:11:57 -0400] "GET /robots.txt HTTP/1.1" 301 0 "-" "Mozilla/5.0 (Macintosh; Intel Mac OS X 10_15_7) AppleWebKit/537.36 (KHTML, like Gecko) Chrome/131.0.0.0 Safari/537.36; compatible; OAI-SearchBot/1.0; +https://openai.com/searchbot"
51.8.102.216 - - [17/Apr/2025:22:11:58 -0400] "GET /robots.txt HTTP/1.1" 304 0 "-" "Mozilla/5.0 (Macintosh; Intel Mac OS X 10_15_7) AppleWebKit/537.36 (KHTML, like Gecko) Chrome/131.0.0.0 Safari/537.36; compatible; OAI-SearchBot/1.0; +https://openai.com/searchbot"
198.54.114.83 - - [17/Apr/2025:22:11:59 -0400] "POST /wp-cron.php?doing_wp_cron=1744942318.6155710220336914062500 HTTP/1.1" 200 0 "-" "WordPress/6.8; https://freelancingclients.com"
20.171.207.125 - - [17/Apr/2025:22:11:57 -0400] "GET /understanding-fda-cosmetic-registration/feed/ HTTP/1.1" 200 405 "-" "Mozilla/5.0 AppleWebKit/537.36 (KHTML, like Gecko; compatible; GPTBot/1.2; +https://openai.com/gptbot)"
198.54.114.83 - - [17/Apr/2025:22:12:02 -0400] "POST /wp-admin/admin-ajax.php?action=async_litespeed&nonce=oBgeOqsK5QtjwZlzt1rj6xtAeHCqY5Zw&litespeed_type=imgoptm HTTP/1.1" 200 0 "-" "WordPress/6.8; https://freelancingclients.com"
198.54.114.83 - - [17/Apr/2025:22:12:21 -0400] "POST /wp-cron.php?doing_wp_cron=1744942341.1152639389038085937500 HTTP/1.1" 200 0 "-" "WordPress/6.8; https://freelancingclients.com"
20.171.207.125 - - [17/Apr/2025:22:12:20 -0400] "GET /guide-complet-des-housses/feed/ HTTP/1.1" 200 387 "-" "Mozilla/5.0 AppleWebKit/537.36 (KHTML, like Gecko; compatible; GPTBot/1.2; +https://openai.com/gptbot)"
20.171.207.125 - - [17/Apr/2025:22:12:41 -0400] "GET /wp-content/uploads/2023/08/synthesize-8.mp3 HTTP/1.1" 200 33600 "-" "Mozilla/5.0 AppleWebKit/537.36 (KHTML, like Gecko; compatible; GPTBot/1.2; +https://openai.com/gptbot)"
20.171.207.125 - - [17/Apr/2025:22:13:03 -0400] "GET /wp-content/uploads/2023/08/synthesize-7.mp3 HTTP/1.1" 200 35328 "-" "Mozilla/5.0 AppleWebKit/537.36 (KHTML, like Gecko; compatible; GPTBot/1.2; +https://openai.com/gptbot)"
198.54.114.83 - - [17/Apr/2025:22:13:22 -0400] "POST /wp-cron.php?doing_wp_cron=1744942401.9679780006408691406250 HTTP/1.1" 200 0 "-" "WordPress/6.8; https://freelancingclients.com"
20.171.207.125 - - [17/Apr/2025:22:13:21 -0400] "GET /hydraulic-oil-coolers/feed/ HTTP/1.1" 200 384 "-" "Mozilla/5.0 AppleWebKit/537.36 (KHTML, like Gecko; compatible; GPTBot/1.2; +https://openai.com/gptbot)"
198.54.114.83 - - [17/Apr/2025:22:13:25 -0400] "POST /wp-admin/admin-ajax.php?action=async_litespeed&nonce=Fx97OdZ9mpIXLQoOUWHVlWksMtduzSC1&litespeed_type=imgoptm HTTP/1.1" 200 0 "-" "WordPress/6.8; https://freelancingclients.com"
20.171.207.125 - - [17/Apr/2025:22:13:45 -0400] "GET /ivf-clinic-sharjah/feed/ HTTP/1.1" 200 385 "-" "Mozilla/5.0 AppleWebKit/537.36 (KHTML, like Gecko; compatible; GPTBot/1.2; +https://openai.com/gptbot)"
198.54.114.83 - - [17/Apr/2025:22:13:46 -0400] "POST /wp-admin/admin-ajax.php?action=async_litespeed&nonce=7kpTLJNpo0iPHZK4BLvCsWp9jTtcnGNF&litespeed_type=imgoptm HTTP/1.1" 200 0 "-" "WordPress/6.8; https://freelancingclients.com"
20.171.207.125 - - [17/Apr/2025:22:14:07 -0400] "GET /what-is-tretinoin/feed/ HTTP/1.1" 200 381 "-" "Mozilla/5.0 AppleWebKit/537.36 (KHTML, like Gecko; compatible; GPTBot/1.2; +https://openai.com/gptbot)"
198.54.114.83 - - [17/Apr/2025:22:14:33 -0400] "POST /wp-cron.php?doing_wp_cron=1744942471.8162229061126708984375 HTTP/1.1" 200 0 "-" "WordPress/6.8; https://freelancingclients.com"
20.171.207.125 - - [17/Apr/2025:22:14:30 -0400] "GET /rechtsanwalt-hattingen/embed/ HTTP/1.1" 200 6163 "-" "Mozilla/5.0 AppleWebKit/537.36 (KHTML, like Gecko; compatible; GPTBot/1.2; +https://openai.com/gptbot)"
20.171.207.125 - - [17/Apr/2025:22:14:53 -0400] "GET /wp-json/wp/v2/posts/3060 HTTP/1.1" 200 11771 "-" "Mozilla/5.0 AppleWebKit/537.36 (KHTML, like Gecko; compatible; GPTBot/1.2; +https://openai.com/gptbot)"
20.171.207.125 - - [17/Apr/2025:22:15:18 -0400] "GET /wp-json/wp/v2/posts/3066 HTTP/1.1" 200 11604 "-" "Mozilla/5.0 AppleWebKit/537.36 (KHTML, like Gecko; compatible; GPTBot/1.2; +https://openai.com/gptbot)"
20.171.207.125 - - [17/Apr/2025:22:15:40 -0400] "GET /wp-json/wp/v2/posts/3053 HTTP/1.1" 200 11422 "-" "Mozilla/5.0 AppleWebKit/537.36 (KHTML, like Gecko; compatible; GPTBot/1.2; +https://openai.com/gptbot)"
198.54.114.83 - - [17/Apr/2025:22:15:43 -0400] "POST /wp-cron.php?doing_wp_cron=1744942541.3098120689392089843750 HTTP/1.1" 200 0 "-" "WordPress/6.8; https://freelancingclients.com"
20.171.207.125 - - [17/Apr/2025:22:16:03 -0400] "GET /wp-json/wp/v2/posts/3056 HTTP/1.1" 200 11098 "-" "Mozilla/5.0 AppleWebKit/537.36 (KHTML, like Gecko; compatible; GPTBot/1.2; +https://openai.com/gptbot)"
20.171.207.125 - - [17/Apr/2025:22:16:24 -0400] "GET /wp-json/wp/v2/posts/3068 HTTP/1.1" 200 10706 "-" "Mozilla/5.0 AppleWebKit/537.36 (KHTML, like Gecko; compatible; GPTBot/1.2; +https://openai.com/gptbot)"
134.17.14.122 - - [17/Apr/2025:22:16:28 -0400] "GET /style.php HTTP/1.1" 404 8131 "-" "Mozilla/4.0 (compatible; MSIE 6.0; Windows NT 5.1; SV1)"
20.171.207.125 - - [17/Apr/2025:22:16:47 -0400] "GET /wp-json/wp/v2/posts/3064 HTTP/1.1" 200 12246 "-" "Mozilla/5.0 AppleWebKit/537.36 (KHTML, like Gecko; compatible; GPTBot/1.2; +https://openai.com/gptbot)"
198.54.114.83 - - [17/Apr/2025:22:16:50 -0400] "POST /wp-cron.php?doing_wp_cron=1744942607.6832530498504638671875 HTTP/1.1" 200 0 "-" "WordPress/6.8; https://freelancingclients.com"
20.171.207.125 - - [17/Apr/2025:22:17:09 -0400] "GET /wp-json/wp/v2/posts/3049 HTTP/1.1" 200 10772 "-" "Mozilla/5.0 AppleWebKit/537.36 (KHTML, like Gecko; compatible; GPTBot/1.2; +https://openai.com/gptbot)"
20.171.207.125 - - [17/Apr/2025:22:17:31 -0400] "GET /page/34/ HTTP/1.1" 200 10270 "-" "Mozilla/5.0 AppleWebKit/537.36 (KHTML, like Gecko; compatible; GPTBot/1.2; +https://openai.com/gptbot)"
198.54.114.83 - - [17/Apr/2025:22:17:51 -0400] "POST /wp-cron.php?doing_wp_cron=1744942671.3101420402526855468750 HTTP/1.1" 200 0 "-" "WordPress/6.8; https://freelancingclients.com"
198.54.114.83 - - [17/Apr/2025:22:17:53 -0400] "POST /wp-admin/admin-ajax.php?action=async_litespeed&nonce=pw6cGUuq0qUw6w5gYXy2EWlSve3vosJh&litespeed_type=imgoptm HTTP/1.1" 200 0 "-" "WordPress/6.8; https://freelancingclients.com"
20.171.207.125 - - [17/Apr/2025:22:17:50 -0400] "GET /page/128/ HTTP/1.1" 200 9966 "-" "Mozilla/5.0 AppleWebKit/537.36 (KHTML, like Gecko; compatible; GPTBot/1.2; +https://openai.com/gptbot)"
198.54.114.83 - - [17/Apr/2025:22:18:17 -0400] "POST /wp-cron.php?doing_wp_cron=1744942696.7493879795074462890625 HTTP/1.1" 200 0 "-" "WordPress/6.8; https://freelancingclients.com"
20.171.207.125 - - [17/Apr/2025:22:18:16 -0400] "GET /wp-json/wp/v2/posts/691 HTTP/1.1" 200 12402 "-" "Mozilla/5.0 AppleWebKit/537.36 (KHTML, like Gecko; compatible; GPTBot/1.2; +https://openai.com/gptbot)"
20.171.207.125 - - [17/Apr/2025:22:18:36 -0400] "GET /wp-json/wp/v2/posts/702 HTTP/1.1" 200 15796 "-" "Mozilla/5.0 AppleWebKit/537.36 (KHTML, like Gecko; compatible; GPTBot/1.2; +https://openai.com/gptbot)"
198.54.114.83 - - [17/Apr/2025:22:19:01 -0400] "POST /wp-cron.php?doing_wp_cron=1744942739.4218130111694335937500 HTTP/1.1" 200 0 "-" "WordPress/6.8; https://freelancingclients.com"
20.171.207.125 - - [17/Apr/2025:22:18:59 -0400] "GET /wp-json/wp/v2/posts/696 HTTP/1.1" 200 12613 "-" "Mozilla/5.0 AppleWebKit/537.36 (KHTML, like Gecko; compatible; GPTBot/1.2; +https://openai.com/gptbot)"
20.171.207.125 - - [17/Apr/2025:22:19:23 -0400] "GET /wp-json/wp/v2/posts/728 HTTP/1.1" 200 14165 "-" "Mozilla/5.0 AppleWebKit/537.36 (KHTML, like Gecko; compatible; GPTBot/1.2; +https://openai.com/gptbot)"
20.171.207.125 - - [17/Apr/2025:22:19:45 -0400] "GET /wp-json/wp/v2/posts/704 HTTP/1.1" 200 14594 "-" "Mozilla/5.0 AppleWebKit/537.36 (KHTML, like Gecko; compatible; GPTBot/1.2; +https://openai.com/gptbot)"
198.54.114.83 - - [17/Apr/2025:22:20:08 -0400] "POST /wp-cron.php?doing_wp_cron=1744942807.6135590076446533203125 HTTP/1.1" 200 0 "-" "WordPress/6.8; https://freelancingclients.com"
20.171.207.125 - - [17/Apr/2025:22:20:06 -0400] "GET /wp-json/wp/v2/posts/689 HTTP/1.1" 200 12609 "-" "Mozilla/5.0 AppleWebKit/537.36 (KHTML, like Gecko; compatible; GPTBot/1.2; +https://openai.com/gptbot)"
198.54.114.83 - - [17/Apr/2025:22:20:11 -0400] "POST /wp-admin/admin-ajax.php?action=async_litespeed&nonce=Tp25fqxtFVFa7h0i2UPDs7GKIBIHG9aX&litespeed_type=imgoptm HTTP/1.1" 200 0 "-" "WordPress/6.8; https://freelancingclients.com"
20.171.207.125 - - [17/Apr/2025:22:20:28 -0400] "GET /wp-json/wp/v2/posts/698 HTTP/1.1" 200 12728 "-" "Mozilla/5.0 AppleWebKit/537.36 (KHTML, like Gecko; compatible; GPTBot/1.2; +https://openai.com/gptbot)"
198.54.114.83 - - [17/Apr/2025:22:20:30 -0400] "POST /wp-cron.php?doing_wp_cron=1744942828.8589479923248291015625 HTTP/1.1" 200 0 "-" "WordPress/6.8; https://freelancingclients.com"
20.171.207.125 - - [17/Apr/2025:22:20:48 -0400] "GET /wp-json/wp/v2/posts/665 HTTP/1.1" 200 13034 "-" "Mozilla/5.0 AppleWebKit/537.36 (KHTML, like Gecko; compatible; GPTBot/1.2; +https://openai.com/gptbot)"
20.171.207.125 - - [17/Apr/2025:22:21:07 -0400] "GET /le-confort-absolu-avec-un-coussin-de-lecture-pour-le-lit/ HTTP/1.1" 200 10331 "-" "Mozilla/5.0 AppleWebKit/537.36 (KHTML, like Gecko; compatible; GPTBot/1.2; +https://openai.com/gptbot)"
20.171.207.125 - - [17/Apr/2025:22:21:26 -0400] "GET /what-to-do-when-your-doctor-retires-thank-you-suzanne-barnes-do/ HTTP/1.1" 200 11014 "-" "Mozilla/5.0 AppleWebKit/537.36 (KHTML, like Gecko; compatible; GPTBot/1.2; +https://openai.com/gptbot)"
198.54.114.83 - - [17/Apr/2025:22:21:50 -0400] "POST /wp-cron.php?doing_wp_cron=1744942910.0764369964599609375000 HTTP/1.1" 200 0 "-" "WordPress/6.8; https://freelancingclients.com"
20.171.207.125 - - [17/Apr/2025:22:21:49 -0400] "GET /unlocking-wellness-exploring-the-role-of-chiropractors-in-dubai/ HTTP/1.1" 200 10387 "-" "Mozilla/5.0 AppleWebKit/537.36 (KHTML, like Gecko; compatible; GPTBot/1.2; +https://openai.com/gptbot)"
198.54.114.83 - - [17/Apr/2025:22:21:53 -0400] "POST /wp-admin/admin-ajax.php?action=async_litespeed&nonce=Fi32HqTksVCapQJxFUwOKDAEwbZXxBQC&litespeed_type=imgoptm HTTP/1.1" 200 0 "-" "WordPress/6.8; https://freelancingclients.com"
20.171.207.125 - - [17/Apr/2025:22:22:13 -0400] "GET /what-is-a-tax-declaration-and-why-is-it-necessary/ HTTP/1.1" 200 10884 "-" "Mozilla/5.0 AppleWebKit/537.36 (KHTML, like Gecko; compatible; GPTBot/1.2; +https://openai.com/gptbot)"
198.54.114.83 - - [17/Apr/2025:22:22:37 -0400] "POST /wp-cron.php?doing_wp_cron=1744942956.4362299442291259765625 HTTP/1.1" 200 0 "-" "WordPress/6.8; https://freelancingclients.com"
20.171.207.125 - - [17/Apr/2025:22:22:35 -0400] "GET /linstallation-du-panneau-de-toit-de-geneve/ HTTP/1.1" 200 10681 "-" "Mozilla/5.0 AppleWebKit/537.36 (KHTML, like Gecko; compatible; GPTBot/1.2; +https://openai.com/gptbot)"
5.255.231.114 - - [17/Apr/2025:22:22:52 -0400] "GET /robots.txt HTTP/1.1" 304 0 "-" "Mozilla/5.0 (compatible; YandexBot/3.0; +http://yandex.com/bots)"
198.54.114.83 - - [17/Apr/2025:22:22:56 -0400] "POST /wp-cron.php?doing_wp_cron=1744942974.9782578945159912109375 HTTP/1.1" 200 0 "-" "WordPress/6.8; https://freelancingclients.com"
77.88.47.13 - - [17/Apr/2025:22:22:54 -0400] "GET /boost-youtube-views/ HTTP/1.1" 200 10371 "-" "Mozilla/5.0 (compatible; YandexBot/3.0; +http://yandex.com/bots)"
20.171.207.125 - - [17/Apr/2025:22:22:57 -0400] "GET /die-rolle-eines-scheidungsanwalts-in-hattingen-2/ HTTP/1.1" 200 10606 "-" "Mozilla/5.0 AppleWebKit/537.36 (KHTML, like Gecko; compatible; GPTBot/1.2; +https://openai.com/gptbot)"
20.171.207.125 - - [17/Apr/2025:22:23:19 -0400] "GET /home-audio-systems/ HTTP/1.1" 200 10969 "-" "Mozilla/5.0 AppleWebKit/537.36 (KHTML, like Gecko; compatible; GPTBot/1.2; +https://openai.com/gptbot)"
20.171.207.125 - - [17/Apr/2025:22:23:38 -0400] "GET /what-treatment-is-available-for-severe-acne/ HTTP/1.1" 200 10788 "-" "Mozilla/5.0 AppleWebKit/537.36 (KHTML, like Gecko; compatible; GPTBot/1.2; +https://openai.com/gptbot)"
198.54.114.83 - - [17/Apr/2025:22:24:00 -0400] "POST /wp-cron.php?doing_wp_cron=1744943039.9590160846710205078125 HTTP/1.1" 200 0 "-" "WordPress/6.8; https://freelancingclients.com"
20.171.207.125 - - [17/Apr/2025:22:23:59 -0400] "GET /lhistorique-imposant-du-pont-mont-blanc/ HTTP/1.1" 200 10452 "-" "Mozilla/5.0 AppleWebKit/537.36 (KHTML, like Gecko; compatible; GPTBot/1.2; +https://openai.com/gptbot)"
198.54.114.83 - - [17/Apr/2025:22:24:01 -0400] "POST /wp-admin/admin-ajax.php?action=async_litespeed&nonce=12npBrT2mkIPRTJvc6pG82DeCpTXQUNQ&litespeed_type=imgoptm HTTP/1.1" 200 5 "-" "WordPress/6.8; https://freelancingclients.com"
198.54.114.83 - - [17/Apr/2025:22:24:22 -0400] "POST /wp-cron.php?doing_wp_cron=1744943060.8688700199127197265625 HTTP/1.1" 200 0 "-" "WordPress/6.8; https://freelancingclients.com"
20.171.207.125 - - [17/Apr/2025:22:24:20 -0400] "GET /moderne-hangelampe-fur-zeitgemases-wohnambiente/ HTTP/1.1" 200 10545 "-" "Mozilla/5.0 AppleWebKit/537.36 (KHTML, like Gecko; compatible; GPTBot/1.2; +https://openai.com/gptbot)"
