20.171.207.125 - - [17/Apr/2025:01:01:38 -0400] "GET /?p=2441 HTTP/1.1" 301 0 "-" "Mozilla/5.0 AppleWebKit/537.36 (KHTML, like Gecko; compatible; GPTBot/1.2; +https://openai.com/gptbot)"
114.119.163.52 - - [17/Apr/2025:01:01:42 -0400] "GET /category/activity/page/9/ HTTP/1.1" 200 10129 "https://freelancingclients.com/category/activity/page/8/" "Mozilla/5.0 (Linux; Android 7.0;) AppleWebKit/537.36 (KHTML, like Gecko) Mobile Safari/537.36 (compatible; PetalBot;+https://webmaster.petalsearch.com/site/petalbot)"
20.171.207.125 - - [17/Apr/2025:01:02:01 -0400] "GET /?p=2449 HTTP/1.1" 301 0 "-" "Mozilla/5.0 AppleWebKit/537.36 (KHTML, like Gecko; compatible; GPTBot/1.2; +https://openai.com/gptbot)"
20.171.207.125 - - [17/Apr/2025:01:02:21 -0400] "GET /?p=2514 HTTP/1.1" 301 0 "-" "Mozilla/5.0 AppleWebKit/537.36 (KHTML, like Gecko; compatible; GPTBot/1.2; +https://openai.com/gptbot)"
198.54.114.83 - - [17/Apr/2025:01:02:44 -0400] "POST /wp-cron.php?doing_wp_cron=1744866162.7694630622863769531250 HTTP/1.1" 200 0 "-" "WordPress/6.8; https://freelancingclients.com"
20.171.207.125 - - [17/Apr/2025:01:02:42 -0400] "GET /?p=2444 HTTP/1.1" 301 0 "-" "Mozilla/5.0 AppleWebKit/537.36 (KHTML, like Gecko; compatible; GPTBot/1.2; +https://openai.com/gptbot)"
114.119.153.50 - - [17/Apr/2025:01:03:00 -0400] "GET /category/activity/page/66/ HTTP/1.1" 200 10170 "https://freelancingclients.com/category/activity/page/67/" "Mozilla/5.0 (Linux; Android 7.0;) AppleWebKit/537.36 (KHTML, like Gecko) Mobile Safari/537.36 (compatible; PetalBot;+https://webmaster.petalsearch.com/site/petalbot)"
20.171.207.125 - - [17/Apr/2025:01:03:05 -0400] "GET /finding-the-right-immigration-lawyer-in-queens/feed/ HTTP/1.1" 200 419 "-" "Mozilla/5.0 AppleWebKit/537.36 (KHTML, like Gecko; compatible; GPTBot/1.2; +https://openai.com/gptbot)"
134.17.14.122 - - [17/Apr/2025:01:03:21 -0400] "GET /nope.php HTTP/1.1" 404 8130 "-" "Mozilla/4.0 (compatible; MSIE 6.0; Windows NT 5.1; SV1)"
20.171.207.125 - - [17/Apr/2025:01:03:26 -0400] "GET /lemergence-de-la-realite-virtuelle/embed/ HTTP/1.1" 200 6327 "-" "Mozilla/5.0 AppleWebKit/537.36 (KHTML, like Gecko; compatible; GPTBot/1.2; +https://openai.com/gptbot)"
20.171.207.125 - - [17/Apr/2025:01:03:48 -0400] "GET /psychologische-online-beratung-als-moderne-hilfe/feed/ HTTP/1.1" 200 414 "-" "Mozilla/5.0 AppleWebKit/537.36 (KHTML, like Gecko; compatible; GPTBot/1.2; +https://openai.com/gptbot)"
198.54.114.83 - - [17/Apr/2025:01:03:51 -0400] "POST /wp-cron.php?doing_wp_cron=1744866228.7997689247131347656250 HTTP/1.1" 200 0 "-" "WordPress/6.8; https://freelancingclients.com"
20.171.207.125 - - [17/Apr/2025:01:04:12 -0400] "GET /elite-chauffeur-experience-beyond-ordinary-rides/feed/ HTTP/1.1" 200 420 "-" "Mozilla/5.0 AppleWebKit/537.36 (KHTML, like Gecko; compatible; GPTBot/1.2; +https://openai.com/gptbot)"
114.119.136.245 - - [17/Apr/2025:01:04:27 -0400] "GET /category/activity/page/3/ HTTP/1.1" 200 10579 "https://freelancingclients.com/category/activity/page/3/" "Mozilla/5.0 (Linux; Android 7.0;) AppleWebKit/537.36 (KHTML, like Gecko) Mobile Safari/537.36 (compatible; PetalBot;+https://webmaster.petalsearch.com/site/petalbot)"
114.119.153.191 - - [17/Apr/2025:01:05:51 -0400] "GET /category/activity/page/145/ HTTP/1.1" 200 10019 "https://freelancingclients.com/category/activity/page/145/" "Mozilla/5.0 (Linux; Android 7.0;) AppleWebKit/537.36 (KHTML, like Gecko) Mobile Safari/537.36 (compatible; PetalBot;+https://webmaster.petalsearch.com/site/petalbot)"
198.54.114.83 - - [17/Apr/2025:01:06:00 -0400] "POST /wp-cron.php?doing_wp_cron=1744866356.9725730419158935546875 HTTP/1.1" 200 0 "-" "WordPress/6.8; https://freelancingclients.com"
20.171.207.125 - - [17/Apr/2025:01:06:07 -0400] "GET /assurance-professionnelle-protegez-votre-activite/feed/ HTTP/1.1" 200 423 "-" "Mozilla/5.0 AppleWebKit/537.36 (KHTML, like Gecko; compatible; GPTBot/1.2; +https://openai.com/gptbot)"
20.171.207.125 - - [17/Apr/2025:01:06:31 -0400] "GET /mentaltrainers-fur-mentale-starke-und-wohlbefinden/feed/ HTTP/1.1" 200 428 "-" "Mozilla/5.0 AppleWebKit/537.36 (KHTML, like Gecko; compatible; GPTBot/1.2; +https://openai.com/gptbot)"
20.171.207.125 - - [17/Apr/2025:01:06:52 -0400] "GET /how-to-design-custom-360-printed-socks/feed/ HTTP/1.1" 200 414 "-" "Mozilla/5.0 AppleWebKit/537.36 (KHTML, like Gecko; compatible; GPTBot/1.2; +https://openai.com/gptbot)"
20.171.207.125 - - [17/Apr/2025:01:07:12 -0400] "GET /exploring-the-lentor-mansion-showroom/feed/ HTTP/1.1" 200 404 "-" "Mozilla/5.0 AppleWebKit/537.36 (KHTML, like Gecko; compatible; GPTBot/1.2; +https://openai.com/gptbot)"
198.54.114.83 - - [17/Apr/2025:01:07:15 -0400] "POST /wp-cron.php?doing_wp_cron=1744866433.2279300689697265625000 HTTP/1.1" 200 0 "-" "WordPress/6.8; https://freelancingclients.com"
20.171.207.125 - - [17/Apr/2025:01:07:34 -0400] "GET /xmlrpc.php HTTP/1.1" 405 46 "-" "Mozilla/5.0 AppleWebKit/537.36 (KHTML, like Gecko; compatible; GPTBot/1.2; +https://openai.com/gptbot)"
20.171.207.125 - - [17/Apr/2025:01:07:54 -0400] "GET /a-verdant-oasis-in-the-heart-of-the-city/feed/ HTTP/1.1" 200 413 "-" "Mozilla/5.0 AppleWebKit/537.36 (KHTML, like Gecko; compatible; GPTBot/1.2; +https://openai.com/gptbot)"
198.54.114.83 - - [17/Apr/2025:01:08:16 -0400] "POST /wp-cron.php?doing_wp_cron=1744866494.6896719932556152343750 HTTP/1.1" 200 0 "-" "WordPress/6.8; https://freelancingclients.com"
20.171.207.125 - - [17/Apr/2025:01:08:14 -0400] "GET /red-velvet-cakes-sydney/ HTTP/1.1" 200 10641 "-" "Mozilla/5.0 AppleWebKit/537.36 (KHTML, like Gecko; compatible; GPTBot/1.2; +https://openai.com/gptbot)"
20.171.207.125 - - [17/Apr/2025:01:08:35 -0400] "GET /balis-hidden-gem/ HTTP/1.1" 200 10709 "-" "Mozilla/5.0 AppleWebKit/537.36 (KHTML, like Gecko; compatible; GPTBot/1.2; +https://openai.com/gptbot)"
20.171.207.125 - - [17/Apr/2025:01:08:56 -0400] "GET /wp-json/wp/v2/posts/3723 HTTP/1.1" 200 12223 "-" "Mozilla/5.0 AppleWebKit/537.36 (KHTML, like Gecko; compatible; GPTBot/1.2; +https://openai.com/gptbot)"
198.54.114.83 - - [17/Apr/2025:01:09:19 -0400] "POST /wp-cron.php?doing_wp_cron=1744866558.3213479518890380859375 HTTP/1.1" 200 0 "-" "WordPress/6.8; https://freelancingclients.com"
20.171.207.125 - - [17/Apr/2025:01:09:17 -0400] "GET /wp-json/wp/v2/posts/1918 HTTP/1.1" 200 12846 "-" "Mozilla/5.0 AppleWebKit/537.36 (KHTML, like Gecko; compatible; GPTBot/1.2; +https://openai.com/gptbot)"
198.54.114.83 - - [17/Apr/2025:01:10:31 -0400] "POST /wp-cron.php?doing_wp_cron=1744866629.8231000900268554687500 HTTP/1.1" 200 0 "-" "WordPress/6.8; https://freelancingclients.com"
20.171.207.125 - - [17/Apr/2025:01:10:29 -0400] "GET /?p=2447 HTTP/1.1" 301 0 "-" "Mozilla/5.0 AppleWebKit/537.36 (KHTML, like Gecko; compatible; GPTBot/1.2; +https://openai.com/gptbot)"
52.167.144.142 - - [17/Apr/2025:01:10:29 -0400] "GET /die-vielseitigkeit-eines-anwalts-in-hattingen/ HTTP/1.1" 200 10358 "-" "Mozilla/5.0 AppleWebKit/537.36 (KHTML, like Gecko; compatible; bingbot/2.0; +http://www.bing.com/bingbot.htm) Chrome/116.0.1938.76 Safari/537.36"
20.171.207.125 - - [17/Apr/2025:01:10:52 -0400] "GET /?p=493 HTTP/1.1" 301 0 "-" "Mozilla/5.0 AppleWebKit/537.36 (KHTML, like Gecko; compatible; GPTBot/1.2; +https://openai.com/gptbot)"
20.171.207.125 - - [17/Apr/2025:01:11:11 -0400] "GET /xmlrpc.php HTTP/1.1" 405 46 "-" "Mozilla/5.0 AppleWebKit/537.36 (KHTML, like Gecko; compatible; GPTBot/1.2; +https://openai.com/gptbot)"
198.54.114.83 - - [17/Apr/2025:01:11:34 -0400] "POST /wp-cron.php?doing_wp_cron=1744866692.3973400592803955078125 HTTP/1.1" 200 0 "-" "WordPress/6.8; https://freelancingclients.com"
20.171.207.125 - - [17/Apr/2025:01:11:32 -0400] "GET /red-velvet-cakes-sydney/feed/ HTTP/1.1" 200 390 "-" "Mozilla/5.0 AppleWebKit/537.36 (KHTML, like Gecko; compatible; GPTBot/1.2; +https://openai.com/gptbot)"
20.171.207.125 - - [17/Apr/2025:01:11:53 -0400] "GET /balis-hidden-gem/feed/ HTTP/1.1" 200 390 "-" "Mozilla/5.0 AppleWebKit/537.36 (KHTML, like Gecko; compatible; GPTBot/1.2; +https://openai.com/gptbot)"
20.171.207.125 - - [17/Apr/2025:01:12:15 -0400] "GET /wp-json/wp/v2/posts/2533 HTTP/1.1" 200 12632 "-" "Mozilla/5.0 AppleWebKit/537.36 (KHTML, like Gecko; compatible; GPTBot/1.2; +https://openai.com/gptbot)"
198.54.114.83 - - [17/Apr/2025:01:12:37 -0400] "POST /wp-cron.php?doing_wp_cron=1744866756.5239241123199462890625 HTTP/1.1" 200 0 "-" "WordPress/6.8; https://freelancingclients.com"
20.171.207.125 - - [17/Apr/2025:01:12:35 -0400] "GET /wp-json/wp/v2/posts/3712 HTTP/1.1" 200 13414 "-" "Mozilla/5.0 AppleWebKit/537.36 (KHTML, like Gecko; compatible; GPTBot/1.2; +https://openai.com/gptbot)"
20.171.207.125 - - [17/Apr/2025:01:12:58 -0400] "GET /wp-json/wp/v2/posts/3736 HTTP/1.1" 200 14459 "-" "Mozilla/5.0 AppleWebKit/537.36 (KHTML, like Gecko; compatible; GPTBot/1.2; +https://openai.com/gptbot)"
198.54.114.83 - - [17/Apr/2025:01:14:51 -0400] "POST /wp-cron.php?doing_wp_cron=1744866890.5035669803619384765625 HTTP/1.1" 200 0 "-" "WordPress/6.8; https://freelancingclients.com"
20.171.207.125 - - [17/Apr/2025:01:14:46 -0400] "GET /wp-json/wp/v2/posts/3730 HTTP/1.1" 200 12582 "-" "Mozilla/5.0 AppleWebKit/537.36 (KHTML, like Gecko; compatible; GPTBot/1.2; +https://openai.com/gptbot)"
198.54.114.83 - - [17/Apr/2025:01:14:54 -0400] "POST /wp-admin/admin-ajax.php?action=async_litespeed&nonce=1dRw8YF4G38BVdmfPv6M7F1dK6aP77SV&litespeed_type=imgoptm HTTP/1.1" 200 0 "-" "WordPress/6.8; https://freelancingclients.com"
20.171.207.125 - - [17/Apr/2025:01:15:14 -0400] "GET /wp-json/wp/v2/posts/2449 HTTP/1.1" 200 11610 "-" "Mozilla/5.0 AppleWebKit/537.36 (KHTML, like Gecko; compatible; GPTBot/1.2; +https://openai.com/gptbot)"
198.54.114.83 - - [17/Apr/2025:01:15:19 -0400] "POST /wp-cron.php?doing_wp_cron=1744866914.7970209121704101562500 HTTP/1.1" 200 0 "-" "WordPress/6.8; https://freelancingclients.com"
20.171.207.125 - - [17/Apr/2025:01:15:39 -0400] "GET /wp-json/wp/v2/posts/2514 HTTP/1.1" 200 11125 "-" "Mozilla/5.0 AppleWebKit/537.36 (KHTML, like Gecko; compatible; GPTBot/1.2; +https://openai.com/gptbot)"
20.171.207.125 - - [17/Apr/2025:01:16:02 -0400] "GET /wp-json/wp/v2/posts/2447 HTTP/1.1" 200 11090 "-" "Mozilla/5.0 AppleWebKit/537.36 (KHTML, like Gecko; compatible; GPTBot/1.2; +https://openai.com/gptbot)"
20.171.207.125 - - [17/Apr/2025:01:16:22 -0400] "GET /wp-json/wp/v2/posts/2441 HTTP/1.1" 200 11585 "-" "Mozilla/5.0 AppleWebKit/537.36 (KHTML, like Gecko; compatible; GPTBot/1.2; +https://openai.com/gptbot)"
198.54.114.83 - - [17/Apr/2025:01:16:25 -0400] "POST /wp-cron.php?doing_wp_cron=1744866983.3956038951873779296875 HTTP/1.1" 200 0 "-" "WordPress/6.8; https://freelancingclients.com"
20.171.207.125 - - [17/Apr/2025:01:16:44 -0400] "GET /wp-json/wp/v2/posts/2715 HTTP/1.1" 200 11397 "-" "Mozilla/5.0 AppleWebKit/537.36 (KHTML, like Gecko; compatible; GPTBot/1.2; +https://openai.com/gptbot)"
20.171.207.125 - - [17/Apr/2025:01:17:04 -0400] "GET /wp-json/wp/v2/posts/2444 HTTP/1.1" 200 11898 "-" "Mozilla/5.0 AppleWebKit/537.36 (KHTML, like Gecko; compatible; GPTBot/1.2; +https://openai.com/gptbot)"
20.171.207.125 - - [17/Apr/2025:01:17:25 -0400] "GET /wp-json/wp/v2/posts/2442 HTTP/1.1" 200 12037 "-" "Mozilla/5.0 AppleWebKit/537.36 (KHTML, like Gecko; compatible; GPTBot/1.2; +https://openai.com/gptbot)"
198.54.114.83 - - [17/Apr/2025:01:17:28 -0400] "POST /wp-cron.php?doing_wp_cron=1744867045.8426249027252197265625 HTTP/1.1" 200 0 "-" "WordPress/6.8; https://freelancingclients.com"
20.171.207.125 - - [17/Apr/2025:01:17:48 -0400] "GET /wp-json/wp/v2/posts/3716 HTTP/1.1" 200 12304 "-" "Mozilla/5.0 AppleWebKit/537.36 (KHTML, like Gecko; compatible; GPTBot/1.2; +https://openai.com/gptbot)"
20.171.207.125 - - [17/Apr/2025:01:18:09 -0400] "GET /wp-json/wp/v2/posts/3710 HTTP/1.1" 200 12586 "-" "Mozilla/5.0 AppleWebKit/537.36 (KHTML, like Gecko; compatible; GPTBot/1.2; +https://openai.com/gptbot)"
198.54.114.83 - - [17/Apr/2025:01:19:11 -0400] "POST /wp-cron.php?doing_wp_cron=1744867150.1548619270324707031250 HTTP/1.1" 200 0 "-" "WordPress/6.8; https://freelancingclients.com"
20.171.207.125 - - [17/Apr/2025:01:19:09 -0400] "GET /wp-json/wp/v2/posts/3741 HTTP/1.1" 200 14511 "-" "Mozilla/5.0 AppleWebKit/537.36 (KHTML, like Gecko; compatible; GPTBot/1.2; +https://openai.com/gptbot)"
20.171.207.125 - - [17/Apr/2025:01:19:32 -0400] "GET /wp-json/wp/v2/posts/3714 HTTP/1.1" 200 12404 "-" "Mozilla/5.0 AppleWebKit/537.36 (KHTML, like Gecko; compatible; GPTBot/1.2; +https://openai.com/gptbot)"
20.171.207.125 - - [17/Apr/2025:01:19:55 -0400] "GET /wp-json/wp/v2/posts/3749 HTTP/1.1" 200 12121 "-" "Mozilla/5.0 AppleWebKit/537.36 (KHTML, like Gecko; compatible; GPTBot/1.2; +https://openai.com/gptbot)"
20.171.207.125 - - [17/Apr/2025:01:20:20 -0400] "GET /wp-json/wp/v2/posts/3718 HTTP/1.1" 200 12780 "-" "Mozilla/5.0 AppleWebKit/537.36 (KHTML, like Gecko; compatible; GPTBot/1.2; +https://openai.com/gptbot)"
198.54.114.83 - - [17/Apr/2025:01:20:27 -0400] "POST /wp-cron.php?doing_wp_cron=1744867220.7842309474945068359375 HTTP/1.1" 200 0 "-" "WordPress/6.8; https://freelancingclients.com"
20.171.207.125 - - [17/Apr/2025:01:20:43 -0400] "GET /wp-json/oembed/1.0/embed?url=https%3A%2F%2Ffreelancingclients.com%2Flhistoire-enchanteresse-de-la-palette-primordiale-le-coup-de-pinceau-dun-singe%2F HTTP/1.1" 200 2840 "-" "Mozilla/5.0 AppleWebKit/537.36 (KHTML, like Gecko; compatible; GPTBot/1.2; +https://openai.com/gptbot)"
20.171.207.125 - - [17/Apr/2025:01:21:04 -0400] "GET /page/5/ HTTP/1.1" 200 10285 "-" "Mozilla/5.0 AppleWebKit/537.36 (KHTML, like Gecko; compatible; GPTBot/1.2; +https://openai.com/gptbot)"
20.171.207.125 - - [17/Apr/2025:01:21:25 -0400] "GET /page/157/ HTTP/1.1" 200 10239 "-" "Mozilla/5.0 AppleWebKit/537.36 (KHTML, like Gecko; compatible; GPTBot/1.2; +https://openai.com/gptbot)"
198.54.114.83 - - [17/Apr/2025:01:21:27 -0400] "POST /wp-cron.php?doing_wp_cron=1744867286.0073130130767822265625 HTTP/1.1" 200 0 "-" "WordPress/6.8; https://freelancingclients.com"
20.171.207.125 - - [17/Apr/2025:01:21:46 -0400] "GET /wp-json/wp/v2/posts/493 HTTP/1.1" 200 11677 "-" "Mozilla/5.0 AppleWebKit/537.36 (KHTML, like Gecko; compatible; GPTBot/1.2; +https://openai.com/gptbot)"
20.171.207.125 - - [17/Apr/2025:01:22:08 -0400] "GET /wp-json/oembed/1.0/embed?url=https%3A%2F%2Ffreelancingclients.com%2Flelegance-intemporelle-des-panneaux-en-marbre-pour-salle-de-bain%2F HTTP/1.1" 200 2733 "-" "Mozilla/5.0 AppleWebKit/537.36 (KHTML, like Gecko; compatible; GPTBot/1.2; +https://openai.com/gptbot)"
198.54.114.83 - - [17/Apr/2025:01:23:41 -0400] "POST /wp-cron.php?doing_wp_cron=1744867418.1793990135192871093750 HTTP/1.1" 200 0 "-" "WordPress/6.8; https://freelancingclients.com"
20.171.207.125 - - [17/Apr/2025:01:23:33 -0400] "GET /revolutionizing-office-communication-the-virtual-receptionist-advantage/ HTTP/1.1" 200 10292 "-" "Mozilla/5.0 AppleWebKit/537.36 (KHTML, like Gecko; compatible; GPTBot/1.2; +https://openai.com/gptbot)"
20.171.207.125 - - [17/Apr/2025:01:24:03 -0400] "GET /what-does-hide-alerts-mean-on-iphone-text-messages/ HTTP/1.1" 200 12895 "-" "Mozilla/5.0 AppleWebKit/537.36 (KHTML, like Gecko; compatible; GPTBot/1.2; +https://openai.com/gptbot)"
20.171.207.125 - - [17/Apr/2025:01:24:29 -0400] "GET /live-webcams-get-a-front-row-seat-to-the-action/ HTTP/1.1" 200 10419 "-" "Mozilla/5.0 AppleWebKit/537.36 (KHTML, like Gecko; compatible; GPTBot/1.2; +https://openai.com/gptbot)"
20.171.207.125 - - [17/Apr/2025:01:24:56 -0400] "GET /elegance-et-praticite-le-panneau-pvc-imitation-marbre/ HTTP/1.1" 200 10549 "-" "Mozilla/5.0 AppleWebKit/537.36 (KHTML, like Gecko; compatible; GPTBot/1.2; +https://openai.com/gptbot)"
20.171.207.125 - - [17/Apr/2025:01:25:26 -0400] "GET /what-does-it-mean-to-hide-alerts-on-iphone/ HTTP/1.1" 200 12973 "-" "Mozilla/5.0 AppleWebKit/537.36 (KHTML, like Gecko; compatible; GPTBot/1.2; +https://openai.com/gptbot)"
20.171.207.125 - - [17/Apr/2025:01:25:52 -0400] "GET /the-timeless-elegance-of-sterling-silver-rings/ HTTP/1.1" 200 10289 "-" "Mozilla/5.0 AppleWebKit/537.36 (KHTML, like Gecko; compatible; GPTBot/1.2; +https://openai.com/gptbot)"
20.171.207.125 - - [17/Apr/2025:01:26:19 -0400] "GET /discovering-the-magic-of-rainbow-riches-casinos/ HTTP/1.1" 200 10430 "-" "Mozilla/5.0 AppleWebKit/537.36 (KHTML, like Gecko; compatible; GPTBot/1.2; +https://openai.com/gptbot)"
20.171.207.125 - - [17/Apr/2025:01:26:46 -0400] "GET /discovering-the-joy-of-pesach-programs/ HTTP/1.1" 200 10299 "-" "Mozilla/5.0 AppleWebKit/537.36 (KHTML, like Gecko; compatible; GPTBot/1.2; +https://openai.com/gptbot)"
20.171.207.125 - - [17/Apr/2025:01:27:12 -0400] "GET /what-does-a-refurbished-iphone-mean/ HTTP/1.1" 200 13186 "-" "Mozilla/5.0 AppleWebKit/537.36 (KHTML, like Gecko; compatible; GPTBot/1.2; +https://openai.com/gptbot)"
20.171.207.125 - - [17/Apr/2025:01:27:52 -0400] "GET /?p=1916 HTTP/1.1" 301 0 "-" "Mozilla/5.0 AppleWebKit/537.36 (KHTML, like Gecko; compatible; GPTBot/1.2; +https://openai.com/gptbot)"
20.171.207.125 - - [17/Apr/2025:01:27:58 -0400] "GET /what-does-2nd-generation-iphone-mean/ HTTP/1.1" 200 13068 "-" "Mozilla/5.0 AppleWebKit/537.36 (KHTML, like Gecko; compatible; GPTBot/1.2; +https://openai.com/gptbot)"
20.171.207.125 - - [17/Apr/2025:01:28:19 -0400] "GET /?p=3682 HTTP/1.1" 301 0 "-" "Mozilla/5.0 AppleWebKit/537.36 (KHTML, like Gecko; compatible; GPTBot/1.2; +https://openai.com/gptbot)"
20.171.207.125 - - [17/Apr/2025:01:28:50 -0400] "GET /?p=1933 HTTP/1.1" 301 0 "-" "Mozilla/5.0 AppleWebKit/537.36 (KHTML, like Gecko; compatible; GPTBot/1.2; +https://openai.com/gptbot)"
20.171.207.125 - - [17/Apr/2025:01:29:19 -0400] "GET /?p=1896 HTTP/1.1" 301 0 "-" "Mozilla/5.0 AppleWebKit/537.36 (KHTML, like Gecko; compatible; GPTBot/1.2; +https://openai.com/gptbot)"
20.171.207.125 - - [17/Apr/2025:01:29:46 -0400] "GET /?p=3680 HTTP/1.1" 301 0 "-" "Mozilla/5.0 AppleWebKit/537.36 (KHTML, like Gecko; compatible; GPTBot/1.2; +https://openai.com/gptbot)"
20.171.207.125 - - [17/Apr/2025:01:30:16 -0400] "GET /?p=20 HTTP/1.1" 301 0 "-" "Mozilla/5.0 AppleWebKit/537.36 (KHTML, like Gecko; compatible; GPTBot/1.2; +https://openai.com/gptbot)"
20.171.207.125 - - [17/Apr/2025:01:30:45 -0400] "GET /?p=18 HTTP/1.1" 301 0 "-" "Mozilla/5.0 AppleWebKit/537.36 (KHTML, like Gecko; compatible; GPTBot/1.2; +https://openai.com/gptbot)"
198.54.114.83 - - [17/Apr/2025:01:32:27 -0400] "POST /wp-cron.php?doing_wp_cron=1744867945.3439559936523437500000 HTTP/1.1" 200 0 "-" "WordPress/6.8; https://freelancingclients.com"
20.171.207.125 - - [17/Apr/2025:01:32:10 -0400] "GET /?p=15 HTTP/1.1" 301 0 "-" "Mozilla/5.0 AppleWebKit/537.36 (KHTML, like Gecko; compatible; GPTBot/1.2; +https://openai.com/gptbot)"
20.171.207.125 - - [17/Apr/2025:01:32:57 -0400] "GET /?p=3672 HTTP/1.1" 301 0 "-" "Mozilla/5.0 AppleWebKit/537.36 (KHTML, like Gecko; compatible; GPTBot/1.2; +https://openai.com/gptbot)"
20.171.207.125 - - [17/Apr/2025:01:33:28 -0400] "GET /?p=14 HTTP/1.1" 301 0 "-" "Mozilla/5.0 AppleWebKit/537.36 (KHTML, like Gecko; compatible; GPTBot/1.2; +https://openai.com/gptbot)"
198.54.114.83 - - [17/Apr/2025:01:33:39 -0400] "POST /wp-cron.php?doing_wp_cron=1744868010.8906009197235107421875 HTTP/1.1" 200 0 "-" "WordPress/6.8; https://freelancingclients.com"
20.171.207.125 - - [17/Apr/2025:01:33:59 -0400] "GET /revolutionizing-office-communication-the-virtual-receptionist-advantage/feed/ HTTP/1.1" 200 433 "-" "Mozilla/5.0 AppleWebKit/537.36 (KHTML, like Gecko; compatible; GPTBot/1.2; +https://openai.com/gptbot)"
20.171.207.125 - - [17/Apr/2025:01:34:26 -0400] "GET /elegance-et-praticite-le-panneau-pvc-imitation-marbre/feed/ HTTP/1.1" 200 438 "-" "Mozilla/5.0 AppleWebKit/537.36 (KHTML, like Gecko; compatible; GPTBot/1.2; +https://openai.com/gptbot)"
20.171.207.125 - - [17/Apr/2025:01:34:53 -0400] "GET /what-does-hide-alerts-mean-on-iphone-text-messages/feed/ HTTP/1.1" 200 430 "-" "Mozilla/5.0 AppleWebKit/537.36 (KHTML, like Gecko; compatible; GPTBot/1.2; +https://openai.com/gptbot)"
20.171.207.125 - - [17/Apr/2025:01:35:22 -0400] "GET /live-webcams-get-a-front-row-seat-to-the-action/feed/ HTTP/1.1" 200 433 "-" "Mozilla/5.0 AppleWebKit/537.36 (KHTML, like Gecko; compatible; GPTBot/1.2; +https://openai.com/gptbot)"
20.171.207.125 - - [17/Apr/2025:01:35:53 -0400] "GET /what-does-it-mean-to-hide-alerts-on-iphone/feed/ HTTP/1.1" 200 421 "-" "Mozilla/5.0 AppleWebKit/537.36 (KHTML, like Gecko; compatible; GPTBot/1.2; +https://openai.com/gptbot)"
20.171.207.125 - - [17/Apr/2025:01:36:20 -0400] "GET /discovering-the-joy-of-pesach-programs/feed/ HTTP/1.1" 200 411 "-" "Mozilla/5.0 AppleWebKit/537.36 (KHTML, like Gecko; compatible; GPTBot/1.2; +https://openai.com/gptbot)"
20.171.207.125 - - [17/Apr/2025:01:36:20 -0400] "GET /discovering-the-magic-of-rainbow-riches-casinos/feed/ HTTP/1.1" 200 420 "-" "Mozilla/5.0 AppleWebKit/537.36 (KHTML, like Gecko; compatible; GPTBot/1.2; +https://openai.com/gptbot)"
20.171.207.125 - - [17/Apr/2025:01:36:46 -0400] "GET /what-does-a-refurbished-iphone-mean/feed/ HTTP/1.1" 200 407 "-" "Mozilla/5.0 AppleWebKit/537.36 (KHTML, like Gecko; compatible; GPTBot/1.2; +https://openai.com/gptbot)"
20.171.207.125 - - [17/Apr/2025:01:36:46 -0400] "GET /the-timeless-elegance-of-sterling-silver-rings/feed/ HTTP/1.1" 200 419 "-" "Mozilla/5.0 AppleWebKit/537.36 (KHTML, like Gecko; compatible; GPTBot/1.2; +https://openai.com/gptbot)"
20.171.207.125 - - [17/Apr/2025:01:37:12 -0400] "GET /what-does-2nd-generation-iphone-mean/feed/ HTTP/1.1" 200 405 "-" "Mozilla/5.0 AppleWebKit/537.36 (KHTML, like Gecko; compatible; GPTBot/1.2; +https://openai.com/gptbot)"
20.171.207.125 - - [17/Apr/2025:01:37:37 -0400] "GET /what-does-extended-mean-on-iphone/ HTTP/1.1" 200 12987 "-" "Mozilla/5.0 AppleWebKit/537.36 (KHTML, like Gecko; compatible; GPTBot/1.2; +https://openai.com/gptbot)"
198.54.114.83 - - [17/Apr/2025:01:37:43 -0400] "POST /wp-cron.php?doing_wp_cron=1744868257.9801650047302246093750 HTTP/1.1" 200 0 "-" "WordPress/6.8; https://freelancingclients.com"
20.171.207.125 - - [17/Apr/2025:01:38:05 -0400] "GET /what-does-edge-mean-on-iphone/ HTTP/1.1" 200 13218 "-" "Mozilla/5.0 AppleWebKit/537.36 (KHTML, like Gecko; compatible; GPTBot/1.2; +https://openai.com/gptbot)"
20.171.207.125 - - [17/Apr/2025:01:38:28 -0400] "GET /effiziente-unternehmensauflosungen-in-luneburg/ HTTP/1.1" 200 10462 "-" "Mozilla/5.0 AppleWebKit/537.36 (KHTML, like Gecko; compatible; GPTBot/1.2; +https://openai.com/gptbot)"
20.171.207.125 - - [17/Apr/2025:01:40:36 -0400] "GET /?p=3670 HTTP/1.1" 301 0 "-" "Mozilla/5.0 AppleWebKit/537.36 (KHTML, like Gecko; compatible; GPTBot/1.2; +https://openai.com/gptbot)"
20.171.207.125 - - [17/Apr/2025:01:41:13 -0400] "GET /?p=16 HTTP/1.1" 301 0 "-" "Mozilla/5.0 AppleWebKit/537.36 (KHTML, like Gecko; compatible; GPTBot/1.2; +https://openai.com/gptbot)"
20.171.207.125 - - [17/Apr/2025:01:41:39 -0400] "GET /?p=17 HTTP/1.1" 301 0 "-" "Mozilla/5.0 AppleWebKit/537.36 (KHTML, like Gecko; compatible; GPTBot/1.2; +https://openai.com/gptbot)"
20.171.207.125 - - [17/Apr/2025:01:42:06 -0400] "GET /what-does-extended-mean-on-iphone/feed/ HTTP/1.1" 200 406 "-" "Mozilla/5.0 AppleWebKit/537.36 (KHTML, like Gecko; compatible; GPTBot/1.2; +https://openai.com/gptbot)"
198.54.114.83 - - [17/Apr/2025:01:42:12 -0400] "POST /wp-cron.php?doing_wp_cron=1744868526.9263598918914794921875 HTTP/1.1" 200 0 "-" "WordPress/6.8; https://freelancingclients.com"
20.171.207.125 - - [17/Apr/2025:01:42:39 -0400] "GET /xmlrpc.php HTTP/1.1" 405 46 "-" "Mozilla/5.0 AppleWebKit/537.36 (KHTML, like Gecko; compatible; GPTBot/1.2; +https://openai.com/gptbot)"
20.171.207.125 - - [17/Apr/2025:01:43:07 -0400] "GET /what-does-edge-mean-on-iphone/feed/ HTTP/1.1" 200 403 "-" "Mozilla/5.0 AppleWebKit/537.36 (KHTML, like Gecko; compatible; GPTBot/1.2; +https://openai.com/gptbot)"
20.171.207.125 - - [17/Apr/2025:01:43:36 -0400] "GET /die-bedeutung-von-juristischer-nachhilfe/ HTTP/1.1" 200 10355 "-" "Mozilla/5.0 AppleWebKit/537.36 (KHTML, like Gecko; compatible; GPTBot/1.2; +https://openai.com/gptbot)"
185.231.154.128 - - [17/Apr/2025:01:43:42 -0400] "GET /osteopathy/ HTTP/1.1" 200 9642 "https://freelancingclients.com/osteopathy/#comment-7037" "Mozilla/5.0 (Windows NT 10.0; Win64; x64) AppleWebKit/537.36 (KHTML, like Gecko) Chrome/130.0.0.0 Safari/537.36 CCleaner/130.0.0.0"
185.231.154.128 - - [17/Apr/2025:01:43:51 -0400] "POST /wp-comments-post.php HTTP/1.1" 302 0 "https://freelancingclients.com/osteopathy/#comment-7037" "Mozilla/5.0 (Windows NT 10.0; Win64; x64) AppleWebKit/537.36 (KHTML, like Gecko) Chrome/130.0.0.0 Safari/537.36 CCleaner/130.0.0.0"
20.171.207.125 - - [17/Apr/2025:01:44:02 -0400] "GET /effiziente-unternehmensabwicklung-in-luneburg/ HTTP/1.1" 200 10484 "-" "Mozilla/5.0 AppleWebKit/537.36 (KHTML, like Gecko; compatible; GPTBot/1.2; +https://openai.com/gptbot)"
185.231.154.128 - - [17/Apr/2025:01:44:01 -0400] "GET /osteopathy/ HTTP/1.1" 200 10995 "https://freelancingclients.com/osteopathy/#comment-8403" "Mozilla/5.0 (Windows NT 10.0; Win64; x64) AppleWebKit/537.36 (KHTML, like Gecko) Chrome/130.0.0.0 Safari/537.36 CCleaner/130.0.0.0"
20.171.207.125 - - [17/Apr/2025:01:44:29 -0400] "GET /effiziente-unternehmensauflosungen-in-luneburg/feed/ HTTP/1.1" 200 419 "-" "Mozilla/5.0 AppleWebKit/537.36 (KHTML, like Gecko; compatible; GPTBot/1.2; +https://openai.com/gptbot)"
20.171.207.125 - - [17/Apr/2025:01:44:50 -0400] "GET /effiziente-haushaltsauflosungen-in-luneburg/ HTTP/1.1" 200 10534 "-" "Mozilla/5.0 AppleWebKit/537.36 (KHTML, like Gecko; compatible; GPTBot/1.2; +https://openai.com/gptbot)"
20.171.207.125 - - [17/Apr/2025:01:45:04 -0400] "GET /der-genuss-von-gerosteten-mandeln/ HTTP/1.1" 200 10641 "-" "Mozilla/5.0 AppleWebKit/537.36 (KHTML, like Gecko; compatible; GPTBot/1.2; +https://openai.com/gptbot)"
20.171.207.125 - - [17/Apr/2025:01:45:17 -0400] "GET /what-does-iphone-renewed-mean/ HTTP/1.1" 200 13354 "-" "Mozilla/5.0 AppleWebKit/537.36 (KHTML, like Gecko; compatible; GPTBot/1.2; +https://openai.com/gptbot)"
20.171.207.125 - - [17/Apr/2025:01:45:40 -0400] "GET /effiziente-wohnungsauflosung-in-luneburg/ HTTP/1.1" 200 10374 "-" "Mozilla/5.0 AppleWebKit/537.36 (KHTML, like Gecko; compatible; GPTBot/1.2; +https://openai.com/gptbot)"
20.171.207.125 - - [17/Apr/2025:01:46:06 -0400] "GET /effizient-und-stressfrei/ HTTP/1.1" 200 10364 "-" "Mozilla/5.0 AppleWebKit/537.36 (KHTML, like Gecko; compatible; GPTBot/1.2; +https://openai.com/gptbot)"
20.171.207.125 - - [17/Apr/2025:01:46:33 -0400] "GET /wp-content/uploads/2023/02/6.jpg HTTP/1.1" 200 5579 "-" "Mozilla/5.0 AppleWebKit/537.36 (KHTML, like Gecko; compatible; GPTBot/1.2; +https://openai.com/gptbot)"
20.171.207.125 - - [17/Apr/2025:01:46:57 -0400] "GET /wp-content/uploads/2023/03/3.jpg HTTP/1.1" 200 5365 "-" "Mozilla/5.0 AppleWebKit/537.36 (KHTML, like Gecko; compatible; GPTBot/1.2; +https://openai.com/gptbot)"
20.171.207.125 - - [17/Apr/2025:01:47:23 -0400] "GET /wp-content/uploads/2023/03/1.jpg HTTP/1.1" 200 6665 "-" "Mozilla/5.0 AppleWebKit/537.36 (KHTML, like Gecko; compatible; GPTBot/1.2; +https://openai.com/gptbot)"
198.54.114.83 - - [17/Apr/2025:01:49:21 -0400] "POST /wp-cron.php?doing_wp_cron=1744868959.9247930049896240234375 HTTP/1.1" 200 0 "-" "WordPress/6.8; https://freelancingclients.com"
20.171.207.125 - - [17/Apr/2025:01:49:13 -0400] "GET /?p=19 HTTP/1.1" 200 0 "-" "Mozilla/5.0 AppleWebKit/537.36 (KHTML, like Gecko; compatible; GPTBot/1.2; +https://openai.com/gptbot)"
20.171.207.125 - - [17/Apr/2025:01:49:59 -0400] "GET /wp-json/oembed/1.0/embed?format=xml&url=https%3A%2F%2Ffreelancingclients.com%2Fwhat-does-iphone-renewed-mean%2F HTTP/1.1" 200 1195 "-" "Mozilla/5.0 AppleWebKit/537.36 (KHTML, like Gecko; compatible; GPTBot/1.2; +https://openai.com/gptbot)"
20.171.207.125 - - [17/Apr/2025:01:50:32 -0400] "GET /wp-json/wp/v2/posts/19 HTTP/1.1" 200 20928 "-" "Mozilla/5.0 AppleWebKit/537.36 (KHTML, like Gecko; compatible; GPTBot/1.2; +https://openai.com/gptbot)"
198.54.114.83 - - [17/Apr/2025:01:50:42 -0400] "POST /wp-cron.php?doing_wp_cron=1744869032.7850170135498046875000 HTTP/1.1" 200 0 "-" "WordPress/6.8; https://freelancingclients.com"
20.171.207.125 - - [17/Apr/2025:01:51:52 -0400] "GET /?p=3662 HTTP/1.1" 301 0 "-" "Mozilla/5.0 AppleWebKit/537.36 (KHTML, like Gecko; compatible; GPTBot/1.2; +https://openai.com/gptbot)"
198.54.114.83 - - [17/Apr/2025:01:51:57 -0400] "POST /wp-cron.php?doing_wp_cron=1744869113.3511440753936767578125 HTTP/1.1" 200 0 "-" "WordPress/6.8; https://freelancingclients.com"
20.171.207.125 - - [17/Apr/2025:01:52:17 -0400] "GET /?p=3674 HTTP/1.1" 301 0 "-" "Mozilla/5.0 AppleWebKit/537.36 (KHTML, like Gecko; compatible; GPTBot/1.2; +https://openai.com/gptbot)"
20.171.207.125 - - [17/Apr/2025:01:52:37 -0400] "GET /?p=3678 HTTP/1.1" 301 0 "-" "Mozilla/5.0 AppleWebKit/537.36 (KHTML, like Gecko; compatible; GPTBot/1.2; +https://openai.com/gptbot)"
20.171.207.125 - - [17/Apr/2025:01:52:58 -0400] "GET /?p=3664 HTTP/1.1" 301 0 "-" "Mozilla/5.0 AppleWebKit/537.36 (KHTML, like Gecko; compatible; GPTBot/1.2; +https://openai.com/gptbot)"
198.54.114.83 - - [17/Apr/2025:01:53:01 -0400] "POST /wp-cron.php?doing_wp_cron=1744869179.3782639503479003906250 HTTP/1.1" 200 0 "-" "WordPress/6.8; https://freelancingclients.com"
20.171.207.125 - - [17/Apr/2025:01:53:20 -0400] "GET /?p=3668 HTTP/1.1" 301 0 "-" "Mozilla/5.0 AppleWebKit/537.36 (KHTML, like Gecko; compatible; GPTBot/1.2; +https://openai.com/gptbot)"
20.171.207.125 - - [17/Apr/2025:01:53:28 -0400] "GET /?p=3666 HTTP/1.1" 301 0 "-" "Mozilla/5.0 AppleWebKit/537.36 (KHTML, like Gecko; compatible; GPTBot/1.2; +https://openai.com/gptbot)"
20.171.207.125 - - [17/Apr/2025:01:53:50 -0400] "GET /?p=19 HTTP/1.1" 301 0 "-" "Mozilla/5.0 AppleWebKit/537.36 (KHTML, like Gecko; compatible; GPTBot/1.2; +https://openai.com/gptbot)"
20.171.207.125 - - [17/Apr/2025:01:54:12 -0400] "GET /making-it-easy-for-children-when-moving-overseas/ HTTP/1.1" 200 11551 "-" "Mozilla/5.0 AppleWebKit/537.36 (KHTML, like Gecko; compatible; GPTBot/1.2; +https://openai.com/gptbot)"
198.54.114.83 - - [17/Apr/2025:01:54:16 -0400] "POST /wp-cron.php?doing_wp_cron=1744869253.4334518909454345703125 HTTP/1.1" 200 0 "-" "WordPress/6.8; https://freelancingclients.com"
195.2.67.184 - - [17/Apr/2025:01:54:18 -0400] "GET /osteopathy/ HTTP/1.1" 200 9642 "https://freelancingclients.com/osteopathy/#comment-7547/" "Mozilla/5.0 (Windows NT 10.0; Win64; x64) AppleWebKit/537.36 (KHTML, like Gecko) Chrome/130.0.0.0 Safari/537.36 CCleaner/130.0.0.0"
195.2.67.184 - - [17/Apr/2025:01:54:19 -0400] "GET /osteopathy/ HTTP/1.1" 200 9642 "https://freelancingclients.com/osteopathy/#comment-7547/" "Mozilla/5.0 (Windows NT 10.0; Win64; x64) AppleWebKit/537.36 (KHTML, like Gecko) Chrome/130.0.0.0 Safari/537.36"
195.2.67.184 - - [17/Apr/2025:01:54:22 -0400] "GET /osteopathy/ HTTP/1.1" 200 9642 "https://freelancingclients.com/osteopathy/#comment-7547/" "Mozilla/5.0 (Windows NT 10.0; Win64; x64) AppleWebKit/537.36 (KHTML, like Gecko) Chrome/130.0.0.0 Safari/537.36 CCleaner/130.0.0.0"
195.2.67.184 - - [17/Apr/2025:01:54:21 -0400] "POST /wp-comments-post.php HTTP/1.1" 429 982 "https://freelancingclients.com/osteopathy/#comment-7547/" "Mozilla/5.0 (Windows NT 10.0; Win64; x64) AppleWebKit/537.36 (KHTML, like Gecko) Chrome/130.0.0.0 Safari/537.36"
195.2.67.184 - - [17/Apr/2025:01:54:21 -0400] "POST /wp-comments-post.php HTTP/1.1" 302 0 "https://freelancingclients.com/osteopathy/#comment-7547/" "Mozilla/5.0 (Windows NT 10.0; Win64; x64) AppleWebKit/537.36 (KHTML, like Gecko) Chrome/130.0.0.0 Safari/537.36 CCleaner/130.0.0.0"
195.2.67.184 - - [17/Apr/2025:01:54:24 -0400] "POST /wp-comments-post.php HTTP/1.1" 429 982 "https://freelancingclients.com/osteopathy/#comment-7547/" "Mozilla/5.0 (Windows NT 10.0; Win64; x64) AppleWebKit/537.36 (KHTML, like Gecko) Chrome/130.0.0.0 Safari/537.36 CCleaner/130.0.0.0"
195.2.67.184 - - [17/Apr/2025:01:54:25 -0400] "GET /osteopathy/ HTTP/1.1" 200 18021 "https://freelancingclients.com/osteopathy/#comment-8406" "Mozilla/5.0 (Windows NT 10.0; Win64; x64) AppleWebKit/537.36 (KHTML, like Gecko) Chrome/130.0.0.0 Safari/537.36 CCleaner/130.0.0.0"
20.171.207.125 - - [17/Apr/2025:01:51:03 -0400] "GET /wp-json/oembed/1.0/embed?url=https%3A%2F%2Ffreelancingclients.com%2Fwhat-does-iphone-renewed-mean%2F HTTP/1.1" 200 2494 "-" "Mozilla/5.0 AppleWebKit/537.36 (KHTML, like Gecko; compatible; GPTBot/1.2; +https://openai.com/gptbot)"
20.171.207.125 - - [17/Apr/2025:01:51:28 -0400] "GET /what-does-iphone-renewed-mean/feed/ HTTP/1.1" 200 404 "-" "Mozilla/5.0 AppleWebKit/537.36 (KHTML, like Gecko; compatible; GPTBot/1.2; +https://openai.com/gptbot)"
20.171.207.125 - - [17/Apr/2025:01:59:20 -0400] "GET /what-does-iphone-renewed-mean/embed/ HTTP/1.1" 200 6373 "-" "Mozilla/5.0 AppleWebKit/537.36 (KHTML, like Gecko; compatible; GPTBot/1.2; +https://openai.com/gptbot)"
20.171.207.125 - - [17/Apr/2025:01:59:41 -0400] "GET /effiziente-unternehmensabwicklung-in-luneburg/feed/ HTTP/1.1" 200 414 "-" "Mozilla/5.0 AppleWebKit/537.36 (KHTML, like Gecko; compatible; GPTBot/1.2; +https://openai.com/gptbot)"
47.243.74.123 - - [17/Apr/2025:01:59:59 -0400] "HEAD / HTTP/1.1" 200 0 "-" "Mozilla/5.0 (Windows NT 6.0; Win64; x64) AppleWebKit/537.36 (KHTML, like Gecko) Chrome/73.0.2241.95 Safari/537.36"
47.243.74.123 - - [17/Apr/2025:02:00:00 -0400] "GET / HTTP/1.1" 200 10016 "-" "Mozilla/5.0 (Windows NT 6.0; Win64; x64) AppleWebKit/537.36 (KHTML, like Gecko) Chrome/73.0.2241.95 Safari/537.36"
198.54.114.83 - - [17/Apr/2025:02:00:01 -0400] "POST /wp-cron.php?doing_wp_cron=1744869600.1103229522705078125000 HTTP/1.1" 200 0 "-" "WordPress/6.8; https://freelancingclients.com"
198.54.114.83 - - [17/Apr/2025:02:00:01 -0400] "POST /wp-cron.php?doing_wp_cron=1744869600.1887590885162353515625 HTTP/1.1" 200 0 "-" "WordPress/6.8; https://freelancingclients.com"
47.76.99.127 - - [17/Apr/2025:01:59:59 -0400] "HEAD /page/2 HTTP/1.1" 301 0 "-" "Mozilla/5.0 (Windows NT 6.3; Win64; x64) AppleWebKit/537.36 (KHTML, like Gecko) Chrome/68.0.3238.37 Safari/537.36"
47.243.234.164 - - [17/Apr/2025:01:59:59 -0400] "HEAD /category/activity HTTP/1.1" 301 0 "-" "Mozilla/5.0 (Windows NT 6.2; Win64; x64) AppleWebKit/537.36 (KHTML, like Gecko) Chrome/77.0.3461.9 Safari/537.36"
20.171.207.125 - - [17/Apr/2025:02:00:01 -0400] "GET /effiziente-haushaltsauflosungen-in-luneburg/feed/ HTTP/1.1" 200 417 "-" "Mozilla/5.0 AppleWebKit/537.36 (KHTML, like Gecko; compatible; GPTBot/1.2; +https://openai.com/gptbot)"
47.76.99.127 - - [17/Apr/2025:02:00:03 -0400] "HEAD /page/2/ HTTP/1.1" 200 0 "-" "Mozilla/5.0 (Windows NT 6.3; Win64; x64) AppleWebKit/537.36 (KHTML, like Gecko) Chrome/68.0.3238.37 Safari/537.36"
47.243.234.164 - - [17/Apr/2025:02:00:04 -0400] "HEAD /category/activity/ HTTP/1.1" 200 0 "-" "Mozilla/5.0 (Windows NT 6.2; Win64; x64) AppleWebKit/537.36 (KHTML, like Gecko) Chrome/77.0.3461.9 Safari/537.36"
198.54.114.83 - - [17/Apr/2025:02:00:04 -0400] "POST /wp-admin/admin-ajax.php?action=async_litespeed&nonce=rqx2kqPsyHfUyGFbfe59wPoeamZl2gBg&litespeed_type=imgoptm HTTP/1.1" 200 0 "-" "WordPress/6.8; https://freelancingclients.com"
47.76.222.244 - - [17/Apr/2025:02:00:04 -0400] "HEAD /category/activity HTTP/1.1" 301 0 "-" "Mozilla/5.0 (Windows NT 6.3; Win64; x64) AppleWebKit/537.36 (KHTML, like Gecko) Chrome/62.0.3401.105 Safari/537.36"
8.210.147.121 - - [17/Apr/2025:02:00:04 -0400] "HEAD /page/2 HTTP/1.1" 301 0 "-" "Mozilla/5.0 (Windows NT 6.0; Win64; x64) AppleWebKit/537.36 (KHTML, like Gecko) Chrome/65.0.2588.12 Safari/537.36"
47.76.99.127 - - [17/Apr/2025:02:00:05 -0400] "GET /page/2 HTTP/1.1" 301 0 "-" "Mozilla/5.0 (Windows NT 6.3; Win64; x64) AppleWebKit/537.36 (KHTML, like Gecko) Chrome/68.0.3238.37 Safari/537.36"
47.243.234.164 - - [17/Apr/2025:02:00:05 -0400] "GET /category/activity HTTP/1.1" 301 0 "-" "Mozilla/5.0 (Windows NT 6.2; Win64; x64) AppleWebKit/537.36 (KHTML, like Gecko) Chrome/77.0.3461.9 Safari/537.36"
47.76.222.244 - - [17/Apr/2025:02:00:07 -0400] "HEAD /category/activity/ HTTP/1.1" 200 0 "-" "Mozilla/5.0 (Windows NT 6.3; Win64; x64) AppleWebKit/537.36 (KHTML, like Gecko) Chrome/62.0.3401.105 Safari/537.36"
8.210.147.121 - - [17/Apr/2025:02:00:08 -0400] "HEAD /page/2/ HTTP/1.1" 200 0 "-" "Mozilla/5.0 (Windows NT 6.0; Win64; x64) AppleWebKit/537.36 (KHTML, like Gecko) Chrome/65.0.2588.12 Safari/537.36"
8.218.91.49 - - [17/Apr/2025:02:00:08 -0400] "HEAD /page/2 HTTP/1.1" 301 0 "-" "Mozilla/5.0 (Windows NT 10.0; Win64; x64) AppleWebKit/537.36 (KHTML, like Gecko) Chrome/70.0.3472.184 Safari/537.36"
47.76.99.127 - - [17/Apr/2025:02:00:09 -0400] "GET /page/2/ HTTP/1.1" 200 10718 "-" "Mozilla/5.0 (Windows NT 6.3; Win64; x64) AppleWebKit/537.36 (KHTML, like Gecko) Chrome/68.0.3238.37 Safari/537.36"
47.243.228.99 - - [17/Apr/2025:02:00:09 -0400] "HEAD /category/activity HTTP/1.1" 301 0 "-" "Mozilla/5.0 (Windows NT 6.0; Win64; x64) AppleWebKit/537.36 (KHTML, like Gecko) Chrome/70.0.3911.156 Safari/537.36"
47.243.234.164 - - [17/Apr/2025:02:00:09 -0400] "GET /category/activity/ HTTP/1.1" 200 10188 "-" "Mozilla/5.0 (Windows NT 6.2; Win64; x64) AppleWebKit/537.36 (KHTML, like Gecko) Chrome/77.0.3461.9 Safari/537.36"
47.76.222.244 - - [17/Apr/2025:02:00:11 -0400] "GET /category/activity HTTP/1.1" 301 0 "-" "Mozilla/5.0 (Windows NT 6.3; Win64; x64) AppleWebKit/537.36 (KHTML, like Gecko) Chrome/62.0.3401.105 Safari/537.36"
8.210.147.121 - - [17/Apr/2025:02:00:11 -0400] "GET /page/2 HTTP/1.1" 301 0 "-" "Mozilla/5.0 (Windows NT 6.0; Win64; x64) AppleWebKit/537.36 (KHTML, like Gecko) Chrome/65.0.2588.12 Safari/537.36"
8.218.91.49 - - [17/Apr/2025:02:00:11 -0400] "HEAD /page/2/ HTTP/1.1" 200 0 "-" "Mozilla/5.0 (Windows NT 10.0; Win64; x64) AppleWebKit/537.36 (KHTML, like Gecko) Chrome/70.0.3472.184 Safari/537.36"
47.243.228.99 - - [17/Apr/2025:02:00:13 -0400] "HEAD /category/activity/ HTTP/1.1" 200 0 "-" "Mozilla/5.0 (Windows NT 6.0; Win64; x64) AppleWebKit/537.36 (KHTML, like Gecko) Chrome/70.0.3911.156 Safari/537.36"
8.210.153.23 - - [17/Apr/2025:02:00:13 -0400] "HEAD /category/activity HTTP/1.1" 301 0 "-" "Mozilla/5.0 (Windows NT 6.3; Win64; x64) AppleWebKit/537.36 (KHTML, like Gecko) Chrome/66.0.3011.56 Safari/537.36"
8.218.91.49 - - [17/Apr/2025:02:00:13 -0400] "HEAD /page/2 HTTP/1.1" 301 0 "-" "Mozilla/5.0 (Windows NT 10.0; Win64; x64) AppleWebKit/537.36 (KHTML, like Gecko) Chrome/69.0.3141.93 Safari/537.36"
47.76.222.244 - - [17/Apr/2025:02:00:14 -0400] "GET /category/activity/ HTTP/1.1" 200 10188 "-" "Mozilla/5.0 (Windows NT 6.3; Win64; x64) AppleWebKit/537.36 (KHTML, like Gecko) Chrome/62.0.3401.105 Safari/537.36"
8.210.147.121 - - [17/Apr/2025:02:00:14 -0400] "GET /page/2/ HTTP/1.1" 200 10718 "-" "Mozilla/5.0 (Windows NT 6.0; Win64; x64) AppleWebKit/537.36 (KHTML, like Gecko) Chrome/65.0.2588.12 Safari/537.36"
8.218.91.49 - - [17/Apr/2025:02:00:14 -0400] "GET /page/2 HTTP/1.1" 301 0 "-" "Mozilla/5.0 (Windows NT 10.0; Win64; x64) AppleWebKit/537.36 (KHTML, like Gecko) Chrome/70.0.3472.184 Safari/537.36"
47.243.228.99 - - [17/Apr/2025:02:00:14 -0400] "GET /category/activity HTTP/1.1" 301 0 "-" "Mozilla/5.0 (Windows NT 6.0; Win64; x64) AppleWebKit/537.36 (KHTML, like Gecko) Chrome/70.0.3911.156 Safari/537.36"
8.210.153.23 - - [17/Apr/2025:02:00:14 -0400] "HEAD /category/activity/ HTTP/1.1" 200 0 "-" "Mozilla/5.0 (Windows NT 6.3; Win64; x64) AppleWebKit/537.36 (KHTML, like Gecko) Chrome/66.0.3011.56 Safari/537.36"
8.218.91.49 - - [17/Apr/2025:02:00:15 -0400] "HEAD /page/2/ HTTP/1.1" 200 0 "-" "Mozilla/5.0 (Windows NT 10.0; Win64; x64) AppleWebKit/537.36 (KHTML, like Gecko) Chrome/69.0.3141.93 Safari/537.36"
8.218.91.49 - - [17/Apr/2025:02:00:15 -0400] "GET /page/2/ HTTP/1.1" 200 10718 "-" "Mozilla/5.0 (Windows NT 10.0; Win64; x64) AppleWebKit/537.36 (KHTML, like Gecko) Chrome/70.0.3472.184 Safari/537.36"
47.76.99.127 - - [17/Apr/2025:02:00:16 -0400] "HEAD /category/activity HTTP/1.1" 301 0 "-" "Mozilla/5.0 (Windows NT 10.0; Win64; x64) AppleWebKit/537.36 (KHTML, like Gecko) Chrome/60.0.2398.158 Safari/537.36"
47.243.228.99 - - [17/Apr/2025:02:00:16 -0400] "GET /category/activity/ HTTP/1.1" 200 10188 "-" "Mozilla/5.0 (Windows NT 6.0; Win64; x64) AppleWebKit/537.36 (KHTML, like Gecko) Chrome/70.0.3911.156 Safari/537.36"
8.210.153.23 - - [17/Apr/2025:02:00:16 -0400] "GET /category/activity HTTP/1.1" 301 0 "-" "Mozilla/5.0 (Windows NT 6.3; Win64; x64) AppleWebKit/537.36 (KHTML, like Gecko) Chrome/66.0.3011.56 Safari/537.36"
8.218.91.49 - - [17/Apr/2025:02:00:16 -0400] "GET /page/2 HTTP/1.1" 301 0 "-" "Mozilla/5.0 (Windows NT 10.0; Win64; x64) AppleWebKit/537.36 (KHTML, like Gecko) Chrome/69.0.3141.93 Safari/537.36"
47.243.193.222 - - [17/Apr/2025:02:00:18 -0400] "HEAD /page/2 HTTP/1.1" 301 0 "-" "Mozilla/5.0 (Windows NT 6.1; Win64; x64) AppleWebKit/537.36 (KHTML, like Gecko) Chrome/63.0.2888.161 Safari/537.36"
47.76.99.127 - - [17/Apr/2025:02:00:19 -0400] "HEAD /category/activity/ HTTP/1.1" 200 0 "-" "Mozilla/5.0 (Windows NT 10.0; Win64; x64) AppleWebKit/537.36 (KHTML, like Gecko) Chrome/60.0.2398.158 Safari/537.36"
8.210.153.23 - - [17/Apr/2025:02:00:19 -0400] "GET /category/activity/ HTTP/1.1" 200 10188 "-" "Mozilla/5.0 (Windows NT 6.3; Win64; x64) AppleWebKit/537.36 (KHTML, like Gecko) Chrome/66.0.3011.56 Safari/537.36"
8.218.91.49 - - [17/Apr/2025:02:00:19 -0400] "GET /page/2/ HTTP/1.1" 200 10718 "-" "Mozilla/5.0 (Windows NT 10.0; Win64; x64) AppleWebKit/537.36 (KHTML, like Gecko) Chrome/69.0.3141.93 Safari/537.36"
47.243.193.222 - - [17/Apr/2025:02:00:20 -0400] "HEAD /page/2/ HTTP/1.1" 200 0 "-" "Mozilla/5.0 (Windows NT 6.1; Win64; x64) AppleWebKit/537.36 (KHTML, like Gecko) Chrome/63.0.2888.161 Safari/537.36"
47.76.99.127 - - [17/Apr/2025:02:00:20 -0400] "GET /category/activity HTTP/1.1" 301 0 "-" "Mozilla/5.0 (Windows NT 10.0; Win64; x64) AppleWebKit/537.36 (KHTML, like Gecko) Chrome/60.0.2398.158 Safari/537.36"
47.243.193.222 - - [17/Apr/2025:02:00:22 -0400] "GET /page/2 HTTP/1.1" 301 0 "-" "Mozilla/5.0 (Windows NT 6.1; Win64; x64) AppleWebKit/537.36 (KHTML, like Gecko) Chrome/63.0.2888.161 Safari/537.36"
47.76.99.127 - - [17/Apr/2025:02:00:22 -0400] "GET /category/activity/ HTTP/1.1" 200 10188 "-" "Mozilla/5.0 (Windows NT 10.0; Win64; x64) AppleWebKit/537.36 (KHTML, like Gecko) Chrome/60.0.2398.158 Safari/537.36"
20.171.207.125 - - [17/Apr/2025:02:00:21 -0400] "GET /effiziente-wohnungsauflosung-in-luneburg/feed/ HTTP/1.1" 200 417 "-" "Mozilla/5.0 AppleWebKit/537.36 (KHTML, like Gecko; compatible; GPTBot/1.2; +https://openai.com/gptbot)"
47.243.193.222 - - [17/Apr/2025:02:00:24 -0400] "GET /page/2/ HTTP/1.1" 200 10718 "-" "Mozilla/5.0 (Windows NT 6.1; Win64; x64) AppleWebKit/537.36 (KHTML, like Gecko) Chrome/63.0.2888.161 Safari/537.36"
198.54.114.83 - - [17/Apr/2025:02:00:24 -0400] "POST /wp-cron.php?doing_wp_cron=1744869622.2737720012664794921875 HTTP/1.1" 200 0 "-" "WordPress/6.8; https://freelancingclients.com"
20.171.207.125 - - [17/Apr/2025:02:00:43 -0400] "GET /effizient-und-stressfrei/feed/ HTTP/1.1" 200 386 "-" "Mozilla/5.0 AppleWebKit/537.36 (KHTML, like Gecko; compatible; GPTBot/1.2; +https://openai.com/gptbot)"
47.242.76.207 - - [17/Apr/2025:02:00:45 -0400] "HEAD /page/159 HTTP/1.1" 301 0 "-" "Mozilla/5.0 (Windows NT 6.2; Win64; x64) AppleWebKit/537.36 (KHTML, like Gecko) Chrome/67.0.2235.133 Safari/537.36"
47.242.76.207 - - [17/Apr/2025:02:00:47 -0400] "HEAD /page/159/ HTTP/1.1" 200 0 "-" "Mozilla/5.0 (Windows NT 6.2; Win64; x64) AppleWebKit/537.36 (KHTML, like Gecko) Chrome/67.0.2235.133 Safari/537.36"
47.242.76.207 - - [17/Apr/2025:02:00:48 -0400] "GET /page/159 HTTP/1.1" 301 0 "-" "Mozilla/5.0 (Windows NT 6.2; Win64; x64) AppleWebKit/537.36 (KHTML, like Gecko) Chrome/67.0.2235.133 Safari/537.36"
47.242.76.207 - - [17/Apr/2025:02:00:49 -0400] "GET /page/159/ HTTP/1.1" 200 10095 "-" "Mozilla/5.0 (Windows NT 6.2; Win64; x64) AppleWebKit/537.36 (KHTML, like Gecko) Chrome/67.0.2235.133 Safari/537.36"
8.210.86.249 - - [17/Apr/2025:02:00:49 -0400] "HEAD /page/159 HTTP/1.1" 301 0 "-" "Mozilla/5.0 (Windows NT 6.1; Win64; x64) AppleWebKit/537.36 (KHTML, like Gecko) Chrome/62.0.3761.11 Safari/537.36"
8.210.86.249 - - [17/Apr/2025:02:00:51 -0400] "HEAD /page/159/ HTTP/1.1" 200 0 "-" "Mozilla/5.0 (Windows NT 6.1; Win64; x64) AppleWebKit/537.36 (KHTML, like Gecko) Chrome/62.0.3761.11 Safari/537.36"
8.210.86.249 - - [17/Apr/2025:02:00:53 -0400] "GET /page/159 HTTP/1.1" 301 0 "-" "Mozilla/5.0 (Windows NT 6.1; Win64; x64) AppleWebKit/537.36 (KHTML, like Gecko) Chrome/62.0.3761.11 Safari/537.36"
8.210.86.249 - - [17/Apr/2025:02:00:55 -0400] "GET /page/159/ HTTP/1.1" 200 10095 "-" "Mozilla/5.0 (Windows NT 6.1; Win64; x64) AppleWebKit/537.36 (KHTML, like Gecko) Chrome/62.0.3761.11 Safari/537.36"
195.2.67.184 - - [17/Apr/2025:01:54:27 -0400] "GET /osteopathy/ HTTP/1.1" 200 9642 "https://freelancingclients.com/osteopathy/#comment-7547/" "Mozilla/5.0 (Windows NT 10.0; Win64; x64) AppleWebKit/537.36 (KHTML, like Gecko) Chrome/131.0.0.0 Safari/537.36"
195.2.67.184 - - [17/Apr/2025:01:54:28 -0400] "GET /osteopathy/ HTTP/1.1" 200 9642 "https://freelancingclients.com/osteopathy/#comment-7547/" "Mozilla/5.0 (Windows NT 10.0; Win64; x64) AppleWebKit/537.36 (KHTML, like Gecko) Chrome/131.0.0.0 Safari/537.36 Avast/131.0.0.0"
195.2.67.184 - - [17/Apr/2025:01:54:29 -0400] "POST /wp-comments-post.php HTTP/1.1" 429 982 "https://freelancingclients.com/osteopathy/#comment-7547/" "Mozilla/5.0 (Windows NT 10.0; Win64; x64) AppleWebKit/537.36 (KHTML, like Gecko) Chrome/131.0.0.0 Safari/537.36"
195.2.67.184 - - [17/Apr/2025:01:54:30 -0400] "POST /wp-comments-post.php HTTP/1.1" 429 982 "https://freelancingclients.com/osteopathy/#comment-7547/" "Mozilla/5.0 (Windows NT 10.0; Win64; x64) AppleWebKit/537.36 (KHTML, like Gecko) Chrome/131.0.0.0 Safari/537.36 Avast/131.0.0.0"
20.171.207.125 - - [17/Apr/2025:01:54:35 -0400] "GET /die-bedeutung-von-juristischer-nachhilfe/feed/ HTTP/1.1" 200 410 "-" "Mozilla/5.0 AppleWebKit/537.36 (KHTML, like Gecko; compatible; GPTBot/1.2; +https://openai.com/gptbot)"
20.171.207.125 - - [17/Apr/2025:01:54:56 -0400] "GET /der-genuss-von-gerosteten-mandeln/feed/ HTTP/1.1" 200 406 "-" "Mozilla/5.0 AppleWebKit/537.36 (KHTML, like Gecko; compatible; GPTBot/1.2; +https://openai.com/gptbot)"
20.171.207.125 - - [17/Apr/2025:01:55:18 -0400] "GET /what-happens-at-a-mediation-meeting/ HTTP/1.1" 200 10822 "-" "Mozilla/5.0 AppleWebKit/537.36 (KHTML, like Gecko; compatible; GPTBot/1.2; +https://openai.com/gptbot)"
198.54.114.83 - - [17/Apr/2025:01:55:21 -0400] "POST /wp-cron.php?doing_wp_cron=1744869318.9910550117492675781250 HTTP/1.1" 200 0 "-" "WordPress/6.8; https://freelancingclients.com"
2a02:598:64:8a00::3100:4 - - [17/Apr/2025:01:55:25 -0400] "GET /the-importance-of-practice-typing/ HTTP/1.1" 200 10367 "-" "Mozilla/5.0 (compatible; SeznamBot/4.0; +https://o-seznam.cz/napoveda/vyhledavani/en/seznambot-crawler/)"
20.171.207.125 - - [17/Apr/2025:01:55:42 -0400] "GET /xmlrpc.php HTTP/1.1" 405 46 "-" "Mozilla/5.0 AppleWebKit/537.36 (KHTML, like Gecko; compatible; GPTBot/1.2; +https://openai.com/gptbot)"
20.171.207.125 - - [17/Apr/2025:01:57:50 -0400] "GET /?p=274 HTTP/1.1" 301 0 "-" "Mozilla/5.0 AppleWebKit/537.36 (KHTML, like Gecko; compatible; GPTBot/1.2; +https://openai.com/gptbot)"
198.54.114.83 - - [17/Apr/2025:01:57:58 -0400] "POST /wp-cron.php?doing_wp_cron=1744869475.1458599567413330078125 HTTP/1.1" 200 0 "-" "WordPress/6.8; https://freelancingclients.com"
20.171.207.125 - - [17/Apr/2025:01:58:18 -0400] "GET /?p=470 HTTP/1.1" 301 0 "-" "Mozilla/5.0 AppleWebKit/537.36 (KHTML, like Gecko; compatible; GPTBot/1.2; +https://openai.com/gptbot)"
20.171.207.125 - - [17/Apr/2025:01:58:38 -0400] "GET /making-it-easy-for-children-when-moving-overseas/feed/ HTTP/1.1" 200 427 "-" "Mozilla/5.0 AppleWebKit/537.36 (KHTML, like Gecko; compatible; GPTBot/1.2; +https://openai.com/gptbot)"
20.171.207.125 - - [17/Apr/2025:01:58:58 -0400] "GET /what-happens-at-a-mediation-meeting/feed/ HTTP/1.1" 200 402 "-" "Mozilla/5.0 AppleWebKit/537.36 (KHTML, like Gecko; compatible; GPTBot/1.2; +https://openai.com/gptbot)"
198.54.114.83 - - [17/Apr/2025:01:59:00 -0400] "POST /wp-cron.php?doing_wp_cron=1744869539.1733570098876953125000 HTTP/1.1" 200 0 "-" "WordPress/6.8; https://freelancingclients.com"
114.119.131.163 - - [17/Apr/2025:02:01:01 -0400] "GET /2021/03/ HTTP/1.1" 301 0 "https://freelancingclients.com/riddle-answers-how-to-get-them/" "Mozilla/5.0 (Linux; Android 7.0;) AppleWebKit/537.36 (KHTML, like Gecko) Mobile Safari/537.36 (compatible; PetalBot;+https://webmaster.petalsearch.com/site/petalbot)"
114.119.131.163 - - [17/Apr/2025:02:01:04 -0400] "GET / HTTP/1.1" 200 10016 "https://freelancingclients.com/riddle-answers-how-to-get-them/" "Mozilla/5.0 (Linux; Android 7.0;) AppleWebKit/537.36 (KHTML, like Gecko) Mobile Safari/537.36 (compatible; PetalBot;+https://webmaster.petalsearch.com/site/petalbot)"
94.103.88.177 - - [17/Apr/2025:02:01:21 -0400] "GET /osteopathy/ HTTP/1.1" 200 9642 "https://freelancingclients.com/osteopathy/" "Mozilla/5.0 (Windows NT 10.0; Win64; x64) AppleWebKit/537.36 (KHTML, like Gecko) Chrome/130.0.0.0 Safari/537.36 CCleaner/130.0.0.0"
198.54.114.83 - - [17/Apr/2025:02:01:24 -0400] "POST /wp-cron.php?doing_wp_cron=1744869683.4350628852844238281250 HTTP/1.1" 200 0 "-" "WordPress/6.8; https://freelancingclients.com"
94.103.88.177 - - [17/Apr/2025:02:01:22 -0400] "POST /wp-comments-post.php HTTP/1.1" 302 0 "https://freelancingclients.com/osteopathy/" "Mozilla/5.0 (Windows NT 10.0; Win64; x64) AppleWebKit/537.36 (KHTML, like Gecko) Chrome/130.0.0.0 Safari/537.36 CCleaner/130.0.0.0"
94.103.88.177 - - [17/Apr/2025:02:01:27 -0400] "GET /osteopathy/ HTTP/1.1" 200 10524 "https://freelancingclients.com/osteopathy/#comment-8407" "Mozilla/5.0 (Windows NT 10.0; Win64; x64) AppleWebKit/537.36 (KHTML, like Gecko) Chrome/130.0.0.0 Safari/537.36 CCleaner/130.0.0.0"
20.171.207.125 - - [17/Apr/2025:02:01:58 -0400] "GET /wp-content/uploads/2023/02/6-225x180.jpg HTTP/1.1" 200 7202 "-" "Mozilla/5.0 AppleWebKit/537.36 (KHTML, like Gecko; compatible; GPTBot/1.2; +https://openai.com/gptbot)"
