198.54.114.83 - - [16/Apr/2025:11:47:01 -0400] "POST /wp-cron.php?doing_wp_cron=1744818416.8063750267028808593750 HTTP/1.1" 200 0 "-" "WordPress/6.8; https://freelancingclients.com"
136.243.220.210 - - [16/Apr/2025:11:47:19 -0400] "GET /category/activity/ HTTP/1.1" 200 10188 "-" "Mozilla/5.0 (compatible; DataForSeoBot/1.0; +https://dataforseo.com/dataforseo-bot)"
136.243.220.210 - - [16/Apr/2025:11:48:57 -0400] "GET /2024/10/ HTTP/1.1" 301 0 "-" "Mozilla/5.0 (compatible; DataForSeoBot/1.0; +https://dataforseo.com/dataforseo-bot)"
51.222.253.4 - - [16/Apr/2025:11:50:23 -0400] "GET /robots.txt HTTP/1.1" 200 112 "-" "Mozilla/5.0 (compatible; AhrefsBot/7.0; +http://ahrefs.com/robot/)"
136.243.220.210 - - [16/Apr/2025:11:50:24 -0400] "GET /2024/07/ HTTP/1.1" 301 0 "-" "Mozilla/5.0 (compatible; DataForSeoBot/1.0; +https://dataforseo.com/dataforseo-bot)"
198.54.114.83 - - [16/Apr/2025:11:50:27 -0400] "POST /wp-cron.php?doing_wp_cron=1744818624.8468959331512451171875 HTTP/1.1" 200 0 "-" "WordPress/6.8; https://freelancingclients.com"
136.243.220.210 - - [16/Apr/2025:11:50:36 -0400] "GET /2024/09/ HTTP/1.1" 301 0 "-" "Mozilla/5.0 (compatible; DataForSeoBot/1.0; +https://dataforseo.com/dataforseo-bot)"
136.243.220.210 - - [16/Apr/2025:11:50:45 -0400] "GET /2024/08/ HTTP/1.1" 301 0 "-" "Mozilla/5.0 (compatible; DataForSeoBot/1.0; +https://dataforseo.com/dataforseo-bot)"
136.243.220.210 - - [16/Apr/2025:11:50:52 -0400] "GET /2023/11/ HTTP/1.1" 301 0 "-" "Mozilla/5.0 (compatible; DataForSeoBot/1.0; +https://dataforseo.com/dataforseo-bot)"
136.243.220.210 - - [16/Apr/2025:11:51:00 -0400] "GET /2023/06/ HTTP/1.1" 301 0 "-" "Mozilla/5.0 (compatible; DataForSeoBot/1.0; +https://dataforseo.com/dataforseo-bot)"
136.243.220.210 - - [16/Apr/2025:11:51:09 -0400] "GET /2023/09/ HTTP/1.1" 301 0 "-" "Mozilla/5.0 (compatible; DataForSeoBot/1.0; +https://dataforseo.com/dataforseo-bot)"
136.243.220.210 - - [16/Apr/2025:11:51:17 -0400] "GET /2023/07/ HTTP/1.1" 301 0 "-" "Mozilla/5.0 (compatible; DataForSeoBot/1.0; +https://dataforseo.com/dataforseo-bot)"
136.243.220.210 - - [16/Apr/2025:11:51:25 -0400] "GET /2024/01/ HTTP/1.1" 301 0 "-" "Mozilla/5.0 (compatible; DataForSeoBot/1.0; +https://dataforseo.com/dataforseo-bot)"
198.54.114.83 - - [16/Apr/2025:11:51:28 -0400] "POST /wp-cron.php?doing_wp_cron=1744818686.7254369258880615234375 HTTP/1.1" 200 0 "-" "WordPress/6.8; https://freelancingclients.com"
136.243.220.210 - - [16/Apr/2025:11:51:35 -0400] "GET /2024/03/ HTTP/1.1" 301 0 "-" "Mozilla/5.0 (compatible; DataForSeoBot/1.0; +https://dataforseo.com/dataforseo-bot)"
136.243.220.210 - - [16/Apr/2025:11:51:44 -0400] "GET /2022/01/ HTTP/1.1" 301 0 "-" "Mozilla/5.0 (compatible; DataForSeoBot/1.0; +https://dataforseo.com/dataforseo-bot)"
136.243.220.210 - - [16/Apr/2025:11:51:52 -0400] "GET /2024/12/ HTTP/1.1" 301 0 "-" "Mozilla/5.0 (compatible; DataForSeoBot/1.0; +https://dataforseo.com/dataforseo-bot)"
136.243.220.210 - - [16/Apr/2025:11:52:00 -0400] "GET /2021/03/ HTTP/1.1" 301 0 "-" "Mozilla/5.0 (compatible; DataForSeoBot/1.0; +https://dataforseo.com/dataforseo-bot)"
136.243.220.210 - - [16/Apr/2025:11:52:08 -0400] "GET /2021/04/ HTTP/1.1" 301 0 "-" "Mozilla/5.0 (compatible; DataForSeoBot/1.0; +https://dataforseo.com/dataforseo-bot)"
136.243.220.210 - - [16/Apr/2025:11:52:16 -0400] "GET /2024/04/ HTTP/1.1" 301 0 "-" "Mozilla/5.0 (compatible; DataForSeoBot/1.0; +https://dataforseo.com/dataforseo-bot)"
43.153.48.240 - - [16/Apr/2025:11:57:48 -0400] "GET /6-cognitive-automation-use-cases-in-the-enterprise/ HTTP/1.1" 200 79066 "-" "Mozilla/5.0 (iPhone; CPU iPhone OS 13_2_3 like Mac OS X) AppleWebKit/605.1.15 (KHTML, like Gecko) Version/13.0.3 Mobile/15E148 Safari/604.1"
47.128.111.155 - - [16/Apr/2025:11:59:37 -0400] "GET /conversores-de-unidades-de-consumo-de-combustible-optimizacion-y-precision/ HTTP/1.1" 200 10325 "-" "Mozilla/5.0 (Linux; Android 5.0) AppleWebKit/537.36 (KHTML, like Gecko) Mobile Safari/537.36 (compatible; TikTokSpider; ttspider-feedback@tiktok.com)"
198.54.114.83 - - [16/Apr/2025:11:59:46 -0400] "POST /wp-cron.php?doing_wp_cron=1744819183.7273879051208496093750 HTTP/1.1" 200 0 "-" "WordPress/6.8; https://freelancingclients.com"
136.243.220.210 - - [16/Apr/2025:12:01:38 -0400] "GET /category/activity/page/2/ HTTP/1.1" 200 10913 "-" "Mozilla/5.0 (compatible; DataForSeoBot/1.0; +https://dataforseo.com/dataforseo-bot)"
198.54.114.83 - - [16/Apr/2025:12:01:46 -0400] "POST /wp-cron.php?doing_wp_cron=1744819302.8169240951538085937500 HTTP/1.1" 200 0 "-" "WordPress/6.8; https://freelancingclients.com"
47.79.195.95 - - [16/Apr/2025:12:01:50 -0400] "GET / HTTP/1.1" 200 10016 "https://www.google.com/" "Mozilla/5.0 (Windows NT 10.0; Win64; x64) AppleWebKit/537.36 (KHTML, like Gecko) Chrome/132.0.0.0 Safari/537.36"
43.133.139.6 - - [16/Apr/2025:12:05:25 -0400] "GET /apprendre-a-jouer-de-la-guitare-un-voyage-musical/ HTTP/1.1" 200 10999 "-" "Mozilla/5.0 (iPhone; CPU iPhone OS 13_2_3 like Mac OS X) AppleWebKit/605.1.15 (KHTML, like Gecko) Version/13.0.3 Mobile/15E148 Safari/604.1"
136.243.220.210 - - [16/Apr/2025:12:10:47 -0400] "GET /category/activity/page/3/ HTTP/1.1" 200 10579 "-" "Mozilla/5.0 (compatible; DataForSeoBot/1.0; +https://dataforseo.com/dataforseo-bot)"
136.243.220.210 - - [16/Apr/2025:12:10:54 -0400] "GET /warum-gitarrenunterricht-hier-ausergewohnlich-ist/ HTTP/1.1" 200 10506 "-" "Mozilla/5.0 (compatible; DataForSeoBot/1.0; +https://dataforseo.com/dataforseo-bot)"
136.243.220.210 - - [16/Apr/2025:12:11:11 -0400] "GET /zuverlassiger-umzugsservice-in-luneburg-fur-einen-stressfreien-neuanfang/ HTTP/1.1" 200 10465 "-" "Mozilla/5.0 (compatible; DataForSeoBot/1.0; +https://dataforseo.com/dataforseo-bot)"
136.243.220.210 - - [16/Apr/2025:12:11:21 -0400] "GET /individuelles-gitarrenlernen-in-dusseldorf-fur-anfanger-und-fortgeschrittene/ HTTP/1.1" 200 10618 "-" "Mozilla/5.0 (compatible; DataForSeoBot/1.0; +https://dataforseo.com/dataforseo-bot)"
198.54.114.83 - - [16/Apr/2025:12:11:27 -0400] "POST /wp-cron.php?doing_wp_cron=1744819881.9093348979949951171875 HTTP/1.1" 200 0 "-" "WordPress/6.8; https://freelancingclients.com"
136.243.220.210 - - [16/Apr/2025:12:11:32 -0400] "GET /dealing-with-travel-fatigue-massage-therapy-might-be-your-best-ally/ HTTP/1.1" 200 10975 "-" "Mozilla/5.0 (compatible; DataForSeoBot/1.0; +https://dataforseo.com/dataforseo-bot)"
136.243.220.210 - - [16/Apr/2025:12:11:40 -0400] "GET /what-are-sarms-and-why-they-are-gaining-popularity-in-canada/ HTTP/1.1" 200 11158 "-" "Mozilla/5.0 (compatible; DataForSeoBot/1.0; +https://dataforseo.com/dataforseo-bot)"
136.243.220.210 - - [16/Apr/2025:12:11:49 -0400] "GET /the-hidden-benefits-of-business-trip-massages-for-mental-health/ HTTP/1.1" 200 11044 "-" "Mozilla/5.0 (compatible; DataForSeoBot/1.0; +https://dataforseo.com/dataforseo-bot)"
136.243.220.210 - - [16/Apr/2025:12:11:55 -0400] "GET /360-office-solutions/ HTTP/1.1" 200 9850 "-" "Mozilla/5.0 (compatible; DataForSeoBot/1.0; +https://dataforseo.com/dataforseo-bot)"
190.92.205.127 - - [16/Apr/2025:12:12:14 -0400] "GET /innovatives-design-fur-zeitgemase-einrichtung/ HTTP/1.1" 404 8131 "https://freelancingclients.com/innovatives-design-fur-zeitgemase-einrichtung/#content" "Mozilla/5.0 (Windows NT 10.0; Win64; x64) AppleWebKit/537.36 (KHTML, like Gecko) Chrome/101.0.4951.64 Safari/537.36 Edg/101.0.1210.47"
185.208.8.156 - - [16/Apr/2025:12:14:14 -0400] "GET /robots.txt HTTP/1.1" 304 0 "-" "Screaming Frog SEO Spider/21.4"
185.208.8.156 - - [16/Apr/2025:12:14:20 -0400] "GET / HTTP/1.1" 200 10016 "-" "Screaming Frog SEO Spider/21.4"
43.159.139.164 - - [16/Apr/2025:12:15:27 -0400] "GET /category/sign-in/ HTTP/1.1" 200 8409 "-" "Mozilla/5.0 (iPhone; CPU iPhone OS 13_2_3 like Mac OS X) AppleWebKit/605.1.15 (KHTML, like Gecko) Version/13.0.3 Mobile/15E148 Safari/604.1"
195.2.67.184 - - [16/Apr/2025:12:19:25 -0400] "GET /osteopathy/ HTTP/1.1" 200 9642 "https://freelancingclients.com/osteopathy/#comment-7547/" "Mozilla/5.0 (Windows NT 10.0; Win64; x64) AppleWebKit/537.36 (KHTML, like Gecko) Chrome/130.0.0.0 Safari/537.36 CCleaner/130.0.0.0"
195.2.67.184 - - [16/Apr/2025:12:19:30 -0400] "GET /osteopathy/ HTTP/1.1" 200 9642 "https://freelancingclients.com/osteopathy/#comment-7547/" "Mozilla/5.0 (Windows NT 10.0; Win64; x64) AppleWebKit/537.36 (KHTML, like Gecko) Chrome/131.0.0.0 Safari/537.36 Avast/131.0.0.0"
195.2.67.184 - - [16/Apr/2025:12:19:34 -0400] "GET /osteopathy/ HTTP/1.1" 200 9642 "https://freelancingclients.com/osteopathy/#comment-7547/" "Mozilla/5.0 (Windows NT 10.0; Win64; x64) AppleWebKit/537.36 (KHTML, like Gecko) Chrome/131.0.0.0 Safari/537.36 Avast/131.0.0.0"
195.2.67.184 - - [16/Apr/2025:12:19:29 -0400] "POST /wp-comments-post.php HTTP/1.1" 429 982 "https://freelancingclients.com/osteopathy/#comment-7547/" "Mozilla/5.0 (Windows NT 10.0; Win64; x64) AppleWebKit/537.36 (KHTML, like Gecko) Chrome/130.0.0.0 Safari/537.36 CCleaner/130.0.0.0"
195.2.67.184 - - [16/Apr/2025:12:19:35 -0400] "POST /wp-comments-post.php HTTP/1.1" 302 0 "https://freelancingclients.com/osteopathy/#comment-7547/" "Mozilla/5.0 (Windows NT 10.0; Win64; x64) AppleWebKit/537.36 (KHTML, like Gecko) Chrome/131.0.0.0 Safari/537.36 Avast/131.0.0.0"
195.2.67.184 - - [16/Apr/2025:12:19:39 -0400] "POST /wp-comments-post.php HTTP/1.1" 429 982 "https://freelancingclients.com/osteopathy/#comment-7547/" "Mozilla/5.0 (Windows NT 10.0; Win64; x64) AppleWebKit/537.36 (KHTML, like Gecko) Chrome/131.0.0.0 Safari/537.36 Avast/131.0.0.0"
198.54.114.83 - - [16/Apr/2025:12:19:40 -0400] "POST /wp-cron.php?doing_wp_cron=1744820375.8011209964752197265625 HTTP/1.1" 200 0 "-" "WordPress/6.8; https://freelancingclients.com"
198.54.114.83 - - [16/Apr/2025:12:19:40 -0400] "POST /wp-cron.php?doing_wp_cron=1744820375.7883219718933105468750 HTTP/1.1" 200 0 "-" "WordPress/6.8; https://freelancingclients.com"
195.2.67.184 - - [16/Apr/2025:12:19:42 -0400] "GET /osteopathy/ HTTP/1.1" 200 24349 "https://freelancingclients.com/osteopathy/#comment-8270" "Mozilla/5.0 (Windows NT 10.0; Win64; x64) AppleWebKit/537.36 (KHTML, like Gecko) Chrome/131.0.0.0 Safari/537.36 Avast/131.0.0.0"
195.2.67.184 - - [16/Apr/2025:12:19:56 -0400] "GET /osteopathy/ HTTP/1.1" 200 9642 "https://freelancingclients.com/osteopathy/#comment-7547/" "Mozilla/5.0 (Windows NT 10.0; Win64; x64) AppleWebKit/537.36 (KHTML, like Gecko) Chrome/130.0.0.0 Safari/537.36"
195.2.67.184 - - [16/Apr/2025:12:19:57 -0400] "GET /osteopathy/ HTTP/1.1" 200 9642 "https://freelancingclients.com/osteopathy/#comment-7547/" "Mozilla/5.0 (Windows NT 10.0; Win64; x64) AppleWebKit/537.36 (KHTML, like Gecko) Chrome/131.0.0.0 Safari/537.36 Avast/131.0.0.0"
195.2.67.184 - - [16/Apr/2025:12:20:01 -0400] "POST /wp-comments-post.php HTTP/1.1" 429 982 "https://freelancingclients.com/osteopathy/#comment-7547/" "Mozilla/5.0 (Windows NT 10.0; Win64; x64) AppleWebKit/537.36 (KHTML, like Gecko) Chrome/131.0.0.0 Safari/537.36 Avast/131.0.0.0"
195.2.67.184 - - [16/Apr/2025:12:20:00 -0400] "POST /wp-comments-post.php HTTP/1.1" 302 0 "https://freelancingclients.com/osteopathy/#comment-7547/" "Mozilla/5.0 (Windows NT 10.0; Win64; x64) AppleWebKit/537.36 (KHTML, like Gecko) Chrome/130.0.0.0 Safari/537.36"
195.2.67.184 - - [16/Apr/2025:12:20:10 -0400] "GET /osteopathy/ HTTP/1.1" 200 12737 "https://freelancingclients.com/osteopathy/#comment-8271" "Mozilla/5.0 (Windows NT 10.0; Win64; x64) AppleWebKit/537.36 (KHTML, like Gecko) Chrome/130.0.0.0 Safari/537.36"
2a01:4f8:241:42e4::2 - - [16/Apr/2025:12:20:16 -0400] "GET /guide-complet-des-housses/ HTTP/1.1" 200 10257 "-" "Mozilla/5.0 (Windows NT 10.0; Win64; x64) AppleWebKit/537.36 (KHTML, like Gecko) Chrome/120.0.0.0 Safari/537.36"
136.243.220.210 - - [16/Apr/2025:12:27:19 -0400] "GET /category/activity/page/4/ HTTP/1.1" 200 10508 "-" "Mozilla/5.0 (compatible; DataForSeoBot/1.0; +https://dataforseo.com/dataforseo-bot)"
136.243.220.210 - - [16/Apr/2025:12:27:25 -0400] "GET /innovative-ice-making-machines-revolutionizing-convenience/ HTTP/1.1" 200 10965 "-" "Mozilla/5.0 (compatible; DataForSeoBot/1.0; +https://dataforseo.com/dataforseo-bot)"
136.243.220.210 - - [16/Apr/2025:12:27:30 -0400] "GET /erstklassige-rechtsanwalte-in-hattingen/ HTTP/1.1" 200 10829 "-" "Mozilla/5.0 (compatible; DataForSeoBot/1.0; +https://dataforseo.com/dataforseo-bot)"
136.243.220.210 - - [16/Apr/2025:12:27:35 -0400] "GET /les-meilleures-pieces-de-theatre-a-paris-en-2025/ HTTP/1.1" 200 10614 "-" "Mozilla/5.0 (compatible; DataForSeoBot/1.0; +https://dataforseo.com/dataforseo-bot)"
136.243.220.210 - - [16/Apr/2025:12:27:40 -0400] "GET /timeless-symbolism-of-cowrie-shell-bracelets/ HTTP/1.1" 200 10871 "-" "Mozilla/5.0 (compatible; DataForSeoBot/1.0; +https://dataforseo.com/dataforseo-bot)"
136.243.220.210 - - [16/Apr/2025:12:27:44 -0400] "GET /zuverlassiger-umzugsservice-in-luneburg-fur-einen-stressfreien-wechsel/ HTTP/1.1" 200 10629 "-" "Mozilla/5.0 (compatible; DataForSeoBot/1.0; +https://dataforseo.com/dataforseo-bot)"
136.243.220.210 - - [16/Apr/2025:12:27:48 -0400] "GET /optimizing-customer-communication-with-phone-answering-services/ HTTP/1.1" 200 10712 "-" "Mozilla/5.0 (compatible; DataForSeoBot/1.0; +https://dataforseo.com/dataforseo-bot)"
198.54.114.83 - - [16/Apr/2025:12:27:50 -0400] "POST /wp-cron.php?doing_wp_cron=1744820868.6654698848724365234375 HTTP/1.1" 200 0 "-" "WordPress/6.8; https://freelancingclients.com"
136.243.220.210 - - [16/Apr/2025:12:27:53 -0400] "GET /lelegance-intemporelle-des-panneaux-en-marbre-pour-salle-de-bain/ HTTP/1.1" 200 10558 "-" "Mozilla/5.0 (compatible; DataForSeoBot/1.0; +https://dataforseo.com/dataforseo-bot)"
43.130.60.195 - - [16/Apr/2025:12:28:02 -0400] "GET /2024/05/ HTTP/1.1" 301 0 "-" "Mozilla/5.0 (iPhone; CPU iPhone OS 13_2_3 like Mac OS X) AppleWebKit/605.1.15 (KHTML, like Gecko) Version/13.0.3 Mobile/15E148 Safari/604.1"
43.130.60.195 - - [16/Apr/2025:12:28:15 -0400] "GET / HTTP/1.1" 200 10016 "https://freelancingclients.com/2024/05/" "Mozilla/5.0 (iPhone; CPU iPhone OS 13_2_3 like Mac OS X) AppleWebKit/605.1.15 (KHTML, like Gecko) Version/13.0.3 Mobile/15E148 Safari/604.1"
91.84.100.21 - - [16/Apr/2025:12:29:09 -0400] "GET /osteopathy/ HTTP/1.1" 200 9642 "https://freelancingclients.com/osteopathy/" "Mozilla/5.0 (Windows NT 10.0; Win64; x64) AppleWebKit/537.36 (KHTML, like Gecko) Chrome/129.0.0.0 Safari/537.36"
91.84.100.21 - - [16/Apr/2025:12:29:13 -0400] "POST /wp-comments-post.php HTTP/1.1" 302 0 "https://freelancingclients.com/osteopathy/" "Mozilla/5.0 (Windows NT 10.0; Win64; x64) AppleWebKit/537.36 (KHTML, like Gecko) Chrome/129.0.0.0 Safari/537.36"
198.54.114.83 - - [16/Apr/2025:12:29:18 -0400] "POST /wp-cron.php?doing_wp_cron=1744820954.3241069316864013671875 HTTP/1.1" 200 0 "-" "WordPress/6.8; https://freelancingclients.com"
91.84.100.21 - - [16/Apr/2025:12:29:20 -0400] "GET /osteopathy/ HTTP/1.1" 200 10296 "https://freelancingclients.com/osteopathy/#comment-8273" "Mozilla/5.0 (Windows NT 10.0; Win64; x64) AppleWebKit/537.36 (KHTML, like Gecko) Chrome/129.0.0.0 Safari/537.36"
51.8.102.254 - - [16/Apr/2025:12:30:33 -0400] "GET /robots.txt HTTP/1.1" 301 0 "-" "Mozilla/5.0 (Macintosh; Intel Mac OS X 10_15_7) AppleWebKit/537.36 (KHTML, like Gecko) Chrome/131.0.0.0 Safari/537.36; compatible; OAI-SearchBot/1.0; +https://openai.com/searchbot"
51.8.102.182 - - [16/Apr/2025:12:30:38 -0400] "GET /robots.txt HTTP/1.1" 200 112 "-" "Mozilla/5.0 (Macintosh; Intel Mac OS X 10_15_7) AppleWebKit/537.36 (KHTML, like Gecko) Chrome/131.0.0.0 Safari/537.36; compatible; OAI-SearchBot/1.0; +https://openai.com/searchbot"
136.243.220.210 - - [16/Apr/2025:12:35:48 -0400] "GET /category/activity/page/5/ HTTP/1.1" 200 10460 "-" "Mozilla/5.0 (compatible; DataForSeoBot/1.0; +https://dataforseo.com/dataforseo-bot)"
170.106.113.159 - - [16/Apr/2025:12:38:49 -0400] "GET / HTTP/1.1" 200 10016 "-" "Mozilla/5.0 (iPhone; CPU iPhone OS 13_2_3 like Mac OS X) AppleWebKit/605.1.15 (KHTML, like Gecko) Version/13.0.3 Mobile/15E148 Safari/604.1"
212.8.248.108 - - [16/Apr/2025:12:42:06 -0400] "GET /tapisserie-papier-peint-bureau-xxl HTTP/1.1" 200 0 "-" "Mozilla/5.0 (Windows NT 10.0; Win64; x64) AppleWebKit/537.36 (KHTML, like Gecko) Chrome/118.0.0.0 Safari/537.36"
178.20.45.159 - - [16/Apr/2025:12:44:22 -0400] "GET /osteopathy/ HTTP/1.1" 200 9642 "https://freelancingclients.com/osteopathy/#comment-9633/" "Mozilla/5.0 (Windows NT 10.0; Win64; x64) AppleWebKit/537.36 (KHTML, like Gecko) Chrome/131.0.0.0 Safari/537.36 Avast/131.0.0.0"
178.20.45.159 - - [16/Apr/2025:12:44:22 -0400] "GET /osteopathy/ HTTP/1.1" 200 9642 "https://freelancingclients.com/osteopathy/#comment-9633/" "Mozilla/5.0 (Windows NT 10.0; Win64; x64) AppleWebKit/537.36 (KHTML, like Gecko) Chrome/131.0.0.0 Safari/537.36"
178.20.45.159 - - [16/Apr/2025:12:44:30 -0400] "POST /wp-comments-post.php HTTP/1.1" 200 982 "https://freelancingclients.com/osteopathy/#comment-9633/" "Mozilla/5.0 (Windows NT 10.0; Win64; x64) AppleWebKit/537.36 (KHTML, like Gecko) Chrome/131.0.0.0 Safari/537.36"
178.20.45.159 - - [16/Apr/2025:12:44:30 -0400] "POST /wp-comments-post.php HTTP/1.1" 302 0 "https://freelancingclients.com/osteopathy/#comment-9633/" "Mozilla/5.0 (Windows NT 10.0; Win64; x64) AppleWebKit/537.36 (KHTML, like Gecko) Chrome/131.0.0.0 Safari/537.36 Avast/131.0.0.0"
178.20.45.159 - - [16/Apr/2025:12:44:40 -0400] "GET /osteopathy/ HTTP/1.1" 200 13301 "https://freelancingclients.com/osteopathy/#comment-8276" "Mozilla/5.0 (Windows NT 10.0; Win64; x64) AppleWebKit/537.36 (KHTML, like Gecko) Chrome/131.0.0.0 Safari/537.36 Avast/131.0.0.0"
43.159.152.187 - - [16/Apr/2025:12:45:03 -0400] "GET /xmlrpc.php HTTP/1.1" 405 46 "-" "Mozilla/5.0 (iPhone; CPU iPhone OS 13_2_3 like Mac OS X) AppleWebKit/605.1.15 (KHTML, like Gecko) Version/13.0.3 Mobile/15E148 Safari/604.1"
2a02:598:64:8a00::3100:4 - - [16/Apr/2025:12:46:44 -0400] "GET /a-modern-home-experience/ HTTP/1.1" 200 0 "-" "Mozilla/5.0 (compatible; SeznamBot/4.0; +https://o-seznam.cz/napoveda/vyhledavani/en/seznambot-crawler/)"
136.243.220.210 - - [16/Apr/2025:12:47:46 -0400] "GET /discovering-the-joy-of-pesach-programs/ HTTP/1.1" 200 10299 "-" "Mozilla/5.0 (compatible; DataForSeoBot/1.0; +https://dataforseo.com/dataforseo-bot)"
136.243.220.210 - - [16/Apr/2025:12:47:58 -0400] "GET /die-bedeutung-von-juristischer-nachhilfe/ HTTP/1.1" 200 10355 "-" "Mozilla/5.0 (compatible; DataForSeoBot/1.0; +https://dataforseo.com/dataforseo-bot)"
136.243.220.210 - - [16/Apr/2025:12:48:08 -0400] "GET /category/activity/page/6/ HTTP/1.1" 200 10476 "-" "Mozilla/5.0 (compatible; DataForSeoBot/1.0; +https://dataforseo.com/dataforseo-bot)"
136.243.220.210 - - [16/Apr/2025:12:48:17 -0400] "GET /effiziente-unternehmensauflosungen-in-luneburg/ HTTP/1.1" 200 10462 "-" "Mozilla/5.0 (compatible; DataForSeoBot/1.0; +https://dataforseo.com/dataforseo-bot)"
136.243.220.210 - - [16/Apr/2025:12:48:30 -0400] "GET /effiziente-wohnungsauflosung-in-luneburg/ HTTP/1.1" 200 10374 "-" "Mozilla/5.0 (compatible; DataForSeoBot/1.0; +https://dataforseo.com/dataforseo-bot)"
136.243.220.210 - - [16/Apr/2025:12:48:37 -0400] "GET /effizient-und-stressfrei/ HTTP/1.1" 200 10364 "-" "Mozilla/5.0 (compatible; DataForSeoBot/1.0; +https://dataforseo.com/dataforseo-bot)"
136.243.220.210 - - [16/Apr/2025:12:48:46 -0400] "GET /effiziente-unternehmensabwicklung-in-luneburg/ HTTP/1.1" 200 10484 "-" "Mozilla/5.0 (compatible; DataForSeoBot/1.0; +https://dataforseo.com/dataforseo-bot)"
136.243.220.210 - - [16/Apr/2025:12:49:00 -0400] "GET /effiziente-haushaltsauflosungen-in-luneburg/ HTTP/1.1" 200 10534 "-" "Mozilla/5.0 (compatible; DataForSeoBot/1.0; +https://dataforseo.com/dataforseo-bot)"
198.54.114.83 - - [16/Apr/2025:12:53:43 -0400] "POST /wp-cron.php?doing_wp_cron=1744822420.3575921058654785156250 HTTP/1.1" 200 0 "-" "WordPress/6.8; https://freelancingclients.com"
2a02:598:96:8a00::1200:13b - - [16/Apr/2025:12:53:35 -0400] "GET /the-power-of-casino-solution-rentals/ HTTP/1.1" 200 10541 "-" "Mozilla/5.0 (compatible; SeznamBot/4.0; +https://o-seznam.cz/napoveda/vyhledavani/en/seznambot-crawler/)"
136.243.220.210 - - [16/Apr/2025:12:56:26 -0400] "GET /enhancing-workplace-efficiency-with-employee-communication-apps/ HTTP/1.1" 200 10733 "-" "Mozilla/5.0 (compatible; DataForSeoBot/1.0; +https://dataforseo.com/dataforseo-bot)"
136.243.220.210 - - [16/Apr/2025:12:56:34 -0400] "GET /exploring-the-benefits-of-online-betting-sites/ HTTP/1.1" 200 10368 "-" "Mozilla/5.0 (compatible; DataForSeoBot/1.0; +https://dataforseo.com/dataforseo-bot)"
136.243.220.210 - - [16/Apr/2025:12:56:44 -0400] "GET /renovation-salle-de-bain-transformez-votre-espace-avec-style/ HTTP/1.1" 200 10749 "-" "Mozilla/5.0 (compatible; DataForSeoBot/1.0; +https://dataforseo.com/dataforseo-bot)"
136.243.220.210 - - [16/Apr/2025:12:56:52 -0400] "GET /un-investissement-intelligent/ HTTP/1.1" 200 10469 "-" "Mozilla/5.0 (compatible; DataForSeoBot/1.0; +https://dataforseo.com/dataforseo-bot)"
136.243.220.210 - - [16/Apr/2025:12:57:00 -0400] "GET /unlocking-the-potential-of-micropayments/ HTTP/1.1" 200 10399 "-" "Mozilla/5.0 (compatible; DataForSeoBot/1.0; +https://dataforseo.com/dataforseo-bot)"
136.243.220.210 - - [16/Apr/2025:12:57:09 -0400] "GET /the-potential-of-fenbendazole-for-human-use/ HTTP/1.1" 200 10171 "-" "Mozilla/5.0 (compatible; DataForSeoBot/1.0; +https://dataforseo.com/dataforseo-bot)"
198.54.114.83 - - [16/Apr/2025:12:57:15 -0400] "POST /wp-cron.php?doing_wp_cron=1744822629.9950799942016601562500 HTTP/1.1" 200 0 "-" "WordPress/6.8; https://freelancingclients.com"
43.153.135.208 - - [16/Apr/2025:12:57:17 -0400] "GET /wp-json/oembed/1.0/embed?url=https%3A%2F%2Ffreelancingclients.com%2F6-cognitive-automation-use-cases-in-the-enterprise%2F HTTP/1.1" 200 2604 "-" "Mozilla/5.0 (iPhone; CPU iPhone OS 13_2_3 like Mac OS X) AppleWebKit/605.1.15 (KHTML, like Gecko) Version/13.0.3 Mobile/15E148 Safari/604.1"
136.243.220.210 - - [16/Apr/2025:12:58:06 -0400] "GET /the-convenience-of-small-payment-gift-certificates/ HTTP/1.1" 200 10351 "-" "Mozilla/5.0 (compatible; DataForSeoBot/1.0; +https://dataforseo.com/dataforseo-bot)"
136.243.220.210 - - [16/Apr/2025:12:58:14 -0400] "GET /fachkundige-rechtsberatung-in-hattingen/ HTTP/1.1" 200 10323 "-" "Mozilla/5.0 (compatible; DataForSeoBot/1.0; +https://dataforseo.com/dataforseo-bot)"
198.54.114.83 - - [16/Apr/2025:12:58:17 -0400] "POST /wp-cron.php?doing_wp_cron=1744822694.6973121166229248046875 HTTP/1.1" 200 0 "-" "WordPress/6.8; https://freelancingclients.com"
136.243.220.210 - - [16/Apr/2025:12:58:22 -0400] "GET /the-concept-behind-rolodoc/ HTTP/1.1" 200 10330 "-" "Mozilla/5.0 (compatible; DataForSeoBot/1.0; +https://dataforseo.com/dataforseo-bot)"
136.243.220.210 - - [16/Apr/2025:12:58:28 -0400] "GET /the-benefits-of-business-trip-massage/ HTTP/1.1" 200 10310 "-" "Mozilla/5.0 (compatible; DataForSeoBot/1.0; +https://dataforseo.com/dataforseo-bot)"
38.146.55.45 - - [16/Apr/2025:13:02:40 -0400] "POST /wp-login.php HTTP/1.1" 200 1843 "https://freelancingclients.com/wp-login.php" "Mozilla/5.0 (Windows NT 10.0; Win64; x64) AppleWebKit/537.36 (KHTML, like Gecko) Chrome/91.0.4472.124 Safari/537.36"
198.54.114.83 - - [16/Apr/2025:13:02:50 -0400] "POST /wp-cron.php?doing_wp_cron=1744822965.6608409881591796875000 HTTP/1.1" 200 0 "-" "WordPress/6.8; https://freelancingclients.com"
43.153.123.3 - - [16/Apr/2025:13:10:00 -0400] "GET /2023/04/ HTTP/1.1" 301 0 "-" "Mozilla/5.0 (iPhone; CPU iPhone OS 13_2_3 like Mac OS X) AppleWebKit/605.1.15 (KHTML, like Gecko) Version/13.0.3 Mobile/15E148 Safari/604.1"
43.153.123.3 - - [16/Apr/2025:13:10:11 -0400] "GET / HTTP/1.1" 200 10016 "https://freelancingclients.com/2023/04/" "Mozilla/5.0 (iPhone; CPU iPhone OS 13_2_3 like Mac OS X) AppleWebKit/605.1.15 (KHTML, like Gecko) Version/13.0.3 Mobile/15E148 Safari/604.1"
119.28.31.106 - - [16/Apr/2025:13:15:14 -0400] "GET /an-immigration-lawyer-can-help-you-navigate-the-difficulties-of-immigration-law/ HTTP/1.1" 200 10934 "-" "Python/3.10 aiohttp/3.10.5"
170.106.147.63 - - [16/Apr/2025:13:18:22 -0400] "GET /2023/05/ HTTP/1.1" 301 0 "-" "Mozilla/5.0 (iPhone; CPU iPhone OS 13_2_3 like Mac OS X) AppleWebKit/605.1.15 (KHTML, like Gecko) Version/13.0.3 Mobile/15E148 Safari/604.1"
170.106.147.63 - - [16/Apr/2025:13:18:29 -0400] "GET / HTTP/1.1" 200 10016 "https://freelancingclients.com/2023/05/" "Mozilla/5.0 (iPhone; CPU iPhone OS 13_2_3 like Mac OS X) AppleWebKit/605.1.15 (KHTML, like Gecko) Version/13.0.3 Mobile/15E148 Safari/604.1"
85.208.98.24 - - [16/Apr/2025:13:21:59 -0400] "GET /navigating-legal-waters-the-essential-role-of-a-drug-charges-lawyer/ HTTP/1.1" 200 10804 "-" "Mozilla/5.0 (compatible; SemrushBot-BA; +http://www.semrush.com/bot.html)"
2a02:598:64:8a00::3100:4 - - [16/Apr/2025:13:27:37 -0400] "GET /unveiling-the-cabinets-manufacturer/ HTTP/1.1" 200 10225 "-" "Mozilla/5.0 (compatible; SeznamBot/4.0; +https://o-seznam.cz/napoveda/vyhledavani/en/seznambot-crawler/)"
119.28.214.61 - - [16/Apr/2025:13:30:15 -0400] "GET /precision-in-fastening-exploring-the-ingenious-button-head-screw/ HTTP/1.1" 200 10611 "-" "Python/3.10 aiohttp/3.10.5"
198.54.114.83 - - [16/Apr/2025:13:30:21 -0400] "POST /wp-cron.php?doing_wp_cron=1744824616.2006790637969970703125 HTTP/1.1" 200 0 "-" "WordPress/6.8; https://freelancingclients.com"
43.128.36.137 - - [16/Apr/2025:13:30:48 -0400] "GET /transform-your-screen-with-cartoon-wallpaper-iphone/ HTTP/1.1" 200 10512 "-" "Python/3.10 aiohttp/3.10.5"
114.10.47.97 - - [16/Apr/2025:13:31:21 -0400] "POST /wp-login.php/wp-login.php HTTP/1.1" 200 0 "-" "python-requests/2.32.3"
52.179.11.239 - - [16/Apr/2025:13:32:32 -0400] "GET /wp-admin/users.php HTTP/1.1" 302 0 "-" "-"
52.179.11.239 - - [16/Apr/2025:13:32:34 -0400] "GET /wp-login.php?redirect_to=https%3A%2F%2Fwww.freelancingclients.com%2Fwp-admin%2Fusers.php&reauth=1 HTTP/1.1" 200 1737 "-" "-"
185.39.17.147 - - [16/Apr/2025:13:33:01 -0400] "GET /wp-login.php HTTP/1.1" 200 1724 "-" "Mozilla/5.0 (Windows NT 10.0; Win64; x64) AppleWebKit/537.36 (KHTML, like Gecko) Chrome/115.0.0.0 Safari/537.36 Edg/115.0.1901.203"
185.39.17.147 - - [16/Apr/2025:13:33:03 -0400] "POST /wp-login.php HTTP/1.1" 200 1849 "https://freelancingclients.com/wp-login.php" "Mozilla/5.0 (Windows NT 10.0; Win64; x64) AppleWebKit/537.36 (KHTML, like Gecko) Chrome/115.0.0.0 Safari/537.36 Edg/115.0.1901.203"
52.179.11.239 - - [16/Apr/2025:13:33:26 -0400] "GET /wp-admin/network/index.php HTTP/1.1" 302 0 "-" "-"
52.179.11.239 - - [16/Apr/2025:13:33:29 -0400] "GET /wp-login.php?redirect_to=https%3A%2F%2Fwww.freelancingclients.com%2Fwp-admin%2Fnetwork%2Findex.php&reauth=1 HTTP/1.1" 200 1736 "-" "-"
37.46.117.90 - - [16/Apr/2025:13:34:51 -0400] "GET /wp-login.php HTTP/1.1" 200 1724 "https://freelancingclients.com" "Mozilla/5.0 (Windows NT 10.0; rv:91.0) Gecko/20100101 Firefox/91.0"
37.46.117.90 - - [16/Apr/2025:13:34:55 -0400] "POST /wp-login.php?wpe-login=true&hide_my_wp=1&hmwp_do=login&login=1 HTTP/1.1" 200 1849 "https://freelancingclients.com" "Mozilla/5.0 (Windows NT 10.0; rv:91.0) Gecko/20100101 Firefox/91.0"
119.28.64.11 - - [16/Apr/2025:13:36:32 -0400] "GET /humorous-content-how-to-win-customers-hearts-and-get-noticed-by-search-engines/ HTTP/1.1" 200 10893 "-" "Python/3.10 aiohttp/3.10.5"
195.2.75.216 - - [16/Apr/2025:13:40:21 -0400] "GET /osteopathy/ HTTP/1.1" 200 9642 "https://freelancingclients.com/osteopathy/" "Mozilla/5.0 (Windows NT 10.0; Win64; x64) AppleWebKit/537.36 (KHTML, like Gecko) Chrome/130.0.0.0 Safari/537.36"
195.2.75.216 - - [16/Apr/2025:13:40:25 -0400] "POST /wp-comments-post.php HTTP/1.1" 302 0 "https://freelancingclients.com/osteopathy/" "Mozilla/5.0 (Windows NT 10.0; Win64; x64) AppleWebKit/537.36 (KHTML, like Gecko) Chrome/130.0.0.0 Safari/537.36"
195.2.75.216 - - [16/Apr/2025:13:40:33 -0400] "GET /osteopathy/ HTTP/1.1" 200 12420 "https://freelancingclients.com/osteopathy/#comment-8286" "Mozilla/5.0 (Windows NT 10.0; Win64; x64) AppleWebKit/537.36 (KHTML, like Gecko) Chrome/130.0.0.0 Safari/537.36"
195.2.75.216 - - [16/Apr/2025:13:42:22 -0400] "GET /osteopathy/ HTTP/1.1" 200 9642 "https://freelancingclients.com/osteopathy/" "Mozilla/5.0 (Windows NT 10.0; Win64; x64) AppleWebKit/537.36 (KHTML, like Gecko) Chrome/131.0.0.0 Safari/537.36 Avast/131.0.0.0"
195.2.75.216 - - [16/Apr/2025:13:42:27 -0400] "POST /wp-comments-post.php HTTP/1.1" 302 0 "https://freelancingclients.com/osteopathy/" "Mozilla/5.0 (Windows NT 10.0; Win64; x64) AppleWebKit/537.36 (KHTML, like Gecko) Chrome/131.0.0.0 Safari/537.36 Avast/131.0.0.0"
195.2.75.216 - - [16/Apr/2025:13:42:33 -0400] "GET /osteopathy/ HTTP/1.1" 200 12723 "https://freelancingclients.com/osteopathy/#comment-8287" "Mozilla/5.0 (Windows NT 10.0; Win64; x64) AppleWebKit/537.36 (KHTML, like Gecko) Chrome/131.0.0.0 Safari/537.36 Avast/131.0.0.0"
112.86.225.209 - - [16/Apr/2025:13:44:16 -0400] "GET / HTTP/1.1" 200 10016 "-" "Sogou web spider/4.0(+http://www.sogou.com/docs/help/webmasters.htm#07)"
195.2.85.110 - - [16/Apr/2025:13:48:45 -0400] "GET /osteopathy/ HTTP/1.1" 200 9642 "https://freelancingclients.com/osteopathy/" "Mozilla/5.0 (Windows NT 10.0; Win64; x64) AppleWebKit/537.36 (KHTML, like Gecko) Chrome/131.0.0.0 Safari/537.36 Avast/131.0.0.0"
195.2.85.110 - - [16/Apr/2025:13:48:49 -0400] "POST /wp-comments-post.php HTTP/1.1" 302 0 "https://freelancingclients.com/osteopathy/" "Mozilla/5.0 (Windows NT 10.0; Win64; x64) AppleWebKit/537.36 (KHTML, like Gecko) Chrome/131.0.0.0 Safari/537.36 Avast/131.0.0.0"
195.2.85.110 - - [16/Apr/2025:13:48:53 -0400] "GET /osteopathy/ HTTP/1.1" 200 10497 "https://freelancingclients.com/osteopathy/#comment-8288" "Mozilla/5.0 (Windows NT 10.0; Win64; x64) AppleWebKit/537.36 (KHTML, like Gecko) Chrome/131.0.0.0 Safari/537.36 Avast/131.0.0.0"
198.54.114.83 - - [16/Apr/2025:13:54:19 -0400] "POST /wp-admin/admin-ajax.php?action=async_litespeed&nonce=Uo0L2QwVXDX1sHwmcAYRjqlljLwPbw9N&litespeed_type=imgoptm HTTP/1.1" 200 0 "-" "WordPress/6.8; https://freelancingclients.com"
43.135.9.110 - - [16/Apr/2025:13:55:59 -0400] "GET /camping-sleeping-bags-how-to-choose-the-best-sleeping-bag-for-you/ HTTP/1.1" 200 11908 "-" "Python/3.10 aiohttp/3.10.5"
198.54.114.83 - - [16/Apr/2025:13:56:02 -0400] "POST /wp-cron.php?doing_wp_cron=1744826159.7703518867492675781250 HTTP/1.1" 200 0 "-" "WordPress/6.8; https://freelancingclients.com"
198.54.114.83 - - [16/Apr/2025:13:59:04 -0400] "POST /wp-admin/admin-ajax.php?action=async_litespeed&nonce=qGtKylDld2rXYlnkFBoHAutuUV3MpfL0&litespeed_type=imgoptm HTTP/1.1" 200 0 "-" "WordPress/6.8; https://freelancingclients.com"
40.85.180.104 - - [16/Apr/2025:13:59:32 -0400] "GET /wp-admin/ HTTP/1.1" 302 0 "-" "-"
40.85.180.104 - - [16/Apr/2025:13:59:34 -0400] "GET /wp-login.php?redirect_to=https%3A%2F%2Ffreelancingclients.com%2Fwp-admin%2F&reauth=1 HTTP/1.1" 200 1724 "-" "-"
198.54.114.83 - - [16/Apr/2025:13:59:44 -0400] "POST /wp-admin/admin-ajax.php?action=async_litespeed&nonce=9UJ9qeKXSXFFj9pgZ8qnyLjX5CJE9gRt&litespeed_type=imgoptm HTTP/1.1" 200 0 "-" "WordPress/6.8; https://freelancingclients.com"
40.85.180.104 - - [16/Apr/2025:13:59:56 -0400] "GET /wp-admin/network/ HTTP/1.1" 302 0 "-" "-"
40.85.180.104 - - [16/Apr/2025:13:59:58 -0400] "GET /wp-login.php?redirect_to=https%3A%2F%2Fwww.freelancingclients.com%2Fwp-admin%2Fnetwork%2F&reauth=1 HTTP/1.1" 200 1732 "-" "-"
84.54.44.204 - - [16/Apr/2025:14:00:17 -0400] "GET /osteopathy/ HTTP/1.1" 200 9642 "https://freelancingclients.com/osteopathy/" "Mozilla/5.0 (Windows NT 10.0; Win64; x64) AppleWebKit/537.36 (KHTML, like Gecko) Chrome/130.0.0.0 Safari/537.36"
84.54.44.204 - - [16/Apr/2025:14:00:20 -0400] "POST /wp-comments-post.php HTTP/1.1" 302 0 "https://freelancingclients.com/osteopathy/" "Mozilla/5.0 (Windows NT 10.0; Win64; x64) AppleWebKit/537.36 (KHTML, like Gecko) Chrome/130.0.0.0 Safari/537.36"
47.79.198.4 - - [16/Apr/2025:14:00:26 -0400] "GET / HTTP/1.1" 200 10016 "https://www.google.com/" "Mozilla/5.0 (Windows NT 10.0; Win64; x64) AppleWebKit/537.36 (KHTML, like Gecko) Chrome/132.0.0.0 Safari/537.36"
47.79.215.79 - - [16/Apr/2025:14:00:27 -0400] "GET / HTTP/1.1" 200 10016 "https://www.google.com/" "Mozilla/5.0 (Linux; Android 10; K) AppleWebKit/537.36 (KHTML, like Gecko) Chrome/132.0.0.0 Mobile Safari/537.36"
84.54.44.204 - - [16/Apr/2025:14:00:26 -0400] "GET /osteopathy/ HTTP/1.1" 200 10998 "https://freelancingclients.com/osteopathy/#comment-8292" "Mozilla/5.0 (Windows NT 10.0; Win64; x64) AppleWebKit/537.36 (KHTML, like Gecko) Chrome/130.0.0.0 Safari/537.36"
40.85.180.104 - - [16/Apr/2025:14:00:35 -0400] "GET /wp-admin/ HTTP/1.1" 302 0 "-" "-"
40.85.180.104 - - [16/Apr/2025:14:00:39 -0400] "GET /wp-login.php?redirect_to=https%3A%2F%2Fwww.freelancingclients.com%2Fwp-admin%2F&reauth=1 HTTP/1.1" 200 1729 "-" "-"
5.61.54.19 - - [16/Apr/2025:14:02:02 -0400] "GET /wp-login.php HTTP/1.1" 200 1724 "-" "Mozilla/5.0 (Windows NT 10.0; Win64; x64) AppleWebKit/537.36 (KHTML, like Gecko) Chrome/115.0.0.0 Safari/537.36 Edg/115.0.1901.203"
5.61.54.19 - - [16/Apr/2025:14:02:05 -0400] "POST /wp-login.php HTTP/1.1" 200 1849 "https://freelancingclients.com/wp-login.php" "Mozilla/5.0 (Windows NT 10.0; Win64; x64) AppleWebKit/537.36 (KHTML, like Gecko) Chrome/115.0.0.0 Safari/537.36 Edg/115.0.1901.203"
150.109.114.17 - - [16/Apr/2025:14:03:41 -0400] "GET /how-to-use-a-youtube-playlist/ HTTP/1.1" 200 10583 "-" "Python/3.10 aiohttp/3.10.5"
40.85.180.104 - - [16/Apr/2025:14:09:29 -0400] "GET /wp-admin/user/ HTTP/1.1" 302 0 "-" "-"
198.54.114.83 - - [16/Apr/2025:14:09:31 -0400] "POST /wp-cron.php?doing_wp_cron=1744826969.8157188892364501953125 HTTP/1.1" 200 0 "-" "WordPress/6.8; https://freelancingclients.com"
40.85.180.104 - - [16/Apr/2025:14:09:32 -0400] "GET /wp-login.php?redirect_to=https%3A%2F%2Fwww.freelancingclients.com%2Fwp-admin%2Fuser%2F&reauth=1 HTTP/1.1" 200 1727 "-" "-"
2a02:598:64:8a00::3100:4 - - [16/Apr/2025:14:13:49 -0400] "GET /inside-the-lumina-grand-showflat/ HTTP/1.1" 200 10325 "-" "Mozilla/5.0 (compatible; SeznamBot/4.0; +https://o-seznam.cz/napoveda/vyhledavani/en/seznambot-crawler/)"
43.154.242.199 - - [16/Apr/2025:14:17:40 -0400] "GET /car-battery-for-beginners/ HTTP/1.1" 200 10844 "-" "Python/3.10 aiohttp/3.10.5"
40.85.180.104 - - [16/Apr/2025:14:18:15 -0400] "GET /wp-login.php HTTP/1.1" 200 1724 "-" "-"
40.85.180.104 - - [16/Apr/2025:14:19:05 -0400] "GET /custom-athletic-socks/ HTTP/1.1" 200 10324 "-" "-"
40.85.180.104 - - [16/Apr/2025:14:20:49 -0400] "GET /wp-admin/ HTTP/1.1" 302 0 "-" "-"
198.54.114.83 - - [16/Apr/2025:14:20:54 -0400] "POST /wp-cron.php?doing_wp_cron=1744827653.4496200084686279296875 HTTP/1.1" 200 0 "-" "WordPress/6.8; https://freelancingclients.com"
40.85.180.104 - - [16/Apr/2025:14:20:52 -0400] "GET /wp-login.php?redirect_to=https%3A%2F%2Fwww.freelancingclients.com%2Fwp-admin%2F&reauth=1 HTTP/1.1" 200 1729 "-" "-"
40.85.180.104 - - [16/Apr/2025:14:20:56 -0400] "GET /wp-admin/admin.php HTTP/1.1" 302 0 "-" "-"
40.85.180.104 - - [16/Apr/2025:14:20:59 -0400] "GET /wp-login.php?redirect_to=https%3A%2F%2Fwww.freelancingclients.com%2Fwp-admin%2Fadmin.php&reauth=1 HTTP/1.1" 200 1733 "-" "-"
198.54.114.83 - - [16/Apr/2025:14:21:01 -0400] "POST /wp-admin/admin-ajax.php?action=async_litespeed&nonce=L0erMIDoHPLjR6J2kVMwmFh0ptqCunaK&litespeed_type=imgoptm HTTP/1.1" 200 0 "-" "WordPress/6.8; https://freelancingclients.com"
47.242.149.96 - - [16/Apr/2025:14:21:26 -0400] "HEAD /6-cognitive-automation-use-cases-in-the-enterprise HTTP/1.1" 301 0 "-" "Mozilla/5.0 (Windows NT 6.3; Win64; x64) AppleWebKit/537.36 (KHTML, like Gecko) Chrome/62.0.3031.8 Safari/537.36"
47.242.95.94 - - [16/Apr/2025:14:21:27 -0400] "HEAD /gpt-5-latest-news-updates-and-everything-we-know HTTP/1.1" 301 0 "-" "Mozilla/5.0 (Windows NT 6.3; Win64; x64) AppleWebKit/537.36 (KHTML, like Gecko) Chrome/61.0.3615.64 Safari/537.36"
47.243.79.195 - - [16/Apr/2025:14:21:27 -0400] "HEAD /page/159 HTTP/1.1" 301 0 "-" "Mozilla/5.0 (Windows NT 10.0; Win64; x64) AppleWebKit/537.36 (KHTML, like Gecko) Chrome/60.0.2461.157 Safari/537.36"
47.76.222.244 - - [16/Apr/2025:14:21:27 -0400] "HEAD /5-steps-to-a-catchy-bot-name-ideas HTTP/1.1" 301 0 "-" "Mozilla/5.0 (Windows NT 6.0; Win64; x64) AppleWebKit/537.36 (KHTML, like Gecko) Chrome/77.0.2435.118 Safari/537.36"
47.242.217.111 - - [16/Apr/2025:14:21:27 -0400] "HEAD /page/160 HTTP/1.1" 301 0 "-" "Mozilla/5.0 (Windows NT 6.0; Win64; x64) AppleWebKit/537.36 (KHTML, like Gecko) Chrome/67.0.2108.36 Safari/537.36"
47.242.209.147 - - [16/Apr/2025:14:21:28 -0400] "HEAD /a-guide-to-sentiment-analysis-using-nlp HTTP/1.1" 301 0 "-" "Mozilla/5.0 (Windows NT 6.0; Win64; x64) AppleWebKit/537.36 (KHTML, like Gecko) Chrome/78.0.3022.198 Safari/537.36"
8.210.153.23 - - [16/Apr/2025:14:21:28 -0400] "HEAD /the-inside-story-of-how-chatgpt-was-built-from-the HTTP/1.1" 301 0 "-" "Mozilla/5.0 (Windows NT 10.0; Win64; x64) AppleWebKit/537.36 (KHTML, like Gecko) Chrome/66.0.2218.92 Safari/537.36"
47.243.78.23 - - [16/Apr/2025:14:21:28 -0400] "HEAD /virtual-customer-innovation-staying-close-to-your HTTP/1.1" 301 0 "-" "Mozilla/5.0 (Windows NT 6.1; Win64; x64) AppleWebKit/537.36 (KHTML, like Gecko) Chrome/65.0.2667.193 Safari/537.36"
47.243.105.139 - - [16/Apr/2025:14:21:29 -0400] "HEAD /how-to-build-the-ultimate-ai-chatbot-by-following HTTP/1.1" 301 0 "-" "Mozilla/5.0 (Windows NT 6.3; Win64; x64) AppleWebKit/537.36 (KHTML, like Gecko) Chrome/67.0.2800.57 Safari/537.36"
47.242.149.96 - - [16/Apr/2025:14:21:30 -0400] "HEAD /6-cognitive-automation-use-cases-in-the-enterprise/ HTTP/1.1" 200 0 "-" "Mozilla/5.0 (Windows NT 6.3; Win64; x64) AppleWebKit/537.36 (KHTML, like Gecko) Chrome/62.0.3031.8 Safari/537.36"
47.242.95.94 - - [16/Apr/2025:14:21:30 -0400] "HEAD /gpt-5-latest-news-updates-and-everything-we-know/ HTTP/1.1" 200 0 "-" "Mozilla/5.0 (Windows NT 6.3; Win64; x64) AppleWebKit/537.36 (KHTML, like Gecko) Chrome/61.0.3615.64 Safari/537.36"
47.243.79.195 - - [16/Apr/2025:14:21:31 -0400] "HEAD /page/159/ HTTP/1.1" 200 0 "-" "Mozilla/5.0 (Windows NT 10.0; Win64; x64) AppleWebKit/537.36 (KHTML, like Gecko) Chrome/60.0.2461.157 Safari/537.36"
47.76.222.244 - - [16/Apr/2025:14:21:31 -0400] "HEAD /5-steps-to-a-catchy-bot-name-ideas/ HTTP/1.1" 200 0 "-" "Mozilla/5.0 (Windows NT 6.0; Win64; x64) AppleWebKit/537.36 (KHTML, like Gecko) Chrome/77.0.2435.118 Safari/537.36"
47.242.217.111 - - [16/Apr/2025:14:21:31 -0400] "HEAD /page/160/ HTTP/1.1" 200 0 "-" "Mozilla/5.0 (Windows NT 6.0; Win64; x64) AppleWebKit/537.36 (KHTML, like Gecko) Chrome/67.0.2108.36 Safari/537.36"
8.210.153.23 - - [16/Apr/2025:14:21:31 -0400] "HEAD /the-inside-story-of-how-chatgpt-was-built-from-the/ HTTP/1.1" 200 0 "-" "Mozilla/5.0 (Windows NT 10.0; Win64; x64) AppleWebKit/537.36 (KHTML, like Gecko) Chrome/66.0.2218.92 Safari/537.36"
47.242.209.147 - - [16/Apr/2025:14:21:31 -0400] "HEAD /a-guide-to-sentiment-analysis-using-nlp/ HTTP/1.1" 200 0 "-" "Mozilla/5.0 (Windows NT 6.0; Win64; x64) AppleWebKit/537.36 (KHTML, like Gecko) Chrome/78.0.3022.198 Safari/537.36"
47.243.78.23 - - [16/Apr/2025:14:21:31 -0400] "HEAD /virtual-customer-innovation-staying-close-to-your/ HTTP/1.1" 200 0 "-" "Mozilla/5.0 (Windows NT 6.1; Win64; x64) AppleWebKit/537.36 (KHTML, like Gecko) Chrome/65.0.2667.193 Safari/537.36"
8.210.190.0 - - [16/Apr/2025:14:21:31 -0400] "HEAD / HTTP/1.1" 200 0 "-" "Mozilla/5.0 (Windows NT 10.0; Win64; x64) AppleWebKit/537.36 (KHTML, like Gecko) Chrome/64.0.2899.130 Safari/537.36"
47.243.105.139 - - [16/Apr/2025:14:21:32 -0400] "HEAD /how-to-build-the-ultimate-ai-chatbot-by-following/ HTTP/1.1" 200 0 "-" "Mozilla/5.0 (Windows NT 6.3; Win64; x64) AppleWebKit/537.36 (KHTML, like Gecko) Chrome/67.0.2800.57 Safari/537.36"
47.242.95.94 - - [16/Apr/2025:14:21:33 -0400] "GET /gpt-5-latest-news-updates-and-everything-we-know HTTP/1.1" 301 0 "-" "Mozilla/5.0 (Windows NT 6.3; Win64; x64) AppleWebKit/537.36 (KHTML, like Gecko) Chrome/61.0.3615.64 Safari/537.36"
47.242.149.96 - - [16/Apr/2025:14:21:33 -0400] "GET /6-cognitive-automation-use-cases-in-the-enterprise HTTP/1.1" 301 0 "-" "Mozilla/5.0 (Windows NT 6.3; Win64; x64) AppleWebKit/537.36 (KHTML, like Gecko) Chrome/62.0.3031.8 Safari/537.36"
47.76.222.244 - - [16/Apr/2025:14:21:34 -0400] "GET /5-steps-to-a-catchy-bot-name-ideas HTTP/1.1" 301 0 "-" "Mozilla/5.0 (Windows NT 6.0; Win64; x64) AppleWebKit/537.36 (KHTML, like Gecko) Chrome/77.0.2435.118 Safari/537.36"
47.242.217.111 - - [16/Apr/2025:14:21:34 -0400] "GET /page/160 HTTP/1.1" 301 0 "-" "Mozilla/5.0 (Windows NT 6.0; Win64; x64) AppleWebKit/537.36 (KHTML, like Gecko) Chrome/67.0.2108.36 Safari/537.36"
47.243.79.195 - - [16/Apr/2025:14:21:34 -0400] "GET /page/159 HTTP/1.1" 301 0 "-" "Mozilla/5.0 (Windows NT 10.0; Win64; x64) AppleWebKit/537.36 (KHTML, like Gecko) Chrome/60.0.2461.157 Safari/537.36"
8.210.153.23 - - [16/Apr/2025:14:21:35 -0400] "GET /the-inside-story-of-how-chatgpt-was-built-from-the HTTP/1.1" 301 0 "-" "Mozilla/5.0 (Windows NT 10.0; Win64; x64) AppleWebKit/537.36 (KHTML, like Gecko) Chrome/66.0.2218.92 Safari/537.36"
47.242.209.147 - - [16/Apr/2025:14:21:35 -0400] "GET /a-guide-to-sentiment-analysis-using-nlp HTTP/1.1" 301 0 "-" "Mozilla/5.0 (Windows NT 6.0; Win64; x64) AppleWebKit/537.36 (KHTML, like Gecko) Chrome/78.0.3022.198 Safari/537.36"
47.243.78.23 - - [16/Apr/2025:14:21:35 -0400] "GET /virtual-customer-innovation-staying-close-to-your HTTP/1.1" 301 0 "-" "Mozilla/5.0 (Windows NT 6.1; Win64; x64) AppleWebKit/537.36 (KHTML, like Gecko) Chrome/65.0.2667.193 Safari/537.36"
8.210.190.0 - - [16/Apr/2025:14:21:35 -0400] "GET / HTTP/1.1" 200 10016 "-" "Mozilla/5.0 (Windows NT 10.0; Win64; x64) AppleWebKit/537.36 (KHTML, like Gecko) Chrome/64.0.2899.130 Safari/537.36"
47.243.78.23 - - [16/Apr/2025:14:21:36 -0400] "HEAD /a-guide-to-sentiment-analysis-using-nlp HTTP/1.1" 301 0 "-" "Mozilla/5.0 (Windows NT 6.1; Win64; x64) AppleWebKit/537.36 (KHTML, like Gecko) Chrome/64.0.2696.159 Safari/537.36"
47.76.220.119 - - [16/Apr/2025:14:21:36 -0400] "HEAD /page/160 HTTP/1.1" 301 0 "-" "Mozilla/5.0 (Windows NT 6.1; Win64; x64) AppleWebKit/537.36 (KHTML, like Gecko) Chrome/70.0.2237.55 Safari/537.36"
47.242.160.82 - - [16/Apr/2025:14:21:36 -0400] "HEAD /the-inside-story-of-how-chatgpt-was-built-from-the HTTP/1.1" 301 0 "-" "Mozilla/5.0 (Windows NT 6.1; Win64; x64) AppleWebKit/537.36 (KHTML, like Gecko) Chrome/73.0.2885.67 Safari/537.36"
47.243.105.139 - - [16/Apr/2025:14:21:36 -0400] "GET /how-to-build-the-ultimate-ai-chatbot-by-following HTTP/1.1" 301 0 "-" "Mozilla/5.0 (Windows NT 6.3; Win64; x64) AppleWebKit/537.36 (KHTML, like Gecko) Chrome/67.0.2800.57 Safari/537.36"
47.243.48.79 - - [16/Apr/2025:14:21:36 -0400] "HEAD /gpt-5-latest-news-updates-and-everything-we-know HTTP/1.1" 301 0 "-" "Mozilla/5.0 (Windows NT 6.2; Win64; x64) AppleWebKit/537.36 (KHTML, like Gecko) Chrome/76.0.2974.25 Safari/537.36"
47.243.48.79 - - [16/Apr/2025:14:21:36 -0400] "HEAD /6-cognitive-automation-use-cases-in-the-enterprise HTTP/1.1" 301 0 "-" "Mozilla/5.0 (Windows NT 6.1; Win64; x64) AppleWebKit/537.36 (KHTML, like Gecko) Chrome/71.0.3345.184 Safari/537.36"
47.243.75.156 - - [16/Apr/2025:14:21:36 -0400] "HEAD /page/159 HTTP/1.1" 301 0 "-" "Mozilla/5.0 (Windows NT 6.0; Win64; x64) AppleWebKit/537.36 (KHTML, like Gecko) Chrome/72.0.3573.100 Safari/537.36"
47.242.76.207 - - [16/Apr/2025:14:21:36 -0400] "HEAD /5-steps-to-a-catchy-bot-name-ideas HTTP/1.1" 301 0 "-" "Mozilla/5.0 (Windows NT 10.0; Win64; x64) AppleWebKit/537.36 (KHTML, like Gecko) Chrome/70.0.3812.68 Safari/537.36"
47.242.149.96 - - [16/Apr/2025:14:21:38 -0400] "GET /6-cognitive-automation-use-cases-in-the-enterprise/ HTTP/1.1" 200 79065 "-" "Mozilla/5.0 (Windows NT 6.3; Win64; x64) AppleWebKit/537.36 (KHTML, like Gecko) Chrome/62.0.3031.8 Safari/537.36"
47.242.95.94 - - [16/Apr/2025:14:21:38 -0400] "GET /gpt-5-latest-news-updates-and-everything-we-know/ HTTP/1.1" 200 98107 "-" "Mozilla/5.0 (Windows NT 6.3; Win64; x64) AppleWebKit/537.36 (KHTML, like Gecko) Chrome/61.0.3615.64 Safari/537.36"
47.242.234.100 - - [16/Apr/2025:14:21:39 -0400] "HEAD / HTTP/1.1" 200 0 "-" "Mozilla/5.0 (Windows NT 6.3; Win64; x64) AppleWebKit/537.36 (KHTML, like Gecko) Chrome/76.0.3807.120 Safari/537.36"
47.243.79.195 - - [16/Apr/2025:14:21:39 -0400] "GET /page/159/ HTTP/1.1" 200 10095 "-" "Mozilla/5.0 (Windows NT 10.0; Win64; x64) AppleWebKit/537.36 (KHTML, like Gecko) Chrome/60.0.2461.157 Safari/537.36"
47.76.222.244 - - [16/Apr/2025:14:21:39 -0400] "GET /5-steps-to-a-catchy-bot-name-ideas/ HTTP/1.1" 200 92644 "-" "Mozilla/5.0 (Windows NT 6.0; Win64; x64) AppleWebKit/537.36 (KHTML, like Gecko) Chrome/77.0.2435.118 Safari/537.36"
47.242.217.111 - - [16/Apr/2025:14:21:39 -0400] "GET /page/160/ HTTP/1.1" 200 8751 "-" "Mozilla/5.0 (Windows NT 6.0; Win64; x64) AppleWebKit/537.36 (KHTML, like Gecko) Chrome/67.0.2108.36 Safari/537.36"
8.210.153.23 - - [16/Apr/2025:14:21:39 -0400] "GET /the-inside-story-of-how-chatgpt-was-built-from-the/ HTTP/1.1" 200 105387 "-" "Mozilla/5.0 (Windows NT 10.0; Win64; x64) AppleWebKit/537.36 (KHTML, like Gecko) Chrome/66.0.2218.92 Safari/537.36"
47.242.209.147 - - [16/Apr/2025:14:21:39 -0400] "GET /a-guide-to-sentiment-analysis-using-nlp/ HTTP/1.1" 200 76301 "-" "Mozilla/5.0 (Windows NT 6.0; Win64; x64) AppleWebKit/537.36 (KHTML, like Gecko) Chrome/78.0.3022.198 Safari/537.36"
47.243.78.23 - - [16/Apr/2025:14:21:39 -0400] "GET /virtual-customer-innovation-staying-close-to-your/ HTTP/1.1" 200 88155 "-" "Mozilla/5.0 (Windows NT 6.1; Win64; x64) AppleWebKit/537.36 (KHTML, like Gecko) Chrome/65.0.2667.193 Safari/537.36"
47.76.220.119 - - [16/Apr/2025:14:21:40 -0400] "HEAD /page/160/ HTTP/1.1" 200 0 "-" "Mozilla/5.0 (Windows NT 6.1; Win64; x64) AppleWebKit/537.36 (KHTML, like Gecko) Chrome/70.0.2237.55 Safari/537.36"
47.243.78.23 - - [16/Apr/2025:14:21:40 -0400] "HEAD /a-guide-to-sentiment-analysis-using-nlp/ HTTP/1.1" 200 0 "-" "Mozilla/5.0 (Windows NT 6.1; Win64; x64) AppleWebKit/537.36 (KHTML, like Gecko) Chrome/64.0.2696.159 Safari/537.36"
47.242.160.82 - - [16/Apr/2025:14:21:40 -0400] "HEAD /the-inside-story-of-how-chatgpt-was-built-from-the/ HTTP/1.1" 200 0 "-" "Mozilla/5.0 (Windows NT 6.1; Win64; x64) AppleWebKit/537.36 (KHTML, like Gecko) Chrome/73.0.2885.67 Safari/537.36"
47.243.105.139 - - [16/Apr/2025:14:21:40 -0400] "GET /how-to-build-the-ultimate-ai-chatbot-by-following/ HTTP/1.1" 200 98783 "-" "Mozilla/5.0 (Windows NT 6.3; Win64; x64) AppleWebKit/537.36 (KHTML, like Gecko) Chrome/67.0.2800.57 Safari/537.36"
47.243.48.79 - - [16/Apr/2025:14:21:40 -0400] "HEAD /gpt-5-latest-news-updates-and-everything-we-know/ HTTP/1.1" 200 0 "-" "Mozilla/5.0 (Windows NT 6.2; Win64; x64) AppleWebKit/537.36 (KHTML, like Gecko) Chrome/76.0.2974.25 Safari/537.36"
47.243.48.79 - - [16/Apr/2025:14:21:40 -0400] "HEAD /6-cognitive-automation-use-cases-in-the-enterprise/ HTTP/1.1" 200 0 "-" "Mozilla/5.0 (Windows NT 6.1; Win64; x64) AppleWebKit/537.36 (KHTML, like Gecko) Chrome/71.0.3345.184 Safari/537.36"
47.243.75.156 - - [16/Apr/2025:14:21:40 -0400] "HEAD /page/159/ HTTP/1.1" 200 0 "-" "Mozilla/5.0 (Windows NT 6.0; Win64; x64) AppleWebKit/537.36 (KHTML, like Gecko) Chrome/72.0.3573.100 Safari/537.36"
47.242.76.207 - - [16/Apr/2025:14:21:40 -0400] "HEAD /5-steps-to-a-catchy-bot-name-ideas/ HTTP/1.1" 200 0 "-" "Mozilla/5.0 (Windows NT 10.0; Win64; x64) AppleWebKit/537.36 (KHTML, like Gecko) Chrome/70.0.3812.68 Safari/537.36"
47.242.234.100 - - [16/Apr/2025:14:21:42 -0400] "GET / HTTP/1.1" 200 10016 "-" "Mozilla/5.0 (Windows NT 6.3; Win64; x64) AppleWebKit/537.36 (KHTML, like Gecko) Chrome/76.0.3807.120 Safari/537.36"
47.76.220.119 - - [16/Apr/2025:14:21:42 -0400] "GET /page/160 HTTP/1.1" 301 0 "-" "Mozilla/5.0 (Windows NT 6.1; Win64; x64) AppleWebKit/537.36 (KHTML, like Gecko) Chrome/70.0.2237.55 Safari/537.36"
47.243.78.23 - - [16/Apr/2025:14:21:43 -0400] "GET /a-guide-to-sentiment-analysis-using-nlp HTTP/1.1" 301 0 "-" "Mozilla/5.0 (Windows NT 6.1; Win64; x64) AppleWebKit/537.36 (KHTML, like Gecko) Chrome/64.0.2696.159 Safari/537.36"
47.242.160.82 - - [16/Apr/2025:14:21:43 -0400] "GET /the-inside-story-of-how-chatgpt-was-built-from-the HTTP/1.1" 301 0 "-" "Mozilla/5.0 (Windows NT 6.1; Win64; x64) AppleWebKit/537.36 (KHTML, like Gecko) Chrome/73.0.2885.67 Safari/537.36"
47.243.48.79 - - [16/Apr/2025:14:21:43 -0400] "GET /gpt-5-latest-news-updates-and-everything-we-know HTTP/1.1" 301 0 "-" "Mozilla/5.0 (Windows NT 6.2; Win64; x64) AppleWebKit/537.36 (KHTML, like Gecko) Chrome/76.0.2974.25 Safari/537.36"
47.243.48.79 - - [16/Apr/2025:14:21:43 -0400] "GET /6-cognitive-automation-use-cases-in-the-enterprise HTTP/1.1" 301 0 "-" "Mozilla/5.0 (Windows NT 6.1; Win64; x64) AppleWebKit/537.36 (KHTML, like Gecko) Chrome/71.0.3345.184 Safari/537.36"
47.243.75.156 - - [16/Apr/2025:14:21:43 -0400] "GET /page/159 HTTP/1.1" 301 0 "-" "Mozilla/5.0 (Windows NT 6.0; Win64; x64) AppleWebKit/537.36 (KHTML, like Gecko) Chrome/72.0.3573.100 Safari/537.36"
47.243.56.171 - - [16/Apr/2025:14:21:41 -0400] "HEAD /2025/03 HTTP/1.1" 301 0 "-" "Mozilla/5.0 (Windows NT 6.3; Win64; x64) AppleWebKit/537.36 (KHTML, like Gecko) Chrome/60.0.2725.112 Safari/537.36"
47.242.76.207 - - [16/Apr/2025:14:21:44 -0400] "GET /5-steps-to-a-catchy-bot-name-ideas HTTP/1.1" 301 0 "-" "Mozilla/5.0 (Windows NT 10.0; Win64; x64) AppleWebKit/537.36 (KHTML, like Gecko) Chrome/70.0.3812.68 Safari/537.36"
47.242.167.47 - - [16/Apr/2025:14:21:46 -0400] "HEAD /6-cognitive-automation-use-cases-in-the-enterprise HTTP/1.1" 301 0 "-" "Mozilla/5.0 (Windows NT 6.2; Win64; x64) AppleWebKit/537.36 (KHTML, like Gecko) Chrome/64.0.2223.103 Safari/537.36"
8.218.91.49 - - [16/Apr/2025:14:21:46 -0400] "HEAD /5-steps-to-a-catchy-bot-name-ideas HTTP/1.1" 301 0 "-" "Mozilla/5.0 (Windows NT 6.1; Win64; x64) AppleWebKit/537.36 (KHTML, like Gecko) Chrome/75.0.2512.199 Safari/537.36"
47.76.99.127 - - [16/Apr/2025:14:21:46 -0400] "HEAD /page/159 HTTP/1.1" 301 0 "-" "Mozilla/5.0 (Windows NT 6.3; Win64; x64) AppleWebKit/537.36 (KHTML, like Gecko) Chrome/78.0.2513.83 Safari/537.36"
