47.76.222.244 - - [16/Apr/2025:10:35:08 -0400] "HEAD /5-steps-to-a-catchy-bot-name-ideas HTTP/1.1" 301 0 "-" "Mozilla/5.0 (Windows NT 6.1; Win64; x64) AppleWebKit/537.36 (KHTML, like Gecko) Chrome/69.0.2548.14 Safari/537.36"
8.210.179.35 - - [16/Apr/2025:10:35:07 -0400] "HEAD /gpt-5-latest-news-updates-and-everything-we-know HTTP/1.1" 301 0 "-" "Mozilla/5.0 (Windows NT 6.2; Win64; x64) AppleWebKit/537.36 (KHTML, like Gecko) Chrome/72.0.3408.154 Safari/537.36"
47.243.228.99 - - [16/Apr/2025:10:35:07 -0400] "HEAD /a-guide-to-sentiment-analysis-using-nlp HTTP/1.1" 301 0 "-" "Mozilla/5.0 (Windows NT 6.3; Win64; x64) AppleWebKit/537.36 (KHTML, like Gecko) Chrome/65.0.2766.73 Safari/537.36"
47.242.217.111 - - [16/Apr/2025:10:35:07 -0400] "HEAD /6-cognitive-automation-use-cases-in-the-enterprise HTTP/1.1" 301 0 "-" "Mozilla/5.0 (Windows NT 6.2; Win64; x64) AppleWebKit/537.36 (KHTML, like Gecko) Chrome/61.0.2571.101 Safari/537.36"
47.243.105.139 - - [16/Apr/2025:10:35:08 -0400] "HEAD /the-inside-story-of-how-chatgpt-was-built-from-the HTTP/1.1" 301 0 "-" "Mozilla/5.0 (Windows NT 6.3; Win64; x64) AppleWebKit/537.36 (KHTML, like Gecko) Chrome/63.0.3027.55 Safari/537.36"
47.243.71.191 - - [16/Apr/2025:10:35:08 -0400] "HEAD /page/160 HTTP/1.1" 200 0 "-" "Mozilla/5.0 (Windows NT 6.0; Win64; x64) AppleWebKit/537.36 (KHTML, like Gecko) Chrome/75.0.3554.84 Safari/537.36"
47.243.193.222 - - [16/Apr/2025:10:35:08 -0400] "HEAD /2023/01 HTTP/1.1" 404 0 "-" "Mozilla/5.0 (Windows NT 6.2; Win64; x64) AppleWebKit/537.36 (KHTML, like Gecko) Chrome/61.0.2819.151 Safari/537.36"
8.210.66.89 - - [16/Apr/2025:10:35:08 -0400] "HEAD /page/2/ HTTP/1.1" 200 0 "-" "Mozilla/5.0 (Windows NT 10.0; Win64; x64) AppleWebKit/537.36 (KHTML, like Gecko) Chrome/66.0.2932.163 Safari/537.36"
47.243.75.156 - - [16/Apr/2025:10:35:08 -0400] "HEAD /how-to-build-the-ultimate-ai-chatbot-by-following HTTP/1.1" 301 0 "-" "Mozilla/5.0 (Windows NT 6.0; Win64; x64) AppleWebKit/537.36 (KHTML, like Gecko) Chrome/70.0.3439.15 Safari/537.36"
47.243.71.191 - - [16/Apr/2025:10:35:13 -0400] "HEAD /virtual-customer-innovation-staying-close-to-your/ HTTP/1.1" 200 0 "-" "Mozilla/5.0 (Windows NT 10.0; Win64; x64) AppleWebKit/537.36 (KHTML, like Gecko) Chrome/71.0.2990.106 Safari/537.36"
47.76.222.244 - - [16/Apr/2025:10:35:13 -0400] "HEAD /5-steps-to-a-catchy-bot-name-ideas/ HTTP/1.1" 200 0 "-" "Mozilla/5.0 (Windows NT 6.1; Win64; x64) AppleWebKit/537.36 (KHTML, like Gecko) Chrome/69.0.2548.14 Safari/537.36"
47.243.75.156 - - [16/Apr/2025:10:35:16 -0400] "HEAD /how-to-build-the-ultimate-ai-chatbot-by-following/ HTTP/1.1" 200 0 "-" "Mozilla/5.0 (Windows NT 6.0; Win64; x64) AppleWebKit/537.36 (KHTML, like Gecko) Chrome/70.0.3439.15 Safari/537.36"
8.210.66.89 - - [16/Apr/2025:10:35:15 -0400] "GET /page/2 HTTP/1.1" 200 0 "-" "Mozilla/5.0 (Windows NT 10.0; Win64; x64) AppleWebKit/537.36 (KHTML, like Gecko) Chrome/66.0.2932.163 Safari/537.36"
47.242.3.114 - - [16/Apr/2025:10:35:18 -0400] "HEAD /a-guide-to-sentiment-analysis-using-nlp HTTP/1.1" 301 0 "-" "Mozilla/5.0 (Windows NT 6.3; Win64; x64) AppleWebKit/537.36 (KHTML, like Gecko) Chrome/74.0.2345.137 Safari/537.36"
8.210.164.94 - - [16/Apr/2025:10:35:18 -0400] "HEAD /page/160 HTTP/1.1" 301 0 "-" "Mozilla/5.0 (Windows NT 6.1; Win64; x64) AppleWebKit/537.36 (KHTML, like Gecko) Chrome/60.0.3758.30 Safari/537.36"
47.243.78.44 - - [16/Apr/2025:10:35:18 -0400] "HEAD /2023/01 HTTP/1.1" 404 0 "-" "Mozilla/5.0 (Windows NT 6.1; Win64; x64) AppleWebKit/537.36 (KHTML, like Gecko) Chrome/64.0.3061.179 Safari/537.36"
8.210.86.148 - - [16/Apr/2025:10:35:18 -0400] "HEAD /gpt-5-latest-news-updates-and-everything-we-know HTTP/1.1" 301 0 "-" "Mozilla/5.0 (Windows NT 6.1; Win64; x64) AppleWebKit/537.36 (KHTML, like Gecko) Chrome/77.0.2116.22 Safari/537.36"
8.210.188.13 - - [16/Apr/2025:10:35:18 -0400] "HEAD /the-inside-story-of-how-chatgpt-was-built-from-the HTTP/1.1" 301 0 "-" "Mozilla/5.0 (Windows NT 6.3; Win64; x64) AppleWebKit/537.36 (KHTML, like Gecko) Chrome/65.0.2586.142 Safari/537.36"
47.242.209.147 - - [16/Apr/2025:10:35:18 -0400] "HEAD /6-cognitive-automation-use-cases-in-the-enterprise HTTP/1.1" 301 0 "-" "Mozilla/5.0 (Windows NT 6.2; Win64; x64) AppleWebKit/537.36 (KHTML, like Gecko) Chrome/60.0.2623.157 Safari/537.36"
47.243.71.191 - - [16/Apr/2025:10:35:19 -0400] "GET /virtual-customer-innovation-staying-close-to-your HTTP/1.1" 301 0 "-" "Mozilla/5.0 (Windows NT 10.0; Win64; x64) AppleWebKit/537.36 (KHTML, like Gecko) Chrome/71.0.2990.106 Safari/537.36"
47.76.222.244 - - [16/Apr/2025:10:35:21 -0400] "GET /5-steps-to-a-catchy-bot-name-ideas HTTP/1.1" 301 0 "-" "Mozilla/5.0 (Windows NT 6.1; Win64; x64) AppleWebKit/537.36 (KHTML, like Gecko) Chrome/69.0.2548.14 Safari/537.36"
47.243.75.156 - - [16/Apr/2025:10:35:21 -0400] "GET /how-to-build-the-ultimate-ai-chatbot-by-following HTTP/1.1" 301 0 "-" "Mozilla/5.0 (Windows NT 6.0; Win64; x64) AppleWebKit/537.36 (KHTML, like Gecko) Chrome/70.0.3439.15 Safari/537.36"
47.243.62.121 - - [16/Apr/2025:10:35:22 -0400] "HEAD /6-cognitive-automation-use-cases-in-the-enterprise HTTP/1.1" 301 0 "-" "Mozilla/5.0 (Windows NT 6.1; Win64; x64) AppleWebKit/537.36 (KHTML, like Gecko) Chrome/68.0.2479.117 Safari/537.36"
47.243.48.79 - - [16/Apr/2025:10:35:22 -0400] "HEAD /2023/01 HTTP/1.1" 404 0 "-" "Mozilla/5.0 (Windows NT 6.0; Win64; x64) AppleWebKit/537.36 (KHTML, like Gecko) Chrome/66.0.2294.188 Safari/537.36"
47.76.99.127 - - [16/Apr/2025:10:35:22 -0400] "HEAD /gpt-5-latest-news-updates-and-everything-we-know HTTP/1.1" 301 0 "-" "Mozilla/5.0 (Windows NT 6.0; Win64; x64) AppleWebKit/537.36 (KHTML, like Gecko) Chrome/79.0.2199.173 Safari/537.36"
8.210.164.94 - - [16/Apr/2025:10:35:22 -0400] "HEAD /a-guide-to-sentiment-analysis-using-nlp HTTP/1.1" 301 0 "-" "Mozilla/5.0 (Windows NT 6.3; Win64; x64) AppleWebKit/537.36 (KHTML, like Gecko) Chrome/65.0.3618.144 Safari/537.36"
8.210.190.0 - - [16/Apr/2025:10:35:22 -0400] "HEAD /the-inside-story-of-how-chatgpt-was-built-from-the HTTP/1.1" 301 0 "-" "Mozilla/5.0 (Windows NT 6.0; Win64; x64) AppleWebKit/537.36 (KHTML, like Gecko) Chrome/64.0.2735.39 Safari/537.36"
47.76.99.127 - - [16/Apr/2025:10:35:22 -0400] "HEAD /page/160 HTTP/1.1" 301 0 "-" "Mozilla/5.0 (Windows NT 10.0; Win64; x64) AppleWebKit/537.36 (KHTML, like Gecko) Chrome/69.0.3464.139 Safari/537.36"
47.242.3.114 - - [16/Apr/2025:10:35:25 -0400] "HEAD /a-guide-to-sentiment-analysis-using-nlp/ HTTP/1.1" 200 0 "-" "Mozilla/5.0 (Windows NT 6.3; Win64; x64) AppleWebKit/537.36 (KHTML, like Gecko) Chrome/74.0.2345.137 Safari/537.36"
47.243.71.191 - - [16/Apr/2025:10:35:26 -0400] "GET /virtual-customer-innovation-staying-close-to-your/ HTTP/1.1" 200 88155 "-" "Mozilla/5.0 (Windows NT 10.0; Win64; x64) AppleWebKit/537.36 (KHTML, like Gecko) Chrome/71.0.2990.106 Safari/537.36"
47.243.62.121 - - [16/Apr/2025:10:35:28 -0400] "HEAD /6-cognitive-automation-use-cases-in-the-enterprise/ HTTP/1.1" 200 0 "-" "Mozilla/5.0 (Windows NT 6.1; Win64; x64) AppleWebKit/537.36 (KHTML, like Gecko) Chrome/68.0.2479.117 Safari/537.36"
47.243.75.156 - - [16/Apr/2025:10:35:28 -0400] "GET /how-to-build-the-ultimate-ai-chatbot-by-following/ HTTP/1.1" 200 98783 "-" "Mozilla/5.0 (Windows NT 6.0; Win64; x64) AppleWebKit/537.36 (KHTML, like Gecko) Chrome/70.0.3439.15 Safari/537.36"
47.76.99.127 - - [16/Apr/2025:10:35:28 -0400] "HEAD /gpt-5-latest-news-updates-and-everything-we-know/ HTTP/1.1" 200 0 "-" "Mozilla/5.0 (Windows NT 6.0; Win64; x64) AppleWebKit/537.36 (KHTML, like Gecko) Chrome/79.0.2199.173 Safari/537.36"
8.210.164.94 - - [16/Apr/2025:10:35:28 -0400] "HEAD /a-guide-to-sentiment-analysis-using-nlp/ HTTP/1.1" 200 0 "-" "Mozilla/5.0 (Windows NT 6.3; Win64; x64) AppleWebKit/537.36 (KHTML, like Gecko) Chrome/65.0.3618.144 Safari/537.36"
47.76.222.244 - - [16/Apr/2025:10:35:27 -0400] "GET /5-steps-to-a-catchy-bot-name-ideas/ HTTP/1.1" 200 0 "-" "Mozilla/5.0 (Windows NT 6.1; Win64; x64) AppleWebKit/537.36 (KHTML, like Gecko) Chrome/69.0.2548.14 Safari/537.36"
47.243.48.79 - - [16/Apr/2025:10:35:28 -0400] "GET /2023/01 HTTP/1.1" 404 8131 "-" "Mozilla/5.0 (Windows NT 6.0; Win64; x64) AppleWebKit/537.36 (KHTML, like Gecko) Chrome/66.0.2294.188 Safari/537.36"
47.76.209.138 - - [16/Apr/2025:10:35:29 -0400] "HEAD /2023/01 HTTP/1.1" 404 0 "-" "Mozilla/5.0 (Windows NT 10.0; Win64; x64) AppleWebKit/537.36 (KHTML, like Gecko) Chrome/69.0.3465.55 Safari/537.36"
8.210.86.148 - - [16/Apr/2025:10:35:29 -0400] "HEAD /the-inside-story-of-how-chatgpt-was-built-from-the HTTP/1.1" 301 0 "-" "Mozilla/5.0 (Windows NT 6.2; Win64; x64) AppleWebKit/537.36 (KHTML, like Gecko) Chrome/69.0.3630.51 Safari/537.36"
47.243.71.191 - - [16/Apr/2025:10:35:29 -0400] "HEAD /page/160 HTTP/1.1" 301 0 "-" "Mozilla/5.0 (Windows NT 6.2; Win64; x64) AppleWebKit/537.36 (KHTML, like Gecko) Chrome/74.0.2658.193 Safari/537.36"
47.242.76.207 - - [16/Apr/2025:10:35:29 -0400] "HEAD /gpt-5-latest-news-updates-and-everything-we-know HTTP/1.1" 301 0 "-" "Mozilla/5.0 (Windows NT 10.0; Win64; x64) AppleWebKit/537.36 (KHTML, like Gecko) Chrome/75.0.3147.1 Safari/537.36"
47.243.79.195 - - [16/Apr/2025:10:35:29 -0400] "HEAD /6-cognitive-automation-use-cases-in-the-enterprise HTTP/1.1" 301 0 "-" "Mozilla/5.0 (Windows NT 6.1; Win64; x64) AppleWebKit/537.36 (KHTML, like Gecko) Chrome/60.0.3750.103 Safari/537.36"
47.242.3.114 - - [16/Apr/2025:10:35:29 -0400] "GET /a-guide-to-sentiment-analysis-using-nlp HTTP/1.1" 301 0 "-" "Mozilla/5.0 (Windows NT 6.3; Win64; x64) AppleWebKit/537.36 (KHTML, like Gecko) Chrome/74.0.2345.137 Safari/537.36"
8.218.91.49 - - [16/Apr/2025:10:35:34 -0400] "HEAD /a-guide-to-sentiment-analysis-using-nlp HTTP/1.1" 301 0 "-" "Mozilla/5.0 (Windows NT 6.2; Win64; x64) AppleWebKit/537.36 (KHTML, like Gecko) Chrome/75.0.2058.84 Safari/537.36"
8.210.190.0 - - [16/Apr/2025:10:35:34 -0400] "HEAD /2023/01 HTTP/1.1" 404 0 "-" "Mozilla/5.0 (Windows NT 6.2; Win64; x64) AppleWebKit/537.36 (KHTML, like Gecko) Chrome/70.0.2176.152 Safari/537.36"
8.210.164.94 - - [16/Apr/2025:10:35:34 -0400] "GET /a-guide-to-sentiment-analysis-using-nlp HTTP/1.1" 301 0 "-" "Mozilla/5.0 (Windows NT 6.3; Win64; x64) AppleWebKit/537.36 (KHTML, like Gecko) Chrome/65.0.3618.144 Safari/537.36"
8.210.190.63 - - [16/Apr/2025:10:35:34 -0400] "HEAD /6-cognitive-automation-use-cases-in-the-enterprise HTTP/1.1" 301 0 "-" "Mozilla/5.0 (Windows NT 6.3; Win64; x64) AppleWebKit/537.36 (KHTML, like Gecko) Chrome/77.0.2468.169 Safari/537.36"
47.243.62.121 - - [16/Apr/2025:10:35:34 -0400] "GET /6-cognitive-automation-use-cases-in-the-enterprise HTTP/1.1" 301 0 "-" "Mozilla/5.0 (Windows NT 6.1; Win64; x64) AppleWebKit/537.36 (KHTML, like Gecko) Chrome/68.0.2479.117 Safari/537.36"
47.76.99.127 - - [16/Apr/2025:10:35:34 -0400] "GET /gpt-5-latest-news-updates-and-everything-we-know HTTP/1.1" 301 0 "-" "Mozilla/5.0 (Windows NT 6.0; Win64; x64) AppleWebKit/537.36 (KHTML, like Gecko) Chrome/79.0.2199.173 Safari/537.36"
8.210.86.148 - - [16/Apr/2025:10:35:34 -0400] "HEAD /gpt-5-latest-news-updates-and-everything-we-know HTTP/1.1" 301 0 "-" "Mozilla/5.0 (Windows NT 6.3; Win64; x64) AppleWebKit/537.36 (KHTML, like Gecko) Chrome/74.0.3164.160 Safari/537.36"
8.210.190.63 - - [16/Apr/2025:10:35:34 -0400] "HEAD /page/160 HTTP/1.1" 301 0 "-" "Mozilla/5.0 (Windows NT 6.2; Win64; x64) AppleWebKit/537.36 (KHTML, like Gecko) Chrome/73.0.2796.100 Safari/537.36"
47.76.209.138 - - [16/Apr/2025:10:35:35 -0400] "GET /2023/01 HTTP/1.1" 404 8131 "-" "Mozilla/5.0 (Windows NT 10.0; Win64; x64) AppleWebKit/537.36 (KHTML, like Gecko) Chrome/69.0.3465.55 Safari/537.36"
47.242.76.207 - - [16/Apr/2025:10:35:35 -0400] "HEAD /gpt-5-latest-news-updates-and-everything-we-know/ HTTP/1.1" 200 0 "-" "Mozilla/5.0 (Windows NT 10.0; Win64; x64) AppleWebKit/537.36 (KHTML, like Gecko) Chrome/75.0.3147.1 Safari/537.36"
8.210.86.148 - - [16/Apr/2025:10:35:35 -0400] "HEAD /the-inside-story-of-how-chatgpt-was-built-from-the/ HTTP/1.1" 200 0 "-" "Mozilla/5.0 (Windows NT 6.2; Win64; x64) AppleWebKit/537.36 (KHTML, like Gecko) Chrome/69.0.3630.51 Safari/537.36"
47.243.79.195 - - [16/Apr/2025:10:35:36 -0400] "HEAD /6-cognitive-automation-use-cases-in-the-enterprise/ HTTP/1.1" 200 0 "-" "Mozilla/5.0 (Windows NT 6.1; Win64; x64) AppleWebKit/537.36 (KHTML, like Gecko) Chrome/60.0.3750.103 Safari/537.36"
47.242.3.114 - - [16/Apr/2025:10:35:36 -0400] "GET /a-guide-to-sentiment-analysis-using-nlp/ HTTP/1.1" 200 76301 "-" "Mozilla/5.0 (Windows NT 6.3; Win64; x64) AppleWebKit/537.36 (KHTML, like Gecko) Chrome/74.0.2345.137 Safari/537.36"
47.243.71.191 - - [16/Apr/2025:10:35:35 -0400] "HEAD /page/160/ HTTP/1.1" 200 0 "-" "Mozilla/5.0 (Windows NT 6.2; Win64; x64) AppleWebKit/537.36 (KHTML, like Gecko) Chrome/74.0.2658.193 Safari/537.36"
8.218.91.49 - - [16/Apr/2025:10:35:38 -0400] "HEAD /5-steps-to-a-catchy-bot-name-ideas HTTP/1.1" 301 0 "-" "Mozilla/5.0 (Windows NT 6.1; Win64; x64) AppleWebKit/537.36 (KHTML, like Gecko) Chrome/67.0.3168.124 Safari/537.36"
47.242.149.96 - - [16/Apr/2025:10:35:38 -0400] "HEAD /2023/01 HTTP/1.1" 404 0 "-" "Mozilla/5.0 (Windows NT 10.0; Win64; x64) AppleWebKit/537.36 (KHTML, like Gecko) Chrome/64.0.2413.100 Safari/537.36"
8.210.154.94 - - [16/Apr/2025:10:35:38 -0400] "HEAD /page/159 HTTP/1.1" 301 0 "-" "Mozilla/5.0 (Windows NT 10.0; Win64; x64) AppleWebKit/537.36 (KHTML, like Gecko) Chrome/63.0.3151.183 Safari/537.36"
8.218.91.49 - - [16/Apr/2025:10:35:38 -0400] "HEAD /a-guide-to-sentiment-analysis-using-nlp/ HTTP/1.1" 200 0 "-" "Mozilla/5.0 (Windows NT 6.2; Win64; x64) AppleWebKit/537.36 (KHTML, like Gecko) Chrome/75.0.2058.84 Safari/537.36"
8.210.190.0 - - [16/Apr/2025:10:35:38 -0400] "GET /2023/01 HTTP/1.1" 404 8131 "-" "Mozilla/5.0 (Windows NT 6.2; Win64; x64) AppleWebKit/537.36 (KHTML, like Gecko) Chrome/70.0.2176.152 Safari/537.36"
8.210.164.94 - - [16/Apr/2025:10:35:38 -0400] "GET /a-guide-to-sentiment-analysis-using-nlp/ HTTP/1.1" 200 76301 "-" "Mozilla/5.0 (Windows NT 6.3; Win64; x64) AppleWebKit/537.36 (KHTML, like Gecko) Chrome/65.0.3618.144 Safari/537.36"
8.210.190.63 - - [16/Apr/2025:10:35:39 -0400] "HEAD /6-cognitive-automation-use-cases-in-the-enterprise/ HTTP/1.1" 200 0 "-" "Mozilla/5.0 (Windows NT 6.3; Win64; x64) AppleWebKit/537.36 (KHTML, like Gecko) Chrome/77.0.2468.169 Safari/537.36"
47.76.99.127 - - [16/Apr/2025:10:35:39 -0400] "GET /gpt-5-latest-news-updates-and-everything-we-know/ HTTP/1.1" 200 98107 "-" "Mozilla/5.0 (Windows NT 6.0; Win64; x64) AppleWebKit/537.36 (KHTML, like Gecko) Chrome/79.0.2199.173 Safari/537.36"
8.210.86.148 - - [16/Apr/2025:10:35:40 -0400] "HEAD /gpt-5-latest-news-updates-and-everything-we-know/ HTTP/1.1" 200 0 "-" "Mozilla/5.0 (Windows NT 6.3; Win64; x64) AppleWebKit/537.36 (KHTML, like Gecko) Chrome/74.0.3164.160 Safari/537.36"
47.243.56.171 - - [16/Apr/2025:10:35:39 -0400] "HEAD /the-inside-story-of-how-chatgpt-was-built-from-the HTTP/1.1" 301 0 "-" "Mozilla/5.0 (Windows NT 6.2; Win64; x64) AppleWebKit/537.36 (KHTML, like Gecko) Chrome/78.0.3914.157 Safari/537.36"
47.242.76.207 - - [16/Apr/2025:10:35:40 -0400] "GET /gpt-5-latest-news-updates-and-everything-we-know HTTP/1.1" 301 0 "-" "Mozilla/5.0 (Windows NT 10.0; Win64; x64) AppleWebKit/537.36 (KHTML, like Gecko) Chrome/75.0.3147.1 Safari/537.36"
47.243.79.195 - - [16/Apr/2025:10:35:41 -0400] "GET /6-cognitive-automation-use-cases-in-the-enterprise HTTP/1.1" 301 0 "-" "Mozilla/5.0 (Windows NT 6.1; Win64; x64) AppleWebKit/537.36 (KHTML, like Gecko) Chrome/60.0.3750.103 Safari/537.36"
47.243.71.191 - - [16/Apr/2025:10:35:41 -0400] "GET /page/160 HTTP/1.1" 301 0 "-" "Mozilla/5.0 (Windows NT 6.2; Win64; x64) AppleWebKit/537.36 (KHTML, like Gecko) Chrome/74.0.2658.193 Safari/537.36"
8.210.86.148 - - [16/Apr/2025:10:35:40 -0400] "GET /the-inside-story-of-how-chatgpt-was-built-from-the HTTP/1.1" 301 0 "-" "Mozilla/5.0 (Windows NT 6.2; Win64; x64) AppleWebKit/537.36 (KHTML, like Gecko) Chrome/69.0.3630.51 Safari/537.36"
47.76.209.138 - - [16/Apr/2025:10:35:42 -0400] "HEAD /5-steps-to-a-catchy-bot-name-ideas HTTP/1.1" 301 0 "-" "Mozilla/5.0 (Windows NT 6.3; Win64; x64) AppleWebKit/537.36 (KHTML, like Gecko) Chrome/73.0.2021.48 Safari/537.36"
47.76.220.119 - - [16/Apr/2025:10:35:42 -0400] "HEAD /the-inside-story-of-how-chatgpt-was-built-from-the HTTP/1.1" 301 0 "-" "Mozilla/5.0 (Windows NT 10.0; Win64; x64) AppleWebKit/537.36 (KHTML, like Gecko) Chrome/68.0.3232.19 Safari/537.36"
47.242.148.169 - - [16/Apr/2025:10:35:42 -0400] "HEAD /2023/01 HTTP/1.1" 404 0 "-" "Mozilla/5.0 (Windows NT 10.0; Win64; x64) AppleWebKit/537.36 (KHTML, like Gecko) Chrome/61.0.2616.124 Safari/537.36"
8.210.188.13 - - [16/Apr/2025:10:35:42 -0400] "HEAD /6-cognitive-automation-use-cases-in-the-enterprise HTTP/1.1" 301 0 "-" "Mozilla/5.0 (Windows NT 6.0; Win64; x64) AppleWebKit/537.36 (KHTML, like Gecko) Chrome/77.0.3590.11 Safari/537.36"
47.76.220.119 - - [16/Apr/2025:10:35:42 -0400] "HEAD /gpt-5-latest-news-updates-and-everything-we-know HTTP/1.1" 301 0 "-" "Mozilla/5.0 (Windows NT 6.2; Win64; x64) AppleWebKit/537.36 (KHTML, like Gecko) Chrome/68.0.3912.16 Safari/537.36"
8.210.189.26 - - [16/Apr/2025:10:35:42 -0400] "HEAD /page/160 HTTP/1.1" 301 0 "-" "Mozilla/5.0 (Windows NT 6.1; Win64; x64) AppleWebKit/537.36 (KHTML, like Gecko) Chrome/77.0.3642.80 Safari/537.36"
47.242.149.96 - - [16/Apr/2025:10:35:42 -0400] "GET /2023/01 HTTP/1.1" 404 8131 "-" "Mozilla/5.0 (Windows NT 10.0; Win64; x64) AppleWebKit/537.36 (KHTML, like Gecko) Chrome/64.0.2413.100 Safari/537.36"
8.218.91.49 - - [16/Apr/2025:10:35:42 -0400] "HEAD /5-steps-to-a-catchy-bot-name-ideas/ HTTP/1.1" 200 0 "-" "Mozilla/5.0 (Windows NT 6.1; Win64; x64) AppleWebKit/537.36 (KHTML, like Gecko) Chrome/67.0.3168.124 Safari/537.36"
47.243.91.206 - - [16/Apr/2025:10:35:42 -0400] "HEAD /page/159 HTTP/1.1" 301 0 "-" "Mozilla/5.0 (Windows NT 10.0; Win64; x64) AppleWebKit/537.36 (KHTML, like Gecko) Chrome/60.0.3630.52 Safari/537.36"
8.218.91.49 - - [16/Apr/2025:10:35:43 -0400] "GET /a-guide-to-sentiment-analysis-using-nlp HTTP/1.1" 301 0 "-" "Mozilla/5.0 (Windows NT 6.2; Win64; x64) AppleWebKit/537.36 (KHTML, like Gecko) Chrome/75.0.2058.84 Safari/537.36"
8.210.154.94 - - [16/Apr/2025:10:35:43 -0400] "HEAD /page/159/ HTTP/1.1" 200 0 "-" "Mozilla/5.0 (Windows NT 10.0; Win64; x64) AppleWebKit/537.36 (KHTML, like Gecko) Chrome/63.0.3151.183 Safari/537.36"
47.243.78.23 - - [16/Apr/2025:10:35:44 -0400] "HEAD /a-guide-to-sentiment-analysis-using-nlp HTTP/1.1" 301 0 "-" "Mozilla/5.0 (Windows NT 6.3; Win64; x64) AppleWebKit/537.36 (KHTML, like Gecko) Chrome/67.0.3416.109 Safari/537.36"
8.210.190.63 - - [16/Apr/2025:10:35:45 -0400] "GET /6-cognitive-automation-use-cases-in-the-enterprise HTTP/1.1" 301 0 "-" "Mozilla/5.0 (Windows NT 6.3; Win64; x64) AppleWebKit/537.36 (KHTML, like Gecko) Chrome/77.0.2468.169 Safari/537.36"
8.210.86.148 - - [16/Apr/2025:10:35:45 -0400] "GET /gpt-5-latest-news-updates-and-everything-we-know HTTP/1.1" 301 0 "-" "Mozilla/5.0 (Windows NT 6.3; Win64; x64) AppleWebKit/537.36 (KHTML, like Gecko) Chrome/74.0.3164.160 Safari/537.36"
47.242.76.207 - - [16/Apr/2025:10:35:45 -0400] "GET /gpt-5-latest-news-updates-and-everything-we-know/ HTTP/1.1" 200 98107 "-" "Mozilla/5.0 (Windows NT 10.0; Win64; x64) AppleWebKit/537.36 (KHTML, like Gecko) Chrome/75.0.3147.1 Safari/537.36"
47.243.79.195 - - [16/Apr/2025:10:35:46 -0400] "GET /6-cognitive-automation-use-cases-in-the-enterprise/ HTTP/1.1" 200 79065 "-" "Mozilla/5.0 (Windows NT 6.1; Win64; x64) AppleWebKit/537.36 (KHTML, like Gecko) Chrome/60.0.3750.103 Safari/537.36"
47.243.56.171 - - [16/Apr/2025:10:35:45 -0400] "HEAD /the-inside-story-of-how-chatgpt-was-built-from-the/ HTTP/1.1" 200 0 "-" "Mozilla/5.0 (Windows NT 6.2; Win64; x64) AppleWebKit/537.36 (KHTML, like Gecko) Chrome/78.0.3914.157 Safari/537.36"
47.242.148.169 - - [16/Apr/2025:10:35:47 -0400] "GET /2023/01 HTTP/1.1" 404 8131 "-" "Mozilla/5.0 (Windows NT 10.0; Win64; x64) AppleWebKit/537.36 (KHTML, like Gecko) Chrome/61.0.2616.124 Safari/537.36"
8.210.188.13 - - [16/Apr/2025:10:35:47 -0400] "HEAD /6-cognitive-automation-use-cases-in-the-enterprise/ HTTP/1.1" 200 0 "-" "Mozilla/5.0 (Windows NT 6.0; Win64; x64) AppleWebKit/537.36 (KHTML, like Gecko) Chrome/77.0.3590.11 Safari/537.36"
47.76.220.119 - - [16/Apr/2025:10:35:47 -0400] "HEAD /gpt-5-latest-news-updates-and-everything-we-know/ HTTP/1.1" 200 0 "-" "Mozilla/5.0 (Windows NT 6.2; Win64; x64) AppleWebKit/537.36 (KHTML, like Gecko) Chrome/68.0.3912.16 Safari/537.36"
8.218.91.49 - - [16/Apr/2025:10:35:47 -0400] "GET /5-steps-to-a-catchy-bot-name-ideas HTTP/1.1" 301 0 "-" "Mozilla/5.0 (Windows NT 6.1; Win64; x64) AppleWebKit/537.36 (KHTML, like Gecko) Chrome/67.0.3168.124 Safari/537.36"
47.76.220.119 - - [16/Apr/2025:10:35:47 -0400] "HEAD /the-inside-story-of-how-chatgpt-was-built-from-the/ HTTP/1.1" 200 0 "-" "Mozilla/5.0 (Windows NT 10.0; Win64; x64) AppleWebKit/537.36 (KHTML, like Gecko) Chrome/68.0.3232.19 Safari/537.36"
47.76.99.127 - - [16/Apr/2025:10:35:47 -0400] "HEAD /2023/01 HTTP/1.1" 404 0 "-" "Mozilla/5.0 (Windows NT 10.0; Win64; x64) AppleWebKit/537.36 (KHTML, like Gecko) Chrome/77.0.3531.146 Safari/537.36"
47.76.209.138 - - [16/Apr/2025:10:35:47 -0400] "HEAD /5-steps-to-a-catchy-bot-name-ideas/ HTTP/1.1" 200 0 "-" "Mozilla/5.0 (Windows NT 6.3; Win64; x64) AppleWebKit/537.36 (KHTML, like Gecko) Chrome/73.0.2021.48 Safari/537.36"
8.210.189.26 - - [16/Apr/2025:10:35:47 -0400] "HEAD /page/160/ HTTP/1.1" 200 0 "-" "Mozilla/5.0 (Windows NT 6.1; Win64; x64) AppleWebKit/537.36 (KHTML, like Gecko) Chrome/77.0.3642.80 Safari/537.36"
47.243.71.191 - - [16/Apr/2025:10:35:46 -0400] "GET /page/160/ HTTP/1.1" 200 8751 "-" "Mozilla/5.0 (Windows NT 6.2; Win64; x64) AppleWebKit/537.36 (KHTML, like Gecko) Chrome/74.0.2658.193 Safari/537.36"
8.210.86.148 - - [16/Apr/2025:10:35:46 -0400] "GET /the-inside-story-of-how-chatgpt-was-built-from-the/ HTTP/1.1" 200 105387 "-" "Mozilla/5.0 (Windows NT 6.2; Win64; x64) AppleWebKit/537.36 (KHTML, like Gecko) Chrome/69.0.3630.51 Safari/537.36"
8.218.91.49 - - [16/Apr/2025:10:35:48 -0400] "GET /a-guide-to-sentiment-analysis-using-nlp/ HTTP/1.1" 200 76301 "-" "Mozilla/5.0 (Windows NT 6.2; Win64; x64) AppleWebKit/537.36 (KHTML, like Gecko) Chrome/75.0.2058.84 Safari/537.36"
47.243.91.206 - - [16/Apr/2025:10:35:48 -0400] "HEAD /page/159/ HTTP/1.1" 200 0 "-" "Mozilla/5.0 (Windows NT 10.0; Win64; x64) AppleWebKit/537.36 (KHTML, like Gecko) Chrome/60.0.3630.52 Safari/537.36"
47.243.78.23 - - [16/Apr/2025:10:35:49 -0400] "HEAD /a-guide-to-sentiment-analysis-using-nlp/ HTTP/1.1" 200 0 "-" "Mozilla/5.0 (Windows NT 6.3; Win64; x64) AppleWebKit/537.36 (KHTML, like Gecko) Chrome/67.0.3416.109 Safari/537.36"
8.210.190.63 - - [16/Apr/2025:10:35:49 -0400] "GET /6-cognitive-automation-use-cases-in-the-enterprise/ HTTP/1.1" 200 79065 "-" "Mozilla/5.0 (Windows NT 6.3; Win64; x64) AppleWebKit/537.36 (KHTML, like Gecko) Chrome/77.0.2468.169 Safari/537.36"
8.210.154.94 - - [16/Apr/2025:10:35:49 -0400] "GET /page/159 HTTP/1.1" 301 0 "-" "Mozilla/5.0 (Windows NT 10.0; Win64; x64) AppleWebKit/537.36 (KHTML, like Gecko) Chrome/63.0.3151.183 Safari/537.36"
8.210.86.148 - - [16/Apr/2025:10:35:50 -0400] "GET /gpt-5-latest-news-updates-and-everything-we-know/ HTTP/1.1" 200 98107 "-" "Mozilla/5.0 (Windows NT 6.3; Win64; x64) AppleWebKit/537.36 (KHTML, like Gecko) Chrome/74.0.3164.160 Safari/537.36"
47.243.56.171 - - [16/Apr/2025:10:35:51 -0400] "GET /the-inside-story-of-how-chatgpt-was-built-from-the HTTP/1.1" 301 0 "-" "Mozilla/5.0 (Windows NT 6.2; Win64; x64) AppleWebKit/537.36 (KHTML, like Gecko) Chrome/78.0.3914.157 Safari/537.36"
8.210.188.13 - - [16/Apr/2025:10:35:51 -0400] "GET /6-cognitive-automation-use-cases-in-the-enterprise HTTP/1.1" 301 0 "-" "Mozilla/5.0 (Windows NT 6.0; Win64; x64) AppleWebKit/537.36 (KHTML, like Gecko) Chrome/77.0.3590.11 Safari/537.36"
47.76.220.119 - - [16/Apr/2025:10:35:51 -0400] "GET /gpt-5-latest-news-updates-and-everything-we-know HTTP/1.1" 301 0 "-" "Mozilla/5.0 (Windows NT 6.2; Win64; x64) AppleWebKit/537.36 (KHTML, like Gecko) Chrome/68.0.3912.16 Safari/537.36"
47.242.217.111 - - [16/Apr/2025:10:35:51 -0400] "HEAD /5-steps-to-a-catchy-bot-name-ideas HTTP/1.1" 301 0 "-" "Mozilla/5.0 (Windows NT 6.0; Win64; x64) AppleWebKit/537.36 (KHTML, like Gecko) Chrome/76.0.3164.66 Safari/537.36"
47.76.220.119 - - [16/Apr/2025:10:35:52 -0400] "GET /the-inside-story-of-how-chatgpt-was-built-from-the HTTP/1.1" 301 0 "-" "Mozilla/5.0 (Windows NT 10.0; Win64; x64) AppleWebKit/537.36 (KHTML, like Gecko) Chrome/68.0.3232.19 Safari/537.36"
47.76.209.138 - - [16/Apr/2025:10:35:52 -0400] "GET /5-steps-to-a-catchy-bot-name-ideas HTTP/1.1" 301 0 "-" "Mozilla/5.0 (Windows NT 6.3; Win64; x64) AppleWebKit/537.36 (KHTML, like Gecko) Chrome/73.0.2021.48 Safari/537.36"
8.210.86.249 - - [16/Apr/2025:10:35:52 -0400] "HEAD /6-cognitive-automation-use-cases-in-the-enterprise HTTP/1.1" 301 0 "-" "Mozilla/5.0 (Windows NT 6.0; Win64; x64) AppleWebKit/537.36 (KHTML, like Gecko) Chrome/71.0.3574.76 Safari/537.36"
47.76.99.127 - - [16/Apr/2025:10:35:52 -0400] "GET /2023/01 HTTP/1.1" 404 8131 "-" "Mozilla/5.0 (Windows NT 10.0; Win64; x64) AppleWebKit/537.36 (KHTML, like Gecko) Chrome/77.0.3531.146 Safari/537.36"
47.242.149.96 - - [16/Apr/2025:10:35:52 -0400] "HEAD /2023/01 HTTP/1.1" 404 0 "-" "Mozilla/5.0 (Windows NT 6.2; Win64; x64) AppleWebKit/537.36 (KHTML, like Gecko) Chrome/78.0.2407.172 Safari/537.36"
8.210.189.26 - - [16/Apr/2025:10:35:52 -0400] "GET /page/160 HTTP/1.1" 301 0 "-" "Mozilla/5.0 (Windows NT 6.1; Win64; x64) AppleWebKit/537.36 (KHTML, like Gecko) Chrome/77.0.3642.80 Safari/537.36"
8.210.190.63 - - [16/Apr/2025:10:35:52 -0400] "HEAD /page/160 HTTP/1.1" 301 0 "-" "Mozilla/5.0 (Windows NT 6.1; Win64; x64) AppleWebKit/537.36 (KHTML, like Gecko) Chrome/79.0.3226.72 Safari/537.36"
47.243.91.206 - - [16/Apr/2025:10:35:53 -0400] "GET /page/159 HTTP/1.1" 301 0 "-" "Mozilla/5.0 (Windows NT 10.0; Win64; x64) AppleWebKit/537.36 (KHTML, like Gecko) Chrome/60.0.3630.52 Safari/537.36"
47.243.78.23 - - [16/Apr/2025:10:35:53 -0400] "GET /a-guide-to-sentiment-analysis-using-nlp HTTP/1.1" 301 0 "-" "Mozilla/5.0 (Windows NT 6.3; Win64; x64) AppleWebKit/537.36 (KHTML, like Gecko) Chrome/67.0.3416.109 Safari/537.36"
8.210.154.94 - - [16/Apr/2025:10:35:54 -0400] "GET /page/159/ HTTP/1.1" 200 10095 "-" "Mozilla/5.0 (Windows NT 10.0; Win64; x64) AppleWebKit/537.36 (KHTML, like Gecko) Chrome/63.0.3151.183 Safari/537.36"
47.243.56.171 - - [16/Apr/2025:10:35:55 -0400] "GET /the-inside-story-of-how-chatgpt-was-built-from-the/ HTTP/1.1" 200 105387 "-" "Mozilla/5.0 (Windows NT 6.2; Win64; x64) AppleWebKit/537.36 (KHTML, like Gecko) Chrome/78.0.3914.157 Safari/537.36"
47.243.78.23 - - [16/Apr/2025:10:35:55 -0400] "HEAD /the-inside-story-of-how-chatgpt-was-built-from-the HTTP/1.1" 301 0 "-" "Mozilla/5.0 (Windows NT 6.0; Win64; x64) AppleWebKit/537.36 (KHTML, like Gecko) Chrome/68.0.2867.54 Safari/537.36"
8.210.188.13 - - [16/Apr/2025:10:35:56 -0400] "GET /6-cognitive-automation-use-cases-in-the-enterprise/ HTTP/1.1" 200 79065 "-" "Mozilla/5.0 (Windows NT 6.0; Win64; x64) AppleWebKit/537.36 (KHTML, like Gecko) Chrome/77.0.3590.11 Safari/537.36"
47.76.220.119 - - [16/Apr/2025:10:35:56 -0400] "GET /gpt-5-latest-news-updates-and-everything-we-know/ HTTP/1.1" 200 98107 "-" "Mozilla/5.0 (Windows NT 6.2; Win64; x64) AppleWebKit/537.36 (KHTML, like Gecko) Chrome/68.0.3912.16 Safari/537.36"
47.76.220.119 - - [16/Apr/2025:10:35:56 -0400] "GET /the-inside-story-of-how-chatgpt-was-built-from-the/ HTTP/1.1" 200 105387 "-" "Mozilla/5.0 (Windows NT 10.0; Win64; x64) AppleWebKit/537.36 (KHTML, like Gecko) Chrome/68.0.3232.19 Safari/537.36"
8.210.86.249 - - [16/Apr/2025:10:35:56 -0400] "HEAD /6-cognitive-automation-use-cases-in-the-enterprise/ HTTP/1.1" 200 0 "-" "Mozilla/5.0 (Windows NT 6.0; Win64; x64) AppleWebKit/537.36 (KHTML, like Gecko) Chrome/71.0.3574.76 Safari/537.36"
8.210.189.26 - - [16/Apr/2025:10:35:56 -0400] "GET /page/160/ HTTP/1.1" 200 8751 "-" "Mozilla/5.0 (Windows NT 6.1; Win64; x64) AppleWebKit/537.36 (KHTML, like Gecko) Chrome/77.0.3642.80 Safari/537.36"
47.242.149.96 - - [16/Apr/2025:10:35:56 -0400] "GET /2023/01 HTTP/1.1" 404 8131 "-" "Mozilla/5.0 (Windows NT 6.2; Win64; x64) AppleWebKit/537.36 (KHTML, like Gecko) Chrome/78.0.2407.172 Safari/537.36"
8.210.190.63 - - [16/Apr/2025:10:35:56 -0400] "HEAD /page/160/ HTTP/1.1" 200 0 "-" "Mozilla/5.0 (Windows NT 6.1; Win64; x64) AppleWebKit/537.36 (KHTML, like Gecko) Chrome/79.0.3226.72 Safari/537.36"
47.243.91.206 - - [16/Apr/2025:10:35:56 -0400] "GET /page/159/ HTTP/1.1" 200 10095 "-" "Mozilla/5.0 (Windows NT 10.0; Win64; x64) AppleWebKit/537.36 (KHTML, like Gecko) Chrome/60.0.3630.52 Safari/537.36"
8.210.147.121 - - [16/Apr/2025:10:35:56 -0400] "HEAD /5-steps-to-a-catchy-bot-name-ideas HTTP/1.1" 301 0 "-" "Mozilla/5.0 (Windows NT 6.0; Win64; x64) AppleWebKit/537.36 (KHTML, like Gecko) Chrome/78.0.3709.83 Safari/537.36"
47.242.217.111 - - [16/Apr/2025:10:35:56 -0400] "HEAD /5-steps-to-a-catchy-bot-name-ideas/ HTTP/1.1" 200 0 "-" "Mozilla/5.0 (Windows NT 6.0; Win64; x64) AppleWebKit/537.36 (KHTML, like Gecko) Chrome/76.0.3164.66 Safari/537.36"
47.243.78.23 - - [16/Apr/2025:10:35:57 -0400] "GET /a-guide-to-sentiment-analysis-using-nlp/ HTTP/1.1" 200 76301 "-" "Mozilla/5.0 (Windows NT 6.3; Win64; x64) AppleWebKit/537.36 (KHTML, like Gecko) Chrome/67.0.3416.109 Safari/537.36"
47.76.209.138 - - [16/Apr/2025:10:35:56 -0400] "GET /5-steps-to-a-catchy-bot-name-ideas/ HTTP/1.1" 200 92644 "-" "Mozilla/5.0 (Windows NT 6.3; Win64; x64) AppleWebKit/537.36 (KHTML, like Gecko) Chrome/73.0.2021.48 Safari/537.36"
8.210.86.249 - - [16/Apr/2025:10:35:59 -0400] "GET /6-cognitive-automation-use-cases-in-the-enterprise HTTP/1.1" 301 0 "-" "Mozilla/5.0 (Windows NT 6.0; Win64; x64) AppleWebKit/537.36 (KHTML, like Gecko) Chrome/71.0.3574.76 Safari/537.36"
8.210.190.63 - - [16/Apr/2025:10:35:59 -0400] "GET /page/160 HTTP/1.1" 301 0 "-" "Mozilla/5.0 (Windows NT 6.1; Win64; x64) AppleWebKit/537.36 (KHTML, like Gecko) Chrome/79.0.3226.72 Safari/537.36"
8.210.147.121 - - [16/Apr/2025:10:35:59 -0400] "HEAD /5-steps-to-a-catchy-bot-name-ideas/ HTTP/1.1" 200 0 "-" "Mozilla/5.0 (Windows NT 6.0; Win64; x64) AppleWebKit/537.36 (KHTML, like Gecko) Chrome/78.0.3709.83 Safari/537.36"
47.242.217.111 - - [16/Apr/2025:10:36:00 -0400] "GET /5-steps-to-a-catchy-bot-name-ideas HTTP/1.1" 301 0 "-" "Mozilla/5.0 (Windows NT 6.0; Win64; x64) AppleWebKit/537.36 (KHTML, like Gecko) Chrome/76.0.3164.66 Safari/537.36"
8.210.86.249 - - [16/Apr/2025:10:36:03 -0400] "GET /6-cognitive-automation-use-cases-in-the-enterprise/ HTTP/1.1" 200 79065 "-" "Mozilla/5.0 (Windows NT 6.0; Win64; x64) AppleWebKit/537.36 (KHTML, like Gecko) Chrome/71.0.3574.76 Safari/537.36"
8.210.190.63 - - [16/Apr/2025:10:36:03 -0400] "GET /page/160/ HTTP/1.1" 200 8751 "-" "Mozilla/5.0 (Windows NT 6.1; Win64; x64) AppleWebKit/537.36 (KHTML, like Gecko) Chrome/79.0.3226.72 Safari/537.36"
8.210.147.121 - - [16/Apr/2025:10:36:04 -0400] "GET /5-steps-to-a-catchy-bot-name-ideas HTTP/1.1" 301 0 "-" "Mozilla/5.0 (Windows NT 6.0; Win64; x64) AppleWebKit/537.36 (KHTML, like Gecko) Chrome/78.0.3709.83 Safari/537.36"
47.242.217.111 - - [16/Apr/2025:10:36:04 -0400] "GET /5-steps-to-a-catchy-bot-name-ideas/ HTTP/1.1" 200 92644 "-" "Mozilla/5.0 (Windows NT 6.0; Win64; x64) AppleWebKit/537.36 (KHTML, like Gecko) Chrome/76.0.3164.66 Safari/537.36"
8.210.147.121 - - [16/Apr/2025:10:36:08 -0400] "GET /5-steps-to-a-catchy-bot-name-ideas/ HTTP/1.1" 200 92644 "-" "Mozilla/5.0 (Windows NT 6.0; Win64; x64) AppleWebKit/537.36 (KHTML, like Gecko) Chrome/78.0.3709.83 Safari/537.36"
8.210.190.63 - - [16/Apr/2025:10:36:10 -0400] "HEAD /virtual-customer-innovation-staying-close-to-your HTTP/1.1" 301 0 "-" "Mozilla/5.0 (Windows NT 6.3; Win64; x64) AppleWebKit/537.36 (KHTML, like Gecko) Chrome/61.0.2121.82 Safari/537.36"
8.210.187.5 - - [16/Apr/2025:10:36:10 -0400] "HEAD /how-to-build-the-ultimate-ai-chatbot-by-following HTTP/1.1" 301 0 "-" "Mozilla/5.0 (Windows NT 6.1; Win64; x64) AppleWebKit/537.36 (KHTML, like Gecko) Chrome/73.0.2618.147 Safari/537.36"
8.210.187.5 - - [16/Apr/2025:10:36:14 -0400] "HEAD /how-to-build-the-ultimate-ai-chatbot-by-following/ HTTP/1.1" 200 0 "-" "Mozilla/5.0 (Windows NT 6.1; Win64; x64) AppleWebKit/537.36 (KHTML, like Gecko) Chrome/73.0.2618.147 Safari/537.36"
8.210.190.63 - - [16/Apr/2025:10:36:14 -0400] "HEAD /virtual-customer-innovation-staying-close-to-your/ HTTP/1.1" 200 0 "-" "Mozilla/5.0 (Windows NT 6.3; Win64; x64) AppleWebKit/537.36 (KHTML, like Gecko) Chrome/61.0.2121.82 Safari/537.36"
8.210.190.63 - - [16/Apr/2025:10:36:19 -0400] "GET /virtual-customer-innovation-staying-close-to-your HTTP/1.1" 301 0 "-" "Mozilla/5.0 (Windows NT 6.3; Win64; x64) AppleWebKit/537.36 (KHTML, like Gecko) Chrome/61.0.2121.82 Safari/537.36"
8.210.187.5 - - [16/Apr/2025:10:36:19 -0400] "GET /how-to-build-the-ultimate-ai-chatbot-by-following HTTP/1.1" 301 0 "-" "Mozilla/5.0 (Windows NT 6.1; Win64; x64) AppleWebKit/537.36 (KHTML, like Gecko) Chrome/73.0.2618.147 Safari/537.36"
8.210.187.5 - - [16/Apr/2025:10:36:23 -0400] "GET /how-to-build-the-ultimate-ai-chatbot-by-following/ HTTP/1.1" 200 98783 "-" "Mozilla/5.0 (Windows NT 6.1; Win64; x64) AppleWebKit/537.36 (KHTML, like Gecko) Chrome/73.0.2618.147 Safari/537.36"
8.210.190.63 - - [16/Apr/2025:10:36:23 -0400] "GET /virtual-customer-innovation-staying-close-to-your/ HTTP/1.1" 200 88155 "-" "Mozilla/5.0 (Windows NT 6.3; Win64; x64) AppleWebKit/537.36 (KHTML, like Gecko) Chrome/61.0.2121.82 Safari/537.36"
47.243.75.156 - - [16/Apr/2025:10:37:09 -0400] "HEAD /how-to-build-the-ultimate-ai-chatbot-by-following HTTP/1.1" 301 0 "-" "Mozilla/5.0 (Windows NT 6.0; Win64; x64) AppleWebKit/537.36 (KHTML, like Gecko) Chrome/74.0.3345.114 Safari/537.36"
47.242.3.114 - - [16/Apr/2025:10:37:09 -0400] "HEAD /virtual-customer-innovation-staying-close-to-your HTTP/1.1" 301 0 "-" "Mozilla/5.0 (Windows NT 6.0; Win64; x64) AppleWebKit/537.36 (KHTML, like Gecko) Chrome/67.0.2736.58 Safari/537.36"
47.243.75.156 - - [16/Apr/2025:10:37:13 -0400] "HEAD /how-to-build-the-ultimate-ai-chatbot-by-following/ HTTP/1.1" 200 0 "-" "Mozilla/5.0 (Windows NT 6.0; Win64; x64) AppleWebKit/537.36 (KHTML, like Gecko) Chrome/74.0.3345.114 Safari/537.36"
47.242.3.114 - - [16/Apr/2025:10:37:13 -0400] "HEAD /virtual-customer-innovation-staying-close-to-your/ HTTP/1.1" 200 0 "-" "Mozilla/5.0 (Windows NT 6.0; Win64; x64) AppleWebKit/537.36 (KHTML, like Gecko) Chrome/67.0.2736.58 Safari/537.36"
47.242.3.114 - - [16/Apr/2025:10:37:17 -0400] "GET /virtual-customer-innovation-staying-close-to-your HTTP/1.1" 301 0 "-" "Mozilla/5.0 (Windows NT 6.0; Win64; x64) AppleWebKit/537.36 (KHTML, like Gecko) Chrome/67.0.2736.58 Safari/537.36"
47.243.75.156 - - [16/Apr/2025:10:37:17 -0400] "GET /how-to-build-the-ultimate-ai-chatbot-by-following HTTP/1.1" 301 0 "-" "Mozilla/5.0 (Windows NT 6.0; Win64; x64) AppleWebKit/537.36 (KHTML, like Gecko) Chrome/74.0.3345.114 Safari/537.36"
47.243.75.156 - - [16/Apr/2025:10:37:20 -0400] "GET /how-to-build-the-ultimate-ai-chatbot-by-following/ HTTP/1.1" 200 98783 "-" "Mozilla/5.0 (Windows NT 6.0; Win64; x64) AppleWebKit/537.36 (KHTML, like Gecko) Chrome/74.0.3345.114 Safari/537.36"
47.242.3.114 - - [16/Apr/2025:10:37:20 -0400] "GET /virtual-customer-innovation-staying-close-to-your/ HTTP/1.1" 200 88155 "-" "Mozilla/5.0 (Windows NT 6.0; Win64; x64) AppleWebKit/537.36 (KHTML, like Gecko) Chrome/67.0.2736.58 Safari/537.36"
51.8.102.56 - - [16/Apr/2025:10:43:36 -0400] "GET /robots.txt HTTP/1.1" 200 112 "-" "Mozilla/5.0 (Macintosh; Intel Mac OS X 10_15_7) AppleWebKit/537.36 (KHTML, like Gecko) Chrome/131.0.0.0 Safari/537.36; compatible; OAI-SearchBot/1.0; +https://openai.com/searchbot"
43.135.145.117 - - [16/Apr/2025:10:46:13 -0400] "GET /virtual-customer-innovation-staying-close-to-your/ HTTP/1.1" 200 88156 "-" "Mozilla/5.0 (iPhone; CPU iPhone OS 13_2_3 like Mac OS X) AppleWebKit/605.1.15 (KHTML, like Gecko) Version/13.0.3 Mobile/15E148 Safari/604.1"
47.243.89.37 - - [16/Apr/2025:10:50:17 -0400] "HEAD /page/158 HTTP/1.1" 200 0 "-" "Mozilla/5.0 (Windows NT 6.1; Win64; x64) AppleWebKit/537.36 (KHTML, like Gecko) Chrome/74.0.2633.34 Safari/537.36"
47.242.209.147 - - [16/Apr/2025:10:50:21 -0400] "HEAD /page/158 HTTP/1.1" 200 0 "-" "Mozilla/5.0 (Windows NT 10.0; Win64; x64) AppleWebKit/537.36 (KHTML, like Gecko) Chrome/71.0.3422.50 Safari/537.36"
8.210.179.35 - - [16/Apr/2025:10:50:25 -0400] "HEAD /page/158 HTTP/1.1" 200 0 "-" "Mozilla/5.0 (Windows NT 6.1; Win64; x64) AppleWebKit/537.36 (KHTML, like Gecko) Chrome/69.0.3159.132 Safari/537.36"
8.210.190.63 - - [16/Apr/2025:10:50:28 -0400] "HEAD /page/158 HTTP/1.1" 200 0 "-" "Mozilla/5.0 (Windows NT 6.0; Win64; x64) AppleWebKit/537.36 (KHTML, like Gecko) Chrome/72.0.2925.139 Safari/537.36"
8.210.12.248 - - [16/Apr/2025:10:50:32 -0400] "HEAD /page/158 HTTP/1.1" 200 0 "-" "Mozilla/5.0 (Windows NT 6.0; Win64; x64) AppleWebKit/537.36 (KHTML, like Gecko) Chrome/70.0.2225.146 Safari/537.36"
47.243.78.23 - - [16/Apr/2025:10:50:37 -0400] "HEAD /page/158 HTTP/1.1" 200 0 "-" "Mozilla/5.0 (Windows NT 6.0; Win64; x64) AppleWebKit/537.36 (KHTML, like Gecko) Chrome/71.0.3182.149 Safari/537.36"
8.210.147.121 - - [16/Apr/2025:10:50:43 -0400] "HEAD /page/158 HTTP/1.1" 200 0 "-" "Mozilla/5.0 (Windows NT 6.1; Win64; x64) AppleWebKit/537.36 (KHTML, like Gecko) Chrome/79.0.2268.81 Safari/537.36"
47.242.217.111 - - [16/Apr/2025:10:51:04 -0400] "HEAD /page/157 HTTP/1.1" 200 0 "-" "Mozilla/5.0 (Windows NT 10.0; Win64; x64) AppleWebKit/537.36 (KHTML, like Gecko) Chrome/60.0.2661.110 Safari/537.36"
8.210.147.121 - - [16/Apr/2025:10:52:17 -0400] "HEAD /page/156 HTTP/1.1" 200 0 "-" "Mozilla/5.0 (Windows NT 6.3; Win64; x64) AppleWebKit/537.36 (KHTML, like Gecko) Chrome/74.0.2004.166 Safari/537.36"
8.210.147.121 - - [16/Apr/2025:10:52:20 -0400] "HEAD /page/156 HTTP/1.1" 200 0 "-" "Mozilla/5.0 (Windows NT 6.3; Win64; x64) AppleWebKit/537.36 (KHTML, like Gecko) Chrome/74.0.3782.181 Safari/537.36"
8.210.86.249 - - [16/Apr/2025:10:52:22 -0400] "HEAD /page/156 HTTP/1.1" 200 0 "-" "Mozilla/5.0 (Windows NT 6.0; Win64; x64) AppleWebKit/537.36 (KHTML, like Gecko) Chrome/63.0.2166.16 Safari/537.36"
8.218.91.49 - - [16/Apr/2025:10:52:29 -0400] "HEAD /page/156 HTTP/1.1" 200 0 "-" "Mozilla/5.0 (Windows NT 6.3; Win64; x64) AppleWebKit/537.36 (KHTML, like Gecko) Chrome/68.0.2464.53 Safari/537.36"
8.210.86.249 - - [16/Apr/2025:10:52:33 -0400] "HEAD /page/156 HTTP/1.1" 200 0 "-" "Mozilla/5.0 (Windows NT 6.0; Win64; x64) AppleWebKit/537.36 (KHTML, like Gecko) Chrome/67.0.2689.161 Safari/537.36"
196.240.104.92 - - [16/Apr/2025:10:52:34 -0400] "POST /xmlrpc.php HTTP/1.1" 200 186 "-" "Mozilla/5.0 (Windows NT 10.0; Win64; x64) AppleWebKit/537.36 (KHTML, like Gecko) Chrome/114.0.0.0 Safari/537.36"
2a02:598:96:8a00::1200:13b - - [16/Apr/2025:10:53:34 -0400] "GET /essential-travel-tips/ HTTP/1.1" 200 0 "-" "Mozilla/5.0 (compatible; SeznamBot/4.0; +https://o-seznam.cz/napoveda/vyhledavani/en/seznambot-crawler/)"
47.243.75.156 - - [16/Apr/2025:10:54:09 -0400] "HEAD /page/155 HTTP/1.1" 200 0 "-" "Mozilla/5.0 (Windows NT 6.3; Win64; x64) AppleWebKit/537.36 (KHTML, like Gecko) Chrome/60.0.3853.18 Safari/537.36"
47.243.48.79 - - [16/Apr/2025:10:54:18 -0400] "HEAD /page/155 HTTP/1.1" 200 0 "-" "Mozilla/5.0 (Windows NT 6.1; Win64; x64) AppleWebKit/537.36 (KHTML, like Gecko) Chrome/61.0.2971.29 Safari/537.36"
8.210.190.0 - - [16/Apr/2025:10:54:21 -0400] "HEAD /page/155 HTTP/1.1" 200 0 "-" "Mozilla/5.0 (Windows NT 10.0; Win64; x64) AppleWebKit/537.36 (KHTML, like Gecko) Chrome/64.0.2076.71 Safari/537.36"
8.210.190.63 - - [16/Apr/2025:10:54:25 -0400] "HEAD /page/155 HTTP/1.1" 200 0 "-" "Mozilla/5.0 (Windows NT 10.0; Win64; x64) AppleWebKit/537.36 (KHTML, like Gecko) Chrome/72.0.3169.94 Safari/537.36"
47.242.95.94 - - [16/Apr/2025:10:54:30 -0400] "HEAD /page/155 HTTP/1.1" 200 0 "-" "Mozilla/5.0 (Windows NT 6.0; Win64; x64) AppleWebKit/537.36 (KHTML, like Gecko) Chrome/72.0.3414.16 Safari/537.36"
47.243.89.37 - - [16/Apr/2025:10:54:33 -0400] "HEAD /page/155 HTTP/1.1" 200 0 "-" "Mozilla/5.0 (Windows NT 6.2; Win64; x64) AppleWebKit/537.36 (KHTML, like Gecko) Chrome/79.0.3663.171 Safari/537.36"
8.210.188.13 - - [16/Apr/2025:10:54:37 -0400] "HEAD /page/155 HTTP/1.1" 200 0 "-" "Mozilla/5.0 (Windows NT 6.3; Win64; x64) AppleWebKit/537.36 (KHTML, like Gecko) Chrome/68.0.3213.152 Safari/537.36"
43.167.236.228 - - [16/Apr/2025:10:56:47 -0400] "GET /6-cognitive-automation-use-cases-in-the-enterprise/ HTTP/1.1" 200 79066 "-" "Mozilla/5.0 (iPhone; CPU iPhone OS 13_2_3 like Mac OS X) AppleWebKit/605.1.15 (KHTML, like Gecko) Version/13.0.3 Mobile/15E148 Safari/604.1"
35.208.171.33 - - [16/Apr/2025:11:01:11 -0400] "HEAD / HTTP/1.1" 200 0 "-" "scalaj-http/2.4.2"
35.208.171.33 - - [16/Apr/2025:11:01:22 -0400] "GET / HTTP/1.1" 200 10016 "-" "Buck/2.4.3; (+https://app.hypefactors.com/media-monitoring/about.html)"
35.208.171.33 - - [16/Apr/2025:11:01:31 -0400] "GET /robots.txt HTTP/1.1" 200 112 "-" "Buck/2.4.3; (+https://app.hypefactors.com/media-monitoring/about.html)"
35.208.171.33 - - [16/Apr/2025:11:02:16 -0400] "GET /feed/ HTTP/1.1" 200 574162 "-" "Buck/2.4.3; (+https://app.hypefactors.com/media-monitoring/about.html)"
35.208.171.33 - - [16/Apr/2025:11:02:25 -0400] "GET /sitemap_index.xml HTTP/1.1" 200 299 "-" "Buck/2.4.3; (+https://app.hypefactors.com/media-monitoring/about.html)"
35.208.171.33 - - [16/Apr/2025:11:03:17 -0400] "GET /gpt-5-latest-news-updates-and-everything-we-know/ HTTP/1.1" 200 98107 "-" "Buck/2.4.3; (+https://app.hypefactors.com/media-monitoring/about.html)"
47.128.121.90 - - [16/Apr/2025:11:04:00 -0400] "GET /mon-examen-premium-adapt-2024/ HTTP/1.1" 200 10644 "-" "Mozilla/5.0 (Linux; Android 5.0) AppleWebKit/537.36 (KHTML, like Gecko) Mobile Safari/537.36 (compatible; TikTokSpider; ttspider-feedback@tiktok.com)"
35.208.171.33 - - [16/Apr/2025:11:04:10 -0400] "GET /virtual-customer-innovation-staying-close-to-your/ HTTP/1.1" 200 88155 "-" "Buck/2.4.3; (+https://app.hypefactors.com/media-monitoring/about.html)"
35.208.171.33 - - [16/Apr/2025:11:04:43 -0400] "GET /a-guide-to-sentiment-analysis-using-nlp/ HTTP/1.1" 200 76301 "-" "Buck/2.4.3; (+https://app.hypefactors.com/media-monitoring/about.html)"
35.208.171.33 - - [16/Apr/2025:11:05:30 -0400] "GET /how-to-build-the-ultimate-ai-chatbot-by-following/ HTTP/1.1" 200 98783 "-" "Buck/2.4.3; (+https://app.hypefactors.com/media-monitoring/about.html)"
35.208.171.33 - - [16/Apr/2025:11:06:17 -0400] "GET /6-cognitive-automation-use-cases-in-the-enterprise/ HTTP/1.1" 200 79065 "-" "Buck/2.4.3; (+https://app.hypefactors.com/media-monitoring/about.html)"
35.208.171.33 - - [16/Apr/2025:11:06:54 -0400] "GET /the-inside-story-of-how-chatgpt-was-built-from-the/ HTTP/1.1" 200 105387 "-" "Buck/2.4.3; (+https://app.hypefactors.com/media-monitoring/about.html)"
43.134.141.244 - - [16/Apr/2025:11:06:45 -0400] "GET /apprendre-a-jouer-de-la-guitare-un-voyage-musical/ HTTP/1.1" 200 10999 "-" "Mozilla/5.0 (iPhone; CPU iPhone OS 13_2_3 like Mac OS X) AppleWebKit/605.1.15 (KHTML, like Gecko) Version/13.0.3 Mobile/15E148 Safari/604.1"
35.208.171.33 - - [16/Apr/2025:11:07:29 -0400] "GET /5-steps-to-a-catchy-bot-name-ideas/ HTTP/1.1" 200 92644 "-" "Buck/2.4.3; (+https://app.hypefactors.com/media-monitoring/about.html)"
35.208.171.33 - - [16/Apr/2025:11:08:11 -0400] "GET /apprendre-a-jouer-de-la-guitare-un-voyage-musical/ HTTP/1.1" 200 11000 "-" "Buck/2.4.3; (+https://app.hypefactors.com/media-monitoring/about.html)"
35.208.171.33 - - [16/Apr/2025:11:08:58 -0400] "GET /mastering-sms-courses-for-modern-learning/ HTTP/1.1" 200 10507 "-" "Buck/2.4.3; (+https://app.hypefactors.com/media-monitoring/about.html)"
35.208.171.33 - - [16/Apr/2025:11:09:31 -0400] "GET /decouvrez-lart-de-la-medecine-esthetique-a-rouen/ HTTP/1.1" 200 10825 "-" "Buck/2.4.3; (+https://app.hypefactors.com/media-monitoring/about.html)"
35.208.171.33 - - [16/Apr/2025:11:10:13 -0400] "GET /2025/03/ HTTP/1.1" 301 0 "-" "Buck/2.4.3; (+https://app.hypefactors.com/media-monitoring/about.html)"
35.208.171.33 - - [16/Apr/2025:11:10:19 -0400] "GET / HTTP/1.1" 200 10016 "-" "Buck/2.4.3; (+https://app.hypefactors.com/media-monitoring/about.html)"
198.54.114.83 - - [16/Apr/2025:11:13:58 -0400] "POST /wp-cron.php?doing_wp_cron=1744816436.9300680160522460937500 HTTP/1.1" 200 0 "-" "WordPress/6.8; https://freelancingclients.com"
191.96.4.159 - - [16/Apr/2025:11:13:52 -0400] "POST /xmlrpc.php HTTP/1.1" 200 186 "-" "Mozilla/5.0 (Macintosh; Intel Mac OS X 12_5) AppleWebKit/537.36 (KHTML, like Gecko) Chrome/114.0.0.0 Safari/537.36 OPR/89.0.4447.51"
191.96.4.159 - - [16/Apr/2025:11:14:00 -0400] "POST /xmlrpc.php HTTP/1.1" 200 186 "-" "Mozilla/5.0 (Macintosh; Intel Mac OS X 12_5) AppleWebKit/537.36 (KHTML, like Gecko) Chrome/114.0.0.0 Safari/537.36 OPR/89.0.4447.51"
191.96.4.159 - - [16/Apr/2025:11:14:03 -0400] "POST /xmlrpc.php HTTP/1.1" 200 186 "-" "Mozilla/5.0 (Macintosh; Intel Mac OS X 12_5) AppleWebKit/537.36 (KHTML, like Gecko) Chrome/114.0.0.0 Safari/537.36 OPR/89.0.4447.51"
191.96.4.159 - - [16/Apr/2025:11:14:05 -0400] "POST /xmlrpc.php HTTP/1.1" 200 186 "-" "Mozilla/5.0 (Macintosh; Intel Mac OS X 12_5) AppleWebKit/537.36 (KHTML, like Gecko) Chrome/114.0.0.0 Safari/537.36 OPR/89.0.4447.51"
223.109.255.164 - - [16/Apr/2025:11:14:33 -0400] "GET / HTTP/1.1" 200 10016 "-" "Sogou web spider/4.0(+http://www.sogou.com/docs/help/webmasters.htm#07)"
85.208.98.20 - - [16/Apr/2025:11:14:43 -0400] "GET /moroccan-tiles/ HTTP/1.1" 200 0 "-" "Mozilla/5.0 (compatible; SemrushBot-BA; +http://www.semrush.com/bot.html)"
198.54.114.83 - - [16/Apr/2025:11:15:00 -0400] "POST /wp-cron.php?doing_wp_cron=1744816499.2685821056365966796875 HTTP/1.1" 200 0 "-" "WordPress/6.8; https://freelancingclients.com"
135.119.140.245 - - [16/Apr/2025:11:14:58 -0400] "HEAD /new-composite-door-new-accessibility/ HTTP/1.1" 200 0 "http://freelancingclients.com/new" "Mozilla/5.0 (Windows NT 10.0; Win64; x64) AppleWebKit/537.36 (KHTML, like Gecko) Chrome/74.0.3729.169 Safari/537.36"
198.54.114.83 - - [16/Apr/2025:11:15:04 -0400] "POST /wp-admin/admin-ajax.php?action=async_litespeed&nonce=hwg4XgJ5zfI2tvukwHe4azDTq2k46q1t&litespeed_type=imgoptm HTTP/1.1" 200 0 "-" "WordPress/6.8; https://freelancingclients.com"
135.119.140.245 - - [16/Apr/2025:11:15:11 -0400] "HEAD /home-audio-systems/ HTTP/1.1" 200 0 "http://freelancingclients.com/home" "Mozilla/5.0 (Windows NT 10.0; Win64; x64) AppleWebKit/537.36 (KHTML, like Gecko) Chrome/74.0.3729.169 Safari/537.36"
2a03:2880:ff:47:: - - [16/Apr/2025:11:16:28 -0400] "GET / HTTP/1.1" 200 10016 "-" "facebookexternalhit/1.1 (+http://www.facebook.com/externalhit_uatext.php)"
2a03:2880:ff:74:: - - [16/Apr/2025:11:16:28 -0400] "GET / HTTP/1.1" 200 10016 "-" "facebookexternalhit/1.1 (+http://www.facebook.com/externalhit_uatext.php)"
2a03:2880:ff:6:: - - [16/Apr/2025:11:16:28 -0400] "GET /meta.json HTTP/1.1" 404 8131 "-" "facebookexternalhit/1.1 (+http://www.facebook.com/externalhit_uatext.php)"
198.54.114.83 - - [16/Apr/2025:11:16:31 -0400] "POST /wp-cron.php?doing_wp_cron=1744816589.2432870864868164062500 HTTP/1.1" 200 0 "-" "WordPress/6.8; https://freelancingclients.com"
40.77.167.243 - - [16/Apr/2025:11:16:33 -0400] "GET /?s=%E4%B8%80%E7%95%AA%E5%A3%B2%E3%82%8C%E3%81%A6%E3%81%84%E3%82%8BAAPC+CPC%E5%90%88%E6%A0%BC%E6%95%99%E6%9C%AC+%F0%9F%8D%84+%E4%BB%8A%E3%81%99%E3%81%90%E2%87%9B+www.goshiken.com+%E2%87%9A%E3%82%92%E9%96%8B%E3%81%8D%E3%80%81%E2%8F%A9+CPC+%E2%8F%AA%E3%82%92%E6%A4%9C%E7%B4%A2%E3%81%97%E3%81%A6%E7%84%A1%E6%96%99%E3%81%A7%E3%83%80%E3%82%A6%E3%83%B3%E3%83%AD%E3%83%BC%E3%83%89%E3%81%97%E3%81%A6%E3%81%8F%E3%81%A0%E3%81%95%E3%81%84CPC%E6%95%99%E8%82%B2%E8%B3%87%E6%96%99 HTTP/1.1" 200 8872 "-" "Mozilla/5.0 AppleWebKit/537.36 (KHTML, like Gecko; compatible; bingbot/2.0; +http://www.bing.com/bingbot.htm) Chrome/116.0.1938.76 Safari/537.36"
170.106.107.87 - - [16/Apr/2025:11:17:07 -0400] "GET /mastering-sms-courses-for-modern-learning/ HTTP/1.1" 200 10507 "-" "Mozilla/5.0 (iPhone; CPU iPhone OS 13_2_3 like Mac OS X) AppleWebKit/605.1.15 (KHTML, like Gecko) Version/13.0.3 Mobile/15E148 Safari/604.1"
43.153.79.218 - - [16/Apr/2025:11:28:28 -0400] "GET /ragdoll-archers-unblocked-game-features/ HTTP/1.1" 200 10478 "-" "Mozilla/5.0 (iPhone; CPU iPhone OS 13_2_3 like Mac OS X) AppleWebKit/605.1.15 (KHTML, like Gecko) Version/13.0.3 Mobile/15E148 Safari/604.1"
136.243.220.210 - - [16/Apr/2025:11:35:42 -0400] "GET /benefits-of-small-business-decals/ HTTP/1.1" 200 10292 "-" "Mozilla/5.0 (compatible; DataForSeoBot/1.0; +https://dataforseo.com/dataforseo-bot)"
170.106.180.246 - - [16/Apr/2025:11:36:58 -0400] "GET /2025/02/ HTTP/1.1" 301 0 "-" "Mozilla/5.0 (iPhone; CPU iPhone OS 13_2_3 like Mac OS X) AppleWebKit/605.1.15 (KHTML, like Gecko) Version/13.0.3 Mobile/15E148 Safari/604.1"
170.106.180.246 - - [16/Apr/2025:11:37:23 -0400] "GET / HTTP/1.1" 200 10016 "https://freelancingclients.com/2025/02/" "Mozilla/5.0 (iPhone; CPU iPhone OS 13_2_3 like Mac OS X) AppleWebKit/605.1.15 (KHTML, like Gecko) Version/13.0.3 Mobile/15E148 Safari/604.1"
2a02:598:96:8a00::1200:13b - - [16/Apr/2025:11:42:36 -0400] "GET /what-is-tretinoin/ HTTP/1.1" 200 0 "-" "Mozilla/5.0 (compatible; SeznamBot/4.0; +https://o-seznam.cz/napoveda/vyhledavani/en/seznambot-crawler/)"
198.54.114.83 - - [16/Apr/2025:11:42:51 -0400] "POST /wp-cron.php?doing_wp_cron=1744818168.1743490695953369140625 HTTP/1.1" 200 0 "-" "WordPress/6.8; https://freelancingclients.com"
40.77.167.14 - - [16/Apr/2025:11:45:54 -0400] "GET /offers HTTP/1.1" 404 8132 "-" "Mozilla/5.0 AppleWebKit/537.36 (KHTML, like Gecko; compatible; bingbot/2.0; +http://www.bing.com/bingbot.htm) Chrome/116.0.1938.76 Safari/537.36"
43.130.40.120 - - [16/Apr/2025:11:46:55 -0400] "GET /virtual-customer-innovation-staying-close-to-your/feed/ HTTP/1.1" 200 427 "-" "Mozilla/5.0 (iPhone; CPU iPhone OS 13_2_3 like Mac OS X) AppleWebKit/605.1.15 (KHTML, like Gecko) Version/13.0.3 Mobile/15E148 Safari/604.1"
