178.20.43.173 - - [16/Apr/2025:15:41:24 -0400] "GET /osteopathy/ HTTP/1.1" 200 19756 "https://freelancingclients.com/osteopathy/#comment-8307" "Mozilla/5.0 (Windows NT 10.0; Win64; x64) AppleWebKit/537.36 (KHTML, like Gecko) Chrome/130.0.0.0 Safari/537.36"
198.54.114.83 - - [16/Apr/2025:15:43:03 -0400] "POST /wp-admin/admin-ajax.php?action=async_litespeed&nonce=nOHt4PMqUDnKetJ8NlHrnZMfuxpus1Nh&litespeed_type=imgoptm HTTP/1.1" 200 0 "-" "WordPress/6.8; https://freelancingclients.com"
170.106.110.146 - - [16/Apr/2025:15:43:47 -0400] "GET /how-to-build-the-ultimate-ai-chatbot-by-following/ HTTP/1.1" 200 98783 "-" "Mozilla/5.0 (iPhone; CPU iPhone OS 13_2_3 like Mac OS X) AppleWebKit/605.1.15 (KHTML, like Gecko) Version/13.0.3 Mobile/15E148 Safari/604.1"
40.69.222.47 - - [16/Apr/2025:15:44:15 -0400] "GET /wp-admin/index.php HTTP/1.1" 302 0 "-" "-"
40.69.222.47 - - [16/Apr/2025:15:44:18 -0400] "GET /wp-login.php?redirect_to=https%3A%2F%2Ffreelancingclients.com%2Fwp-admin%2Findex.php&reauth=1 HTTP/1.1" 200 1722 "-" "-"
40.69.222.47 - - [16/Apr/2025:15:44:22 -0400] "GET /wp-admin/index.php?p= HTTP/1.1" 302 0 "-" "-"
40.69.222.47 - - [16/Apr/2025:15:44:24 -0400] "GET /wp-login.php?redirect_to=https%3A%2F%2Ffreelancingclients.com%2Fwp-admin%2Findex.php%3Fp%3D&reauth=1 HTTP/1.1" 200 1729 "-" "-"
40.69.222.47 - - [16/Apr/2025:15:46:22 -0400] "GET /wp-admin/media.php HTTP/1.1" 302 0 "-" "-"
40.69.222.47 - - [16/Apr/2025:15:46:24 -0400] "GET /wp-login.php?redirect_to=https%3A%2F%2Ffreelancingclients.com%2Fwp-admin%2Fmedia.php&reauth=1 HTTP/1.1" 200 1725 "-" "-"
136.243.220.210 - - [16/Apr/2025:15:46:26 -0400] "GET /the-little-prince-quotes/ HTTP/1.1" 200 10229 "-" "Mozilla/5.0 (compatible; DataForSeoBot/1.0; +https://dataforseo.com/dataforseo-bot)"
40.69.222.47 - - [16/Apr/2025:15:46:30 -0400] "GET /wp-admin/network/ HTTP/1.1" 302 0 "-" "-"
40.69.222.47 - - [16/Apr/2025:15:46:32 -0400] "GET /wp-login.php?redirect_to=https%3A%2F%2Ffreelancingclients.com%2Fwp-admin%2Fnetwork%2F&reauth=1 HTTP/1.1" 200 1726 "-" "-"
40.69.222.47 - - [16/Apr/2025:15:46:35 -0400] "GET /wp-admin/network/about.php HTTP/1.1" 302 0 "-" "-"
40.69.222.47 - - [16/Apr/2025:15:46:36 -0400] "GET /wp-login.php?redirect_to=https%3A%2F%2Ffreelancingclients.com%2Fwp-admin%2Fnetwork%2Fabout.php&reauth=1 HTTP/1.1" 200 1730 "-" "-"
40.69.222.47 - - [16/Apr/2025:15:46:41 -0400] "GET /wp-admin/network/admin.php HTTP/1.1" 302 0 "-" "-"
40.69.222.47 - - [16/Apr/2025:15:46:43 -0400] "GET /wp-login.php?redirect_to=https%3A%2F%2Ffreelancingclients.com%2Fwp-admin%2Fnetwork%2Fadmin.php&reauth=1 HTTP/1.1" 200 1728 "-" "-"
198.54.114.83 - - [16/Apr/2025:15:46:51 -0400] "POST /wp-admin/admin-ajax.php?action=async_litespeed&nonce=GJxdU0DqTbiw94MjjUu4vX8sfflX464x&litespeed_type=imgoptm HTTP/1.1" 200 0 "-" "WordPress/6.8; https://freelancingclients.com"
40.69.222.47 - - [16/Apr/2025:15:46:55 -0400] "GET /wp-admin/network/index.php HTTP/1.1" 302 0 "-" "-"
40.69.222.47 - - [16/Apr/2025:15:46:57 -0400] "GET /wp-login.php?redirect_to=https%3A%2F%2Ffreelancingclients.com%2Fwp-admin%2Fnetwork%2Findex.php&reauth=1 HTTP/1.1" 200 1728 "-" "-"
40.69.222.47 - - [16/Apr/2025:15:47:06 -0400] "GET /wp-admin/network/plugins.php HTTP/1.1" 302 0 "-" "-"
40.69.222.47 - - [16/Apr/2025:15:47:07 -0400] "GET /wp-login.php?redirect_to=https%3A%2F%2Ffreelancingclients.com%2Fwp-admin%2Fnetwork%2Fplugins.php&reauth=1 HTTP/1.1" 200 1731 "-" "-"
40.69.222.47 - - [16/Apr/2025:15:47:32 -0400] "GET /wp-admin/options.php HTTP/1.1" 302 0 "-" "-"
40.69.222.47 - - [16/Apr/2025:15:47:35 -0400] "GET /wp-login.php?redirect_to=https%3A%2F%2Ffreelancingclients.com%2Fwp-admin%2Foptions.php&reauth=1 HTTP/1.1" 200 1729 "-" "-"
40.69.222.47 - - [16/Apr/2025:15:48:17 -0400] "GET /wp-admin/user/ HTTP/1.1" 302 0 "-" "-"
40.69.222.47 - - [16/Apr/2025:15:48:19 -0400] "GET /wp-login.php?redirect_to=https%3A%2F%2Ffreelancingclients.com%2Fwp-admin%2Fuser%2F&reauth=1 HTTP/1.1" 200 1729 "-" "-"
40.69.222.47 - - [16/Apr/2025:15:48:23 -0400] "GET /wp-admin/user/?p= HTTP/1.1" 302 0 "-" "-"
40.69.222.47 - - [16/Apr/2025:15:48:24 -0400] "GET /wp-login.php?redirect_to=https%3A%2F%2Ffreelancingclients.com%2Fwp-admin%2Fuser%2F%3Fp%3D&reauth=1 HTTP/1.1" 200 1728 "-" "-"
40.69.222.47 - - [16/Apr/2025:15:48:28 -0400] "GET /wp-admin/user/about.php HTTP/1.1" 302 0 "-" "-"
40.69.222.47 - - [16/Apr/2025:15:48:30 -0400] "GET /wp-login.php?redirect_to=https%3A%2F%2Ffreelancingclients.com%2Fwp-admin%2Fuser%2Fabout.php&reauth=1 HTTP/1.1" 200 1733 "-" "-"
40.69.222.47 - - [16/Apr/2025:15:48:32 -0400] "GET /wp-admin/user/about.php?p= HTTP/1.1" 302 0 "-" "-"
40.69.222.47 - - [16/Apr/2025:15:48:33 -0400] "GET /wp-login.php?redirect_to=https%3A%2F%2Ffreelancingclients.com%2Fwp-admin%2Fuser%2Fabout.php%3Fp%3D&reauth=1 HTTP/1.1" 200 1731 "-" "-"
40.69.222.47 - - [16/Apr/2025:15:48:38 -0400] "GET /wp-admin/user/admin.php HTTP/1.1" 302 0 "-" "-"
40.69.222.47 - - [16/Apr/2025:15:48:41 -0400] "GET /wp-login.php?redirect_to=https%3A%2F%2Ffreelancingclients.com%2Fwp-admin%2Fuser%2Fadmin.php&reauth=1 HTTP/1.1" 200 1730 "-" "-"
40.69.222.47 - - [16/Apr/2025:15:48:54 -0400] "GET /wp-admin/user/index.php HTTP/1.1" 302 0 "-" "-"
40.69.222.47 - - [16/Apr/2025:15:48:55 -0400] "GET /wp-login.php?redirect_to=https%3A%2F%2Ffreelancingclients.com%2Fwp-admin%2Fuser%2Findex.php&reauth=1 HTTP/1.1" 200 1728 "-" "-"
40.69.222.47 - - [16/Apr/2025:15:49:06 -0400] "GET /wp-admin/users.php HTTP/1.1" 302 0 "-" "-"
40.69.222.47 - - [16/Apr/2025:15:49:08 -0400] "GET /wp-login.php?redirect_to=https%3A%2F%2Ffreelancingclients.com%2Fwp-admin%2Fusers.php&reauth=1 HTTP/1.1" 200 1728 "-" "-"
40.69.222.47 - - [16/Apr/2025:15:49:37 -0400] "GET /feed/atom/ HTTP/1.1" 200 906241 "-" "-"
40.69.222.47 - - [16/Apr/2025:15:50:49 -0400] "GET /cache-courses-in-dubai/ HTTP/1.1" 200 9664 "-" "-"
119.28.140.91 - - [16/Apr/2025:15:52:38 -0400] "GET /navigating-the-complexity-of-tax-returns-a-guide-to-steuererklarung-hattingen/ HTTP/1.1" 200 10678 "-" "Python/3.10 aiohttp/3.10.5"
43.135.182.95 - - [16/Apr/2025:15:54:17 -0400] "GET /2025/01/ HTTP/1.1" 301 0 "-" "Mozilla/5.0 (iPhone; CPU iPhone OS 13_2_3 like Mac OS X) AppleWebKit/605.1.15 (KHTML, like Gecko) Version/13.0.3 Mobile/15E148 Safari/604.1"
43.135.182.95 - - [16/Apr/2025:15:54:26 -0400] "GET / HTTP/1.1" 200 10016 "https://freelancingclients.com/2025/01/" "Mozilla/5.0 (iPhone; CPU iPhone OS 13_2_3 like Mac OS X) AppleWebKit/605.1.15 (KHTML, like Gecko) Version/13.0.3 Mobile/15E148 Safari/604.1"
194.156.123.14 - - [16/Apr/2025:15:58:53 -0400] "GET /dominos-pizza-in-meadville-pa/ HTTP/1.1" 200 10621 "-" "Mozilla/5.0 (Windows NT 10.0; Win64; x64) AppleWebKit/537.36 (KHTML, like Gecko) Chrome/114.0.0.0 Safari/537.36"
46.8.156.158 - - [16/Apr/2025:15:59:01 -0400] "GET /category/sign-up/ HTTP/1.1" 200 8410 "https://freelancingclients.com/dominos-pizza-in-meadville-pa/" "Mozilla/5.0 (Windows NT 6.3; Win64; x64) AppleWebKit/537.36 (KHTML, like Gecko) Chrome/103.0.0.0 Safari/537.36"
194.156.123.14 - - [16/Apr/2025:15:59:02 -0400] "GET /category/sign-up/ HTTP/1.1" 200 8410 "https://freelancingclients.com/category/sign-up/" "Mozilla/5.0 (Windows NT 6.3; Win64; x64) AppleWebKit/537.36 (KHTML, like Gecko) Chrome/103.0.0.0 Safari/537.36"
45.135.33.108 - - [16/Apr/2025:15:59:04 -0400] "GET /dominos-pizza-in-meadville-pa/ HTTP/1.1" 200 10621 "https://freelancingclients.com/dominos-pizza-in-meadville-pa/" "Mozilla/5.0 (Windows NT 6.3; Win64; x64) AppleWebKit/537.36 (KHTML, like Gecko) Chrome/103.0.0.0 Safari/537.36"
45.135.33.108 - - [16/Apr/2025:15:59:05 -0400] "POST /wp-comments-post.php HTTP/1.1" 302 0 "https://freelancingclients.com/dominos-pizza-in-meadville-pa/" "Mozilla/5.0 (Windows NT 6.3; Win64; x64) AppleWebKit/537.36 (KHTML, like Gecko) Chrome/103.0.0.0 Safari/537.36"
45.140.53.216 - - [16/Apr/2025:15:59:09 -0400] "GET /dominos-pizza-in-meadville-pa/?unapproved=8310&moderation-hash=d9009f7f6cd59729c29002e67a962a45 HTTP/1.1" 200 11180 "https://freelancingclients.com/wp-comments-post.php" "Mozilla/5.0 (Windows NT 6.3; Win64; x64) AppleWebKit/537.36 (KHTML, like Gecko) Chrome/103.0.0.0 Safari/537.36"
194.156.123.14 - - [16/Apr/2025:15:59:11 -0400] "GET /dominos-pizza-in-meadville-pa/ HTTP/1.1" 200 10621 "-" "Mozilla/5.0 (Windows NT 6.3; Win64; x64) AppleWebKit/537.36 (KHTML, like Gecko) Chrome/103.0.0.0 Safari/537.36"
198.54.114.83 - - [16/Apr/2025:15:59:46 -0400] "POST /wp-admin/admin-ajax.php?action=async_litespeed&nonce=6JtUXKodBd79d2e3mQYT4t59qgXLLp1p&litespeed_type=imgoptm HTTP/1.1" 200 0 "-" "WordPress/6.8; https://freelancingclients.com"
47.79.198.47 - - [16/Apr/2025:16:01:45 -0400] "GET / HTTP/1.1" 200 10016 "https://www.google.com/" "Mozilla/5.0 (Linux; Android 10; K) AppleWebKit/537.36 (KHTML, like Gecko) Chrome/128.0.0.0 Mobile Safari/537.36"
198.54.114.83 - - [16/Apr/2025:16:02:27 -0400] "POST /wp-admin/admin-ajax.php?action=async_litespeed&nonce=fG6HYk3WH4oZ2LQnRLeDS3q7ZYECL6Av&litespeed_type=imgoptm HTTP/1.1" 200 0 "-" "WordPress/6.8; https://freelancingclients.com"
198.54.114.83 - - [16/Apr/2025:16:02:45 -0400] "POST /wp-admin/admin-ajax.php?action=async_litespeed&nonce=jOsHs4Nh9JV4opesdrIKEnPnFze4aCSw&litespeed_type=imgoptm HTTP/1.1" 200 0 "-" "WordPress/6.8; https://freelancingclients.com"
46.8.156.158 - - [16/Apr/2025:16:02:57 -0400] "GET /dominos-pizza-in-meadville-pa/ HTTP/1.1" 200 10621 "-" "Mozilla/5.0 (Macintosh; Intel Mac OS X 12.5; rv:114.0) Gecko/20100101 Firefox/114.0"
129.226.131.165 - - [16/Apr/2025:16:02:58 -0400] "GET /unlocking-success-the-impact-of-buying-youtube-views-online/ HTTP/1.1" 200 10621 "-" "Python/3.10 aiohttp/3.10.5"
43.130.39.254 - - [16/Apr/2025:16:05:54 -0400] "GET /2024/12/ HTTP/1.1" 301 0 "-" "Mozilla/5.0 (iPhone; CPU iPhone OS 13_2_3 like Mac OS X) AppleWebKit/605.1.15 (KHTML, like Gecko) Version/13.0.3 Mobile/15E148 Safari/604.1"
43.130.39.254 - - [16/Apr/2025:16:06:01 -0400] "GET / HTTP/1.1" 200 10016 "https://freelancingclients.com/2024/12/" "Mozilla/5.0 (iPhone; CPU iPhone OS 13_2_3 like Mac OS X) AppleWebKit/605.1.15 (KHTML, like Gecko) Version/13.0.3 Mobile/15E148 Safari/604.1"
212.34.148.203 - - [16/Apr/2025:16:06:44 -0400] "GET /what-are-sarms-and-why-they-are-gaining-popularity-in-canada/ HTTP/1.1" 200 11158 "https://freelancingclients.com/what-are-sarms-and-why-they-are-gaining-popularity-in-canada/" "Mozilla/5.0 (Windows NT 10.0; Win64; x64) AppleWebKit/537.36 (KHTML, like Gecko) Chrome/131.0.0.0 Safari/537.36 Avast/131.0.0.0"
212.34.148.203 - - [16/Apr/2025:16:06:48 -0400] "POST /wp-comments-post.php HTTP/1.1" 302 0 "https://freelancingclients.com/what-are-sarms-and-why-they-are-gaining-popularity-in-canada/" "Mozilla/5.0 (Windows NT 10.0; Win64; x64) AppleWebKit/537.36 (KHTML, like Gecko) Chrome/131.0.0.0 Safari/537.36 Avast/131.0.0.0"
212.34.148.203 - - [16/Apr/2025:16:06:53 -0400] "GET /what-are-sarms-and-why-they-are-gaining-popularity-in-canada/ HTTP/1.1" 200 11936 "https://freelancingclients.com/what-are-sarms-and-why-they-are-gaining-popularity-in-canada/#comment-8312" "Mozilla/5.0 (Windows NT 10.0; Win64; x64) AppleWebKit/537.36 (KHTML, like Gecko) Chrome/131.0.0.0 Safari/537.36 Avast/131.0.0.0"
198.54.114.83 - - [16/Apr/2025:16:08:17 -0400] "POST /wp-cron.php?doing_wp_cron=1744834096.2771809101104736328125 HTTP/1.1" 200 0 "-" "WordPress/6.8; https://freelancingclients.com"
43.135.121.251 - - [16/Apr/2025:16:08:15 -0400] "GET /what-does-no-location-found-mean-on-find-my-iphone/ HTTP/1.1" 200 13021 "-" "Python/3.10 aiohttp/3.10.5"
124.156.104.122 - - [16/Apr/2025:16:09:52 -0400] "GET /woodland-hills-orthodontics/ HTTP/1.1" 200 10323 "-" "Python/3.10 aiohttp/3.10.5"
2a01:cb00:906:c600:bb47:92c2:8eed:9a88 - - [16/Apr/2025:16:10:10 -0400] "GET / HTTP/1.1" 200 10016 "-" "Mozilla/5.0 (Windows NT 10.0; Win64; x64) AppleWebKit/537.36 (KHTML, like Gecko) Chrome/115.0.0.0 Safari/537.36"
2a01:cb00:906:c600:bb47:92c2:8eed:9a88 - - [16/Apr/2025:16:10:15 -0400] "GET /wp-includes/css/dist/block-library/style.min.css?ver=6.8 HTTP/1.1" 200 14358 "https://freelancingclients.com/" "Mozilla/5.0 (Windows NT 10.0; Win64; x64) AppleWebKit/537.36 (KHTML, like Gecko) Chrome/115.0.0.0 Safari/537.36"
2a01:cb00:906:c600:bb47:92c2:8eed:9a88 - - [16/Apr/2025:16:10:15 -0400] "GET /wp-content/themes/newspaperly/style.css?ver=6.8 HTTP/1.1" 200 10093 "https://freelancingclients.com/" "Mozilla/5.0 (Windows NT 10.0; Win64; x64) AppleWebKit/537.36 (KHTML, like Gecko) Chrome/115.0.0.0 Safari/537.36"
2a01:cb00:906:c600:bb47:92c2:8eed:9a88 - - [16/Apr/2025:16:10:16 -0400] "GET /wp-content/themes/daily-newspaper/style.css?ver=1.0 HTTP/1.1" 200 10155 "https://freelancingclients.com/" "Mozilla/5.0 (Windows NT 10.0; Win64; x64) AppleWebKit/537.36 (KHTML, like Gecko) Chrome/115.0.0.0 Safari/537.36"
2a01:cb00:906:c600:bb47:92c2:8eed:9a88 - - [16/Apr/2025:16:10:21 -0400] "GET /wp-content/themes/daily-newspaper/style.css?ver=6.8 HTTP/1.1" 200 10155 "https://freelancingclients.com/" "Mozilla/5.0 (Windows NT 10.0; Win64; x64) AppleWebKit/537.36 (KHTML, like Gecko) Chrome/115.0.0.0 Safari/537.36"
2a01:cb00:906:c600:bb47:92c2:8eed:9a88 - - [16/Apr/2025:16:10:21 -0400] "GET /wp-content/fonts/c72f40e02a47fae3159b9d954e6201db.css?ver=1.0 HTTP/1.1" 200 580 "https://freelancingclients.com/" "Mozilla/5.0 (Windows NT 10.0; Win64; x64) AppleWebKit/537.36 (KHTML, like Gecko) Chrome/115.0.0.0 Safari/537.36"
2a01:cb00:906:c600:bb47:92c2:8eed:9a88 - - [16/Apr/2025:16:10:21 -0400] "GET /wp-content/themes/newspaperly/css/font-awesome.min.css?ver=6.8 HTTP/1.1" 200 6658 "https://freelancingclients.com/" "Mozilla/5.0 (Windows NT 10.0; Win64; x64) AppleWebKit/537.36 (KHTML, like Gecko) Chrome/115.0.0.0 Safari/537.36"
240e:350:8003:6d7c:4ecc:6ac6:b6f7:5ca9 - - [16/Apr/2025:16:12:15 -0400] "POST /wp-comments-post.php HTTP/1.1" 302 0 "-" "Mozilla/5.0 (Windows NT 10.0; Win64; x64) AppleWebKit/537.36 (KHTML, like Gecko) Chrome/108.0.0.0 Safari/537.36 Edg/108.0.1462.46"
198.54.114.83 - - [16/Apr/2025:16:13:24 -0400] "POST /wp-admin/admin-ajax.php?action=async_litespeed&nonce=9c47jK2Yyw9DWnKTndxCPKEMW64OZPki&litespeed_type=imgoptm HTTP/1.1" 200 0 "-" "WordPress/6.8; https://freelancingclients.com"
43.159.149.216 - - [16/Apr/2025:16:14:12 -0400] "GET /2023/09/ HTTP/1.1" 301 0 "-" "Mozilla/5.0 (iPhone; CPU iPhone OS 13_2_3 like Mac OS X) AppleWebKit/605.1.15 (KHTML, like Gecko) Version/13.0.3 Mobile/15E148 Safari/604.1"
43.159.149.216 - - [16/Apr/2025:16:14:20 -0400] "GET / HTTP/1.1" 200 10016 "https://freelancingclients.com/2023/09/" "Mozilla/5.0 (iPhone; CPU iPhone OS 13_2_3 like Mac OS X) AppleWebKit/605.1.15 (KHTML, like Gecko) Version/13.0.3 Mobile/15E148 Safari/604.1"
114.235.63.221 - - [16/Apr/2025:16:17:43 -0400] "GET /category/activity/page/130/ HTTP/1.1" 200 10115 "-" "Mozilla/5.0 (X11; Linux x86_64) AppleWebKit/537.36 (KHTML, like Gecko) Chrome/114.0.0.0 Safari/537.36 OPR/89.0.4447.51"
114.235.63.221 - - [16/Apr/2025:16:18:01 -0400] "GET /virtual-customer-innovation-staying-close-to-your/ HTTP/1.1" 200 88156 "https://freelancingclients.com/category/activity/page/130/" "Mozilla/5.0 (X11; Linux x86_64) AppleWebKit/537.36 (KHTML, like Gecko) Chrome/114.0.0.0 Safari/537.36 OPR/89.0.4447.51"
114.235.63.221 - - [16/Apr/2025:16:18:20 -0400] "POST /wp-comments-post.php HTTP/1.1" 302 0 "https://freelancingclients.com/virtual-customer-innovation-staying-close-to-your/" "Mozilla/5.0 (X11; Linux x86_64) AppleWebKit/537.36 (KHTML, like Gecko) Chrome/114.0.0.0 Safari/537.36 OPR/89.0.4447.51"
114.235.63.221 - - [16/Apr/2025:16:18:25 -0400] "GET /virtual-customer-innovation-staying-close-to-your/?unapproved=8315&moderation-hash=e7d53d5c18ead9b3082ccc60dd62296e HTTP/1.1" 200 88811 "https://freelancingclients.com/wp-comments-post.php" "Mozilla/5.0 (X11; Linux x86_64) AppleWebKit/537.36 (KHTML, like Gecko) Chrome/114.0.0.0 Safari/537.36 OPR/89.0.4447.51"
114.235.63.221 - - [16/Apr/2025:16:18:29 -0400] "GET /virtual-customer-innovation-staying-close-to-your/ HTTP/1.1" 200 88156 "-" "Mozilla/5.0 (X11; Linux x86_64) AppleWebKit/537.36 (KHTML, like Gecko) Chrome/114.0.0.0 Safari/537.36 OPR/89.0.4447.51"
198.54.114.83 - - [16/Apr/2025:16:19:54 -0400] "POST /wp-admin/admin-ajax.php?action=async_litespeed&nonce=qBR5yovqj0rSmUnogwAvIudh01Z8pWWg&litespeed_type=imgoptm HTTP/1.1" 200 0 "-" "WordPress/6.8; https://freelancingclients.com"
198.54.114.83 - - [16/Apr/2025:16:21:25 -0400] "POST /wp-admin/admin-ajax.php?action=async_litespeed&nonce=VzNCdLadkHx2PSYEe4IR5OrhYt5fuW3a&litespeed_type=imgoptm HTTP/1.1" 200 0 "-" "WordPress/6.8; https://freelancingclients.com"
202.69.38.12 - - [16/Apr/2025:16:22:04 -0400] "GET /wp-login.php HTTP/1.1" 200 1724 "-" "Mozilla/5.0 (X11; Linux x86_64; rv:121.0) Gecko/20100101 Firefox/121.0"
49.51.36.179 - - [16/Apr/2025:16:22:31 -0400] "GET /2023/11/ HTTP/1.1" 301 0 "-" "Mozilla/5.0 (iPhone; CPU iPhone OS 13_2_3 like Mac OS X) AppleWebKit/605.1.15 (KHTML, like Gecko) Version/13.0.3 Mobile/15E148 Safari/604.1"
49.51.36.179 - - [16/Apr/2025:16:22:40 -0400] "GET / HTTP/1.1" 200 10016 "https://freelancingclients.com/2023/11/" "Mozilla/5.0 (iPhone; CPU iPhone OS 13_2_3 like Mac OS X) AppleWebKit/605.1.15 (KHTML, like Gecko) Version/13.0.3 Mobile/15E148 Safari/604.1"
198.54.114.83 - - [16/Apr/2025:16:22:50 -0400] "POST /wp-admin/admin-ajax.php?action=async_litespeed&nonce=H0m2VtYDnKy1mNgD0Ix91JRPh0pLVDR3&litespeed_type=imgoptm HTTP/1.1" 200 0 "-" "WordPress/6.8; https://freelancingclients.com"
114.235.63.221 - - [16/Apr/2025:16:22:55 -0400] "GET /virtual-customer-innovation-staying-close-to-your/ HTTP/1.1" 200 88156 "-" "Mozilla/5.0 (Macintosh; Intel Mac OS X 12_5) AppleWebKit/537.36 (KHTML, like Gecko) Chrome/114.0.0.0 Safari/537.36"
198.54.114.83 - - [16/Apr/2025:16:24:24 -0400] "POST /wp-admin/admin-ajax.php?action=async_litespeed&nonce=fCYpX7WpnZQtLUnxkowVeg0MnzHPRGEY&litespeed_type=imgoptm HTTP/1.1" 200 0 "-" "WordPress/6.8; https://freelancingclients.com"
198.54.114.83 - - [16/Apr/2025:16:25:47 -0400] "POST /wp-admin/admin-ajax.php?action=async_litespeed&nonce=T6RSvu5vyvfPah4EW6c9RL3kAduzxfKk&litespeed_type=imgoptm HTTP/1.1" 200 0 "-" "WordPress/6.8; https://freelancingclients.com"
198.54.114.83 - - [16/Apr/2025:16:26:44 -0400] "POST /wp-admin/admin-ajax.php?action=async_litespeed&nonce=liCk1Qd1jadHWQXBMI2qXW0NDv5sep4S&litespeed_type=imgoptm HTTP/1.1" 200 0 "-" "WordPress/6.8; https://freelancingclients.com"
124.156.104.122 - - [16/Apr/2025:16:27:02 -0400] "GET /cool-comfort-on-the-road-exploring-the-norcold-camper-ac/ HTTP/1.1" 200 10828 "-" "Python/3.10 aiohttp/3.10.5"
40.69.222.47 - - [16/Apr/2025:16:28:36 -0400] "GET /feed/atom/ HTTP/1.1" 200 906241 "-" "-"
198.54.114.83 - - [16/Apr/2025:16:29:25 -0400] "POST /wp-admin/admin-ajax.php?action=async_litespeed&nonce=y40gEXHuix8yj5x6DJckN1v8yM6IsfWW&litespeed_type=imgoptm HTTP/1.1" 200 0 "-" "WordPress/6.8; https://freelancingclients.com"
40.69.222.47 - - [16/Apr/2025:16:29:26 -0400] "GET /wp-login.php HTTP/1.1" 200 1724 "-" "-"
40.69.222.47 - - [16/Apr/2025:16:30:15 -0400] "GET /wp-login.php?action=register HTTP/1.1" 302 0 "-" "-"
40.69.222.47 - - [16/Apr/2025:16:30:21 -0400] "GET /wp-login.php?registration=disabled HTTP/1.1" 200 1786 "-" "-"
43.157.170.13 - - [16/Apr/2025:16:31:08 -0400] "GET /2023/03/ HTTP/1.1" 301 0 "-" "Mozilla/5.0 (iPhone; CPU iPhone OS 13_2_3 like Mac OS X) AppleWebKit/605.1.15 (KHTML, like Gecko) Version/13.0.3 Mobile/15E148 Safari/604.1"
43.157.170.13 - - [16/Apr/2025:16:31:16 -0400] "GET / HTTP/1.1" 200 10016 "https://freelancingclients.com/2023/03/" "Mozilla/5.0 (iPhone; CPU iPhone OS 13_2_3 like Mac OS X) AppleWebKit/605.1.15 (KHTML, like Gecko) Version/13.0.3 Mobile/15E148 Safari/604.1"
5.102.173.71 - - [16/Apr/2025:16:35:26 -0400] "GET /robots.txt HTTP/1.1" 304 0 "-" "Mozilla/5.0 (compatible; MojeekBot/0.11; +https://www.mojeek.com/bot.html)"
198.54.114.83 - - [16/Apr/2025:16:35:47 -0400] "POST /wp-cron.php?doing_wp_cron=1744835744.8722798824310302734375 HTTP/1.1" 200 0 "-" "WordPress/6.8; https://freelancingclients.com"
5.102.173.71 - - [16/Apr/2025:16:35:27 -0400] "GET /category/about-us/ HTTP/1.1" 200 8376 "-" "Mozilla/5.0 (compatible; MojeekBot/0.11; +https://www.mojeek.com/bot.html)"
27.42.99.212 - - [16/Apr/2025:16:40:34 -0400] "GET /dominos-pizza-in-meadville-pa/ HTTP/1.1" 200 10621 "https://freelancingclients.com" "Mozilla/5.0 (Windows NT 10.0; Win64; x64) AppleWebKit/537.36 (KHTML, like Gecko) Chrome/62.0.3202.94 Safari/537.36"
27.42.99.212 - - [16/Apr/2025:16:40:43 -0400] "POST /wp-comments-post.php HTTP/1.1" 200 0 "https://freelancingclients.com" "Mozilla/5.0 (Windows NT 10.0; Win64; x64) AppleWebKit/537.36 (KHTML, like Gecko) Chrome/62.0.3202.94 Safari/537.36"
198.54.114.83 - - [16/Apr/2025:16:43:29 -0400] "POST /wp-cron.php?doing_wp_cron=1744836207.1686940193176269531250 HTTP/1.1" 200 0 "-" "WordPress/6.8; https://freelancingclients.com"
43.130.16.212 - - [16/Apr/2025:16:43:20 -0400] "GET /2021/03/ HTTP/1.1" 301 0 "-" "Mozilla/5.0 (iPhone; CPU iPhone OS 13_2_3 like Mac OS X) AppleWebKit/605.1.15 (KHTML, like Gecko) Version/13.0.3 Mobile/15E148 Safari/604.1"
43.130.16.212 - - [16/Apr/2025:16:43:38 -0400] "GET / HTTP/1.1" 200 10016 "https://freelancingclients.com/2021/03/" "Mozilla/5.0 (iPhone; CPU iPhone OS 13_2_3 like Mac OS X) AppleWebKit/605.1.15 (KHTML, like Gecko) Version/13.0.3 Mobile/15E148 Safari/604.1"
198.54.114.83 - - [16/Apr/2025:16:48:53 -0400] "POST /wp-cron.php?doing_wp_cron=1744836532.4324569702148437500000 HTTP/1.1" 200 0 "-" "WordPress/6.8; https://freelancingclients.com"
23.81.60.230 - - [16/Apr/2025:16:48:46 -0400] "GET / HTTP/1.1" 301 0 "-" "\"Mozilla/5.0 (Windows NT 10.0; Win64; x64) AppleWebKit/537.36 (KHTML, like Gecko) Chrome/134.0.0.0 Safari/537.36 Edg/134.0.0.0\""
23.81.60.230 - - [16/Apr/2025:16:48:59 -0400] "GET / HTTP/1.1" 200 10016 "https://www.freelancingclients.com" "\"Mozilla/5.0 (Windows NT 10.0; Win64; x64) AppleWebKit/537.36 (KHTML, like Gecko) Chrome/134.0.0.0 Safari/537.36 Edg/134.0.0.0\""
198.54.114.83 - - [16/Apr/2025:16:52:54 -0400] "POST /wp-admin/admin-ajax.php?action=async_litespeed&nonce=z6hrYPDI3OUcuGNrZ01g0bw8UY25tG2a&litespeed_type=imgoptm HTTP/1.1" 200 0 "-" "WordPress/6.8; https://freelancingclients.com"
43.166.136.24 - - [16/Apr/2025:16:52:57 -0400] "GET /2023/01/ HTTP/1.1" 404 8130 "-" "Mozilla/5.0 (iPhone; CPU iPhone OS 13_2_3 like Mac OS X) AppleWebKit/605.1.15 (KHTML, like Gecko) Version/13.0.3 Mobile/15E148 Safari/604.1"
198.54.114.83 - - [16/Apr/2025:16:59:28 -0400] "POST /wp-admin/admin-ajax.php?action=async_litespeed&nonce=nd8dkmkcJmWMtiJRTv8tCOstIs838ead&litespeed_type=imgoptm HTTP/1.1" 200 0 "-" "WordPress/6.8; https://freelancingclients.com"
198.54.114.83 - - [16/Apr/2025:16:59:46 -0400] "POST /wp-admin/admin-ajax.php?action=async_litespeed&nonce=7yIucBjAdkToUrGlks1rFDStOKbEVCH2&litespeed_type=imgoptm HTTP/1.1" 200 0 "-" "WordPress/6.8; https://freelancingclients.com"
198.54.114.83 - - [16/Apr/2025:17:03:14 -0400] "POST /wp-admin/admin-ajax.php?action=async_litespeed&nonce=6X5lgoo7DNCnVnyqGVrbCzswfDx5UJUA&litespeed_type=imgoptm HTTP/1.1" 200 0 "-" "WordPress/6.8; https://freelancingclients.com"
198.54.114.83 - - [16/Apr/2025:17:04:47 -0400] "POST /wp-cron.php?doing_wp_cron=1744837485.8204729557037353515625 HTTP/1.1" 200 0 "-" "WordPress/6.8; https://freelancingclients.com"
43.130.34.74 - - [16/Apr/2025:17:04:40 -0400] "GET /decouvrez-lart-de-la-medecine-esthetique-a-rouen/ HTTP/1.1" 200 10825 "-" "Mozilla/5.0 (iPhone; CPU iPhone OS 13_2_3 like Mac OS X) AppleWebKit/605.1.15 (KHTML, like Gecko) Version/13.0.3 Mobile/15E148 Safari/604.1"
195.2.76.117 - - [16/Apr/2025:17:05:13 -0400] "GET /osteopathy/ HTTP/1.1" 200 9642 "https://freelancingclients.com/osteopathy/" "Mozilla/5.0 (Windows NT 10.0; Win64; x64) AppleWebKit/537.36 (KHTML, like Gecko) Chrome/130.0.0.0 Safari/537.36 CCleaner/130.0.0.0"
195.2.76.117 - - [16/Apr/2025:17:05:17 -0400] "POST /wp-comments-post.php HTTP/1.1" 302 0 "https://freelancingclients.com/osteopathy/" "Mozilla/5.0 (Windows NT 10.0; Win64; x64) AppleWebKit/537.36 (KHTML, like Gecko) Chrome/130.0.0.0 Safari/537.36 CCleaner/130.0.0.0"
195.2.76.117 - - [16/Apr/2025:17:05:23 -0400] "GET /osteopathy/ HTTP/1.1" 200 10326 "https://freelancingclients.com/osteopathy/#comment-8322" "Mozilla/5.0 (Windows NT 10.0; Win64; x64) AppleWebKit/537.36 (KHTML, like Gecko) Chrome/130.0.0.0 Safari/537.36 CCleaner/130.0.0.0"
114.10.47.97 - - [16/Apr/2025:17:06:17 -0400] "POST /wp-login.php/wp-login.php HTTP/1.1" 200 0 "-" "python-requests/2.32.3"
198.54.114.83 - - [16/Apr/2025:17:10:42 -0400] "POST /wp-cron.php?doing_wp_cron=1744837841.7393770217895507812500 HTTP/1.1" 200 0 "-" "WordPress/6.8; https://freelancingclients.com"
198.54.114.83 - - [16/Apr/2025:17:10:44 -0400] "POST /wp-admin/admin-ajax.php?action=async_litespeed&nonce=2ya0g5grHTtMOv8p9fQIeAuSFoQzt4Ll&litespeed_type=imgoptm HTTP/1.1" 200 0 "-" "WordPress/6.8; https://freelancingclients.com"
43.157.168.43 - - [16/Apr/2025:17:10:36 -0400] "GET /2024/10/ HTTP/1.1" 301 0 "-" "Mozilla/5.0 (iPhone; CPU iPhone OS 13_2_3 like Mac OS X) AppleWebKit/605.1.15 (KHTML, like Gecko) Version/13.0.3 Mobile/15E148 Safari/604.1"
43.157.168.43 - - [16/Apr/2025:17:10:49 -0400] "GET / HTTP/1.1" 200 10016 "https://freelancingclients.com/2024/10/" "Mozilla/5.0 (iPhone; CPU iPhone OS 13_2_3 like Mac OS X) AppleWebKit/605.1.15 (KHTML, like Gecko) Version/13.0.3 Mobile/15E148 Safari/604.1"
198.54.114.83 - - [16/Apr/2025:17:12:51 -0400] "POST /wp-cron.php?doing_wp_cron=1744837970.9307119846343994140625 HTTP/1.1" 200 0 "-" "WordPress/6.8; https://freelancingclients.com"
2a02:598:96:8a00::1200:13b - - [16/Apr/2025:17:12:45 -0400] "GET /elevating-your-networking-game/ HTTP/1.1" 200 10502 "-" "Mozilla/5.0 (compatible; SeznamBot/4.0; +https://o-seznam.cz/napoveda/vyhledavani/en/seznambot-crawler/)"
198.54.114.83 - - [16/Apr/2025:17:12:54 -0400] "POST /wp-admin/admin-ajax.php?action=async_litespeed&nonce=JQKtXpgaV9KXzNDv8tKKDPYW3pMsv5pw&litespeed_type=imgoptm HTTP/1.1" 200 0 "-" "WordPress/6.8; https://freelancingclients.com"
176.124.205.21 - - [16/Apr/2025:17:15:48 -0400] "GET /wp-login.php HTTP/1.1" 200 1724 "-" "Mozilla/5.0 (Windows NT 10.0; Win64; x64) AppleWebKit/537.36 (KHTML, like Gecko) Chrome/115.0.0.0 Safari/537.36 Edg/115.0.1901.203"
176.124.205.21 - - [16/Apr/2025:17:15:49 -0400] "POST /wp-login.php HTTP/1.1" 200 0 "https://freelancingclients.com/wp-login.php" "Mozilla/5.0 (Windows NT 10.0; Win64; x64) AppleWebKit/537.36 (KHTML, like Gecko) Chrome/115.0.0.0 Safari/537.36 Edg/115.0.1901.203"
176.124.205.21 - - [16/Apr/2025:17:16:06 -0400] "GET /wp-login.php HTTP/1.1" 200 1724 "-" "Mozilla/5.0 (Windows NT 10.0; Win64; x64) AppleWebKit/537.36 (KHTML, like Gecko) Chrome/115.0.0.0 Safari/537.36 Edg/115.0.1901.203"
176.124.205.21 - - [16/Apr/2025:17:16:09 -0400] "POST /wp-login.php HTTP/1.1" 200 0 "https://freelancingclients.com/wp-login.php" "Mozilla/5.0 (Windows NT 10.0; Win64; x64) AppleWebKit/537.36 (KHTML, like Gecko) Chrome/115.0.0.0 Safari/537.36 Edg/115.0.1901.203"
198.54.114.83 - - [16/Apr/2025:17:21:06 -0400] "POST /wp-cron.php?doing_wp_cron=1744838465.9909598827362060546875 HTTP/1.1" 200 0 "-" "WordPress/6.8; https://freelancingclients.com"
198.54.114.83 - - [16/Apr/2025:17:21:08 -0400] "POST /wp-admin/admin-ajax.php?action=async_litespeed&nonce=Ed4KGRDwReZzV5pQ2ngOzU6eIASR48LR&litespeed_type=imgoptm HTTP/1.1" 200 0 "-" "WordPress/6.8; https://freelancingclients.com"
43.130.228.73 - - [16/Apr/2025:17:21:00 -0400] "GET /2024/09/ HTTP/1.1" 301 0 "-" "Mozilla/5.0 (iPhone; CPU iPhone OS 13_2_3 like Mac OS X) AppleWebKit/605.1.15 (KHTML, like Gecko) Version/13.0.3 Mobile/15E148 Safari/604.1"
43.130.228.73 - - [16/Apr/2025:17:21:14 -0400] "GET / HTTP/1.1" 200 10016 "https://freelancingclients.com/2024/09/" "Mozilla/5.0 (iPhone; CPU iPhone OS 13_2_3 like Mac OS X) AppleWebKit/605.1.15 (KHTML, like Gecko) Version/13.0.3 Mobile/15E148 Safari/604.1"
205.185.123.102 - - [16/Apr/2025:17:21:39 -0400] "GET / HTTP/1.1" 200 10016 "http://www.google.com.hk" "Mozilla/5.0 (Windows NT 6.1; WOW64) AppleWebKit/537.36 (KHTML, like Gecko) Chrome/42.0.2311.90 Safari/537.36"
205.185.123.102 - - [16/Apr/2025:17:21:58 -0400] "GET /wp-login.php?wp_lang=e HTTP/1.1" 200 1714 "-" "Mozilla/5.0 (Windows NT 6.1; WOW64) AppleWebKit/537.36 (KHTML, like Gecko) Chrome/36.0.1985.125 Safari/537.36"
205.185.123.102 - - [16/Apr/2025:17:22:08 -0400] "GET /wp-login.php?wp_lang=e HTTP/1.1" 200 1714 "-" "Mozilla/5.0 (Windows NT 6.1; WOW64) AppleWebKit/537.36 (KHTML, like Gecko) Chrome/36.0.1985.125 Safari/537.36"
138.246.253.24 - - [16/Apr/2025:17:22:29 -0400] "GET /robots.txt HTTP/1.1" 301 0 "-" "Mozilla/5.0 (Windows NT 10.0; Win64; x64) AppleWebKit/537.36 (KHTML, like Gecko) Chrome/103.0.5060.134 Safari/537.36"
198.54.114.83 - - [16/Apr/2025:17:22:33 -0400] "POST /wp-admin/admin-ajax.php?action=async_litespeed&nonce=W56J8SBF02rllQhZKL38dUHLj7x07K9g&litespeed_type=imgoptm HTTP/1.1" 200 0 "-" "WordPress/6.8; https://freelancingclients.com"
135.181.138.50 - - [16/Apr/2025:17:23:00 -0400] "GET /.git/config HTTP/1.1" 403 1242 "-" "Go-http-client/1.1"
43.129.84.140 - - [16/Apr/2025:17:23:03 -0400] "GET /personalized-mens-socks/ HTTP/1.1" 200 10239 "-" "Python/3.10 aiohttp/3.10.5"
135.119.139.85 - - [16/Apr/2025:17:23:05 -0400] "GET /wp-admin/network/about.php HTTP/1.1" 302 0 "-" "-"
135.119.139.85 - - [16/Apr/2025:17:23:09 -0400] "GET /wp-login.php?redirect_to=https%3A%2F%2Ffreelancingclients.com%2Fwp-admin%2Fnetwork%2Fabout.php&reauth=1 HTTP/1.1" 200 1730 "-" "-"
198.54.114.83 - - [16/Apr/2025:17:24:04 -0400] "POST /wp-admin/admin-ajax.php?action=async_litespeed&nonce=3K6srKE2zZZuRO9NDXpN3ALSpottzOke&litespeed_type=imgoptm HTTP/1.1" 200 0 "-" "WordPress/6.8; https://freelancingclients.com"
114.235.63.221 - - [16/Apr/2025:17:25:51 -0400] "GET /mastering-the-art-of-real-estate-marketing-strategies-for-success/ HTTP/1.1" 200 10649 "-" "Mozilla/5.0 (Windows NT 10.0; WOW64) AppleWebKit/537.36 (KHTML, like Gecko) Chrome/114.0.0.0 Safari/537.36"
114.235.63.221 - - [16/Apr/2025:17:25:58 -0400] "POST /wp-comments-post.php HTTP/1.1" 302 0 "https://freelancingclients.com/mastering-the-art-of-real-estate-marketing-strategies-for-success/" "Mozilla/5.0 (Windows NT 10.0; WOW64) AppleWebKit/537.36 (KHTML, like Gecko) Chrome/114.0.0.0 Safari/537.36"
114.235.63.221 - - [16/Apr/2025:17:26:05 -0400] "GET /mastering-the-art-of-real-estate-marketing-strategies-for-success/?unapproved=8325&moderation-hash=49e7c62b1bb9f48589dcc12692048a9c HTTP/1.1" 200 11183 "https://freelancingclients.com/wp-comments-post.php" "Mozilla/5.0 (Windows NT 10.0; WOW64) AppleWebKit/537.36 (KHTML, like Gecko) Chrome/114.0.0.0 Safari/537.36"
114.235.63.221 - - [16/Apr/2025:17:26:08 -0400] "GET /mastering-the-art-of-real-estate-marketing-strategies-for-success/ HTTP/1.1" 200 10649 "-" "Mozilla/5.0 (Windows NT 10.0; WOW64) AppleWebKit/537.36 (KHTML, like Gecko) Chrome/114.0.0.0 Safari/537.36"
114.235.63.221 - - [16/Apr/2025:17:26:58 -0400] "GET /mastering-the-art-of-real-estate-marketing-strategies-for-success/ HTTP/1.1" 200 10649 "-" "Mozilla/5.0 (Macintosh; Intel Mac OS X 12_5) AppleWebKit/537.36 (KHTML, like Gecko) Chrome/114.0.0.0 Safari/537.36"
195.2.76.183 - - [16/Apr/2025:17:29:33 -0400] "GET /osteopathy/ HTTP/1.1" 200 9642 "https://freelancingclients.com/osteopathy/" "Mozilla/5.0 (Windows NT 10.0; Win64; x64) AppleWebKit/537.36 (KHTML, like Gecko) Chrome/129.0.0.0 Safari/537.36"
198.54.114.83 - - [16/Apr/2025:17:29:38 -0400] "POST /wp-cron.php?doing_wp_cron=1744838977.5738139152526855468750 HTTP/1.1" 200 0 "-" "WordPress/6.8; https://freelancingclients.com"
195.2.76.183 - - [16/Apr/2025:17:29:35 -0400] "POST /wp-comments-post.php HTTP/1.1" 302 0 "https://freelancingclients.com/osteopathy/" "Mozilla/5.0 (Windows NT 10.0; Win64; x64) AppleWebKit/537.36 (KHTML, like Gecko) Chrome/129.0.0.0 Safari/537.36"
195.2.76.183 - - [16/Apr/2025:17:29:42 -0400] "GET /osteopathy/ HTTP/1.1" 200 10565 "https://freelancingclients.com/osteopathy/#comment-8327" "Mozilla/5.0 (Windows NT 10.0; Win64; x64) AppleWebKit/537.36 (KHTML, like Gecko) Chrome/129.0.0.0 Safari/537.36"
198.54.114.83 - - [16/Apr/2025:17:32:11 -0400] "POST /wp-cron.php?doing_wp_cron=1744839129.8433840274810791015625 HTTP/1.1" 200 0 "-" "WordPress/6.8; https://freelancingclients.com"
2a01:4f8:241:42e4::2 - - [16/Apr/2025:17:32:03 -0400] "GET /bilanz-hattingen/ HTTP/1.1" 200 0 "-" "Mozilla/5.0 (Windows NT 10.0; Win64; x64) AppleWebKit/537.36 (KHTML, like Gecko) Chrome/120.0.0.0 Safari/537.36"
198.54.114.83 - - [16/Apr/2025:17:32:13 -0400] "POST /wp-admin/admin-ajax.php?action=async_litespeed&nonce=w38v8QKy5J7EGYBGKhKxTwqA0DqjcKtC&litespeed_type=imgoptm HTTP/1.1" 200 0 "-" "WordPress/6.8; https://freelancingclients.com"
27.42.99.97 - - [16/Apr/2025:17:32:24 -0400] "GET /dominos-pizza-in-meadville-pa/ HTTP/1.1" 200 10621 "https://freelancingclients.com" "Mozilla/5.0 (Windows NT 10.0; Win64; x64) AppleWebKit/537.36 (KHTML, like Gecko) Chrome/62.0.3202.94 Safari/537.36"
198.54.114.83 - - [16/Apr/2025:17:32:27 -0400] "POST /wp-cron.php?doing_wp_cron=1744839146.4855599403381347656250 HTTP/1.1" 200 0 "-" "WordPress/6.8; https://freelancingclients.com"
27.42.99.97 - - [16/Apr/2025:17:32:25 -0400] "POST /wp-comments-post.php HTTP/1.1" 302 0 "https://freelancingclients.com" "Mozilla/5.0 (Windows NT 10.0; Win64; x64) AppleWebKit/537.36 (KHTML, like Gecko) Chrome/62.0.3202.94 Safari/537.36"
27.42.99.97 - - [16/Apr/2025:17:32:34 -0400] "GET /dominos-pizza-in-meadville-pa/ HTTP/1.1" 200 11313 "https://freelancingclients.com" "Mozilla/4.0 (compatible; MSIE 6.0; Windows NT 5.1; en) Opera 8.50"
43.166.240.231 - - [16/Apr/2025:17:32:33 -0400] "GET /2024/08/ HTTP/1.1" 301 0 "-" "Mozilla/5.0 (iPhone; CPU iPhone OS 13_2_3 like Mac OS X) AppleWebKit/605.1.15 (KHTML, like Gecko) Version/13.0.3 Mobile/15E148 Safari/604.1"
43.166.240.231 - - [16/Apr/2025:17:32:40 -0400] "GET / HTTP/1.1" 200 10016 "https://freelancingclients.com/2024/08/" "Mozilla/5.0 (iPhone; CPU iPhone OS 13_2_3 like Mac OS X) AppleWebKit/605.1.15 (KHTML, like Gecko) Version/13.0.3 Mobile/15E148 Safari/604.1"
198.54.114.83 - - [16/Apr/2025:17:32:53 -0400] "POST /wp-cron.php?doing_wp_cron=1744839173.0875959396362304687500 HTTP/1.1" 200 0 "-" "WordPress/6.8; https://freelancingclients.com"
198.54.114.83 - - [16/Apr/2025:17:32:54 -0400] "POST /wp-admin/admin-ajax.php?action=async_litespeed&nonce=RmMpwKz9B9xZBLvkYA2i0avFPnfzF4wk&litespeed_type=imgoptm HTTP/1.1" 200 0 "-" "WordPress/6.8; https://freelancingclients.com"
129.226.49.42 - - [16/Apr/2025:17:32:51 -0400] "GET /unveiling-the-pitfalls-of-buying-youtube-views-cheaply/ HTTP/1.1" 200 10672 "-" "Python/3.10 aiohttp/3.10.5"
198.54.114.83 - - [16/Apr/2025:17:36:01 -0400] "POST /wp-cron.php?doing_wp_cron=1744839359.1912949085235595703125 HTTP/1.1" 200 0 "-" "WordPress/6.8; https://freelancingclients.com"
124.156.108.107 - - [16/Apr/2025:17:35:43 -0400] "GET /navigating-the-risks-and-rewards-of-online-gambling/ HTTP/1.1" 200 11051 "-" "Python/3.10 aiohttp/3.10.5"
150.109.117.52 - - [16/Apr/2025:17:36:00 -0400] "GET /the-essential-guide-to-reparateur-frigo-restoring-cool-comfort-in-every-home/ HTTP/1.1" 200 11023 "-" "Python/3.10 aiohttp/3.10.5"
198.54.114.83 - - [16/Apr/2025:17:38:57 -0400] "POST /wp-cron.php?doing_wp_cron=1744839535.8521480560302734375000 HTTP/1.1" 200 0 "-" "WordPress/6.8; https://freelancingclients.com"
43.133.69.37 - - [16/Apr/2025:17:38:49 -0400] "GET /2024/03/ HTTP/1.1" 301 0 "-" "Mozilla/5.0 (iPhone; CPU iPhone OS 13_2_3 like Mac OS X) AppleWebKit/605.1.15 (KHTML, like Gecko) Version/13.0.3 Mobile/15E148 Safari/604.1"
43.133.69.37 - - [16/Apr/2025:17:39:11 -0400] "GET / HTTP/1.1" 200 10016 "https://freelancingclients.com/2024/03/" "Mozilla/5.0 (iPhone; CPU iPhone OS 13_2_3 like Mac OS X) AppleWebKit/605.1.15 (KHTML, like Gecko) Version/13.0.3 Mobile/15E148 Safari/604.1"
52.167.144.191 - - [16/Apr/2025:17:39:43 -0400] "GET /how-to-set-up-a-company-in-singapore/ HTTP/1.1" 200 9908 "-" "Mozilla/5.0 AppleWebKit/537.36 (KHTML, like Gecko; compatible; bingbot/2.0; +http://www.bing.com/bingbot.htm) Chrome/116.0.1938.76 Safari/537.36"
198.54.114.83 - - [16/Apr/2025:17:43:26 -0400] "POST /wp-cron.php?doing_wp_cron=1744839804.1688499450683593750000 HTTP/1.1" 200 0 "-" "WordPress/6.8; https://freelancingclients.com"
47.238.13.17 - - [16/Apr/2025:17:43:18 -0400] "GET /page/155/ HTTP/1.1" 200 10384 "-" "Mozilla/5.0 (Macintosh; Intel Mac OS X 10_15_7) AppleWebKit/537.36 (KHTML, like Gecko) Chrome/109.0.0.0 Safari/537.36"
77.238.251.212 - - [16/Apr/2025:17:46:06 -0400] "GET /osteopathy/ HTTP/1.1" 200 9642 "https://freelancingclients.com/osteopathy/" "Mozilla/5.0 (Windows NT 10.0; Win64; x64) AppleWebKit/537.36 (KHTML, like Gecko) Chrome/131.0.0.0 Safari/537.36"
198.54.114.83 - - [16/Apr/2025:17:46:15 -0400] "POST /wp-cron.php?doing_wp_cron=1744839974.3827509880065917968750 HTTP/1.1" 200 0 "-" "WordPress/6.8; https://freelancingclients.com"
77.238.251.212 - - [16/Apr/2025:17:46:08 -0400] "POST /wp-comments-post.php HTTP/1.1" 302 0 "https://freelancingclients.com/osteopathy/" "Mozilla/5.0 (Windows NT 10.0; Win64; x64) AppleWebKit/537.36 (KHTML, like Gecko) Chrome/131.0.0.0 Safari/537.36"
198.54.114.83 - - [16/Apr/2025:17:46:19 -0400] "POST /wp-admin/admin-ajax.php?action=async_litespeed&nonce=akbZbm7cSh3ziUMvEDK3vvhJBtqPsA4j&litespeed_type=imgoptm HTTP/1.1" 200 0 "-" "WordPress/6.8; https://freelancingclients.com"
77.238.251.212 - - [16/Apr/2025:17:46:20 -0400] "GET /osteopathy/ HTTP/1.1" 200 10320 "https://freelancingclients.com/osteopathy/#comment-8330" "Mozilla/5.0 (Windows NT 10.0; Win64; x64) AppleWebKit/537.36 (KHTML, like Gecko) Chrome/131.0.0.0 Safari/537.36"
198.54.114.83 - - [16/Apr/2025:17:50:05 -0400] "POST /wp-cron.php?doing_wp_cron=1744840203.1962490081787109375000 HTTP/1.1" 200 0 "-" "WordPress/6.8; https://freelancingclients.com"
2a02:598:96:8a00::1200:13b - - [16/Apr/2025:17:49:57 -0400] "GET /ivf-clinic-sharjah/ HTTP/1.1" 200 10364 "-" "Mozilla/5.0 (compatible; SeznamBot/4.0; +https://o-seznam.cz/napoveda/vyhledavani/en/seznambot-crawler/)"
212.34.147.142 - - [16/Apr/2025:17:57:12 -0400] "GET /osteopathy/ HTTP/1.1" 200 9642 "https://freelancingclients.com/osteopathy/" "Mozilla/5.0 (Windows NT 10.0; Win64; x64) AppleWebKit/537.36 (KHTML, like Gecko) Chrome/131.0.0.0 Safari/537.36"
212.34.147.142 - - [16/Apr/2025:17:57:13 -0400] "POST /wp-comments-post.php HTTP/1.1" 302 0 "https://freelancingclients.com/osteopathy/" "Mozilla/5.0 (Windows NT 10.0; Win64; x64) AppleWebKit/537.36 (KHTML, like Gecko) Chrome/131.0.0.0 Safari/537.36"
212.34.147.142 - - [16/Apr/2025:17:57:17 -0400] "GET /osteopathy/ HTTP/1.1" 200 10307 "https://freelancingclients.com/osteopathy/#comment-8333" "Mozilla/5.0 (Windows NT 10.0; Win64; x64) AppleWebKit/537.36 (KHTML, like Gecko) Chrome/131.0.0.0 Safari/537.36"
198.54.114.83 - - [16/Apr/2025:18:00:39 -0400] "POST /wp-cron.php?doing_wp_cron=1744840837.1414890289306640625000 HTTP/1.1" 200 0 "-" "WordPress/6.8; https://freelancingclients.com"
150.109.60.212 - - [16/Apr/2025:18:00:31 -0400] "GET /curl-envy-unveiling-the-best-curly-hair-salon-in-melbourne/ HTTP/1.1" 200 10812 "-" "Python/3.10 aiohttp/3.10.5"
47.79.213.143 - - [16/Apr/2025:18:01:44 -0400] "GET / HTTP/1.1" 200 10016 "https://www.google.com/" "Mozilla/5.0 (Windows NT 10.0; Win64; x64) AppleWebKit/537.36 (KHTML, like Gecko) Chrome/133.0.0.0 Safari/537.36"
198.54.114.83 - - [16/Apr/2025:18:07:46 -0400] "POST /wp-admin/admin-ajax.php?action=async_litespeed&nonce=BJb1Nom3HDx7N1bC6vtfm9Fr1wtz2R6t&litespeed_type=imgoptm HTTP/1.1" 200 0 "-" "WordPress/6.8; https://freelancingclients.com"
198.54.114.83 - - [16/Apr/2025:18:16:24 -0400] "POST /wp-cron.php?doing_wp_cron=1744841781.2872869968414306640625 HTTP/1.1" 200 0 "-" "WordPress/6.8; https://freelancingclients.com"
27.42.99.212 - - [16/Apr/2025:18:16:23 -0400] "GET /how-to-select-a-custom-socks-manufacturer/ HTTP/1.1" 200 10897 "https://freelancingclients.com" "Mozilla/5.0 (Windows NT 10.0; Win64; x64) AppleWebKit/537.36 (KHTML, like Gecko) Chrome/62.0.3202.94 Safari/537.36"
45.157.54.41 - - [16/Apr/2025:18:16:13 -0400] "GET /wp-content/plugins/drag-and-drop-multiple-file-upload-for-woocommerce/assets/js/codedropz-uploader-min.js HTTP/1.1" 404 8131 "-" "Mozilla/5.0 (Windows NT 10.0; Win64; x64) AppleWebKit/537.36 (KHTML, like Gecko) Chrome/127.0.0.0 Safari/537.36"
27.42.99.212 - - [16/Apr/2025:18:16:28 -0400] "POST /wp-comments-post.php HTTP/1.1" 302 0 "https://freelancingclients.com" "Mozilla/5.0 (Windows NT 10.0; Win64; x64) AppleWebKit/537.36 (KHTML, like Gecko) Chrome/62.0.3202.94 Safari/537.36"
27.42.99.212 - - [16/Apr/2025:18:16:32 -0400] "GET /how-to-select-a-custom-socks-manufacturer/ HTTP/1.1" 200 11645 "https://freelancingclients.com" "Mozilla/4.0 (compatible; MSIE 6.0; Windows NT 5.1; en) Opera 8.50"
43.134.216.64 - - [16/Apr/2025:18:19:56 -0400] "GET /prp-hair-loss-treatment-in-hyderabad-fue-treatment-follicular-unit-extraction/ HTTP/1.1" 200 11072 "-" "Python/3.10 aiohttp/3.10.5"
198.54.114.83 - - [16/Apr/2025:18:20:12 -0400] "POST /wp-cron.php?doing_wp_cron=1744842005.3249509334564208984375 HTTP/1.1" 200 0 "-" "WordPress/6.8; https://freelancingclients.com"
85.208.98.22 - - [16/Apr/2025:18:20:42 -0400] "GET /so-reinigen-sie-angelaufenen-silberschmuck/ HTTP/1.1" 200 0 "-" "Mozilla/5.0 (compatible; SemrushBot-BA; +http://www.semrush.com/bot.html)"
85.208.98.20 - - [16/Apr/2025:18:20:51 -0400] "GET /chamoisine-bijoux/ HTTP/1.1" 200 0 "-" "Mozilla/5.0 (compatible; SemrushBot-BA; +http://www.semrush.com/bot.html)"
85.208.98.16 - - [16/Apr/2025:18:20:58 -0400] "GET /jewelry-cleaner-solution/ HTTP/1.1" 200 0 "-" "Mozilla/5.0 (compatible; SemrushBot-BA; +http://www.semrush.com/bot.html)"
85.208.98.24 - - [16/Apr/2025:18:21:06 -0400] "GET /goldkette-reinigen/ HTTP/1.1" 200 0 "-" "Mozilla/5.0 (compatible; SemrushBot-BA; +http://www.semrush.com/bot.html)"
198.54.114.83 - - [16/Apr/2025:18:21:10 -0400] "POST /wp-cron.php?doing_wp_cron=1744842067.3012421131134033203125 HTTP/1.1" 200 0 "-" "WordPress/6.8; https://freelancingclients.com"
85.208.98.22 - - [16/Apr/2025:18:21:14 -0400] "GET /gold-jewellery-cleaner/ HTTP/1.1" 200 0 "-" "Mozilla/5.0 (compatible; SemrushBot-BA; +http://www.semrush.com/bot.html)"
85.208.98.31 - - [16/Apr/2025:18:21:23 -0400] "GET /comment-nettoyer-un-collier-en-argent/ HTTP/1.1" 200 0 "-" "Mozilla/5.0 (compatible; SemrushBot-BA; +http://www.semrush.com/bot.html)"
198.54.114.83 - - [16/Apr/2025:18:27:03 -0400] "POST /wp-cron.php?doing_wp_cron=1744842422.8368508815765380859375 HTTP/1.1" 200 0 "-" "WordPress/6.8; https://freelancingclients.com"
198.54.114.83 - - [16/Apr/2025:18:27:07 -0400] "POST /wp-admin/admin-ajax.php?action=async_litespeed&nonce=i8HKAeYtplU3fB9BB7PCSaSajlmcdsM3&litespeed_type=imgoptm HTTP/1.1" 200 0 "-" "WordPress/6.8; https://freelancingclients.com"
83.171.227.159 - - [16/Apr/2025:18:26:57 -0400] "GET /introduction-to-online-casinos/ HTTP/1.1" 200 10268 "https://freelancingclients.com/introduction-to-online-casinos/" "Mozilla/5.0 (Windows NT 10.0; Win64; x64) AppleWebKit/537.36 (KHTML, like Gecko) Chrome/131.0.0.0 Safari/537.36"
83.171.227.159 - - [16/Apr/2025:18:27:08 -0400] "POST /wp-comments-post.php HTTP/1.1" 302 0 "https://freelancingclients.com/introduction-to-online-casinos/" "Mozilla/5.0 (Windows NT 10.0; Win64; x64) AppleWebKit/537.36 (KHTML, like Gecko) Chrome/131.0.0.0 Safari/537.36"
198.54.114.83 - - [16/Apr/2025:18:27:14 -0400] "POST /wp-cron.php?doing_wp_cron=1744842433.7861089706420898437500 HTTP/1.1" 200 0 "-" "WordPress/6.8; https://freelancingclients.com"
83.171.227.159 - - [16/Apr/2025:18:27:13 -0400] "GET /introduction-to-online-casinos/ HTTP/1.1" 200 11166 "https://freelancingclients.com/introduction-to-online-casinos/#comment-8338" "Mozilla/5.0 (Windows NT 10.0; Win64; x64) AppleWebKit/537.36 (KHTML, like Gecko) Chrome/131.0.0.0 Safari/537.36"
198.54.114.83 - - [16/Apr/2025:18:28:17 -0400] "POST /wp-cron.php?doing_wp_cron=1744842497.4861690998077392578125 HTTP/1.1" 200 0 "-" "WordPress/6.8; https://freelancingclients.com"
213.232.122.124 - - [16/Apr/2025:18:28:16 -0400] "GET /navigating-the-world-of-online-casinos/ HTTP/1.1" 200 10297 "https://freelancingclients.com/navigating-the-world-of-online-casinos/" "Mozilla/5.0 (Windows NT 10.0; Win64; x64) AppleWebKit/537.36 (KHTML, like Gecko) Chrome/131.0.0.0 Safari/537.36 Avast/131.0.0.0"
198.54.114.83 - - [16/Apr/2025:18:28:22 -0400] "POST /wp-admin/admin-ajax.php?action=async_litespeed&nonce=KlB1lUtae7krJoJ9LGcSR5P620OFYgBt&litespeed_type=imgoptm HTTP/1.1" 200 0 "-" "WordPress/6.8; https://freelancingclients.com"
213.232.122.124 - - [16/Apr/2025:18:28:24 -0400] "POST /wp-comments-post.php HTTP/1.1" 302 0 "https://freelancingclients.com/navigating-the-world-of-online-casinos/" "Mozilla/5.0 (Windows NT 10.0; Win64; x64) AppleWebKit/537.36 (KHTML, like Gecko) Chrome/131.0.0.0 Safari/537.36 Avast/131.0.0.0"
213.232.122.124 - - [16/Apr/2025:18:28:37 -0400] "GET /navigating-the-world-of-online-casinos/ HTTP/1.1" 200 11241 "https://freelancingclients.com/navigating-the-world-of-online-casinos/#comment-8339" "Mozilla/5.0 (Windows NT 10.0; Win64; x64) AppleWebKit/537.36 (KHTML, like Gecko) Chrome/131.0.0.0 Safari/537.36 Avast/131.0.0.0"
5.181.86.4 - - [16/Apr/2025:18:30:20 -0400] "GET / HTTP/1.1" 200 10016 "-" "Mozilla/5.0 (Windows NT 10.0; WOW64) AppleWebKit/537.36 (KHTML, like Gecko) Chrome/55.0.2883.87 Safari/537.36 OPR/42.0.2393.94"
207.46.13.52 - - [16/Apr/2025:18:36:22 -0400] "GET /the-five-cooling-phases-of-industrial-childers/feed/ HTTP/1.1" 200 415 "-" "Mozilla/5.0 AppleWebKit/537.36 (KHTML, like Gecko; compatible; bingbot/2.0; +http://www.bing.com/bingbot.htm) Chrome/116.0.1938.76 Safari/537.36"
198.54.114.83 - - [16/Apr/2025:18:36:30 -0400] "POST /wp-cron.php?doing_wp_cron=1744842987.9899120330810546875000 HTTP/1.1" 200 0 "-" "WordPress/6.8; https://freelancingclients.com"
198.54.114.83 - - [16/Apr/2025:18:38:13 -0400] "POST /wp-cron.php?doing_wp_cron=1744843092.5654690265655517578125 HTTP/1.1" 200 0 "-" "WordPress/6.8; https://freelancingclients.com"
43.132.219.33 - - [16/Apr/2025:18:38:08 -0400] "GET /home-audio-systems/ HTTP/1.1" 200 10969 "-" "Python/3.10 aiohttp/3.10.5"
198.54.114.83 - - [16/Apr/2025:18:41:22 -0400] "POST /wp-cron.php?doing_wp_cron=1744843281.7183909416198730468750 HTTP/1.1" 200 0 "-" "WordPress/6.8; https://freelancingclients.com"
198.54.114.83 - - [16/Apr/2025:18:41:24 -0400] "POST /wp-admin/admin-ajax.php?action=async_litespeed&nonce=FFUKkq3TyFH2OboQE6Z2F3fvkppvg1oC&litespeed_type=imgoptm HTTP/1.1" 200 0 "-" "WordPress/6.8; https://freelancingclients.com"
119.28.204.247 - - [16/Apr/2025:18:41:16 -0400] "GET /how-to-choose-the-best-resume-writing-services/ HTTP/1.1" 200 10246 "-" "Python/3.10 aiohttp/3.10.5"
114.119.136.245 - - [16/Apr/2025:18:43:21 -0400] "GET /category/activity/page/70/ HTTP/1.1" 200 10241 "https://freelancingclients.com/category/activity/page/69/" "Mozilla/5.0 (Linux; Android 7.0;) AppleWebKit/537.36 (KHTML, like Gecko) Mobile Safari/537.36 (compatible; PetalBot;+https://webmaster.petalsearch.com/site/petalbot)"
13.92.112.196 - - [16/Apr/2025:18:43:28 -0400] "GET /wp-admin/network/about.php HTTP/1.1" 302 0 "-" "-"
13.92.112.196 - - [16/Apr/2025:18:43:30 -0400] "GET /wp-login.php?redirect_to=https%3A%2F%2Ffreelancingclients.com%2Fwp-admin%2Fnetwork%2Fabout.php&reauth=1 HTTP/1.1" 200 1730 "-" "-"
198.54.114.83 - - [16/Apr/2025:18:44:59 -0400] "POST /wp-admin/admin-ajax.php?action=async_litespeed&nonce=2lreoQZqq2EUrAvgvMijMvEsX4XsxM2c&litespeed_type=imgoptm HTTP/1.1" 200 0 "-" "WordPress/6.8; https://freelancingclients.com"
8.210.147.121 - - [16/Apr/2025:18:51:19 -0400] "HEAD / HTTP/1.1" 200 0 "-" "Mozilla/5.0 (Windows NT 6.3; Win64; x64) AppleWebKit/537.36 (KHTML, like Gecko) Chrome/60.0.3544.156 Safari/537.36"
8.210.147.121 - - [16/Apr/2025:18:51:20 -0400] "GET / HTTP/1.1" 200 10016 "-" "Mozilla/5.0 (Windows NT 6.3; Win64; x64) AppleWebKit/537.36 (KHTML, like Gecko) Chrome/60.0.3544.156 Safari/537.36"
8.210.12.248 - - [16/Apr/2025:18:51:25 -0400] "GET / HTTP/1.1" 200 10016 "-" "Mozilla/5.0 (Macintosh; Intel Mac OS X 10_15_7) AppleWebKit/537.36 (KHTML, like Gecko) Chrome/116.0.0.0 Safari/537.36"
8.210.12.248 - - [16/Apr/2025:18:51:26 -0400] "GET /wp-content/themes/newspaperly/js/navigation.js?ver=20170823 HTTP/1.1" 200 951 "https://freelancingclients.com/" "Mozilla/5.0 (Macintosh; Intel Mac OS X 10_15_7) AppleWebKit/537.36 (KHTML, like Gecko) Chrome/116.0.0.0 Safari/537.36"
8.210.12.248 - - [16/Apr/2025:18:51:26 -0400] "GET /wp-includes/js/jquery/jquery-migrate.min.js?ver=3.4.1 HTTP/1.1" 200 4678 "https://freelancingclients.com/" "Mozilla/5.0 (Macintosh; Intel Mac OS X 10_15_7) AppleWebKit/537.36 (KHTML, like Gecko) Chrome/116.0.0.0 Safari/537.36"
8.210.12.248 - - [16/Apr/2025:18:51:26 -0400] "GET /wp-includes/js/jquery/jquery.min.js?ver=3.7.1 HTTP/1.1" 200 29744 "https://freelancingclients.com/" "Mozilla/5.0 (Macintosh; Intel Mac OS X 10_15_7) AppleWebKit/537.36 (KHTML, like Gecko) Chrome/116.0.0.0 Safari/537.36"
8.210.12.248 - - [16/Apr/2025:18:51:26 -0400] "GET /wp-content/themes/newspaperly/js/skip-link-focus-fix.js?ver=20170823 HTTP/1.1" 200 332 "https://freelancingclients.com/" "Mozilla/5.0 (Macintosh; Intel Mac OS X 10_15_7) AppleWebKit/537.36 (KHTML, like Gecko) Chrome/116.0.0.0 Safari/537.36"
8.210.12.248 - - [16/Apr/2025:18:51:26 -0400] "GET /wp-content/themes/newspaperly/js/accessibility.js?ver=20160720 HTTP/1.1" 200 430 "https://freelancingclients.com/" "Mozilla/5.0 (Macintosh; Intel Mac OS X 10_15_7) AppleWebKit/537.36 (KHTML, like Gecko) Chrome/116.0.0.0 Safari/537.36"
8.210.12.248 - - [16/Apr/2025:18:51:26 -0400] "GET /wp-content/themes/newspaperly/js/script.js?ver=20160720 HTTP/1.1" 200 996 "https://freelancingclients.com/" "Mozilla/5.0 (Macintosh; Intel Mac OS X 10_15_7) AppleWebKit/537.36 (KHTML, like Gecko) Chrome/116.0.0.0 Safari/537.36"
