198.54.114.83 - - [17/Apr/2025:16:06:20 -0400] "POST /wp-cron.php?doing_wp_cron=1744920380.1418120861053466796875 HTTP/1.1" 200 0 "-" "WordPress/6.8; https://freelancingclients.com"
198.54.114.83 - - [17/Apr/2025:16:06:20 -0400] "POST /wp-cron.php?doing_wp_cron=1744920379.8909420967102050781250 HTTP/1.1" 200 0 "-" "WordPress/6.8; https://freelancingclients.com"
198.54.114.83 - - [17/Apr/2025:16:06:21 -0400] "POST /wp-admin/admin-ajax.php?action=async_litespeed&nonce=LvU7On23IDphtBVF4fZO1Efk6BZfrxjk&litespeed_type=imgoptm HTTP/1.1" 200 0 "-" "WordPress/6.8; https://freelancingclients.com"
20.171.207.125 - - [17/Apr/2025:16:06:17 -0400] "GET /?p=3275 HTTP/1.1" 301 0 "-" "Mozilla/5.0 AppleWebKit/537.36 (KHTML, like Gecko; compatible; GPTBot/1.2; +https://openai.com/gptbot)"
20.171.207.125 - - [17/Apr/2025:16:06:17 -0400] "GET /clearinggesellschaft-hamburg/ HTTP/1.1" 200 10532 "-" "Mozilla/5.0 AppleWebKit/537.36 (KHTML, like Gecko; compatible; GPTBot/1.2; +https://openai.com/gptbot)"
103.85.4.6 - - [17/Apr/2025:16:06:37 -0400] "GET //xmlrpc.php HTTP/1.1" 405 46 "-" "Mozilla/5.0 (Windows NT 10.0; WOW64; rv:45.0) Gecko/20100101 Firefox/45.0"
198.54.114.83 - - [17/Apr/2025:16:06:44 -0400] "POST /wp-cron.php?doing_wp_cron=1744920403.6241350173950195312500 HTTP/1.1" 200 0 "-" "WordPress/6.8; https://freelancingclients.com"
103.85.4.6 - - [17/Apr/2025:16:06:43 -0400] "POST //xmlrpc.php HTTP/1.1" 200 186 "-" "Mozilla/5.0 (Windows NT 10.0; WOW64; rv:45.0) Gecko/20100101 Firefox/45.0"
198.54.114.83 - - [17/Apr/2025:16:06:46 -0400] "POST /wp-admin/admin-ajax.php?action=async_litespeed&nonce=hhjhxF9AQEga2w9sTLA0L4aAegXU0WQn&litespeed_type=imgoptm HTTP/1.1" 200 0 "-" "WordPress/6.8; https://freelancingclients.com"
198.54.114.83 - - [17/Apr/2025:16:07:20 -0400] "POST /wp-cron.php?doing_wp_cron=1744920439.8249540328979492187500 HTTP/1.1" 200 0 "-" "WordPress/6.8; https://freelancingclients.com"
20.171.207.125 - - [17/Apr/2025:16:07:18 -0400] "GET /xmlrpc.php HTTP/1.1" 405 46 "-" "Mozilla/5.0 AppleWebKit/537.36 (KHTML, like Gecko; compatible; GPTBot/1.2; +https://openai.com/gptbot)"
20.171.207.125 - - [17/Apr/2025:16:07:20 -0400] "GET /rhinoplasty-cyprus/feed/ HTTP/1.1" 200 377 "-" "Mozilla/5.0 AppleWebKit/537.36 (KHTML, like Gecko; compatible; GPTBot/1.2; +https://openai.com/gptbot)"
150.109.108.171 - - [17/Apr/2025:16:07:43 -0400] "GET /the-importance-of-regular-water-tank-cleaning/ HTTP/1.1" 200 10362 "-" "Python/3.10 aiohttp/3.10.5"
198.54.114.83 - - [17/Apr/2025:16:07:47 -0400] "POST /wp-cron.php?doing_wp_cron=1744920464.3536319732666015625000 HTTP/1.1" 200 0 "-" "WordPress/6.8; https://freelancingclients.com"
20.171.207.125 - - [17/Apr/2025:16:08:17 -0400] "GET /?p=457 HTTP/1.1" 301 0 "-" "Mozilla/5.0 AppleWebKit/537.36 (KHTML, like Gecko; compatible; GPTBot/1.2; +https://openai.com/gptbot)"
20.171.207.125 - - [17/Apr/2025:16:08:18 -0400] "GET /wp-json/wp/v2/posts/3270 HTTP/1.1" 200 11159 "-" "Mozilla/5.0 AppleWebKit/537.36 (KHTML, like Gecko; compatible; GPTBot/1.2; +https://openai.com/gptbot)"
198.54.114.83 - - [17/Apr/2025:16:08:58 -0400] "POST /wp-cron.php?doing_wp_cron=1744920535.8661420345306396484375 HTTP/1.1" 200 0 "-" "WordPress/6.8; https://freelancingclients.com"
40.77.167.74 - - [17/Apr/2025:16:08:54 -0400] "GET /the-advent-of-digital-gambling/ HTTP/1.1" 200 10430 "-" "Mozilla/5.0 AppleWebKit/537.36 (KHTML, like Gecko; compatible; bingbot/2.0; +http://www.bing.com/bingbot.htm) Chrome/116.0.1938.76 Safari/537.36"
178.20.45.182 - - [17/Apr/2025:16:09:22 -0400] "GET /osteopathy/ HTTP/1.1" 200 9643 "https://freelancingclients.com/osteopathy/#comment-9633/" "Mozilla/5.0 (Windows NT 10.0; Win64; x64) AppleWebKit/537.36 (KHTML, like Gecko) Chrome/129.0.0.0 Safari/537.36"
20.171.207.125 - - [17/Apr/2025:16:09:25 -0400] "GET /moderne-hangeleuchten-im-fokus/feed/ HTTP/1.1" 200 401 "-" "Mozilla/5.0 AppleWebKit/537.36 (KHTML, like Gecko; compatible; GPTBot/1.2; +https://openai.com/gptbot)"
178.20.45.182 - - [17/Apr/2025:16:09:24 -0400] "POST /wp-comments-post.php HTTP/1.1" 302 0 "https://freelancingclients.com/osteopathy/#comment-9633/" "Mozilla/5.0 (Windows NT 10.0; Win64; x64) AppleWebKit/537.36 (KHTML, like Gecko) Chrome/129.0.0.0 Safari/537.36"
20.171.207.125 - - [17/Apr/2025:16:09:26 -0400] "GET /buy-youtube-social-shares/ HTTP/1.1" 200 9663 "-" "Mozilla/5.0 AppleWebKit/537.36 (KHTML, like Gecko; compatible; GPTBot/1.2; +https://openai.com/gptbot)"
178.20.45.182 - - [17/Apr/2025:16:09:29 -0400] "GET /osteopathy/ HTTP/1.1" 200 11036 "https://freelancingclients.com/osteopathy/#comment-8558" "Mozilla/5.0 (Windows NT 10.0; Win64; x64) AppleWebKit/537.36 (KHTML, like Gecko) Chrome/129.0.0.0 Safari/537.36"
77.88.47.3 - - [17/Apr/2025:16:09:32 -0400] "GET /harnessing-the-healing-power-of-wasp-wild-herbs-for-rheumatism-relief/ HTTP/1.1" 200 10311 "-" "Mozilla/5.0 (compatible; YandexBot/3.0; +http://yandex.com/bots)"
198.54.114.83 - - [17/Apr/2025:16:10:23 -0400] "POST /wp-cron.php?doing_wp_cron=1744920622.6929240226745605468750 HTTP/1.1" 200 0 "-" "WordPress/6.8; https://freelancingclients.com"
198.54.114.83 - - [17/Apr/2025:16:10:23 -0400] "POST /wp-cron.php?doing_wp_cron=1744920622.8131039142608642578125 HTTP/1.1" 200 0 "-" "WordPress/6.8; https://freelancingclients.com"
198.54.114.83 - - [17/Apr/2025:16:10:24 -0400] "POST /wp-admin/admin-ajax.php?action=async_litespeed&nonce=XfXCpc1p5u8KFXiRoVYJKodG5JKBT3NK&litespeed_type=imgoptm HTTP/1.1" 200 0 "-" "WordPress/6.8; https://freelancingclients.com"
20.171.207.125 - - [17/Apr/2025:16:10:21 -0400] "GET /?p=472 HTTP/1.1" 301 0 "-" "Mozilla/5.0 AppleWebKit/537.36 (KHTML, like Gecko; compatible; GPTBot/1.2; +https://openai.com/gptbot)"
20.171.207.125 - - [17/Apr/2025:16:10:22 -0400] "GET /the-little-prince-quotes/ HTTP/1.1" 200 10230 "-" "Mozilla/5.0 AppleWebKit/537.36 (KHTML, like Gecko; compatible; GPTBot/1.2; +https://openai.com/gptbot)"
198.54.114.83 - - [17/Apr/2025:16:11:21 -0400] "POST /wp-cron.php?doing_wp_cron=1744920680.5774788856506347656250 HTTP/1.1" 200 0 "-" "WordPress/6.8; https://freelancingclients.com"
198.54.114.83 - - [17/Apr/2025:16:11:21 -0400] "POST /wp-cron.php?doing_wp_cron=1744920680.5732309818267822265625 HTTP/1.1" 200 0 "-" "WordPress/6.8; https://freelancingclients.com"
20.171.207.125 - - [17/Apr/2025:16:11:19 -0400] "GET /wp-json/wp/v2/posts/3258 HTTP/1.1" 200 11526 "-" "Mozilla/5.0 AppleWebKit/537.36 (KHTML, like Gecko; compatible; GPTBot/1.2; +https://openai.com/gptbot)"
20.171.207.125 - - [17/Apr/2025:16:11:19 -0400] "GET /family-mediation-service/feed/ HTTP/1.1" 200 381 "-" "Mozilla/5.0 AppleWebKit/537.36 (KHTML, like Gecko; compatible; GPTBot/1.2; +https://openai.com/gptbot)"
198.54.114.83 - - [17/Apr/2025:16:11:22 -0400] "POST /wp-admin/admin-ajax.php?action=async_litespeed&nonce=hUM4iVDKPulSfuJfOQ1NNG0E0NT6gG3x&litespeed_type=imgoptm HTTP/1.1" 200 0 "-" "WordPress/6.8; https://freelancingclients.com"
198.54.114.83 - - [17/Apr/2025:16:12:18 -0400] "POST /wp-cron.php?doing_wp_cron=1744920738.3037259578704833984375 HTTP/1.1" 200 0 "-" "WordPress/6.8; https://freelancingclients.com"
20.171.207.125 - - [17/Apr/2025:16:12:17 -0400] "GET /clearinggesellschaft-hamburg/feed/ HTTP/1.1" 200 390 "-" "Mozilla/5.0 AppleWebKit/537.36 (KHTML, like Gecko; compatible; GPTBot/1.2; +https://openai.com/gptbot)"
198.54.114.83 - - [17/Apr/2025:16:12:20 -0400] "POST /wp-admin/admin-ajax.php?action=async_litespeed&nonce=1ONa09Uat04ptqVWH7n8NjIzF1GFh7KV&litespeed_type=imgoptm HTTP/1.1" 200 0 "-" "WordPress/6.8; https://freelancingclients.com"
198.54.114.83 - - [17/Apr/2025:16:13:09 -0400] "POST /wp-cron.php?doing_wp_cron=1744920789.1670699119567871093750 HTTP/1.1" 200 0 "-" "WordPress/6.8; https://freelancingclients.com"
20.171.207.125 - - [17/Apr/2025:16:13:08 -0400] "GET /?p=1783 HTTP/1.1" 301 0 "-" "Mozilla/5.0 AppleWebKit/537.36 (KHTML, like Gecko; compatible; GPTBot/1.2; +https://openai.com/gptbot)"
198.54.114.83 - - [17/Apr/2025:16:13:12 -0400] "POST /wp-admin/admin-ajax.php?action=async_litespeed&nonce=siqVtPgbbqYIPfdSlDEUls5zywdiGZ0F&litespeed_type=imgoptm HTTP/1.1" 200 0 "-" "WordPress/6.8; https://freelancingclients.com"
198.54.114.83 - - [17/Apr/2025:16:13:14 -0400] "POST /wp-cron.php?doing_wp_cron=1744920794.4677979946136474609375 HTTP/1.1" 200 0 "-" "WordPress/6.8; https://freelancingclients.com"
129.226.53.190 - - [17/Apr/2025:16:13:14 -0400] "GET /fenbendazole-in-stage-4-cancer-treatment/ HTTP/1.1" 200 10591 "-" "Python/3.10 aiohttp/3.10.5"
198.54.114.83 - - [17/Apr/2025:16:13:53 -0400] "POST /wp-cron.php?doing_wp_cron=1744920832.8159439563751220703125 HTTP/1.1" 200 0 "-" "WordPress/6.8; https://freelancingclients.com"
114.119.153.191 - - [17/Apr/2025:16:13:52 -0400] "GET /category/activity/page/80/ HTTP/1.1" 200 10328 "https://freelancingclients.com/category/activity/page/80/" "Mozilla/5.0 (Linux; Android 7.0;) AppleWebKit/537.36 (KHTML, like Gecko) Mobile Safari/537.36 (compatible; PetalBot;+https://webmaster.petalsearch.com/site/petalbot)"
20.171.207.125 - - [17/Apr/2025:16:14:00 -0400] "GET /youtube-playlist/feed/ HTTP/1.1" 200 377 "-" "Mozilla/5.0 AppleWebKit/537.36 (KHTML, like Gecko; compatible; GPTBot/1.2; +https://openai.com/gptbot)"
198.54.114.83 - - [17/Apr/2025:16:14:59 -0400] "POST /wp-cron.php?doing_wp_cron=1744920899.1588859558105468750000 HTTP/1.1" 200 0 "-" "WordPress/6.8; https://freelancingclients.com"
20.171.207.125 - - [17/Apr/2025:16:14:58 -0400] "GET /wp-json/wp/v2/posts/3264 HTTP/1.1" 200 11699 "-" "Mozilla/5.0 AppleWebKit/537.36 (KHTML, like Gecko; compatible; GPTBot/1.2; +https://openai.com/gptbot)"
198.54.114.83 - - [17/Apr/2025:16:15:00 -0400] "POST /wp-admin/admin-ajax.php?action=async_litespeed&nonce=7abRZbMSJ9oElK4Nu6s7kwjF8Kzg1x7h&litespeed_type=imgoptm HTTP/1.1" 200 5 "-" "WordPress/6.8; https://freelancingclients.com"
198.54.114.83 - - [17/Apr/2025:16:15:15 -0400] "POST /wp-cron.php?doing_wp_cron=1744920914.2870941162109375000000 HTTP/1.1" 200 0 "-" "WordPress/6.8; https://freelancingclients.com"
114.119.131.163 - - [17/Apr/2025:16:15:13 -0400] "GET /category/activity/page/128/ HTTP/1.1" 200 10143 "https://freelancingclients.com/category/activity/page/127/" "Mozilla/5.0 (Linux; Android 7.0;) AppleWebKit/537.36 (KHTML, like Gecko) Mobile Safari/537.36 (compatible; PetalBot;+https://webmaster.petalsearch.com/site/petalbot)"
20.171.207.125 - - [17/Apr/2025:16:15:46 -0400] "GET /wp-json/wp/v2/posts/3268 HTTP/1.1" 200 11894 "-" "Mozilla/5.0 AppleWebKit/537.36 (KHTML, like Gecko; compatible; GPTBot/1.2; +https://openai.com/gptbot)"
198.54.114.83 - - [17/Apr/2025:16:16:39 -0400] "POST /wp-cron.php?doing_wp_cron=1744920999.0922989845275878906250 HTTP/1.1" 200 0 "-" "WordPress/6.8; https://freelancingclients.com"
20.171.207.125 - - [17/Apr/2025:16:16:37 -0400] "GET /wp-json/wp/v2/posts/3265 HTTP/1.1" 200 10588 "-" "Mozilla/5.0 AppleWebKit/537.36 (KHTML, like Gecko; compatible; GPTBot/1.2; +https://openai.com/gptbot)"
198.54.114.83 - - [17/Apr/2025:16:16:41 -0400] "POST /wp-admin/admin-ajax.php?action=async_litespeed&nonce=9tGYCfFT7zGmtuLej40EWXoCn6DMdkqb&litespeed_type=imgoptm HTTP/1.1" 200 0 "-" "WordPress/6.8; https://freelancingclients.com"
198.54.114.83 - - [17/Apr/2025:16:16:42 -0400] "POST /wp-cron.php?doing_wp_cron=1744921002.1874110698699951171875 HTTP/1.1" 200 0 "-" "WordPress/6.8; https://freelancingclients.com"
198.54.114.83 - - [17/Apr/2025:16:16:43 -0400] "POST /wp-admin/admin-ajax.php?action=async_litespeed&nonce=TYbIUrwBuJqVHLoAVlMzgnVvr5kuG6ot&litespeed_type=imgoptm HTTP/1.1" 200 0 "-" "WordPress/6.8; https://freelancingclients.com"
198.54.114.83 - - [17/Apr/2025:16:17:37 -0400] "POST /wp-cron.php?doing_wp_cron=1744921055.8016059398651123046875 HTTP/1.1" 200 0 "-" "WordPress/6.8; https://freelancingclients.com"
20.171.207.125 - - [17/Apr/2025:16:17:35 -0400] "GET /?p=450 HTTP/1.1" 301 0 "-" "Mozilla/5.0 AppleWebKit/537.36 (KHTML, like Gecko; compatible; GPTBot/1.2; +https://openai.com/gptbot)"
20.171.207.125 - - [17/Apr/2025:16:18:26 -0400] "GET /xmlrpc.php HTTP/1.1" 405 46 "-" "Mozilla/5.0 AppleWebKit/537.36 (KHTML, like Gecko; compatible; GPTBot/1.2; +https://openai.com/gptbot)"
198.54.114.83 - - [17/Apr/2025:16:19:16 -0400] "POST /wp-cron.php?doing_wp_cron=1744921155.6524798870086669921875 HTTP/1.1" 200 0 "-" "WordPress/6.8; https://freelancingclients.com"
20.171.207.125 - - [17/Apr/2025:16:19:15 -0400] "GET /the-little-prince-quotes/feed/ HTTP/1.1" 200 388 "-" "Mozilla/5.0 AppleWebKit/537.36 (KHTML, like Gecko; compatible; GPTBot/1.2; +https://openai.com/gptbot)"
20.171.207.125 - - [17/Apr/2025:16:20:13 -0400] "GET /?p=2179 HTTP/1.1" 301 0 "-" "Mozilla/5.0 AppleWebKit/537.36 (KHTML, like Gecko; compatible; GPTBot/1.2; +https://openai.com/gptbot)"
20.171.207.125 - - [17/Apr/2025:16:20:57 -0400] "GET /wp-json/wp/v2/posts/2179 HTTP/1.1" 200 10504 "-" "Mozilla/5.0 AppleWebKit/537.36 (KHTML, like Gecko; compatible; GPTBot/1.2; +https://openai.com/gptbot)"
198.54.114.83 - - [17/Apr/2025:16:21:48 -0400] "POST /wp-cron.php?doing_wp_cron=1744921308.3601019382476806640625 HTTP/1.1" 200 0 "-" "WordPress/6.8; https://freelancingclients.com"
20.171.207.125 - - [17/Apr/2025:16:21:47 -0400] "GET /wp-json/wp/v2/posts/3261 HTTP/1.1" 200 11129 "-" "Mozilla/5.0 AppleWebKit/537.36 (KHTML, like Gecko; compatible; GPTBot/1.2; +https://openai.com/gptbot)"
198.54.114.83 - - [17/Apr/2025:16:21:50 -0400] "POST /wp-admin/admin-ajax.php?action=async_litespeed&nonce=GuWWRyNxIMrHOFskK145p9Sk8NuXb5le&litespeed_type=imgoptm HTTP/1.1" 200 5 "-" "WordPress/6.8; https://freelancingclients.com"
198.54.114.83 - - [17/Apr/2025:16:22:36 -0400] "POST /wp-cron.php?doing_wp_cron=1744921356.0664420127868652343750 HTTP/1.1" 200 0 "-" "WordPress/6.8; https://freelancingclients.com"
20.171.207.125 - - [17/Apr/2025:16:22:35 -0400] "GET /wp-json/wp/v2/posts/1373 HTTP/1.1" 200 10835 "-" "Mozilla/5.0 AppleWebKit/537.36 (KHTML, like Gecko; compatible; GPTBot/1.2; +https://openai.com/gptbot)"
198.54.114.83 - - [17/Apr/2025:16:23:27 -0400] "POST /wp-cron.php?doing_wp_cron=1744921406.7445850372314453125000 HTTP/1.1" 200 0 "-" "WordPress/6.8; https://freelancingclients.com"
20.171.207.125 - - [17/Apr/2025:16:23:26 -0400] "GET /wp-json/wp/v2/posts/3273 HTTP/1.1" 200 12146 "-" "Mozilla/5.0 AppleWebKit/537.36 (KHTML, like Gecko; compatible; GPTBot/1.2; +https://openai.com/gptbot)"
198.54.114.83 - - [17/Apr/2025:16:23:30 -0400] "POST /wp-admin/admin-ajax.php?action=async_litespeed&nonce=VE0zIhuAuWzl5h4X1ImGVnmsYUXuOjWX&litespeed_type=imgoptm HTTP/1.1" 200 0 "-" "WordPress/6.8; https://freelancingclients.com"
198.54.114.83 - - [17/Apr/2025:16:24:06 -0400] "POST /wp-admin/admin-ajax.php?action=async_litespeed&nonce=pFYzUQ9P2LfsMuKrNTnT6LKR0ccW7UHE&litespeed_type=imgoptm HTTP/1.1" 200 0 "-" "WordPress/6.8; https://freelancingclients.com"
198.54.114.83 - - [17/Apr/2025:16:24:17 -0400] "POST /wp-cron.php?doing_wp_cron=1744921456.8394351005554199218750 HTTP/1.1" 200 0 "-" "WordPress/6.8; https://freelancingclients.com"
20.171.207.125 - - [17/Apr/2025:16:24:16 -0400] "GET /wp-json/wp/v2/posts/1792 HTTP/1.1" 200 10714 "-" "Mozilla/5.0 AppleWebKit/537.36 (KHTML, like Gecko; compatible; GPTBot/1.2; +https://openai.com/gptbot)"
20.171.207.125 - - [17/Apr/2025:16:25:11 -0400] "GET /wp-json/wp/v2/posts/3275 HTTP/1.1" 200 10942 "-" "Mozilla/5.0 AppleWebKit/537.36 (KHTML, like Gecko; compatible; GPTBot/1.2; +https://openai.com/gptbot)"
198.54.114.83 - - [17/Apr/2025:16:25:15 -0400] "POST /wp-cron.php?doing_wp_cron=1744921512.4280059337615966796875 HTTP/1.1" 200 0 "-" "WordPress/6.8; https://freelancingclients.com"
20.171.207.125 - - [17/Apr/2025:16:26:00 -0400] "GET /wp-json/wp/v2/posts/1783 HTTP/1.1" 200 11160 "-" "Mozilla/5.0 AppleWebKit/537.36 (KHTML, like Gecko; compatible; GPTBot/1.2; +https://openai.com/gptbot)"
198.54.114.83 - - [17/Apr/2025:16:26:52 -0400] "POST /wp-cron.php?doing_wp_cron=1744921612.3291990756988525390625 HTTP/1.1" 200 0 "-" "WordPress/6.8; https://freelancingclients.com"
198.54.114.83 - - [17/Apr/2025:16:26:53 -0400] "POST /wp-admin/admin-ajax.php?action=async_litespeed&nonce=xgj0gk0Zz7iR0HP9zTiLciCwSnbiKEul&litespeed_type=imgoptm HTTP/1.1" 200 0 "-" "WordPress/6.8; https://freelancingclients.com"
20.171.207.125 - - [17/Apr/2025:16:26:51 -0400] "GET /buy-youtube-social-shares/feed/ HTTP/1.1" 200 386 "-" "Mozilla/5.0 AppleWebKit/537.36 (KHTML, like Gecko; compatible; GPTBot/1.2; +https://openai.com/gptbot)"
198.54.114.83 - - [17/Apr/2025:16:27:41 -0400] "POST /wp-cron.php?doing_wp_cron=1744921659.9739630222320556640625 HTTP/1.1" 200 0 "-" "WordPress/6.8; https://freelancingclients.com"
20.171.207.125 - - [17/Apr/2025:16:27:39 -0400] "GET /page/24/ HTTP/1.1" 200 10321 "-" "Mozilla/5.0 AppleWebKit/537.36 (KHTML, like Gecko; compatible; GPTBot/1.2; +https://openai.com/gptbot)"
20.171.207.125 - - [17/Apr/2025:16:28:31 -0400] "GET /page/138/ HTTP/1.1" 200 10110 "-" "Mozilla/5.0 AppleWebKit/537.36 (KHTML, like Gecko; compatible; GPTBot/1.2; +https://openai.com/gptbot)"
45.84.107.172 - - [17/Apr/2025:16:28:41 -0400] "GET / HTTP/1.1" 200 10016 "https://freelancingclients.com" "Mozilla/5.0 (X11; Linux x86_64; rv:10.0) Gecko/20150101 Firefox/20.0 (Chrome)"
198.54.114.83 - - [17/Apr/2025:16:28:43 -0400] "POST /wp-cron.php?doing_wp_cron=1744921723.2391860485076904296875 HTTP/1.1" 200 0 "-" "WordPress/6.8; https://freelancingclients.com"
185.220.101.14 - - [17/Apr/2025:16:28:42 -0400] "GET /2021/01 HTTP/1.1" 301 0 "https://freelancingclients.com/2021/01" "Mozilla/5.0 (X11; Linux x86_64; rv:10.0) Gecko/20150101 Firefox/20.0 (Chrome)"
185.220.101.14 - - [17/Apr/2025:16:28:44 -0400] "GET / HTTP/1.1" 200 10016 "https://freelancingclients.com/2021/01" "Mozilla/5.0 (X11; Linux x86_64; rv:10.0) Gecko/20150101 Firefox/20.0 (Chrome)"
198.54.114.83 - - [17/Apr/2025:16:28:44 -0400] "POST /wp-admin/admin-ajax.php?action=async_litespeed&nonce=KoZkC4G8HpQzUFsdsKxbqMPi478ps7aa&litespeed_type=imgoptm HTTP/1.1" 200 0 "-" "WordPress/6.8; https://freelancingclients.com"
185.220.101.14 - - [17/Apr/2025:16:28:46 -0400] "GET /2021/02 HTTP/1.1" 301 0 "https://freelancingclients.com/2021/02" "Mozilla/5.0 (X11; Linux x86_64; rv:10.0) Gecko/20150101 Firefox/20.0 (Chrome)"
185.220.101.14 - - [17/Apr/2025:16:28:48 -0400] "GET / HTTP/1.1" 200 10016 "https://freelancingclients.com/2021/02" "Mozilla/5.0 (X11; Linux x86_64; rv:10.0) Gecko/20150101 Firefox/20.0 (Chrome)"
45.84.107.222 - - [17/Apr/2025:16:28:49 -0400] "GET /2021/03 HTTP/1.1" 301 0 "https://freelancingclients.com/2021/03" "Mozilla/5.0 (X11; Linux x86_64; rv:10.0) Gecko/20150101 Firefox/20.0 (Chrome)"
45.84.107.222 - - [17/Apr/2025:16:28:50 -0400] "GET / HTTP/1.1" 200 10016 "https://freelancingclients.com/2021/03" "Mozilla/5.0 (X11; Linux x86_64; rv:10.0) Gecko/20150101 Firefox/20.0 (Chrome)"
185.220.100.252 - - [17/Apr/2025:16:28:51 -0400] "GET /2021/04 HTTP/1.1" 301 0 "https://freelancingclients.com/2021/04" "Mozilla/5.0 (X11; Linux x86_64; rv:10.0) Gecko/20150101 Firefox/20.0 (Chrome)"
185.220.100.252 - - [17/Apr/2025:16:28:53 -0400] "GET / HTTP/1.1" 200 10016 "https://freelancingclients.com/2021/04" "Mozilla/5.0 (X11; Linux x86_64; rv:10.0) Gecko/20150101 Firefox/20.0 (Chrome)"
185.220.100.252 - - [17/Apr/2025:16:28:54 -0400] "GET /2022/01 HTTP/1.1" 301 0 "https://freelancingclients.com/2022/01" "Mozilla/5.0 (X11; Linux x86_64; rv:10.0) Gecko/20150101 Firefox/20.0 (Chrome)"
185.220.100.252 - - [17/Apr/2025:16:28:56 -0400] "GET / HTTP/1.1" 200 10016 "https://freelancingclients.com/2022/01" "Mozilla/5.0 (X11; Linux x86_64; rv:10.0) Gecko/20150101 Firefox/20.0 (Chrome)"
185.220.100.252 - - [17/Apr/2025:16:28:57 -0400] "GET /2023/01 HTTP/1.1" 404 8131 "https://freelancingclients.com/2023/01" "Mozilla/5.0 (X11; Linux x86_64; rv:10.0) Gecko/20150101 Firefox/20.0 (Chrome)"
185.220.100.252 - - [17/Apr/2025:16:28:58 -0400] "GET /2023/02 HTTP/1.1" 301 0 "https://freelancingclients.com/2023/02" "Mozilla/5.0 (X11; Linux x86_64; rv:10.0) Gecko/20150101 Firefox/20.0 (Chrome)"
185.220.100.252 - - [17/Apr/2025:16:29:00 -0400] "GET / HTTP/1.1" 200 10016 "https://freelancingclients.com/2023/02" "Mozilla/5.0 (X11; Linux x86_64; rv:10.0) Gecko/20150101 Firefox/20.0 (Chrome)"
192.42.116.193 - - [17/Apr/2025:16:29:02 -0400] "GET /2023/03 HTTP/1.1" 301 0 "https://freelancingclients.com/2023/03" "Mozilla/5.0 (X11; Linux x86_64; rv:10.0) Gecko/20150101 Firefox/20.0 (Chrome)"
192.42.116.193 - - [17/Apr/2025:16:29:03 -0400] "GET / HTTP/1.1" 200 10016 "https://freelancingclients.com/2023/03" "Mozilla/5.0 (X11; Linux x86_64; rv:10.0) Gecko/20150101 Firefox/20.0 (Chrome)"
192.42.116.193 - - [17/Apr/2025:16:29:04 -0400] "GET /2023/04 HTTP/1.1" 301 0 "https://freelancingclients.com/2023/04" "Mozilla/5.0 (X11; Linux x86_64; rv:10.0) Gecko/20150101 Firefox/20.0 (Chrome)"
192.42.116.193 - - [17/Apr/2025:16:29:06 -0400] "GET / HTTP/1.1" 200 10016 "https://freelancingclients.com/2023/04" "Mozilla/5.0 (X11; Linux x86_64; rv:10.0) Gecko/20150101 Firefox/20.0 (Chrome)"
192.42.116.193 - - [17/Apr/2025:16:29:08 -0400] "GET /2023/05 HTTP/1.1" 301 0 "https://freelancingclients.com/2023/05" "Mozilla/5.0 (X11; Linux x86_64; rv:10.0) Gecko/20150101 Firefox/20.0 (Chrome)"
192.42.116.193 - - [17/Apr/2025:16:29:09 -0400] "GET / HTTP/1.1" 200 10016 "https://freelancingclients.com/2023/05" "Mozilla/5.0 (X11; Linux x86_64; rv:10.0) Gecko/20150101 Firefox/20.0 (Chrome)"
185.183.157.214 - - [17/Apr/2025:16:29:12 -0400] "GET /2023/06 HTTP/1.1" 301 0 "https://freelancingclients.com/2023/06" "Mozilla/5.0 (X11; Linux x86_64; rv:10.0) Gecko/20150101 Firefox/20.0 (Chrome)"
185.183.157.214 - - [17/Apr/2025:16:29:13 -0400] "GET / HTTP/1.1" 200 10016 "https://freelancingclients.com/2023/06" "Mozilla/5.0 (X11; Linux x86_64; rv:10.0) Gecko/20150101 Firefox/20.0 (Chrome)"
198.54.114.83 - - [17/Apr/2025:16:29:17 -0400] "POST /wp-cron.php?doing_wp_cron=1744921756.6810519695281982421875 HTTP/1.1" 200 0 "-" "WordPress/6.8; https://freelancingclients.com"
185.183.157.214 - - [17/Apr/2025:16:29:15 -0400] "GET /2023/07 HTTP/1.1" 301 0 "https://freelancingclients.com/2023/07" "Mozilla/5.0 (X11; Linux x86_64; rv:10.0) Gecko/20150101 Firefox/20.0 (Chrome)"
185.183.157.214 - - [17/Apr/2025:16:29:19 -0400] "GET / HTTP/1.1" 200 0 "https://freelancingclients.com/2023/07" "Mozilla/5.0 (X11; Linux x86_64; rv:10.0) Gecko/20150101 Firefox/20.0 (Chrome)"
20.171.207.125 - - [17/Apr/2025:16:29:22 -0400] "GET /wp-json/wp/v2/posts/432 HTTP/1.1" 200 15090 "-" "Mozilla/5.0 AppleWebKit/537.36 (KHTML, like Gecko; compatible; GPTBot/1.2; +https://openai.com/gptbot)"
109.70.100.67 - - [17/Apr/2025:16:29:39 -0400] "GET /2024/05 HTTP/1.1" 301 0 "https://freelancingclients.com/2024/05" "Mozilla/5.0 (X11; Linux x86_64; rv:10.0) Gecko/20150101 Firefox/20.0 (Chrome)"
109.70.100.67 - - [17/Apr/2025:16:29:41 -0400] "GET / HTTP/1.1" 200 10016 "https://freelancingclients.com/2024/05" "Mozilla/5.0 (X11; Linux x86_64; rv:10.0) Gecko/20150101 Firefox/20.0 (Chrome)"
109.70.100.67 - - [17/Apr/2025:16:29:43 -0400] "GET /2024/06 HTTP/1.1" 301 0 "https://freelancingclients.com/2024/06" "Mozilla/5.0 (X11; Linux x86_64; rv:10.0) Gecko/20150101 Firefox/20.0 (Chrome)"
109.70.100.67 - - [17/Apr/2025:16:29:45 -0400] "GET / HTTP/1.1" 200 10016 "https://freelancingclients.com/2024/06" "Mozilla/5.0 (X11; Linux x86_64; rv:10.0) Gecko/20150101 Firefox/20.0 (Chrome)"
185.220.101.6 - - [17/Apr/2025:16:29:47 -0400] "GET /2024/07 HTTP/1.1" 301 0 "https://freelancingclients.com/2024/07" "Mozilla/5.0 (X11; Linux x86_64; rv:10.0) Gecko/20150101 Firefox/20.0 (Chrome)"
185.220.101.6 - - [17/Apr/2025:16:29:48 -0400] "GET / HTTP/1.1" 200 10016 "https://freelancingclients.com/2024/07" "Mozilla/5.0 (X11; Linux x86_64; rv:10.0) Gecko/20150101 Firefox/20.0 (Chrome)"
185.220.101.6 - - [17/Apr/2025:16:29:50 -0400] "GET /2024/08 HTTP/1.1" 301 0 "https://freelancingclients.com/2024/08" "Mozilla/5.0 (X11; Linux x86_64; rv:10.0) Gecko/20150101 Firefox/20.0 (Chrome)"
185.220.101.6 - - [17/Apr/2025:16:29:51 -0400] "GET / HTTP/1.1" 200 10016 "https://freelancingclients.com/2024/08" "Mozilla/5.0 (X11; Linux x86_64; rv:10.0) Gecko/20150101 Firefox/20.0 (Chrome)"
185.220.101.6 - - [17/Apr/2025:16:29:52 -0400] "GET /2024/09 HTTP/1.1" 301 0 "https://freelancingclients.com/2024/09" "Mozilla/5.0 (X11; Linux x86_64; rv:10.0) Gecko/20150101 Firefox/20.0 (Chrome)"
185.220.101.6 - - [17/Apr/2025:16:29:52 -0400] "GET / HTTP/1.1" 200 10016 "https://freelancingclients.com/2024/09" "Mozilla/5.0 (X11; Linux x86_64; rv:10.0) Gecko/20150101 Firefox/20.0 (Chrome)"
185.220.101.6 - - [17/Apr/2025:16:29:53 -0400] "GET /2024/10 HTTP/1.1" 301 0 "https://freelancingclients.com/2024/10" "Mozilla/5.0 (X11; Linux x86_64; rv:10.0) Gecko/20150101 Firefox/20.0 (Chrome)"
185.220.101.6 - - [17/Apr/2025:16:29:54 -0400] "GET / HTTP/1.1" 200 10016 "https://freelancingclients.com/2024/10" "Mozilla/5.0 (X11; Linux x86_64; rv:10.0) Gecko/20150101 Firefox/20.0 (Chrome)"
185.220.101.6 - - [17/Apr/2025:16:29:55 -0400] "GET /2024/12 HTTP/1.1" 301 0 "https://freelancingclients.com/2024/12" "Mozilla/5.0 (X11; Linux x86_64; rv:10.0) Gecko/20150101 Firefox/20.0 (Chrome)"
185.220.101.6 - - [17/Apr/2025:16:29:56 -0400] "GET / HTTP/1.1" 200 10016 "https://freelancingclients.com/2024/12" "Mozilla/5.0 (X11; Linux x86_64; rv:10.0) Gecko/20150101 Firefox/20.0 (Chrome)"
185.220.101.6 - - [17/Apr/2025:16:29:57 -0400] "GET /2025/01 HTTP/1.1" 301 0 "https://freelancingclients.com/2025/01" "Mozilla/5.0 (X11; Linux x86_64; rv:10.0) Gecko/20150101 Firefox/20.0 (Chrome)"
185.220.101.6 - - [17/Apr/2025:16:29:58 -0400] "GET / HTTP/1.1" 200 10016 "https://freelancingclients.com/2025/01" "Mozilla/5.0 (X11; Linux x86_64; rv:10.0) Gecko/20150101 Firefox/20.0 (Chrome)"
107.189.13.180 - - [17/Apr/2025:16:29:59 -0400] "GET /2025/02 HTTP/1.1" 301 0 "https://freelancingclients.com/2025/02" "Mozilla/5.0 (X11; Linux x86_64; rv:10.0) Gecko/20150101 Firefox/20.0 (Chrome)"
107.189.13.180 - - [17/Apr/2025:16:30:00 -0400] "GET / HTTP/1.1" 200 10016 "https://freelancingclients.com/2025/02" "Mozilla/5.0 (X11; Linux x86_64; rv:10.0) Gecko/20150101 Firefox/20.0 (Chrome)"
107.189.13.180 - - [17/Apr/2025:16:30:01 -0400] "GET /2025/03 HTTP/1.1" 301 0 "https://freelancingclients.com/2025/03" "Mozilla/5.0 (X11; Linux x86_64; rv:10.0) Gecko/20150101 Firefox/20.0 (Chrome)"
107.189.13.180 - - [17/Apr/2025:16:30:03 -0400] "GET / HTTP/1.1" 200 10016 "https://freelancingclients.com/2025/03" "Mozilla/5.0 (X11; Linux x86_64; rv:10.0) Gecko/20150101 Firefox/20.0 (Chrome)"
107.189.13.180 - - [17/Apr/2025:16:30:04 -0400] "GET /5-steps-to-a-catchy-bot-name-ideas HTTP/1.1" 301 0 "https://freelancingclients.com/5-steps-to-a-catchy-bot-name-ideas" "Mozilla/5.0 (X11; Linux x86_64; rv:10.0) Gecko/20150101 Firefox/20.0 (Chrome)"
107.189.13.180 - - [17/Apr/2025:16:30:05 -0400] "GET /5-steps-to-a-catchy-bot-name-ideas/ HTTP/1.1" 200 92643 "https://freelancingclients.com/5-steps-to-a-catchy-bot-name-ideas" "Mozilla/5.0 (X11; Linux x86_64; rv:10.0) Gecko/20150101 Firefox/20.0 (Chrome)"
20.171.207.125 - - [17/Apr/2025:16:30:09 -0400] "GET /wp-json/wp/v2/posts/439 HTTP/1.1" 200 13944 "-" "Mozilla/5.0 AppleWebKit/537.36 (KHTML, like Gecko; compatible; GPTBot/1.2; +https://openai.com/gptbot)"
107.189.13.180 - - [17/Apr/2025:16:30:09 -0400] "POST /wp-comments-post.php HTTP/1.1" 302 0 "https://freelancingclients.com/wp-comments-post.php" "Mozilla/5.0 (X11; Linux x86_64; rv:10.0) Gecko/20150101 Firefox/20.0 (Chrome)"
107.189.13.180 - - [17/Apr/2025:16:30:13 -0400] "GET /5-steps-to-a-catchy-bot-name-ideas/ HTTP/1.1" 200 92643 "https://freelancingclients.com/wp-comments-post.php" "Mozilla/5.0 (X11; Linux x86_64; rv:10.0) Gecko/20150101 Firefox/20.0 (Chrome)"
185.220.100.242 - - [17/Apr/2025:16:30:16 -0400] "GET /6-cognitive-automation-use-cases-in-the-enterprise HTTP/1.1" 301 0 "https://freelancingclients.com/6-cognitive-automation-use-cases-in-the-enterprise" "Mozilla/5.0 (X11; Linux x86_64; rv:10.0) Gecko/20150101 Firefox/20.0 (Chrome)"
185.220.100.242 - - [17/Apr/2025:16:30:18 -0400] "GET /6-cognitive-automation-use-cases-in-the-enterprise/ HTTP/1.1" 200 79066 "https://freelancingclients.com/6-cognitive-automation-use-cases-in-the-enterprise" "Mozilla/5.0 (X11; Linux x86_64; rv:10.0) Gecko/20150101 Firefox/20.0 (Chrome)"
198.54.114.83 - - [17/Apr/2025:16:30:24 -0400] "POST /wp-cron.php?doing_wp_cron=1744921822.2657990455627441406250 HTTP/1.1" 200 0 "-" "WordPress/6.8; https://freelancingclients.com"
192.42.116.191 - - [17/Apr/2025:16:30:21 -0400] "POST /wp-comments-post.php HTTP/1.1" 429 982 "https://freelancingclients.com/wp-comments-post.php" "Mozilla/5.0 (X11; Linux x86_64; rv:10.0) Gecko/20150101 Firefox/20.0 (Chrome)"
192.42.116.191 - - [17/Apr/2025:16:30:25 -0400] "GET /a-guide-to-sentiment-analysis-using-nlp HTTP/1.1" 301 0 "https://freelancingclients.com/a-guide-to-sentiment-analysis-using-nlp" "Mozilla/5.0 (X11; Linux x86_64; rv:10.0) Gecko/20150101 Firefox/20.0 (Chrome)"
192.42.116.191 - - [17/Apr/2025:16:30:26 -0400] "GET /a-guide-to-sentiment-analysis-using-nlp/ HTTP/1.1" 200 76302 "https://freelancingclients.com/a-guide-to-sentiment-analysis-using-nlp" "Mozilla/5.0 (X11; Linux x86_64; rv:10.0) Gecko/20150101 Firefox/20.0 (Chrome)"
192.42.116.191 - - [17/Apr/2025:16:30:27 -0400] "POST /wp-comments-post.php HTTP/1.1" 302 0 "https://freelancingclients.com/wp-comments-post.php" "Mozilla/5.0 (X11; Linux x86_64; rv:10.0) Gecko/20150101 Firefox/20.0 (Chrome)"
192.42.116.191 - - [17/Apr/2025:16:30:32 -0400] "GET /a-guide-to-sentiment-analysis-using-nlp/ HTTP/1.1" 200 76302 "https://freelancingclients.com/wp-comments-post.php" "Mozilla/5.0 (X11; Linux x86_64; rv:10.0) Gecko/20150101 Firefox/20.0 (Chrome)"
43.154.109.7 - - [17/Apr/2025:16:30:32 -0400] "GET /portland-marketing-agencies/ HTTP/1.1" 200 11134 "-" "Python/3.10 aiohttp/3.10.5"
86.54.28.49 - - [17/Apr/2025:16:30:36 -0400] "GET /apprendre-a-jouer-de-la-guitare-un-voyage-musical HTTP/1.1" 301 0 "https://freelancingclients.com/apprendre-a-jouer-de-la-guitare-un-voyage-musical" "Mozilla/5.0 (X11; Linux x86_64; rv:10.0) Gecko/20150101 Firefox/20.0 (Chrome)"
86.54.28.49 - - [17/Apr/2025:16:30:38 -0400] "GET /apprendre-a-jouer-de-la-guitare-un-voyage-musical/ HTTP/1.1" 200 10999 "https://freelancingclients.com/apprendre-a-jouer-de-la-guitare-un-voyage-musical" "Mozilla/5.0 (X11; Linux x86_64; rv:10.0) Gecko/20150101 Firefox/20.0 (Chrome)"
185.220.101.19 - - [17/Apr/2025:16:30:42 -0400] "POST /wp-comments-post.php HTTP/1.1" 429 982 "https://freelancingclients.com/wp-comments-post.php" "Mozilla/5.0 (X11; Linux x86_64; rv:10.0) Gecko/20150101 Firefox/20.0 (Chrome)"
185.220.101.183 - - [17/Apr/2025:16:30:46 -0400] "GET /category/about-us HTTP/1.1" 301 0 "https://freelancingclients.com/category/about-us" "Mozilla/5.0 (X11; Linux x86_64; rv:10.0) Gecko/20150101 Firefox/20.0 (Chrome)"
185.220.101.183 - - [17/Apr/2025:16:30:48 -0400] "GET /category/about-us/ HTTP/1.1" 200 8376 "https://freelancingclients.com/category/about-us" "Mozilla/5.0 (X11; Linux x86_64; rv:10.0) Gecko/20150101 Firefox/20.0 (Chrome)"
192.42.116.179 - - [17/Apr/2025:16:30:54 -0400] "GET /category/activity HTTP/1.1" 301 0 "https://freelancingclients.com/category/activity" "Mozilla/5.0 (X11; Linux x86_64; rv:10.0) Gecko/20150101 Firefox/20.0 (Chrome)"
192.42.116.179 - - [17/Apr/2025:16:30:54 -0400] "GET /category/activity/ HTTP/1.1" 200 10188 "https://freelancingclients.com/category/activity" "Mozilla/5.0 (X11; Linux x86_64; rv:10.0) Gecko/20150101 Firefox/20.0 (Chrome)"
185.246.189.140 - - [17/Apr/2025:16:30:57 -0400] "GET /category/contact-us HTTP/1.1" 301 0 "https://freelancingclients.com/category/contact-us" "Mozilla/5.0 (X11; Linux x86_64; rv:10.0) Gecko/20150101 Firefox/20.0 (Chrome)"
185.246.189.140 - - [17/Apr/2025:16:30:58 -0400] "GET /category/contact-us/ HTTP/1.1" 200 8410 "https://freelancingclients.com/category/contact-us" "Mozilla/5.0 (X11; Linux x86_64; rv:10.0) Gecko/20150101 Firefox/20.0 (Chrome)"
185.246.189.140 - - [17/Apr/2025:16:30:59 -0400] "GET /category/sign-in HTTP/1.1" 301 0 "https://freelancingclients.com/category/sign-in" "Mozilla/5.0 (X11; Linux x86_64; rv:10.0) Gecko/20150101 Firefox/20.0 (Chrome)"
185.246.189.140 - - [17/Apr/2025:16:31:01 -0400] "GET /category/sign-in/ HTTP/1.1" 200 8408 "https://freelancingclients.com/category/sign-in" "Mozilla/5.0 (X11; Linux x86_64; rv:10.0) Gecko/20150101 Firefox/20.0 (Chrome)"
185.246.189.140 - - [17/Apr/2025:16:31:03 -0400] "GET /category/sign-up HTTP/1.1" 301 0 "https://freelancingclients.com/category/sign-up" "Mozilla/5.0 (X11; Linux x86_64; rv:10.0) Gecko/20150101 Firefox/20.0 (Chrome)"
185.246.189.140 - - [17/Apr/2025:16:31:04 -0400] "GET /category/sign-up/ HTTP/1.1" 200 8410 "https://freelancingclients.com/category/sign-up" "Mozilla/5.0 (X11; Linux x86_64; rv:10.0) Gecko/20150101 Firefox/20.0 (Chrome)"
20.171.207.125 - - [17/Apr/2025:16:31:03 -0400] "GET /wp-json/wp/v2/posts/445 HTTP/1.1" 200 10290 "-" "Mozilla/5.0 AppleWebKit/537.36 (KHTML, like Gecko; compatible; GPTBot/1.2; +https://openai.com/gptbot)"
185.246.189.140 - - [17/Apr/2025:16:31:05 -0400] "GET /comments/feed HTTP/1.1" 301 0 "https://freelancingclients.com/comments/feed" "Mozilla/5.0 (X11; Linux x86_64; rv:10.0) Gecko/20150101 Firefox/20.0 (Chrome)"
185.246.189.140 - - [17/Apr/2025:16:31:06 -0400] "GET /comments/feed/ HTTP/1.1" 200 365 "https://freelancingclients.com/comments/feed" "Mozilla/5.0 (X11; Linux x86_64; rv:10.0) Gecko/20150101 Firefox/20.0 (Chrome)"
185.129.61.6 - - [17/Apr/2025:16:31:07 -0400] "GET /decouvrez-lart-de-la-medecine-esthetique-a-rouen HTTP/1.1" 301 0 "https://freelancingclients.com/decouvrez-lart-de-la-medecine-esthetique-a-rouen" "Mozilla/5.0 (X11; Linux x86_64; rv:10.0) Gecko/20150101 Firefox/20.0 (Chrome)"
185.129.61.6 - - [17/Apr/2025:16:31:08 -0400] "GET /decouvrez-lart-de-la-medecine-esthetique-a-rouen/ HTTP/1.1" 200 10825 "https://freelancingclients.com/decouvrez-lart-de-la-medecine-esthetique-a-rouen" "Mozilla/5.0 (X11; Linux x86_64; rv:10.0) Gecko/20150101 Firefox/20.0 (Chrome)"
185.129.61.6 - - [17/Apr/2025:16:31:11 -0400] "POST /wp-comments-post.php HTTP/1.1" 302 0 "https://freelancingclients.com/wp-comments-post.php" "Mozilla/5.0 (X11; Linux x86_64; rv:10.0) Gecko/20150101 Firefox/20.0 (Chrome)"
185.129.61.6 - - [17/Apr/2025:16:31:13 -0400] "GET /decouvrez-lart-de-la-medecine-esthetique-a-rouen/ HTTP/1.1" 200 10825 "https://freelancingclients.com/wp-comments-post.php" "Mozilla/5.0 (X11; Linux x86_64; rv:10.0) Gecko/20150101 Firefox/20.0 (Chrome)"
185.129.61.6 - - [17/Apr/2025:16:31:14 -0400] "GET /feed HTTP/1.1" 301 0 "https://freelancingclients.com/feed" "Mozilla/5.0 (X11; Linux x86_64; rv:10.0) Gecko/20150101 Firefox/20.0 (Chrome)"
185.129.61.6 - - [17/Apr/2025:16:31:15 -0400] "GET /feed/ HTTP/1.1" 200 573951 "https://freelancingclients.com/feed" "Mozilla/5.0 (X11; Linux x86_64; rv:10.0) Gecko/20150101 Firefox/20.0 (Chrome)"
185.220.101.108 - - [17/Apr/2025:16:31:18 -0400] "GET /gpt-5-latest-news-updates-and-everything-we-know HTTP/1.1" 301 0 "https://freelancingclients.com/gpt-5-latest-news-updates-and-everything-we-know" "Mozilla/5.0 (X11; Linux x86_64; rv:10.0) Gecko/20150101 Firefox/20.0 (Chrome)"
185.220.101.108 - - [17/Apr/2025:16:31:19 -0400] "GET /gpt-5-latest-news-updates-and-everything-we-know/ HTTP/1.1" 200 98106 "https://freelancingclients.com/gpt-5-latest-news-updates-and-everything-we-know" "Mozilla/5.0 (X11; Linux x86_64; rv:10.0) Gecko/20150101 Firefox/20.0 (Chrome)"
185.220.101.108 - - [17/Apr/2025:16:31:21 -0400] "POST /wp-comments-post.php HTTP/1.1" 429 982 "https://freelancingclients.com/wp-comments-post.php" "Mozilla/5.0 (X11; Linux x86_64; rv:10.0) Gecko/20150101 Firefox/20.0 (Chrome)"
185.220.101.108 - - [17/Apr/2025:16:31:25 -0400] "GET /how-to-build-the-ultimate-ai-chatbot-by-following HTTP/1.1" 301 0 "https://freelancingclients.com/how-to-build-the-ultimate-ai-chatbot-by-following" "Mozilla/5.0 (X11; Linux x86_64; rv:10.0) Gecko/20150101 Firefox/20.0 (Chrome)"
185.220.101.108 - - [17/Apr/2025:16:31:26 -0400] "GET /how-to-build-the-ultimate-ai-chatbot-by-following/ HTTP/1.1" 200 98782 "https://freelancingclients.com/how-to-build-the-ultimate-ai-chatbot-by-following" "Mozilla/5.0 (X11; Linux x86_64; rv:10.0) Gecko/20150101 Firefox/20.0 (Chrome)"
198.54.114.83 - - [17/Apr/2025:16:31:32 -0400] "POST /wp-cron.php?doing_wp_cron=1744921891.1674699783325195312500 HTTP/1.1" 200 0 "-" "WordPress/6.8; https://freelancingclients.com"
185.220.101.108 - - [17/Apr/2025:16:31:30 -0400] "POST /wp-comments-post.php HTTP/1.1" 302 0 "https://freelancingclients.com/wp-comments-post.php" "Mozilla/5.0 (X11; Linux x86_64; rv:10.0) Gecko/20150101 Firefox/20.0 (Chrome)"
198.54.114.83 - - [17/Apr/2025:16:31:35 -0400] "POST /wp-admin/admin-ajax.php?action=async_litespeed&nonce=UsO4VEV8048F8emAAiTFx5Y5ZICRl38h&litespeed_type=imgoptm HTTP/1.1" 200 0 "-" "WordPress/6.8; https://freelancingclients.com"
185.220.101.108 - - [17/Apr/2025:16:31:36 -0400] "GET /how-to-build-the-ultimate-ai-chatbot-by-following/ HTTP/1.1" 200 98782 "https://freelancingclients.com/wp-comments-post.php" "Mozilla/5.0 (X11; Linux x86_64; rv:10.0) Gecko/20150101 Firefox/20.0 (Chrome)"
198.54.114.83 - - [17/Apr/2025:16:31:46 -0400] "POST /wp-cron.php?doing_wp_cron=1744921905.5057640075683593750000 HTTP/1.1" 200 0 "-" "WordPress/6.8; https://freelancingclients.com"
192.42.116.184 - - [17/Apr/2025:16:31:45 -0400] "GET /mastering-sms-courses-for-modern-learning HTTP/1.1" 301 0 "https://freelancingclients.com/mastering-sms-courses-for-modern-learning" "Mozilla/5.0 (X11; Linux x86_64; rv:10.0) Gecko/20150101 Firefox/20.0 (Chrome)"
198.54.114.83 - - [17/Apr/2025:16:31:46 -0400] "POST /wp-admin/admin-ajax.php?action=async_litespeed&nonce=wgASFE7dSNuweWlp8fe0BlWfuBWXWcQs&litespeed_type=imgoptm HTTP/1.1" 200 5 "-" "WordPress/6.8; https://freelancingclients.com"
20.171.207.125 - - [17/Apr/2025:16:31:47 -0400] "GET /wp-json/wp/v2/posts/430 HTTP/1.1" 200 12315 "-" "Mozilla/5.0 AppleWebKit/537.36 (KHTML, like Gecko; compatible; GPTBot/1.2; +https://openai.com/gptbot)"
192.42.116.184 - - [17/Apr/2025:16:31:51 -0400] "GET /mastering-sms-courses-for-modern-learning/ HTTP/1.1" 200 10507 "https://freelancingclients.com/mastering-sms-courses-for-modern-learning" "Mozilla/5.0 (X11; Linux x86_64; rv:10.0) Gecko/20150101 Firefox/20.0 (Chrome)"
195.47.238.83 - - [17/Apr/2025:16:31:59 -0400] "POST /wp-comments-post.php HTTP/1.1" 302 0 "https://freelancingclients.com/wp-comments-post.php" "Mozilla/5.0 (X11; Linux x86_64; rv:10.0) Gecko/20150101 Firefox/20.0 (Chrome)"
195.47.238.83 - - [17/Apr/2025:16:32:02 -0400] "GET /mastering-sms-courses-for-modern-learning/ HTTP/1.1" 200 10507 "https://freelancingclients.com/wp-comments-post.php" "Mozilla/5.0 (X11; Linux x86_64; rv:10.0) Gecko/20150101 Firefox/20.0 (Chrome)"
89.147.110.82 - - [17/Apr/2025:16:32:06 -0400] "GET /page/160 HTTP/1.1" 301 0 "https://freelancingclients.com/page/160" "Mozilla/5.0 (X11; Linux x86_64; rv:10.0) Gecko/20150101 Firefox/20.0 (Chrome)"
89.147.110.82 - - [17/Apr/2025:16:32:06 -0400] "GET /page/160/ HTTP/1.1" 200 8752 "https://freelancingclients.com/page/160" "Mozilla/5.0 (X11; Linux x86_64; rv:10.0) Gecko/20150101 Firefox/20.0 (Chrome)"
89.147.110.82 - - [17/Apr/2025:16:32:08 -0400] "GET /page/2 HTTP/1.1" 301 0 "https://freelancingclients.com/page/2" "Mozilla/5.0 (X11; Linux x86_64; rv:10.0) Gecko/20150101 Firefox/20.0 (Chrome)"
89.147.110.82 - - [17/Apr/2025:16:32:08 -0400] "GET /page/2/ HTTP/1.1" 200 10718 "https://freelancingclients.com/page/2" "Mozilla/5.0 (X11; Linux x86_64; rv:10.0) Gecko/20150101 Firefox/20.0 (Chrome)"
192.42.116.178 - - [17/Apr/2025:16:32:10 -0400] "GET /the-inside-story-of-how-chatgpt-was-built-from-the HTTP/1.1" 301 0 "https://freelancingclients.com/the-inside-story-of-how-chatgpt-was-built-from-the" "Mozilla/5.0 (X11; Linux x86_64; rv:10.0) Gecko/20150101 Firefox/20.0 (Chrome)"
192.42.116.178 - - [17/Apr/2025:16:32:11 -0400] "GET /the-inside-story-of-how-chatgpt-was-built-from-the/ HTTP/1.1" 200 105387 "https://freelancingclients.com/the-inside-story-of-how-chatgpt-was-built-from-the" "Mozilla/5.0 (X11; Linux x86_64; rv:10.0) Gecko/20150101 Firefox/20.0 (Chrome)"
198.54.114.83 - - [17/Apr/2025:16:32:17 -0400] "POST /wp-cron.php?doing_wp_cron=1744921936.8288669586181640625000 HTTP/1.1" 200 0 "-" "WordPress/6.8; https://freelancingclients.com"
192.42.116.178 - - [17/Apr/2025:16:32:16 -0400] "POST /wp-comments-post.php HTTP/1.1" 302 0 "https://freelancingclients.com/wp-comments-post.php" "Mozilla/5.0 (X11; Linux x86_64; rv:10.0) Gecko/20150101 Firefox/20.0 (Chrome)"
192.42.116.178 - - [17/Apr/2025:16:32:20 -0400] "GET /the-inside-story-of-how-chatgpt-was-built-from-the/ HTTP/1.1" 200 105387 "https://freelancingclients.com/wp-comments-post.php" "Mozilla/5.0 (X11; Linux x86_64; rv:10.0) Gecko/20150101 Firefox/20.0 (Chrome)"
51.195.166.174 - - [17/Apr/2025:16:32:23 -0400] "GET /virtual-customer-innovation-staying-close-to-your HTTP/1.1" 301 0 "https://freelancingclients.com/virtual-customer-innovation-staying-close-to-your" "Mozilla/5.0 (X11; Linux x86_64; rv:10.0) Gecko/20150101 Firefox/20.0 (Chrome)"
51.195.166.174 - - [17/Apr/2025:16:32:24 -0400] "GET /virtual-customer-innovation-staying-close-to-your/ HTTP/1.1" 200 88155 "https://freelancingclients.com/virtual-customer-innovation-staying-close-to-your" "Mozilla/5.0 (X11; Linux x86_64; rv:10.0) Gecko/20150101 Firefox/20.0 (Chrome)"
51.195.166.174 - - [17/Apr/2025:16:32:26 -0400] "POST /wp-comments-post.php HTTP/1.1" 429 982 "https://freelancingclients.com/wp-comments-post.php" "Mozilla/5.0 (X11; Linux x86_64; rv:10.0) Gecko/20150101 Firefox/20.0 (Chrome)"
51.195.166.174 - - [17/Apr/2025:16:32:30 -0400] "GET /wp-json HTTP/1.1" 200 200829 "https://freelancingclients.com/wp-json" "Mozilla/5.0 (X11; Linux x86_64; rv:10.0) Gecko/20150101 Firefox/20.0 (Chrome)"
45.84.107.54 - - [17/Apr/2025:16:32:34 -0400] "GET /xmlrpc.php?rsd HTTP/1.1" 200 298 "https://freelancingclients.com/xmlrpc.php?rsd" "Mozilla/5.0 (X11; Linux x86_64; rv:10.0) Gecko/20150101 Firefox/20.0 (Chrome)"
20.171.207.125 - - [17/Apr/2025:16:32:36 -0400] "GET /wp-json/wp/v2/posts/453 HTTP/1.1" 200 12152 "-" "Mozilla/5.0 AppleWebKit/537.36 (KHTML, like Gecko; compatible; GPTBot/1.2; +https://openai.com/gptbot)"
198.54.114.83 - - [17/Apr/2025:16:33:19 -0400] "POST /wp-cron.php?doing_wp_cron=1744921999.6303679943084716796875 HTTP/1.1" 200 0 "-" "WordPress/6.8; https://freelancingclients.com"
20.171.207.125 - - [17/Apr/2025:16:33:18 -0400] "GET /wp-json/wp/v2/posts/450 HTTP/1.1" 200 9594 "-" "Mozilla/5.0 AppleWebKit/537.36 (KHTML, like Gecko; compatible; GPTBot/1.2; +https://openai.com/gptbot)"
198.54.114.83 - - [17/Apr/2025:16:33:20 -0400] "POST /wp-admin/admin-ajax.php?action=async_litespeed&nonce=ZhQcFHRKVqWn6QuFwc2jWupJfD9Ke4fB&litespeed_type=imgoptm HTTP/1.1" 200 0 "-" "WordPress/6.8; https://freelancingclients.com"
52.204.108.110 - - [17/Apr/2025:16:33:59 -0400] "GET /choosing-the-right-manufacturer/ HTTP/1.1" 200 10320 "-" "Grammarly/1.0 (http://www.grammarly.com)"
20.171.207.125 - - [17/Apr/2025:16:34:03 -0400] "GET /wp-json/wp/v2/posts/427 HTTP/1.1" 200 9325 "-" "Mozilla/5.0 AppleWebKit/537.36 (KHTML, like Gecko; compatible; GPTBot/1.2; +https://openai.com/gptbot)"
198.54.114.83 - - [17/Apr/2025:16:34:03 -0400] "POST /wp-admin/admin-ajax.php?action=async_litespeed&nonce=f4cr16XYbmLM4znQJ0bac5jdj58fqYgu&litespeed_type=imgoptm HTTP/1.1" 200 5 "-" "WordPress/6.8; https://freelancingclients.com"
198.54.114.83 - - [17/Apr/2025:16:34:45 -0400] "POST /wp-cron.php?doing_wp_cron=1744922085.5694110393524169921875 HTTP/1.1" 200 0 "-" "WordPress/6.8; https://freelancingclients.com"
20.171.207.125 - - [17/Apr/2025:16:34:45 -0400] "GET /wp-json/wp/v2/posts/443 HTTP/1.1" 200 13426 "-" "Mozilla/5.0 AppleWebKit/537.36 (KHTML, like Gecko; compatible; GPTBot/1.2; +https://openai.com/gptbot)"
198.54.114.83 - - [17/Apr/2025:16:34:47 -0400] "POST /wp-admin/admin-ajax.php?action=async_litespeed&nonce=gxfjgE5vx77cg9kU13JfeMIYi6uxF5I9&litespeed_type=imgoptm HTTP/1.1" 200 5 "-" "WordPress/6.8; https://freelancingclients.com"
20.171.207.125 - - [17/Apr/2025:16:35:30 -0400] "GET /choosing-the-right-iptv-subscription-for-your-needs/ HTTP/1.1" 200 10541 "-" "Mozilla/5.0 AppleWebKit/537.36 (KHTML, like Gecko; compatible; GPTBot/1.2; +https://openai.com/gptbot)"
223.109.252.180 - - [17/Apr/2025:16:35:46 -0400] "GET / HTTP/1.1" 200 10016 "-" "Sogou web spider/4.0(+http://www.sogou.com/docs/help/webmasters.htm#07)"
198.54.114.83 - - [17/Apr/2025:16:36:10 -0400] "POST /wp-cron.php?doing_wp_cron=1744922169.9729480743408203125000 HTTP/1.1" 200 0 "-" "WordPress/6.8; https://freelancingclients.com"
20.171.207.125 - - [17/Apr/2025:16:36:08 -0400] "GET /key-points-to-consider-when-organizing-a-luxury-yacht-charter-for-your-special-event/ HTTP/1.1" 200 10921 "-" "Mozilla/5.0 AppleWebKit/537.36 (KHTML, like Gecko; compatible; GPTBot/1.2; +https://openai.com/gptbot)"
198.54.114.83 - - [17/Apr/2025:16:36:11 -0400] "POST /wp-admin/admin-ajax.php?action=async_litespeed&nonce=dVaDQqjqPFewyNfIpch0vUedQVp5ukof&litespeed_type=imgoptm HTTP/1.1" 200 0 "-" "WordPress/6.8; https://freelancingclients.com"
198.54.114.83 - - [17/Apr/2025:16:36:56 -0400] "POST /wp-cron.php?doing_wp_cron=1744922215.8929009437561035156250 HTTP/1.1" 200 0 "-" "WordPress/6.8; https://freelancingclients.com"
20.171.207.125 - - [17/Apr/2025:16:36:55 -0400] "GET /exorciser-cette-passion-pourpre-retirer-votre-ancien-papier-peint/ HTTP/1.1" 200 11100 "-" "Mozilla/5.0 AppleWebKit/537.36 (KHTML, like Gecko; compatible; GPTBot/1.2; +https://openai.com/gptbot)"
198.54.114.83 - - [17/Apr/2025:16:36:57 -0400] "POST /wp-admin/admin-ajax.php?action=async_litespeed&nonce=zlaQqtBTFTZCSaHXX31b5A7xO1zox0iJ&litespeed_type=imgoptm HTTP/1.1" 200 0 "-" "WordPress/6.8; https://freelancingclients.com"
198.54.114.83 - - [17/Apr/2025:16:37:32 -0400] "POST /wp-cron.php?doing_wp_cron=1744922251.0892429351806640625000 HTTP/1.1" 200 0 "-" "WordPress/6.8; https://freelancingclients.com"
20.171.207.125 - - [17/Apr/2025:16:37:30 -0400] "GET /the-true-cost-of-building-a-website-in-dubai/ HTTP/1.1" 200 10296 "-" "Mozilla/5.0 AppleWebKit/537.36 (KHTML, like Gecko; compatible; GPTBot/1.2; +https://openai.com/gptbot)"
20.171.207.125 - - [17/Apr/2025:16:38:09 -0400] "GET /mastering-car-interior-cleaning-a-comprehensive-guide/ HTTP/1.1" 200 11100 "-" "Mozilla/5.0 AppleWebKit/537.36 (KHTML, like Gecko; compatible; GPTBot/1.2; +https://openai.com/gptbot)"
198.54.114.83 - - [17/Apr/2025:16:38:40 -0400] "POST /wp-cron.php?doing_wp_cron=1744922320.2551279067993164062500 HTTP/1.1" 200 0 "-" "WordPress/6.8; https://freelancingclients.com"
114.119.163.52 - - [17/Apr/2025:16:38:39 -0400] "GET /category/activity/page/123/ HTTP/1.1" 200 10125 "https://freelancingclients.com/category/activity/page/124/" "Mozilla/5.0 (Linux; Android 7.0;) AppleWebKit/537.36 (KHTML, like Gecko) Mobile Safari/537.36 (compatible; PetalBot;+https://webmaster.petalsearch.com/site/petalbot)"
198.54.114.83 - - [17/Apr/2025:16:38:42 -0400] "POST /wp-admin/admin-ajax.php?action=async_litespeed&nonce=D0g0hO5sf1agT2zOJ3fvcveAycc5Ignl&litespeed_type=imgoptm HTTP/1.1" 200 0 "-" "WordPress/6.8; https://freelancingclients.com"
20.171.207.125 - - [17/Apr/2025:16:38:51 -0400] "GET /the-ultimate-guide-to-choosing-a-breast-pump/ HTTP/1.1" 200 10550 "-" "Mozilla/5.0 AppleWebKit/537.36 (KHTML, like Gecko; compatible; GPTBot/1.2; +https://openai.com/gptbot)"
20.171.207.125 - - [17/Apr/2025:16:39:29 -0400] "GET /les-avantages-visuels-des-nappes-publicitaires/ HTTP/1.1" 200 10286 "-" "Mozilla/5.0 AppleWebKit/537.36 (KHTML, like Gecko; compatible; GPTBot/1.2; +https://openai.com/gptbot)"
198.54.114.83 - - [17/Apr/2025:16:40:11 -0400] "POST /wp-cron.php?doing_wp_cron=1744922411.4037599563598632812500 HTTP/1.1" 200 0 "-" "WordPress/6.8; https://freelancingclients.com"
20.171.207.125 - - [17/Apr/2025:16:40:10 -0400] "GET /the-perfect-fusion-of-fashion-and-function/ HTTP/1.1" 200 10283 "-" "Mozilla/5.0 AppleWebKit/537.36 (KHTML, like Gecko; compatible; GPTBot/1.2; +https://openai.com/gptbot)"
198.54.114.83 - - [17/Apr/2025:16:40:12 -0400] "POST /wp-admin/admin-ajax.php?action=async_litespeed&nonce=54CTnKTwbNhcozTsQzbVWRv7cvwo89KO&litespeed_type=imgoptm HTTP/1.1" 200 5 "-" "WordPress/6.8; https://freelancingclients.com"
20.171.207.125 - - [17/Apr/2025:16:40:50 -0400] "GET /the-timeless-appeal-of-retro-bowl-6x/ HTTP/1.1" 200 10262 "-" "Mozilla/5.0 AppleWebKit/537.36 (KHTML, like Gecko; compatible; GPTBot/1.2; +https://openai.com/gptbot)"
198.54.114.83 - - [17/Apr/2025:16:41:34 -0400] "POST /wp-cron.php?doing_wp_cron=1744922494.2529900074005126953125 HTTP/1.1" 200 0 "-" "WordPress/6.8; https://freelancingclients.com"
20.171.207.125 - - [17/Apr/2025:16:41:33 -0400] "GET /liquidated-damages-arbitration-mediation-clauses/ HTTP/1.1" 200 12497 "-" "Mozilla/5.0 AppleWebKit/537.36 (KHTML, like Gecko; compatible; GPTBot/1.2; +https://openai.com/gptbot)"
198.54.114.83 - - [17/Apr/2025:16:41:36 -0400] "POST /wp-admin/admin-ajax.php?action=async_litespeed&nonce=aTWczGCbmrk6Uh3coXbjaBv6r1zzQOys&litespeed_type=imgoptm HTTP/1.1" 200 0 "-" "WordPress/6.8; https://freelancingclients.com"
20.171.207.125 - - [17/Apr/2025:16:42:12 -0400] "GET /tapisserie-papier-peint-bureau-xxl/ HTTP/1.1" 200 10035 "-" "Mozilla/5.0 AppleWebKit/537.36 (KHTML, like Gecko; compatible; GPTBot/1.2; +https://openai.com/gptbot)"
198.54.114.83 - - [17/Apr/2025:16:42:56 -0400] "POST /wp-cron.php?doing_wp_cron=1744922575.8325159549713134765625 HTTP/1.1" 200 0 "-" "WordPress/6.8; https://freelancingclients.com"
20.171.207.125 - - [17/Apr/2025:16:42:53 -0400] "GET /?p=3249 HTTP/1.1" 301 0 "-" "Mozilla/5.0 AppleWebKit/537.36 (KHTML, like Gecko; compatible; GPTBot/1.2; +https://openai.com/gptbot)"
198.54.114.83 - - [17/Apr/2025:16:42:57 -0400] "POST /wp-admin/admin-ajax.php?action=async_litespeed&nonce=FY2cAzoLAQa9WMe4HvU48H4EMnXpr2Q2&litespeed_type=imgoptm HTTP/1.1" 200 0 "-" "WordPress/6.8; https://freelancingclients.com"
