20.171.207.125 - - [17/Apr/2025:02:02:18 -0400] "GET /how-to-buy-youtube-subscribers-2/ HTTP/1.1" 200 10295 "-" "Mozilla/5.0 AppleWebKit/537.36 (KHTML, like Gecko; compatible; GPTBot/1.2; +https://openai.com/gptbot)"
20.171.207.125 - - [17/Apr/2025:02:02:39 -0400] "GET /wp-content/uploads/2023/02/5.png HTTP/1.1" 200 5967 "-" "Mozilla/5.0 AppleWebKit/537.36 (KHTML, like Gecko; compatible; GPTBot/1.2; +https://openai.com/gptbot)"
20.171.207.125 - - [17/Apr/2025:02:03:00 -0400] "GET /wp-content/uploads/2023/03/4.jpg HTTP/1.1" 200 7834 "-" "Mozilla/5.0 AppleWebKit/537.36 (KHTML, like Gecko; compatible; GPTBot/1.2; +https://openai.com/gptbot)"
20.171.207.125 - - [17/Apr/2025:02:03:25 -0400] "GET /wp-content/uploads/2023/03/5.png HTTP/1.1" 200 5967 "-" "Mozilla/5.0 AppleWebKit/537.36 (KHTML, like Gecko; compatible; GPTBot/1.2; +https://openai.com/gptbot)"
20.171.207.125 - - [17/Apr/2025:02:03:49 -0400] "GET /wp-content/uploads/2023/03/2.jpg HTTP/1.1" 200 7556 "-" "Mozilla/5.0 AppleWebKit/537.36 (KHTML, like Gecko; compatible; GPTBot/1.2; +https://openai.com/gptbot)"
198.54.114.83 - - [17/Apr/2025:02:04:17 -0400] "POST /wp-cron.php?doing_wp_cron=1744869855.8309249877929687500000 HTTP/1.1" 200 0 "-" "WordPress/6.8; https://freelancingclients.com"
20.171.207.125 - - [17/Apr/2025:02:04:11 -0400] "GET /wp-json/wp/v2/posts/3668 HTTP/1.1" 200 11754 "-" "Mozilla/5.0 AppleWebKit/537.36 (KHTML, like Gecko; compatible; GPTBot/1.2; +https://openai.com/gptbot)"
20.171.207.125 - - [17/Apr/2025:02:04:39 -0400] "GET /wp-json/wp/v2/posts/3666 HTTP/1.1" 200 11869 "-" "Mozilla/5.0 AppleWebKit/537.36 (KHTML, like Gecko; compatible; GPTBot/1.2; +https://openai.com/gptbot)"
20.171.207.125 - - [17/Apr/2025:02:05:02 -0400] "GET /wp-json/wp/v2/posts/3682 HTTP/1.1" 200 11688 "-" "Mozilla/5.0 AppleWebKit/537.36 (KHTML, like Gecko; compatible; GPTBot/1.2; +https://openai.com/gptbot)"
20.171.207.125 - - [17/Apr/2025:02:05:28 -0400] "GET /wp-json/wp/v2/posts/3672 HTTP/1.1" 200 10897 "-" "Mozilla/5.0 AppleWebKit/537.36 (KHTML, like Gecko; compatible; GPTBot/1.2; +https://openai.com/gptbot)"
198.54.114.83 - - [17/Apr/2025:02:05:32 -0400] "POST /wp-cron.php?doing_wp_cron=1744869928.5793099403381347656250 HTTP/1.1" 200 0 "-" "WordPress/6.8; https://freelancingclients.com"
20.171.207.125 - - [17/Apr/2025:02:06:06 -0400] "GET /xmlrpc.php HTTP/1.1" 405 46 "-" "Mozilla/5.0 AppleWebKit/537.36 (KHTML, like Gecko; compatible; GPTBot/1.2; +https://openai.com/gptbot)"
20.171.207.125 - - [17/Apr/2025:02:06:31 -0400] "GET /?p=1483 HTTP/1.1" 301 0 "-" "Mozilla/5.0 AppleWebKit/537.36 (KHTML, like Gecko; compatible; GPTBot/1.2; +https://openai.com/gptbot)"
198.54.114.83 - - [17/Apr/2025:02:06:40 -0400] "POST /wp-cron.php?doing_wp_cron=1744869992.9093639850616455078125 HTTP/1.1" 200 0 "-" "WordPress/6.8; https://freelancingclients.com"
20.171.207.125 - - [17/Apr/2025:02:06:59 -0400] "GET /how-to-buy-youtube-subscribers-2/feed/ HTTP/1.1" 200 404 "-" "Mozilla/5.0 AppleWebKit/537.36 (KHTML, like Gecko; compatible; GPTBot/1.2; +https://openai.com/gptbot)"
20.171.207.125 - - [17/Apr/2025:02:07:24 -0400] "GET /wp-json/wp/v2/posts/3664 HTTP/1.1" 200 11275 "-" "Mozilla/5.0 AppleWebKit/537.36 (KHTML, like Gecko; compatible; GPTBot/1.2; +https://openai.com/gptbot)"
20.171.207.125 - - [17/Apr/2025:02:07:46 -0400] "GET /wp-json/wp/v2/posts/1916 HTTP/1.1" 200 11766 "-" "Mozilla/5.0 AppleWebKit/537.36 (KHTML, like Gecko; compatible; GPTBot/1.2; +https://openai.com/gptbot)"
198.54.114.83 - - [17/Apr/2025:02:07:51 -0400] "POST /wp-cron.php?doing_wp_cron=1744870067.6031830310821533203125 HTTP/1.1" 200 0 "-" "WordPress/6.8; https://freelancingclients.com"
20.171.207.125 - - [17/Apr/2025:02:08:11 -0400] "GET /wp-json/wp/v2/posts/1933 HTTP/1.1" 200 11094 "-" "Mozilla/5.0 AppleWebKit/537.36 (KHTML, like Gecko; compatible; GPTBot/1.2; +https://openai.com/gptbot)"
20.171.207.125 - - [17/Apr/2025:02:08:35 -0400] "GET /wp-json/wp/v2/posts/3662 HTTP/1.1" 200 10969 "-" "Mozilla/5.0 AppleWebKit/537.36 (KHTML, like Gecko; compatible; GPTBot/1.2; +https://openai.com/gptbot)"
20.171.207.125 - - [17/Apr/2025:02:08:59 -0400] "GET /wp-json/wp/v2/posts/3678 HTTP/1.1" 200 11873 "-" "Mozilla/5.0 AppleWebKit/537.36 (KHTML, like Gecko; compatible; GPTBot/1.2; +https://openai.com/gptbot)"
198.54.114.83 - - [17/Apr/2025:02:09:05 -0400] "POST /wp-cron.php?doing_wp_cron=1744870140.6093430519104003906250 HTTP/1.1" 200 0 "-" "WordPress/6.8; https://freelancingclients.com"
20.171.207.125 - - [17/Apr/2025:02:10:15 -0400] "GET /wp-json/wp/v2/posts/1483 HTTP/1.1" 200 10868 "-" "Mozilla/5.0 AppleWebKit/537.36 (KHTML, like Gecko; compatible; GPTBot/1.2; +https://openai.com/gptbot)"
198.54.114.83 - - [17/Apr/2025:02:10:26 -0400] "POST /wp-cron.php?doing_wp_cron=1744870220.8343980312347412109375 HTTP/1.1" 200 0 "-" "WordPress/6.8; https://freelancingclients.com"
20.171.207.125 - - [17/Apr/2025:02:10:53 -0400] "GET /wp-json/wp/v2/posts/3670 HTTP/1.1" 200 11870 "-" "Mozilla/5.0 AppleWebKit/537.36 (KHTML, like Gecko; compatible; GPTBot/1.2; +https://openai.com/gptbot)"
20.171.207.125 - - [17/Apr/2025:02:11:21 -0400] "GET /wp-json/wp/v2/posts/1896 HTTP/1.1" 200 11296 "-" "Mozilla/5.0 AppleWebKit/537.36 (KHTML, like Gecko; compatible; GPTBot/1.2; +https://openai.com/gptbot)"
20.171.207.125 - - [17/Apr/2025:02:11:48 -0400] "GET /wp-json/wp/v2/posts/3680 HTTP/1.1" 200 12163 "-" "Mozilla/5.0 AppleWebKit/537.36 (KHTML, like Gecko; compatible; GPTBot/1.2; +https://openai.com/gptbot)"
20.171.207.125 - - [17/Apr/2025:02:12:12 -0400] "GET /wp-json/wp/v2/posts/3674 HTTP/1.1" 200 11175 "-" "Mozilla/5.0 AppleWebKit/537.36 (KHTML, like Gecko; compatible; GPTBot/1.2; +https://openai.com/gptbot)"
198.54.114.83 - - [17/Apr/2025:02:12:37 -0400] "POST /wp-cron.php?doing_wp_cron=1744870356.5141561031341552734375 HTTP/1.1" 200 0 "-" "WordPress/6.8; https://freelancingclients.com"
20.171.207.125 - - [17/Apr/2025:02:12:36 -0400] "GET /page/6/ HTTP/1.1" 200 10274 "-" "Mozilla/5.0 AppleWebKit/537.36 (KHTML, like Gecko; compatible; GPTBot/1.2; +https://openai.com/gptbot)"
20.171.207.125 - - [17/Apr/2025:02:13:04 -0400] "GET /page/156/ HTTP/1.1" 200 10240 "-" "Mozilla/5.0 AppleWebKit/537.36 (KHTML, like Gecko; compatible; GPTBot/1.2; +https://openai.com/gptbot)"
20.171.207.125 - - [17/Apr/2025:02:13:29 -0400] "GET /wp-json/wp/v2/posts/14 HTTP/1.1" 200 20320 "-" "Mozilla/5.0 AppleWebKit/537.36 (KHTML, like Gecko; compatible; GPTBot/1.2; +https://openai.com/gptbot)"
45.202.78.182 - - [17/Apr/2025:02:13:40 -0400] "GET /wp-login.php HTTP/1.1" 200 1724 "-" "Mozilla/5.0 (Windows NT 10.0; Win64; x64) AppleWebKit/537.36 (KHTML, like Gecko) Chrome/115.0.0.0 Safari/537.36 Edg/115.0.1901.203"
45.202.78.182 - - [17/Apr/2025:02:13:43 -0400] "POST /wp-login.php HTTP/1.1" 200 1850 "https://freelancingclients.com/wp-login.php" "Mozilla/5.0 (Windows NT 10.0; Win64; x64) AppleWebKit/537.36 (KHTML, like Gecko) Chrome/115.0.0.0 Safari/537.36 Edg/115.0.1901.203"
198.54.114.83 - - [17/Apr/2025:02:13:46 -0400] "POST /wp-cron.php?doing_wp_cron=1744870423.7817530632019042968750 HTTP/1.1" 200 0 "-" "WordPress/6.8; https://freelancingclients.com"
20.171.207.125 - - [17/Apr/2025:02:13:56 -0400] "GET /wp-json/wp/v2/posts/17 HTTP/1.1" 200 20204 "-" "Mozilla/5.0 AppleWebKit/537.36 (KHTML, like Gecko; compatible; GPTBot/1.2; +https://openai.com/gptbot)"
20.171.207.125 - - [17/Apr/2025:02:14:55 -0400] "GET /what-does-no-location-found-mean-on-find-my-iphone/ HTTP/1.1" 200 13021 "-" "Mozilla/5.0 AppleWebKit/537.36 (KHTML, like Gecko; compatible; GPTBot/1.2; +https://openai.com/gptbot)"
20.171.207.125 - - [17/Apr/2025:02:15:19 -0400] "GET /renovation-salle-de-bain-transformez-votre-espace-avec-style/ HTTP/1.1" 200 10749 "-" "Mozilla/5.0 AppleWebKit/537.36 (KHTML, like Gecko; compatible; GPTBot/1.2; +https://openai.com/gptbot)"
198.54.114.83 - - [17/Apr/2025:02:15:51 -0400] "POST /wp-cron.php?doing_wp_cron=1744870549.2906069755554199218750 HTTP/1.1" 200 0 "-" "WordPress/6.8; https://freelancingclients.com"
20.171.207.125 - - [17/Apr/2025:02:15:44 -0400] "GET /what-does-no-sim-restrictions-mean-on-your-iphone/ HTTP/1.1" 200 11389 "-" "Mozilla/5.0 AppleWebKit/537.36 (KHTML, like Gecko; compatible; GPTBot/1.2; +https://openai.com/gptbot)"
8.210.86.148 - - [17/Apr/2025:02:16:08 -0400] "HEAD /page/158 HTTP/1.1" 200 0 "-" "Mozilla/5.0 (Windows NT 6.2; Win64; x64) AppleWebKit/537.36 (KHTML, like Gecko) Chrome/78.0.3331.84 Safari/537.36"
47.242.149.96 - - [17/Apr/2025:02:16:12 -0400] "HEAD /page/158 HTTP/1.1" 301 0 "-" "Mozilla/5.0 (Windows NT 6.0; Win64; x64) AppleWebKit/537.36 (KHTML, like Gecko) Chrome/67.0.2181.64 Safari/537.36"
47.242.149.96 - - [17/Apr/2025:02:16:18 -0400] "HEAD /page/158/ HTTP/1.1" 200 0 "-" "Mozilla/5.0 (Windows NT 6.0; Win64; x64) AppleWebKit/537.36 (KHTML, like Gecko) Chrome/67.0.2181.64 Safari/537.36"
47.242.160.82 - - [17/Apr/2025:02:16:16 -0400] "HEAD /page/158 HTTP/1.1" 301 0 "-" "Mozilla/5.0 (Windows NT 6.2; Win64; x64) AppleWebKit/537.36 (KHTML, like Gecko) Chrome/75.0.3459.5 Safari/537.36"
47.242.160.82 - - [17/Apr/2025:02:16:21 -0400] "HEAD /page/158/ HTTP/1.1" 200 0 "-" "Mozilla/5.0 (Windows NT 6.2; Win64; x64) AppleWebKit/537.36 (KHTML, like Gecko) Chrome/75.0.3459.5 Safari/537.36"
47.242.160.82 - - [17/Apr/2025:02:16:21 -0400] "GET /page/158 HTTP/1.1" 301 0 "-" "Mozilla/5.0 (Windows NT 6.2; Win64; x64) AppleWebKit/537.36 (KHTML, like Gecko) Chrome/75.0.3459.5 Safari/537.36"
47.242.149.96 - - [17/Apr/2025:02:16:18 -0400] "GET /page/158 HTTP/1.1" 301 0 "-" "Mozilla/5.0 (Windows NT 6.0; Win64; x64) AppleWebKit/537.36 (KHTML, like Gecko) Chrome/67.0.2181.64 Safari/537.36"
47.242.209.147 - - [17/Apr/2025:02:16:20 -0400] "HEAD /page/158 HTTP/1.1" 301 0 "-" "Mozilla/5.0 (Windows NT 10.0; Win64; x64) AppleWebKit/537.36 (KHTML, like Gecko) Chrome/67.0.3451.135 Safari/537.36"
8.210.179.35 - - [17/Apr/2025:02:16:28 -0400] "HEAD /page/158 HTTP/1.1" 301 0 "-" "Mozilla/5.0 (Windows NT 6.0; Win64; x64) AppleWebKit/537.36 (KHTML, like Gecko) Chrome/72.0.3572.56 Safari/537.36"
20.171.207.125 - - [17/Apr/2025:02:16:12 -0400] "GET /ulthera-the-latest-in-ultrasound-skin-tightening-treatments/ HTTP/1.1" 200 10999 "-" "Mozilla/5.0 AppleWebKit/537.36 (KHTML, like Gecko; compatible; GPTBot/1.2; +https://openai.com/gptbot)"
47.242.160.82 - - [17/Apr/2025:02:16:30 -0400] "GET /page/158/ HTTP/1.1" 200 10470 "-" "Mozilla/5.0 (Windows NT 6.2; Win64; x64) AppleWebKit/537.36 (KHTML, like Gecko) Chrome/75.0.3459.5 Safari/537.36"
47.242.149.96 - - [17/Apr/2025:02:16:30 -0400] "GET /page/158/ HTTP/1.1" 200 10470 "-" "Mozilla/5.0 (Windows NT 6.0; Win64; x64) AppleWebKit/537.36 (KHTML, like Gecko) Chrome/67.0.2181.64 Safari/537.36"
47.242.209.147 - - [17/Apr/2025:02:16:30 -0400] "HEAD /page/158/ HTTP/1.1" 200 0 "-" "Mozilla/5.0 (Windows NT 10.0; Win64; x64) AppleWebKit/537.36 (KHTML, like Gecko) Chrome/67.0.3451.135 Safari/537.36"
8.210.179.35 - - [17/Apr/2025:02:16:31 -0400] "HEAD /page/158/ HTTP/1.1" 200 0 "-" "Mozilla/5.0 (Windows NT 6.0; Win64; x64) AppleWebKit/537.36 (KHTML, like Gecko) Chrome/72.0.3572.56 Safari/537.36"
47.242.209.147 - - [17/Apr/2025:02:16:33 -0400] "GET /page/158 HTTP/1.1" 301 0 "-" "Mozilla/5.0 (Windows NT 10.0; Win64; x64) AppleWebKit/537.36 (KHTML, like Gecko) Chrome/67.0.3451.135 Safari/537.36"
47.242.149.96 - - [17/Apr/2025:02:16:33 -0400] "HEAD /page/158 HTTP/1.1" 301 0 "-" "Mozilla/5.0 (Windows NT 6.0; Win64; x64) AppleWebKit/537.36 (KHTML, like Gecko) Chrome/63.0.2533.46 Safari/537.36"
8.210.179.35 - - [17/Apr/2025:02:16:34 -0400] "GET /page/158 HTTP/1.1" 301 0 "-" "Mozilla/5.0 (Windows NT 6.0; Win64; x64) AppleWebKit/537.36 (KHTML, like Gecko) Chrome/72.0.3572.56 Safari/537.36"
47.242.209.147 - - [17/Apr/2025:02:16:34 -0400] "GET /page/158/ HTTP/1.1" 200 10470 "-" "Mozilla/5.0 (Windows NT 10.0; Win64; x64) AppleWebKit/537.36 (KHTML, like Gecko) Chrome/67.0.3451.135 Safari/537.36"
47.242.149.96 - - [17/Apr/2025:02:16:34 -0400] "HEAD /page/158/ HTTP/1.1" 200 0 "-" "Mozilla/5.0 (Windows NT 6.0; Win64; x64) AppleWebKit/537.36 (KHTML, like Gecko) Chrome/63.0.2533.46 Safari/537.36"
8.210.179.35 - - [17/Apr/2025:02:16:37 -0400] "GET /page/158/ HTTP/1.1" 200 10470 "-" "Mozilla/5.0 (Windows NT 6.0; Win64; x64) AppleWebKit/537.36 (KHTML, like Gecko) Chrome/72.0.3572.56 Safari/537.36"
47.242.149.96 - - [17/Apr/2025:02:16:37 -0400] "GET /page/158 HTTP/1.1" 301 0 "-" "Mozilla/5.0 (Windows NT 6.0; Win64; x64) AppleWebKit/537.36 (KHTML, like Gecko) Chrome/63.0.2533.46 Safari/537.36"
47.242.149.96 - - [17/Apr/2025:02:16:40 -0400] "GET /page/158/ HTTP/1.1" 200 10470 "-" "Mozilla/5.0 (Windows NT 6.0; Win64; x64) AppleWebKit/537.36 (KHTML, like Gecko) Chrome/63.0.2533.46 Safari/537.36"
20.171.207.125 - - [17/Apr/2025:02:16:51 -0400] "GET /enhancing-workplace-efficiency-with-employee-communication-apps/ HTTP/1.1" 200 10733 "-" "Mozilla/5.0 AppleWebKit/537.36 (KHTML, like Gecko; compatible; GPTBot/1.2; +https://openai.com/gptbot)"
47.243.89.37 - - [17/Apr/2025:02:17:01 -0400] "HEAD /page/157 HTTP/1.1" 200 0 "-" "Mozilla/5.0 (Windows NT 10.0; Win64; x64) AppleWebKit/537.36 (KHTML, like Gecko) Chrome/77.0.3301.110 Safari/537.36"
47.76.99.127 - - [17/Apr/2025:02:17:09 -0400] "HEAD /page/157 HTTP/1.1" 301 0 "-" "Mozilla/5.0 (Windows NT 10.0; Win64; x64) AppleWebKit/537.36 (KHTML, like Gecko) Chrome/76.0.2043.120 Safari/537.36"
8.210.153.23 - - [17/Apr/2025:02:17:13 -0400] "HEAD /page/157 HTTP/1.1" 301 0 "-" "Mozilla/5.0 (Windows NT 6.3; Win64; x64) AppleWebKit/537.36 (KHTML, like Gecko) Chrome/76.0.3123.164 Safari/537.36"
47.76.99.127 - - [17/Apr/2025:02:17:15 -0400] "HEAD /page/157/ HTTP/1.1" 200 0 "-" "Mozilla/5.0 (Windows NT 10.0; Win64; x64) AppleWebKit/537.36 (KHTML, like Gecko) Chrome/76.0.2043.120 Safari/537.36"
20.171.207.125 - - [17/Apr/2025:02:17:16 -0400] "GET /putting-a-face-to-panic-surviving-anxiety-disorder/ HTTP/1.1" 200 11242 "-" "Mozilla/5.0 AppleWebKit/537.36 (KHTML, like Gecko; compatible; GPTBot/1.2; +https://openai.com/gptbot)"
47.242.167.47 - - [17/Apr/2025:02:17:36 -0400] "GET /page/157 HTTP/1.1" 301 0 "-" "Mozilla/5.0 (Windows NT 6.2; Win64; x64) AppleWebKit/537.36 (KHTML, like Gecko) Chrome/73.0.2513.36 Safari/537.36"
47.242.167.47 - - [17/Apr/2025:02:17:39 -0400] "GET /page/157/ HTTP/1.1" 200 10239 "-" "Mozilla/5.0 (Windows NT 6.2; Win64; x64) AppleWebKit/537.36 (KHTML, like Gecko) Chrome/73.0.2513.36 Safari/537.36"
20.171.207.125 - - [17/Apr/2025:02:17:39 -0400] "GET /how-to-paint-by-numbers-your-own-picture/ HTTP/1.1" 200 10739 "-" "Mozilla/5.0 AppleWebKit/537.36 (KHTML, like Gecko; compatible; GPTBot/1.2; +https://openai.com/gptbot)"
20.171.207.125 - - [17/Apr/2025:02:18:01 -0400] "GET /the-convenience-of-small-payment-gift-certificates/ HTTP/1.1" 200 10351 "-" "Mozilla/5.0 AppleWebKit/537.36 (KHTML, like Gecko; compatible; GPTBot/1.2; +https://openai.com/gptbot)"
47.242.167.47 - - [17/Apr/2025:02:18:14 -0400] "HEAD /page/156 HTTP/1.1" 301 0 "-" "Mozilla/5.0 (Windows NT 6.1; Win64; x64) AppleWebKit/537.36 (KHTML, like Gecko) Chrome/62.0.2910.157 Safari/537.36"
198.54.114.83 - - [17/Apr/2025:02:18:17 -0400] "POST /wp-cron.php?doing_wp_cron=1744870695.2627420425415039062500 HTTP/1.1" 200 0 "-" "WordPress/6.8; https://freelancingclients.com"
47.242.167.47 - - [17/Apr/2025:02:18:18 -0400] "HEAD /page/156/ HTTP/1.1" 200 0 "-" "Mozilla/5.0 (Windows NT 6.1; Win64; x64) AppleWebKit/537.36 (KHTML, like Gecko) Chrome/62.0.2910.157 Safari/537.36"
8.210.86.249 - - [17/Apr/2025:02:18:18 -0400] "HEAD /page/156 HTTP/1.1" 301 0 "-" "Mozilla/5.0 (Windows NT 6.0; Win64; x64) AppleWebKit/537.36 (KHTML, like Gecko) Chrome/73.0.2934.184 Safari/537.36"
47.242.167.47 - - [17/Apr/2025:02:18:20 -0400] "GET /page/156 HTTP/1.1" 301 0 "-" "Mozilla/5.0 (Windows NT 6.1; Win64; x64) AppleWebKit/537.36 (KHTML, like Gecko) Chrome/62.0.2910.157 Safari/537.36"
8.210.86.249 - - [17/Apr/2025:02:18:21 -0400] "HEAD /page/156/ HTTP/1.1" 200 0 "-" "Mozilla/5.0 (Windows NT 6.0; Win64; x64) AppleWebKit/537.36 (KHTML, like Gecko) Chrome/73.0.2934.184 Safari/537.36"
20.171.207.125 - - [17/Apr/2025:02:18:22 -0400] "GET /exploring-the-benefits-of-online-betting-sites/ HTTP/1.1" 200 10368 "-" "Mozilla/5.0 AppleWebKit/537.36 (KHTML, like Gecko; compatible; GPTBot/1.2; +https://openai.com/gptbot)"
47.76.222.244 - - [17/Apr/2025:02:18:22 -0400] "HEAD /page/156 HTTP/1.1" 301 0 "-" "Mozilla/5.0 (Windows NT 6.3; Win64; x64) AppleWebKit/537.36 (KHTML, like Gecko) Chrome/62.0.2772.139 Safari/537.36"
47.242.167.47 - - [17/Apr/2025:02:18:22 -0400] "GET /page/156/ HTTP/1.1" 200 10240 "-" "Mozilla/5.0 (Windows NT 6.1; Win64; x64) AppleWebKit/537.36 (KHTML, like Gecko) Chrome/62.0.2910.157 Safari/537.36"
8.210.86.249 - - [17/Apr/2025:02:18:23 -0400] "GET /page/156 HTTP/1.1" 301 0 "-" "Mozilla/5.0 (Windows NT 6.0; Win64; x64) AppleWebKit/537.36 (KHTML, like Gecko) Chrome/73.0.2934.184 Safari/537.36"
47.76.222.244 - - [17/Apr/2025:02:18:24 -0400] "HEAD /page/156/ HTTP/1.1" 200 0 "-" "Mozilla/5.0 (Windows NT 6.3; Win64; x64) AppleWebKit/537.36 (KHTML, like Gecko) Chrome/62.0.2772.139 Safari/537.36"
8.210.86.249 - - [17/Apr/2025:02:18:25 -0400] "GET /page/156/ HTTP/1.1" 200 10240 "-" "Mozilla/5.0 (Windows NT 6.0; Win64; x64) AppleWebKit/537.36 (KHTML, like Gecko) Chrome/73.0.2934.184 Safari/537.36"
47.76.222.244 - - [17/Apr/2025:02:18:26 -0400] "GET /page/156 HTTP/1.1" 301 0 "-" "Mozilla/5.0 (Windows NT 6.3; Win64; x64) AppleWebKit/537.36 (KHTML, like Gecko) Chrome/62.0.2772.139 Safari/537.36"
47.76.222.244 - - [17/Apr/2025:02:18:28 -0400] "GET /page/156/ HTTP/1.1" 200 10240 "-" "Mozilla/5.0 (Windows NT 6.3; Win64; x64) AppleWebKit/537.36 (KHTML, like Gecko) Chrome/62.0.2772.139 Safari/537.36"
20.171.207.125 - - [17/Apr/2025:02:19:24 -0400] "GET /?p=3649 HTTP/1.1" 301 0 "-" "Mozilla/5.0 AppleWebKit/537.36 (KHTML, like Gecko; compatible; GPTBot/1.2; +https://openai.com/gptbot)"
198.54.114.83 - - [17/Apr/2025:02:19:28 -0400] "POST /wp-cron.php?doing_wp_cron=1744870764.7608931064605712890625 HTTP/1.1" 200 0 "-" "WordPress/6.8; https://freelancingclients.com"
20.171.207.125 - - [17/Apr/2025:02:19:48 -0400] "GET /favicon.ico HTTP/1.1" 404 1251 "-" "Mozilla/5.0 AppleWebKit/537.36 (KHTML, like Gecko; compatible; GPTBot/1.2; +https://openai.com/gptbot)"
20.171.207.125 - - [17/Apr/2025:02:20:10 -0400] "GET /?p=3651 HTTP/1.1" 301 0 "-" "Mozilla/5.0 AppleWebKit/537.36 (KHTML, like Gecko; compatible; GPTBot/1.2; +https://openai.com/gptbot)"
8.210.12.248 - - [17/Apr/2025:02:20:10 -0400] "HEAD /page/155 HTTP/1.1" 301 0 "-" "Mozilla/5.0 (Windows NT 6.2; Win64; x64) AppleWebKit/537.36 (KHTML, like Gecko) Chrome/64.0.2420.155 Safari/537.36"
8.210.12.248 - - [17/Apr/2025:02:20:13 -0400] "HEAD /page/155/ HTTP/1.1" 200 0 "-" "Mozilla/5.0 (Windows NT 6.2; Win64; x64) AppleWebKit/537.36 (KHTML, like Gecko) Chrome/64.0.2420.155 Safari/537.36"
8.210.12.248 - - [17/Apr/2025:02:20:18 -0400] "GET /page/155 HTTP/1.1" 301 0 "-" "Mozilla/5.0 (Windows NT 6.2; Win64; x64) AppleWebKit/537.36 (KHTML, like Gecko) Chrome/64.0.2420.155 Safari/537.36"
47.242.222.214 - - [17/Apr/2025:02:20:21 -0400] "HEAD /page/155 HTTP/1.1" 301 0 "-" "Mozilla/5.0 (Windows NT 6.0; Win64; x64) AppleWebKit/537.36 (KHTML, like Gecko) Chrome/61.0.2723.107 Safari/537.36"
47.242.222.214 - - [17/Apr/2025:02:20:24 -0400] "HEAD /page/155/ HTTP/1.1" 200 0 "-" "Mozilla/5.0 (Windows NT 6.0; Win64; x64) AppleWebKit/537.36 (KHTML, like Gecko) Chrome/61.0.2723.107 Safari/537.36"
8.210.12.248 - - [17/Apr/2025:02:20:23 -0400] "GET /page/155/ HTTP/1.1" 200 10384 "-" "Mozilla/5.0 (Windows NT 6.2; Win64; x64) AppleWebKit/537.36 (KHTML, like Gecko) Chrome/64.0.2420.155 Safari/537.36"
47.242.217.111 - - [17/Apr/2025:02:20:25 -0400] "HEAD /page/155 HTTP/1.1" 301 0 "-" "Mozilla/5.0 (Windows NT 6.0; Win64; x64) AppleWebKit/537.36 (KHTML, like Gecko) Chrome/76.0.3291.97 Safari/537.36"
47.242.222.214 - - [17/Apr/2025:02:20:26 -0400] "GET /page/155 HTTP/1.1" 301 0 "-" "Mozilla/5.0 (Windows NT 6.0; Win64; x64) AppleWebKit/537.36 (KHTML, like Gecko) Chrome/61.0.2723.107 Safari/537.36"
47.242.217.111 - - [17/Apr/2025:02:20:26 -0400] "HEAD /page/155/ HTTP/1.1" 200 0 "-" "Mozilla/5.0 (Windows NT 6.0; Win64; x64) AppleWebKit/537.36 (KHTML, like Gecko) Chrome/76.0.3291.97 Safari/537.36"
47.242.217.111 - - [17/Apr/2025:02:20:28 -0400] "GET /page/155 HTTP/1.1" 301 0 "-" "Mozilla/5.0 (Windows NT 6.0; Win64; x64) AppleWebKit/537.36 (KHTML, like Gecko) Chrome/76.0.3291.97 Safari/537.36"
47.242.222.214 - - [17/Apr/2025:02:20:28 -0400] "GET /page/155/ HTTP/1.1" 200 10384 "-" "Mozilla/5.0 (Windows NT 6.0; Win64; x64) AppleWebKit/537.36 (KHTML, like Gecko) Chrome/61.0.2723.107 Safari/537.36"
47.242.217.111 - - [17/Apr/2025:02:20:30 -0400] "GET /page/155/ HTTP/1.1" 200 10384 "-" "Mozilla/5.0 (Windows NT 6.0; Win64; x64) AppleWebKit/537.36 (KHTML, like Gecko) Chrome/76.0.3291.97 Safari/537.36"
20.171.207.125 - - [17/Apr/2025:02:20:32 -0400] "GET /?p=3641 HTTP/1.1" 301 0 "-" "Mozilla/5.0 AppleWebKit/537.36 (KHTML, like Gecko; compatible; GPTBot/1.2; +https://openai.com/gptbot)"
198.54.114.83 - - [17/Apr/2025:02:20:35 -0400] "POST /wp-cron.php?doing_wp_cron=1744870833.1012990474700927734375 HTTP/1.1" 200 0 "-" "WordPress/6.8; https://freelancingclients.com"
20.171.207.125 - - [17/Apr/2025:02:20:54 -0400] "GET /?p=21 HTTP/1.1" 301 0 "-" "Mozilla/5.0 AppleWebKit/537.36 (KHTML, like Gecko; compatible; GPTBot/1.2; +https://openai.com/gptbot)"
20.171.207.125 - - [17/Apr/2025:02:21:15 -0400] "GET /?p=69 HTTP/1.1" 301 0 "-" "Mozilla/5.0 AppleWebKit/537.36 (KHTML, like Gecko; compatible; GPTBot/1.2; +https://openai.com/gptbot)"
20.171.207.125 - - [17/Apr/2025:02:21:36 -0400] "GET /?p=64 HTTP/1.1" 301 0 "-" "Mozilla/5.0 AppleWebKit/537.36 (KHTML, like Gecko; compatible; GPTBot/1.2; +https://openai.com/gptbot)"
198.54.114.83 - - [17/Apr/2025:02:21:38 -0400] "POST /wp-cron.php?doing_wp_cron=1744870896.8566129207611083984375 HTTP/1.1" 200 0 "-" "WordPress/6.8; https://freelancingclients.com"
20.171.207.125 - - [17/Apr/2025:02:21:57 -0400] "GET /?p=75 HTTP/1.1" 301 0 "-" "Mozilla/5.0 AppleWebKit/537.36 (KHTML, like Gecko; compatible; GPTBot/1.2; +https://openai.com/gptbot)"
8.210.153.23 - - [17/Apr/2025:02:17:19 -0400] "HEAD /page/157/ HTTP/1.1" 200 0 "-" "Mozilla/5.0 (Windows NT 6.3; Win64; x64) AppleWebKit/537.36 (KHTML, like Gecko) Chrome/76.0.3123.164 Safari/537.36"
47.76.99.127 - - [17/Apr/2025:02:17:20 -0400] "GET /page/157 HTTP/1.1" 301 0 "-" "Mozilla/5.0 (Windows NT 10.0; Win64; x64) AppleWebKit/537.36 (KHTML, like Gecko) Chrome/76.0.2043.120 Safari/537.36"
47.76.222.244 - - [17/Apr/2025:02:17:22 -0400] "HEAD /page/157 HTTP/1.1" 301 0 "-" "Mozilla/5.0 (Windows NT 6.1; Win64; x64) AppleWebKit/537.36 (KHTML, like Gecko) Chrome/63.0.3325.181 Safari/537.36"
8.210.153.23 - - [17/Apr/2025:02:17:23 -0400] "GET /page/157 HTTP/1.1" 301 0 "-" "Mozilla/5.0 (Windows NT 6.3; Win64; x64) AppleWebKit/537.36 (KHTML, like Gecko) Chrome/76.0.3123.164 Safari/537.36"
47.76.99.127 - - [17/Apr/2025:02:17:24 -0400] "GET /page/157/ HTTP/1.1" 200 10239 "-" "Mozilla/5.0 (Windows NT 10.0; Win64; x64) AppleWebKit/537.36 (KHTML, like Gecko) Chrome/76.0.2043.120 Safari/537.36"
47.76.222.244 - - [17/Apr/2025:02:17:25 -0400] "HEAD /page/157/ HTTP/1.1" 200 0 "-" "Mozilla/5.0 (Windows NT 6.1; Win64; x64) AppleWebKit/537.36 (KHTML, like Gecko) Chrome/63.0.3325.181 Safari/537.36"
47.242.217.111 - - [17/Apr/2025:02:17:25 -0400] "HEAD /page/157 HTTP/1.1" 301 0 "-" "Mozilla/5.0 (Windows NT 6.1; Win64; x64) AppleWebKit/537.36 (KHTML, like Gecko) Chrome/62.0.2787.15 Safari/537.36"
8.210.153.23 - - [17/Apr/2025:02:17:26 -0400] "GET /page/157/ HTTP/1.1" 200 10239 "-" "Mozilla/5.0 (Windows NT 6.3; Win64; x64) AppleWebKit/537.36 (KHTML, like Gecko) Chrome/76.0.3123.164 Safari/537.36"
47.76.222.244 - - [17/Apr/2025:02:17:28 -0400] "GET /page/157 HTTP/1.1" 301 0 "-" "Mozilla/5.0 (Windows NT 6.1; Win64; x64) AppleWebKit/537.36 (KHTML, like Gecko) Chrome/63.0.3325.181 Safari/537.36"
47.242.217.111 - - [17/Apr/2025:02:17:28 -0400] "HEAD /page/157/ HTTP/1.1" 200 0 "-" "Mozilla/5.0 (Windows NT 6.1; Win64; x64) AppleWebKit/537.36 (KHTML, like Gecko) Chrome/62.0.2787.15 Safari/537.36"
47.242.167.47 - - [17/Apr/2025:02:17:30 -0400] "HEAD /page/157 HTTP/1.1" 301 0 "-" "Mozilla/5.0 (Windows NT 6.2; Win64; x64) AppleWebKit/537.36 (KHTML, like Gecko) Chrome/73.0.2513.36 Safari/537.36"
47.76.222.244 - - [17/Apr/2025:02:17:32 -0400] "GET /page/157/ HTTP/1.1" 200 10239 "-" "Mozilla/5.0 (Windows NT 6.1; Win64; x64) AppleWebKit/537.36 (KHTML, like Gecko) Chrome/63.0.3325.181 Safari/537.36"
47.242.217.111 - - [17/Apr/2025:02:17:32 -0400] "GET /page/157 HTTP/1.1" 301 0 "-" "Mozilla/5.0 (Windows NT 6.1; Win64; x64) AppleWebKit/537.36 (KHTML, like Gecko) Chrome/62.0.2787.15 Safari/537.36"
47.242.167.47 - - [17/Apr/2025:02:17:33 -0400] "HEAD /page/157/ HTTP/1.1" 200 0 "-" "Mozilla/5.0 (Windows NT 6.2; Win64; x64) AppleWebKit/537.36 (KHTML, like Gecko) Chrome/73.0.2513.36 Safari/537.36"
47.242.217.111 - - [17/Apr/2025:02:17:35 -0400] "GET /page/157/ HTTP/1.1" 200 10239 "-" "Mozilla/5.0 (Windows NT 6.1; Win64; x64) AppleWebKit/537.36 (KHTML, like Gecko) Chrome/62.0.2787.15 Safari/537.36"
20.171.207.125 - - [17/Apr/2025:02:22:18 -0400] "GET /?p=23 HTTP/1.1" 301 0 "-" "Mozilla/5.0 AppleWebKit/537.36 (KHTML, like Gecko; compatible; GPTBot/1.2; +https://openai.com/gptbot)"
198.54.114.83 - - [17/Apr/2025:02:23:40 -0400] "POST /wp-cron.php?doing_wp_cron=1744871018.8506269454956054687500 HTTP/1.1" 200 0 "-" "WordPress/6.8; https://freelancingclients.com"
20.171.207.125 - - [17/Apr/2025:02:23:32 -0400] "GET /renovation-salle-de-bain-transformez-votre-espace-avec-style/feed/ HTTP/1.1" 200 437 "-" "Mozilla/5.0 AppleWebKit/537.36 (KHTML, like Gecko; compatible; GPTBot/1.2; +https://openai.com/gptbot)"
20.171.207.125 - - [17/Apr/2025:02:24:00 -0400] "GET /?p=3647 HTTP/1.1" 301 0 "-" "Mozilla/5.0 AppleWebKit/537.36 (KHTML, like Gecko; compatible; GPTBot/1.2; +https://openai.com/gptbot)"
20.171.207.125 - - [17/Apr/2025:02:24:24 -0400] "GET /ulthera-the-latest-in-ultrasound-skin-tightening-treatments/feed/ HTTP/1.1" 200 433 "-" "Mozilla/5.0 AppleWebKit/537.36 (KHTML, like Gecko; compatible; GPTBot/1.2; +https://openai.com/gptbot)"
198.54.114.83 - - [17/Apr/2025:02:24:48 -0400] "POST /wp-cron.php?doing_wp_cron=1744871087.5441520214080810546875 HTTP/1.1" 200 0 "-" "WordPress/6.8; https://freelancingclients.com"
20.171.207.125 - - [17/Apr/2025:02:24:46 -0400] "GET /enhancing-workplace-efficiency-with-employee-communication-apps/feed/ HTTP/1.1" 200 424 "-" "Mozilla/5.0 AppleWebKit/537.36 (KHTML, like Gecko; compatible; GPTBot/1.2; +https://openai.com/gptbot)"
198.54.114.83 - - [17/Apr/2025:02:24:50 -0400] "POST /wp-admin/admin-ajax.php?action=async_litespeed&nonce=9XryHIJ7amSROzgzKbJjzxAmLXZiXBPU&litespeed_type=imgoptm HTTP/1.1" 200 0 "-" "WordPress/6.8; https://freelancingclients.com"
20.171.207.125 - - [17/Apr/2025:02:25:11 -0400] "GET /what-does-no-location-found-mean-on-find-my-iphone/feed/ HTTP/1.1" 200 429 "-" "Mozilla/5.0 AppleWebKit/537.36 (KHTML, like Gecko; compatible; GPTBot/1.2; +https://openai.com/gptbot)"
20.171.207.125 - - [17/Apr/2025:02:25:32 -0400] "GET /what-does-no-sim-restrictions-mean-on-your-iphone/feed/ HTTP/1.1" 200 431 "-" "Mozilla/5.0 AppleWebKit/537.36 (KHTML, like Gecko; compatible; GPTBot/1.2; +https://openai.com/gptbot)"
198.54.114.83 - - [17/Apr/2025:02:25:33 -0400] "POST /wp-cron.php?doing_wp_cron=1744871132.5259990692138671875000 HTTP/1.1" 200 0 "-" "WordPress/6.8; https://freelancingclients.com"
20.171.207.125 - - [17/Apr/2025:02:25:54 -0400] "GET /putting-a-face-to-panic-surviving-anxiety-disorder/feed/ HTTP/1.1" 200 435 "-" "Mozilla/5.0 AppleWebKit/537.36 (KHTML, like Gecko; compatible; GPTBot/1.2; +https://openai.com/gptbot)"
20.171.207.125 - - [17/Apr/2025:02:26:16 -0400] "GET /the-convenience-of-small-payment-gift-certificates/feed/ HTTP/1.1" 200 424 "-" "Mozilla/5.0 AppleWebKit/537.36 (KHTML, like Gecko; compatible; GPTBot/1.2; +https://openai.com/gptbot)"
20.171.207.125 - - [17/Apr/2025:02:26:40 -0400] "GET /exploring-the-benefits-of-online-betting-sites/feed/ HTTP/1.1" 200 415 "-" "Mozilla/5.0 AppleWebKit/537.36 (KHTML, like Gecko; compatible; GPTBot/1.2; +https://openai.com/gptbot)"
198.54.114.83 - - [17/Apr/2025:02:26:43 -0400] "POST /wp-cron.php?doing_wp_cron=1744871201.0072031021118164062500 HTTP/1.1" 200 0 "-" "WordPress/6.8; https://freelancingclients.com"
20.171.207.125 - - [17/Apr/2025:02:27:04 -0400] "GET /how-to-paint-by-numbers-your-own-picture/feed/ HTTP/1.1" 200 420 "-" "Mozilla/5.0 AppleWebKit/537.36 (KHTML, like Gecko; compatible; GPTBot/1.2; +https://openai.com/gptbot)"
20.171.207.125 - - [17/Apr/2025:02:27:45 -0400] "GET /the-benefits-of-business-trip-massage/ HTTP/1.1" 200 10310 "-" "Mozilla/5.0 AppleWebKit/537.36 (KHTML, like Gecko; compatible; GPTBot/1.2; +https://openai.com/gptbot)"
20.171.207.125 - - [17/Apr/2025:02:28:09 -0400] "GET /the-potential-of-fenbendazole-for-human-use/ HTTP/1.1" 200 10171 "-" "Mozilla/5.0 AppleWebKit/537.36 (KHTML, like Gecko; compatible; GPTBot/1.2; +https://openai.com/gptbot)"
198.54.114.83 - - [17/Apr/2025:02:28:36 -0400] "POST /wp-cron.php?doing_wp_cron=1744871315.1480779647827148437500 HTTP/1.1" 200 0 "-" "WordPress/6.8; https://freelancingclients.com"
20.171.207.125 - - [17/Apr/2025:02:28:34 -0400] "GET /how-to-enjoy-painting-by-numbers/ HTTP/1.1" 200 10863 "-" "Mozilla/5.0 AppleWebKit/537.36 (KHTML, like Gecko; compatible; GPTBot/1.2; +https://openai.com/gptbot)"
20.171.207.125 - - [17/Apr/2025:02:29:01 -0400] "GET /xmlrpc.php HTTP/1.1" 405 46 "-" "Mozilla/5.0 AppleWebKit/537.36 (KHTML, like Gecko; compatible; GPTBot/1.2; +https://openai.com/gptbot)"
20.171.207.125 - - [17/Apr/2025:02:29:23 -0400] "GET /unlocking-the-potential-of-micropayments/ HTTP/1.1" 200 10399 "-" "Mozilla/5.0 AppleWebKit/537.36 (KHTML, like Gecko; compatible; GPTBot/1.2; +https://openai.com/gptbot)"
20.171.207.125 - - [17/Apr/2025:02:29:47 -0400] "GET /treatment-for-a-fatty-liver/ HTTP/1.1" 200 10781 "-" "Mozilla/5.0 AppleWebKit/537.36 (KHTML, like Gecko; compatible; GPTBot/1.2; +https://openai.com/gptbot)"
198.54.114.83 - - [17/Apr/2025:02:29:50 -0400] "POST /wp-cron.php?doing_wp_cron=1744871387.9524219036102294921875 HTTP/1.1" 200 0 "-" "WordPress/6.8; https://freelancingclients.com"
20.171.207.125 - - [17/Apr/2025:02:30:15 -0400] "GET /the-concept-behind-rolodoc/ HTTP/1.1" 200 10330 "-" "Mozilla/5.0 AppleWebKit/537.36 (KHTML, like Gecko; compatible; GPTBot/1.2; +https://openai.com/gptbot)"
20.171.207.125 - - [17/Apr/2025:02:30:43 -0400] "GET /fachkundige-rechtsberatung-in-hattingen/ HTTP/1.1" 200 10323 "-" "Mozilla/5.0 AppleWebKit/537.36 (KHTML, like Gecko; compatible; GPTBot/1.2; +https://openai.com/gptbot)"
20.171.207.125 - - [17/Apr/2025:02:31:54 -0400] "GET /?p=3653 HTTP/1.1" 301 0 "-" "Mozilla/5.0 AppleWebKit/537.36 (KHTML, like Gecko; compatible; GPTBot/1.2; +https://openai.com/gptbot)"
52.204.108.110 - - [17/Apr/2025:02:32:11 -0400] "GET /soaring-through-the-skies-the-phenomenon-of-skyzone-socks/ HTTP/1.1" 200 10564 "-" "Grammarly/1.0 (http://www.grammarly.com)"
20.171.207.125 - - [17/Apr/2025:02:32:22 -0400] "GET /?p=3655 HTTP/1.1" 301 0 "-" "Mozilla/5.0 AppleWebKit/537.36 (KHTML, like Gecko; compatible; GPTBot/1.2; +https://openai.com/gptbot)"
20.171.207.125 - - [17/Apr/2025:02:32:50 -0400] "GET /?p=3643 HTTP/1.1" 301 0 "-" "Mozilla/5.0 AppleWebKit/537.36 (KHTML, like Gecko; compatible; GPTBot/1.2; +https://openai.com/gptbot)"
20.171.207.125 - - [17/Apr/2025:02:33:15 -0400] "GET /?p=3639 HTTP/1.1" 301 0 "-" "Mozilla/5.0 AppleWebKit/537.36 (KHTML, like Gecko; compatible; GPTBot/1.2; +https://openai.com/gptbot)"
198.54.114.83 - - [17/Apr/2025:02:33:45 -0400] "POST /wp-cron.php?doing_wp_cron=1744871624.6574380397796630859375 HTTP/1.1" 200 0 "-" "WordPress/6.8; https://freelancingclients.com"
20.171.207.125 - - [17/Apr/2025:02:33:37 -0400] "GET /?p=3657 HTTP/1.1" 301 0 "-" "Mozilla/5.0 AppleWebKit/537.36 (KHTML, like Gecko; compatible; GPTBot/1.2; +https://openai.com/gptbot)"
185.220.101.18 - - [17/Apr/2025:02:33:57 -0400] "GET / HTTP/1.1" 200 10016 "https://freelancingclients.com" "Mozilla/5.0 (Windows NT 6.1) AppleWebKit/537.36 (KHTML, like Gecko) Chrome/31.0.1650.57 Safari/537.36 OPR/18.0.1284.49"
198.54.114.83 - - [17/Apr/2025:02:34:02 -0400] "POST /wp-admin/admin-ajax.php?action=async_litespeed&nonce=gf7evh6IJWoF9SXmEB4ne1XkKNe4WmoK&litespeed_type=imgoptm HTTP/1.1" 200 0 "-" "WordPress/6.8; https://freelancingclients.com"
20.171.207.125 - - [17/Apr/2025:02:34:10 -0400] "GET /?p=57 HTTP/1.1" 301 0 "-" "Mozilla/5.0 AppleWebKit/537.36 (KHTML, like Gecko; compatible; GPTBot/1.2; +https://openai.com/gptbot)"
59.53.133.47 - - [17/Apr/2025:02:34:28 -0400] "GET /favicon.ico HTTP/1.1" 404 1251 "-" "Mozilla/5.0 (Windows NT 10.0; WOW64; rv:45.0) Gecko/20100101 Firefox/45.0"
20.171.207.125 - - [17/Apr/2025:02:34:35 -0400] "GET /?p=66 HTTP/1.1" 301 0 "-" "Mozilla/5.0 AppleWebKit/537.36 (KHTML, like Gecko; compatible; GPTBot/1.2; +https://openai.com/gptbot)"
198.54.114.83 - - [17/Apr/2025:02:34:41 -0400] "POST /wp-cron.php?doing_wp_cron=1744871676.9079689979553222656250 HTTP/1.1" 200 0 "-" "WordPress/6.8; https://freelancingclients.com"
180.136.234.9 - - [17/Apr/2025:02:34:48 -0400] "GET / HTTP/1.1" 200 10016 "-" "Mozilla/5.0 (Windows NT 6.1; WOW64; rv:45.0) Gecko/20100101 Firefox/45.0"
20.171.207.125 - - [17/Apr/2025:02:35:07 -0400] "GET /the-potential-of-fenbendazole-for-human-use/feed/ HTTP/1.1" 200 412 "-" "Mozilla/5.0 AppleWebKit/537.36 (KHTML, like Gecko; compatible; GPTBot/1.2; +https://openai.com/gptbot)"
20.171.207.125 - - [17/Apr/2025:02:35:37 -0400] "GET /the-benefits-of-business-trip-massage/feed/ HTTP/1.1" 200 401 "-" "Mozilla/5.0 AppleWebKit/537.36 (KHTML, like Gecko; compatible; GPTBot/1.2; +https://openai.com/gptbot)"
20.171.207.125 - - [17/Apr/2025:02:36:00 -0400] "GET /how-to-enjoy-painting-by-numbers/feed/ HTTP/1.1" 200 405 "-" "Mozilla/5.0 AppleWebKit/537.36 (KHTML, like Gecko; compatible; GPTBot/1.2; +https://openai.com/gptbot)"
20.171.207.125 - - [17/Apr/2025:02:36:07 -0400] "GET /unlocking-the-potential-of-micropayments/feed/ HTTP/1.1" 200 407 "-" "Mozilla/5.0 AppleWebKit/537.36 (KHTML, like Gecko; compatible; GPTBot/1.2; +https://openai.com/gptbot)"
20.171.207.125 - - [17/Apr/2025:02:36:30 -0400] "GET /xmlrpc.php HTTP/1.1" 405 46 "-" "Mozilla/5.0 AppleWebKit/537.36 (KHTML, like Gecko; compatible; GPTBot/1.2; +https://openai.com/gptbot)"
20.171.207.125 - - [17/Apr/2025:02:36:56 -0400] "GET /treatment-for-a-fatty-liver/feed/ HTTP/1.1" 200 395 "-" "Mozilla/5.0 AppleWebKit/537.36 (KHTML, like Gecko; compatible; GPTBot/1.2; +https://openai.com/gptbot)"
47.128.111.151 - - [17/Apr/2025:02:36:57 -0400] "GET /les-accessoires-feminins-elegance-et-style-au-feminin/ HTTP/1.1" 200 10535 "-" "Mozilla/5.0 (Linux; Android 5.0) AppleWebKit/537.36 (KHTML, like Gecko) Mobile Safari/537.36 (compatible; TikTokSpider; ttspider-feedback@tiktok.com)"
198.54.114.83 - - [17/Apr/2025:02:37:03 -0400] "POST /wp-cron.php?doing_wp_cron=1744871816.9934489727020263671875 HTTP/1.1" 200 0 "-" "WordPress/6.8; https://freelancingclients.com"
20.171.207.125 - - [17/Apr/2025:02:37:25 -0400] "GET /fachkundige-rechtsberatung-in-hattingen/feed/ HTTP/1.1" 200 404 "-" "Mozilla/5.0 AppleWebKit/537.36 (KHTML, like Gecko; compatible; GPTBot/1.2; +https://openai.com/gptbot)"
20.171.207.125 - - [17/Apr/2025:02:37:52 -0400] "GET /wood-heaters/ HTTP/1.1" 200 10104 "-" "Mozilla/5.0 AppleWebKit/537.36 (KHTML, like Gecko; compatible; GPTBot/1.2; +https://openai.com/gptbot)"
20.171.207.125 - - [17/Apr/2025:02:38:20 -0400] "GET /closing-time/ HTTP/1.1" 200 9765 "-" "Mozilla/5.0 AppleWebKit/537.36 (KHTML, like Gecko; compatible; GPTBot/1.2; +https://openai.com/gptbot)"
198.54.114.83 - - [17/Apr/2025:02:38:25 -0400] "POST /wp-cron.php?doing_wp_cron=1744871900.8177990913391113281250 HTTP/1.1" 200 0 "-" "WordPress/6.8; https://freelancingclients.com"
47.79.212.133 - - [17/Apr/2025:02:38:44 -0400] "GET / HTTP/1.1" 200 10016 "https://www.google.com/" "Mozilla/5.0 (Linux; Android 10; K) AppleWebKit/537.36 (KHTML, like Gecko) Chrome/133.0.0.0 Mobile Safari/537.36"
47.79.199.20 - - [17/Apr/2025:02:38:46 -0400] "GET / HTTP/1.1" 200 10016 "https://www.google.com/" "Mozilla/5.0 (Linux; Android 10; K) AppleWebKit/537.36 (KHTML, like Gecko) Chrome/133.0.0.0 Mobile Safari/537.36"
20.171.207.125 - - [17/Apr/2025:02:38:45 -0400] "GET /what-does-no-sim-mean/ HTTP/1.1" 200 12777 "-" "Mozilla/5.0 AppleWebKit/537.36 (KHTML, like Gecko; compatible; GPTBot/1.2; +https://openai.com/gptbot)"
20.171.207.125 - - [17/Apr/2025:02:40:12 -0400] "GET /?p=22 HTTP/1.1" 301 0 "-" "Mozilla/5.0 AppleWebKit/537.36 (KHTML, like Gecko; compatible; GPTBot/1.2; +https://openai.com/gptbot)"
198.54.114.83 - - [17/Apr/2025:02:40:25 -0400] "POST /wp-cron.php?doing_wp_cron=1744872019.6182999610900878906250 HTTP/1.1" 200 0 "-" "WordPress/6.8; https://freelancingclients.com"
20.171.207.125 - - [17/Apr/2025:02:40:45 -0400] "GET /?p=72 HTTP/1.1" 301 0 "-" "Mozilla/5.0 AppleWebKit/537.36 (KHTML, like Gecko; compatible; GPTBot/1.2; +https://openai.com/gptbot)"
20.171.207.125 - - [17/Apr/2025:02:41:12 -0400] "GET /?p=59 HTTP/1.1" 301 0 "-" "Mozilla/5.0 AppleWebKit/537.36 (KHTML, like Gecko; compatible; GPTBot/1.2; +https://openai.com/gptbot)"
20.171.207.125 - - [17/Apr/2025:02:41:39 -0400] "GET /xmlrpc.php HTTP/1.1" 405 46 "-" "Mozilla/5.0 AppleWebKit/537.36 (KHTML, like Gecko; compatible; GPTBot/1.2; +https://openai.com/gptbot)"
198.54.114.83 - - [17/Apr/2025:02:41:42 -0400] "POST /wp-cron.php?doing_wp_cron=1744872100.0621778964996337890625 HTTP/1.1" 200 0 "-" "WordPress/6.8; https://freelancingclients.com"
20.171.207.125 - - [17/Apr/2025:02:42:07 -0400] "GET /the-concept-behind-rolodoc/feed/ HTTP/1.1" 200 396 "-" "Mozilla/5.0 AppleWebKit/537.36 (KHTML, like Gecko; compatible; GPTBot/1.2; +https://openai.com/gptbot)"
20.171.207.125 - - [17/Apr/2025:02:42:32 -0400] "GET /un-investissement-intelligent/ HTTP/1.1" 200 10469 "-" "Mozilla/5.0 AppleWebKit/537.36 (KHTML, like Gecko; compatible; GPTBot/1.2; +https://openai.com/gptbot)"
195.2.75.216 - - [17/Apr/2025:02:42:42 -0400] "GET /osteopathy/ HTTP/1.1" 200 9642 "https://freelancingclients.com/osteopathy/" "Mozilla/5.0 (Windows NT 10.0; Win64; x64) AppleWebKit/537.36 (KHTML, like Gecko) Chrome/130.0.0.0 Safari/537.36 CCleaner/130.0.0.0"
195.2.75.216 - - [17/Apr/2025:02:42:47 -0400] "POST /wp-comments-post.php HTTP/1.1" 302 0 "https://freelancingclients.com/osteopathy/" "Mozilla/5.0 (Windows NT 10.0; Win64; x64) AppleWebKit/537.36 (KHTML, like Gecko) Chrome/130.0.0.0 Safari/537.36 CCleaner/130.0.0.0"
198.54.114.83 - - [17/Apr/2025:02:42:53 -0400] "POST /wp-cron.php?doing_wp_cron=1744872168.3192720413208007812500 HTTP/1.1" 200 0 "-" "WordPress/6.8; https://freelancingclients.com"
20.171.207.125 - - [17/Apr/2025:02:42:55 -0400] "GET /what-does-no-sim-mean/feed/ HTTP/1.1" 200 392 "-" "Mozilla/5.0 AppleWebKit/537.36 (KHTML, like Gecko; compatible; GPTBot/1.2; +https://openai.com/gptbot)"
195.2.75.216 - - [17/Apr/2025:02:42:56 -0400] "GET /osteopathy/ HTTP/1.1" 200 12396 "https://freelancingclients.com/osteopathy/#comment-8414" "Mozilla/5.0 (Windows NT 10.0; Win64; x64) AppleWebKit/537.36 (KHTML, like Gecko) Chrome/130.0.0.0 Safari/537.36 CCleaner/130.0.0.0"
195.2.76.183 - - [17/Apr/2025:02:43:00 -0400] "GET /osteopathy/ HTTP/1.1" 200 9642 "https://freelancingclients.com/osteopathy/" "Mozilla/5.0 (Windows NT 10.0; Win64; x64) AppleWebKit/537.36 (KHTML, like Gecko) Chrome/130.0.0.0 Safari/537.36"
195.2.76.183 - - [17/Apr/2025:02:43:05 -0400] "POST /wp-comments-post.php HTTP/1.1" 302 0 "https://freelancingclients.com/osteopathy/" "Mozilla/5.0 (Windows NT 10.0; Win64; x64) AppleWebKit/537.36 (KHTML, like Gecko) Chrome/130.0.0.0 Safari/537.36"
195.2.76.183 - - [17/Apr/2025:02:43:10 -0400] "GET /osteopathy/ HTTP/1.1" 200 11691 "https://freelancingclients.com/osteopathy/#comment-8415" "Mozilla/5.0 (Windows NT 10.0; Win64; x64) AppleWebKit/537.36 (KHTML, like Gecko) Chrome/130.0.0.0 Safari/537.36"
20.171.207.125 - - [17/Apr/2025:02:43:19 -0400] "GET /wp-content/uploads/2023/03/synthesize-2.mp3 HTTP/1.1" 200 37344 "-" "Mozilla/5.0 AppleWebKit/537.36 (KHTML, like Gecko; compatible; GPTBot/1.2; +https://openai.com/gptbot)"
20.171.207.125 - - [17/Apr/2025:02:43:44 -0400] "GET /wp-content/uploads/2023/03/synthesize-8.mp3 HTTP/1.1" 200 25440 "-" "Mozilla/5.0 AppleWebKit/537.36 (KHTML, like Gecko; compatible; GPTBot/1.2; +https://openai.com/gptbot)"
20.171.207.125 - - [17/Apr/2025:02:44:08 -0400] "GET /wp-content/uploads/2023/02/10.png HTTP/1.1" 200 5708 "-" "Mozilla/5.0 AppleWebKit/537.36 (KHTML, like Gecko; compatible; GPTBot/1.2; +https://openai.com/gptbot)"
20.171.207.125 - - [17/Apr/2025:02:44:27 -0400] "GET /?p=3645 HTTP/1.1" 301 0 "-" "Mozilla/5.0 AppleWebKit/537.36 (KHTML, like Gecko; compatible; GPTBot/1.2; +https://openai.com/gptbot)"
20.171.207.125 - - [17/Apr/2025:02:44:52 -0400] "GET /xmlrpc.php HTTP/1.1" 405 46 "-" "Mozilla/5.0 AppleWebKit/537.36 (KHTML, like Gecko; compatible; GPTBot/1.2; +https://openai.com/gptbot)"
20.171.207.125 - - [17/Apr/2025:02:45:20 -0400] "GET /un-investissement-intelligent/feed/ HTTP/1.1" 200 390 "-" "Mozilla/5.0 AppleWebKit/537.36 (KHTML, like Gecko; compatible; GPTBot/1.2; +https://openai.com/gptbot)"
20.171.207.125 - - [17/Apr/2025:02:45:53 -0400] "GET /wp-content/uploads/2023/02/8.png HTTP/1.1" 200 267534 "-" "Mozilla/5.0 AppleWebKit/537.36 (KHTML, like Gecko; compatible; GPTBot/1.2; +https://openai.com/gptbot)"
20.171.207.125 - - [17/Apr/2025:02:46:21 -0400] "GET /wp-content/uploads/2023/02/9.jpg HTTP/1.1" 200 4516 "-" "Mozilla/5.0 AppleWebKit/537.36 (KHTML, like Gecko; compatible; GPTBot/1.2; +https://openai.com/gptbot)"
20.171.207.125 - - [17/Apr/2025:02:46:47 -0400] "GET /wp-json/wp/v2/posts/3653 HTTP/1.1" 200 11110 "-" "Mozilla/5.0 AppleWebKit/537.36 (KHTML, like Gecko; compatible; GPTBot/1.2; +https://openai.com/gptbot)"
20.171.207.125 - - [17/Apr/2025:02:47:13 -0400] "GET /wp-json/wp/v2/posts/3643 HTTP/1.1" 200 10734 "-" "Mozilla/5.0 AppleWebKit/537.36 (KHTML, like Gecko; compatible; GPTBot/1.2; +https://openai.com/gptbot)"
198.54.114.83 - - [17/Apr/2025:02:47:18 -0400] "POST /wp-cron.php?doing_wp_cron=1744872434.2838459014892578125000 HTTP/1.1" 200 0 "-" "WordPress/6.8; https://freelancingclients.com"
20.171.207.125 - - [17/Apr/2025:02:48:45 -0400] "GET /wp-json/wp/v2/posts/3655 HTTP/1.1" 200 10912 "-" "Mozilla/5.0 AppleWebKit/537.36 (KHTML, like Gecko; compatible; GPTBot/1.2; +https://openai.com/gptbot)"
20.171.207.125 - - [17/Apr/2025:02:49:16 -0400] "GET /wp-json/wp/v2/posts/3649 HTTP/1.1" 200 12827 "-" "Mozilla/5.0 AppleWebKit/537.36 (KHTML, like Gecko; compatible; GPTBot/1.2; +https://openai.com/gptbot)"
20.171.207.125 - - [17/Apr/2025:02:49:49 -0400] "GET /wp-json/wp/v2/posts/3639 HTTP/1.1" 200 10900 "-" "Mozilla/5.0 AppleWebKit/537.36 (KHTML, like Gecko; compatible; GPTBot/1.2; +https://openai.com/gptbot)"
20.171.207.125 - - [17/Apr/2025:02:50:23 -0400] "GET /wp-json/wp/v2/posts/3647 HTTP/1.1" 200 11418 "-" "Mozilla/5.0 AppleWebKit/537.36 (KHTML, like Gecko; compatible; GPTBot/1.2; +https://openai.com/gptbot)"
20.171.207.125 - - [17/Apr/2025:02:50:53 -0400] "GET /wp-json/wp/v2/posts/3641 HTTP/1.1" 200 13090 "-" "Mozilla/5.0 AppleWebKit/537.36 (KHTML, like Gecko; compatible; GPTBot/1.2; +https://openai.com/gptbot)"
20.171.207.125 - - [17/Apr/2025:02:53:28 -0400] "GET /wood-heaters/feed/ HTTP/1.1" 200 375 "-" "Mozilla/5.0 AppleWebKit/537.36 (KHTML, like Gecko; compatible; GPTBot/1.2; +https://openai.com/gptbot)"
20.171.207.125 - - [17/Apr/2025:02:53:33 -0400] "GET /xmlrpc.php HTTP/1.1" 405 46 "-" "Mozilla/5.0 AppleWebKit/537.36 (KHTML, like Gecko; compatible; GPTBot/1.2; +https://openai.com/gptbot)"
20.171.207.125 - - [17/Apr/2025:02:54:02 -0400] "GET /page/7/ HTTP/1.1" 200 9961 "-" "Mozilla/5.0 AppleWebKit/537.36 (KHTML, like Gecko; compatible; GPTBot/1.2; +https://openai.com/gptbot)"
20.171.207.125 - - [17/Apr/2025:02:54:26 -0400] "GET /page/155/ HTTP/1.1" 200 10384 "-" "Mozilla/5.0 AppleWebKit/537.36 (KHTML, like Gecko; compatible; GPTBot/1.2; +https://openai.com/gptbot)"
20.171.207.125 - - [17/Apr/2025:02:54:46 -0400] "GET /wp-json/wp/v2/posts/69 HTTP/1.1" 200 13407 "-" "Mozilla/5.0 AppleWebKit/537.36 (KHTML, like Gecko; compatible; GPTBot/1.2; +https://openai.com/gptbot)"
20.171.207.125 - - [17/Apr/2025:02:55:12 -0400] "GET /wp-json/wp/v2/posts/75 HTTP/1.1" 200 12996 "-" "Mozilla/5.0 AppleWebKit/537.36 (KHTML, like Gecko; compatible; GPTBot/1.2; +https://openai.com/gptbot)"
20.171.207.125 - - [17/Apr/2025:02:51:27 -0400] "GET /wp-json/wp/v2/posts/3657 HTTP/1.1" 200 10904 "-" "Mozilla/5.0 AppleWebKit/537.36 (KHTML, like Gecko; compatible; GPTBot/1.2; +https://openai.com/gptbot)"
20.171.207.125 - - [17/Apr/2025:02:51:58 -0400] "GET /wp-json/wp/v2/posts/3645 HTTP/1.1" 200 11189 "-" "Mozilla/5.0 AppleWebKit/537.36 (KHTML, like Gecko; compatible; GPTBot/1.2; +https://openai.com/gptbot)"
20.171.207.125 - - [17/Apr/2025:02:52:29 -0400] "GET /wp-json/wp/v2/posts/3651 HTTP/1.1" 200 11150 "-" "Mozilla/5.0 AppleWebKit/537.36 (KHTML, like Gecko; compatible; GPTBot/1.2; +https://openai.com/gptbot)"
20.171.207.125 - - [17/Apr/2025:02:52:59 -0400] "GET /closing-time/feed/ HTTP/1.1" 200 372 "-" "Mozilla/5.0 AppleWebKit/537.36 (KHTML, like Gecko; compatible; GPTBot/1.2; +https://openai.com/gptbot)"
20.171.207.125 - - [17/Apr/2025:02:53:08 -0400] "GET /favicon.ico HTTP/1.1" 404 1251 "-" "Mozilla/5.0 AppleWebKit/537.36 (KHTML, like Gecko; compatible; GPTBot/1.2; +https://openai.com/gptbot)"
20.171.207.125 - - [17/Apr/2025:02:57:18 -0400] "GET /seasonal-gutter-cleaning-why-clean-gutters-matter-most-in-the-spring-and-fall/ HTTP/1.1" 200 11489 "-" "Mozilla/5.0 AppleWebKit/537.36 (KHTML, like Gecko; compatible; GPTBot/1.2; +https://openai.com/gptbot)"
20.171.207.125 - - [17/Apr/2025:02:57:48 -0400] "GET /the-conservatory-sunroom-vs-the-conservatory-patio-room/ HTTP/1.1" 200 10702 "-" "Mozilla/5.0 AppleWebKit/537.36 (KHTML, like Gecko; compatible; GPTBot/1.2; +https://openai.com/gptbot)"
20.171.207.125 - - [17/Apr/2025:02:58:17 -0400] "GET /revolutionizing-your-kitchen-the-instant-hot-and-cold-water-tap/ HTTP/1.1" 200 10528 "-" "Mozilla/5.0 AppleWebKit/537.36 (KHTML, like Gecko; compatible; GPTBot/1.2; +https://openai.com/gptbot)"
20.171.207.125 - - [17/Apr/2025:02:58:42 -0400] "GET /installing-conservatories-on-a-bungalow-is-easier-than-you-think/ HTTP/1.1" 200 10817 "-" "Mozilla/5.0 AppleWebKit/537.36 (KHTML, like Gecko; compatible; GPTBot/1.2; +https://openai.com/gptbot)"
198.54.114.83 - - [17/Apr/2025:02:59:01 -0400] "POST /wp-admin/admin-ajax.php?action=async_litespeed&nonce=h9rJQGZoQlf8OJqnSMLczH5APTmXOe6L&litespeed_type=imgoptm HTTP/1.1" 200 0 "-" "WordPress/6.8; https://freelancingclients.com"
20.171.207.125 - - [17/Apr/2025:02:59:06 -0400] "GET /how-to-choose-the-right-health-care-courses-for-a-career/ HTTP/1.1" 200 11171 "-" "Mozilla/5.0 AppleWebKit/537.36 (KHTML, like Gecko; compatible; GPTBot/1.2; +https://openai.com/gptbot)"
20.171.207.125 - - [17/Apr/2025:02:59:29 -0400] "GET /the-ultimate-convenience-instant-hot-and-cold-water-dispensers/ HTTP/1.1" 200 10223 "-" "Mozilla/5.0 AppleWebKit/537.36 (KHTML, like Gecko; compatible; GPTBot/1.2; +https://openai.com/gptbot)"
20.171.207.125 - - [17/Apr/2025:02:59:56 -0400] "GET /elevating-comfort-the-essentials-of-hotel-room-furniture/ HTTP/1.1" 200 10764 "-" "Mozilla/5.0 AppleWebKit/537.36 (KHTML, like Gecko; compatible; GPTBot/1.2; +https://openai.com/gptbot)"
20.171.207.125 - - [17/Apr/2025:03:00:22 -0400] "GET /boosting-workplace-efficiency-with-employee-communication-apps/ HTTP/1.1" 200 10257 "-" "Mozilla/5.0 AppleWebKit/537.36 (KHTML, like Gecko; compatible; GPTBot/1.2; +https://openai.com/gptbot)"
20.171.207.125 - - [17/Apr/2025:03:00:49 -0400] "GET /enhancing-hotel-comfort-with-stylish-bedroom-furniture/ HTTP/1.1" 200 10315 "-" "Mozilla/5.0 AppleWebKit/537.36 (KHTML, like Gecko; compatible; GPTBot/1.2; +https://openai.com/gptbot)"
20.171.207.125 - - [17/Apr/2025:03:01:14 -0400] "GET /best-employee-communication-app/ HTTP/1.1" 200 10279 "-" "Mozilla/5.0 AppleWebKit/537.36 (KHTML, like Gecko; compatible; GPTBot/1.2; +https://openai.com/gptbot)"
198.54.114.83 - - [17/Apr/2025:03:01:19 -0400] "POST /wp-cron.php?doing_wp_cron=1744873276.8397300243377685546875 HTTP/1.1" 200 0 "-" "WordPress/6.8; https://freelancingclients.com"
20.171.207.125 - - [17/Apr/2025:03:01:42 -0400] "GET /?p=3625 HTTP/1.1" 301 0 "-" "Mozilla/5.0 AppleWebKit/537.36 (KHTML, like Gecko; compatible; GPTBot/1.2; +https://openai.com/gptbot)"
20.171.207.125 - - [17/Apr/2025:03:02:13 -0400] "GET /?p=3619 HTTP/1.1" 301 0 "-" "Mozilla/5.0 AppleWebKit/537.36 (KHTML, like Gecko; compatible; GPTBot/1.2; +https://openai.com/gptbot)"
195.2.75.216 - - [17/Apr/2025:03:02:27 -0400] "GET /osteopathy/ HTTP/1.1" 200 9642 "https://freelancingclients.com/osteopathy/" "Mozilla/5.0 (Windows NT 10.0; Win64; x64) AppleWebKit/537.36 (KHTML, like Gecko) Chrome/130.0.0.0 Safari/537.36"
66.249.66.20 - - [17/Apr/2025:03:02:35 -0400] "GET /robots.txt HTTP/1.1" 304 0 "-" "Mozilla/5.0 (compatible; Googlebot/2.1; +http://www.google.com/bot.html)"
195.2.75.216 - - [17/Apr/2025:03:02:34 -0400] "POST /wp-comments-post.php HTTP/1.1" 302 0 "https://freelancingclients.com/osteopathy/" "Mozilla/5.0 (Windows NT 10.0; Win64; x64) AppleWebKit/537.36 (KHTML, like Gecko) Chrome/130.0.0.0 Safari/537.36"
198.54.114.83 - - [17/Apr/2025:03:02:41 -0400] "POST /wp-cron.php?doing_wp_cron=1744873355.1227829456329345703125 HTTP/1.1" 200 0 "-" "WordPress/6.8; https://freelancingclients.com"
66.249.66.19 - - [17/Apr/2025:03:02:41 -0400] "GET /wp-content/uploads/2023/03/2.jpg HTTP/1.1" 200 7556 "-" "Googlebot-Image/1.0"
20.171.207.125 - - [17/Apr/2025:03:02:43 -0400] "GET /?p=3630 HTTP/1.1" 301 0 "-" "Mozilla/5.0 AppleWebKit/537.36 (KHTML, like Gecko; compatible; GPTBot/1.2; +https://openai.com/gptbot)"
