8.210.12.248 - - [16/Apr/2025:18:51:26 -0400] "GET /wp-content/themes/newspaperly/js/jquery.flexslider.js?ver=20150423 HTTP/1.1" 200 11140 "https://freelancingclients.com/" "Mozilla/5.0 (Macintosh; Intel Mac OS X 10_15_7) AppleWebKit/537.36 (KHTML, like Gecko) Chrome/116.0.0.0 Safari/537.36"
47.242.234.100 - - [16/Apr/2025:18:51:29 -0400] "HEAD / HTTP/1.1" 200 0 "-" "Mozilla/5.0 (Windows NT 6.3; Win64; x64) AppleWebKit/537.36 (KHTML, like Gecko) Chrome/70.0.3654.131 Safari/537.36"
47.242.234.100 - - [16/Apr/2025:18:51:30 -0400] "GET / HTTP/1.1" 200 10016 "-" "Mozilla/5.0 (Windows NT 6.3; Win64; x64) AppleWebKit/537.36 (KHTML, like Gecko) Chrome/70.0.3654.131 Safari/537.36"
198.54.114.83 - - [16/Apr/2025:18:59:21 -0400] "POST /wp-cron.php?doing_wp_cron=1744844360.5763370990753173828125 HTTP/1.1" 200 0 "-" "WordPress/6.8; https://freelancingclients.com"
150.109.60.212 - - [16/Apr/2025:18:59:16 -0400] "GET /exploring-vietnam-a-korean-travelers-journey/ HTTP/1.1" 200 11090 "-" "Python/3.10 aiohttp/3.10.5"
198.54.114.83 - - [16/Apr/2025:18:59:28 -0400] "POST /wp-admin/admin-ajax.php?action=async_litespeed&nonce=2Vb0eiAheQZNIyTzMOXHexn7ixo2ppru&litespeed_type=imgoptm HTTP/1.1" 200 0 "-" "WordPress/6.8; https://freelancingclients.com"
198.54.114.83 - - [16/Apr/2025:19:06:39 -0400] "POST /wp-cron.php?doing_wp_cron=1744844797.8828790187835693359375 HTTP/1.1" 200 0 "-" "WordPress/6.8; https://freelancingclients.com"
2a03:2880:f800:11:: - - [16/Apr/2025:19:06:37 -0400] "GET /belt-cutting-machine/ HTTP/1.1" 200 9869 "-" "meta-externalagent/1.1 (+https://developers.facebook.com/docs/sharing/webmasters/crawler)"
198.54.114.83 - - [16/Apr/2025:19:07:58 -0400] "POST /wp-cron.php?doing_wp_cron=1744844877.1408150196075439453125 HTTP/1.1" 200 0 "-" "WordPress/6.8; https://freelancingclients.com"
47.238.13.17 - - [16/Apr/2025:19:07:56 -0400] "GET /page-sitemap.xml HTTP/1.1" 200 351 "-" "Mozilla/5.0 (Macintosh; Intel Mac OS X 10_15_7) AppleWebKit/537.36 (KHTML, like Gecko) Chrome/109.0.0.0 Safari/537.36"
198.54.114.83 - - [16/Apr/2025:19:08:00 -0400] "POST /wp-admin/admin-ajax.php?action=async_litespeed&nonce=TzwsPIo8wI6Pw593rMGLNPucxpLxNQqz&litespeed_type=imgoptm HTTP/1.1" 200 0 "-" "WordPress/6.8; https://freelancingclients.com"
35.247.174.80 - - [16/Apr/2025:19:09:02 -0400] "POST /wp-login.php HTTP/1.1" 200 0 "-" "Mozlila/5.0 (Linux; Android 7.0; SM-G892A Bulid/NRD90M; wv) AppleWebKit/537.36 (KHTML, like Gecko) Version/4.0 Chrome/60.0.3112.107 Moblie Safari/537.36"
198.54.114.83 - - [16/Apr/2025:19:10:51 -0400] "POST /wp-cron.php?doing_wp_cron=1744845048.7776548862457275390625 HTTP/1.1" 200 0 "-" "WordPress/6.8; https://freelancingclients.com"
35.247.174.80 - - [16/Apr/2025:19:10:43 -0400] "GET /wp-admin/plugin-install.php?tab=upload HTTP/1.1" 302 0 "-" "Mozlila/5.0 (Linux; Android 7.0; SM-G892A Bulid/NRD90M; wv) AppleWebKit/537.36 (KHTML, like Gecko) Version/4.0 Chrome/60.0.3112.107 Moblie Safari/537.36"
35.247.174.80 - - [16/Apr/2025:19:10:53 -0400] "GET /wp-login.php?redirect_to=https%3A%2F%2Ffreelancingclients.com%2Fwp-admin%2Fplugin-install.php%3Ftab%3Dupload&reauth=1 HTTP/1.1" 200 1744 "-" "Mozlila/5.0 (Linux; Android 7.0; SM-G892A Bulid/NRD90M; wv) AppleWebKit/537.36 (KHTML, like Gecko) Version/4.0 Chrome/60.0.3112.107 Moblie Safari/537.36"
114.235.63.221 - - [16/Apr/2025:19:12:32 -0400] "GET /virtual-customer-innovation-staying-close-to-your/ HTTP/1.1" 200 88156 "-" "Mozilla/5.0 (Macintosh; Intel Mac OS X 12_5) AppleWebKit/537.36 (KHTML, like Gecko) Chrome/114.0.0.0 Safari/537.36"
35.247.174.80 - - [16/Apr/2025:19:11:06 -0400] "POST /wp-login.php HTTP/1.1" 200 0 "-" "Mozlila/5.0 (Linux; Android 7.0; SM-G892A Bulid/NRD90M; wv) AppleWebKit/537.36 (KHTML, like Gecko) Version/4.0 Chrome/60.0.3112.107 Moblie Safari/537.36"
198.54.114.83 - - [16/Apr/2025:19:12:54 -0400] "POST /wp-cron.php?doing_wp_cron=1744845172.9948499202728271484375 HTTP/1.1" 200 0 "-" "WordPress/6.8; https://freelancingclients.com"
35.247.174.80 - - [16/Apr/2025:19:12:45 -0400] "GET /wp-admin/plugin-install.php?tab=upload HTTP/1.1" 302 0 "-" "Mozlila/5.0 (Linux; Android 7.0; SM-G892A Bulid/NRD90M; wv) AppleWebKit/537.36 (KHTML, like Gecko) Version/4.0 Chrome/60.0.3112.107 Moblie Safari/537.36"
35.247.174.80 - - [16/Apr/2025:19:12:55 -0400] "GET /wp-login.php?redirect_to=https%3A%2F%2Ffreelancingclients.com%2Fwp-admin%2Fplugin-install.php%3Ftab%3Dupload&reauth=1 HTTP/1.1" 200 1744 "-" "Mozlila/5.0 (Linux; Android 7.0; SM-G892A Bulid/NRD90M; wv) AppleWebKit/537.36 (KHTML, like Gecko) Version/4.0 Chrome/60.0.3112.107 Moblie Safari/537.36"
8.210.176.195 - - [16/Apr/2025:19:17:42 -0400] "HEAD /page/159 HTTP/1.1" 301 0 "-" "Mozilla/5.0 (Windows NT 6.1; Win64; x64) AppleWebKit/537.36 (KHTML, like Gecko) Chrome/75.0.3974.54 Safari/537.36"
8.210.176.195 - - [16/Apr/2025:19:17:43 -0400] "HEAD /page/159/ HTTP/1.1" 200 0 "-" "Mozilla/5.0 (Windows NT 6.1; Win64; x64) AppleWebKit/537.36 (KHTML, like Gecko) Chrome/75.0.3974.54 Safari/537.36"
8.210.176.195 - - [16/Apr/2025:19:17:46 -0400] "GET /page/159 HTTP/1.1" 301 0 "-" "Mozilla/5.0 (Windows NT 6.1; Win64; x64) AppleWebKit/537.36 (KHTML, like Gecko) Chrome/75.0.3974.54 Safari/537.36"
47.242.209.147 - - [16/Apr/2025:19:17:47 -0400] "HEAD /page/159 HTTP/1.1" 301 0 "-" "Mozilla/5.0 (Windows NT 6.2; Win64; x64) AppleWebKit/537.36 (KHTML, like Gecko) Chrome/66.0.2530.166 Safari/537.36"
8.210.176.195 - - [16/Apr/2025:19:17:48 -0400] "GET /page/159/ HTTP/1.1" 200 10095 "-" "Mozilla/5.0 (Windows NT 6.1; Win64; x64) AppleWebKit/537.36 (KHTML, like Gecko) Chrome/75.0.3974.54 Safari/537.36"
47.242.209.147 - - [16/Apr/2025:19:17:48 -0400] "HEAD /page/159/ HTTP/1.1" 200 0 "-" "Mozilla/5.0 (Windows NT 6.2; Win64; x64) AppleWebKit/537.36 (KHTML, like Gecko) Chrome/66.0.2530.166 Safari/537.36"
47.243.62.121 - - [16/Apr/2025:19:17:50 -0400] "HEAD /page/159 HTTP/1.1" 301 0 "-" "Mozilla/5.0 (Windows NT 6.1; Win64; x64) AppleWebKit/537.36 (KHTML, like Gecko) Chrome/71.0.3417.110 Safari/537.36"
47.242.209.147 - - [16/Apr/2025:19:17:50 -0400] "GET /page/159 HTTP/1.1" 301 0 "-" "Mozilla/5.0 (Windows NT 6.2; Win64; x64) AppleWebKit/537.36 (KHTML, like Gecko) Chrome/66.0.2530.166 Safari/537.36"
47.243.62.121 - - [16/Apr/2025:19:17:51 -0400] "HEAD /page/159/ HTTP/1.1" 200 0 "-" "Mozilla/5.0 (Windows NT 6.1; Win64; x64) AppleWebKit/537.36 (KHTML, like Gecko) Chrome/71.0.3417.110 Safari/537.36"
47.242.209.147 - - [16/Apr/2025:19:17:51 -0400] "GET /page/159/ HTTP/1.1" 200 10095 "-" "Mozilla/5.0 (Windows NT 6.2; Win64; x64) AppleWebKit/537.36 (KHTML, like Gecko) Chrome/66.0.2530.166 Safari/537.36"
47.243.62.121 - - [16/Apr/2025:19:17:52 -0400] "GET /page/159 HTTP/1.1" 301 0 "-" "Mozilla/5.0 (Windows NT 6.1; Win64; x64) AppleWebKit/537.36 (KHTML, like Gecko) Chrome/71.0.3417.110 Safari/537.36"
47.243.62.121 - - [16/Apr/2025:19:17:54 -0400] "GET /page/159/ HTTP/1.1" 200 10095 "-" "Mozilla/5.0 (Windows NT 6.1; Win64; x64) AppleWebKit/537.36 (KHTML, like Gecko) Chrome/71.0.3417.110 Safari/537.36"
188.187.188.16 - - [16/Apr/2025:19:18:11 -0400] "GET /the-risks-of-using-a-crypto-mixer/ HTTP/1.1" 200 10437 "https://freelancingclients.com/the-risks-of-using-a-crypto-mixer/" "Mozilla/5.0 (Windows NT 10.0; Win64; x64) AppleWebKit/537.36 (KHTML, like Gecko) Chrome/131.0.0.0 Safari/537.36 Avast/131.0.0.0"
2a02:598:96:8a00::1200:13b - - [16/Apr/2025:19:18:09 -0400] "GET /a-lifeline-in-emergencies/ HTTP/1.1" 200 10218 "-" "Mozilla/5.0 (compatible; SeznamBot/4.0; +https://o-seznam.cz/napoveda/vyhledavani/en/seznambot-crawler/)"
198.54.114.83 - - [16/Apr/2025:19:18:16 -0400] "POST /wp-cron.php?doing_wp_cron=1744845494.6037700176239013671875 HTTP/1.1" 200 0 "-" "WordPress/6.8; https://freelancingclients.com"
198.54.114.83 - - [16/Apr/2025:19:18:16 -0400] "POST /wp-cron.php?doing_wp_cron=1744845494.6009750366210937500000 HTTP/1.1" 200 0 "-" "WordPress/6.8; https://freelancingclients.com"
188.187.188.16 - - [16/Apr/2025:19:18:18 -0400] "POST /wp-comments-post.php HTTP/1.1" 302 0 "https://freelancingclients.com/the-risks-of-using-a-crypto-mixer/" "Mozilla/5.0 (Windows NT 10.0; Win64; x64) AppleWebKit/537.36 (KHTML, like Gecko) Chrome/131.0.0.0 Safari/537.36 Avast/131.0.0.0"
188.187.188.16 - - [16/Apr/2025:19:18:23 -0400] "GET /the-risks-of-using-a-crypto-mixer/ HTTP/1.1" 200 11072 "https://freelancingclients.com/the-risks-of-using-a-crypto-mixer/#comment-8346" "Mozilla/5.0 (Windows NT 10.0; Win64; x64) AppleWebKit/537.36 (KHTML, like Gecko) Chrome/131.0.0.0 Safari/537.36 Avast/131.0.0.0"
198.54.114.83 - - [16/Apr/2025:19:21:05 -0400] "POST /wp-cron.php?doing_wp_cron=1744845661.3342349529266357421875 HTTP/1.1" 200 0 "-" "WordPress/6.8; https://freelancingclients.com"
188.130.137.95 - - [16/Apr/2025:19:20:54 -0400] "GET /discovering-homes-for-sale-in-sonoma-ca/ HTTP/1.1" 200 10195 "https://freelancingclients.com/discovering-homes-for-sale-in-sonoma-ca/#comment-613" "Mozilla/5.0 (Windows NT 10.0; Win64; x64) AppleWebKit/537.36 (KHTML, like Gecko) Chrome/103.0.5060.134 Safari/537.36"
188.130.137.95 - - [16/Apr/2025:19:21:09 -0400] "POST /wp-comments-post.php HTTP/1.1" 302 0 "https://freelancingclients.com/discovering-homes-for-sale-in-sonoma-ca/#comment-613" "Mozilla/5.0 (Windows NT 10.0; Win64; x64) AppleWebKit/537.36 (KHTML, like Gecko) Chrome/103.0.5060.134 Safari/537.36"
188.130.137.95 - - [16/Apr/2025:19:21:14 -0400] "GET /discovering-homes-for-sale-in-sonoma-ca/ HTTP/1.1" 200 11030 "https://freelancingclients.com/discovering-homes-for-sale-in-sonoma-ca/#comment-8347" "Mozilla/5.0 (Windows NT 10.0; Win64; x64) AppleWebKit/537.36 (KHTML, like Gecko) Chrome/103.0.5060.134 Safari/537.36"
198.54.114.83 - - [16/Apr/2025:19:25:31 -0400] "POST /wp-cron.php?doing_wp_cron=1744845929.4817969799041748046875 HTTP/1.1" 200 0 "-" "WordPress/6.8; https://freelancingclients.com"
43.130.57.76 - - [16/Apr/2025:19:25:24 -0400] "GET /2021/04/ HTTP/1.1" 301 0 "-" "Mozilla/5.0 (iPhone; CPU iPhone OS 13_2_3 like Mac OS X) AppleWebKit/605.1.15 (KHTML, like Gecko) Version/13.0.3 Mobile/15E148 Safari/604.1"
43.130.57.76 - - [16/Apr/2025:19:25:37 -0400] "GET / HTTP/1.1" 200 10016 "https://freelancingclients.com/2021/04/" "Mozilla/5.0 (iPhone; CPU iPhone OS 13_2_3 like Mac OS X) AppleWebKit/605.1.15 (KHTML, like Gecko) Version/13.0.3 Mobile/15E148 Safari/604.1"
198.54.114.83 - - [16/Apr/2025:19:26:37 -0400] "POST /wp-admin/admin-ajax.php?action=async_litespeed&nonce=CVmu7XWObKtV3YHPsXvhg5BHKnVieb80&litespeed_type=imgoptm HTTP/1.1" 200 0 "-" "WordPress/6.8; https://freelancingclients.com"
91.84.96.34 - - [16/Apr/2025:19:27:14 -0400] "GET /osteopathy/ HTTP/1.1" 200 9642 "https://freelancingclients.com/osteopathy/" "Mozilla/5.0 (Windows NT 10.0; Win64; x64) AppleWebKit/537.36 (KHTML, like Gecko) Chrome/130.0.0.0 Safari/537.36 CCleaner/130.0.0.0"
198.54.114.83 - - [16/Apr/2025:19:27:18 -0400] "POST /wp-cron.php?doing_wp_cron=1744846036.3339788913726806640625 HTTP/1.1" 200 0 "-" "WordPress/6.8; https://freelancingclients.com"
91.84.96.34 - - [16/Apr/2025:19:27:15 -0400] "POST /wp-comments-post.php HTTP/1.1" 302 0 "https://freelancingclients.com/osteopathy/" "Mozilla/5.0 (Windows NT 10.0; Win64; x64) AppleWebKit/537.36 (KHTML, like Gecko) Chrome/130.0.0.0 Safari/537.36 CCleaner/130.0.0.0"
91.84.96.34 - - [16/Apr/2025:19:27:20 -0400] "GET /osteopathy/ HTTP/1.1" 200 10265 "https://freelancingclients.com/osteopathy/#comment-8349" "Mozilla/5.0 (Windows NT 10.0; Win64; x64) AppleWebKit/537.36 (KHTML, like Gecko) Chrome/130.0.0.0 Safari/537.36 CCleaner/130.0.0.0"
198.54.114.83 - - [16/Apr/2025:19:30:58 -0400] "POST /wp-admin/admin-ajax.php?action=async_litespeed&nonce=YE0nSCt1LuR1WtTAqk8uDWkecS59JtDc&litespeed_type=imgoptm HTTP/1.1" 200 0 "-" "WordPress/6.8; https://freelancingclients.com"
198.54.114.83 - - [16/Apr/2025:19:34:56 -0400] "POST /wp-cron.php?doing_wp_cron=1744846494.9680180549621582031250 HTTP/1.1" 200 0 "-" "WordPress/6.8; https://freelancingclients.com"
43.130.139.136 - - [16/Apr/2025:19:34:47 -0400] "GET /feed/ HTTP/1.1" 200 335586 "-" "Mozilla/5.0 (iPhone; CPU iPhone OS 13_2_3 like Mac OS X) AppleWebKit/605.1.15 (KHTML, like Gecko) Version/13.0.3 Mobile/15E148 Safari/604.1"
129.226.134.60 - - [16/Apr/2025:19:35:39 -0400] "GET /tailored-elegance-the-custom-wardrobe-closet-revolution/ HTTP/1.1" 200 10710 "-" "Python/3.10 aiohttp/3.10.5"
2407:3640:2153:8744::1 - - [16/Apr/2025:19:35:51 -0400] "GET / HTTP/1.1" 200 10016 "https://google.com" "Mozilla/5.0 (Windows NT 10.0; Win64; x64) AppleWebKit/537.36 (KHTML, like Gecko) Chrome/130.0.0.0 Safari/537.36"
137.226.113.44 - - [16/Apr/2025:19:42:28 -0400] "GET / HTTP/1.1" 200 0 "-" "Mozilla/5.0 researchscan.comsys.rwth-aachen.de"
198.54.114.83 - - [16/Apr/2025:19:42:37 -0400] "POST /wp-cron.php?doing_wp_cron=1744846956.2944340705871582031250 HTTP/1.1" 200 0 "-" "WordPress/6.8; https://freelancingclients.com"
137.226.113.44 - - [16/Apr/2025:19:42:37 -0400] "GET / HTTP/1.1" 301 0 "-" "Mozilla/5.0 researchscan.comsys.rwth-aachen.de"
137.226.113.44 - - [16/Apr/2025:19:42:43 -0400] "GET / HTTP/1.1" 200 10016 "https://www.freelancingclients.com:443/" "Mozilla/5.0 researchscan.comsys.rwth-aachen.de"
198.54.114.83 - - [16/Apr/2025:19:47:20 -0400] "POST /wp-cron.php?doing_wp_cron=1744847239.3917019367218017578125 HTTP/1.1" 200 0 "-" "WordPress/6.8; https://freelancingclients.com"
198.54.114.83 - - [16/Apr/2025:19:47:22 -0400] "POST /wp-admin/admin-ajax.php?action=async_litespeed&nonce=RsFhsjbzShhk6hSuTftR6BibKcRL3Cs5&litespeed_type=imgoptm HTTP/1.1" 200 0 "-" "WordPress/6.8; https://freelancingclients.com"
43.154.145.254 - - [16/Apr/2025:19:47:13 -0400] "GET /ai-video-generator-2/ HTTP/1.1" 200 10321 "-" "Python/3.10 aiohttp/3.10.5"
170.106.84.136 - - [16/Apr/2025:19:48:25 -0400] "GET /xmlrpc.php?rsd HTTP/1.1" 200 298 "-" "Mozilla/5.0 (iPhone; CPU iPhone OS 13_2_3 like Mac OS X) AppleWebKit/605.1.15 (KHTML, like Gecko) Version/13.0.3 Mobile/15E148 Safari/604.1"
198.54.114.83 - - [16/Apr/2025:19:48:30 -0400] "POST /wp-cron.php?doing_wp_cron=1744847306.9678380489349365234375 HTTP/1.1" 200 0 "-" "WordPress/6.8; https://freelancingclients.com"
35.247.174.80 - - [16/Apr/2025:19:50:35 -0400] "POST /wp-login.php HTTP/1.1" 200 1843 "-" "Mozlila/5.0 (Linux; Android 7.0; SM-G892A Bulid/NRD90M; wv) AppleWebKit/537.36 (KHTML, like Gecko) Version/4.0 Chrome/60.0.3112.107 Moblie Safari/537.36"
198.54.114.83 - - [16/Apr/2025:19:50:42 -0400] "POST /wp-cron.php?doing_wp_cron=1744847441.2614679336547851562500 HTTP/1.1" 200 0 "-" "WordPress/6.8; https://freelancingclients.com"
35.247.174.80 - - [16/Apr/2025:19:50:44 -0400] "GET /wp-admin/plugin-install.php?tab=upload HTTP/1.1" 302 0 "-" "Mozlila/5.0 (Linux; Android 7.0; SM-G892A Bulid/NRD90M; wv) AppleWebKit/537.36 (KHTML, like Gecko) Version/4.0 Chrome/60.0.3112.107 Moblie Safari/537.36"
35.247.174.80 - - [16/Apr/2025:19:50:48 -0400] "GET /wp-login.php?redirect_to=https%3A%2F%2Ffreelancingclients.com%2Fwp-admin%2Fplugin-install.php%3Ftab%3Dupload&reauth=1 HTTP/1.1" 200 1744 "-" "Mozlila/5.0 (Linux; Android 7.0; SM-G892A Bulid/NRD90M; wv) AppleWebKit/537.36 (KHTML, like Gecko) Version/4.0 Chrome/60.0.3112.107 Moblie Safari/537.36"
198.54.114.83 - - [16/Apr/2025:19:56:51 -0400] "POST /wp-cron.php?doing_wp_cron=1744847810.8014819622039794921875 HTTP/1.1" 200 0 "-" "WordPress/6.8; https://freelancingclients.com"
43.157.38.131 - - [16/Apr/2025:19:56:44 -0400] "GET /wp-json/ HTTP/1.1" 200 200829 "-" "Mozilla/5.0 (iPhone; CPU iPhone OS 13_2_3 like Mac OS X) AppleWebKit/605.1.15 (KHTML, like Gecko) Version/13.0.3 Mobile/15E148 Safari/604.1"
198.54.114.83 - - [16/Apr/2025:19:56:53 -0400] "POST /wp-admin/admin-ajax.php?action=async_litespeed&nonce=duXoHEYMdmL3eDWgeDgIWX6jzZlUIGXY&litespeed_type=imgoptm HTTP/1.1" 200 0 "-" "WordPress/6.8; https://freelancingclients.com"
47.79.213.211 - - [16/Apr/2025:20:00:25 -0400] "GET / HTTP/1.1" 200 10016 "https://www.google.com/" "Mozilla/5.0 (Linux; Android 10; K) AppleWebKit/537.36 (KHTML, like Gecko) Chrome/132.0.0.0 Mobile Safari/537.36"
198.54.114.83 - - [16/Apr/2025:20:02:13 -0400] "POST /wp-cron.php?doing_wp_cron=1744848131.9256379604339599609375 HTTP/1.1" 200 0 "-" "WordPress/6.8; https://freelancingclients.com"
2a02:598:96:8a00::1200:13b - - [16/Apr/2025:20:02:06 -0400] "GET /why-invest-in-premium-domains/ HTTP/1.1" 200 0 "-" "Mozilla/5.0 (compatible; SeznamBot/4.0; +https://o-seznam.cz/napoveda/vyhledavani/en/seznambot-crawler/)"
198.54.114.83 - - [16/Apr/2025:20:02:16 -0400] "POST /wp-admin/admin-ajax.php?action=async_litespeed&nonce=zuFmkxD02MXXM2ER2jJjsK2LCL5qmZYi&litespeed_type=imgoptm HTTP/1.1" 200 0 "-" "WordPress/6.8; https://freelancingclients.com"
5.104.83.47 - - [16/Apr/2025:20:02:48 -0400] "GET /wp-login.php HTTP/1.1" 200 1724 "-" "Mozilla/5.0"
5.104.83.47 - - [16/Apr/2025:20:02:51 -0400] "GET /?author=1 HTTP/1.1" 301 0 "-" "Mozilla/5.0"
5.104.83.47 - - [16/Apr/2025:20:02:56 -0400] "GET /?feed=rss2 HTTP/1.1" 301 0 "-" "Mozilla/5.0"
5.104.83.47 - - [16/Apr/2025:20:02:58 -0400] "GET /feed/ HTTP/1.1" 200 574162 "-" "Mozilla/5.0"
129.226.177.116 - - [16/Apr/2025:20:04:15 -0400] "GET /what-is-a-marketplace/ HTTP/1.1" 200 10279 "-" "Python/3.10 aiohttp/3.10.5"
198.54.114.83 - - [16/Apr/2025:20:04:18 -0400] "POST /wp-cron.php?doing_wp_cron=1744848255.7161118984222412109375 HTTP/1.1" 200 0 "-" "WordPress/6.8; https://freelancingclients.com"
198.54.114.83 - - [16/Apr/2025:20:07:18 -0400] "POST /wp-cron.php?doing_wp_cron=1744848437.3459351062774658203125 HTTP/1.1" 200 0 "-" "WordPress/6.8; https://freelancingclients.com"
43.166.240.231 - - [16/Apr/2025:20:07:09 -0400] "GET /2021/02/ HTTP/1.1" 301 0 "-" "Mozilla/5.0 (iPhone; CPU iPhone OS 13_2_3 like Mac OS X) AppleWebKit/605.1.15 (KHTML, like Gecko) Version/13.0.3 Mobile/15E148 Safari/604.1"
43.166.240.231 - - [16/Apr/2025:20:07:33 -0400] "GET / HTTP/1.1" 200 10016 "https://freelancingclients.com/2021/02/" "Mozilla/5.0 (iPhone; CPU iPhone OS 13_2_3 like Mac OS X) AppleWebKit/605.1.15 (KHTML, like Gecko) Version/13.0.3 Mobile/15E148 Safari/604.1"
198.54.114.83 - - [16/Apr/2025:20:08:59 -0400] "POST /wp-cron.php?doing_wp_cron=1744848538.4223198890686035156250 HTTP/1.1" 200 0 "-" "WordPress/6.8; https://freelancingclients.com"
17.241.219.34 - - [16/Apr/2025:20:08:52 -0400] "GET /fenbendazole-cancer-treatment/ HTTP/1.1" 200 9862 "-" "Mozilla/5.0 (Macintosh; Intel Mac OS X 10_15_7) AppleWebKit/605.1.15 (KHTML, like Gecko) Version/17.4 Safari/605.1.15 (Applebot/0.1; +http://www.apple.com/go/applebot)"
114.119.138.170 - - [16/Apr/2025:20:09:44 -0400] "GET /category/activity/page/46/ HTTP/1.1" 200 10523 "https://freelancingclients.com/category/activity/page/45/" "Mozilla/5.0 (Linux; Android 7.0;) AppleWebKit/537.36 (KHTML, like Gecko) Mobile Safari/537.36 (compatible; PetalBot;+https://webmaster.petalsearch.com/site/petalbot)"
198.54.114.83 - - [16/Apr/2025:20:11:14 -0400] "POST /wp-cron.php?doing_wp_cron=1744848673.6262190341949462890625 HTTP/1.1" 200 0 "-" "WordPress/6.8; https://freelancingclients.com"
198.54.114.83 - - [16/Apr/2025:20:11:15 -0400] "POST /wp-admin/admin-ajax.php?action=async_litespeed&nonce=ygzDAGnHVr2bHGiqBBKyXcIHhuxcIAY7&litespeed_type=imgoptm HTTP/1.1" 200 0 "-" "WordPress/6.8; https://freelancingclients.com"
114.119.131.163 - - [16/Apr/2025:20:11:07 -0400] "GET /category/activity/page/148/ HTTP/1.1" 200 10277 "https://freelancingclients.com/category/activity/page/147/" "Mozilla/5.0 (Linux; Android 7.0;) AppleWebKit/537.36 (KHTML, like Gecko) Mobile Safari/537.36 (compatible; PetalBot;+https://webmaster.petalsearch.com/site/petalbot)"
198.54.114.83 - - [16/Apr/2025:20:16:33 -0400] "POST /wp-cron.php?doing_wp_cron=1744848992.0751509666442871093750 HTTP/1.1" 200 0 "-" "WordPress/6.8; https://freelancingclients.com"
134.17.14.122 - - [16/Apr/2025:20:16:25 -0400] "GET /goat.php HTTP/1.1" 404 8131 "-" "Mozilla/4.0 (compatible; MSIE 6.0; Windows NT 5.1; SV1)"
198.54.114.83 - - [16/Apr/2025:20:18:03 -0400] "POST /wp-admin/admin-ajax.php?action=async_litespeed&nonce=s2DJNlKxhN7ebozarmGdN13n8fDxoX6g&litespeed_type=imgoptm HTTP/1.1" 200 0 "-" "WordPress/6.8; https://freelancingclients.com"
198.54.114.83 - - [16/Apr/2025:20:18:14 -0400] "POST /wp-cron.php?doing_wp_cron=1744849093.2467939853668212890625 HTTP/1.1" 200 0 "-" "WordPress/6.8; https://freelancingclients.com"
135.119.140.245 - - [16/Apr/2025:20:18:12 -0400] "HEAD /new-composite-door-new-accessibility/ HTTP/1.1" 200 0 "http://freelancingclients.com/new" "Mozilla/5.0 (Windows NT 10.0; Win64; x64) AppleWebKit/537.36 (KHTML, like Gecko) Chrome/74.0.3729.169 Safari/537.36"
135.119.140.245 - - [16/Apr/2025:20:18:18 -0400] "HEAD /home-audio-systems/ HTTP/1.1" 200 0 "http://freelancingclients.com/home" "Mozilla/5.0 (Windows NT 10.0; Win64; x64) AppleWebKit/537.36 (KHTML, like Gecko) Chrome/74.0.3729.169 Safari/537.36"
198.54.114.83 - - [16/Apr/2025:20:18:52 -0400] "POST /wp-cron.php?doing_wp_cron=1744849131.9328079223632812500000 HTTP/1.1" 200 0 "-" "WordPress/6.8; https://freelancingclients.com"
49.51.195.195 - - [16/Apr/2025:20:18:51 -0400] "GET /?s= HTTP/1.1" 200 10094 "-" "Mozilla/5.0 (iPhone; CPU iPhone OS 13_2_3 like Mac OS X) AppleWebKit/605.1.15 (KHTML, like Gecko) Version/13.0.3 Mobile/15E148 Safari/604.1"
198.54.114.83 - - [16/Apr/2025:20:18:53 -0400] "POST /wp-admin/admin-ajax.php?action=async_litespeed&nonce=rkXBqHsr9FbC5G1EzmnscLz6hmA8jfDR&litespeed_type=imgoptm HTTP/1.1" 200 0 "-" "WordPress/6.8; https://freelancingclients.com"
198.54.114.83 - - [16/Apr/2025:20:21:34 -0400] "POST /wp-cron.php?doing_wp_cron=1744849294.1097359657287597656250 HTTP/1.1" 200 0 "-" "WordPress/6.8; https://freelancingclients.com"
43.128.36.137 - - [16/Apr/2025:20:21:28 -0400] "GET /how-to-get-an-accurate-moving-cost-quote/ HTTP/1.1" 200 10625 "-" "Python/3.10 aiohttp/3.10.5"
198.54.114.83 - - [16/Apr/2025:20:21:37 -0400] "POST /wp-admin/admin-ajax.php?action=async_litespeed&nonce=3F3LWjuEqTCfygA39JLX2dM4BZHe9qs2&litespeed_type=imgoptm HTTP/1.1" 200 0 "-" "WordPress/6.8; https://freelancingclients.com"
2a03:2880:f800:1a:: - - [16/Apr/2025:20:25:30 -0400] "GET /nfts/ HTTP/1.1" 200 9676 "-" "meta-externalagent/1.1 (+https://developers.facebook.com/docs/sharing/webmasters/crawler)"
198.54.114.83 - - [16/Apr/2025:20:25:40 -0400] "POST /wp-cron.php?doing_wp_cron=1744849538.1704900264739990234375 HTTP/1.1" 200 0 "-" "WordPress/6.8; https://freelancingclients.com"
17.241.219.150 - - [16/Apr/2025:20:25:44 -0400] "GET /british-columbian-casinos-over-the-edge-again/ HTTP/1.1" 200 10750 "-" "Mozilla/5.0 (Macintosh; Intel Mac OS X 10_15_7) AppleWebKit/605.1.15 (KHTML, like Gecko) Version/17.4 Safari/605.1.15 (Applebot/0.1; +http://www.apple.com/go/applebot)"
198.54.114.83 - - [16/Apr/2025:20:28:12 -0400] "POST /wp-cron.php?doing_wp_cron=1744849690.6322679519653320312500 HTTP/1.1" 200 0 "-" "WordPress/6.8; https://freelancingclients.com"
43.165.70.220 - - [16/Apr/2025:20:28:02 -0400] "GET /2024/02/ HTTP/1.1" 301 0 "-" "Mozilla/5.0 (iPhone; CPU iPhone OS 13_2_3 like Mac OS X) AppleWebKit/605.1.15 (KHTML, like Gecko) Version/13.0.3 Mobile/15E148 Safari/604.1"
43.165.70.220 - - [16/Apr/2025:20:28:24 -0400] "GET / HTTP/1.1" 200 10016 "https://freelancingclients.com/2024/02/" "Mozilla/5.0 (iPhone; CPU iPhone OS 13_2_3 like Mac OS X) AppleWebKit/605.1.15 (KHTML, like Gecko) Version/13.0.3 Mobile/15E148 Safari/604.1"
198.54.114.83 - - [16/Apr/2025:20:31:59 -0400] "POST /wp-cron.php?doing_wp_cron=1744849918.5815329551696777343750 HTTP/1.1" 200 0 "-" "WordPress/6.8; https://freelancingclients.com"
2a02:598:64:8a00::3100:4 - - [16/Apr/2025:20:31:52 -0400] "GET /recognizing-its-symptoms/ HTTP/1.1" 200 10305 "-" "Mozilla/5.0 (compatible; SeznamBot/4.0; +https://o-seznam.cz/napoveda/vyhledavani/en/seznambot-crawler/)"
198.54.114.83 - - [16/Apr/2025:20:32:01 -0400] "POST /wp-admin/admin-ajax.php?action=async_litespeed&nonce=NI1zsQz7yHbzsRKbrBfV2jaqiLxMWufb&litespeed_type=imgoptm HTTP/1.1" 200 0 "-" "WordPress/6.8; https://freelancingclients.com"
43.130.47.33 - - [16/Apr/2025:20:35:58 -0400] "GET /?p=3802 HTTP/1.1" 301 0 "-" "Mozilla/5.0 (iPhone; CPU iPhone OS 13_2_3 like Mac OS X) AppleWebKit/605.1.15 (KHTML, like Gecko) Version/13.0.3 Mobile/15E148 Safari/604.1"
198.54.114.83 - - [16/Apr/2025:20:36:06 -0400] "POST /wp-cron.php?doing_wp_cron=1744850164.4087300300598144531250 HTTP/1.1" 200 0 "-" "WordPress/6.8; https://freelancingclients.com"
43.130.47.33 - - [16/Apr/2025:20:36:08 -0400] "GET /gpt-5-latest-news-updates-and-everything-we-know/ HTTP/1.1" 200 98107 "https://freelancingclients.com/?p=3802" "Mozilla/5.0 (iPhone; CPU iPhone OS 13_2_3 like Mac OS X) AppleWebKit/605.1.15 (KHTML, like Gecko) Version/13.0.3 Mobile/15E148 Safari/604.1"
198.54.114.83 - - [16/Apr/2025:20:37:18 -0400] "POST /wp-cron.php?doing_wp_cron=1744850237.0908861160278320312500 HTTP/1.1" 200 0 "-" "WordPress/6.8; https://freelancingclients.com"
44.217.146.197 - - [16/Apr/2025:20:37:16 -0400] "GET /navigating-the-maze-resolving-party-wall-disputes/ HTTP/1.1" 200 10525 "-" "Grammarly/1.0 (http://www.grammarly.com)"
198.54.114.83 - - [16/Apr/2025:20:37:23 -0400] "POST /wp-admin/admin-ajax.php?action=async_litespeed&nonce=gy8qH2dKsJeSfrzWwtV7VmUbWgzv2meX&litespeed_type=imgoptm HTTP/1.1" 200 0 "-" "WordPress/6.8; https://freelancingclients.com"
174.80.128.59 - - [16/Apr/2025:20:37:25 -0400] "GET /osteopathy/ HTTP/1.1" 200 9642 "https://freelancingclients.com/osteopathy/#comment-7547/" "Mozilla/5.0 (Windows NT 10.0; Win64; x64) AppleWebKit/537.36 (KHTML, like Gecko) Chrome/129.0.0.0 Safari/537.36"
174.80.128.59 - - [16/Apr/2025:20:37:27 -0400] "POST /wp-comments-post.php HTTP/1.1" 302 0 "https://freelancingclients.com/osteopathy/#comment-7547/" "Mozilla/5.0 (Windows NT 10.0; Win64; x64) AppleWebKit/537.36 (KHTML, like Gecko) Chrome/129.0.0.0 Safari/537.36"
174.80.128.59 - - [16/Apr/2025:20:37:31 -0400] "GET /osteopathy/ HTTP/1.1" 200 10254 "https://freelancingclients.com/osteopathy/#comment-8359" "Mozilla/5.0 (Windows NT 10.0; Win64; x64) AppleWebKit/537.36 (KHTML, like Gecko) Chrome/129.0.0.0 Safari/537.36"
198.54.114.83 - - [16/Apr/2025:20:43:58 -0400] "POST /wp-admin/admin-ajax.php?action=async_litespeed&nonce=frNDiOr6e9zWugcqc4NPIeJ1BRQdRnmP&litespeed_type=imgoptm HTTP/1.1" 200 0 "-" "WordPress/6.8; https://freelancingclients.com"
114.119.155.170 - - [16/Apr/2025:20:45:26 -0400] "GET /page/83/ HTTP/1.1" 200 10031 "https://freelancingclients.com/page/83/" "Mozilla/5.0 (Linux; Android 7.0;) AppleWebKit/537.36 (KHTML, like Gecko) Mobile Safari/537.36 (compatible; PetalBot;+https://webmaster.petalsearch.com/site/petalbot)"
168.91.40.100 - - [16/Apr/2025:20:46:57 -0400] "GET /die-bedeutung-von-juristischer-nachhilfe HTTP/1.1" 301 0 "-" "Mozilla/5.0 (X11; Linux x86_64) AppleWebKit/537.36 (KHTML, like Gecko) Chrome/134.0.0.0 Safari/537.36"
168.91.40.100 - - [16/Apr/2025:20:46:59 -0400] "GET /die-bedeutung-von-juristischer-nachhilfe/ HTTP/1.1" 200 10355 "-" "Mozilla/5.0 (X11; Linux x86_64) AppleWebKit/537.36 (KHTML, like Gecko) Chrome/134.0.0.0 Safari/537.36"
168.91.40.100 - - [16/Apr/2025:20:47:02 -0400] "GET /wp-content/themes/daily-newspaper/style.css?ver=1.0 HTTP/1.1" 200 10155 "https://freelancingclients.com/die-bedeutung-von-juristischer-nachhilfe/" "Mozilla/5.0 (X11; Linux x86_64) AppleWebKit/537.36 (KHTML, like Gecko) Chrome/134.0.0.0 Safari/537.36"
168.91.40.100 - - [16/Apr/2025:20:47:02 -0400] "GET /wp-content/fonts/c72f40e02a47fae3159b9d954e6201db.css?ver=1.0 HTTP/1.1" 200 580 "https://freelancingclients.com/die-bedeutung-von-juristischer-nachhilfe/" "Mozilla/5.0 (X11; Linux x86_64) AppleWebKit/537.36 (KHTML, like Gecko) Chrome/134.0.0.0 Safari/537.36"
168.91.40.100 - - [16/Apr/2025:20:47:02 -0400] "GET /wp-includes/css/dist/block-library/style.min.css?ver=6.8 HTTP/1.1" 200 14358 "https://freelancingclients.com/die-bedeutung-von-juristischer-nachhilfe/" "Mozilla/5.0 (X11; Linux x86_64) AppleWebKit/537.36 (KHTML, like Gecko) Chrome/134.0.0.0 Safari/537.36"
168.91.40.100 - - [16/Apr/2025:20:47:02 -0400] "GET /wp-includes/js/jquery/jquery.min.js?ver=3.7.1 HTTP/1.1" 200 29744 "https://freelancingclients.com/die-bedeutung-von-juristischer-nachhilfe/" "Mozilla/5.0 (X11; Linux x86_64) AppleWebKit/537.36 (KHTML, like Gecko) Chrome/134.0.0.0 Safari/537.36"
168.91.40.100 - - [16/Apr/2025:20:47:02 -0400] "GET /wp-content/themes/newspaperly/style.css?ver=6.8 HTTP/1.1" 200 10093 "https://freelancingclients.com/die-bedeutung-von-juristischer-nachhilfe/" "Mozilla/5.0 (X11; Linux x86_64) AppleWebKit/537.36 (KHTML, like Gecko) Chrome/134.0.0.0 Safari/537.36"
168.91.40.100 - - [16/Apr/2025:20:47:02 -0400] "GET /wp-content/themes/daily-newspaper/style.css?ver=6.8 HTTP/1.1" 200 10155 "https://freelancingclients.com/die-bedeutung-von-juristischer-nachhilfe/" "Mozilla/5.0 (X11; Linux x86_64) AppleWebKit/537.36 (KHTML, like Gecko) Chrome/134.0.0.0 Safari/537.36"
168.91.40.100 - - [16/Apr/2025:20:47:02 -0400] "GET /wp-content/themes/newspaperly/js/accessibility.js?ver=20160720 HTTP/1.1" 200 430 "https://freelancingclients.com/die-bedeutung-von-juristischer-nachhilfe/" "Mozilla/5.0 (X11; Linux x86_64) AppleWebKit/537.36 (KHTML, like Gecko) Chrome/134.0.0.0 Safari/537.36"
168.91.40.100 - - [16/Apr/2025:20:47:02 -0400] "GET /wp-content/themes/newspaperly/js/script.js?ver=20160720 HTTP/1.1" 200 996 "https://freelancingclients.com/die-bedeutung-von-juristischer-nachhilfe/" "Mozilla/5.0 (X11; Linux x86_64) AppleWebKit/537.36 (KHTML, like Gecko) Chrome/134.0.0.0 Safari/537.36"
168.91.40.100 - - [16/Apr/2025:20:47:02 -0400] "GET /wp-content/themes/newspaperly/js/navigation.js?ver=20170823 HTTP/1.1" 200 951 "https://freelancingclients.com/die-bedeutung-von-juristischer-nachhilfe/" "Mozilla/5.0 (X11; Linux x86_64) AppleWebKit/537.36 (KHTML, like Gecko) Chrome/134.0.0.0 Safari/537.36"
168.91.40.100 - - [16/Apr/2025:20:47:02 -0400] "GET /wp-content/themes/newspaperly/js/skip-link-focus-fix.js?ver=20170823 HTTP/1.1" 200 332 "https://freelancingclients.com/die-bedeutung-von-juristischer-nachhilfe/" "Mozilla/5.0 (X11; Linux x86_64) AppleWebKit/537.36 (KHTML, like Gecko) Chrome/134.0.0.0 Safari/537.36"
168.91.40.100 - - [16/Apr/2025:20:47:02 -0400] "GET /wp-content/themes/newspaperly/css/font-awesome.min.css?ver=6.8 HTTP/1.1" 200 6658 "https://freelancingclients.com/die-bedeutung-von-juristischer-nachhilfe/" "Mozilla/5.0 (X11; Linux x86_64) AppleWebKit/537.36 (KHTML, like Gecko) Chrome/134.0.0.0 Safari/537.36"
168.91.40.100 - - [16/Apr/2025:20:47:02 -0400] "GET /wp-content/themes/newspaperly/js/jquery.flexslider.js?ver=20150423 HTTP/1.1" 200 11140 "https://freelancingclients.com/die-bedeutung-von-juristischer-nachhilfe/" "Mozilla/5.0 (X11; Linux x86_64) AppleWebKit/537.36 (KHTML, like Gecko) Chrome/134.0.0.0 Safari/537.36"
168.91.40.100 - - [16/Apr/2025:20:47:02 -0400] "GET /wp-includes/js/jquery/jquery-migrate.min.js?ver=3.4.1 HTTP/1.1" 200 4678 "https://freelancingclients.com/die-bedeutung-von-juristischer-nachhilfe/" "Mozilla/5.0 (X11; Linux x86_64) AppleWebKit/537.36 (KHTML, like Gecko) Chrome/134.0.0.0 Safari/537.36"
168.91.40.100 - - [16/Apr/2025:20:47:04 -0400] "GET /wp-includes/js/comment-reply.min.js?ver=6.8 HTTP/1.1" 200 1247 "https://freelancingclients.com/die-bedeutung-von-juristischer-nachhilfe/" "Mozilla/5.0 (X11; Linux x86_64) AppleWebKit/537.36 (KHTML, like Gecko) Chrome/134.0.0.0 Safari/537.36"
168.91.40.100 - - [16/Apr/2025:20:47:04 -0400] "GET /wp-content/fonts/inter/UcC73FwrK3iLTeHuS_nVMrMxCp50SjIa1ZL7.woff2 HTTP/1.1" 200 48444 "https://freelancingclients.com/wp-content/fonts/c72f40e02a47fae3159b9d954e6201db.css?ver=1.0" "Mozilla/5.0 (X11; Linux x86_64) AppleWebKit/537.36 (KHTML, like Gecko) Chrome/134.0.0.0 Safari/537.36"
168.91.40.100 - - [16/Apr/2025:20:47:04 -0400] "GET /wp-includes/js/wp-emoji-release.min.js?ver=6.8 HTTP/1.1" 200 4771 "https://freelancingclients.com/die-bedeutung-von-juristischer-nachhilfe/" "Mozilla/5.0 (X11; Linux x86_64) AppleWebKit/537.36 (KHTML, like Gecko) Chrome/134.0.0.0 Safari/537.36"
168.91.40.100 - - [16/Apr/2025:20:47:10 -0400] "GET /favicon.ico HTTP/1.1" 404 1251 "https://freelancingclients.com/die-bedeutung-von-juristischer-nachhilfe/" "Mozilla/5.0 (X11; Linux x86_64) AppleWebKit/537.36 (KHTML, like Gecko) Chrome/134.0.0.0 Safari/537.36"
43.166.142.76 - - [16/Apr/2025:20:47:10 -0400] "GET /2024/01/ HTTP/1.1" 301 0 "-" "Mozilla/5.0 (iPhone; CPU iPhone OS 13_2_3 like Mac OS X) AppleWebKit/605.1.15 (KHTML, like Gecko) Version/13.0.3 Mobile/15E148 Safari/604.1"
43.166.142.76 - - [16/Apr/2025:20:47:15 -0400] "GET / HTTP/1.1" 200 10016 "https://freelancingclients.com/2024/01/" "Mozilla/5.0 (iPhone; CPU iPhone OS 13_2_3 like Mac OS X) AppleWebKit/605.1.15 (KHTML, like Gecko) Version/13.0.3 Mobile/15E148 Safari/604.1"
52.168.73.39 - - [16/Apr/2025:20:47:55 -0400] "GET /wp-login.php?action=register HTTP/1.1" 302 0 "-" "-"
198.54.114.83 - - [16/Apr/2025:20:47:57 -0400] "POST /wp-cron.php?doing_wp_cron=1744850875.8692600727081298828125 HTTP/1.1" 200 0 "-" "WordPress/6.8; https://freelancingclients.com"
52.168.73.39 - - [16/Apr/2025:20:47:58 -0400] "GET /wp-login.php?registration=disabled HTTP/1.1" 200 0 "-" "-"
4.227.36.108 - - [16/Apr/2025:20:49:48 -0400] "GET /robots.txt HTTP/1.1" 200 112 "-" "Mozilla/5.0 AppleWebKit/537.36 (KHTML, like Gecko; compatible; GPTBot/1.2; +https://openai.com/gptbot)"
20.171.207.32 - - [16/Apr/2025:20:50:55 -0400] "GET / HTTP/1.1" 200 10016 "-" "Mozilla/5.0 AppleWebKit/537.36 (KHTML, like Gecko; compatible; GPTBot/1.2; +https://openai.com/gptbot)"
198.54.114.83 - - [16/Apr/2025:20:53:34 -0400] "POST /wp-admin/admin-ajax.php?action=async_litespeed&nonce=Y3gMYDFwA05jrzPUVkNqo6UUI0OsvkeL&litespeed_type=imgoptm HTTP/1.1" 200 0 "-" "WordPress/6.8; https://freelancingclients.com"
198.54.114.83 - - [16/Apr/2025:20:54:58 -0400] "POST /wp-cron.php?doing_wp_cron=1744851297.0333089828491210937500 HTTP/1.1" 200 0 "-" "WordPress/6.8; https://freelancingclients.com"
2a02:598:96:8a00::1200:13b - - [16/Apr/2025:20:54:56 -0400] "GET /the-essential-guide-to-breast-pumps/ HTTP/1.1" 200 10209 "-" "Mozilla/5.0 (compatible; SeznamBot/4.0; +https://o-seznam.cz/napoveda/vyhledavani/en/seznambot-crawler/)"
198.54.114.83 - - [16/Apr/2025:20:56:11 -0400] "POST /wp-cron.php?doing_wp_cron=1744851369.9886429309844970703125 HTTP/1.1" 200 0 "-" "WordPress/6.8; https://freelancingclients.com"
43.153.19.83 - - [16/Apr/2025:20:56:09 -0400] "GET /2023/10/ HTTP/1.1" 301 0 "-" "Mozilla/5.0 (iPhone; CPU iPhone OS 13_2_3 like Mac OS X) AppleWebKit/605.1.15 (KHTML, like Gecko) Version/13.0.3 Mobile/15E148 Safari/604.1"
43.153.19.83 - - [16/Apr/2025:20:56:16 -0400] "GET / HTTP/1.1" 200 10016 "https://freelancingclients.com/2023/10/" "Mozilla/5.0 (iPhone; CPU iPhone OS 13_2_3 like Mac OS X) AppleWebKit/605.1.15 (KHTML, like Gecko) Version/13.0.3 Mobile/15E148 Safari/604.1"
5.102.173.71 - - [16/Apr/2025:21:00:33 -0400] "GET /robots.txt HTTP/1.1" 304 0 "-" "Mozilla/5.0 (compatible; MojeekBot/0.11; +https://www.mojeek.com/bot.html)"
198.54.114.83 - - [16/Apr/2025:21:00:46 -0400] "POST /wp-cron.php?doing_wp_cron=1744851645.4157750606536865234375 HTTP/1.1" 200 0 "-" "WordPress/6.8; https://freelancingclients.com"
5.102.173.71 - - [16/Apr/2025:21:00:37 -0400] "GET /category/sign-in/ HTTP/1.1" 200 8409 "-" "Mozilla/5.0 (compatible; MojeekBot/0.11; +https://www.mojeek.com/bot.html)"
198.54.114.83 - - [16/Apr/2025:21:09:44 -0400] "POST /wp-cron.php?doing_wp_cron=1744852183.1478478908538818359375 HTTP/1.1" 200 0 "-" "WordPress/6.8; https://freelancingclients.com"
43.166.136.202 - - [16/Apr/2025:21:09:40 -0400] "GET /2023/08/ HTTP/1.1" 301 0 "-" "Mozilla/5.0 (iPhone; CPU iPhone OS 13_2_3 like Mac OS X) AppleWebKit/605.1.15 (KHTML, like Gecko) Version/13.0.3 Mobile/15E148 Safari/604.1"
43.166.136.202 - - [16/Apr/2025:21:09:53 -0400] "GET / HTTP/1.1" 200 10016 "https://freelancingclients.com/2023/08/" "Mozilla/5.0 (iPhone; CPU iPhone OS 13_2_3 like Mac OS X) AppleWebKit/605.1.15 (KHTML, like Gecko) Version/13.0.3 Mobile/15E148 Safari/604.1"
119.28.65.64 - - [16/Apr/2025:21:10:19 -0400] "GET /buy-itunes-gift-card-with-bitcoin/ HTTP/1.1" 200 10273 "-" "Python/3.10 aiohttp/3.10.5"
66.249.66.20 - - [16/Apr/2025:21:10:23 -0400] "GET /robots.txt HTTP/1.1" 304 0 "-" "Mozilla/5.0 (compatible; Googlebot/2.1; +http://www.google.com/bot.html)"
66.249.66.21 - - [16/Apr/2025:21:10:23 -0400] "GET /wp-content/uploads/2023/02/6.jpg HTTP/1.1" 200 5579 "-" "Googlebot-Image/1.0"
198.54.114.83 - - [16/Apr/2025:21:12:05 -0400] "POST /wp-admin/admin-ajax.php?action=async_litespeed&nonce=FNH0TU6hp3ASUyLrzUHcrbgK3sBZLVun&litespeed_type=imgoptm HTTP/1.1" 200 0 "-" "WordPress/6.8; https://freelancingclients.com"
198.54.114.83 - - [16/Apr/2025:21:14:05 -0400] "POST /wp-cron.php?doing_wp_cron=1744852444.8145399093627929687500 HTTP/1.1" 200 0 "-" "WordPress/6.8; https://freelancingclients.com"
198.54.114.83 - - [16/Apr/2025:21:14:07 -0400] "POST /wp-admin/admin-ajax.php?action=async_litespeed&nonce=3S9HkJrqEIQGoLKSUfisnWekVmnEew0g&litespeed_type=imgoptm HTTP/1.1" 200 0 "-" "WordPress/6.8; https://freelancingclients.com"
43.130.47.33 - - [16/Apr/2025:21:13:59 -0400] "GET /2023/07/ HTTP/1.1" 301 0 "-" "Mozilla/5.0 (iPhone; CPU iPhone OS 13_2_3 like Mac OS X) AppleWebKit/605.1.15 (KHTML, like Gecko) Version/13.0.3 Mobile/15E148 Safari/604.1"
43.130.47.33 - - [16/Apr/2025:21:14:13 -0400] "GET / HTTP/1.1" 200 10016 "https://freelancingclients.com/2023/07/" "Mozilla/5.0 (iPhone; CPU iPhone OS 13_2_3 like Mac OS X) AppleWebKit/605.1.15 (KHTML, like Gecko) Version/13.0.3 Mobile/15E148 Safari/604.1"
198.54.114.83 - - [16/Apr/2025:21:16:42 -0400] "POST /wp-cron.php?doing_wp_cron=1744852601.6585268974304199218750 HTTP/1.1" 200 0 "-" "WordPress/6.8; https://freelancingclients.com"
101.32.32.171 - - [16/Apr/2025:21:16:37 -0400] "GET /breaking-the-ice-unveiling-the-art-of-dating-with-irresistible-questions/ HTTP/1.1" 200 10547 "-" "Python/3.10 aiohttp/3.10.5"
198.54.114.83 - - [16/Apr/2025:21:16:45 -0400] "POST /wp-admin/admin-ajax.php?action=async_litespeed&nonce=KORohukw7FqpFrdYGwzjphqvZKAhxG0l&litespeed_type=imgoptm HTTP/1.1" 200 0 "-" "WordPress/6.8; https://freelancingclients.com"
43.154.87.57 - - [16/Apr/2025:21:17:39 -0400] "GET /neutrals-are-in-for-kalencom-diaper-bags/ HTTP/1.1" 200 10888 "-" "Python/3.10 aiohttp/3.10.5"
198.54.114.83 - - [16/Apr/2025:21:17:57 -0400] "POST /wp-admin/admin-ajax.php?action=async_litespeed&nonce=sBWKmzrR2KkDuE41pnakAiIxlTr99aWg&litespeed_type=imgoptm HTTP/1.1" 200 0 "-" "WordPress/6.8; https://freelancingclients.com"
2a02:598:96:8a00::1200:13b - - [16/Apr/2025:21:18:04 -0400] "GET /exploring-the-virtual-arena/ HTTP/1.1" 200 10304 "-" "Mozilla/5.0 (compatible; SeznamBot/4.0; +https://o-seznam.cz/napoveda/vyhledavani/en/seznambot-crawler/)"
198.54.114.83 - - [16/Apr/2025:21:22:59 -0400] "POST /wp-cron.php?doing_wp_cron=1744852978.2462608814239501953125 HTTP/1.1" 200 0 "-" "WordPress/6.8; https://freelancingclients.com"
124.156.108.107 - - [16/Apr/2025:21:22:51 -0400] "GET /a-succinct-history-of-the-berlin-wall/ HTTP/1.1" 200 11242 "-" "Python/3.10 aiohttp/3.10.5"
198.54.114.83 - - [16/Apr/2025:21:24:34 -0400] "POST /wp-cron.php?doing_wp_cron=1744853072.8037760257720947265625 HTTP/1.1" 200 0 "-" "WordPress/6.8; https://freelancingclients.com"
114.119.131.163 - - [16/Apr/2025:21:24:29 -0400] "GET /category/activity/page/35/ HTTP/1.1" 200 10547 "https://freelancingclients.com/category/activity/page/34/" "Mozilla/5.0 (Linux; Android 7.0;) AppleWebKit/537.36 (KHTML, like Gecko) Mobile Safari/537.36 (compatible; PetalBot;+https://webmaster.petalsearch.com/site/petalbot)"
140.228.23.150 - - [16/Apr/2025:21:25:25 -0400] "GET /the-rise-of-stake-ator-in-investment-strategies/ HTTP/1.1" 200 9905 "-" "Mozilla/5.0 (Windows NT 6.2) AppleWebKit/536.3 (KHTML, like Gecko) Chrome/19.0.1061.0 Safari/536.3"
198.54.114.83 - - [16/Apr/2025:21:25:55 -0400] "POST /wp-cron.php?doing_wp_cron=1744853154.2997660636901855468750 HTTP/1.1" 200 0 "-" "WordPress/6.8; https://freelancingclients.com"
114.119.131.163 - - [16/Apr/2025:21:25:53 -0400] "GET /category/activity/page/141/ HTTP/1.1" 200 10173 "https://freelancingclients.com/category/activity/page/141/" "Mozilla/5.0 (Linux; Android 7.0;) AppleWebKit/537.36 (KHTML, like Gecko) Mobile Safari/537.36 (compatible; PetalBot;+https://webmaster.petalsearch.com/site/petalbot)"
198.54.114.83 - - [16/Apr/2025:21:25:57 -0400] "POST /wp-admin/admin-ajax.php?action=async_litespeed&nonce=n0HVc3p3xsyJFMp1zDvYQ3CKgEO0nldU&litespeed_type=imgoptm HTTP/1.1" 200 0 "-" "WordPress/6.8; https://freelancingclients.com"
198.54.114.83 - - [16/Apr/2025:21:27:15 -0400] "POST /wp-cron.php?doing_wp_cron=1744853234.7149379253387451171875 HTTP/1.1" 200 0 "-" "WordPress/6.8; https://freelancingclients.com"
43.153.15.51 - - [16/Apr/2025:21:27:14 -0400] "GET /2023/06/ HTTP/1.1" 301 0 "-" "Mozilla/5.0 (iPhone; CPU iPhone OS 13_2_3 like Mac OS X) AppleWebKit/605.1.15 (KHTML, like Gecko) Version/13.0.3 Mobile/15E148 Safari/604.1"
198.54.114.83 - - [16/Apr/2025:21:27:17 -0400] "POST /wp-admin/admin-ajax.php?action=async_litespeed&nonce=wqELpnYGvkkayRaLsC7wywZMU7hqzxEU&litespeed_type=imgoptm HTTP/1.1" 200 0 "-" "WordPress/6.8; https://freelancingclients.com"
43.153.15.51 - - [16/Apr/2025:21:27:19 -0400] "GET / HTTP/1.1" 200 10016 "https://freelancingclients.com/2023/06/" "Mozilla/5.0 (iPhone; CPU iPhone OS 13_2_3 like Mac OS X) AppleWebKit/605.1.15 (KHTML, like Gecko) Version/13.0.3 Mobile/15E148 Safari/604.1"
198.54.114.83 - - [16/Apr/2025:21:37:08 -0400] "POST /wp-admin/admin-ajax.php?action=async_litespeed&nonce=5H3cWZVko27uRChqYNm0Ruypukjb3Hop&litespeed_type=imgoptm HTTP/1.1" 200 0 "-" "WordPress/6.8; https://freelancingclients.com"
198.54.114.83 - - [16/Apr/2025:21:39:03 -0400] "POST /wp-cron.php?doing_wp_cron=1744853943.0379319190979003906250 HTTP/1.1" 200 0 "-" "WordPress/6.8; https://freelancingclients.com"
43.166.255.122 - - [16/Apr/2025:21:38:58 -0400] "GET /gpt-5-latest-news-updates-and-everything-we-know/feed/ HTTP/1.1" 200 429 "-" "Mozilla/5.0 (iPhone; CPU iPhone OS 13_2_3 like Mac OS X) AppleWebKit/605.1.15 (KHTML, like Gecko) Version/13.0.3 Mobile/15E148 Safari/604.1"
198.54.114.83 - - [16/Apr/2025:21:39:07 -0400] "POST /wp-admin/admin-ajax.php?action=async_litespeed&nonce=k4RL0f1URmVQWyxkOsrnbZMT5faKodOB&litespeed_type=imgoptm HTTP/1.1" 200 0 "-" "WordPress/6.8; https://freelancingclients.com"
198.54.114.83 - - [16/Apr/2025:21:47:44 -0400] "POST /wp-cron.php?doing_wp_cron=1744854462.4050559997558593750000 HTTP/1.1" 200 0 "-" "WordPress/6.8; https://freelancingclients.com"
43.130.57.46 - - [16/Apr/2025:21:47:38 -0400] "GET /2023/02/ HTTP/1.1" 301 0 "-" "Mozilla/5.0 (iPhone; CPU iPhone OS 13_2_3 like Mac OS X) AppleWebKit/605.1.15 (KHTML, like Gecko) Version/13.0.3 Mobile/15E148 Safari/604.1"
43.130.57.46 - - [16/Apr/2025:21:47:52 -0400] "GET / HTTP/1.1" 200 10016 "https://freelancingclients.com/2023/02/" "Mozilla/5.0 (iPhone; CPU iPhone OS 13_2_3 like Mac OS X) AppleWebKit/605.1.15 (KHTML, like Gecko) Version/13.0.3 Mobile/15E148 Safari/604.1"
198.54.114.83 - - [16/Apr/2025:21:52:54 -0400] "POST /wp-cron.php?doing_wp_cron=1744854772.2888400554656982421875 HTTP/1.1" 200 0 "-" "WordPress/6.8; https://freelancingclients.com"
119.28.52.89 - - [16/Apr/2025:21:52:47 -0400] "GET /unveiling-the-precision-the-button-head-cap-screw/ HTTP/1.1" 200 10537 "-" "Python/3.10 aiohttp/3.10.5"
20.171.207.125 - - [16/Apr/2025:21:53:17 -0400] "GET / HTTP/1.1" 200 10016 "-" "Mozilla/5.0 AppleWebKit/537.36 (KHTML, like Gecko; compatible; GPTBot/1.2; +https://openai.com/gptbot)"
129.226.176.123 - - [16/Apr/2025:21:53:45 -0400] "GET /luxurious-retreats-discovering-the-best-hotels-on-garda-lake/ HTTP/1.1" 200 10849 "-" "Python/3.10 aiohttp/3.10.5"
20.171.207.125 - - [16/Apr/2025:21:54:54 -0400] "GET /6-cognitive-automation-use-cases-in-the-enterprise/ HTTP/1.1" 200 79065 "-" "Mozilla/5.0 AppleWebKit/537.36 (KHTML, like Gecko; compatible; GPTBot/1.2; +https://openai.com/gptbot)"
47.128.43.46 - - [16/Apr/2025:21:55:42 -0400] "GET /robots.txt HTTP/1.1" 304 0 "-" "Mozilla/5.0 (Linux; Android 5.0) AppleWebKit/537.36 (KHTML, like Gecko) Mobile Safari/537.36 (compatible; Bytespider; spider-feedback@bytedance.com)"
20.171.207.125 - - [16/Apr/2025:21:56:11 -0400] "GET /how-to-build-the-ultimate-ai-chatbot-by-following/ HTTP/1.1" 200 98783 "-" "Mozilla/5.0 AppleWebKit/537.36 (KHTML, like Gecko; compatible; GPTBot/1.2; +https://openai.com/gptbot)"
20.171.207.125 - - [16/Apr/2025:21:57:29 -0400] "GET /a-guide-to-sentiment-analysis-using-nlp/ HTTP/1.1" 200 76301 "-" "Mozilla/5.0 AppleWebKit/537.36 (KHTML, like Gecko; compatible; GPTBot/1.2; +https://openai.com/gptbot)"
198.54.114.83 - - [16/Apr/2025:21:57:32 -0400] "POST /wp-admin/admin-ajax.php?action=async_litespeed&nonce=VyOymqRZbRgJ1OqTjBGwB4zNjB92qfdh&litespeed_type=imgoptm HTTP/1.1" 200 0 "-" "WordPress/6.8; https://freelancingclients.com"
20.171.207.125 - - [16/Apr/2025:21:58:50 -0400] "GET /the-inside-story-of-how-chatgpt-was-built-from-the/ HTTP/1.1" 200 105387 "-" "Mozilla/5.0 AppleWebKit/537.36 (KHTML, like Gecko; compatible; GPTBot/1.2; +https://openai.com/gptbot)"
198.54.114.83 - - [16/Apr/2025:21:59:47 -0400] "POST /wp-cron.php?doing_wp_cron=1744855187.5701980590820312500000 HTTP/1.1" 200 0 "-" "WordPress/6.8; https://freelancingclients.com"
198.54.114.83 - - [16/Apr/2025:21:59:49 -0400] "POST /wp-admin/admin-ajax.php?action=async_litespeed&nonce=AGqUSJxPKZ3dec8vOrLDWGbJGA3aYi9v&litespeed_type=imgoptm HTTP/1.1" 200 0 "-" "WordPress/6.8; https://freelancingclients.com"
2a03:2880:f800:3:: - - [16/Apr/2025:21:59:43 -0400] "GET /shark-tooth-necklace/ HTTP/1.1" 200 9880 "-" "meta-externalagent/1.1 (+https://developers.facebook.com/docs/sharing/webmasters/crawler)"
20.171.207.125 - - [16/Apr/2025:22:00:12 -0400] "GET /apprendre-a-jouer-de-la-guitare-un-voyage-musical/ HTTP/1.1" 200 11000 "-" "Mozilla/5.0 AppleWebKit/537.36 (KHTML, like Gecko; compatible; GPTBot/1.2; +https://openai.com/gptbot)"
198.54.114.83 - - [16/Apr/2025:22:00:50 -0400] "POST /wp-cron.php?doing_wp_cron=1744855248.9124729633331298828125 HTTP/1.1" 200 0 "-" "WordPress/6.8; https://freelancingclients.com"
43.135.182.95 - - [16/Apr/2025:22:00:47 -0400] "GET /2021/01/ HTTP/1.1" 301 0 "-" "Mozilla/5.0 (iPhone; CPU iPhone OS 13_2_3 like Mac OS X) AppleWebKit/605.1.15 (KHTML, like Gecko) Version/13.0.3 Mobile/15E148 Safari/604.1"
43.135.182.95 - - [16/Apr/2025:22:01:00 -0400] "GET / HTTP/1.1" 200 10016 "https://freelancingclients.com/2021/01/" "Mozilla/5.0 (iPhone; CPU iPhone OS 13_2_3 like Mac OS X) AppleWebKit/605.1.15 (KHTML, like Gecko) Version/13.0.3 Mobile/15E148 Safari/604.1"
47.79.206.80 - - [16/Apr/2025:22:01:43 -0400] "GET / HTTP/1.1" 200 10016 "https://www.google.com/" "Mozilla/5.0 (Linux; Android 10; K) AppleWebKit/537.36 (KHTML, like Gecko) Chrome/132.0.0.0 Mobile Safari/537.36"
198.54.114.83 - - [16/Apr/2025:22:01:57 -0400] "POST /wp-admin/admin-ajax.php?action=async_litespeed&nonce=GhpIy6ZRpErPyioNmFoLCaVePIOW4x4O&litespeed_type=imgoptm HTTP/1.1" 200 0 "-" "WordPress/6.8; https://freelancingclients.com"
20.171.207.125 - - [16/Apr/2025:22:02:04 -0400] "GET /gpt-5-latest-news-updates-and-everything-we-know/ HTTP/1.1" 200 98107 "-" "Mozilla/5.0 AppleWebKit/537.36 (KHTML, like Gecko; compatible; GPTBot/1.2; +https://openai.com/gptbot)"
66.249.66.20 - - [16/Apr/2025:22:03:23 -0400] "GET /feed/ HTTP/1.1" 200 574162 "-" "Mozilla/5.0 (compatible; Googlebot/2.1; +http://www.google.com/bot.html)"
20.171.207.125 - - [16/Apr/2025:22:03:34 -0400] "GET /decouvrez-lart-de-la-medecine-esthetique-a-rouen/ HTTP/1.1" 200 10825 "-" "Mozilla/5.0 AppleWebKit/537.36 (KHTML, like Gecko; compatible; GPTBot/1.2; +https://openai.com/gptbot)"
198.54.114.83 - - [16/Apr/2025:22:03:42 -0400] "POST /wp-cron.php?doing_wp_cron=1744855422.0925290584564208984375 HTTP/1.1" 200 0 "-" "WordPress/6.8; https://freelancingclients.com"
114.119.138.170 - - [16/Apr/2025:22:03:36 -0400] "GET /page/63/ HTTP/1.1" 200 10118 "https://freelancingclients.com/page/63/" "Mozilla/5.0 (Linux; Android 7.0;) AppleWebKit/537.36 (KHTML, like Gecko) Mobile Safari/537.36 (compatible; PetalBot;+https://webmaster.petalsearch.com/site/petalbot)"
20.171.207.125 - - [16/Apr/2025:22:04:51 -0400] "GET /category/about-us/ HTTP/1.1" 200 8376 "-" "Mozilla/5.0 AppleWebKit/537.36 (KHTML, like Gecko; compatible; GPTBot/1.2; +https://openai.com/gptbot)"
157.55.39.225 - - [16/Apr/2025:22:06:13 -0400] "GET /robots.txt HTTP/1.1" 304 0 "-" "Mozilla/5.0 AppleWebKit/537.36 (KHTML, like Gecko; compatible; bingbot/2.0; +http://www.bing.com/bingbot.htm) Chrome/116.0.1938.76 Safari/537.36"
20.171.207.125 - - [16/Apr/2025:22:06:16 -0400] "GET /mastering-sms-courses-for-modern-learning/ HTTP/1.1" 200 10507 "-" "Mozilla/5.0 AppleWebKit/537.36 (KHTML, like Gecko; compatible; GPTBot/1.2; +https://openai.com/gptbot)"
198.54.114.83 - - [16/Apr/2025:22:06:30 -0400] "POST /wp-cron.php?doing_wp_cron=1744855590.0378019809722900390625 HTTP/1.1" 200 0 "-" "WordPress/6.8; https://freelancingclients.com"
157.55.39.8 - - [16/Apr/2025:22:06:25 -0400] "GET /entdecken-sie-die-ruhe-im-landal-travemunde/ HTTP/1.1" 200 10975 "-" "Mozilla/5.0 AppleWebKit/537.36 (KHTML, like Gecko; compatible; bingbot/2.0; +http://www.bing.com/bingbot.htm) Chrome/116.0.1938.76 Safari/537.36"
198.54.114.83 - - [16/Apr/2025:22:06:35 -0400] "POST /wp-admin/admin-ajax.php?action=async_litespeed&nonce=AurYIQiUlRGKfwiGt5dSiXhUDGsCLKTs&litespeed_type=imgoptm HTTP/1.1" 200 0 "-" "WordPress/6.8; https://freelancingclients.com"
20.171.207.125 - - [16/Apr/2025:22:07:19 -0400] "GET /virtual-customer-innovation-staying-close-to-your/ HTTP/1.1" 200 88155 "-" "Mozilla/5.0 AppleWebKit/537.36 (KHTML, like Gecko; compatible; GPTBot/1.2; +https://openai.com/gptbot)"
20.171.207.125 - - [16/Apr/2025:22:08:22 -0400] "GET /2024/04/ HTTP/1.1" 301 0 "-" "Mozilla/5.0 AppleWebKit/537.36 (KHTML, like Gecko; compatible; GPTBot/1.2; +https://openai.com/gptbot)"
223.109.252.222 - - [16/Apr/2025:22:09:27 -0400] "GET / HTTP/1.1" 200 10016 "-" "Sogou web spider/4.0(+http://www.sogou.com/docs/help/webmasters.htm#07)"
