47.242.167.47 - - [17/Apr/2025:14:29:05 -0400] "HEAD /a-guide-to-sentiment-analysis-using-nlp/ HTTP/1.1" 200 0 "-" "Mozilla/5.0 (Windows NT 10.0; Win64; x64) AppleWebKit/537.36 (KHTML, like Gecko) Chrome/69.0.2001.173 Safari/537.36"
47.243.78.23 - - [17/Apr/2025:14:29:05 -0400] "HEAD /page/155/ HTTP/1.1" 200 0 "-" "Mozilla/5.0 (Windows NT 6.3; Win64; x64) AppleWebKit/537.36 (KHTML, like Gecko) Chrome/75.0.2234.90 Safari/537.36"
8.210.86.249 - - [17/Apr/2025:14:29:06 -0400] "GET /the-inside-story-of-how-chatgpt-was-built-from-the HTTP/1.1" 301 0 "-" "Mozilla/5.0 (Windows NT 6.1; Win64; x64) AppleWebKit/537.36 (KHTML, like Gecko) Chrome/71.0.2396.150 Safari/537.36"
47.243.74.123 - - [17/Apr/2025:14:29:06 -0400] "HEAD / HTTP/1.1" 200 0 "-" "Mozilla/5.0 (Windows NT 6.2; Win64; x64) AppleWebKit/537.36 (KHTML, like Gecko) Chrome/73.0.3570.141 Safari/537.36"
8.210.190.0 - - [17/Apr/2025:14:29:06 -0400] "HEAD /category/activity HTTP/1.1" 301 0 "-" "Mozilla/5.0 (Windows NT 6.0; Win64; x64) AppleWebKit/537.36 (KHTML, like Gecko) Chrome/67.0.3362.74 Safari/537.36"
8.210.190.63 - - [17/Apr/2025:14:29:06 -0400] "HEAD /page/160 HTTP/1.1" 301 0 "-" "Mozilla/5.0 (Windows NT 6.3; Win64; x64) AppleWebKit/537.36 (KHTML, like Gecko) Chrome/69.0.2657.144 Safari/537.36"
8.210.12.248 - - [17/Apr/2025:14:29:06 -0400] "HEAD /page/2 HTTP/1.1" 301 0 "-" "Mozilla/5.0 (Windows NT 6.2; Win64; x64) AppleWebKit/537.36 (KHTML, like Gecko) Chrome/71.0.2769.138 Safari/537.36"
47.243.173.250 - - [17/Apr/2025:14:29:06 -0400] "GET /5-steps-to-a-catchy-bot-name-ideas HTTP/1.1" 301 0 "-" "Mozilla/5.0 (Windows NT 6.2; Win64; x64) AppleWebKit/537.36 (KHTML, like Gecko) Chrome/71.0.3362.148 Safari/537.36"
47.242.3.114 - - [17/Apr/2025:14:29:06 -0400] "GET /6-cognitive-automation-use-cases-in-the-enterprise HTTP/1.1" 301 0 "-" "Mozilla/5.0 (Windows NT 6.1; Win64; x64) AppleWebKit/537.36 (KHTML, like Gecko) Chrome/63.0.3849.143 Safari/537.36"
47.242.167.47 - - [17/Apr/2025:14:29:06 -0400] "GET /a-guide-to-sentiment-analysis-using-nlp HTTP/1.1" 301 0 "-" "Mozilla/5.0 (Windows NT 10.0; Win64; x64) AppleWebKit/537.36 (KHTML, like Gecko) Chrome/69.0.2001.173 Safari/537.36"
47.243.78.23 - - [17/Apr/2025:14:29:06 -0400] "GET /page/155 HTTP/1.1" 301 0 "-" "Mozilla/5.0 (Windows NT 6.3; Win64; x64) AppleWebKit/537.36 (KHTML, like Gecko) Chrome/75.0.2234.90 Safari/537.36"
47.243.79.195 - - [17/Apr/2025:14:29:06 -0400] "GET /gpt-5-latest-news-updates-and-everything-we-know HTTP/1.1" 301 0 "-" "Mozilla/5.0 (Windows NT 10.0; Win64; x64) AppleWebKit/537.36 (KHTML, like Gecko) Chrome/73.0.2417.132 Safari/537.36"
8.210.86.249 - - [17/Apr/2025:14:29:07 -0400] "GET /the-inside-story-of-how-chatgpt-was-built-from-the/ HTTP/1.1" 200 105387 "-" "Mozilla/5.0 (Windows NT 6.1; Win64; x64) AppleWebKit/537.36 (KHTML, like Gecko) Chrome/71.0.2396.150 Safari/537.36"
47.243.74.123 - - [17/Apr/2025:14:29:07 -0400] "GET / HTTP/1.1" 200 10016 "-" "Mozilla/5.0 (Windows NT 6.2; Win64; x64) AppleWebKit/537.36 (KHTML, like Gecko) Chrome/73.0.3570.141 Safari/537.36"
8.210.190.63 - - [17/Apr/2025:14:29:08 -0400] "HEAD /page/160/ HTTP/1.1" 200 0 "-" "Mozilla/5.0 (Windows NT 6.3; Win64; x64) AppleWebKit/537.36 (KHTML, like Gecko) Chrome/69.0.2657.144 Safari/537.36"
8.210.190.0 - - [17/Apr/2025:14:29:08 -0400] "HEAD /category/activity/ HTTP/1.1" 200 0 "-" "Mozilla/5.0 (Windows NT 6.0; Win64; x64) AppleWebKit/537.36 (KHTML, like Gecko) Chrome/67.0.3362.74 Safari/537.36"
47.243.173.250 - - [17/Apr/2025:14:29:08 -0400] "GET /5-steps-to-a-catchy-bot-name-ideas/ HTTP/1.1" 200 92643 "-" "Mozilla/5.0 (Windows NT 6.2; Win64; x64) AppleWebKit/537.36 (KHTML, like Gecko) Chrome/71.0.3362.148 Safari/537.36"
47.242.3.114 - - [17/Apr/2025:14:29:08 -0400] "GET /6-cognitive-automation-use-cases-in-the-enterprise/ HTTP/1.1" 200 79066 "-" "Mozilla/5.0 (Windows NT 6.1; Win64; x64) AppleWebKit/537.36 (KHTML, like Gecko) Chrome/63.0.3849.143 Safari/537.36"
8.210.12.248 - - [17/Apr/2025:14:29:09 -0400] "HEAD /page/2/ HTTP/1.1" 200 0 "-" "Mozilla/5.0 (Windows NT 6.2; Win64; x64) AppleWebKit/537.36 (KHTML, like Gecko) Chrome/71.0.2769.138 Safari/537.36"
47.242.167.47 - - [17/Apr/2025:14:29:09 -0400] "GET /a-guide-to-sentiment-analysis-using-nlp/ HTTP/1.1" 200 76302 "-" "Mozilla/5.0 (Windows NT 10.0; Win64; x64) AppleWebKit/537.36 (KHTML, like Gecko) Chrome/69.0.2001.173 Safari/537.36"
47.243.79.195 - - [17/Apr/2025:14:29:09 -0400] "GET /gpt-5-latest-news-updates-and-everything-we-know/ HTTP/1.1" 200 98106 "-" "Mozilla/5.0 (Windows NT 10.0; Win64; x64) AppleWebKit/537.36 (KHTML, like Gecko) Chrome/73.0.2417.132 Safari/537.36"
47.243.78.23 - - [17/Apr/2025:14:29:09 -0400] "GET /page/155/ HTTP/1.1" 200 10384 "-" "Mozilla/5.0 (Windows NT 6.3; Win64; x64) AppleWebKit/537.36 (KHTML, like Gecko) Chrome/75.0.2234.90 Safari/537.36"
8.210.190.63 - - [17/Apr/2025:14:29:11 -0400] "GET /page/160 HTTP/1.1" 301 0 "-" "Mozilla/5.0 (Windows NT 6.3; Win64; x64) AppleWebKit/537.36 (KHTML, like Gecko) Chrome/69.0.2657.144 Safari/537.36"
8.210.190.0 - - [17/Apr/2025:14:29:11 -0400] "GET /category/activity HTTP/1.1" 301 0 "-" "Mozilla/5.0 (Windows NT 6.0; Win64; x64) AppleWebKit/537.36 (KHTML, like Gecko) Chrome/67.0.3362.74 Safari/537.36"
8.210.12.248 - - [17/Apr/2025:14:29:11 -0400] "GET /page/2 HTTP/1.1" 301 0 "-" "Mozilla/5.0 (Windows NT 6.2; Win64; x64) AppleWebKit/537.36 (KHTML, like Gecko) Chrome/71.0.2769.138 Safari/537.36"
47.243.78.44 - - [17/Apr/2025:14:29:11 -0400] "HEAD /page/160 HTTP/1.1" 301 0 "-" "Mozilla/5.0 (Windows NT 10.0; Win64; x64) AppleWebKit/537.36 (KHTML, like Gecko) Chrome/71.0.3919.21 Safari/537.36"
8.210.179.35 - - [17/Apr/2025:14:29:11 -0400] "HEAD /gpt-5-latest-news-updates-and-everything-we-know HTTP/1.1" 301 0 "-" "Mozilla/5.0 (Windows NT 6.2; Win64; x64) AppleWebKit/537.36 (KHTML, like Gecko) Chrome/66.0.3883.44 Safari/537.36"
47.243.71.191 - - [17/Apr/2025:14:29:11 -0400] "HEAD /5-steps-to-a-catchy-bot-name-ideas HTTP/1.1" 301 0 "-" "Mozilla/5.0 (Windows NT 6.3; Win64; x64) AppleWebKit/537.36 (KHTML, like Gecko) Chrome/67.0.3725.71 Safari/537.36"
8.210.66.89 - - [17/Apr/2025:14:29:11 -0400] "HEAD /page/155 HTTP/1.1" 301 0 "-" "Mozilla/5.0 (Windows NT 6.2; Win64; x64) AppleWebKit/537.36 (KHTML, like Gecko) Chrome/64.0.2804.52 Safari/537.36"
47.242.222.214 - - [17/Apr/2025:14:29:11 -0400] "HEAD /category/activity HTTP/1.1" 301 0 "-" "Mozilla/5.0 (Windows NT 10.0; Win64; x64) AppleWebKit/537.36 (KHTML, like Gecko) Chrome/70.0.2214.19 Safari/537.36"
47.76.209.138 - - [17/Apr/2025:14:29:11 -0400] "HEAD /the-inside-story-of-how-chatgpt-was-built-from-the HTTP/1.1" 301 0 "-" "Mozilla/5.0 (Windows NT 6.1; Win64; x64) AppleWebKit/537.36 (KHTML, like Gecko) Chrome/63.0.3224.73 Safari/537.36"
8.210.86.249 - - [17/Apr/2025:14:29:11 -0400] "HEAD /6-cognitive-automation-use-cases-in-the-enterprise HTTP/1.1" 301 0 "-" "Mozilla/5.0 (Windows NT 10.0; Win64; x64) AppleWebKit/537.36 (KHTML, like Gecko) Chrome/78.0.2697.7 Safari/537.36"
8.210.190.63 - - [17/Apr/2025:14:29:12 -0400] "GET /page/160/ HTTP/1.1" 200 8752 "-" "Mozilla/5.0 (Windows NT 6.3; Win64; x64) AppleWebKit/537.36 (KHTML, like Gecko) Chrome/69.0.2657.144 Safari/537.36"
8.210.190.0 - - [17/Apr/2025:14:29:12 -0400] "GET /category/activity/ HTTP/1.1" 200 10188 "-" "Mozilla/5.0 (Windows NT 6.0; Win64; x64) AppleWebKit/537.36 (KHTML, like Gecko) Chrome/67.0.3362.74 Safari/537.36"
8.210.12.248 - - [17/Apr/2025:14:29:12 -0400] "GET /page/2/ HTTP/1.1" 200 10718 "-" "Mozilla/5.0 (Windows NT 6.2; Win64; x64) AppleWebKit/537.36 (KHTML, like Gecko) Chrome/71.0.2769.138 Safari/537.36"
47.243.105.139 - - [17/Apr/2025:14:29:13 -0400] "HEAD /page/2 HTTP/1.1" 301 0 "-" "Mozilla/5.0 (Windows NT 6.0; Win64; x64) AppleWebKit/537.36 (KHTML, like Gecko) Chrome/67.0.3116.145 Safari/537.36"
47.243.78.44 - - [17/Apr/2025:14:29:13 -0400] "HEAD /page/160/ HTTP/1.1" 200 0 "-" "Mozilla/5.0 (Windows NT 10.0; Win64; x64) AppleWebKit/537.36 (KHTML, like Gecko) Chrome/71.0.3919.21 Safari/537.36"
47.243.71.191 - - [17/Apr/2025:14:29:13 -0400] "HEAD /5-steps-to-a-catchy-bot-name-ideas/ HTTP/1.1" 200 0 "-" "Mozilla/5.0 (Windows NT 6.3; Win64; x64) AppleWebKit/537.36 (KHTML, like Gecko) Chrome/67.0.3725.71 Safari/537.36"
8.210.179.35 - - [17/Apr/2025:14:29:13 -0400] "HEAD /gpt-5-latest-news-updates-and-everything-we-know/ HTTP/1.1" 200 0 "-" "Mozilla/5.0 (Windows NT 6.2; Win64; x64) AppleWebKit/537.36 (KHTML, like Gecko) Chrome/66.0.3883.44 Safari/537.36"
8.210.66.89 - - [17/Apr/2025:14:29:13 -0400] "HEAD /page/155/ HTTP/1.1" 200 0 "-" "Mozilla/5.0 (Windows NT 6.2; Win64; x64) AppleWebKit/537.36 (KHTML, like Gecko) Chrome/64.0.2804.52 Safari/537.36"
8.210.188.13 - - [17/Apr/2025:14:29:13 -0400] "GET / HTTP/1.1" 200 0 "-" "Mozilla/5.0 (Macintosh; Intel Mac OS X 10_15_7) AppleWebKit/537.36 (KHTML, like Gecko) Chrome/116.0.0.0 Safari/537.36"
8.210.86.249 - - [17/Apr/2025:14:29:13 -0400] "HEAD /6-cognitive-automation-use-cases-in-the-enterprise/ HTTP/1.1" 200 0 "-" "Mozilla/5.0 (Windows NT 10.0; Win64; x64) AppleWebKit/537.36 (KHTML, like Gecko) Chrome/78.0.2697.7 Safari/537.36"
47.242.222.214 - - [17/Apr/2025:14:29:13 -0400] "HEAD /category/activity/ HTTP/1.1" 200 0 "-" "Mozilla/5.0 (Windows NT 10.0; Win64; x64) AppleWebKit/537.36 (KHTML, like Gecko) Chrome/70.0.2214.19 Safari/537.36"
47.76.209.138 - - [17/Apr/2025:14:29:13 -0400] "HEAD /the-inside-story-of-how-chatgpt-was-built-from-the/ HTTP/1.1" 200 0 "-" "Mozilla/5.0 (Windows NT 6.1; Win64; x64) AppleWebKit/537.36 (KHTML, like Gecko) Chrome/63.0.3224.73 Safari/537.36"
8.210.188.13 - - [17/Apr/2025:14:29:13 -0400] "HEAD /a-guide-to-sentiment-analysis-using-nlp HTTP/1.1" 301 0 "-" "Mozilla/5.0 (Windows NT 6.0; Win64; x64) AppleWebKit/537.36 (KHTML, like Gecko) Chrome/61.0.2828.88 Safari/537.36"
47.243.71.191 - - [17/Apr/2025:14:29:15 -0400] "GET /5-steps-to-a-catchy-bot-name-ideas HTTP/1.1" 301 0 "-" "Mozilla/5.0 (Windows NT 6.3; Win64; x64) AppleWebKit/537.36 (KHTML, like Gecko) Chrome/67.0.3725.71 Safari/537.36"
47.243.105.139 - - [17/Apr/2025:14:29:15 -0400] "HEAD /page/2/ HTTP/1.1" 200 0 "-" "Mozilla/5.0 (Windows NT 6.0; Win64; x64) AppleWebKit/537.36 (KHTML, like Gecko) Chrome/67.0.3116.145 Safari/537.36"
47.243.78.44 - - [17/Apr/2025:14:29:15 -0400] "GET /page/160 HTTP/1.1" 301 0 "-" "Mozilla/5.0 (Windows NT 10.0; Win64; x64) AppleWebKit/537.36 (KHTML, like Gecko) Chrome/71.0.3919.21 Safari/537.36"
8.210.179.35 - - [17/Apr/2025:14:29:15 -0400] "GET /gpt-5-latest-news-updates-and-everything-we-know HTTP/1.1" 301 0 "-" "Mozilla/5.0 (Windows NT 6.2; Win64; x64) AppleWebKit/537.36 (KHTML, like Gecko) Chrome/66.0.3883.44 Safari/537.36"
8.210.66.89 - - [17/Apr/2025:14:29:15 -0400] "GET /page/155 HTTP/1.1" 301 0 "-" "Mozilla/5.0 (Windows NT 6.2; Win64; x64) AppleWebKit/537.36 (KHTML, like Gecko) Chrome/64.0.2804.52 Safari/537.36"
8.210.86.249 - - [17/Apr/2025:14:29:15 -0400] "GET /6-cognitive-automation-use-cases-in-the-enterprise HTTP/1.1" 301 0 "-" "Mozilla/5.0 (Windows NT 10.0; Win64; x64) AppleWebKit/537.36 (KHTML, like Gecko) Chrome/78.0.2697.7 Safari/537.36"
47.242.222.214 - - [17/Apr/2025:14:29:15 -0400] "GET /category/activity HTTP/1.1" 301 0 "-" "Mozilla/5.0 (Windows NT 10.0; Win64; x64) AppleWebKit/537.36 (KHTML, like Gecko) Chrome/70.0.2214.19 Safari/537.36"
47.76.209.138 - - [17/Apr/2025:14:29:15 -0400] "GET /the-inside-story-of-how-chatgpt-was-built-from-the HTTP/1.1" 301 0 "-" "Mozilla/5.0 (Windows NT 6.1; Win64; x64) AppleWebKit/537.36 (KHTML, like Gecko) Chrome/63.0.3224.73 Safari/537.36"
8.210.188.13 - - [17/Apr/2025:14:29:15 -0400] "HEAD /a-guide-to-sentiment-analysis-using-nlp/ HTTP/1.1" 200 0 "-" "Mozilla/5.0 (Windows NT 6.0; Win64; x64) AppleWebKit/537.36 (KHTML, like Gecko) Chrome/61.0.2828.88 Safari/537.36"
47.243.78.23 - - [17/Apr/2025:14:29:17 -0400] "HEAD /page/160 HTTP/1.1" 301 0 "-" "Mozilla/5.0 (Windows NT 10.0; Win64; x64) AppleWebKit/537.36 (KHTML, like Gecko) Chrome/65.0.3031.82 Safari/537.36"
47.243.71.191 - - [17/Apr/2025:14:29:17 -0400] "GET /5-steps-to-a-catchy-bot-name-ideas/ HTTP/1.1" 200 92643 "-" "Mozilla/5.0 (Windows NT 6.3; Win64; x64) AppleWebKit/537.36 (KHTML, like Gecko) Chrome/67.0.3725.71 Safari/537.36"
47.243.78.44 - - [17/Apr/2025:14:29:17 -0400] "GET /page/160/ HTTP/1.1" 200 8752 "-" "Mozilla/5.0 (Windows NT 10.0; Win64; x64) AppleWebKit/537.36 (KHTML, like Gecko) Chrome/71.0.3919.21 Safari/537.36"
47.243.105.139 - - [17/Apr/2025:14:29:17 -0400] "GET /page/2 HTTP/1.1" 301 0 "-" "Mozilla/5.0 (Windows NT 6.0; Win64; x64) AppleWebKit/537.36 (KHTML, like Gecko) Chrome/67.0.3116.145 Safari/537.36"
8.210.179.35 - - [17/Apr/2025:14:29:17 -0400] "GET /gpt-5-latest-news-updates-and-everything-we-know/ HTTP/1.1" 200 98106 "-" "Mozilla/5.0 (Windows NT 6.2; Win64; x64) AppleWebKit/537.36 (KHTML, like Gecko) Chrome/66.0.3883.44 Safari/537.36"
8.210.66.89 - - [17/Apr/2025:14:29:17 -0400] "GET /page/155/ HTTP/1.1" 200 10384 "-" "Mozilla/5.0 (Windows NT 6.2; Win64; x64) AppleWebKit/537.36 (KHTML, like Gecko) Chrome/64.0.2804.52 Safari/537.36"
8.210.12.248 - - [17/Apr/2025:14:29:17 -0400] "HEAD /category/activity HTTP/1.1" 301 0 "-" "Mozilla/5.0 (Windows NT 6.2; Win64; x64) AppleWebKit/537.36 (KHTML, like Gecko) Chrome/68.0.3924.98 Safari/537.36"
8.210.86.249 - - [17/Apr/2025:14:29:17 -0400] "GET /6-cognitive-automation-use-cases-in-the-enterprise/ HTTP/1.1" 200 79066 "-" "Mozilla/5.0 (Windows NT 10.0; Win64; x64) AppleWebKit/537.36 (KHTML, like Gecko) Chrome/78.0.2697.7 Safari/537.36"
47.242.222.214 - - [17/Apr/2025:14:29:17 -0400] "GET /category/activity/ HTTP/1.1" 200 10188 "-" "Mozilla/5.0 (Windows NT 10.0; Win64; x64) AppleWebKit/537.36 (KHTML, like Gecko) Chrome/70.0.2214.19 Safari/537.36"
47.76.209.138 - - [17/Apr/2025:14:29:18 -0400] "GET /the-inside-story-of-how-chatgpt-was-built-from-the/ HTTP/1.1" 200 105387 "-" "Mozilla/5.0 (Windows NT 6.1; Win64; x64) AppleWebKit/537.36 (KHTML, like Gecko) Chrome/63.0.3224.73 Safari/537.36"
8.210.188.13 - - [17/Apr/2025:14:29:18 -0400] "GET /a-guide-to-sentiment-analysis-using-nlp HTTP/1.1" 301 0 "-" "Mozilla/5.0 (Windows NT 6.0; Win64; x64) AppleWebKit/537.36 (KHTML, like Gecko) Chrome/61.0.2828.88 Safari/537.36"
47.243.78.23 - - [17/Apr/2025:14:29:19 -0400] "HEAD /page/160/ HTTP/1.1" 200 0 "-" "Mozilla/5.0 (Windows NT 10.0; Win64; x64) AppleWebKit/537.36 (KHTML, like Gecko) Chrome/65.0.3031.82 Safari/537.36"
47.243.105.139 - - [17/Apr/2025:14:29:19 -0400] "GET /page/2/ HTTP/1.1" 200 10718 "-" "Mozilla/5.0 (Windows NT 6.0; Win64; x64) AppleWebKit/537.36 (KHTML, like Gecko) Chrome/67.0.3116.145 Safari/537.36"
8.210.12.248 - - [17/Apr/2025:14:29:19 -0400] "HEAD /category/activity/ HTTP/1.1" 200 0 "-" "Mozilla/5.0 (Windows NT 6.2; Win64; x64) AppleWebKit/537.36 (KHTML, like Gecko) Chrome/68.0.3924.98 Safari/537.36"
8.210.188.13 - - [17/Apr/2025:14:29:19 -0400] "GET /a-guide-to-sentiment-analysis-using-nlp/ HTTP/1.1" 200 76302 "-" "Mozilla/5.0 (Windows NT 6.0; Win64; x64) AppleWebKit/537.36 (KHTML, like Gecko) Chrome/61.0.2828.88 Safari/537.36"
47.243.78.23 - - [17/Apr/2025:14:29:20 -0400] "GET /page/160 HTTP/1.1" 301 0 "-" "Mozilla/5.0 (Windows NT 10.0; Win64; x64) AppleWebKit/537.36 (KHTML, like Gecko) Chrome/65.0.3031.82 Safari/537.36"
8.210.12.248 - - [17/Apr/2025:14:29:20 -0400] "GET /category/activity HTTP/1.1" 301 0 "-" "Mozilla/5.0 (Windows NT 6.2; Win64; x64) AppleWebKit/537.36 (KHTML, like Gecko) Chrome/68.0.3924.98 Safari/537.36"
47.242.209.147 - - [17/Apr/2025:14:29:21 -0400] "HEAD /page/2 HTTP/1.1" 301 0 "-" "Mozilla/5.0 (Windows NT 10.0; Win64; x64) AppleWebKit/537.36 (KHTML, like Gecko) Chrome/60.0.3099.53 Safari/537.36"
47.243.173.250 - - [17/Apr/2025:14:29:21 -0400] "HEAD /page/155 HTTP/1.1" 301 0 "-" "Mozilla/5.0 (Windows NT 6.3; Win64; x64) AppleWebKit/537.36 (KHTML, like Gecko) Chrome/73.0.3549.51 Safari/537.36"
8.210.190.63 - - [17/Apr/2025:14:29:21 -0400] "HEAD /5-steps-to-a-catchy-bot-name-ideas HTTP/1.1" 301 0 "-" "Mozilla/5.0 (Windows NT 10.0; Win64; x64) AppleWebKit/537.36 (KHTML, like Gecko) Chrome/76.0.3356.10 Safari/537.36"
8.210.12.248 - - [17/Apr/2025:14:29:21 -0400] "GET /category/activity/ HTTP/1.1" 200 10188 "-" "Mozilla/5.0 (Windows NT 6.2; Win64; x64) AppleWebKit/537.36 (KHTML, like Gecko) Chrome/68.0.3924.98 Safari/537.36"
47.243.78.23 - - [17/Apr/2025:14:29:21 -0400] "GET /page/160/ HTTP/1.1" 200 8752 "-" "Mozilla/5.0 (Windows NT 10.0; Win64; x64) AppleWebKit/537.36 (KHTML, like Gecko) Chrome/65.0.3031.82 Safari/537.36"
47.243.173.250 - - [17/Apr/2025:14:29:21 -0400] "HEAD /page/155/ HTTP/1.1" 200 0 "-" "Mozilla/5.0 (Windows NT 6.3; Win64; x64) AppleWebKit/537.36 (KHTML, like Gecko) Chrome/73.0.3549.51 Safari/537.36"
47.242.209.147 - - [17/Apr/2025:14:29:22 -0400] "HEAD /page/2/ HTTP/1.1" 200 0 "-" "Mozilla/5.0 (Windows NT 10.0; Win64; x64) AppleWebKit/537.36 (KHTML, like Gecko) Chrome/60.0.3099.53 Safari/537.36"
8.210.190.63 - - [17/Apr/2025:14:29:22 -0400] "HEAD /5-steps-to-a-catchy-bot-name-ideas/ HTTP/1.1" 200 0 "-" "Mozilla/5.0 (Windows NT 10.0; Win64; x64) AppleWebKit/537.36 (KHTML, like Gecko) Chrome/76.0.3356.10 Safari/537.36"
47.243.173.250 - - [17/Apr/2025:14:29:22 -0400] "GET /page/155 HTTP/1.1" 301 0 "-" "Mozilla/5.0 (Windows NT 6.3; Win64; x64) AppleWebKit/537.36 (KHTML, like Gecko) Chrome/73.0.3549.51 Safari/537.36"
47.242.209.147 - - [17/Apr/2025:14:29:23 -0400] "GET /page/2 HTTP/1.1" 301 0 "-" "Mozilla/5.0 (Windows NT 10.0; Win64; x64) AppleWebKit/537.36 (KHTML, like Gecko) Chrome/60.0.3099.53 Safari/537.36"
8.210.190.63 - - [17/Apr/2025:14:29:23 -0400] "GET /5-steps-to-a-catchy-bot-name-ideas HTTP/1.1" 301 0 "-" "Mozilla/5.0 (Windows NT 10.0; Win64; x64) AppleWebKit/537.36 (KHTML, like Gecko) Chrome/76.0.3356.10 Safari/537.36"
47.243.173.250 - - [17/Apr/2025:14:29:23 -0400] "GET /page/155/ HTTP/1.1" 200 10384 "-" "Mozilla/5.0 (Windows NT 6.3; Win64; x64) AppleWebKit/537.36 (KHTML, like Gecko) Chrome/73.0.3549.51 Safari/537.36"
47.242.209.147 - - [17/Apr/2025:14:29:23 -0400] "GET /page/2/ HTTP/1.1" 200 10718 "-" "Mozilla/5.0 (Windows NT 10.0; Win64; x64) AppleWebKit/537.36 (KHTML, like Gecko) Chrome/60.0.3099.53 Safari/537.36"
8.210.190.63 - - [17/Apr/2025:14:29:23 -0400] "GET /5-steps-to-a-catchy-bot-name-ideas/ HTTP/1.1" 200 92643 "-" "Mozilla/5.0 (Windows NT 10.0; Win64; x64) AppleWebKit/537.36 (KHTML, like Gecko) Chrome/76.0.3356.10 Safari/537.36"
47.76.222.244 - - [17/Apr/2025:14:29:24 -0400] "HEAD /the-inside-story-of-how-chatgpt-was-built-from-the HTTP/1.1" 301 0 "-" "Mozilla/5.0 (Windows NT 6.2; Win64; x64) AppleWebKit/537.36 (KHTML, like Gecko) Chrome/66.0.3389.30 Safari/537.36"
47.76.220.119 - - [17/Apr/2025:14:29:25 -0400] "HEAD /gpt-5-latest-news-updates-and-everything-we-know HTTP/1.1" 301 0 "-" "Mozilla/5.0 (Windows NT 10.0; Win64; x64) AppleWebKit/537.36 (KHTML, like Gecko) Chrome/65.0.2556.107 Safari/537.36"
47.243.89.37 - - [17/Apr/2025:14:29:25 -0400] "HEAD /page/160 HTTP/1.1" 301 0 "-" "Mozilla/5.0 (Windows NT 6.2; Win64; x64) AppleWebKit/537.36 (KHTML, like Gecko) Chrome/65.0.2377.59 Safari/537.36"
8.210.147.121 - - [17/Apr/2025:14:29:25 -0400] "HEAD /6-cognitive-automation-use-cases-in-the-enterprise HTTP/1.1" 301 0 "-" "Mozilla/5.0 (Windows NT 6.2; Win64; x64) AppleWebKit/537.36 (KHTML, like Gecko) Chrome/63.0.3974.86 Safari/537.36"
47.243.234.164 - - [17/Apr/2025:14:29:25 -0400] "HEAD /a-guide-to-sentiment-analysis-using-nlp HTTP/1.1" 301 0 "-" "Mozilla/5.0 (Windows NT 10.0; Win64; x64) AppleWebKit/537.36 (KHTML, like Gecko) Chrome/78.0.2060.59 Safari/537.36"
8.218.91.49 - - [17/Apr/2025:14:29:25 -0400] "HEAD /category/activity HTTP/1.1" 301 0 "-" "Mozilla/5.0 (Windows NT 6.0; Win64; x64) AppleWebKit/537.36 (KHTML, like Gecko) Chrome/74.0.2915.22 Safari/537.36"
47.76.222.244 - - [17/Apr/2025:14:29:26 -0400] "HEAD /the-inside-story-of-how-chatgpt-was-built-from-the/ HTTP/1.1" 200 0 "-" "Mozilla/5.0 (Windows NT 6.2; Win64; x64) AppleWebKit/537.36 (KHTML, like Gecko) Chrome/66.0.3389.30 Safari/537.36"
47.76.220.119 - - [17/Apr/2025:14:29:26 -0400] "HEAD /gpt-5-latest-news-updates-and-everything-we-know/ HTTP/1.1" 200 0 "-" "Mozilla/5.0 (Windows NT 10.0; Win64; x64) AppleWebKit/537.36 (KHTML, like Gecko) Chrome/65.0.2556.107 Safari/537.36"
8.210.147.121 - - [17/Apr/2025:14:29:27 -0400] "HEAD /6-cognitive-automation-use-cases-in-the-enterprise/ HTTP/1.1" 200 0 "-" "Mozilla/5.0 (Windows NT 6.2; Win64; x64) AppleWebKit/537.36 (KHTML, like Gecko) Chrome/63.0.3974.86 Safari/537.36"
47.243.234.164 - - [17/Apr/2025:14:29:27 -0400] "HEAD /a-guide-to-sentiment-analysis-using-nlp/ HTTP/1.1" 200 0 "-" "Mozilla/5.0 (Windows NT 10.0; Win64; x64) AppleWebKit/537.36 (KHTML, like Gecko) Chrome/78.0.2060.59 Safari/537.36"
47.243.89.37 - - [17/Apr/2025:14:29:27 -0400] "HEAD /page/160/ HTTP/1.1" 200 0 "-" "Mozilla/5.0 (Windows NT 6.2; Win64; x64) AppleWebKit/537.36 (KHTML, like Gecko) Chrome/65.0.2377.59 Safari/537.36"
8.218.91.49 - - [17/Apr/2025:14:29:27 -0400] "HEAD /category/activity/ HTTP/1.1" 200 0 "-" "Mozilla/5.0 (Windows NT 6.0; Win64; x64) AppleWebKit/537.36 (KHTML, like Gecko) Chrome/74.0.2915.22 Safari/537.36"
47.76.222.244 - - [17/Apr/2025:14:29:29 -0400] "GET /the-inside-story-of-how-chatgpt-was-built-from-the HTTP/1.1" 301 0 "-" "Mozilla/5.0 (Windows NT 6.2; Win64; x64) AppleWebKit/537.36 (KHTML, like Gecko) Chrome/66.0.3389.30 Safari/537.36"
47.76.220.119 - - [17/Apr/2025:14:29:29 -0400] "GET /gpt-5-latest-news-updates-and-everything-we-know HTTP/1.1" 301 0 "-" "Mozilla/5.0 (Windows NT 10.0; Win64; x64) AppleWebKit/537.36 (KHTML, like Gecko) Chrome/65.0.2556.107 Safari/537.36"
8.210.147.121 - - [17/Apr/2025:14:29:29 -0400] "GET /6-cognitive-automation-use-cases-in-the-enterprise HTTP/1.1" 301 0 "-" "Mozilla/5.0 (Windows NT 6.2; Win64; x64) AppleWebKit/537.36 (KHTML, like Gecko) Chrome/63.0.3974.86 Safari/537.36"
47.243.234.164 - - [17/Apr/2025:14:29:29 -0400] "GET /a-guide-to-sentiment-analysis-using-nlp HTTP/1.1" 301 0 "-" "Mozilla/5.0 (Windows NT 10.0; Win64; x64) AppleWebKit/537.36 (KHTML, like Gecko) Chrome/78.0.2060.59 Safari/537.36"
47.243.89.37 - - [17/Apr/2025:14:29:29 -0400] "GET /page/160 HTTP/1.1" 301 0 "-" "Mozilla/5.0 (Windows NT 6.2; Win64; x64) AppleWebKit/537.36 (KHTML, like Gecko) Chrome/65.0.2377.59 Safari/537.36"
8.218.91.49 - - [17/Apr/2025:14:29:29 -0400] "GET /category/activity HTTP/1.1" 301 0 "-" "Mozilla/5.0 (Windows NT 6.0; Win64; x64) AppleWebKit/537.36 (KHTML, like Gecko) Chrome/74.0.2915.22 Safari/537.36"
47.242.235.57 - - [17/Apr/2025:14:29:29 -0400] "HEAD /the-inside-story-of-how-chatgpt-was-built-from-the HTTP/1.1" 301 0 "-" "Mozilla/5.0 (Windows NT 6.1; Win64; x64) AppleWebKit/537.36 (KHTML, like Gecko) Chrome/72.0.2283.199 Safari/537.36"
8.210.147.121 - - [17/Apr/2025:14:29:29 -0400] "HEAD /category/activity HTTP/1.1" 301 0 "-" "Mozilla/5.0 (Windows NT 10.0; Win64; x64) AppleWebKit/537.36 (KHTML, like Gecko) Chrome/61.0.3372.146 Safari/537.36"
47.243.234.164 - - [17/Apr/2025:14:29:29 -0400] "HEAD /gpt-5-latest-news-updates-and-everything-we-know HTTP/1.1" 301 0 "-" "Mozilla/5.0 (Windows NT 10.0; Win64; x64) AppleWebKit/537.36 (KHTML, like Gecko) Chrome/63.0.3393.17 Safari/537.36"
8.210.188.13 - - [17/Apr/2025:14:29:29 -0400] "HEAD /a-guide-to-sentiment-analysis-using-nlp HTTP/1.1" 301 0 "-" "Mozilla/5.0 (Windows NT 6.3; Win64; x64) AppleWebKit/537.36 (KHTML, like Gecko) Chrome/67.0.2947.45 Safari/537.36"
47.242.160.82 - - [17/Apr/2025:14:29:29 -0400] "HEAD /6-cognitive-automation-use-cases-in-the-enterprise HTTP/1.1" 301 0 "-" "Mozilla/5.0 (Windows NT 6.3; Win64; x64) AppleWebKit/537.36 (KHTML, like Gecko) Chrome/63.0.3151.152 Safari/537.36"
47.76.222.244 - - [17/Apr/2025:14:29:30 -0400] "GET /the-inside-story-of-how-chatgpt-was-built-from-the/ HTTP/1.1" 200 105387 "-" "Mozilla/5.0 (Windows NT 6.2; Win64; x64) AppleWebKit/537.36 (KHTML, like Gecko) Chrome/66.0.3389.30 Safari/537.36"
47.76.220.119 - - [17/Apr/2025:14:29:30 -0400] "GET /gpt-5-latest-news-updates-and-everything-we-know/ HTTP/1.1" 200 98106 "-" "Mozilla/5.0 (Windows NT 10.0; Win64; x64) AppleWebKit/537.36 (KHTML, like Gecko) Chrome/65.0.2556.107 Safari/537.36"
8.210.147.121 - - [17/Apr/2025:14:29:30 -0400] "GET /6-cognitive-automation-use-cases-in-the-enterprise/ HTTP/1.1" 200 79066 "-" "Mozilla/5.0 (Windows NT 6.2; Win64; x64) AppleWebKit/537.36 (KHTML, like Gecko) Chrome/63.0.3974.86 Safari/537.36"
47.243.234.164 - - [17/Apr/2025:14:29:30 -0400] "GET /a-guide-to-sentiment-analysis-using-nlp/ HTTP/1.1" 200 76302 "-" "Mozilla/5.0 (Windows NT 10.0; Win64; x64) AppleWebKit/537.36 (KHTML, like Gecko) Chrome/78.0.2060.59 Safari/537.36"
47.243.89.37 - - [17/Apr/2025:14:29:30 -0400] "GET /page/160/ HTTP/1.1" 200 8752 "-" "Mozilla/5.0 (Windows NT 6.2; Win64; x64) AppleWebKit/537.36 (KHTML, like Gecko) Chrome/65.0.2377.59 Safari/537.36"
8.218.91.49 - - [17/Apr/2025:14:29:31 -0400] "GET /category/activity/ HTTP/1.1" 200 10188 "-" "Mozilla/5.0 (Windows NT 6.0; Win64; x64) AppleWebKit/537.36 (KHTML, like Gecko) Chrome/74.0.2915.22 Safari/537.36"
47.242.235.57 - - [17/Apr/2025:14:29:31 -0400] "HEAD /the-inside-story-of-how-chatgpt-was-built-from-the/ HTTP/1.1" 200 0 "-" "Mozilla/5.0 (Windows NT 6.1; Win64; x64) AppleWebKit/537.36 (KHTML, like Gecko) Chrome/72.0.2283.199 Safari/537.36"
8.210.147.121 - - [17/Apr/2025:14:29:31 -0400] "HEAD /category/activity/ HTTP/1.1" 200 0 "-" "Mozilla/5.0 (Windows NT 10.0; Win64; x64) AppleWebKit/537.36 (KHTML, like Gecko) Chrome/61.0.3372.146 Safari/537.36"
47.243.234.164 - - [17/Apr/2025:14:29:31 -0400] "HEAD /gpt-5-latest-news-updates-and-everything-we-know/ HTTP/1.1" 200 0 "-" "Mozilla/5.0 (Windows NT 10.0; Win64; x64) AppleWebKit/537.36 (KHTML, like Gecko) Chrome/63.0.3393.17 Safari/537.36"
47.242.160.82 - - [17/Apr/2025:14:29:31 -0400] "HEAD /6-cognitive-automation-use-cases-in-the-enterprise/ HTTP/1.1" 200 0 "-" "Mozilla/5.0 (Windows NT 6.3; Win64; x64) AppleWebKit/537.36 (KHTML, like Gecko) Chrome/63.0.3151.152 Safari/537.36"
8.210.188.13 - - [17/Apr/2025:14:29:31 -0400] "HEAD /a-guide-to-sentiment-analysis-using-nlp/ HTTP/1.1" 200 0 "-" "Mozilla/5.0 (Windows NT 6.3; Win64; x64) AppleWebKit/537.36 (KHTML, like Gecko) Chrome/67.0.2947.45 Safari/537.36"
47.242.235.57 - - [17/Apr/2025:14:29:32 -0400] "GET /the-inside-story-of-how-chatgpt-was-built-from-the HTTP/1.1" 301 0 "-" "Mozilla/5.0 (Windows NT 6.1; Win64; x64) AppleWebKit/537.36 (KHTML, like Gecko) Chrome/72.0.2283.199 Safari/537.36"
47.243.234.164 - - [17/Apr/2025:14:29:32 -0400] "GET /gpt-5-latest-news-updates-and-everything-we-know HTTP/1.1" 301 0 "-" "Mozilla/5.0 (Windows NT 10.0; Win64; x64) AppleWebKit/537.36 (KHTML, like Gecko) Chrome/63.0.3393.17 Safari/537.36"
8.210.147.121 - - [17/Apr/2025:14:29:32 -0400] "GET /category/activity HTTP/1.1" 301 0 "-" "Mozilla/5.0 (Windows NT 10.0; Win64; x64) AppleWebKit/537.36 (KHTML, like Gecko) Chrome/61.0.3372.146 Safari/537.36"
47.242.160.82 - - [17/Apr/2025:14:29:32 -0400] "GET /6-cognitive-automation-use-cases-in-the-enterprise HTTP/1.1" 301 0 "-" "Mozilla/5.0 (Windows NT 6.3; Win64; x64) AppleWebKit/537.36 (KHTML, like Gecko) Chrome/63.0.3151.152 Safari/537.36"
8.210.188.13 - - [17/Apr/2025:14:29:32 -0400] "GET /a-guide-to-sentiment-analysis-using-nlp HTTP/1.1" 301 0 "-" "Mozilla/5.0 (Windows NT 6.3; Win64; x64) AppleWebKit/537.36 (KHTML, like Gecko) Chrome/67.0.2947.45 Safari/537.36"
47.243.234.164 - - [17/Apr/2025:14:29:33 -0400] "GET /gpt-5-latest-news-updates-and-everything-we-know/ HTTP/1.1" 200 98106 "-" "Mozilla/5.0 (Windows NT 10.0; Win64; x64) AppleWebKit/537.36 (KHTML, like Gecko) Chrome/63.0.3393.17 Safari/537.36"
47.242.235.57 - - [17/Apr/2025:14:29:33 -0400] "GET /the-inside-story-of-how-chatgpt-was-built-from-the/ HTTP/1.1" 200 105387 "-" "Mozilla/5.0 (Windows NT 6.1; Win64; x64) AppleWebKit/537.36 (KHTML, like Gecko) Chrome/72.0.2283.199 Safari/537.36"
8.210.147.121 - - [17/Apr/2025:14:29:33 -0400] "GET /category/activity/ HTTP/1.1" 200 10188 "-" "Mozilla/5.0 (Windows NT 10.0; Win64; x64) AppleWebKit/537.36 (KHTML, like Gecko) Chrome/61.0.3372.146 Safari/537.36"
47.242.160.82 - - [17/Apr/2025:14:29:33 -0400] "GET /6-cognitive-automation-use-cases-in-the-enterprise/ HTTP/1.1" 200 79066 "-" "Mozilla/5.0 (Windows NT 6.3; Win64; x64) AppleWebKit/537.36 (KHTML, like Gecko) Chrome/63.0.3151.152 Safari/537.36"
8.210.188.13 - - [17/Apr/2025:14:29:33 -0400] "GET /a-guide-to-sentiment-analysis-using-nlp/ HTTP/1.1" 200 76302 "-" "Mozilla/5.0 (Windows NT 6.3; Win64; x64) AppleWebKit/537.36 (KHTML, like Gecko) Chrome/67.0.2947.45 Safari/537.36"
47.76.220.119 - - [17/Apr/2025:14:29:42 -0400] "HEAD /how-to-build-the-ultimate-ai-chatbot-by-following HTTP/1.1" 301 0 "-" "Mozilla/5.0 (Windows NT 6.1; Win64; x64) AppleWebKit/537.36 (KHTML, like Gecko) Chrome/65.0.2795.76 Safari/537.36"
8.210.189.26 - - [17/Apr/2025:14:29:42 -0400] "HEAD /virtual-customer-innovation-staying-close-to-your HTTP/1.1" 301 0 "-" "Mozilla/5.0 (Windows NT 6.0; Win64; x64) AppleWebKit/537.36 (KHTML, like Gecko) Chrome/73.0.3679.16 Safari/537.36"
47.76.220.119 - - [17/Apr/2025:14:29:43 -0400] "HEAD /how-to-build-the-ultimate-ai-chatbot-by-following/ HTTP/1.1" 200 0 "-" "Mozilla/5.0 (Windows NT 6.1; Win64; x64) AppleWebKit/537.36 (KHTML, like Gecko) Chrome/65.0.2795.76 Safari/537.36"
8.210.189.26 - - [17/Apr/2025:14:29:43 -0400] "HEAD /virtual-customer-innovation-staying-close-to-your/ HTTP/1.1" 200 0 "-" "Mozilla/5.0 (Windows NT 6.0; Win64; x64) AppleWebKit/537.36 (KHTML, like Gecko) Chrome/73.0.3679.16 Safari/537.36"
47.76.220.119 - - [17/Apr/2025:14:29:44 -0400] "GET /how-to-build-the-ultimate-ai-chatbot-by-following HTTP/1.1" 301 0 "-" "Mozilla/5.0 (Windows NT 6.1; Win64; x64) AppleWebKit/537.36 (KHTML, like Gecko) Chrome/65.0.2795.76 Safari/537.36"
8.210.189.26 - - [17/Apr/2025:14:29:44 -0400] "GET /virtual-customer-innovation-staying-close-to-your HTTP/1.1" 301 0 "-" "Mozilla/5.0 (Windows NT 6.0; Win64; x64) AppleWebKit/537.36 (KHTML, like Gecko) Chrome/73.0.3679.16 Safari/537.36"
8.210.189.26 - - [17/Apr/2025:14:29:45 -0400] "GET /virtual-customer-innovation-staying-close-to-your/ HTTP/1.1" 200 88155 "-" "Mozilla/5.0 (Windows NT 6.0; Win64; x64) AppleWebKit/537.36 (KHTML, like Gecko) Chrome/73.0.3679.16 Safari/537.36"
47.76.220.119 - - [17/Apr/2025:14:29:45 -0400] "GET /how-to-build-the-ultimate-ai-chatbot-by-following/ HTTP/1.1" 200 98782 "-" "Mozilla/5.0 (Windows NT 6.1; Win64; x64) AppleWebKit/537.36 (KHTML, like Gecko) Chrome/65.0.2795.76 Safari/537.36"
198.54.114.83 - - [17/Apr/2025:14:29:50 -0400] "POST /wp-cron.php?doing_wp_cron=1744914589.5032439231872558593750 HTTP/1.1" 200 0 "-" "WordPress/6.8; https://freelancingclients.com"
20.171.207.125 - - [17/Apr/2025:14:29:49 -0400] "GET /decoration-innovante-les-autocollants-de-sol/ HTTP/1.1" 200 10593 "-" "Mozilla/5.0 AppleWebKit/537.36 (KHTML, like Gecko; compatible; GPTBot/1.2; +https://openai.com/gptbot)"
8.210.176.195 - - [17/Apr/2025:14:29:58 -0400] "HEAD /2025/03 HTTP/1.1" 301 0 "-" "Mozilla/5.0 (Windows NT 6.3; Win64; x64) AppleWebKit/537.36 (KHTML, like Gecko) Chrome/62.0.3944.53 Safari/537.36"
8.210.176.195 - - [17/Apr/2025:14:29:59 -0400] "HEAD / HTTP/1.1" 200 0 "-" "Mozilla/5.0 (Windows NT 6.3; Win64; x64) AppleWebKit/537.36 (KHTML, like Gecko) Chrome/62.0.3944.53 Safari/537.36"
8.210.176.195 - - [17/Apr/2025:14:30:00 -0400] "GET /2025/03 HTTP/1.1" 301 0 "-" "Mozilla/5.0 (Windows NT 6.3; Win64; x64) AppleWebKit/537.36 (KHTML, like Gecko) Chrome/62.0.3944.53 Safari/537.36"
8.210.176.195 - - [17/Apr/2025:14:30:01 -0400] "GET / HTTP/1.1" 200 10016 "-" "Mozilla/5.0 (Windows NT 6.3; Win64; x64) AppleWebKit/537.36 (KHTML, like Gecko) Chrome/62.0.3944.53 Safari/537.36"
47.243.78.23 - - [17/Apr/2025:14:30:46 -0400] "HEAD /virtual-customer-innovation-staying-close-to-your HTTP/1.1" 301 0 "-" "Mozilla/5.0 (Windows NT 6.2; Win64; x64) AppleWebKit/537.36 (KHTML, like Gecko) Chrome/70.0.3728.118 Safari/537.36"
47.243.78.23 - - [17/Apr/2025:14:30:48 -0400] "HEAD /virtual-customer-innovation-staying-close-to-your/ HTTP/1.1" 200 0 "-" "Mozilla/5.0 (Windows NT 6.2; Win64; x64) AppleWebKit/537.36 (KHTML, like Gecko) Chrome/70.0.3728.118 Safari/537.36"
47.243.78.23 - - [17/Apr/2025:14:30:49 -0400] "GET /virtual-customer-innovation-staying-close-to-your HTTP/1.1" 301 0 "-" "Mozilla/5.0 (Windows NT 6.2; Win64; x64) AppleWebKit/537.36 (KHTML, like Gecko) Chrome/70.0.3728.118 Safari/537.36"
47.243.78.23 - - [17/Apr/2025:14:30:51 -0400] "GET /virtual-customer-innovation-staying-close-to-your/ HTTP/1.1" 200 88155 "-" "Mozilla/5.0 (Windows NT 6.2; Win64; x64) AppleWebKit/537.36 (KHTML, like Gecko) Chrome/70.0.3728.118 Safari/537.36"
198.54.114.83 - - [17/Apr/2025:14:31:01 -0400] "POST /wp-cron.php?doing_wp_cron=1744914660.5305969715118408203125 HTTP/1.1" 200 0 "-" "WordPress/6.8; https://freelancingclients.com"
20.171.207.125 - - [17/Apr/2025:14:30:59 -0400] "GET /the-convenience-of-boiling-chilled-water-taps/ HTTP/1.1" 200 10228 "-" "Mozilla/5.0 AppleWebKit/537.36 (KHTML, like Gecko; compatible; GPTBot/1.2; +https://openai.com/gptbot)"
85.208.98.22 - - [17/Apr/2025:14:31:58 -0400] "GET /columbus-window-tint/ HTTP/1.1" 200 9673 "-" "Mozilla/5.0 (compatible; SemrushBot-BA; +http://www.semrush.com/bot.html)"
198.54.114.83 - - [17/Apr/2025:14:32:14 -0400] "POST /wp-cron.php?doing_wp_cron=1744914732.7885649204254150390625 HTTP/1.1" 200 0 "-" "WordPress/6.8; https://freelancingclients.com"
20.171.207.125 - - [17/Apr/2025:14:32:12 -0400] "GET /using-the-youtube-social-shares-metric/ HTTP/1.1" 200 10737 "-" "Mozilla/5.0 AppleWebKit/537.36 (KHTML, like Gecko; compatible; GPTBot/1.2; +https://openai.com/gptbot)"
20.171.207.125 - - [17/Apr/2025:14:33:14 -0400] "GET /?p=3288 HTTP/1.1" 301 0 "-" "Mozilla/5.0 AppleWebKit/537.36 (KHTML, like Gecko; compatible; GPTBot/1.2; +https://openai.com/gptbot)"
198.54.114.83 - - [17/Apr/2025:14:33:16 -0400] "POST /wp-cron.php?doing_wp_cron=1744914795.0077490806579589843750 HTTP/1.1" 200 0 "-" "WordPress/6.8; https://freelancingclients.com"
198.54.114.83 - - [17/Apr/2025:14:34:19 -0400] "POST /wp-cron.php?doing_wp_cron=1744914858.8110439777374267578125 HTTP/1.1" 200 0 "-" "WordPress/6.8; https://freelancingclients.com"
20.171.207.125 - - [17/Apr/2025:14:34:17 -0400] "GET /?p=3293 HTTP/1.1" 301 0 "-" "Mozilla/5.0 AppleWebKit/537.36 (KHTML, like Gecko; compatible; GPTBot/1.2; +https://openai.com/gptbot)"
20.171.207.125 - - [17/Apr/2025:14:35:30 -0400] "GET /?p=432 HTTP/1.1" 301 0 "-" "Mozilla/5.0 AppleWebKit/537.36 (KHTML, like Gecko; compatible; GPTBot/1.2; +https://openai.com/gptbot)"
198.54.114.83 - - [17/Apr/2025:14:35:33 -0400] "POST /wp-cron.php?doing_wp_cron=1744914931.3240730762481689453125 HTTP/1.1" 200 0 "-" "WordPress/6.8; https://freelancingclients.com"
20.171.207.125 - - [17/Apr/2025:14:36:30 -0400] "GET /wp-json/oembed/1.0/embed?url=https%3A%2F%2Ffreelancingclients.com%2Fcommercial-cleaning-services-useful-guidelines-to-select-the-best-services%2F HTTP/1.1" 200 2659 "-" "Mozilla/5.0 AppleWebKit/537.36 (KHTML, like Gecko; compatible; GPTBot/1.2; +https://openai.com/gptbot)"
198.54.114.83 - - [17/Apr/2025:14:36:34 -0400] "POST /wp-cron.php?doing_wp_cron=1744914991.5495779514312744140625 HTTP/1.1" 200 0 "-" "WordPress/6.8; https://freelancingclients.com"
20.171.207.125 - - [17/Apr/2025:14:37:27 -0400] "GET /?p=437 HTTP/1.1" 301 0 "-" "Mozilla/5.0 AppleWebKit/537.36 (KHTML, like Gecko; compatible; GPTBot/1.2; +https://openai.com/gptbot)"
20.171.207.125 - - [17/Apr/2025:14:38:27 -0400] "GET /?p=443 HTTP/1.1" 301 0 "-" "Mozilla/5.0 AppleWebKit/537.36 (KHTML, like Gecko; compatible; GPTBot/1.2; +https://openai.com/gptbot)"
198.54.114.83 - - [17/Apr/2025:14:38:30 -0400] "POST /wp-cron.php?doing_wp_cron=1744915109.1171169281005859375000 HTTP/1.1" 200 0 "-" "WordPress/6.8; https://freelancingclients.com"
20.171.207.125 - - [17/Apr/2025:14:39:23 -0400] "GET /?p=439 HTTP/1.1" 301 0 "-" "Mozilla/5.0 AppleWebKit/537.36 (KHTML, like Gecko; compatible; GPTBot/1.2; +https://openai.com/gptbot)"
178.20.43.173 - - [17/Apr/2025:14:40:10 -0400] "GET /osteopathy/ HTTP/1.1" 200 9643 "https://freelancingclients.com/osteopathy/#comment-8708/" "Mozilla/5.0 (Windows NT 10.0; Win64; x64) AppleWebKit/537.36 (KHTML, like Gecko) Chrome/131.0.0.0 Safari/537.36 Avast/131.0.0.0"
178.20.43.173 - - [17/Apr/2025:14:40:12 -0400] "POST /wp-comments-post.php HTTP/1.1" 302 0 "https://freelancingclients.com/osteopathy/#comment-8708/" "Mozilla/5.0 (Windows NT 10.0; Win64; x64) AppleWebKit/537.36 (KHTML, like Gecko) Chrome/131.0.0.0 Safari/537.36 Avast/131.0.0.0"
198.54.114.83 - - [17/Apr/2025:14:40:16 -0400] "POST /wp-cron.php?doing_wp_cron=1744915213.6718699932098388671875 HTTP/1.1" 200 0 "-" "WordPress/6.8; https://freelancingclients.com"
178.20.43.173 - - [17/Apr/2025:14:40:18 -0400] "GET /osteopathy/ HTTP/1.1" 200 16587 "https://freelancingclients.com/osteopathy/#comment-8539" "Mozilla/5.0 (Windows NT 10.0; Win64; x64) AppleWebKit/537.36 (KHTML, like Gecko) Chrome/131.0.0.0 Safari/537.36 Avast/131.0.0.0"
20.171.207.125 - - [17/Apr/2025:14:40:21 -0400] "GET /?p=3302 HTTP/1.1" 301 0 "-" "Mozilla/5.0 AppleWebKit/537.36 (KHTML, like Gecko; compatible; GPTBot/1.2; +https://openai.com/gptbot)"
198.54.114.83 - - [17/Apr/2025:14:41:22 -0400] "POST /wp-cron.php?doing_wp_cron=1744915280.7060170173645019531250 HTTP/1.1" 200 0 "-" "WordPress/6.8; https://freelancingclients.com"
20.171.207.125 - - [17/Apr/2025:14:41:19 -0400] "GET /?p=3296 HTTP/1.1" 301 0 "-" "Mozilla/5.0 AppleWebKit/537.36 (KHTML, like Gecko; compatible; GPTBot/1.2; +https://openai.com/gptbot)"
5.255.231.250 - - [17/Apr/2025:14:41:40 -0400] "GET /robots.txt HTTP/1.1" 304 0 "-" "Mozilla/5.0 (compatible; YandexBot/3.0; +http://yandex.com/bots)"
77.88.47.10 - - [17/Apr/2025:14:41:42 -0400] "GET /ensuring-financial-accessibility-with-responsibility/ HTTP/1.1" 200 10477 "-" "Mozilla/5.0 (compatible; YandexBot/3.0; +http://yandex.com/bots)"
20.171.207.125 - - [17/Apr/2025:14:42:13 -0400] "GET /?p=3285 HTTP/1.1" 301 0 "-" "Mozilla/5.0 AppleWebKit/537.36 (KHTML, like Gecko; compatible; GPTBot/1.2; +https://openai.com/gptbot)"
198.54.114.83 - - [17/Apr/2025:14:43:09 -0400] "POST /wp-cron.php?doing_wp_cron=1744915388.4513559341430664062500 HTTP/1.1" 200 0 "-" "WordPress/6.8; https://freelancingclients.com"
20.171.207.125 - - [17/Apr/2025:14:43:06 -0400] "GET /?p=3297 HTTP/1.1" 301 0 "-" "Mozilla/5.0 AppleWebKit/537.36 (KHTML, like Gecko; compatible; GPTBot/1.2; +https://openai.com/gptbot)"
20.171.207.125 - - [17/Apr/2025:14:43:58 -0400] "GET /?p=448 HTTP/1.1" 301 0 "-" "Mozilla/5.0 AppleWebKit/537.36 (KHTML, like Gecko; compatible; GPTBot/1.2; +https://openai.com/gptbot)"
20.171.207.125 - - [17/Apr/2025:14:44:49 -0400] "GET /the-ultimate-instant-hot-and-cold-water-tap-convenience-at-your-fingertips/feed/ HTTP/1.1" 200 453 "-" "Mozilla/5.0 AppleWebKit/537.36 (KHTML, like Gecko; compatible; GPTBot/1.2; +https://openai.com/gptbot)"
192.42.116.191 - - [17/Apr/2025:14:45:12 -0400] "GET / HTTP/1.1" 200 10016 "https://freelancingclients.com" "Mozilla/5.0 (Windows NT 6.1; WOW64) AppleWebKit/537.36 (KHTML, like Gecko) Chrome/42.0.2311.90 Safari/537.36 OPR/29.0.1795.47 (Edition Yx)"
20.171.207.125 - - [17/Apr/2025:14:45:40 -0400] "GET /5-marques-de-bijoux-pour-femmes-pour-tous-les-gouts-et-tous-les-budgets/feed/ HTTP/1.1" 200 440 "-" "Mozilla/5.0 AppleWebKit/537.36 (KHTML, like Gecko; compatible; GPTBot/1.2; +https://openai.com/gptbot)"
20.171.207.125 - - [17/Apr/2025:14:46:32 -0400] "GET /commercial-cleaning-services-useful-guidelines-to-select-the-best-services/feed/ HTTP/1.1" 200 445 "-" "Mozilla/5.0 AppleWebKit/537.36 (KHTML, like Gecko; compatible; GPTBot/1.2; +https://openai.com/gptbot)"
198.54.114.83 - - [17/Apr/2025:14:46:35 -0400] "POST /wp-cron.php?doing_wp_cron=1744915593.2172238826751708984375 HTTP/1.1" 200 0 "-" "WordPress/6.8; https://freelancingclients.com"
20.171.207.125 - - [17/Apr/2025:14:47:24 -0400] "GET /the-ultimate-convenience-of-instant-hot-and-cold-water-dispensers/feed/ HTTP/1.1" 200 440 "-" "Mozilla/5.0 AppleWebKit/537.36 (KHTML, like Gecko; compatible; GPTBot/1.2; +https://openai.com/gptbot)"
20.171.207.125 - - [17/Apr/2025:14:48:09 -0400] "GET /facebook-sweepstakes-which-ones-are-diamonds-and-which-are-stones/feed/ HTTP/1.1" 200 447 "-" "Mozilla/5.0 AppleWebKit/537.36 (KHTML, like Gecko; compatible; GPTBot/1.2; +https://openai.com/gptbot)"
198.54.114.83 - - [17/Apr/2025:14:48:12 -0400] "POST /wp-cron.php?doing_wp_cron=1744915690.1725599765777587890625 HTTP/1.1" 200 0 "-" "WordPress/6.8; https://freelancingclients.com"
20.171.207.125 - - [17/Apr/2025:14:49:03 -0400] "GET /enchanting-escapes-discovering-a-resort-on-lake-garda/feed/ HTTP/1.1" 200 426 "-" "Mozilla/5.0 AppleWebKit/537.36 (KHTML, like Gecko; compatible; GPTBot/1.2; +https://openai.com/gptbot)"
20.171.207.125 - - [17/Apr/2025:14:49:54 -0400] "GET /wood-rings-the-advantages-of-steam-bent-construction/feed/ HTTP/1.1" 200 432 "-" "Mozilla/5.0 AppleWebKit/537.36 (KHTML, like Gecko; compatible; GPTBot/1.2; +https://openai.com/gptbot)"
20.171.207.125 - - [17/Apr/2025:14:50:40 -0400] "GET /the-convenience-of-buying-prescription-glasses-online/feed/ HTTP/1.1" 200 421 "-" "Mozilla/5.0 AppleWebKit/537.36 (KHTML, like Gecko; compatible; GPTBot/1.2; +https://openai.com/gptbot)"
20.171.207.125 - - [17/Apr/2025:14:51:37 -0400] "GET /the-convenience-of-boiling-chilled-water-taps/feed/ HTTP/1.1" 200 419 "-" "Mozilla/5.0 AppleWebKit/537.36 (KHTML, like Gecko; compatible; GPTBot/1.2; +https://openai.com/gptbot)"
20.171.207.125 - - [17/Apr/2025:14:52:26 -0400] "GET /decoration-innovante-les-autocollants-de-sol/feed/ HTTP/1.1" 200 416 "-" "Mozilla/5.0 AppleWebKit/537.36 (KHTML, like Gecko; compatible; GPTBot/1.2; +https://openai.com/gptbot)"
20.171.207.125 - - [17/Apr/2025:14:53:20 -0400] "GET /choosing-conservatory-designs-in-merthyr-tydfil/ HTTP/1.1" 200 10556 "-" "Mozilla/5.0 AppleWebKit/537.36 (KHTML, like Gecko; compatible; GPTBot/1.2; +https://openai.com/gptbot)"
198.54.114.83 - - [17/Apr/2025:14:53:21 -0400] "POST /wp-admin/admin-ajax.php?action=async_litespeed&nonce=mHe5kMic3jTsL8UNzijhrHWtuHNRXo4y&litespeed_type=imgoptm HTTP/1.1" 200 0 "-" "WordPress/6.8; https://freelancingclients.com"
40.69.92.205 - - [17/Apr/2025:14:54:06 -0400] "GET /wp-admin/themes.php HTTP/1.1" 302 0 "-" "-"
240e:350:8003:88ac:4ecc:6ab4:cdf7:5ca9 - - [17/Apr/2025:14:54:06 -0400] "POST /wp-comments-post.php HTTP/1.1" 302 0 "-" "Mozilla/5.0 (Windows NT 10.0; Win64; x64) AppleWebKit/537.36 (KHTML, like Gecko) Chrome/108.0.0.0 Safari/537.36 Edg/108.0.1462.46"
40.69.92.205 - - [17/Apr/2025:14:54:09 -0400] "GET /wp-login.php?redirect_to=https%3A%2F%2Ffreelancingclients.com%2Fwp-admin%2Fthemes.php&reauth=1 HTTP/1.1" 200 1729 "-" "-"
240e:350:8003:88ac:4ecc:6ab4:cdf7:5ca9 - - [17/Apr/2025:14:54:11 -0400] "GET /une-gourde-personnalisee-laccessoire-indispensable-pour-une-hydratation-personnalisee/?unapproved=8542&moderation-hash=4e16bb700e8b16638d1748b0835e387c HTTP/1.1" 200 10956 "-" "Mozilla/5.0 (Windows NT 10.0; Win64; x64) AppleWebKit/537.36 (KHTML, like Gecko) Chrome/108.0.0.0 Safari/537.36 Edg/108.0.1462.46"
20.171.207.125 - - [17/Apr/2025:14:54:14 -0400] "GET /using-the-youtube-social-shares-metric/feed/ HTTP/1.1" 200 413 "-" "Mozilla/5.0 AppleWebKit/537.36 (KHTML, like Gecko; compatible; GPTBot/1.2; +https://openai.com/gptbot)"
198.54.114.83 - - [17/Apr/2025:14:54:47 -0400] "POST /wp-admin/admin-ajax.php?action=async_litespeed&nonce=WNCh1BlzHRTJphNd6LzKOvGpQaaVr7nW&litespeed_type=imgoptm HTTP/1.1" 200 0 "-" "WordPress/6.8; https://freelancingclients.com"
20.171.207.125 - - [17/Apr/2025:14:55:16 -0400] "GET /convenience-and-efficiency-in-your-kitchen/ HTTP/1.1" 200 10365 "-" "Mozilla/5.0 AppleWebKit/537.36 (KHTML, like Gecko; compatible; GPTBot/1.2; +https://openai.com/gptbot)"
40.69.92.205 - - [17/Apr/2025:14:55:47 -0400] "GET /wp-login.php HTTP/1.1" 200 1725 "-" "-"
198.54.114.83 - - [17/Apr/2025:14:56:17 -0400] "POST /wp-cron.php?doing_wp_cron=1744916175.8712038993835449218750 HTTP/1.1" 200 0 "-" "WordPress/6.8; https://freelancingclients.com"
20.171.207.125 - - [17/Apr/2025:14:56:15 -0400] "GET /diamond-painting-a-beginners-guide/ HTTP/1.1" 200 11011 "-" "Mozilla/5.0 AppleWebKit/537.36 (KHTML, like Gecko; compatible; GPTBot/1.2; +https://openai.com/gptbot)"
198.54.114.83 - - [17/Apr/2025:14:56:19 -0400] "POST /wp-admin/admin-ajax.php?action=async_litespeed&nonce=0rEQhSNg27wrJz9lyUP32vmaVa3ychtG&litespeed_type=imgoptm HTTP/1.1" 200 0 "-" "WordPress/6.8; https://freelancingclients.com"
198.54.114.83 - - [17/Apr/2025:14:56:46 -0400] "POST /wp-admin/admin-ajax.php?action=async_litespeed&nonce=LNrfWfOarymeed11VQHgSvYF1r7eMxNY&litespeed_type=imgoptm HTTP/1.1" 200 0 "-" "WordPress/6.8; https://freelancingclients.com"
20.171.207.125 - - [17/Apr/2025:14:57:10 -0400] "GET /xmlrpc.php HTTP/1.1" 405 46 "-" "Mozilla/5.0 AppleWebKit/537.36 (KHTML, like Gecko; compatible; GPTBot/1.2; +https://openai.com/gptbot)"
40.69.92.205 - - [17/Apr/2025:14:57:58 -0400] "GET /wp-login.php?action=register HTTP/1.1" 302 0 "-" "-"
40.69.92.205 - - [17/Apr/2025:14:58:02 -0400] "GET /wp-login.php?registration=disabled HTTP/1.1" 200 1785 "-" "-"
20.171.207.125 - - [17/Apr/2025:14:58:09 -0400] "GET /benefits-of-custom-cnc-machining/ HTTP/1.1" 200 10749 "-" "Mozilla/5.0 AppleWebKit/537.36 (KHTML, like Gecko; compatible; GPTBot/1.2; +https://openai.com/gptbot)"
198.54.114.83 - - [17/Apr/2025:14:58:17 -0400] "POST /wp-admin/admin-ajax.php?action=async_litespeed&nonce=g0537weriYsno2K1a0arI1Ti4Z84ll3w&litespeed_type=imgoptm HTTP/1.1" 200 0 "-" "WordPress/6.8; https://freelancingclients.com"
20.171.207.125 - - [17/Apr/2025:14:59:07 -0400] "GET /the-future-of-eyewear-shopping/ HTTP/1.1" 200 10277 "-" "Mozilla/5.0 AppleWebKit/537.36 (KHTML, like Gecko; compatible; GPTBot/1.2; +https://openai.com/gptbot)"
20.171.207.125 - - [17/Apr/2025:15:00:11 -0400] "GET /vetements/ HTTP/1.1" 200 9848 "-" "Mozilla/5.0 AppleWebKit/537.36 (KHTML, like Gecko; compatible; GPTBot/1.2; +https://openai.com/gptbot)"
20.171.207.125 - - [17/Apr/2025:15:01:08 -0400] "GET /diamond-painting-eigenes-foto/ HTTP/1.1" 200 9924 "-" "Mozilla/5.0 AppleWebKit/537.36 (KHTML, like Gecko; compatible; GPTBot/1.2; +https://openai.com/gptbot)"
198.54.114.83 - - [17/Apr/2025:15:01:51 -0400] "POST /wp-admin/admin-ajax.php?action=async_litespeed&nonce=mOR1HXsZvQT2hkyo3FhFFSZoJUeho7N7&litespeed_type=imgoptm HTTP/1.1" 200 0 "-" "WordPress/6.8; https://freelancingclients.com"
20.171.207.125 - - [17/Apr/2025:15:02:07 -0400] "GET /leather-gifts/ HTTP/1.1" 200 9676 "-" "Mozilla/5.0 AppleWebKit/537.36 (KHTML, like Gecko; compatible; GPTBot/1.2; +https://openai.com/gptbot)"
198.54.114.83 - - [17/Apr/2025:15:02:43 -0400] "POST /wp-admin/admin-ajax.php?action=async_litespeed&nonce=nL6OytGB9EnoTXR84bj7KLagZEINhQfM&litespeed_type=imgoptm HTTP/1.1" 200 0 "-" "WordPress/6.8; https://freelancingclients.com"
20.171.207.125 - - [17/Apr/2025:15:03:06 -0400] "GET /the-ray-ban-legacy/ HTTP/1.1" 200 10244 "-" "Mozilla/5.0 AppleWebKit/537.36 (KHTML, like Gecko; compatible; GPTBot/1.2; +https://openai.com/gptbot)"
8.210.147.121 - - [17/Apr/2025:15:03:23 -0400] "HEAD /page/158 HTTP/1.1" 301 0 "-" "Mozilla/5.0 (Windows NT 6.1; Win64; x64) AppleWebKit/537.36 (KHTML, like Gecko) Chrome/79.0.2887.53 Safari/537.36"
8.210.147.121 - - [17/Apr/2025:15:03:26 -0400] "HEAD /page/158/ HTTP/1.1" 200 0 "-" "Mozilla/5.0 (Windows NT 6.1; Win64; x64) AppleWebKit/537.36 (KHTML, like Gecko) Chrome/79.0.2887.53 Safari/537.36"
8.210.147.121 - - [17/Apr/2025:15:03:28 -0400] "GET /page/158 HTTP/1.1" 301 0 "-" "Mozilla/5.0 (Windows NT 6.1; Win64; x64) AppleWebKit/537.36 (KHTML, like Gecko) Chrome/79.0.2887.53 Safari/537.36"
47.242.3.114 - - [17/Apr/2025:15:03:29 -0400] "HEAD /page/158 HTTP/1.1" 301 0 "-" "Mozilla/5.0 (Windows NT 6.2; Win64; x64) AppleWebKit/537.36 (KHTML, like Gecko) Chrome/79.0.3006.67 Safari/537.36"
8.210.147.121 - - [17/Apr/2025:15:03:30 -0400] "GET /page/158/ HTTP/1.1" 200 10470 "-" "Mozilla/5.0 (Windows NT 6.1; Win64; x64) AppleWebKit/537.36 (KHTML, like Gecko) Chrome/79.0.2887.53 Safari/537.36"
47.242.3.114 - - [17/Apr/2025:15:03:30 -0400] "HEAD /page/158/ HTTP/1.1" 200 0 "-" "Mozilla/5.0 (Windows NT 6.2; Win64; x64) AppleWebKit/537.36 (KHTML, like Gecko) Chrome/79.0.3006.67 Safari/537.36"
47.242.3.114 - - [17/Apr/2025:15:03:32 -0400] "GET /page/158 HTTP/1.1" 301 0 "-" "Mozilla/5.0 (Windows NT 6.2; Win64; x64) AppleWebKit/537.36 (KHTML, like Gecko) Chrome/79.0.3006.67 Safari/537.36"
47.243.91.206 - - [17/Apr/2025:15:03:32 -0400] "HEAD /page/158 HTTP/1.1" 301 0 "-" "Mozilla/5.0 (Windows NT 6.1; Win64; x64) AppleWebKit/537.36 (KHTML, like Gecko) Chrome/64.0.2712.65 Safari/537.36"
47.242.3.114 - - [17/Apr/2025:15:03:33 -0400] "GET /page/158/ HTTP/1.1" 200 10470 "-" "Mozilla/5.0 (Windows NT 6.2; Win64; x64) AppleWebKit/537.36 (KHTML, like Gecko) Chrome/79.0.3006.67 Safari/537.36"
47.243.91.206 - - [17/Apr/2025:15:03:33 -0400] "HEAD /page/158/ HTTP/1.1" 200 0 "-" "Mozilla/5.0 (Windows NT 6.1; Win64; x64) AppleWebKit/537.36 (KHTML, like Gecko) Chrome/64.0.2712.65 Safari/537.36"
47.243.91.206 - - [17/Apr/2025:15:03:34 -0400] "GET /page/158 HTTP/1.1" 301 0 "-" "Mozilla/5.0 (Windows NT 6.1; Win64; x64) AppleWebKit/537.36 (KHTML, like Gecko) Chrome/64.0.2712.65 Safari/537.36"
47.243.91.206 - - [17/Apr/2025:15:03:34 -0400] "GET /page/158/ HTTP/1.1" 200 10470 "-" "Mozilla/5.0 (Windows NT 6.1; Win64; x64) AppleWebKit/537.36 (KHTML, like Gecko) Chrome/64.0.2712.65 Safari/537.36"
40.69.92.205 - - [17/Apr/2025:15:03:49 -0400] "GET /wp-admin/about.php HTTP/1.1" 302 0 "-" "-"
40.69.92.205 - - [17/Apr/2025:15:03:50 -0400] "GET /wp-login.php?redirect_to=https%3A%2F%2Ffreelancingclients.com%2Fwp-admin%2Fabout.php&reauth=1 HTTP/1.1" 200 1727 "-" "-"
20.171.207.125 - - [17/Apr/2025:15:04:06 -0400] "GET /?p=604 HTTP/1.1" 301 0 "-" "Mozilla/5.0 AppleWebKit/537.36 (KHTML, like Gecko; compatible; GPTBot/1.2; +https://openai.com/gptbot)"
198.54.114.83 - - [17/Apr/2025:15:04:42 -0400] "POST /wp-cron.php?doing_wp_cron=1744916681.9729630947113037109375 HTTP/1.1" 200 0 "-" "WordPress/6.8; https://freelancingclients.com"
