77.88.47.17 - - [16/Apr/2025:00:48:22 -0400] "GET /elegante-designs-fur-jedes-ambiente/ HTTP/1.1" 200 10304 "-" "Mozilla/5.0 (compatible; YandexBot/3.0; +http://yandex.com/bots)"
198.54.114.83 - - [16/Apr/2025:01:03:16 -0400] "POST /wp-cron.php?doing_wp_cron=1744779795.4950559139251708984375 HTTP/1.1" 200 0 "-" "WordPress/6.8; https://freelancingclients.com"
2a02:598:96:8a00::1200:13b - - [16/Apr/2025:01:03:09 -0400] "GET /the-rise-of-online-lottery-game/ HTTP/1.1" 200 10607 "-" "Mozilla/5.0 (compatible; SeznamBot/4.0; +https://o-seznam.cz/napoveda/vyhledavani/en/seznambot-crawler/)"
198.54.114.83 - - [16/Apr/2025:01:03:18 -0400] "POST /wp-admin/admin-ajax.php?action=async_litespeed&nonce=CjzeC6gNXIaLd5upiMGbT3muL2FbxRR3&litespeed_type=imgoptm HTTP/1.1" 200 0 "-" "WordPress/6.8; https://freelancingclients.com"
27.42.99.97 - - [16/Apr/2025:01:06:55 -0400] "GET /the-british-aikido-board-national-nepotism-seminar/ HTTP/1.1" 200 0 "https://freelancingclients.com" "Mozilla/5.0 (Windows NT 10.0; Win64; x64) AppleWebKit/537.36 (KHTML, like Gecko) Chrome/62.0.3202.94 Safari/537.36"
198.54.114.83 - - [16/Apr/2025:01:07:03 -0400] "POST /wp-cron.php?doing_wp_cron=1744780021.6853089332580566406250 HTTP/1.1" 200 0 "-" "WordPress/6.8; https://freelancingclients.com"
18.97.9.98 - - [16/Apr/2025:01:20:26 -0400] "GET /robots.txt HTTP/1.1" 200 112 "-" "Mozilla/5.0 AppleWebKit/537.36 (KHTML, like Gecko; compatible; PerplexityBot/1.0; +https://perplexity.ai/perplexitybot)"
198.54.114.83 - - [16/Apr/2025:01:20:36 -0400] "POST /wp-cron.php?doing_wp_cron=1744780834.0660090446472167968750 HTTP/1.1" 200 0 "-" "WordPress/6.8; https://freelancingclients.com"
18.97.9.99 - - [16/Apr/2025:01:20:27 -0400] "GET /where-can-i-buy-youtube-subscribers/ HTTP/1.1" 200 10325 "-" "Mozilla/5.0 AppleWebKit/537.36 (KHTML, like Gecko; compatible; PerplexityBot/1.0; +https://perplexity.ai/perplexitybot)"
18.97.9.96 - - [16/Apr/2025:01:20:44 -0400] "GET /gpt-5-latest-news-updates-and-everything-we-know/ HTTP/1.1" 200 98107 "-" "Mozilla/5.0 AppleWebKit/537.36 (KHTML, like Gecko; compatible; PerplexityBot/1.0; +https://perplexity.ai/perplexitybot)"
18.97.9.100 - - [16/Apr/2025:01:20:44 -0400] "GET /how-to-build-the-ultimate-ai-chatbot-by-following/ HTTP/1.1" 200 98783 "-" "Mozilla/5.0 AppleWebKit/537.36 (KHTML, like Gecko; compatible; PerplexityBot/1.0; +https://perplexity.ai/perplexitybot)"
18.97.9.98 - - [16/Apr/2025:01:20:44 -0400] "GET /6-cognitive-automation-use-cases-in-the-enterprise/ HTTP/1.1" 200 79065 "-" "Mozilla/5.0 AppleWebKit/537.36 (KHTML, like Gecko; compatible; PerplexityBot/1.0; +https://perplexity.ai/perplexitybot)"
18.97.9.98 - - [16/Apr/2025:01:20:44 -0400] "GET /virtual-customer-innovation-staying-close-to-your/ HTTP/1.1" 200 88155 "-" "Mozilla/5.0 AppleWebKit/537.36 (KHTML, like Gecko; compatible; PerplexityBot/1.0; +https://perplexity.ai/perplexitybot)"
18.97.9.96 - - [16/Apr/2025:01:20:44 -0400] "GET /a-guide-to-sentiment-analysis-using-nlp/ HTTP/1.1" 200 76301 "-" "Mozilla/5.0 AppleWebKit/537.36 (KHTML, like Gecko; compatible; PerplexityBot/1.0; +https://perplexity.ai/perplexitybot)"
18.97.9.96 - - [16/Apr/2025:01:20:44 -0400] "GET /2025/03/ HTTP/1.1" 301 0 "-" "Mozilla/5.0 AppleWebKit/537.36 (KHTML, like Gecko; compatible; PerplexityBot/1.0; +https://perplexity.ai/perplexitybot)"
18.97.9.100 - - [16/Apr/2025:01:20:44 -0400] "GET /2023/01/ HTTP/1.1" 404 8131 "-" "Mozilla/5.0 AppleWebKit/537.36 (KHTML, like Gecko; compatible; PerplexityBot/1.0; +https://perplexity.ai/perplexitybot)"
18.97.9.97 - - [16/Apr/2025:01:20:48 -0400] "GET / HTTP/1.1" 200 10016 "-" "Mozilla/5.0 AppleWebKit/537.36 (KHTML, like Gecko; compatible; PerplexityBot/1.0; +https://perplexity.ai/perplexitybot)"
38.106.123.11 - - [16/Apr/2025:01:29:13 -0400] "GET / HTTP/1.1" 200 10016 "-" "Mozilla/5.0 (Windows NT 10.0; WOW64) AppleWebKit/537.36 (KHTML, like Gecko) Chrome/20.0.1132.57 Safari/537.36"
198.54.114.83 - - [16/Apr/2025:01:35:33 -0400] "POST /wp-cron.php?doing_wp_cron=1744781732.9772160053253173828125 HTTP/1.1" 200 0 "-" "WordPress/6.8; https://freelancingclients.com"
198.54.114.83 - - [16/Apr/2025:01:35:34 -0400] "POST /wp-admin/admin-ajax.php?action=async_litespeed&nonce=pCHGXoqoinbcdYN8pHJwUas2Bk6cxI1j&litespeed_type=imgoptm HTTP/1.1" 200 0 "-" "WordPress/6.8; https://freelancingclients.com"
96.62.105.63 - - [16/Apr/2025:01:35:27 -0400] "GET /mastering-sms-courses-for-modern-learning/ HTTP/1.1" 200 10507 "-" "Mozilla/5.0 (Macintosh; Intel Mac OS X 10.8; rv:21.0) Gecko/20100101 Firefox/21.0"
198.54.114.83 - - [16/Apr/2025:01:38:00 -0400] "POST /wp-cron.php?doing_wp_cron=1744781880.4597160816192626953125 HTTP/1.1" 200 0 "-" "WordPress/6.8; https://freelancingclients.com"
52.167.144.161 - - [16/Apr/2025:01:37:56 -0400] "GET /how-to-find-a-caregiver-near-me/feed/ HTTP/1.1" 200 405 "-" "Mozilla/5.0 AppleWebKit/537.36 (KHTML, like Gecko; compatible; bingbot/2.0; +http://www.bing.com/bingbot.htm) Chrome/116.0.1938.76 Safari/537.36"
198.54.114.83 - - [16/Apr/2025:01:38:01 -0400] "POST /wp-admin/admin-ajax.php?action=async_litespeed&nonce=MrXY7fNRGllt01xqJL3ehvjsjY19QYY9&litespeed_type=imgoptm HTTP/1.1" 200 0 "-" "WordPress/6.8; https://freelancingclients.com"
213.180.203.46 - - [16/Apr/2025:01:44:38 -0400] "GET /robots.txt HTTP/1.1" 200 112 "-" "Mozilla/5.0 (compatible; YandexBot/3.0; +http://yandex.com/bots)"
198.54.114.83 - - [16/Apr/2025:01:44:48 -0400] "POST /wp-cron.php?doing_wp_cron=1744782287.4466810226440429687500 HTTP/1.1" 200 0 "-" "WordPress/6.8; https://freelancingclients.com"
77.88.47.18 - - [16/Apr/2025:01:44:40 -0400] "GET /exploring-the-magic-of-rainbow-riches-casino/ HTTP/1.1" 200 10214 "-" "Mozilla/5.0 (compatible; YandexBot/3.0; +http://yandex.com/bots)"
198.54.114.83 - - [16/Apr/2025:01:46:06 -0400] "POST /wp-cron.php?doing_wp_cron=1744782366.2596499919891357421875 HTTP/1.1" 200 0 "-" "WordPress/6.8; https://freelancingclients.com"
124.156.103.176 - - [16/Apr/2025:01:46:05 -0400] "GET /white-football-socks/ HTTP/1.1" 200 10351 "-" "Python/3.10 aiohttp/3.10.5"
198.54.114.83 - - [16/Apr/2025:01:46:08 -0400] "POST /wp-admin/admin-ajax.php?action=async_litespeed&nonce=55k0EKkWgbeJ3XSte0WEEC1YLboYzp1s&litespeed_type=imgoptm HTTP/1.1" 200 0 "-" "WordPress/6.8; https://freelancingclients.com"
198.54.114.83 - - [16/Apr/2025:01:48:56 -0400] "POST /wp-cron.php?doing_wp_cron=1744782535.9611380100250244140625 HTTP/1.1" 200 0 "-" "WordPress/6.8; https://freelancingclients.com"
54.226.143.137 - - [16/Apr/2025:01:48:52 -0400] "GET /overcoming-handicaps-a-journey-of-perseverance-and-triumph/ HTTP/1.1" 200 11191 "-" "Grammarly/1.0 (http://www.grammarly.com)"
198.54.114.83 - - [16/Apr/2025:01:48:57 -0400] "POST /wp-admin/admin-ajax.php?action=async_litespeed&nonce=Ur1iZP3nNjjufT6ktKpu2kKZON8leNQi&litespeed_type=imgoptm HTTP/1.1" 200 0 "-" "WordPress/6.8; https://freelancingclients.com"
27.42.99.97 - - [16/Apr/2025:01:54:06 -0400] "GET /dominos-pizza-in-meadville-pa/ HTTP/1.1" 200 10621 "https://freelancingclients.com" "Mozilla/5.0 (Windows NT 10.0; Win64; x64) AppleWebKit/537.36 (KHTML, like Gecko) Chrome/62.0.3202.94 Safari/537.36"
27.42.99.97 - - [16/Apr/2025:01:54:11 -0400] "POST /wp-comments-post.php HTTP/1.1" 200 0 "https://freelancingclients.com" "Mozilla/5.0 (Windows NT 10.0; Win64; x64) AppleWebKit/537.36 (KHTML, like Gecko) Chrome/62.0.3202.94 Safari/537.36"
198.54.114.83 - - [16/Apr/2025:01:54:18 -0400] "POST /wp-cron.php?doing_wp_cron=1744782855.5698809623718261718750 HTTP/1.1" 200 0 "-" "WordPress/6.8; https://freelancingclients.com"
31.171.152.109 - - [16/Apr/2025:01:54:36 -0400] "GET /category/sign-up/ HTTP/1.1" 200 8410 "https://freelancingclients.com/category/sign-up/" "Mozilla/5.0 (Windows NT 10.0; Win64; x64) AppleWebKit/537.36 (KHTML, like Gecko) Chrome/131.0.0.0 Safari/537.36"
198.54.114.83 - - [16/Apr/2025:02:05:52 -0400] "POST /wp-cron.php?doing_wp_cron=1744783550.3676369190216064453125 HTTP/1.1" 200 0 "-" "WordPress/6.8; https://freelancingclients.com"
54.204.237.175 - - [16/Apr/2025:02:05:45 -0400] "GET /revolutionizing-consumerism-the-tiktok-approach-to-shopping/ HTTP/1.1" 200 10690 "-" "Grammarly/1.0 (http://www.grammarly.com)"
20.15.133.191 - - [16/Apr/2025:02:06:14 -0400] "GET /explosion-proof-valve-actuator/ HTTP/1.1" 200 10480 "-" "Mozilla/5.0 AppleWebKit/537.36 (KHTML, like Gecko; compatible; bingbot/2.0; +http://www.bing.com/bingbot.htm) Chrome/116.0.1938.76 Safari/537.36"
68.183.180.73 - - [16/Apr/2025:02:07:52 -0400] "GET / HTTP/1.1" 200 10016 "-" "-"
68.183.180.73 - - [16/Apr/2025:02:07:53 -0400] "GET / HTTP/1.1" 200 10016 "-" "Mozilla/5.0 (Linux; Android 6.0; HTC One M9 Build/MRA116171) AppleWebKit/537.36 (KHTML, like Gecko) Chrome/52.0.2890.98 Mobile Safari/537.3"
68.183.180.73 - - [16/Apr/2025:02:07:55 -0400] "GET /@vite/env HTTP/1.1" 200 0 "-" "Go-http-client/1.1"
198.54.114.83 - - [16/Apr/2025:02:07:59 -0400] "POST /wp-cron.php?doing_wp_cron=1744783678.7810990810394287109375 HTTP/1.1" 200 0 "-" "WordPress/6.8; https://freelancingclients.com"
68.183.180.73 - - [16/Apr/2025:02:07:59 -0400] "GET /actuator/env HTTP/1.1" 200 0 "-" "Go-http-client/1.1"
198.54.114.83 - - [16/Apr/2025:02:08:01 -0400] "POST /wp-admin/admin-ajax.php?action=async_litespeed&nonce=44pPBnUwaSBL1JHLOLqMISwC9h028ONu&litespeed_type=imgoptm HTTP/1.1" 200 0 "-" "WordPress/6.8; https://freelancingclients.com"
68.183.180.73 - - [16/Apr/2025:02:08:01 -0400] "GET /server HTTP/1.1" 404 8131 "-" "Go-http-client/1.1"
68.183.180.73 - - [16/Apr/2025:02:08:04 -0400] "GET /.vscode/sftp.json HTTP/1.1" 404 8131 "-" "Go-http-client/1.1"
68.183.180.73 - - [16/Apr/2025:02:08:06 -0400] "GET /about HTTP/1.1" 404 8131 "-" "Go-http-client/1.1"
68.183.180.73 - - [16/Apr/2025:02:08:09 -0400] "GET /debug/default/view?panel=config HTTP/1.1" 200 0 "-" "Go-http-client/1.1"
68.183.180.73 - - [16/Apr/2025:02:08:11 -0400] "GET /v2/_catalog HTTP/1.1" 404 8131 "-" "Go-http-client/1.1"
198.54.114.83 - - [16/Apr/2025:02:08:15 -0400] "POST /wp-cron.php?doing_wp_cron=1744783694.7653410434722900390625 HTTP/1.1" 200 0 "-" "WordPress/6.8; https://freelancingclients.com"
68.183.180.73 - - [16/Apr/2025:02:08:14 -0400] "GET /ecp/Current/exporttool/microsoft.exchange.ediscovery.exporttool.application HTTP/1.1" 404 8131 "-" "Go-http-client/1.1"
68.183.180.73 - - [16/Apr/2025:02:08:17 -0400] "GET /login.action HTTP/1.1" 404 8131 "-" "Go-http-client/1.1"
68.183.180.73 - - [16/Apr/2025:02:08:20 -0400] "GET /_all_dbs HTTP/1.1" 404 0 "-" "Mozilla/5.0 (l9scan/2.0.532323e2835313e27363e2237313; +https://leakix.net)"
68.183.180.73 - - [16/Apr/2025:02:08:23 -0400] "GET /.DS_Store HTTP/1.1" 404 8131 "-" "Go-http-client/1.1"
68.183.180.73 - - [16/Apr/2025:02:08:26 -0400] "GET /.env HTTP/1.1" 403 1242 "-" "Go-http-client/1.1"
68.183.180.73 - - [16/Apr/2025:02:08:27 -0400] "GET /.git/config HTTP/1.1" 403 1242 "-" "Go-http-client/1.1"
68.183.180.73 - - [16/Apr/2025:02:08:30 -0400] "GET /s/532323e2835313e27363e2237313/_/;/META-INF/maven/com.atlassian.jira/jira-webapp-dist/pom.properties HTTP/1.1" 200 0 "-" "Go-http-client/1.1"
68.183.180.73 - - [16/Apr/2025:02:08:33 -0400] "GET /config.json HTTP/1.1" 200 0 "-" "Go-http-client/1.1"
68.183.180.73 - - [16/Apr/2025:02:08:35 -0400] "GET /telescope/requests HTTP/1.1" 200 0 "-" "Go-http-client/1.1"
68.183.180.73 - - [16/Apr/2025:02:08:38 -0400] "GET /info.php HTTP/1.1" 200 0 "-" "Go-http-client/1.1"
68.183.180.73 - - [16/Apr/2025:02:08:41 -0400] "GET /?rest_route=/wp/v2/users/ HTTP/1.1" 200 0 "-" "Go-http-client/1.1"
198.54.114.83 - - [16/Apr/2025:02:08:43 -0400] "POST /wp-cron.php?doing_wp_cron=1744783722.3496389389038085937500 HTTP/1.1" 200 0 "-" "WordPress/6.8; https://freelancingclients.com"
198.54.114.83 - - [16/Apr/2025:02:15:17 -0400] "POST /wp-cron.php?doing_wp_cron=1744784115.7131259441375732421875 HTTP/1.1" 200 0 "-" "WordPress/6.8; https://freelancingclients.com"
83.171.226.197 - - [16/Apr/2025:02:15:10 -0400] "GET /guide-complet-des-housses/ HTTP/1.1" 200 10257 "https://freelancingclients.com/guide-complet-des-housses/" "Mozilla/5.0 (Windows NT 10.0; Win64; x64) AppleWebKit/537.36 (KHTML, like Gecko) Chrome/130.0.0.0 Safari/537.36"
83.171.226.197 - - [16/Apr/2025:02:15:21 -0400] "POST /wp-comments-post.php HTTP/1.1" 302 0 "https://freelancingclients.com/guide-complet-des-housses/" "Mozilla/5.0 (Windows NT 10.0; Win64; x64) AppleWebKit/537.36 (KHTML, like Gecko) Chrome/130.0.0.0 Safari/537.36"
83.171.226.197 - - [16/Apr/2025:02:15:26 -0400] "GET /guide-complet-des-housses/ HTTP/1.1" 200 11313 "https://freelancingclients.com/guide-complet-des-housses/#comment-8204" "Mozilla/5.0 (Windows NT 10.0; Win64; x64) AppleWebKit/537.36 (KHTML, like Gecko) Chrome/130.0.0.0 Safari/537.36"
135.119.140.245 - - [16/Apr/2025:02:24:33 -0400] "HEAD /new-composite-door-new-accessibility/ HTTP/1.1" 200 0 "http://freelancingclients.com/new" "Mozilla/5.0 (Windows NT 10.0; Win64; x64) AppleWebKit/537.36 (KHTML, like Gecko) Chrome/74.0.3729.169 Safari/537.36"
135.119.140.245 - - [16/Apr/2025:02:24:36 -0400] "HEAD /home-audio-systems/ HTTP/1.1" 200 0 "http://freelancingclients.com/home" "Mozilla/5.0 (Windows NT 10.0; Win64; x64) AppleWebKit/537.36 (KHTML, like Gecko) Chrome/74.0.3729.169 Safari/537.36"
195.2.67.184 - - [16/Apr/2025:02:40:07 -0400] "GET /osteopathy/ HTTP/1.1" 200 9642 "https://freelancingclients.com/osteopathy/#comment-7547/" "Mozilla/5.0 (Windows NT 10.0; Win64; x64) AppleWebKit/537.36 (KHTML, like Gecko) Chrome/130.0.0.0 Safari/537.36"
195.2.67.184 - - [16/Apr/2025:02:40:07 -0400] "GET /osteopathy/ HTTP/1.1" 200 9642 "https://freelancingclients.com/osteopathy/#comment-7547/" "Mozilla/5.0 (Windows NT 10.0; Win64; x64) AppleWebKit/537.36 (KHTML, like Gecko) Chrome/130.0.0.0 Safari/537.36"
195.2.67.184 - - [16/Apr/2025:02:40:20 -0400] "GET /osteopathy/ HTTP/1.1" 200 9642 "https://freelancingclients.com/osteopathy/#comment-7547/" "Mozilla/5.0 (Windows NT 10.0; Win64; x64) AppleWebKit/537.36 (KHTML, like Gecko) Chrome/130.0.0.0 Safari/537.36"
195.2.67.184 - - [16/Apr/2025:02:40:14 -0400] "POST /wp-comments-post.php HTTP/1.1" 429 982 "https://freelancingclients.com/osteopathy/#comment-7547/" "Mozilla/5.0 (Windows NT 10.0; Win64; x64) AppleWebKit/537.36 (KHTML, like Gecko) Chrome/130.0.0.0 Safari/537.36"
195.2.67.184 - - [16/Apr/2025:02:40:14 -0400] "POST /wp-comments-post.php HTTP/1.1" 302 0 "https://freelancingclients.com/osteopathy/#comment-7547/" "Mozilla/5.0 (Windows NT 10.0; Win64; x64) AppleWebKit/537.36 (KHTML, like Gecko) Chrome/130.0.0.0 Safari/537.36"
198.54.114.83 - - [16/Apr/2025:02:40:25 -0400] "POST /wp-cron.php?doing_wp_cron=1744785619.7584800720214843750000 HTTP/1.1" 200 0 "-" "WordPress/6.8; https://freelancingclients.com"
198.54.114.83 - - [16/Apr/2025:02:40:25 -0400] "POST /wp-cron.php?doing_wp_cron=1744785619.7562088966369628906250 HTTP/1.1" 200 0 "-" "WordPress/6.8; https://freelancingclients.com"
195.2.67.184 - - [16/Apr/2025:02:40:25 -0400] "POST /wp-comments-post.php HTTP/1.1" 429 982 "https://freelancingclients.com/osteopathy/#comment-7547/" "Mozilla/5.0 (Windows NT 10.0; Win64; x64) AppleWebKit/537.36 (KHTML, like Gecko) Chrome/130.0.0.0 Safari/537.36"
195.2.67.184 - - [16/Apr/2025:02:40:29 -0400] "GET /osteopathy/ HTTP/1.1" 200 11350 "https://freelancingclients.com/osteopathy/#comment-8205" "Mozilla/5.0 (Windows NT 10.0; Win64; x64) AppleWebKit/537.36 (KHTML, like Gecko) Chrome/130.0.0.0 Safari/537.36"
195.2.67.184 - - [16/Apr/2025:02:40:35 -0400] "GET /osteopathy/ HTTP/1.1" 200 9642 "https://freelancingclients.com/osteopathy/#comment-7547/" "Mozilla/5.0 (Windows NT 10.0; Win64; x64) AppleWebKit/537.36 (KHTML, like Gecko) Chrome/131.0.0.0 Safari/537.36 Avast/131.0.0.0"
195.2.67.184 - - [16/Apr/2025:02:40:44 -0400] "POST /wp-comments-post.php HTTP/1.1" 302 0 "https://freelancingclients.com/osteopathy/#comment-7547/" "Mozilla/5.0 (Windows NT 10.0; Win64; x64) AppleWebKit/537.36 (KHTML, like Gecko) Chrome/131.0.0.0 Safari/537.36 Avast/131.0.0.0"
195.2.67.184 - - [16/Apr/2025:02:40:54 -0400] "GET /osteopathy/ HTTP/1.1" 200 9642 "https://freelancingclients.com/osteopathy/#comment-7547/" "Mozilla/5.0 (Windows NT 10.0; Win64; x64) AppleWebKit/537.36 (KHTML, like Gecko) Chrome/131.0.0.0 Safari/537.36"
195.2.67.184 - - [16/Apr/2025:02:40:54 -0400] "GET /osteopathy/ HTTP/1.1" 200 17380 "https://freelancingclients.com/osteopathy/#comment-8206" "Mozilla/5.0 (Windows NT 10.0; Win64; x64) AppleWebKit/537.36 (KHTML, like Gecko) Chrome/131.0.0.0 Safari/537.36 Avast/131.0.0.0"
195.2.67.184 - - [16/Apr/2025:02:41:01 -0400] "POST /wp-comments-post.php HTTP/1.1" 302 0 "https://freelancingclients.com/osteopathy/#comment-7547/" "Mozilla/5.0 (Windows NT 10.0; Win64; x64) AppleWebKit/537.36 (KHTML, like Gecko) Chrome/131.0.0.0 Safari/537.36"
195.2.67.184 - - [16/Apr/2025:02:41:12 -0400] "GET /osteopathy/ HTTP/1.1" 200 23197 "https://freelancingclients.com/osteopathy/#comment-8207" "Mozilla/5.0 (Windows NT 10.0; Win64; x64) AppleWebKit/537.36 (KHTML, like Gecko) Chrome/131.0.0.0 Safari/537.36"
185.231.154.128 - - [16/Apr/2025:02:44:45 -0400] "GET /osteopathy/ HTTP/1.1" 200 9642 "https://freelancingclients.com/osteopathy/#comment-7037" "Mozilla/5.0 (Windows NT 10.0; Win64; x64) AppleWebKit/537.36 (KHTML, like Gecko) Chrome/131.0.0.0 Safari/537.36"
198.54.114.83 - - [16/Apr/2025:02:44:52 -0400] "POST /wp-cron.php?doing_wp_cron=1744785891.5237669944763183593750 HTTP/1.1" 200 0 "-" "WordPress/6.8; https://freelancingclients.com"
185.231.154.128 - - [16/Apr/2025:02:44:48 -0400] "POST /wp-comments-post.php HTTP/1.1" 302 0 "https://freelancingclients.com/osteopathy/#comment-7037" "Mozilla/5.0 (Windows NT 10.0; Win64; x64) AppleWebKit/537.36 (KHTML, like Gecko) Chrome/131.0.0.0 Safari/537.36"
185.231.154.128 - - [16/Apr/2025:02:44:58 -0400] "GET /osteopathy/ HTTP/1.1" 200 15350 "https://freelancingclients.com/osteopathy/#comment-8208" "Mozilla/5.0 (Windows NT 10.0; Win64; x64) AppleWebKit/537.36 (KHTML, like Gecko) Chrome/131.0.0.0 Safari/537.36"
2a02:598:96:8a00::1200:13b - - [16/Apr/2025:02:45:13 -0400] "GET /exploring-the-allure-of-sotogrande-plots-total/ HTTP/1.1" 200 10312 "-" "Mozilla/5.0 (compatible; SeznamBot/4.0; +https://o-seznam.cz/napoveda/vyhledavani/en/seznambot-crawler/)"
185.231.154.128 - - [16/Apr/2025:02:45:50 -0400] "GET /osteopathy/ HTTP/1.1" 200 9642 "https://freelancingclients.com/osteopathy/#comment-7037" "Mozilla/5.0 (Windows NT 10.0; Win64; x64) AppleWebKit/537.36 (KHTML, like Gecko) Chrome/129.0.0.0 Safari/537.36"
198.54.114.83 - - [16/Apr/2025:02:45:54 -0400] "POST /wp-cron.php?doing_wp_cron=1744785952.9139571189880371093750 HTTP/1.1" 200 0 "-" "WordPress/6.8; https://freelancingclients.com"
185.231.154.128 - - [16/Apr/2025:02:45:51 -0400] "POST /wp-comments-post.php HTTP/1.1" 302 0 "https://freelancingclients.com/osteopathy/#comment-7037" "Mozilla/5.0 (Windows NT 10.0; Win64; x64) AppleWebKit/537.36 (KHTML, like Gecko) Chrome/129.0.0.0 Safari/537.36"
185.231.154.128 - - [16/Apr/2025:02:45:57 -0400] "GET /osteopathy/ HTTP/1.1" 200 25709 "https://freelancingclients.com/osteopathy/#comment-8209" "Mozilla/5.0 (Windows NT 10.0; Win64; x64) AppleWebKit/537.36 (KHTML, like Gecko) Chrome/129.0.0.0 Safari/537.36"
85.208.98.22 - - [16/Apr/2025:02:46:31 -0400] "GET /small-business-loans-for-women/ HTTP/1.1" 200 10209 "-" "Mozilla/5.0 (compatible; SemrushBot-BA; +http://www.semrush.com/bot.html)"
66.249.66.21 - - [16/Apr/2025:03:03:08 -0400] "GET /robots.txt HTTP/1.1" 200 112 "-" "Mozilla/5.0 (compatible; Googlebot/2.1; +http://www.google.com/bot.html)"
198.54.114.83 - - [16/Apr/2025:03:03:18 -0400] "POST /wp-cron.php?doing_wp_cron=1744786996.7887270450592041015625 HTTP/1.1" 200 0 "-" "WordPress/6.8; https://freelancingclients.com"
66.249.66.20 - - [16/Apr/2025:03:03:10 -0400] "GET /feed/ HTTP/1.1" 200 574162 "-" "Mozilla/5.0 (compatible; Googlebot/2.1; +http://www.google.com/bot.html)"
52.167.144.162 - - [16/Apr/2025:03:07:44 -0400] "GET /why-every-home-can-benefit-from-interior-and-exterior-window-shutters/ HTTP/1.1" 200 10647 "-" "Mozilla/5.0 AppleWebKit/537.36 (KHTML, like Gecko; compatible; bingbot/2.0; +http://www.bing.com/bingbot.htm) Chrome/116.0.1938.76 Safari/537.36"
198.54.114.83 - - [16/Apr/2025:03:07:52 -0400] "POST /wp-cron.php?doing_wp_cron=1744787269.3853919506072998046875 HTTP/1.1" 200 0 "-" "WordPress/6.8; https://freelancingclients.com"
2a03:2880:12ff:73:: - - [16/Apr/2025:03:08:30 -0400] "GET /robots.txt HTTP/1.1" 301 0 "-" "facebookexternalhit/1.1 (+http://www.facebook.com/externalhit_uatext.php)"
2a03:2880:3ff:73:: - - [16/Apr/2025:03:08:28 -0400] "GET /robots.txt HTTP/1.1" 301 0 "-" "facebookexternalhit/1.1 (+http://www.facebook.com/externalhit_uatext.php)"
2a03:2880:12ff:73:: - - [16/Apr/2025:03:08:36 -0400] "GET /robots.txt HTTP/1.1" 200 112 "-" "facebookexternalhit/1.1 (+http://www.facebook.com/externalhit_uatext.php)"
2a03:2880:f800:2:: - - [16/Apr/2025:03:08:59 -0400] "GET /index.html HTTP/1.1" 301 0 "-" "meta-externalagent/1.1 (+https://developers.facebook.com/docs/sharing/webmasters/crawler)"
198.54.114.83 - - [16/Apr/2025:03:09:03 -0400] "POST /wp-cron.php?doing_wp_cron=1744787340.3508210182189941406250 HTTP/1.1" 200 0 "-" "WordPress/6.8; https://freelancingclients.com"
2a03:2880:f800:1c:: - - [16/Apr/2025:03:09:10 -0400] "GET /index.html HTTP/1.1" 404 8131 "-" "meta-externalagent/1.1 (+https://developers.facebook.com/docs/sharing/webmasters/crawler)"
2a03:2880:f800:e:: - - [16/Apr/2025:03:24:21 -0400] "GET / HTTP/1.1" 200 10016 "-" "meta-externalagent/1.1 (+https://developers.facebook.com/docs/sharing/webmasters/crawler)"
47.128.121.154 - - [16/Apr/2025:03:25:24 -0400] "GET /robots.txt HTTP/1.1" 304 0 "-" "Go-http-client/2.0"
198.54.114.83 - - [16/Apr/2025:03:29:29 -0400] "POST /wp-cron.php?doing_wp_cron=1744788568.4138889312744140625000 HTTP/1.1" 200 0 "-" "WordPress/6.8; https://freelancingclients.com"
47.128.110.88 - - [16/Apr/2025:03:29:24 -0400] "GET /plongez-dans-lunivers-virtuel-avec-vision-vr/ HTTP/1.1" 200 10397 "-" "Mozilla/5.0 (Linux; Android 5.0) AppleWebKit/537.36 (KHTML, like Gecko) Mobile Safari/537.36 (compatible; TikTokSpider; ttspider-feedback@tiktok.com)"
47.128.110.88 - - [16/Apr/2025:03:29:33 -0400] "GET /wp-content/fonts/c72f40e02a47fae3159b9d954e6201db.css?ver=1.0 HTTP/1.1" 200 580 "https://freelancingclients.com/plongez-dans-lunivers-virtuel-avec-vision-vr/" "Mozilla/5.0 (Linux; Android 5.0) AppleWebKit/537.36 (KHTML, like Gecko) Mobile Safari/537.36 (compatible; TikTokSpider; ttspider-feedback@tiktok.com)"
47.128.110.88 - - [16/Apr/2025:03:29:33 -0400] "GET /wp-content/themes/newspaperly/css/font-awesome.min.css?ver=6.8 HTTP/1.1" 200 6658 "https://freelancingclients.com/plongez-dans-lunivers-virtuel-avec-vision-vr/" "Mozilla/5.0 (Linux; Android 5.0) AppleWebKit/537.36 (KHTML, like Gecko) Mobile Safari/537.36 (compatible; TikTokSpider; ttspider-feedback@tiktok.com)"
47.128.110.88 - - [16/Apr/2025:03:29:33 -0400] "GET /wp-content/themes/daily-newspaper/style.css?ver=6.8 HTTP/1.1" 200 10155 "https://freelancingclients.com/plongez-dans-lunivers-virtuel-avec-vision-vr/" "Mozilla/5.0 (Linux; Android 5.0) AppleWebKit/537.36 (KHTML, like Gecko) Mobile Safari/537.36 (compatible; TikTokSpider; ttspider-feedback@tiktok.com)"
47.128.110.88 - - [16/Apr/2025:03:29:33 -0400] "GET /wp-includes/css/dist/block-library/style.min.css?ver=6.8 HTTP/1.1" 200 14358 "https://freelancingclients.com/plongez-dans-lunivers-virtuel-avec-vision-vr/" "Mozilla/5.0 (Linux; Android 5.0) AppleWebKit/537.36 (KHTML, like Gecko) Mobile Safari/537.36 (compatible; TikTokSpider; ttspider-feedback@tiktok.com)"
47.128.110.88 - - [16/Apr/2025:03:29:33 -0400] "GET /wp-content/themes/newspaperly/style.css?ver=6.8 HTTP/1.1" 200 10093 "https://freelancingclients.com/plongez-dans-lunivers-virtuel-avec-vision-vr/" "Mozilla/5.0 (Linux; Android 5.0) AppleWebKit/537.36 (KHTML, like Gecko) Mobile Safari/537.36 (compatible; TikTokSpider; ttspider-feedback@tiktok.com)"
198.54.114.83 - - [16/Apr/2025:03:31:48 -0400] "POST /wp-cron.php?doing_wp_cron=1744788705.9453279972076416015625 HTTP/1.1" 200 0 "-" "WordPress/6.8; https://freelancingclients.com"
111.225.149.245 - - [16/Apr/2025:03:31:39 -0400] "GET /page/59/ HTTP/1.1" 200 10138 "-" "Mozilla/5.0 (Linux; Android 5.0) AppleWebKit/537.36 (KHTML, like Gecko) Mobile Safari/537.36 (compatible; Bytespider; https://zhanzhang.toutiao.com/)"
111.225.149.245 - - [16/Apr/2025:03:31:56 -0400] "GET /wp-content/fonts/c72f40e02a47fae3159b9d954e6201db.css?ver=1.0 HTTP/1.1" 200 580 "https://freelancingclients.com/page/59/" "Mozilla/5.0 (Linux; Android 5.0) AppleWebKit/537.36 (KHTML, like Gecko) Mobile Safari/537.36 (compatible; Bytespider; https://zhanzhang.toutiao.com/)"
111.225.149.245 - - [16/Apr/2025:03:31:56 -0400] "GET /wp-includes/css/dist/block-library/style.min.css?ver=6.8 HTTP/1.1" 200 14358 "https://freelancingclients.com/page/59/" "Mozilla/5.0 (Linux; Android 5.0) AppleWebKit/537.36 (KHTML, like Gecko) Mobile Safari/537.36 (compatible; Bytespider; https://zhanzhang.toutiao.com/)"
111.225.149.245 - - [16/Apr/2025:03:31:56 -0400] "GET /wp-content/themes/daily-newspaper/style.css?ver=6.8 HTTP/1.1" 200 10155 "https://freelancingclients.com/page/59/" "Mozilla/5.0 (Linux; Android 5.0) AppleWebKit/537.36 (KHTML, like Gecko) Mobile Safari/537.36 (compatible; Bytespider; https://zhanzhang.toutiao.com/)"
111.225.149.245 - - [16/Apr/2025:03:31:56 -0400] "GET /wp-content/themes/daily-newspaper/style.css?ver=1.0 HTTP/1.1" 200 10155 "https://freelancingclients.com/page/59/" "Mozilla/5.0 (Linux; Android 5.0) AppleWebKit/537.36 (KHTML, like Gecko) Mobile Safari/537.36 (compatible; Bytespider; https://zhanzhang.toutiao.com/)"
111.225.149.245 - - [16/Apr/2025:03:31:56 -0400] "GET /wp-content/themes/newspaperly/css/font-awesome.min.css?ver=6.8 HTTP/1.1" 200 6658 "https://freelancingclients.com/page/59/" "Mozilla/5.0 (Linux; Android 5.0) AppleWebKit/537.36 (KHTML, like Gecko) Mobile Safari/537.36 (compatible; Bytespider; https://zhanzhang.toutiao.com/)"
111.225.149.245 - - [16/Apr/2025:03:31:56 -0400] "GET /wp-content/themes/newspaperly/js/skip-link-focus-fix.js?ver=20170823 HTTP/1.1" 200 332 "https://freelancingclients.com/page/59/" "Mozilla/5.0 (Linux; Android 5.0) AppleWebKit/537.36 (KHTML, like Gecko) Mobile Safari/537.36 (compatible; Bytespider; https://zhanzhang.toutiao.com/)"
111.225.149.245 - - [16/Apr/2025:03:31:56 -0400] "GET /wp-content/themes/newspaperly/js/accessibility.js?ver=20160720 HTTP/1.1" 200 430 "https://freelancingclients.com/page/59/" "Mozilla/5.0 (Linux; Android 5.0) AppleWebKit/537.36 (KHTML, like Gecko) Mobile Safari/537.36 (compatible; Bytespider; https://zhanzhang.toutiao.com/)"
111.225.149.245 - - [16/Apr/2025:03:31:56 -0400] "GET /wp-content/themes/newspaperly/js/jquery.flexslider.js?ver=20150423 HTTP/1.1" 200 11140 "https://freelancingclients.com/page/59/" "Mozilla/5.0 (Linux; Android 5.0) AppleWebKit/537.36 (KHTML, like Gecko) Mobile Safari/537.36 (compatible; Bytespider; https://zhanzhang.toutiao.com/)"
111.225.149.245 - - [16/Apr/2025:03:31:56 -0400] "GET /wp-includes/js/jquery/jquery.min.js?ver=3.7.1 HTTP/1.1" 200 29744 "https://freelancingclients.com/page/59/" "Mozilla/5.0 (Linux; Android 5.0) AppleWebKit/537.36 (KHTML, like Gecko) Mobile Safari/537.36 (compatible; Bytespider; https://zhanzhang.toutiao.com/)"
111.225.149.245 - - [16/Apr/2025:03:31:56 -0400] "GET /wp-content/themes/newspaperly/style.css?ver=6.8 HTTP/1.1" 200 10093 "https://freelancingclients.com/page/59/" "Mozilla/5.0 (Linux; Android 5.0) AppleWebKit/537.36 (KHTML, like Gecko) Mobile Safari/537.36 (compatible; Bytespider; https://zhanzhang.toutiao.com/)"
111.225.149.245 - - [16/Apr/2025:03:31:56 -0400] "GET /wp-includes/js/jquery/jquery-migrate.min.js?ver=3.4.1 HTTP/1.1" 200 4678 "https://freelancingclients.com/page/59/" "Mozilla/5.0 (Linux; Android 5.0) AppleWebKit/537.36 (KHTML, like Gecko) Mobile Safari/537.36 (compatible; Bytespider; https://zhanzhang.toutiao.com/)"
111.225.149.245 - - [16/Apr/2025:03:31:56 -0400] "GET /wp-content/themes/newspaperly/js/script.js?ver=20160720 HTTP/1.1" 200 996 "https://freelancingclients.com/page/59/" "Mozilla/5.0 (Linux; Android 5.0) AppleWebKit/537.36 (KHTML, like Gecko) Mobile Safari/537.36 (compatible; Bytespider; https://zhanzhang.toutiao.com/)"
111.225.149.245 - - [16/Apr/2025:03:31:56 -0400] "GET /wp-content/themes/newspaperly/js/navigation.js?ver=20170823 HTTP/1.1" 200 951 "https://freelancingclients.com/page/59/" "Mozilla/5.0 (Linux; Android 5.0) AppleWebKit/537.36 (KHTML, like Gecko) Mobile Safari/537.36 (compatible; Bytespider; https://zhanzhang.toutiao.com/)"
111.225.149.245 - - [16/Apr/2025:03:32:00 -0400] "GET /wp-includes/js/wp-emoji-release.min.js?ver=6.8 HTTP/1.1" 200 4771 "https://freelancingclients.com/page/59/" "Mozilla/5.0 (Linux; Android 5.0) AppleWebKit/537.36 (KHTML, like Gecko) Mobile Safari/537.36 (compatible; Bytespider; https://zhanzhang.toutiao.com/)"
111.225.149.231 - - [16/Apr/2025:03:32:19 -0400] "GET /page/17/ HTTP/1.1" 200 10191 "-" "Mozilla/5.0 (Linux; Android 5.0) AppleWebKit/537.36 (KHTML, like Gecko) Mobile Safari/537.36 (compatible; Bytespider; https://zhanzhang.toutiao.com/)"
43.128.36.137 - - [16/Apr/2025:03:33:30 -0400] "GET /lock-smith-and-its-certification/ HTTP/1.1" 200 10865 "-" "Python/3.10 aiohttp/3.10.5"
198.54.114.83 - - [16/Apr/2025:03:33:55 -0400] "POST /wp-cron.php?doing_wp_cron=1744788834.5207710266113281250000 HTTP/1.1" 200 0 "-" "WordPress/6.8; https://freelancingclients.com"
52.178.157.95 - - [16/Apr/2025:03:33:53 -0400] "GET /wp-admin/ HTTP/1.1" 302 0 "-" "-"
198.54.114.83 - - [16/Apr/2025:03:33:56 -0400] "POST /wp-admin/admin-ajax.php?action=async_litespeed&nonce=FFeFtkAuAUu8mWUYzQ3ky2LOMqqB0sp3&litespeed_type=imgoptm HTTP/1.1" 200 0 "-" "WordPress/6.8; https://freelancingclients.com"
52.178.157.95 - - [16/Apr/2025:03:33:56 -0400] "GET /wp-login.php?redirect_to=https%3A%2F%2Ffreelancingclients.com%2Fwp-admin%2F&reauth=1 HTTP/1.1" 200 1724 "-" "-"
198.54.114.83 - - [16/Apr/2025:03:35:20 -0400] "POST /wp-admin/admin-ajax.php?action=async_litespeed&nonce=Q1g5U5N5Y1L1ymGHqpyfO7q6Kv5fcNZN&litespeed_type=imgoptm HTTP/1.1" 200 0 "-" "WordPress/6.8; https://freelancingclients.com"
52.178.157.95 - - [16/Apr/2025:03:36:05 -0400] "GET /feed/atom/ HTTP/1.1" 200 906241 "-" "-"
2a02:598:96:8a00::1200:13b - - [16/Apr/2025:03:37:20 -0400] "GET /discover-the-magic-of-rainbow-riches-casino/ HTTP/1.1" 200 10177 "-" "Mozilla/5.0 (compatible; SeznamBot/4.0; +https://o-seznam.cz/napoveda/vyhledavani/en/seznambot-crawler/)"
2a02:598:64:8a00::3100:4 - - [16/Apr/2025:03:37:22 -0400] "GET /choosing-the-right-tax-advisor/ HTTP/1.1" 200 10797 "-" "Mozilla/5.0 (compatible; SeznamBot/4.0; +https://o-seznam.cz/napoveda/vyhledavani/en/seznambot-crawler/)"
52.178.157.95 - - [16/Apr/2025:03:37:57 -0400] "GET /wp-admin/themes.php HTTP/1.1" 302 0 "-" "-"
52.178.157.95 - - [16/Apr/2025:03:38:00 -0400] "GET /wp-login.php?redirect_to=https%3A%2F%2Ffreelancingclients.com%2Fwp-admin%2Fthemes.php&reauth=1 HTTP/1.1" 200 1730 "-" "-"
52.178.157.95 - - [16/Apr/2025:03:38:35 -0400] "GET /wp-admin/network/admin.php HTTP/1.1" 302 0 "-" "-"
52.178.157.95 - - [16/Apr/2025:03:38:37 -0400] "GET /wp-login.php?redirect_to=https%3A%2F%2Ffreelancingclients.com%2Fwp-admin%2Fnetwork%2Fadmin.php&reauth=1 HTTP/1.1" 200 1729 "-" "-"
47.79.200.176 - - [16/Apr/2025:03:44:27 -0400] "GET / HTTP/1.1" 200 10016 "https://www.google.com/" "Mozilla/5.0 (Windows NT 10.0; Win64; x64) AppleWebKit/537.36 (KHTML, like Gecko) Chrome/132.0.0.0 Safari/537.36"
198.54.114.83 - - [16/Apr/2025:03:46:25 -0400] "POST /wp-admin/admin-ajax.php?action=async_litespeed&nonce=3coIUNOpqc4Z23Bu9F8M5DdEwJaXaGEV&litespeed_type=imgoptm HTTP/1.1" 200 0 "-" "WordPress/6.8; https://freelancingclients.com"
164.92.167.80 - - [16/Apr/2025:03:52:41 -0400] "GET / HTTP/1.1" 200 10016 "-" "Mozilla/5.0 (compatible)"
164.92.167.80 - - [16/Apr/2025:03:52:43 -0400] "GET /favicon.ico HTTP/1.1" 404 1251 "https://freelancingclients.com/" "Mozilla/5.0 (compatible)"
3.88.181.15 - - [16/Apr/2025:03:52:56 -0400] "GET / HTTP/1.1" 200 10016 "-" "Mozilla/5.0 (Windows NT 10.0; Win64; x64) AppleWebKit/537.36 (KHTML, like Gecko) Chrome/104.0.0.0 Safari/537.36"
198.54.114.83 - - [16/Apr/2025:04:10:25 -0400] "POST /wp-cron.php?doing_wp_cron=1744791025.2312450408935546875000 HTTP/1.1" 200 0 "-" "WordPress/6.8; https://freelancingclients.com"
198.54.114.83 - - [16/Apr/2025:04:10:27 -0400] "POST /wp-admin/admin-ajax.php?action=async_litespeed&nonce=OtZaSIFFJM66W7DlCXvbfcR6cpBL1iB1&litespeed_type=imgoptm HTTP/1.1" 200 0 "-" "WordPress/6.8; https://freelancingclients.com"
2a03:2880:f800:2:: - - [16/Apr/2025:04:10:19 -0400] "GET /page/94/ HTTP/1.1" 200 10214 "-" "meta-externalagent/1.1 (+https://developers.facebook.com/docs/sharing/webmasters/crawler)"
112.86.225.238 - - [16/Apr/2025:04:13:33 -0400] "GET / HTTP/1.1" 200 10016 "-" "Sogou web spider/4.0(+http://www.sogou.com/docs/help/webmasters.htm#07)"
198.54.114.83 - - [16/Apr/2025:04:20:31 -0400] "POST /wp-cron.php?doing_wp_cron=1744791630.8176989555358886718750 HTTP/1.1" 200 0 "-" "WordPress/6.8; https://freelancingclients.com"
18.97.9.100 - - [16/Apr/2025:04:20:24 -0400] "GET /come-creare-gadget-personalizzati/ HTTP/1.1" 200 11001 "-" "Mozilla/5.0 AppleWebKit/537.36 (KHTML, like Gecko; compatible; PerplexityBot/1.0; +https://perplexity.ai/perplexitybot)"
198.54.114.83 - - [16/Apr/2025:04:20:34 -0400] "POST /wp-admin/admin-ajax.php?action=async_litespeed&nonce=qvdhVPCgrKnRminXpc3aG98rXewMb115&litespeed_type=imgoptm HTTP/1.1" 200 0 "-" "WordPress/6.8; https://freelancingclients.com"
198.54.114.83 - - [16/Apr/2025:04:25:59 -0400] "POST /wp-cron.php?doing_wp_cron=1744791957.7424759864807128906250 HTTP/1.1" 200 0 "-" "WordPress/6.8; https://freelancingclients.com"
185.61.218.223 - - [16/Apr/2025:04:25:48 -0400] "GET /which-large-dehumidifier-uk-should-you-buy/ HTTP/1.1" 200 10441 "-" "Mozilla/5.0 (Windows NT 10.0; Win64; x64) AppleWebKit/537.36 (KHTML, like Gecko) Chrome/114.0.0.0 Safari/537.36 Vivaldi/5.3.2679.68"
185.61.218.223 - - [16/Apr/2025:04:26:04 -0400] "POST /wp-comments-post.php HTTP/1.1" 302 0 "https://freelancingclients.com/which-large-dehumidifier-uk-should-you-buy/" "Mozilla/5.0 (Windows NT 10.0; Win64; x64) AppleWebKit/537.36 (KHTML, like Gecko) Chrome/114.0.0.0 Safari/537.36 Vivaldi/5.3.2679.68"
185.61.218.223 - - [16/Apr/2025:04:26:09 -0400] "GET /which-large-dehumidifier-uk-should-you-buy/?unapproved=8210&moderation-hash=fb3316a9468d8225f13fcd37954d8538 HTTP/1.1" 200 10979 "https://freelancingclients.com/wp-comments-post.php" "Mozilla/5.0 (Windows NT 10.0; Win64; x64) AppleWebKit/537.36 (KHTML, like Gecko) Chrome/114.0.0.0 Safari/537.36 Vivaldi/5.3.2679.68"
185.61.218.223 - - [16/Apr/2025:04:26:13 -0400] "GET /which-large-dehumidifier-uk-should-you-buy/ HTTP/1.1" 200 10441 "-" "Mozilla/5.0 (Windows NT 10.0; Win64; x64) AppleWebKit/537.36 (KHTML, like Gecko) Chrome/114.0.0.0 Safari/537.36 Vivaldi/5.3.2679.68"
185.61.218.223 - - [16/Apr/2025:04:28:04 -0400] "GET /which-large-dehumidifier-uk-should-you-buy/ HTTP/1.1" 200 10441 "-" "Mozilla/5.0 (Macintosh; Intel Mac OS X 12.5; rv:114.0) Gecko/20100101 Firefox/114.0"
198.54.114.83 - - [16/Apr/2025:04:44:18 -0400] "POST /wp-cron.php?doing_wp_cron=1744793057.5122489929199218750000 HTTP/1.1" 200 0 "-" "WordPress/6.8; https://freelancingclients.com"
2a02:598:64:8a00::3100:4 - - [16/Apr/2025:04:44:11 -0400] "GET /comment-attirer-plus-de-clients/ HTTP/1.1" 200 9664 "-" "Mozilla/5.0 (compatible; SeznamBot/4.0; +https://o-seznam.cz/napoveda/vyhledavani/en/seznambot-crawler/)"
2a02:598:96:8a00::1200:13b - - [16/Apr/2025:04:45:00 -0400] "GET /the-best-2-player-games-unblocked/ HTTP/1.1" 200 10214 "-" "Mozilla/5.0 (compatible; SeznamBot/4.0; +https://o-seznam.cz/napoveda/vyhledavani/en/seznambot-crawler/)"
2a02:598:64:8a00::3100:4 - - [16/Apr/2025:04:49:03 -0400] "GET /bilanz-hattingen/ HTTP/1.1" 200 0 "-" "Mozilla/5.0 (compatible; SeznamBot/4.0; +https://o-seznam.cz/napoveda/vyhledavani/en/seznambot-crawler/)"
198.54.114.83 - - [16/Apr/2025:04:49:12 -0400] "POST /wp-cron.php?doing_wp_cron=1744793350.1301031112670898437500 HTTP/1.1" 200 0 "-" "WordPress/6.8; https://freelancingclients.com"
198.54.114.83 - - [16/Apr/2025:04:50:49 -0400] "POST /wp-cron.php?doing_wp_cron=1744793446.8934090137481689453125 HTTP/1.1" 200 0 "-" "WordPress/6.8; https://freelancingclients.com"
198.54.114.83 - - [16/Apr/2025:04:50:49 -0400] "POST /wp-admin/admin-ajax.php?action=async_litespeed&nonce=LuHNFfH6S1mfhBZwxm7DkEED42r5ghFl&litespeed_type=imgoptm HTTP/1.1" 200 0 "-" "WordPress/6.8; https://freelancingclients.com"
95.217.121.232 - - [16/Apr/2025:04:50:41 -0400] "GET /gpt-5-latest-news-updates-and-everything-we-know/ HTTP/1.1" 200 98107 "https://freelancingclients.com/gpt-5-latest-news-updates-and-everything-we-know/" "Mozilla/5.0 (Windows NT 10.0; Win64; x64) AppleWebKit/537.36 (KHTML, like Gecko) Chrome/131.0.0.0 Safari/537.36 Avast/131.0.0.0"
95.217.121.232 - - [16/Apr/2025:04:50:54 -0400] "POST /wp-comments-post.php HTTP/1.1" 302 0 "https://freelancingclients.com/gpt-5-latest-news-updates-and-everything-we-know/" "Mozilla/5.0 (Windows NT 10.0; Win64; x64) AppleWebKit/537.36 (KHTML, like Gecko) Chrome/131.0.0.0 Safari/537.36 Avast/131.0.0.0"
95.217.121.232 - - [16/Apr/2025:04:51:06 -0400] "GET /gpt-5-latest-news-updates-and-everything-we-know/ HTTP/1.1" 200 65536 "https://freelancingclients.com/gpt-5-latest-news-updates-and-everything-we-know/#comment-8211" "Mozilla/5.0 (Windows NT 10.0; Win64; x64) AppleWebKit/537.36 (KHTML, like Gecko) Chrome/131.0.0.0 Safari/537.36 Avast/131.0.0.0"
13.38.118.125 - - [16/Apr/2025:05:03:02 -0400] "GET /new-composite-door-new-accessibility/ HTTP/1.1" 200 10718 "www.google.com" "Mozilla/5.0 (Linux; Android 7.0; SM-G892A Build/NRD90M; wv) AppleWebKit/537.36 (KHTML, like Gecko) Version/4.0 Chrome/60.0.3112.107 Mobile Safari/537.36"
66.249.66.21 - - [16/Apr/2025:05:03:05 -0400] "GET /ads.txt HTTP/1.1" 404 8131 "-" "Mozilla/5.0 (compatible; Googlebot/2.1; +http://www.google.com/bot.html)"
85.208.98.16 - - [16/Apr/2025:05:17:11 -0400] "GET /when-to-use-an-ad-agency/ HTTP/1.1" 200 0 "-" "Mozilla/5.0 (compatible; SemrushBot-BA; +http://www.semrush.com/bot.html)"
198.54.114.83 - - [16/Apr/2025:05:17:20 -0400] "POST /wp-cron.php?doing_wp_cron=1744795037.7084460258483886718750 HTTP/1.1" 200 0 "-" "WordPress/6.8; https://freelancingclients.com"
85.208.98.24 - - [16/Apr/2025:05:17:45 -0400] "GET /advertising-agencies-in-mumbai/ HTTP/1.1" 200 9879 "-" "Mozilla/5.0 (compatible; SemrushBot-BA; +http://www.semrush.com/bot.html)"
5.102.173.71 - - [16/Apr/2025:05:20:55 -0400] "GET /robots.txt HTTP/1.1" 200 112 "-" "Mozilla/5.0 (compatible; MojeekBot/0.11; +https://www.mojeek.com/bot.html)"
5.102.173.71 - - [16/Apr/2025:05:20:58 -0400] "GET / HTTP/1.1" 200 10016 "-" "Mozilla/5.0 (compatible; MojeekBot/0.11; +https://www.mojeek.com/bot.html)"
198.54.114.83 - - [16/Apr/2025:05:42:11 -0400] "POST /wp-cron.php?doing_wp_cron=1744796529.7731978893280029296875 HTTP/1.1" 200 0 "-" "WordPress/6.8; https://freelancingclients.com"
152.42.212.41 - - [16/Apr/2025:05:42:01 -0400] "GET /hosted/images/ca/80dd5b8e204741a3ac52b24f9ecc96/man-4365597.png HTTP/1.1" 301 0 "-" "Mozilla/5.0 (iPhone; CPU iPhone OS 17_2 like Mac OS X) AppleWebKit/605.1.15 (KHTML, like Gecko) EdgiOS/119.0.2151.96 Version/17.0 Mobile/15E148 Safari/604.1"
152.42.212.41 - - [16/Apr/2025:05:42:17 -0400] "GET /hosted/images/ca/80dd5b8e204741a3ac52b24f9ecc96/man-4365597.png HTTP/1.1" 404 8131 "-" "Mozilla/5.0 (iPhone; CPU iPhone OS 17_2 like Mac OS X) AppleWebKit/605.1.15 (KHTML, like Gecko) EdgiOS/119.0.2151.96 Version/17.0 Mobile/15E148 Safari/604.1"
47.79.215.180 - - [16/Apr/2025:05:44:10 -0400] "GET / HTTP/1.1" 200 10016 "https://www.google.com/" "Mozilla/5.0 (Windows NT 10.0; Win64; x64) AppleWebKit/537.36 (KHTML, like Gecko) Chrome/133.0.0.0 Safari/537.36"
5.102.173.71 - - [16/Apr/2025:05:47:37 -0400] "GET /virtual-customer-innovation-staying-close-to-your/ HTTP/1.1" 200 88155 "-" "Mozilla/5.0 (compatible; MojeekBot/0.11; +https://www.mojeek.com/bot.html)"
198.54.114.83 - - [16/Apr/2025:05:51:38 -0400] "POST /wp-cron.php?doing_wp_cron=1744797097.1936330795288085937500 HTTP/1.1" 200 0 "-" "WordPress/6.8; https://freelancingclients.com"
198.54.114.83 - - [16/Apr/2025:05:51:39 -0400] "POST /wp-cron.php?doing_wp_cron=1744797097.1633601188659667968750 HTTP/1.1" 200 0 "-" "WordPress/6.8; https://freelancingclients.com"
3.81.191.118 - - [16/Apr/2025:05:51:32 -0400] "GET /the-perils-and-pitfalls-of-buying-youtube-subscribers/ HTTP/1.1" 200 10440 "-" "Grammarly/1.0 (http://www.grammarly.com)"
3.81.191.118 - - [16/Apr/2025:05:51:34 -0400] "GET /the-perils-and-pitfalls-of-buying-youtube-subscribers/ HTTP/1.1" 200 10440 "-" "Grammarly/1.0 (http://www.grammarly.com)"
5.102.173.71 - - [16/Apr/2025:05:51:55 -0400] "GET /how-to-build-the-ultimate-ai-chatbot-by-following/ HTTP/1.1" 200 98783 "-" "Mozilla/5.0 (compatible; MojeekBot/0.11; +https://www.mojeek.com/bot.html)"
43.166.247.82 - - [16/Apr/2025:05:53:20 -0400] "GET /category/about-us/ HTTP/1.1" 200 8376 "-" "Mozilla/5.0 (iPhone; CPU iPhone OS 13_2_3 like Mac OS X) AppleWebKit/605.1.15 (KHTML, like Gecko) Version/13.0.3 Mobile/15E148 Safari/604.1"
198.54.114.83 - - [16/Apr/2025:05:53:28 -0400] "POST /wp-cron.php?doing_wp_cron=1744797205.5850300788879394531250 HTTP/1.1" 200 0 "-" "WordPress/6.8; https://freelancingclients.com"
5.102.173.71 - - [16/Apr/2025:05:55:48 -0400] "GET /6-cognitive-automation-use-cases-in-the-enterprise/ HTTP/1.1" 200 79065 "-" "Mozilla/5.0 (compatible; MojeekBot/0.11; +https://www.mojeek.com/bot.html)"
2a02:598:64:8a00::3100:4 - - [16/Apr/2025:05:59:08 -0400] "GET /the-transformative-benefits-of-massage-therapy/ HTTP/1.1" 200 0 "-" "Mozilla/5.0 (compatible; SeznamBot/4.0; +https://o-seznam.cz/napoveda/vyhledavani/en/seznambot-crawler/)"
198.54.114.83 - - [16/Apr/2025:05:59:19 -0400] "POST /wp-cron.php?doing_wp_cron=1744797558.2437889575958251953125 HTTP/1.1" 200 0 "-" "WordPress/6.8; https://freelancingclients.com"
198.54.114.83 - - [16/Apr/2025:05:59:19 -0400] "POST /wp-cron.php?doing_wp_cron=1744797558.2375259399414062500000 HTTP/1.1" 200 0 "-" "WordPress/6.8; https://freelancingclients.com"
198.54.114.83 - - [16/Apr/2025:05:59:21 -0400] "POST /wp-admin/admin-ajax.php?action=async_litespeed&nonce=QzKRUnWGUEurgx6Ye7OqmKBsrUAsBI1J&litespeed_type=imgoptm HTTP/1.1" 200 0 "-" "WordPress/6.8; https://freelancingclients.com"
2a02:598:96:8a00::1200:13b - - [16/Apr/2025:05:59:17 -0400] "GET /the-essence-of-landlordship/ HTTP/1.1" 200 10352 "-" "Mozilla/5.0 (compatible; SeznamBot/4.0; +https://o-seznam.cz/napoveda/vyhledavani/en/seznambot-crawler/)"
170.106.167.214 - - [16/Apr/2025:06:04:10 -0400] "GET /category/sign-up/ HTTP/1.1" 200 8410 "-" "Mozilla/5.0 (iPhone; CPU iPhone OS 13_2_3 like Mac OS X) AppleWebKit/605.1.15 (KHTML, like Gecko) Version/13.0.3 Mobile/15E148 Safari/604.1"
54.90.201.124 - - [16/Apr/2025:06:07:20 -0400] "GET /choosing-the-right-wealth-management-consulting-firm/ HTTP/1.1" 200 0 "-" "Grammarly/1.0 (http://www.grammarly.com)"
198.54.114.83 - - [16/Apr/2025:06:07:29 -0400] "POST /wp-cron.php?doing_wp_cron=1744798044.6998629570007324218750 HTTP/1.1" 200 0 "-" "WordPress/6.8; https://freelancingclients.com"
47.128.121.138 - - [16/Apr/2025:06:11:51 -0400] "GET /comment-nettoyer-un-collier-en-argent/ HTTP/1.1" 200 10495 "-" "Mozilla/5.0 (Linux; Android 5.0) AppleWebKit/537.36 (KHTML, like Gecko) Mobile Safari/537.36 (compatible; TikTokSpider; ttspider-feedback@tiktok.com)"
198.54.114.83 - - [16/Apr/2025:06:11:58 -0400] "POST /wp-cron.php?doing_wp_cron=1744798316.3869299888610839843750 HTTP/1.1" 200 0 "-" "WordPress/6.8; https://freelancingclients.com"
170.106.193.108 - - [16/Apr/2025:06:11:58 -0400] "GET /a-guide-to-sentiment-analysis-using-nlp/ HTTP/1.1" 200 76301 "-" "Mozilla/5.0 (iPhone; CPU iPhone OS 13_2_3 like Mac OS X) AppleWebKit/605.1.15 (KHTML, like Gecko) Version/13.0.3 Mobile/15E148 Safari/604.1"
5.133.192.171 - - [16/Apr/2025:06:15:11 -0400] "GET / HTTP/1.1" 200 10016 "-" "Mozilla/5.0 (Windows NT 10.0; Win64; x64) AppleWebKit/537.36 (KHTML, like Gecko) Chrome/105.0.0.0 Safari/537.36"
5.133.192.171 - - [16/Apr/2025:06:15:17 -0400] "GET /favicon.ico HTTP/1.1" 404 1251 "-" "Mozilla/5.0 (Windows NT 10.0; Win64; x64) AppleWebKit/537.36 (KHTML, like Gecko) Chrome/105.0.0.0 Safari/537.36"
5.102.173.71 - - [16/Apr/2025:06:20:56 -0400] "GET /gpt-5-latest-news-updates-and-everything-we-know/ HTTP/1.1" 200 98107 "-" "Mozilla/5.0 (compatible; MojeekBot/0.11; +https://www.mojeek.com/bot.html)"
198.54.114.83 - - [16/Apr/2025:06:23:36 -0400] "POST /wp-cron.php?doing_wp_cron=1744799014.7265319824218750000000 HTTP/1.1" 200 0 "-" "WordPress/6.8; https://freelancingclients.com"
43.130.106.18 - - [16/Apr/2025:06:23:29 -0400] "GET /the-inside-story-of-how-chatgpt-was-built-from-the/ HTTP/1.1" 200 105386 "-" "Mozilla/5.0 (iPhone; CPU iPhone OS 13_2_3 like Mac OS X) AppleWebKit/605.1.15 (KHTML, like Gecko) Version/13.0.3 Mobile/15E148 Safari/604.1"
34.32.161.52 - - [16/Apr/2025:06:25:19 -0400] "GET / HTTP/1.1" 200 10016 "-" "Scrapy/2.12.0 (+https://scrapy.org)"
5.102.173.71 - - [16/Apr/2025:06:30:20 -0400] "GET /a-guide-to-sentiment-analysis-using-nlp/ HTTP/1.1" 200 76301 "-" "Mozilla/5.0 (compatible; MojeekBot/0.11; +https://www.mojeek.com/bot.html)"
47.128.96.156 - - [16/Apr/2025:06:32:04 -0400] "GET /comment-fabriquer-un-tour-de-lit-tresse/ HTTP/1.1" 200 10571 "-" "Mozilla/5.0 (Linux; Android 5.0) AppleWebKit/537.36 (KHTML, like Gecko) Mobile Safari/537.36 (compatible; TikTokSpider; ttspider-feedback@tiktok.com)"
198.54.114.83 - - [16/Apr/2025:06:34:05 -0400] "POST /wp-cron.php?doing_wp_cron=1744799644.2728900909423828125000 HTTP/1.1" 200 0 "-" "WordPress/6.8; https://freelancingclients.com"
49.51.72.236 - - [16/Apr/2025:06:33:56 -0400] "GET /5-steps-to-a-catchy-bot-name-ideas/ HTTP/1.1" 200 92644 "-" "Mozilla/5.0 (iPhone; CPU iPhone OS 13_2_3 like Mac OS X) AppleWebKit/605.1.15 (KHTML, like Gecko) Version/13.0.3 Mobile/15E148 Safari/604.1"
198.54.114.83 - - [16/Apr/2025:06:38:14 -0400] "POST /wp-cron.php?doing_wp_cron=1744799894.1365430355072021484375 HTTP/1.1" 200 0 "-" "WordPress/6.8; https://freelancingclients.com"
198.54.114.83 - - [16/Apr/2025:06:38:16 -0400] "POST /wp-admin/admin-ajax.php?action=async_litespeed&nonce=PtESVHwH4hq6nQcnW82xY8vA2hq9XiGG&litespeed_type=imgoptm HTTP/1.1" 200 0 "-" "WordPress/6.8; https://freelancingclients.com"
2a02:598:96:8a00::1200:13b - - [16/Apr/2025:06:38:09 -0400] "GET /discovering-joy-in-free-browser-games/ HTTP/1.1" 200 10080 "-" "Mozilla/5.0 (compatible; SeznamBot/4.0; +https://o-seznam.cz/napoveda/vyhledavani/en/seznambot-crawler/)"
85.208.98.29 - - [16/Apr/2025:06:43:28 -0400] "GET /which-large-dehumidifier-uk-should-you-buy/ HTTP/1.1" 200 0 "-" "Mozilla/5.0 (compatible; SemrushBot-BA; +http://www.semrush.com/bot.html)"
198.54.114.83 - - [16/Apr/2025:06:43:33 -0400] "POST /wp-cron.php?doing_wp_cron=1744800213.2472069263458251953125 HTTP/1.1" 200 0 "-" "WordPress/6.8; https://freelancingclients.com"
198.54.114.83 - - [16/Apr/2025:06:43:35 -0400] "POST /wp-admin/admin-ajax.php?action=async_litespeed&nonce=tA7AnLIujDiryoIYjiOPSVqJEudcogYj&litespeed_type=imgoptm HTTP/1.1" 200 0 "-" "WordPress/6.8; https://freelancingclients.com"
198.54.114.83 - - [16/Apr/2025:06:43:48 -0400] "POST /wp-cron.php?doing_wp_cron=1744800227.1764059066772460937500 HTTP/1.1" 200 0 "-" "WordPress/6.8; https://freelancingclients.com"
85.208.98.19 - - [16/Apr/2025:06:43:48 -0400] "GET /space-heater/ HTTP/1.1" 200 9880 "-" "Mozilla/5.0 (compatible; SemrushBot-BA; +http://www.semrush.com/bot.html)"
49.51.36.179 - - [16/Apr/2025:06:43:46 -0400] "GET /page/160/ HTTP/1.1" 200 8751 "-" "Mozilla/5.0 (iPhone; CPU iPhone OS 13_2_3 like Mac OS X) AppleWebKit/605.1.15 (KHTML, like Gecko) Version/13.0.3 Mobile/15E148 Safari/604.1"
195.2.67.184 - - [16/Apr/2025:06:46:49 -0400] "GET /osteopathy/ HTTP/1.1" 200 9642 "https://freelancingclients.com/osteopathy/#comment-7547/" "Mozilla/5.0 (Windows NT 10.0; Win64; x64) AppleWebKit/537.36 (KHTML, like Gecko) Chrome/130.0.0.0 Safari/537.36 CCleaner/130.0.0.0"
195.2.67.184 - - [16/Apr/2025:06:46:55 -0400] "GET /osteopathy/ HTTP/1.1" 200 9642 "https://freelancingclients.com/osteopathy/#comment-7547/" "Mozilla/5.0 (Windows NT 10.0; Win64; x64) AppleWebKit/537.36 (KHTML, like Gecko) Chrome/131.0.0.0 Safari/537.36 Avast/131.0.0.0"
195.2.67.184 - - [16/Apr/2025:06:46:57 -0400] "GET /osteopathy/ HTTP/1.1" 200 9642 "https://freelancingclients.com/osteopathy/#comment-7547/" "Mozilla/5.0 (Windows NT 10.0; Win64; x64) AppleWebKit/537.36 (KHTML, like Gecko) Chrome/129.0.0.0 Safari/537.36"
195.2.67.184 - - [16/Apr/2025:06:47:00 -0400] "POST /wp-comments-post.php HTTP/1.1" 429 982 "https://freelancingclients.com/osteopathy/#comment-7547/" "Mozilla/5.0 (Windows NT 10.0; Win64; x64) AppleWebKit/537.36 (KHTML, like Gecko) Chrome/129.0.0.0 Safari/537.36"
195.2.67.184 - - [16/Apr/2025:06:46:58 -0400] "POST /wp-comments-post.php HTTP/1.1" 302 0 "https://freelancingclients.com/osteopathy/#comment-7547/" "Mozilla/5.0 (Windows NT 10.0; Win64; x64) AppleWebKit/537.36 (KHTML, like Gecko) Chrome/131.0.0.0 Safari/537.36 Avast/131.0.0.0"
195.2.67.184 - - [16/Apr/2025:06:46:52 -0400] "POST /wp-comments-post.php HTTP/1.1" 302 0 "https://freelancingclients.com/osteopathy/#comment-7547/" "Mozilla/5.0 (Windows NT 10.0; Win64; x64) AppleWebKit/537.36 (KHTML, like Gecko) Chrome/130.0.0.0 Safari/537.36 CCleaner/130.0.0.0"
198.54.114.83 - - [16/Apr/2025:06:47:03 -0400] "POST /wp-cron.php?doing_wp_cron=1744800420.1926679611206054687500 HTTP/1.1" 200 0 "-" "WordPress/6.8; https://freelancingclients.com"
198.54.114.83 - - [16/Apr/2025:06:47:03 -0400] "POST /wp-cron.php?doing_wp_cron=1744800420.1952750682830810546875 HTTP/1.1" 200 0 "-" "WordPress/6.8; https://freelancingclients.com"
