198.54.114.83 - - [17/Apr/2025:05:49:37 -0400] "POST /wp-cron.php?doing_wp_cron=1744883375.6610419750213623046875 HTTP/1.1" 200 0 "-" "WordPress/6.8; https://freelancingclients.com"
20.171.207.125 - - [17/Apr/2025:05:49:35 -0400] "GET /?p=3544 HTTP/1.1" 301 0 "-" "Mozilla/5.0 AppleWebKit/537.36 (KHTML, like Gecko; compatible; GPTBot/1.2; +https://openai.com/gptbot)"
20.171.207.125 - - [17/Apr/2025:05:50:11 -0400] "GET /?p=3548 HTTP/1.1" 301 0 "-" "Mozilla/5.0 AppleWebKit/537.36 (KHTML, like Gecko; compatible; GPTBot/1.2; +https://openai.com/gptbot)"
114.119.155.170 - - [17/Apr/2025:05:50:19 -0400] "GET /category/activity/ HTTP/1.1" 200 10188 "https://freelancingclients.com/riddle-answers-how-to-get-them/" "Mozilla/5.0 (Linux; Android 7.0;) AppleWebKit/537.36 (KHTML, like Gecko) Mobile Safari/537.36 (compatible; PetalBot;+https://webmaster.petalsearch.com/site/petalbot)"
20.171.207.125 - - [17/Apr/2025:05:50:43 -0400] "GET /?p=3550 HTTP/1.1" 301 0 "-" "Mozilla/5.0 AppleWebKit/537.36 (KHTML, like Gecko; compatible; GPTBot/1.2; +https://openai.com/gptbot)"
198.54.114.83 - - [17/Apr/2025:05:50:47 -0400] "POST /wp-cron.php?doing_wp_cron=1744883443.6437010765075683593750 HTTP/1.1" 200 0 "-" "WordPress/6.8; https://freelancingclients.com"
20.171.207.125 - - [17/Apr/2025:05:51:15 -0400] "GET /?p=162 HTTP/1.1" 301 0 "-" "Mozilla/5.0 AppleWebKit/537.36 (KHTML, like Gecko; compatible; GPTBot/1.2; +https://openai.com/gptbot)"
114.119.136.245 - - [17/Apr/2025:05:51:39 -0400] "GET / HTTP/1.1" 200 10016 "https://ejjii.com/list.php?part=2025/02/20/45" "Mozilla/5.0 (Linux; Android 7.0;) AppleWebKit/537.36 (KHTML, like Gecko) Mobile Safari/537.36 (compatible; PetalBot;+https://webmaster.petalsearch.com/site/petalbot)"
198.54.114.83 - - [17/Apr/2025:05:51:47 -0400] "POST /wp-cron.php?doing_wp_cron=1744883506.3353669643402099609375 HTTP/1.1" 200 0 "-" "WordPress/6.8; https://freelancingclients.com"
20.171.207.125 - - [17/Apr/2025:05:51:45 -0400] "GET /?p=166 HTTP/1.1" 301 0 "-" "Mozilla/5.0 AppleWebKit/537.36 (KHTML, like Gecko; compatible; GPTBot/1.2; +https://openai.com/gptbot)"
20.171.207.125 - - [17/Apr/2025:05:52:19 -0400] "GET /remise-sur-la-voyance-lectures-psychiques-en-ligne/feed/ HTTP/1.1" 200 427 "-" "Mozilla/5.0 AppleWebKit/537.36 (KHTML, like Gecko; compatible; GPTBot/1.2; +https://openai.com/gptbot)"
20.171.207.125 - - [17/Apr/2025:05:52:49 -0400] "GET /wp-json/wp/v2/posts/3544 HTTP/1.1" 200 12701 "-" "Mozilla/5.0 AppleWebKit/537.36 (KHTML, like Gecko; compatible; GPTBot/1.2; +https://openai.com/gptbot)"
198.54.114.83 - - [17/Apr/2025:05:53:52 -0400] "POST /wp-cron.php?doing_wp_cron=1744883629.9674670696258544921875 HTTP/1.1" 200 0 "-" "WordPress/6.8; https://freelancingclients.com"
20.171.207.125 - - [17/Apr/2025:05:53:58 -0400] "GET /?p=3540 HTTP/1.1" 301 0 "-" "Mozilla/5.0 AppleWebKit/537.36 (KHTML, like Gecko; compatible; GPTBot/1.2; +https://openai.com/gptbot)"
20.171.207.125 - - [17/Apr/2025:05:54:28 -0400] "GET /exploring-the-world-of-online-lottery-games/feed/ HTTP/1.1" 200 415 "-" "Mozilla/5.0 AppleWebKit/537.36 (KHTML, like Gecko; compatible; GPTBot/1.2; +https://openai.com/gptbot)"
198.54.114.83 - - [17/Apr/2025:05:55:00 -0400] "POST /wp-cron.php?doing_wp_cron=1744883700.0335080623626708984375 HTTP/1.1" 200 0 "-" "WordPress/6.8; https://freelancingclients.com"
20.171.207.125 - - [17/Apr/2025:05:54:58 -0400] "GET /the-transformative-power-of-massage-therapy/feed/ HTTP/1.1" 200 410 "-" "Mozilla/5.0 AppleWebKit/537.36 (KHTML, like Gecko; compatible; GPTBot/1.2; +https://openai.com/gptbot)"
198.54.114.83 - - [17/Apr/2025:05:55:02 -0400] "POST /wp-admin/admin-ajax.php?action=async_litespeed&nonce=wOPoBHlLgnwq720fGP5oY8hI8NWG6Ia2&litespeed_type=imgoptm HTTP/1.1" 200 0 "-" "WordPress/6.8; https://freelancingclients.com"
198.54.114.83 - - [17/Apr/2025:05:55:30 -0400] "POST /wp-cron.php?doing_wp_cron=1744883730.0061790943145751953125 HTTP/1.1" 200 0 "-" "WordPress/6.8; https://freelancingclients.com"
20.171.207.125 - - [17/Apr/2025:05:55:29 -0400] "GET /quest-ce-que-la-bonne-aventure/feed/ HTTP/1.1" 200 413 "-" "Mozilla/5.0 AppleWebKit/537.36 (KHTML, like Gecko; compatible; GPTBot/1.2; +https://openai.com/gptbot)"
198.54.114.83 - - [17/Apr/2025:05:56:01 -0400] "POST /wp-cron.php?doing_wp_cron=1744883760.2434520721435546875000 HTTP/1.1" 200 0 "-" "WordPress/6.8; https://freelancingclients.com"
20.171.207.125 - - [17/Apr/2025:05:55:59 -0400] "GET /online-gambling-on-a-fruit-machine/ HTTP/1.1" 200 10572 "-" "Mozilla/5.0 AppleWebKit/537.36 (KHTML, like Gecko; compatible; GPTBot/1.2; +https://openai.com/gptbot)"
20.171.207.125 - - [17/Apr/2025:05:56:32 -0400] "GET /the-rise-of-online-lottery-games/ HTTP/1.1" 200 10195 "-" "Mozilla/5.0 AppleWebKit/537.36 (KHTML, like Gecko; compatible; GPTBot/1.2; +https://openai.com/gptbot)"
8.210.66.89 - - [17/Apr/2025:05:56:35 -0400] "HEAD /page/157 HTTP/1.1" 301 0 "-" "Mozilla/5.0 (Windows NT 10.0; Win64; x64) AppleWebKit/537.36 (KHTML, like Gecko) Chrome/71.0.3640.68 Safari/537.36"
8.210.66.89 - - [17/Apr/2025:05:56:37 -0400] "HEAD /page/157/ HTTP/1.1" 200 0 "-" "Mozilla/5.0 (Windows NT 10.0; Win64; x64) AppleWebKit/537.36 (KHTML, like Gecko) Chrome/71.0.3640.68 Safari/537.36"
8.210.147.121 - - [17/Apr/2025:05:56:39 -0400] "HEAD /page/157 HTTP/1.1" 301 0 "-" "Mozilla/5.0 (Windows NT 6.3; Win64; x64) AppleWebKit/537.36 (KHTML, like Gecko) Chrome/74.0.2018.125 Safari/537.36"
8.210.66.89 - - [17/Apr/2025:05:56:39 -0400] "GET /page/157 HTTP/1.1" 301 0 "-" "Mozilla/5.0 (Windows NT 10.0; Win64; x64) AppleWebKit/537.36 (KHTML, like Gecko) Chrome/71.0.3640.68 Safari/537.36"
47.76.222.244 - - [17/Apr/2025:05:56:42 -0400] "HEAD /page/157 HTTP/1.1" 301 0 "-" "Mozilla/5.0 (Windows NT 6.3; Win64; x64) AppleWebKit/537.36 (KHTML, like Gecko) Chrome/75.0.3268.178 Safari/537.36"
8.210.66.89 - - [17/Apr/2025:05:56:41 -0400] "GET /page/157/ HTTP/1.1" 200 10240 "-" "Mozilla/5.0 (Windows NT 10.0; Win64; x64) AppleWebKit/537.36 (KHTML, like Gecko) Chrome/71.0.3640.68 Safari/537.36"
47.76.222.244 - - [17/Apr/2025:05:56:42 -0400] "HEAD /page/157/ HTTP/1.1" 200 0 "-" "Mozilla/5.0 (Windows NT 6.3; Win64; x64) AppleWebKit/537.36 (KHTML, like Gecko) Chrome/75.0.3268.178 Safari/537.36"
8.210.147.121 - - [17/Apr/2025:05:56:41 -0400] "HEAD /page/157/ HTTP/1.1" 200 0 "-" "Mozilla/5.0 (Windows NT 6.3; Win64; x64) AppleWebKit/537.36 (KHTML, like Gecko) Chrome/74.0.2018.125 Safari/537.36"
47.76.222.244 - - [17/Apr/2025:05:56:45 -0400] "GET /page/157 HTTP/1.1" 301 0 "-" "Mozilla/5.0 (Windows NT 6.3; Win64; x64) AppleWebKit/537.36 (KHTML, like Gecko) Chrome/75.0.3268.178 Safari/537.36"
8.210.147.121 - - [17/Apr/2025:05:56:45 -0400] "GET /page/157 HTTP/1.1" 301 0 "-" "Mozilla/5.0 (Windows NT 6.3; Win64; x64) AppleWebKit/537.36 (KHTML, like Gecko) Chrome/74.0.2018.125 Safari/537.36"
47.76.222.244 - - [17/Apr/2025:05:56:46 -0400] "GET /page/157/ HTTP/1.1" 200 10240 "-" "Mozilla/5.0 (Windows NT 6.3; Win64; x64) AppleWebKit/537.36 (KHTML, like Gecko) Chrome/75.0.3268.178 Safari/537.36"
8.210.147.121 - - [17/Apr/2025:05:56:46 -0400] "GET /page/157/ HTTP/1.1" 200 10240 "-" "Mozilla/5.0 (Windows NT 6.3; Win64; x64) AppleWebKit/537.36 (KHTML, like Gecko) Chrome/74.0.2018.125 Safari/537.36"
198.54.114.83 - - [17/Apr/2025:05:57:00 -0400] "POST /wp-cron.php?doing_wp_cron=1744883820.2858510017395019531250 HTTP/1.1" 200 0 "-" "WordPress/6.8; https://freelancingclients.com"
20.171.207.125 - - [17/Apr/2025:05:56:59 -0400] "GET /xmlrpc.php HTTP/1.1" 405 46 "-" "Mozilla/5.0 AppleWebKit/537.36 (KHTML, like Gecko; compatible; GPTBot/1.2; +https://openai.com/gptbot)"
198.54.114.83 - - [17/Apr/2025:05:57:02 -0400] "POST /wp-admin/admin-ajax.php?action=async_litespeed&nonce=rGm5pfrjYlHBnORdlM8M1ePTWQCBG8bh&litespeed_type=imgoptm HTTP/1.1" 200 0 "-" "WordPress/6.8; https://freelancingclients.com"
198.54.114.83 - - [17/Apr/2025:05:57:37 -0400] "POST /wp-cron.php?doing_wp_cron=1744883855.6601970195770263671875 HTTP/1.1" 200 0 "-" "WordPress/6.8; https://freelancingclients.com"
47.243.79.195 - - [17/Apr/2025:05:57:34 -0400] "HEAD /page/155 HTTP/1.1" 301 0 "-" "Mozilla/5.0 (Windows NT 6.2; Win64; x64) AppleWebKit/537.36 (KHTML, like Gecko) Chrome/69.0.3253.90 Safari/537.36"
47.243.79.195 - - [17/Apr/2025:05:57:38 -0400] "HEAD /page/155/ HTTP/1.1" 200 0 "-" "Mozilla/5.0 (Windows NT 6.2; Win64; x64) AppleWebKit/537.36 (KHTML, like Gecko) Chrome/69.0.3253.90 Safari/537.36"
47.243.79.195 - - [17/Apr/2025:05:57:39 -0400] "GET /page/155 HTTP/1.1" 301 0 "-" "Mozilla/5.0 (Windows NT 6.2; Win64; x64) AppleWebKit/537.36 (KHTML, like Gecko) Chrome/69.0.3253.90 Safari/537.36"
47.76.209.138 - - [17/Apr/2025:05:57:42 -0400] "HEAD /page/155 HTTP/1.1" 301 0 "-" "Mozilla/5.0 (Windows NT 10.0; Win64; x64) AppleWebKit/537.36 (KHTML, like Gecko) Chrome/77.0.3490.50 Safari/537.36"
47.243.79.195 - - [17/Apr/2025:05:57:41 -0400] "GET /page/155/ HTTP/1.1" 200 10384 "-" "Mozilla/5.0 (Windows NT 6.2; Win64; x64) AppleWebKit/537.36 (KHTML, like Gecko) Chrome/69.0.3253.90 Safari/537.36"
47.76.209.138 - - [17/Apr/2025:05:57:42 -0400] "HEAD /page/155/ HTTP/1.1" 200 0 "-" "Mozilla/5.0 (Windows NT 10.0; Win64; x64) AppleWebKit/537.36 (KHTML, like Gecko) Chrome/77.0.3490.50 Safari/537.36"
47.76.209.138 - - [17/Apr/2025:05:57:44 -0400] "GET /page/155 HTTP/1.1" 301 0 "-" "Mozilla/5.0 (Windows NT 10.0; Win64; x64) AppleWebKit/537.36 (KHTML, like Gecko) Chrome/77.0.3490.50 Safari/537.36"
47.76.209.138 - - [17/Apr/2025:05:57:45 -0400] "GET /page/155/ HTTP/1.1" 200 10384 "-" "Mozilla/5.0 (Windows NT 10.0; Win64; x64) AppleWebKit/537.36 (KHTML, like Gecko) Chrome/77.0.3490.50 Safari/537.36"
8.218.91.49 - - [17/Apr/2025:05:57:46 -0400] "HEAD /page/155 HTTP/1.1" 301 0 "-" "Mozilla/5.0 (Windows NT 6.0; Win64; x64) AppleWebKit/537.36 (KHTML, like Gecko) Chrome/74.0.3790.15 Safari/537.36"
8.218.91.49 - - [17/Apr/2025:05:57:46 -0400] "HEAD /page/155/ HTTP/1.1" 200 0 "-" "Mozilla/5.0 (Windows NT 6.0; Win64; x64) AppleWebKit/537.36 (KHTML, like Gecko) Chrome/74.0.3790.15 Safari/537.36"
8.218.91.49 - - [17/Apr/2025:05:57:47 -0400] "GET /page/155 HTTP/1.1" 301 0 "-" "Mozilla/5.0 (Windows NT 6.0; Win64; x64) AppleWebKit/537.36 (KHTML, like Gecko) Chrome/74.0.3790.15 Safari/537.36"
8.218.91.49 - - [17/Apr/2025:05:57:48 -0400] "GET /page/155/ HTTP/1.1" 200 10384 "-" "Mozilla/5.0 (Windows NT 6.0; Win64; x64) AppleWebKit/537.36 (KHTML, like Gecko) Chrome/74.0.3790.15 Safari/537.36"
20.171.207.125 - - [17/Apr/2025:05:58:26 -0400] "GET /wp-json/wp/v2/posts/3551 HTTP/1.1" 200 10541 "-" "Mozilla/5.0 AppleWebKit/537.36 (KHTML, like Gecko; compatible; GPTBot/1.2; +https://openai.com/gptbot)"
198.54.114.83 - - [17/Apr/2025:05:52:51 -0400] "POST /wp-cron.php?doing_wp_cron=1744883569.7287080287933349609375 HTTP/1.1" 200 0 "-" "WordPress/6.8; https://freelancingclients.com"
5.255.231.153 - - [17/Apr/2025:05:53:07 -0400] "GET /robots.txt HTTP/1.1" 304 0 "-" "Mozilla/5.0 (compatible; YandexBot/3.0; +http://yandex.com/bots)"
77.88.47.23 - - [17/Apr/2025:05:53:11 -0400] "GET /detente-et-bien-etre-a-geneve-le-massage-thailandais/ HTTP/1.1" 200 10456 "-" "Mozilla/5.0 (compatible; YandexBot/3.0; +http://yandex.com/bots)"
20.171.207.125 - - [17/Apr/2025:05:53:20 -0400] "GET /exploring-the-potential-of-the-stake-oasis-protocol/feed/ HTTP/1.1" 200 425 "-" "Mozilla/5.0 AppleWebKit/537.36 (KHTML, like Gecko; compatible; GPTBot/1.2; +https://openai.com/gptbot)"
20.171.207.125 - - [17/Apr/2025:05:53:49 -0400] "GET /the-evolution-and-impact-of-online-lottery-games/feed/ HTTP/1.1" 200 422 "-" "Mozilla/5.0 AppleWebKit/537.36 (KHTML, like Gecko; compatible; GPTBot/1.2; +https://openai.com/gptbot)"
198.54.114.83 - - [17/Apr/2025:05:58:56 -0400] "POST /wp-cron.php?doing_wp_cron=1744883935.7184131145477294921875 HTTP/1.1" 200 0 "-" "WordPress/6.8; https://freelancingclients.com"
20.171.207.125 - - [17/Apr/2025:05:58:55 -0400] "GET /wp-json/oembed/1.0/embed?format=xml&url=https%3A%2F%2Ffreelancingclients.com%2Fthe-rise-of-online-lottery-games%2F HTTP/1.1" 200 1202 "-" "Mozilla/5.0 AppleWebKit/537.36 (KHTML, like Gecko; compatible; GPTBot/1.2; +https://openai.com/gptbot)"
198.54.114.83 - - [17/Apr/2025:05:58:58 -0400] "POST /wp-admin/admin-ajax.php?action=async_litespeed&nonce=MbE1nCJBYDAZtPfqvDkiuekRpzvJkchy&litespeed_type=imgoptm HTTP/1.1" 200 0 "-" "WordPress/6.8; https://freelancingclients.com"
198.54.114.83 - - [17/Apr/2025:05:59:29 -0400] "POST /wp-cron.php?doing_wp_cron=1744883969.1509790420532226562500 HTTP/1.1" 200 0 "-" "WordPress/6.8; https://freelancingclients.com"
20.171.207.125 - - [17/Apr/2025:05:59:28 -0400] "GET /the-rise-of-online-lottery-games/feed/ HTTP/1.1" 200 400 "-" "Mozilla/5.0 AppleWebKit/537.36 (KHTML, like Gecko; compatible; GPTBot/1.2; +https://openai.com/gptbot)"
198.54.114.83 - - [17/Apr/2025:05:59:56 -0400] "POST /wp-cron.php?doing_wp_cron=1744883996.6404368877410888671875 HTTP/1.1" 200 0 "-" "WordPress/6.8; https://freelancingclients.com"
20.171.207.125 - - [17/Apr/2025:05:59:56 -0400] "GET /?p=3551 HTTP/1.1" 301 0 "-" "Mozilla/5.0 AppleWebKit/537.36 (KHTML, like Gecko; compatible; GPTBot/1.2; +https://openai.com/gptbot)"
198.54.114.83 - - [17/Apr/2025:05:59:57 -0400] "POST /wp-admin/admin-ajax.php?action=async_litespeed&nonce=TN8EtzguK4pbOcvR8X2dvTzhUGgfI7RL&litespeed_type=imgoptm HTTP/1.1" 200 5 "-" "WordPress/6.8; https://freelancingclients.com"
20.171.207.125 - - [17/Apr/2025:06:00:26 -0400] "GET /wp-json/oembed/1.0/embed?url=https%3A%2F%2Ffreelancingclients.com%2Fthe-rise-of-online-lottery-games%2F HTTP/1.1" 200 2502 "-" "Mozilla/5.0 AppleWebKit/537.36 (KHTML, like Gecko; compatible; GPTBot/1.2; +https://openai.com/gptbot)"
198.54.114.83 - - [17/Apr/2025:06:00:30 -0400] "POST /wp-cron.php?doing_wp_cron=1744884029.1634080410003662109375 HTTP/1.1" 200 0 "-" "WordPress/6.8; https://freelancingclients.com"
37.221.208.71 - - [17/Apr/2025:06:00:48 -0400] "GET / HTTP/1.1" 200 10016 "https://freelancingclients.com" "Mozilla/5.0 (Windows NT 5.1) AppleWebKit/537.36 (KHTML, like Gecko) Chrome/31.0.1650.57 Safari/537.36 OPR/18.0.1284.49"
20.171.207.125 - - [17/Apr/2025:06:00:56 -0400] "GET /?p=3551 HTTP/1.1" 301 0 "-" "Mozilla/5.0 AppleWebKit/537.36 (KHTML, like Gecko; compatible; GPTBot/1.2; +https://openai.com/gptbot)"
20.171.207.125 - - [17/Apr/2025:06:01:29 -0400] "GET /?p=160 HTTP/1.1" 301 0 "-" "Mozilla/5.0 AppleWebKit/537.36 (KHTML, like Gecko; compatible; GPTBot/1.2; +https://openai.com/gptbot)"
198.54.114.83 - - [17/Apr/2025:06:01:31 -0400] "POST /wp-cron.php?doing_wp_cron=1744884089.7428679466247558593750 HTTP/1.1" 200 0 "-" "WordPress/6.8; https://freelancingclients.com"
20.171.207.125 - - [17/Apr/2025:06:01:58 -0400] "GET /online-gambling-on-a-fruit-machine/feed/ HTTP/1.1" 200 404 "-" "Mozilla/5.0 AppleWebKit/537.36 (KHTML, like Gecko; compatible; GPTBot/1.2; +https://openai.com/gptbot)"
77.88.47.30 - - [17/Apr/2025:06:02:07 -0400] "GET /the-timeless-appeal-of-retro-bowl-6x/ HTTP/1.1" 200 10262 "-" "Mozilla/5.0 (compatible; YandexBot/3.0; +http://yandex.com/bots)"
20.171.207.125 - - [17/Apr/2025:06:02:29 -0400] "GET /the-rise-of-online-lottery-games/feed/ HTTP/1.1" 200 400 "-" "Mozilla/5.0 AppleWebKit/537.36 (KHTML, like Gecko; compatible; GPTBot/1.2; +https://openai.com/gptbot)"
198.54.114.83 - - [17/Apr/2025:06:02:51 -0400] "POST /wp-cron.php?doing_wp_cron=1744884171.1284539699554443359375 HTTP/1.1" 200 0 "-" "WordPress/6.8; https://freelancingclients.com"
20.171.207.125 - - [17/Apr/2025:06:02:50 -0400] "GET /the-rise-of-online-lottery-games/embed/ HTTP/1.1" 200 6256 "-" "Mozilla/5.0 AppleWebKit/537.36 (KHTML, like Gecko; compatible; GPTBot/1.2; +https://openai.com/gptbot)"
198.54.114.83 - - [17/Apr/2025:06:02:54 -0400] "POST /wp-admin/admin-ajax.php?action=async_litespeed&nonce=Cgaq5o3lSaBuLQViSl9GVW9VrK6hGR6U&litespeed_type=imgoptm HTTP/1.1" 200 0 "-" "WordPress/6.8; https://freelancingclients.com"
20.171.207.125 - - [17/Apr/2025:06:02:58 -0400] "GET /interactive-elearning-e-for-empower/ HTTP/1.1" 200 11507 "-" "Mozilla/5.0 AppleWebKit/537.36 (KHTML, like Gecko; compatible; GPTBot/1.2; +https://openai.com/gptbot)"
198.54.114.83 - - [17/Apr/2025:06:03:25 -0400] "POST /wp-cron.php?doing_wp_cron=1744884204.8143699169158935546875 HTTP/1.1" 200 0 "-" "WordPress/6.8; https://freelancingclients.com"
20.171.207.125 - - [17/Apr/2025:06:03:24 -0400] "GET /the-therapeutic-practice-of-massage/ HTTP/1.1" 200 10345 "-" "Mozilla/5.0 AppleWebKit/537.36 (KHTML, like Gecko; compatible; GPTBot/1.2; +https://openai.com/gptbot)"
20.171.207.125 - - [17/Apr/2025:06:03:53 -0400] "GET /the-future-of-california-living/ HTTP/1.1" 200 10302 "-" "Mozilla/5.0 AppleWebKit/537.36 (KHTML, like Gecko; compatible; GPTBot/1.2; +https://openai.com/gptbot)"
198.54.114.83 - - [17/Apr/2025:06:03:55 -0400] "POST /wp-cron.php?doing_wp_cron=1744884234.2523849010467529296875 HTTP/1.1" 200 0 "-" "WordPress/6.8; https://freelancingclients.com"
20.171.207.125 - - [17/Apr/2025:06:04:24 -0400] "GET /voyance-par-telephone-avec-cb/ HTTP/1.1" 200 9877 "-" "Mozilla/5.0 AppleWebKit/537.36 (KHTML, like Gecko; compatible; GPTBot/1.2; +https://openai.com/gptbot)"
20.171.207.125 - - [17/Apr/2025:06:04:52 -0400] "GET /tenir-un-journal-psychique/ HTTP/1.1" 200 11387 "-" "Mozilla/5.0 AppleWebKit/537.36 (KHTML, like Gecko; compatible; GPTBot/1.2; +https://openai.com/gptbot)"
198.54.114.83 - - [17/Apr/2025:06:05:25 -0400] "POST /wp-cron.php?doing_wp_cron=1744884324.3519239425659179687500 HTTP/1.1" 200 0 "-" "WordPress/6.8; https://freelancingclients.com"
20.171.207.125 - - [17/Apr/2025:06:05:23 -0400] "GET /slot-gacor-hari-ini/ HTTP/1.1" 200 9712 "-" "Mozilla/5.0 AppleWebKit/537.36 (KHTML, like Gecko; compatible; GPTBot/1.2; +https://openai.com/gptbot)"
20.171.207.125 - - [17/Apr/2025:06:05:57 -0400] "GET /big77-alternatif/ HTTP/1.1" 200 9703 "-" "Mozilla/5.0 AppleWebKit/537.36 (KHTML, like Gecko; compatible; GPTBot/1.2; +https://openai.com/gptbot)"
198.54.114.83 - - [17/Apr/2025:06:06:33 -0400] "POST /wp-cron.php?doing_wp_cron=1744884392.5469439029693603515625 HTTP/1.1" 200 0 "-" "WordPress/6.8; https://freelancingclients.com"
2001:470:1:b95::6876 - - [17/Apr/2025:06:06:32 -0400] "GET /ads.txt HTTP/1.1" 404 8131 "-" "Mozilla/5.0 (compatible; ev-crawler/1.0; +https://headline.com/legal/crawler)"
198.54.114.83 - - [17/Apr/2025:06:06:35 -0400] "POST /wp-admin/admin-ajax.php?action=async_litespeed&nonce=jaWUFeVnoP4YMjwUXXxntPKQe9GUtPBU&litespeed_type=imgoptm HTTP/1.1" 200 0 "-" "WordPress/6.8; https://freelancingclients.com"
198.54.114.83 - - [17/Apr/2025:06:07:23 -0400] "POST /wp-cron.php?doing_wp_cron=1744884442.8046090602874755859375 HTTP/1.1" 200 0 "-" "WordPress/6.8; https://freelancingclients.com"
20.171.207.125 - - [17/Apr/2025:06:07:22 -0400] "GET /wp-json/oembed/1.0/embed?format=xml&url=https%3A%2F%2Ffreelancingclients.com%2Fthe-therapeutic-practice-of-massage%2F HTTP/1.1" 200 1219 "-" "Mozilla/5.0 AppleWebKit/537.36 (KHTML, like Gecko; compatible; GPTBot/1.2; +https://openai.com/gptbot)"
198.54.114.83 - - [17/Apr/2025:06:07:25 -0400] "POST /wp-admin/admin-ajax.php?action=async_litespeed&nonce=YndoPYswxpdCOaUb0MeByjJHk5SjhKxj&litespeed_type=imgoptm HTTP/1.1" 200 0 "-" "WordPress/6.8; https://freelancingclients.com"
198.54.114.83 - - [17/Apr/2025:06:07:58 -0400] "POST /wp-cron.php?doing_wp_cron=1744884477.7554581165313720703125 HTTP/1.1" 200 0 "-" "WordPress/6.8; https://freelancingclients.com"
20.171.207.125 - - [17/Apr/2025:06:07:56 -0400] "GET /wp-json/oembed/1.0/embed?url=https%3A%2F%2Ffreelancingclients.com%2Fthe-therapeutic-practice-of-massage%2F HTTP/1.1" 200 2532 "-" "Mozilla/5.0 AppleWebKit/537.36 (KHTML, like Gecko; compatible; GPTBot/1.2; +https://openai.com/gptbot)"
198.54.114.83 - - [17/Apr/2025:06:07:59 -0400] "POST /wp-admin/admin-ajax.php?action=async_litespeed&nonce=jIN2tJ9WipdC1m6Z221mLuE9cvcj3mbw&litespeed_type=imgoptm HTTP/1.1" 200 0 "-" "WordPress/6.8; https://freelancingclients.com"
20.171.207.125 - - [17/Apr/2025:06:08:28 -0400] "GET /the-therapeutic-practice-of-massage/feed/ HTTP/1.1" 200 402 "-" "Mozilla/5.0 AppleWebKit/537.36 (KHTML, like Gecko; compatible; GPTBot/1.2; +https://openai.com/gptbot)"
198.54.114.83 - - [17/Apr/2025:06:08:59 -0400] "POST /wp-cron.php?doing_wp_cron=1744884538.4006609916687011718750 HTTP/1.1" 200 0 "-" "WordPress/6.8; https://freelancingclients.com"
20.171.207.125 - - [17/Apr/2025:06:08:57 -0400] "GET /?p=3532 HTTP/1.1" 301 0 "-" "Mozilla/5.0 AppleWebKit/537.36 (KHTML, like Gecko; compatible; GPTBot/1.2; +https://openai.com/gptbot)"
198.54.114.83 - - [17/Apr/2025:06:09:00 -0400] "POST /wp-admin/admin-ajax.php?action=async_litespeed&nonce=XX4Q5VybLZtE67s7nNxMpKD5FB5dittd&litespeed_type=imgoptm HTTP/1.1" 200 0 "-" "WordPress/6.8; https://freelancingclients.com"
198.54.114.83 - - [17/Apr/2025:06:09:31 -0400] "POST /wp-cron.php?doing_wp_cron=1744884570.5053250789642333984375 HTTP/1.1" 200 0 "-" "WordPress/6.8; https://freelancingclients.com"
20.171.207.125 - - [17/Apr/2025:06:09:30 -0400] "GET /wp-json/wp/v2/posts/3532 HTTP/1.1" 200 10904 "-" "Mozilla/5.0 AppleWebKit/537.36 (KHTML, like Gecko; compatible; GPTBot/1.2; +https://openai.com/gptbot)"
20.171.207.125 - - [17/Apr/2025:06:10:01 -0400] "GET /?p=3532 HTTP/1.1" 301 0 "-" "Mozilla/5.0 AppleWebKit/537.36 (KHTML, like Gecko; compatible; GPTBot/1.2; +https://openai.com/gptbot)"
198.54.114.83 - - [17/Apr/2025:06:10:04 -0400] "POST /wp-cron.php?doing_wp_cron=1744884602.1497950553894042968750 HTTP/1.1" 200 0 "-" "WordPress/6.8; https://freelancingclients.com"
20.171.207.125 - - [17/Apr/2025:06:10:32 -0400] "GET /?p=3537 HTTP/1.1" 301 0 "-" "Mozilla/5.0 AppleWebKit/537.36 (KHTML, like Gecko; compatible; GPTBot/1.2; +https://openai.com/gptbot)"
198.54.114.83 - - [17/Apr/2025:06:11:06 -0400] "POST /wp-cron.php?doing_wp_cron=1744884666.2925460338592529296875 HTTP/1.1" 200 0 "-" "WordPress/6.8; https://freelancingclients.com"
20.171.207.125 - - [17/Apr/2025:06:11:05 -0400] "GET /?p=164 HTTP/1.1" 301 0 "-" "Mozilla/5.0 AppleWebKit/537.36 (KHTML, like Gecko; compatible; GPTBot/1.2; +https://openai.com/gptbot)"
198.54.114.83 - - [17/Apr/2025:06:11:07 -0400] "POST /wp-admin/admin-ajax.php?action=async_litespeed&nonce=d3BTYCkhVCtuRnWY1xFXRAWL2c2TKfB9&litespeed_type=imgoptm HTTP/1.1" 200 5 "-" "WordPress/6.8; https://freelancingclients.com"
198.54.114.83 - - [17/Apr/2025:06:11:37 -0400] "POST /wp-cron.php?doing_wp_cron=1744884696.6465609073638916015625 HTTP/1.1" 200 0 "-" "WordPress/6.8; https://freelancingclients.com"
20.171.207.125 - - [17/Apr/2025:06:11:35 -0400] "GET /?p=175 HTTP/1.1" 301 0 "-" "Mozilla/5.0 AppleWebKit/537.36 (KHTML, like Gecko; compatible; GPTBot/1.2; +https://openai.com/gptbot)"
20.171.207.125 - - [17/Apr/2025:06:12:05 -0400] "GET /?p=157 HTTP/1.1" 301 0 "-" "Mozilla/5.0 AppleWebKit/537.36 (KHTML, like Gecko; compatible; GPTBot/1.2; +https://openai.com/gptbot)"
20.171.207.125 - - [17/Apr/2025:06:12:11 -0400] "GET /?p=168 HTTP/1.1" 301 0 "-" "Mozilla/5.0 AppleWebKit/537.36 (KHTML, like Gecko; compatible; GPTBot/1.2; +https://openai.com/gptbot)"
198.54.114.83 - - [17/Apr/2025:06:12:43 -0400] "POST /wp-cron.php?doing_wp_cron=1744884762.8562600612640380859375 HTTP/1.1" 200 0 "-" "WordPress/6.8; https://freelancingclients.com"
20.171.207.125 - - [17/Apr/2025:06:12:42 -0400] "GET /?p=172 HTTP/1.1" 301 0 "-" "Mozilla/5.0 AppleWebKit/537.36 (KHTML, like Gecko; compatible; GPTBot/1.2; +https://openai.com/gptbot)"
198.54.114.83 - - [17/Apr/2025:06:12:45 -0400] "POST /wp-admin/admin-ajax.php?action=async_litespeed&nonce=v7nmGbzL2PBvnuCTkOMjE9h9XVYVSJ40&litespeed_type=imgoptm HTTP/1.1" 200 0 "-" "WordPress/6.8; https://freelancingclients.com"
20.171.207.125 - - [17/Apr/2025:06:13:12 -0400] "GET /interactive-elearning-e-for-empower/feed/ HTTP/1.1" 200 404 "-" "Mozilla/5.0 AppleWebKit/537.36 (KHTML, like Gecko; compatible; GPTBot/1.2; +https://openai.com/gptbot)"
198.54.114.83 - - [17/Apr/2025:06:13:15 -0400] "POST /wp-cron.php?doing_wp_cron=1744884793.0158629417419433593750 HTTP/1.1" 200 0 "-" "WordPress/6.8; https://freelancingclients.com"
20.171.207.125 - - [17/Apr/2025:06:13:45 -0400] "GET /the-therapeutic-practice-of-massage/embed/ HTTP/1.1" 200 6255 "-" "Mozilla/5.0 AppleWebKit/537.36 (KHTML, like Gecko; compatible; GPTBot/1.2; +https://openai.com/gptbot)"
5.102.173.71 - - [17/Apr/2025:06:13:52 -0400] "GET /category/activity/page/2/ HTTP/1.1" 200 10913 "-" "Mozilla/5.0 (compatible; MojeekBot/0.11; +https://www.mojeek.com/bot.html)"
20.171.207.125 - - [17/Apr/2025:06:14:15 -0400] "GET /xmlrpc.php HTTP/1.1" 405 46 "-" "Mozilla/5.0 AppleWebKit/537.36 (KHTML, like Gecko; compatible; GPTBot/1.2; +https://openai.com/gptbot)"
198.54.114.83 - - [17/Apr/2025:06:14:19 -0400] "POST /wp-cron.php?doing_wp_cron=1744884856.3118059635162353515625 HTTP/1.1" 200 0 "-" "WordPress/6.8; https://freelancingclients.com"
20.171.207.125 - - [17/Apr/2025:06:14:48 -0400] "GET /the-future-of-california-living/feed/ HTTP/1.1" 200 394 "-" "Mozilla/5.0 AppleWebKit/537.36 (KHTML, like Gecko; compatible; GPTBot/1.2; +https://openai.com/gptbot)"
198.54.114.83 - - [17/Apr/2025:06:16:35 -0400] "POST /wp-cron.php?doing_wp_cron=1744884993.2251420021057128906250 HTTP/1.1" 200 0 "-" "WordPress/6.8; https://freelancingclients.com"
47.242.77.69 - - [17/Apr/2025:06:16:25 -0400] "GET /page/155/ HTTP/1.1" 200 10384 "-" "Mozilla/5.0 (Macintosh; Intel Mac OS X 10_15_7) AppleWebKit/537.36 (KHTML, like Gecko) Chrome/109.0.0.0 Safari/537.36"
20.171.207.125 - - [17/Apr/2025:06:17:08 -0400] "GET /tenir-un-journal-psychique/feed/ HTTP/1.1" 200 390 "-" "Mozilla/5.0 AppleWebKit/537.36 (KHTML, like Gecko; compatible; GPTBot/1.2; +https://openai.com/gptbot)"
20.171.207.125 - - [17/Apr/2025:06:17:39 -0400] "GET /favicon.ico HTTP/1.1" 404 1251 "-" "Mozilla/5.0 AppleWebKit/537.36 (KHTML, like Gecko; compatible; GPTBot/1.2; +https://openai.com/gptbot)"
198.54.114.83 - - [17/Apr/2025:06:18:11 -0400] "POST /wp-cron.php?doing_wp_cron=1744885090.5581350326538085937500 HTTP/1.1" 200 0 "-" "WordPress/6.8; https://freelancingclients.com"
20.171.207.125 - - [17/Apr/2025:06:18:09 -0400] "GET /voyance-par-telephone-avec-cb/feed/ HTTP/1.1" 200 401 "-" "Mozilla/5.0 AppleWebKit/537.36 (KHTML, like Gecko; compatible; GPTBot/1.2; +https://openai.com/gptbot)"
20.171.207.125 - - [17/Apr/2025:06:18:40 -0400] "GET /slot-gacor-hari-ini/feed/ HTTP/1.1" 200 384 "-" "Mozilla/5.0 AppleWebKit/537.36 (KHTML, like Gecko; compatible; GPTBot/1.2; +https://openai.com/gptbot)"
20.171.207.125 - - [17/Apr/2025:06:19:08 -0400] "GET /big77-alternatif/feed/ HTTP/1.1" 200 382 "-" "Mozilla/5.0 AppleWebKit/537.36 (KHTML, like Gecko; compatible; GPTBot/1.2; +https://openai.com/gptbot)"
198.54.114.83 - - [17/Apr/2025:06:19:41 -0400] "POST /wp-cron.php?doing_wp_cron=1744885180.2381110191345214843750 HTTP/1.1" 200 0 "-" "WordPress/6.8; https://freelancingclients.com"
20.171.207.125 - - [17/Apr/2025:06:19:39 -0400] "GET /wp-json/wp/v2/posts/3542 HTTP/1.1" 200 12138 "-" "Mozilla/5.0 AppleWebKit/537.36 (KHTML, like Gecko; compatible; GPTBot/1.2; +https://openai.com/gptbot)"
20.171.207.125 - - [17/Apr/2025:06:20:12 -0400] "GET /wp-json/wp/v2/posts/3550 HTTP/1.1" 200 11912 "-" "Mozilla/5.0 AppleWebKit/537.36 (KHTML, like Gecko; compatible; GPTBot/1.2; +https://openai.com/gptbot)"
198.54.114.83 - - [17/Apr/2025:06:20:46 -0400] "POST /wp-cron.php?doing_wp_cron=1744885244.2922439575195312500000 HTTP/1.1" 200 0 "-" "WordPress/6.8; https://freelancingclients.com"
20.171.207.125 - - [17/Apr/2025:06:20:43 -0400] "GET /wp-json/wp/v2/posts/3535 HTTP/1.1" 200 11427 "-" "Mozilla/5.0 AppleWebKit/537.36 (KHTML, like Gecko; compatible; GPTBot/1.2; +https://openai.com/gptbot)"
20.171.207.125 - - [17/Apr/2025:06:21:14 -0400] "GET /wp-json/wp/v2/posts/3537 HTTP/1.1" 200 10958 "-" "Mozilla/5.0 AppleWebKit/537.36 (KHTML, like Gecko; compatible; GPTBot/1.2; +https://openai.com/gptbot)"
198.54.114.83 - - [17/Apr/2025:06:21:46 -0400] "POST /wp-cron.php?doing_wp_cron=1744885305.3365800380706787109375 HTTP/1.1" 200 0 "-" "WordPress/6.8; https://freelancingclients.com"
20.171.207.125 - - [17/Apr/2025:06:21:44 -0400] "GET /gambling-sports/feed/ HTTP/1.1" 200 375 "-" "Mozilla/5.0 AppleWebKit/537.36 (KHTML, like Gecko; compatible; GPTBot/1.2; +https://openai.com/gptbot)"
198.54.114.83 - - [17/Apr/2025:06:21:48 -0400] "POST /wp-admin/admin-ajax.php?action=async_litespeed&nonce=SqXqhPHvbDThUe8jeocaVmArWHEwFRzY&litespeed_type=imgoptm HTTP/1.1" 200 0 "-" "WordPress/6.8; https://freelancingclients.com"
198.54.114.83 - - [17/Apr/2025:06:22:16 -0400] "POST /wp-cron.php?doing_wp_cron=1744885335.4664149284362792968750 HTTP/1.1" 200 0 "-" "WordPress/6.8; https://freelancingclients.com"
20.171.207.125 - - [17/Apr/2025:06:22:14 -0400] "GET /xmlrpc.php HTTP/1.1" 405 46 "-" "Mozilla/5.0 AppleWebKit/537.36 (KHTML, like Gecko; compatible; GPTBot/1.2; +https://openai.com/gptbot)"
198.54.114.83 - - [17/Apr/2025:06:22:47 -0400] "POST /wp-cron.php?doing_wp_cron=1744885365.9555881023406982421875 HTTP/1.1" 200 0 "-" "WordPress/6.8; https://freelancingclients.com"
20.171.207.125 - - [17/Apr/2025:06:22:45 -0400] "GET /wp-json/wp/v2/posts/3548 HTTP/1.1" 200 11416 "-" "Mozilla/5.0 AppleWebKit/537.36 (KHTML, like Gecko; compatible; GPTBot/1.2; +https://openai.com/gptbot)"
20.171.207.125 - - [17/Apr/2025:06:23:18 -0400] "GET /wp-json/wp/v2/posts/3540 HTTP/1.1" 200 10677 "-" "Mozilla/5.0 AppleWebKit/537.36 (KHTML, like Gecko; compatible; GPTBot/1.2; +https://openai.com/gptbot)"
198.54.114.83 - - [17/Apr/2025:06:23:49 -0400] "POST /wp-cron.php?doing_wp_cron=1744885428.2383370399475097656250 HTTP/1.1" 200 0 "-" "WordPress/6.8; https://freelancingclients.com"
20.171.207.125 - - [17/Apr/2025:06:23:47 -0400] "GET /wp-json/wp/v2/posts/3546 HTTP/1.1" 200 11791 "-" "Mozilla/5.0 AppleWebKit/537.36 (KHTML, like Gecko; compatible; GPTBot/1.2; +https://openai.com/gptbot)"
198.54.114.83 - - [17/Apr/2025:06:23:51 -0400] "POST /wp-admin/admin-ajax.php?action=async_litespeed&nonce=H7n3cMU1E4M6DzEsJFSG1CYfii4gu4iS&litespeed_type=imgoptm HTTP/1.1" 200 0 "-" "WordPress/6.8; https://freelancingclients.com"
198.54.114.83 - - [17/Apr/2025:06:24:18 -0400] "POST /wp-cron.php?doing_wp_cron=1744885458.0407741069793701171875 HTTP/1.1" 200 0 "-" "WordPress/6.8; https://freelancingclients.com"
20.171.207.125 - - [17/Apr/2025:06:24:17 -0400] "GET /page/12/ HTTP/1.1" 200 10175 "-" "Mozilla/5.0 AppleWebKit/537.36 (KHTML, like Gecko; compatible; GPTBot/1.2; +https://openai.com/gptbot)"
198.54.114.83 - - [17/Apr/2025:06:24:55 -0400] "POST /wp-cron.php?doing_wp_cron=1744885493.8551819324493408203125 HTTP/1.1" 200 0 "-" "WordPress/6.8; https://freelancingclients.com"
20.171.207.125 - - [17/Apr/2025:06:24:53 -0400] "GET /page/151/ HTTP/1.1" 200 10219 "-" "Mozilla/5.0 AppleWebKit/537.36 (KHTML, like Gecko; compatible; GPTBot/1.2; +https://openai.com/gptbot)"
198.54.114.83 - - [17/Apr/2025:06:26:22 -0400] "POST /wp-cron.php?doing_wp_cron=1744885581.3376069068908691406250 HTTP/1.1" 200 0 "-" "WordPress/6.8; https://freelancingclients.com"
20.171.207.125 - - [17/Apr/2025:06:26:19 -0400] "GET /naviguer-dans-le-monde-du-marketing-digital-strategies-et-tendances/ HTTP/1.1" 200 10689 "-" "Mozilla/5.0 AppleWebKit/537.36 (KHTML, like Gecko; compatible; GPTBot/1.2; +https://openai.com/gptbot)"
20.171.207.125 - - [17/Apr/2025:06:26:50 -0400] "GET /page/150/ HTTP/1.1" 200 9974 "-" "Mozilla/5.0 AppleWebKit/537.36 (KHTML, like Gecko; compatible; GPTBot/1.2; +https://openai.com/gptbot)"
198.54.114.83 - - [17/Apr/2025:06:27:26 -0400] "POST /wp-cron.php?doing_wp_cron=1744885645.4767799377441406250000 HTTP/1.1" 200 0 "-" "WordPress/6.8; https://freelancingclients.com"
20.171.207.125 - - [17/Apr/2025:06:27:25 -0400] "GET /caregiving-tips-for-boomers-5-tips-for-decreasing-the-cost-of-caring-for-elderly-parents/ HTTP/1.1" 200 11921 "-" "Mozilla/5.0 AppleWebKit/537.36 (KHTML, like Gecko; compatible; GPTBot/1.2; +https://openai.com/gptbot)"
43.154.125.44 - - [17/Apr/2025:06:27:31 -0400] "GET /the-role-of-floor-heating-pipe-suppliers/ HTTP/1.1" 200 10502 "-" "Python/3.10 aiohttp/3.10.5"
20.171.207.125 - - [17/Apr/2025:06:27:57 -0400] "GET /natural-herbal-dietary-supplement-for-women-to-boost-sexual-health/ HTTP/1.1" 200 11089 "-" "Mozilla/5.0 AppleWebKit/537.36 (KHTML, like Gecko; compatible; GPTBot/1.2; +https://openai.com/gptbot)"
27.42.99.97 - - [17/Apr/2025:06:28:00 -0400] "GET /dominos-pizza-in-meadville-pa/ HTTP/1.1" 200 10619 "https://freelancingclients.com" "Mozilla/5.0 (Windows NT 10.0; Win64; x64) AppleWebKit/537.36 (KHTML, like Gecko) Chrome/62.0.3202.94 Safari/537.36"
27.42.99.97 - - [17/Apr/2025:06:28:04 -0400] "POST /wp-comments-post.php HTTP/1.1" 302 0 "https://freelancingclients.com" "Mozilla/5.0 (Windows NT 10.0; Win64; x64) AppleWebKit/537.36 (KHTML, like Gecko) Chrome/62.0.3202.94 Safari/537.36"
27.42.99.97 - - [17/Apr/2025:06:28:08 -0400] "GET /dominos-pizza-in-meadville-pa/ HTTP/1.1" 200 11296 "https://freelancingclients.com" "Mozilla/4.0 (compatible; MSIE 6.0; Windows NT 5.1; en) Opera 8.50"
20.171.207.125 - - [17/Apr/2025:06:28:26 -0400] "GET /an-ex-baristas-guide-to-buying-the-best-espresso-machine/ HTTP/1.1" 200 13661 "-" "Mozilla/5.0 AppleWebKit/537.36 (KHTML, like Gecko; compatible; GPTBot/1.2; +https://openai.com/gptbot)"
198.54.114.83 - - [17/Apr/2025:06:28:28 -0400] "POST /wp-cron.php?doing_wp_cron=1744885706.7879490852355957031250 HTTP/1.1" 200 0 "-" "WordPress/6.8; https://freelancingclients.com"
20.171.207.125 - - [17/Apr/2025:06:28:58 -0400] "GET /how-to-find-a-caregiver-for-elderly-loved-ones/ HTTP/1.1" 200 10749 "-" "Mozilla/5.0 AppleWebKit/537.36 (KHTML, like Gecko; compatible; GPTBot/1.2; +https://openai.com/gptbot)"
198.54.114.83 - - [17/Apr/2025:06:29:31 -0400] "POST /wp-cron.php?doing_wp_cron=1744885770.5393199920654296875000 HTTP/1.1" 200 0 "-" "WordPress/6.8; https://freelancingclients.com"
20.171.207.125 - - [17/Apr/2025:06:29:30 -0400] "GET /organic-beauty-products-your-safe-skin-care-alternative/ HTTP/1.1" 200 10648 "-" "Mozilla/5.0 AppleWebKit/537.36 (KHTML, like Gecko; compatible; GPTBot/1.2; +https://openai.com/gptbot)"
20.171.207.125 - - [17/Apr/2025:06:30:00 -0400] "GET /une-strategie-cruciale-pour-la-croissance-dentreprise/ HTTP/1.1" 200 10605 "-" "Mozilla/5.0 AppleWebKit/537.36 (KHTML, like Gecko; compatible; GPTBot/1.2; +https://openai.com/gptbot)"
20.171.207.125 - - [17/Apr/2025:06:30:29 -0400] "GET /reusable-cotton-rounds-9-eco-friendly-beauty-products/ HTTP/1.1" 200 10945 "-" "Mozilla/5.0 AppleWebKit/537.36 (KHTML, like Gecko; compatible; GPTBot/1.2; +https://openai.com/gptbot)"
198.54.114.83 - - [17/Apr/2025:06:31:04 -0400] "POST /wp-cron.php?doing_wp_cron=1744885862.3425619602203369140625 HTTP/1.1" 200 0 "-" "WordPress/6.8; https://freelancingclients.com"
20.171.207.125 - - [17/Apr/2025:06:31:01 -0400] "GET /trouver-le-bon-talent-pour-la-restauration/ HTTP/1.1" 200 10603 "-" "Mozilla/5.0 AppleWebKit/537.36 (KHTML, like Gecko; compatible; GPTBot/1.2; +https://openai.com/gptbot)"
20.171.207.125 - - [17/Apr/2025:06:31:08 -0400] "GET /?p=3514 HTTP/1.1" 301 0 "-" "Mozilla/5.0 AppleWebKit/537.36 (KHTML, like Gecko; compatible; GPTBot/1.2; +https://openai.com/gptbot)"
20.171.207.125 - - [17/Apr/2025:06:31:36 -0400] "GET /?p=181 HTTP/1.1" 301 0 "-" "Mozilla/5.0 AppleWebKit/537.36 (KHTML, like Gecko; compatible; GPTBot/1.2; +https://openai.com/gptbot)"
198.54.114.83 - - [17/Apr/2025:06:32:06 -0400] "POST /wp-cron.php?doing_wp_cron=1744885926.0043060779571533203125 HTTP/1.1" 200 0 "-" "WordPress/6.8; https://freelancingclients.com"
20.171.207.125 - - [17/Apr/2025:06:32:05 -0400] "GET /?p=197 HTTP/1.1" 301 0 "-" "Mozilla/5.0 AppleWebKit/537.36 (KHTML, like Gecko; compatible; GPTBot/1.2; +https://openai.com/gptbot)"
198.54.114.83 - - [17/Apr/2025:06:32:09 -0400] "POST /wp-admin/admin-ajax.php?action=async_litespeed&nonce=71GRWVQNn1yAmpVkcEerNcO4KeNm3Urv&litespeed_type=imgoptm HTTP/1.1" 200 0 "-" "WordPress/6.8; https://freelancingclients.com"
20.171.207.125 - - [17/Apr/2025:06:32:36 -0400] "GET /?p=187 HTTP/1.1" 301 0 "-" "Mozilla/5.0 AppleWebKit/537.36 (KHTML, like Gecko; compatible; GPTBot/1.2; +https://openai.com/gptbot)"
198.54.114.83 - - [17/Apr/2025:06:32:38 -0400] "POST /wp-cron.php?doing_wp_cron=1744885957.0493490695953369140625 HTTP/1.1" 200 0 "-" "WordPress/6.8; https://freelancingclients.com"
20.171.207.125 - - [17/Apr/2025:06:33:08 -0400] "GET /?p=191 HTTP/1.1" 301 0 "-" "Mozilla/5.0 AppleWebKit/537.36 (KHTML, like Gecko; compatible; GPTBot/1.2; +https://openai.com/gptbot)"
198.54.114.83 - - [17/Apr/2025:06:33:39 -0400] "POST /wp-cron.php?doing_wp_cron=1744886018.7641119956970214843750 HTTP/1.1" 200 0 "-" "WordPress/6.8; https://freelancingclients.com"
20.171.207.125 - - [17/Apr/2025:06:33:38 -0400] "GET /?p=179 HTTP/1.1" 301 0 "-" "Mozilla/5.0 AppleWebKit/537.36 (KHTML, like Gecko; compatible; GPTBot/1.2; +https://openai.com/gptbot)"
198.54.114.83 - - [17/Apr/2025:06:33:41 -0400] "POST /wp-admin/admin-ajax.php?action=async_litespeed&nonce=9s9J7bSNeO2nN6zpHFhJO2POTB8Dcf9G&litespeed_type=imgoptm HTTP/1.1" 200 0 "-" "WordPress/6.8; https://freelancingclients.com"
198.54.114.83 - - [17/Apr/2025:06:34:09 -0400] "POST /wp-cron.php?doing_wp_cron=1744886048.6426520347595214843750 HTTP/1.1" 200 0 "-" "WordPress/6.8; https://freelancingclients.com"
20.171.207.125 - - [17/Apr/2025:06:34:08 -0400] "GET /the-luxury-real-estate-marketing-keys-for-personal-branding-part-1-of-5/ HTTP/1.1" 200 10493 "-" "Mozilla/5.0 AppleWebKit/537.36 (KHTML, like Gecko; compatible; GPTBot/1.2; +https://openai.com/gptbot)"
198.54.114.83 - - [17/Apr/2025:06:34:10 -0400] "POST /wp-admin/admin-ajax.php?action=async_litespeed&nonce=ZXIJhSRycGwgekI6TggvUBoALRhim2mj&litespeed_type=imgoptm HTTP/1.1" 200 0 "-" "WordPress/6.8; https://freelancingclients.com"
20.171.207.125 - - [17/Apr/2025:06:35:45 -0400] "GET /?p=3512 HTTP/1.1" 301 0 "-" "Mozilla/5.0 AppleWebKit/537.36 (KHTML, like Gecko; compatible; GPTBot/1.2; +https://openai.com/gptbot)"
198.54.114.83 - - [17/Apr/2025:06:35:48 -0400] "POST /wp-cron.php?doing_wp_cron=1744886147.1297099590301513671875 HTTP/1.1" 200 0 "-" "WordPress/6.8; https://freelancingclients.com"
20.171.207.125 - - [17/Apr/2025:06:36:15 -0400] "GET /?p=3522 HTTP/1.1" 301 0 "-" "Mozilla/5.0 AppleWebKit/537.36 (KHTML, like Gecko; compatible; GPTBot/1.2; +https://openai.com/gptbot)"
20.171.207.125 - - [17/Apr/2025:06:36:46 -0400] "GET /?p=205 HTTP/1.1" 301 0 "-" "Mozilla/5.0 AppleWebKit/537.36 (KHTML, like Gecko; compatible; GPTBot/1.2; +https://openai.com/gptbot)"
198.54.114.83 - - [17/Apr/2025:06:36:49 -0400] "POST /wp-cron.php?doing_wp_cron=1744886207.3991351127624511718750 HTTP/1.1" 200 0 "-" "WordPress/6.8; https://freelancingclients.com"
20.171.207.125 - - [17/Apr/2025:06:37:15 -0400] "GET /?p=195 HTTP/1.1" 301 0 "-" "Mozilla/5.0 AppleWebKit/537.36 (KHTML, like Gecko; compatible; GPTBot/1.2; +https://openai.com/gptbot)"
20.171.207.125 - - [17/Apr/2025:06:37:43 -0400] "GET /the-luxury-real-estate-marketing-keys-for-personal-branding-part-1-of-5/feed/ HTTP/1.1" 200 458 "-" "Mozilla/5.0 AppleWebKit/537.36 (KHTML, like Gecko; compatible; GPTBot/1.2; +https://openai.com/gptbot)"
198.54.114.83 - - [17/Apr/2025:06:38:13 -0400] "POST /wp-cron.php?doing_wp_cron=1744886292.1381390094757080078125 HTTP/1.1" 200 0 "-" "WordPress/6.8; https://freelancingclients.com"
20.171.207.125 - - [17/Apr/2025:06:38:11 -0400] "GET /caregiving-tips-for-boomers-5-tips-for-decreasing-the-cost-of-caring-for-elderly-parents/feed/ HTTP/1.1" 200 461 "-" "Mozilla/5.0 AppleWebKit/537.36 (KHTML, like Gecko; compatible; GPTBot/1.2; +https://openai.com/gptbot)"
198.54.114.83 - - [17/Apr/2025:06:38:16 -0400] "POST /wp-admin/admin-ajax.php?action=async_litespeed&nonce=kQNHIbsnry9MgjLNGkRYFZD5jeZU7WuG&litespeed_type=imgoptm HTTP/1.1" 200 0 "-" "WordPress/6.8; https://freelancingclients.com"
198.54.114.83 - - [17/Apr/2025:06:38:42 -0400] "POST /wp-cron.php?doing_wp_cron=1744886321.3615529537200927734375 HTTP/1.1" 200 0 "-" "WordPress/6.8; https://freelancingclients.com"
20.171.207.125 - - [17/Apr/2025:06:38:40 -0400] "GET /naviguer-dans-le-monde-du-marketing-digital-strategies-et-tendances/feed/ HTTP/1.1" 200 452 "-" "Mozilla/5.0 AppleWebKit/537.36 (KHTML, like Gecko; compatible; GPTBot/1.2; +https://openai.com/gptbot)"
198.54.114.83 - - [17/Apr/2025:06:38:43 -0400] "POST /wp-admin/admin-ajax.php?action=async_litespeed&nonce=TKEpj9UqBRv0fhsmPxVUCtS0AJBxOkK3&litespeed_type=imgoptm HTTP/1.1" 200 0 "-" "WordPress/6.8; https://freelancingclients.com"
20.171.207.125 - - [17/Apr/2025:06:39:10 -0400] "GET /natural-herbal-dietary-supplement-for-women-to-boost-sexual-health/feed/ HTTP/1.1" 200 442 "-" "Mozilla/5.0 AppleWebKit/537.36 (KHTML, like Gecko; compatible; GPTBot/1.2; +https://openai.com/gptbot)"
20.171.207.125 - - [17/Apr/2025:06:39:36 -0400] "GET /an-ex-baristas-guide-to-buying-the-best-espresso-machine/feed/ HTTP/1.1" 200 445 "-" "Mozilla/5.0 AppleWebKit/537.36 (KHTML, like Gecko; compatible; GPTBot/1.2; +https://openai.com/gptbot)"
198.54.114.83 - - [17/Apr/2025:06:39:38 -0400] "POST /wp-cron.php?doing_wp_cron=1744886377.0282220840454101562500 HTTP/1.1" 200 0 "-" "WordPress/6.8; https://freelancingclients.com"
20.171.207.125 - - [17/Apr/2025:06:40:06 -0400] "GET /une-strategie-cruciale-pour-la-croissance-dentreprise/feed/ HTTP/1.1" 200 436 "-" "Mozilla/5.0 AppleWebKit/537.36 (KHTML, like Gecko; compatible; GPTBot/1.2; +https://openai.com/gptbot)"
20.171.207.125 - - [17/Apr/2025:06:40:18 -0400] "GET /organic-beauty-products-your-safe-skin-care-alternative/feed/ HTTP/1.1" 200 433 "-" "Mozilla/5.0 AppleWebKit/537.36 (KHTML, like Gecko; compatible; GPTBot/1.2; +https://openai.com/gptbot)"
198.54.114.83 - - [17/Apr/2025:06:40:51 -0400] "POST /wp-cron.php?doing_wp_cron=1744886451.0138750076293945312500 HTTP/1.1" 200 0 "-" "WordPress/6.8; https://freelancingclients.com"
20.171.207.125 - - [17/Apr/2025:06:40:49 -0400] "GET /reusable-cotton-rounds-9-eco-friendly-beauty-products/feed/ HTTP/1.1" 200 430 "-" "Mozilla/5.0 AppleWebKit/537.36 (KHTML, like Gecko; compatible; GPTBot/1.2; +https://openai.com/gptbot)"
198.54.114.83 - - [17/Apr/2025:06:40:53 -0400] "POST /wp-admin/admin-ajax.php?action=async_litespeed&nonce=V7pGLEYf4zfN1DAjmBAPwC4lvUq529K4&litespeed_type=imgoptm HTTP/1.1" 200 0 "-" "WordPress/6.8; https://freelancingclients.com"
198.54.114.83 - - [17/Apr/2025:06:41:20 -0400] "POST /wp-cron.php?doing_wp_cron=1744886480.1990740299224853515625 HTTP/1.1" 200 0 "-" "WordPress/6.8; https://freelancingclients.com"
20.171.207.125 - - [17/Apr/2025:06:41:19 -0400] "GET /trouver-le-bon-talent-pour-la-restauration/feed/ HTTP/1.1" 200 411 "-" "Mozilla/5.0 AppleWebKit/537.36 (KHTML, like Gecko; compatible; GPTBot/1.2; +https://openai.com/gptbot)"
198.54.114.83 - - [17/Apr/2025:06:41:49 -0400] "POST /wp-cron.php?doing_wp_cron=1744886508.4798369407653808593750 HTTP/1.1" 200 0 "-" "WordPress/6.8; https://freelancingclients.com"
20.171.207.125 - - [17/Apr/2025:06:41:47 -0400] "GET /how-to-find-a-caregiver-for-elderly-loved-ones/feed/ HTTP/1.1" 200 425 "-" "Mozilla/5.0 AppleWebKit/537.36 (KHTML, like Gecko; compatible; GPTBot/1.2; +https://openai.com/gptbot)"
198.54.114.83 - - [17/Apr/2025:06:41:51 -0400] "POST /wp-admin/admin-ajax.php?action=async_litespeed&nonce=yfsRT6zuRGxGiwX62m0caJwOkf4Z6P8C&litespeed_type=imgoptm HTTP/1.1" 200 0 "-" "WordPress/6.8; https://freelancingclients.com"
198.54.114.83 - - [17/Apr/2025:06:42:19 -0400] "POST /wp-cron.php?doing_wp_cron=1744886538.0338470935821533203125 HTTP/1.1" 200 0 "-" "WordPress/6.8; https://freelancingclients.com"
20.171.207.125 - - [17/Apr/2025:06:42:17 -0400] "GET /double-taxation-avoidance-agreement-india-and-dubai/ HTTP/1.1" 200 12087 "-" "Mozilla/5.0 AppleWebKit/537.36 (KHTML, like Gecko; compatible; GPTBot/1.2; +https://openai.com/gptbot)"
20.171.207.125 - - [17/Apr/2025:06:42:48 -0400] "GET /modern-california-prefab-homes-a-comprehensive-overview/ HTTP/1.1" 200 10752 "-" "Mozilla/5.0 AppleWebKit/537.36 (KHTML, like Gecko; compatible; GPTBot/1.2; +https://openai.com/gptbot)"
198.54.114.83 - - [17/Apr/2025:06:43:18 -0400] "POST /wp-cron.php?doing_wp_cron=1744886598.5096640586853027343750 HTTP/1.1" 200 0 "-" "WordPress/6.8; https://freelancingclients.com"
20.171.207.125 - - [17/Apr/2025:06:43:18 -0400] "GET /innovation-in-home-expansion/ HTTP/1.1" 200 10253 "-" "Mozilla/5.0 AppleWebKit/537.36 (KHTML, like Gecko; compatible; GPTBot/1.2; +https://openai.com/gptbot)"
198.54.114.83 - - [17/Apr/2025:06:43:20 -0400] "POST /wp-admin/admin-ajax.php?action=async_litespeed&nonce=oJxmH5t7JPJyQkZGs6yShxg0U8huWxGs&litespeed_type=imgoptm HTTP/1.1" 200 5 "-" "WordPress/6.8; https://freelancingclients.com"
198.54.114.83 - - [17/Apr/2025:06:45:07 -0400] "POST /wp-cron.php?doing_wp_cron=1744886706.8986868858337402343750 HTTP/1.1" 200 0 "-" "WordPress/6.8; https://freelancingclients.com"
20.171.207.125 - - [17/Apr/2025:06:45:02 -0400] "GET /?p=3528 HTTP/1.1" 301 0 "-" "Mozilla/5.0 AppleWebKit/537.36 (KHTML, like Gecko; compatible; GPTBot/1.2; +https://openai.com/gptbot)"
20.171.207.125 - - [17/Apr/2025:06:45:36 -0400] "GET /?p=3517 HTTP/1.1" 301 0 "-" "Mozilla/5.0 AppleWebKit/537.36 (KHTML, like Gecko; compatible; GPTBot/1.2; +https://openai.com/gptbot)"
198.54.114.83 - - [17/Apr/2025:06:46:07 -0400] "POST /wp-cron.php?doing_wp_cron=1744886767.1822469234466552734375 HTTP/1.1" 200 0 "-" "WordPress/6.8; https://freelancingclients.com"
20.171.207.125 - - [17/Apr/2025:06:46:06 -0400] "GET /?p=185 HTTP/1.1" 301 0 "-" "Mozilla/5.0 AppleWebKit/537.36 (KHTML, like Gecko; compatible; GPTBot/1.2; +https://openai.com/gptbot)"
198.54.114.83 - - [17/Apr/2025:06:46:09 -0400] "POST /wp-admin/admin-ajax.php?action=async_litespeed&nonce=TPvhH2GCTEhjTEd0gd6otGWmmzFQ27lr&litespeed_type=imgoptm HTTP/1.1" 200 0 "-" "WordPress/6.8; https://freelancingclients.com"
20.171.207.125 - - [17/Apr/2025:06:46:39 -0400] "GET /modern-california-prefab-homes-a-comprehensive-overview/feed/ HTTP/1.1" 200 420 "-" "Mozilla/5.0 AppleWebKit/537.36 (KHTML, like Gecko; compatible; GPTBot/1.2; +https://openai.com/gptbot)"
198.54.114.83 - - [17/Apr/2025:06:46:45 -0400] "POST /wp-cron.php?doing_wp_cron=1744886803.1539840698242187500000 HTTP/1.1" 200 0 "-" "WordPress/6.8; https://freelancingclients.com"
20.171.207.125 - - [17/Apr/2025:06:47:13 -0400] "GET /double-taxation-avoidance-agreement-india-and-dubai/feed/ HTTP/1.1" 200 434 "-" "Mozilla/5.0 AppleWebKit/537.36 (KHTML, like Gecko; compatible; GPTBot/1.2; +https://openai.com/gptbot)"
20.171.207.125 - - [17/Apr/2025:06:47:41 -0400] "GET /the-transformative-benefits-of-massage-therapy/ HTTP/1.1" 200 10173 "-" "Mozilla/5.0 AppleWebKit/537.36 (KHTML, like Gecko; compatible; GPTBot/1.2; +https://openai.com/gptbot)"
198.54.114.83 - - [17/Apr/2025:06:48:14 -0400] "POST /wp-cron.php?doing_wp_cron=1744886894.0238730907440185546875 HTTP/1.1" 200 0 "-" "WordPress/6.8; https://freelancingclients.com"
20.171.207.125 - - [17/Apr/2025:06:48:13 -0400] "GET /innovation-in-home-expansion/feed/ HTTP/1.1" 200 391 "-" "Mozilla/5.0 AppleWebKit/537.36 (KHTML, like Gecko; compatible; GPTBot/1.2; +https://openai.com/gptbot)"
198.54.114.83 - - [17/Apr/2025:06:48:20 -0400] "POST /wp-admin/admin-ajax.php?action=async_litespeed&nonce=ryn04lrkFEGa3u3O8UMqaPKBJ8tpsy3U&litespeed_type=imgoptm HTTP/1.1" 200 0 "-" "WordPress/6.8; https://freelancingclients.com"
198.54.114.83 - - [17/Apr/2025:06:48:47 -0400] "POST /wp-cron.php?doing_wp_cron=1744886926.1935091018676757812500 HTTP/1.1" 200 0 "-" "WordPress/6.8; https://freelancingclients.com"
20.171.207.125 - - [17/Apr/2025:06:48:45 -0400] "GET /how-to-find-private-caregiver-jobs/ HTTP/1.1" 200 11045 "-" "Mozilla/5.0 AppleWebKit/537.36 (KHTML, like Gecko; compatible; GPTBot/1.2; +https://openai.com/gptbot)"
20.171.207.125 - - [17/Apr/2025:06:49:18 -0400] "GET /the-art-and-science-of-massage-therapy/ HTTP/1.1" 200 10750 "-" "Mozilla/5.0 AppleWebKit/537.36 (KHTML, like Gecko; compatible; GPTBot/1.2; +https://openai.com/gptbot)"
198.54.114.83 - - [17/Apr/2025:06:49:49 -0400] "POST /wp-cron.php?doing_wp_cron=1744886989.1257979869842529296875 HTTP/1.1" 200 0 "-" "WordPress/6.8; https://freelancingclients.com"
195.2.75.64 - - [17/Apr/2025:06:49:50 -0400] "GET /osteopathy/ HTTP/1.1" 200 9643 "https://freelancingclients.com/osteopathy/" "Mozilla/5.0 (Windows NT 10.0; Win64; x64) AppleWebKit/537.36 (KHTML, like Gecko) Chrome/129.0.0.0 Safari/537.36"
20.171.207.125 - - [17/Apr/2025:06:49:48 -0400] "GET /choosing-the-best-cup-for-iced-coffee/ HTTP/1.1" 200 10824 "-" "Mozilla/5.0 AppleWebKit/537.36 (KHTML, like Gecko; compatible; GPTBot/1.2; +https://openai.com/gptbot)"
198.54.114.83 - - [17/Apr/2025:06:49:50 -0400] "POST /wp-admin/admin-ajax.php?action=async_litespeed&nonce=BnIKXbP4TeMN7tPIFsvRDWEZ4ACKju4p&litespeed_type=imgoptm HTTP/1.1" 200 5 "-" "WordPress/6.8; https://freelancingclients.com"
195.2.75.64 - - [17/Apr/2025:06:49:51 -0400] "POST /wp-comments-post.php HTTP/1.1" 302 0 "https://freelancingclients.com/osteopathy/" "Mozilla/5.0 (Windows NT 10.0; Win64; x64) AppleWebKit/537.36 (KHTML, like Gecko) Chrome/129.0.0.0 Safari/537.36"
195.2.75.64 - - [17/Apr/2025:06:49:55 -0400] "GET /osteopathy/ HTTP/1.1" 200 10590 "https://freelancingclients.com/osteopathy/#comment-8451" "Mozilla/5.0 (Windows NT 10.0; Win64; x64) AppleWebKit/537.36 (KHTML, like Gecko) Chrome/129.0.0.0 Safari/537.36"
20.171.207.125 - - [17/Apr/2025:06:49:58 -0400] "GET /favicon.ico HTTP/1.1" 404 1251 "-" "Mozilla/5.0 AppleWebKit/537.36 (KHTML, like Gecko; compatible; GPTBot/1.2; +https://openai.com/gptbot)"
198.54.114.83 - - [17/Apr/2025:06:50:29 -0400] "POST /wp-cron.php?doing_wp_cron=1744887029.0054409503936767578125 HTTP/1.1" 200 0 "-" "WordPress/6.8; https://freelancingclients.com"
20.171.207.125 - - [17/Apr/2025:06:50:27 -0400] "GET /?p=3526 HTTP/1.1" 301 0 "-" "Mozilla/5.0 AppleWebKit/537.36 (KHTML, like Gecko; compatible; GPTBot/1.2; +https://openai.com/gptbot)"
198.54.114.83 - - [17/Apr/2025:06:50:57 -0400] "POST /wp-cron.php?doing_wp_cron=1744887056.4539499282836914062500 HTTP/1.1" 200 0 "-" "WordPress/6.8; https://freelancingclients.com"
