20.171.207.125 - - [17/Apr/2025:10:18:58 -0400] "GET /choosing-a-fire-fighting-water-pump/ HTTP/1.1" 200 11047 "-" "Mozilla/5.0 AppleWebKit/537.36 (KHTML, like Gecko; compatible; GPTBot/1.2; +https://openai.com/gptbot)"
198.54.114.83 - - [17/Apr/2025:10:19:01 -0400] "POST /wp-cron.php?doing_wp_cron=1744899538.9575641155242919921875 HTTP/1.1" 200 0 "-" "WordPress/6.8; https://freelancingclients.com"
20.171.207.125 - - [17/Apr/2025:10:19:21 -0400] "GET /exploring-the-world-of-rainbow-riches-casino/feed/ HTTP/1.1" 200 415 "-" "Mozilla/5.0 AppleWebKit/537.36 (KHTML, like Gecko; compatible; GPTBot/1.2; +https://openai.com/gptbot)"
20.171.207.125 - - [17/Apr/2025:10:19:38 -0400] "GET /xmlrpc.php HTTP/1.1" 405 46 "-" "Mozilla/5.0 AppleWebKit/537.36 (KHTML, like Gecko; compatible; GPTBot/1.2; +https://openai.com/gptbot)"
20.171.207.125 - - [17/Apr/2025:10:20:04 -0400] "GET /the-evolution-of-football-betting-platforms/feed/ HTTP/1.1" 200 411 "-" "Mozilla/5.0 AppleWebKit/537.36 (KHTML, like Gecko; compatible; GPTBot/1.2; +https://openai.com/gptbot)"
198.54.114.83 - - [17/Apr/2025:10:20:07 -0400] "POST /wp-cron.php?doing_wp_cron=1744899605.1281490325927734375000 HTTP/1.1" 200 0 "-" "WordPress/6.8; https://freelancingclients.com"
20.171.207.125 - - [17/Apr/2025:10:20:18 -0400] "GET /watch-overseas-football-for-free/ HTTP/1.1" 200 9751 "-" "Mozilla/5.0 AppleWebKit/537.36 (KHTML, like Gecko; compatible; GPTBot/1.2; +https://openai.com/gptbot)"
20.171.207.125 - - [17/Apr/2025:10:20:58 -0400] "GET /the-evolution-of-online-casino/ HTTP/1.1" 200 10470 "-" "Mozilla/5.0 AppleWebKit/537.36 (KHTML, like Gecko; compatible; GPTBot/1.2; +https://openai.com/gptbot)"
198.54.114.83 - - [17/Apr/2025:10:21:51 -0400] "POST /wp-cron.php?doing_wp_cron=1744899710.4387300014495849609375 HTTP/1.1" 200 0 "-" "WordPress/6.8; https://freelancingclients.com"
20.171.207.125 - - [17/Apr/2025:10:21:45 -0400] "GET /?p=298 HTTP/1.1" 301 0 "-" "Mozilla/5.0 AppleWebKit/537.36 (KHTML, like Gecko; compatible; GPTBot/1.2; +https://openai.com/gptbot)"
20.171.207.125 - - [17/Apr/2025:10:22:31 -0400] "GET /?p=3433 HTTP/1.1" 301 0 "-" "Mozilla/5.0 AppleWebKit/537.36 (KHTML, like Gecko; compatible; GPTBot/1.2; +https://openai.com/gptbot)"
129.226.131.165 - - [17/Apr/2025:10:22:43 -0400] "GET /modern-bathroom-design-from-coal-harbor/ HTTP/1.1" 200 10345 "-" "Python/3.10 aiohttp/3.10.5"
198.54.114.83 - - [17/Apr/2025:10:23:13 -0400] "POST /wp-cron.php?doing_wp_cron=1744899792.1071128845214843750000 HTTP/1.1" 200 0 "-" "WordPress/6.8; https://freelancingclients.com"
20.171.207.125 - - [17/Apr/2025:10:23:11 -0400] "GET /wp-json/oembed/1.0/embed?format=xml&url=https%3A%2F%2Ffreelancingclients.com%2Fsmart-shopping-tips-to-save-on-tires%2F HTTP/1.1" 200 1204 "-" "Mozilla/5.0 AppleWebKit/537.36 (KHTML, like Gecko; compatible; GPTBot/1.2; +https://openai.com/gptbot)"
198.54.114.83 - - [17/Apr/2025:10:23:15 -0400] "POST /wp-admin/admin-ajax.php?action=async_litespeed&nonce=C3NOZovRcEHmZTaAYsrbR1CALoZfA0JN&litespeed_type=imgoptm HTTP/1.1" 200 0 "-" "WordPress/6.8; https://freelancingclients.com"
20.171.207.125 - - [17/Apr/2025:10:23:57 -0400] "GET /smart-shopping-tips-to-save-on-tires/feed/ HTTP/1.1" 200 409 "-" "Mozilla/5.0 AppleWebKit/537.36 (KHTML, like Gecko; compatible; GPTBot/1.2; +https://openai.com/gptbot)"
198.54.114.83 - - [17/Apr/2025:10:24:00 -0400] "POST /wp-cron.php?doing_wp_cron=1744899838.2613050937652587890625 HTTP/1.1" 200 0 "-" "WordPress/6.8; https://freelancingclients.com"
20.171.207.125 - - [17/Apr/2025:10:24:37 -0400] "GET /choosing-a-fire-fighting-water-pump/feed/ HTTP/1.1" 200 406 "-" "Mozilla/5.0 AppleWebKit/537.36 (KHTML, like Gecko; compatible; GPTBot/1.2; +https://openai.com/gptbot)"
198.54.114.83 - - [17/Apr/2025:10:25:24 -0400] "POST /wp-cron.php?doing_wp_cron=1744899922.9586660861968994140625 HTTP/1.1" 200 0 "-" "WordPress/6.8; https://freelancingclients.com"
20.171.207.125 - - [17/Apr/2025:10:25:22 -0400] "GET /the-evolution-of-online-casinos/ HTTP/1.1" 200 10572 "-" "Mozilla/5.0 AppleWebKit/537.36 (KHTML, like Gecko; compatible; GPTBot/1.2; +https://openai.com/gptbot)"
20.171.207.125 - - [17/Apr/2025:10:25:30 -0400] "GET /?p=3436 HTTP/1.1" 301 0 "-" "Mozilla/5.0 AppleWebKit/537.36 (KHTML, like Gecko; compatible; GPTBot/1.2; +https://openai.com/gptbot)"
20.171.207.125 - - [17/Apr/2025:10:26:07 -0400] "GET /%e0%b8%aa%e0%b8%b9%e0%b8%95%e0%b8%a3%e0%b8%aa%e0%b8%a5%e0%b9%87%e0%b8%ad%e0%b8%95-%e0%b9%83%e0%b8%8a%e0%b9%89%e0%b9%84%e0%b8%94%e0%b9%89-%e0%b8%97%e0%b8%b8%e0%b8%81%e0%b8%84%e0%b9%88%e0%b8%b2%e0%b8%a2/feed/ HTTP/1.1" 200 541 "-" "Mozilla/5.0 AppleWebKit/537.36 (KHTML, like Gecko; compatible; GPTBot/1.2; +https://openai.com/gptbot)"
20.171.207.125 - - [17/Apr/2025:10:26:12 -0400] "GET /?p=287 HTTP/1.1" 301 0 "-" "Mozilla/5.0 AppleWebKit/537.36 (KHTML, like Gecko; compatible; GPTBot/1.2; +https://openai.com/gptbot)"
20.171.207.125 - - [17/Apr/2025:10:26:50 -0400] "GET /michael-kors-bags-on-sale/ HTTP/1.1" 200 9859 "-" "Mozilla/5.0 AppleWebKit/537.36 (KHTML, like Gecko; compatible; GPTBot/1.2; +https://openai.com/gptbot)"
198.54.114.83 - - [17/Apr/2025:10:26:52 -0400] "POST /wp-cron.php?doing_wp_cron=1744900011.1376469135284423828125 HTTP/1.1" 200 0 "-" "WordPress/6.8; https://freelancingclients.com"
20.171.207.125 - - [17/Apr/2025:10:26:53 -0400] "GET /smart-shopping-tips-to-save-on-tires/embed/ HTTP/1.1" 200 6263 "-" "Mozilla/5.0 AppleWebKit/537.36 (KHTML, like Gecko; compatible; GPTBot/1.2; +https://openai.com/gptbot)"
20.171.207.125 - - [17/Apr/2025:10:27:32 -0400] "GET /a-new-meme-coin-sensation/ HTTP/1.1" 200 10273 "-" "Mozilla/5.0 AppleWebKit/537.36 (KHTML, like Gecko; compatible; GPTBot/1.2; +https://openai.com/gptbot)"
20.171.207.125 - - [17/Apr/2025:10:27:33 -0400] "GET /watch-overseas-football-for-free/feed/ HTTP/1.1" 200 419 "-" "Mozilla/5.0 AppleWebKit/537.36 (KHTML, like Gecko; compatible; GPTBot/1.2; +https://openai.com/gptbot)"
198.54.114.83 - - [17/Apr/2025:10:28:17 -0400] "POST /wp-cron.php?doing_wp_cron=1744900096.7050530910491943359375 HTTP/1.1" 200 0 "-" "WordPress/6.8; https://freelancingclients.com"
20.171.207.125 - - [17/Apr/2025:10:28:16 -0400] "GET /xmlrpc.php HTTP/1.1" 405 46 "-" "Mozilla/5.0 AppleWebKit/537.36 (KHTML, like Gecko; compatible; GPTBot/1.2; +https://openai.com/gptbot)"
198.54.114.83 - - [17/Apr/2025:10:28:18 -0400] "POST /wp-admin/admin-ajax.php?action=async_litespeed&nonce=o8bBCR3F7tnYWsnzgXSft9P5DOzaSXN2&litespeed_type=imgoptm HTTP/1.1" 200 0 "-" "WordPress/6.8; https://freelancingclients.com"
198.54.114.83 - - [17/Apr/2025:10:29:03 -0400] "POST /wp-cron.php?doing_wp_cron=1744900142.5138800144195556640625 HTTP/1.1" 200 0 "-" "WordPress/6.8; https://freelancingclients.com"
20.171.207.125 - - [17/Apr/2025:10:29:02 -0400] "GET /?p=3415 HTTP/1.1" 301 0 "-" "Mozilla/5.0 AppleWebKit/537.36 (KHTML, like Gecko; compatible; GPTBot/1.2; +https://openai.com/gptbot)"
198.54.114.83 - - [17/Apr/2025:10:29:04 -0400] "POST /wp-admin/admin-ajax.php?action=async_litespeed&nonce=VKVGhjQaNOj07GmJhRSObZqB1yPFNeQq&litespeed_type=imgoptm HTTP/1.1" 200 0 "-" "WordPress/6.8; https://freelancingclients.com"
198.54.114.83 - - [17/Apr/2025:10:29:44 -0400] "POST /wp-cron.php?doing_wp_cron=1744900183.7608559131622314453125 HTTP/1.1" 200 0 "-" "WordPress/6.8; https://freelancingclients.com"
20.171.207.125 - - [17/Apr/2025:10:29:43 -0400] "GET /michael-kors-bags-on-sale/feed/ HTTP/1.1" 200 389 "-" "Mozilla/5.0 AppleWebKit/537.36 (KHTML, like Gecko; compatible; GPTBot/1.2; +https://openai.com/gptbot)"
198.54.114.83 - - [17/Apr/2025:10:29:45 -0400] "POST /wp-admin/admin-ajax.php?action=async_litespeed&nonce=V9TmPUsZRdtpSrygvS9XuQtp3yUQivBk&litespeed_type=imgoptm HTTP/1.1" 200 0 "-" "WordPress/6.8; https://freelancingclients.com"
40.77.167.28 - - [17/Apr/2025:10:29:46 -0400] "GET /exploring-the-world-of-online-casinos/ HTTP/1.1" 200 10895 "-" "Mozilla/5.0 AppleWebKit/537.36 (KHTML, like Gecko; compatible; bingbot/2.0; +http://www.bing.com/bingbot.htm) Chrome/116.0.1938.76 Safari/537.36"
198.54.114.83 - - [17/Apr/2025:10:30:26 -0400] "POST /wp-cron.php?doing_wp_cron=1744900225.9316809177398681640625 HTTP/1.1" 200 0 "-" "WordPress/6.8; https://freelancingclients.com"
20.171.207.125 - - [17/Apr/2025:10:30:25 -0400] "GET /?p=303 HTTP/1.1" 301 0 "-" "Mozilla/5.0 AppleWebKit/537.36 (KHTML, like Gecko; compatible; GPTBot/1.2; +https://openai.com/gptbot)"
198.54.114.83 - - [17/Apr/2025:10:31:10 -0400] "POST /wp-cron.php?doing_wp_cron=1744900269.1104669570922851562500 HTTP/1.1" 200 0 "-" "WordPress/6.8; https://freelancingclients.com"
20.171.207.125 - - [17/Apr/2025:10:31:08 -0400] "GET /the-evolution-of-online-casinos/feed/ HTTP/1.1" 200 394 "-" "Mozilla/5.0 AppleWebKit/537.36 (KHTML, like Gecko; compatible; GPTBot/1.2; +https://openai.com/gptbot)"
20.171.207.125 - - [17/Apr/2025:10:31:53 -0400] "GET /the-evolution-of-online-casino/feed/ HTTP/1.1" 200 395 "-" "Mozilla/5.0 AppleWebKit/537.36 (KHTML, like Gecko; compatible; GPTBot/1.2; +https://openai.com/gptbot)"
20.171.207.125 - - [17/Apr/2025:10:32:33 -0400] "GET /?p=3440 HTTP/1.1" 301 0 "-" "Mozilla/5.0 AppleWebKit/537.36 (KHTML, like Gecko; compatible; GPTBot/1.2; +https://openai.com/gptbot)"
198.54.114.83 - - [17/Apr/2025:10:32:35 -0400] "POST /wp-cron.php?doing_wp_cron=1744900353.6391689777374267578125 HTTP/1.1" 200 0 "-" "WordPress/6.8; https://freelancingclients.com"
20.171.207.125 - - [17/Apr/2025:10:32:35 -0400] "GET /fire-fighting-water-pump/ HTTP/1.1" 200 9648 "-" "Mozilla/5.0 AppleWebKit/537.36 (KHTML, like Gecko; compatible; GPTBot/1.2; +https://openai.com/gptbot)"
114.119.163.52 - - [17/Apr/2025:10:33:12 -0400] "GET /category/activity/page/157/ HTTP/1.1" 200 10504 "https://freelancingclients.com/category/activity/page/156/" "Mozilla/5.0 (Linux; Android 7.0;) AppleWebKit/537.36 (KHTML, like Gecko) Mobile Safari/537.36 (compatible; PetalBot;+https://webmaster.petalsearch.com/site/petalbot)"
20.171.207.125 - - [17/Apr/2025:10:33:14 -0400] "GET /a-new-meme-coin-sensation/feed/ HTTP/1.1" 200 390 "-" "Mozilla/5.0 AppleWebKit/537.36 (KHTML, like Gecko; compatible; GPTBot/1.2; +https://openai.com/gptbot)"
20.171.207.125 - - [17/Apr/2025:10:33:17 -0400] "GET /redefining-entertainment-and-accessibility HTTP/1.1" 301 0 "-" "Mozilla/5.0 AppleWebKit/537.36 (KHTML, like Gecko; compatible; GPTBot/1.2; +https://openai.com/gptbot)"
20.171.207.125 - - [17/Apr/2025:10:33:54 -0400] "GET /wp-content/uploads/2023/06/i-6.webp HTTP/1.1" 200 19700 "-" "Mozilla/5.0 AppleWebKit/537.36 (KHTML, like Gecko; compatible; GPTBot/1.2; +https://openai.com/gptbot)"
20.171.207.125 - - [17/Apr/2025:10:33:57 -0400] "GET /programmatic-ads-dubai/ HTTP/1.1" 200 9658 "-" "Mozilla/5.0 AppleWebKit/537.36 (KHTML, like Gecko; compatible; GPTBot/1.2; +https://openai.com/gptbot)"
198.54.114.83 - - [17/Apr/2025:10:34:00 -0400] "POST /wp-cron.php?doing_wp_cron=1744900438.1430170536041259765625 HTTP/1.1" 200 0 "-" "WordPress/6.8; https://freelancingclients.com"
20.171.207.125 - - [17/Apr/2025:10:34:34 -0400] "GET /wp-json/wp/v2/posts/3435 HTTP/1.1" 200 12172 "-" "Mozilla/5.0 AppleWebKit/537.36 (KHTML, like Gecko; compatible; GPTBot/1.2; +https://openai.com/gptbot)"
20.171.207.125 - - [17/Apr/2025:10:34:41 -0400] "GET /a-gamblers-paradise/ HTTP/1.1" 200 10266 "-" "Mozilla/5.0 AppleWebKit/537.36 (KHTML, like Gecko; compatible; GPTBot/1.2; +https://openai.com/gptbot)"
20.171.207.125 - - [17/Apr/2025:10:35:17 -0400] "GET /wp-json/wp/v2/posts/3433 HTTP/1.1" 200 11011 "-" "Mozilla/5.0 AppleWebKit/537.36 (KHTML, like Gecko; compatible; GPTBot/1.2; +https://openai.com/gptbot)"
20.171.207.125 - - [17/Apr/2025:10:35:53 -0400] "GET /wp-json/oembed/1.0/embed?format=xml&url=https%3A%2F%2Ffreelancingclients.com%2Ffire-fighting-water-pump%2F HTTP/1.1" 200 1136 "-" "Mozilla/5.0 AppleWebKit/537.36 (KHTML, like Gecko; compatible; GPTBot/1.2; +https://openai.com/gptbot)"
20.171.207.125 - - [17/Apr/2025:10:36:34 -0400] "GET /xmlrpc.php HTTP/1.1" 405 46 "-" "Mozilla/5.0 AppleWebKit/537.36 (KHTML, like Gecko; compatible; GPTBot/1.2; +https://openai.com/gptbot)"
198.54.114.83 - - [17/Apr/2025:10:36:37 -0400] "POST /wp-cron.php?doing_wp_cron=1744900595.3297579288482666015625 HTTP/1.1" 200 0 "-" "WordPress/6.8; https://freelancingclients.com"
20.171.207.125 - - [17/Apr/2025:10:37:15 -0400] "GET /?p=295 HTTP/1.1" 301 0 "-" "Mozilla/5.0 AppleWebKit/537.36 (KHTML, like Gecko; compatible; GPTBot/1.2; +https://openai.com/gptbot)"
198.54.114.83 - - [17/Apr/2025:10:37:47 -0400] "POST /wp-cron.php?doing_wp_cron=1744900666.2659659385681152343750 HTTP/1.1" 200 0 "-" "WordPress/6.8; https://freelancingclients.com"
124.156.186.100 - - [17/Apr/2025:10:37:45 -0400] "GET /rhinoplasty-a-nose-job/ HTTP/1.1" 200 10329 "-" "Python/3.10 aiohttp/3.10.5"
20.171.207.125 - - [17/Apr/2025:10:37:59 -0400] "GET /wp-json/wp/v2/posts/295 HTTP/1.1" 200 9682 "-" "Mozilla/5.0 AppleWebKit/537.36 (KHTML, like Gecko; compatible; GPTBot/1.2; +https://openai.com/gptbot)"
2a02:598:64:8a00::3100:4 - - [17/Apr/2025:10:38:26 -0400] "GET /enhancing-your-brand-with-promotional-tablecloths/ HTTP/1.1" 200 10531 "-" "Mozilla/5.0 (compatible; SeznamBot/4.0; +https://o-seznam.cz/napoveda/vyhledavani/en/seznambot-crawler/)"
20.171.207.125 - - [17/Apr/2025:10:38:43 -0400] "GET /fire-fighting-water-pump/feed/ HTTP/1.1" 200 387 "-" "Mozilla/5.0 AppleWebKit/537.36 (KHTML, like Gecko; compatible; GPTBot/1.2; +https://openai.com/gptbot)"
20.171.207.125 - - [17/Apr/2025:10:39:25 -0400] "GET /wp-json/oembed/1.0/embed?url=https%3A%2F%2Ffreelancingclients.com%2Ffire-fighting-water-pump%2F HTTP/1.1" 200 2377 "-" "Mozilla/5.0 AppleWebKit/537.36 (KHTML, like Gecko; compatible; GPTBot/1.2; +https://openai.com/gptbot)"
198.54.114.83 - - [17/Apr/2025:10:39:30 -0400] "POST /wp-cron.php?doing_wp_cron=1744900765.8012819290161132812500 HTTP/1.1" 200 0 "-" "WordPress/6.8; https://freelancingclients.com"
20.171.207.125 - - [17/Apr/2025:10:39:30 -0400] "GET /?p=3424 HTTP/1.1" 301 0 "-" "Mozilla/5.0 AppleWebKit/537.36 (KHTML, like Gecko; compatible; GPTBot/1.2; +https://openai.com/gptbot)"
20.171.207.125 - - [17/Apr/2025:10:40:06 -0400] "GET /?p=292 HTTP/1.1" 301 0 "-" "Mozilla/5.0 AppleWebKit/537.36 (KHTML, like Gecko; compatible; GPTBot/1.2; +https://openai.com/gptbot)"
20.171.207.125 - - [17/Apr/2025:10:40:11 -0400] "GET /redefining-entertainment-and-accessibility/ HTTP/1.1" 200 10228 "-" "Mozilla/5.0 AppleWebKit/537.36 (KHTML, like Gecko; compatible; GPTBot/1.2; +https://openai.com/gptbot)"
20.171.207.125 - - [17/Apr/2025:10:40:48 -0400] "GET /?p=295 HTTP/1.1" 301 0 "-" "Mozilla/5.0 AppleWebKit/537.36 (KHTML, like Gecko; compatible; GPTBot/1.2; +https://openai.com/gptbot)"
198.54.114.83 - - [17/Apr/2025:10:40:52 -0400] "POST /wp-cron.php?doing_wp_cron=1744900849.5843811035156250000000 HTTP/1.1" 200 0 "-" "WordPress/6.8; https://freelancingclients.com"
20.171.207.125 - - [17/Apr/2025:10:40:53 -0400] "GET /fire-fighting-water-pump/embed/ HTTP/1.1" 200 6186 "-" "Mozilla/5.0 AppleWebKit/537.36 (KHTML, like Gecko; compatible; GPTBot/1.2; +https://openai.com/gptbot)"
20.171.207.125 - - [17/Apr/2025:10:41:34 -0400] "GET /xmlrpc.php HTTP/1.1" 405 46 "-" "Mozilla/5.0 AppleWebKit/537.36 (KHTML, like Gecko; compatible; GPTBot/1.2; +https://openai.com/gptbot)"
20.171.207.125 - - [17/Apr/2025:10:41:37 -0400] "GET /programmatic-ads-dubai/feed/ HTTP/1.1" 200 384 "-" "Mozilla/5.0 AppleWebKit/537.36 (KHTML, like Gecko; compatible; GPTBot/1.2; +https://openai.com/gptbot)"
43.154.145.14 - - [17/Apr/2025:10:41:47 -0400] "GET /the-ultimate-comfort-exploring-the-world-of-sport-wool-socks/ HTTP/1.1" 200 10530 "-" "Python/3.10 aiohttp/3.10.5"
20.171.207.125 - - [17/Apr/2025:10:42:51 -0400] "GET /redefining-entertainment-and-accessibility/feed/ HTTP/1.1" 200 401 "-" "Mozilla/5.0 AppleWebKit/537.36 (KHTML, like Gecko; compatible; GPTBot/1.2; +https://openai.com/gptbot)"
20.171.207.125 - - [17/Apr/2025:10:43:35 -0400] "GET /xmlrpc.php HTTP/1.1" 405 46 "-" "Mozilla/5.0 AppleWebKit/537.36 (KHTML, like Gecko; compatible; GPTBot/1.2; +https://openai.com/gptbot)"
198.54.114.83 - - [17/Apr/2025:10:43:39 -0400] "POST /wp-cron.php?doing_wp_cron=1744901016.4066190719604492187500 HTTP/1.1" 200 0 "-" "WordPress/6.8; https://freelancingclients.com"
77.88.47.20 - - [17/Apr/2025:10:44:12 -0400] "GET /der-beste-scheidungsanwalt-in-hattingen-ein-umfassender-leitfaden/ HTTP/1.1" 200 10213 "-" "Mozilla/5.0 (compatible; YandexBot/3.0; +http://yandex.com/bots)"
20.171.207.125 - - [17/Apr/2025:10:44:20 -0400] "GET /?p=3130 HTTP/1.1" 301 0 "-" "Mozilla/5.0 AppleWebKit/537.36 (KHTML, like Gecko; compatible; GPTBot/1.2; +https://openai.com/gptbot)"
20.171.207.125 - - [17/Apr/2025:10:45:06 -0400] "GET /wp-content/uploads/2023/06/synthesize-8.mp3 HTTP/1.1" 200 43968 "-" "Mozilla/5.0 AppleWebKit/537.36 (KHTML, like Gecko; compatible; GPTBot/1.2; +https://openai.com/gptbot)"
20.171.207.125 - - [17/Apr/2025:10:45:48 -0400] "GET /wp-content/uploads/2023/06/synthesize-7.mp3 HTTP/1.1" 200 37152 "-" "Mozilla/5.0 AppleWebKit/537.36 (KHTML, like Gecko; compatible; GPTBot/1.2; +https://openai.com/gptbot)"
20.171.207.125 - - [17/Apr/2025:10:46:24 -0400] "GET /wp-json/wp/v2/posts/3420 HTTP/1.1" 200 11886 "-" "Mozilla/5.0 AppleWebKit/537.36 (KHTML, like Gecko; compatible; GPTBot/1.2; +https://openai.com/gptbot)"
198.54.114.83 - - [17/Apr/2025:10:46:32 -0400] "POST /wp-cron.php?doing_wp_cron=1744901189.1677970886230468750000 HTTP/1.1" 200 0 "-" "WordPress/6.8; https://freelancingclients.com"
20.171.207.125 - - [17/Apr/2025:10:46:32 -0400] "GET /a-gamblers-paradise/feed/ HTTP/1.1" 200 389 "-" "Mozilla/5.0 AppleWebKit/537.36 (KHTML, like Gecko; compatible; GPTBot/1.2; +https://openai.com/gptbot)"
20.171.207.125 - - [17/Apr/2025:10:47:12 -0400] "GET /wp-json/wp/v2/posts/3431 HTTP/1.1" 200 75210 "-" "Mozilla/5.0 AppleWebKit/537.36 (KHTML, like Gecko; compatible; GPTBot/1.2; +https://openai.com/gptbot)"
20.171.207.125 - - [17/Apr/2025:10:47:14 -0400] "GET /wp-json/wp/v2/posts/3130 HTTP/1.1" 200 10916 "-" "Mozilla/5.0 AppleWebKit/537.36 (KHTML, like Gecko; compatible; GPTBot/1.2; +https://openai.com/gptbot)"
20.171.207.125 - - [17/Apr/2025:10:47:54 -0400] "GET /wp-json/wp/v2/posts/3440 HTTP/1.1" 200 10455 "-" "Mozilla/5.0 AppleWebKit/537.36 (KHTML, like Gecko; compatible; GPTBot/1.2; +https://openai.com/gptbot)"
20.171.207.125 - - [17/Apr/2025:10:47:56 -0400] "GET /wp-json/wp/v2/posts/3436 HTTP/1.1" 200 11000 "-" "Mozilla/5.0 AppleWebKit/537.36 (KHTML, like Gecko; compatible; GPTBot/1.2; +https://openai.com/gptbot)"
20.171.207.125 - - [17/Apr/2025:10:48:39 -0400] "GET /wp-json/wp/v2/posts/3424 HTTP/1.1" 200 10466 "-" "Mozilla/5.0 AppleWebKit/537.36 (KHTML, like Gecko; compatible; GPTBot/1.2; +https://openai.com/gptbot)"
20.171.207.125 - - [17/Apr/2025:10:48:38 -0400] "GET /wp-json/wp/v2/posts/3419 HTTP/1.1" 200 10915 "-" "Mozilla/5.0 AppleWebKit/537.36 (KHTML, like Gecko; compatible; GPTBot/1.2; +https://openai.com/gptbot)"
198.54.114.83 - - [17/Apr/2025:10:48:41 -0400] "POST /wp-cron.php?doing_wp_cron=1744901319.2473599910736083984375 HTTP/1.1" 200 0 "-" "WordPress/6.8; https://freelancingclients.com"
20.171.207.125 - - [17/Apr/2025:10:49:22 -0400] "GET /wp-json/wp/v2/posts/3425 HTTP/1.1" 200 11003 "-" "Mozilla/5.0 AppleWebKit/537.36 (KHTML, like Gecko; compatible; GPTBot/1.2; +https://openai.com/gptbot)"
20.171.207.125 - - [17/Apr/2025:10:49:49 -0400] "GET /favicon.ico HTTP/1.1" 404 1251 "-" "Mozilla/5.0 AppleWebKit/537.36 (KHTML, like Gecko; compatible; GPTBot/1.2; +https://openai.com/gptbot)"
20.171.207.125 - - [17/Apr/2025:10:50:34 -0400] "GET /xmlrpc.php HTTP/1.1" 405 46 "-" "Mozilla/5.0 AppleWebKit/537.36 (KHTML, like Gecko; compatible; GPTBot/1.2; +https://openai.com/gptbot)"
198.54.114.83 - - [17/Apr/2025:10:50:37 -0400] "POST /wp-cron.php?doing_wp_cron=1744901435.6652588844299316406250 HTTP/1.1" 200 0 "-" "WordPress/6.8; https://freelancingclients.com"
20.171.207.125 - - [17/Apr/2025:10:51:18 -0400] "GET /wp-json/wp/v2/posts/3415 HTTP/1.1" 200 11567 "-" "Mozilla/5.0 AppleWebKit/537.36 (KHTML, like Gecko; compatible; GPTBot/1.2; +https://openai.com/gptbot)"
198.54.114.83 - - [17/Apr/2025:10:52:02 -0400] "POST /wp-cron.php?doing_wp_cron=1744901520.3158531188964843750000 HTTP/1.1" 200 0 "-" "WordPress/6.8; https://freelancingclients.com"
20.171.207.125 - - [17/Apr/2025:10:51:59 -0400] "GET /page/17/ HTTP/1.1" 200 10191 "-" "Mozilla/5.0 AppleWebKit/537.36 (KHTML, like Gecko; compatible; GPTBot/1.2; +https://openai.com/gptbot)"
114.119.131.163 - - [17/Apr/2025:10:52:09 -0400] "GET /page/146/ HTTP/1.1" 200 10125 "https://freelancingclients.com/page/145/" "Mozilla/5.0 (Linux; Android 7.0;) AppleWebKit/537.36 (KHTML, like Gecko) Mobile Safari/537.36 (compatible; PetalBot;+https://webmaster.petalsearch.com/site/petalbot)"
20.171.207.125 - - [17/Apr/2025:10:52:49 -0400] "GET /page/145/ HTTP/1.1" 200 9829 "-" "Mozilla/5.0 AppleWebKit/537.36 (KHTML, like Gecko; compatible; GPTBot/1.2; +https://openai.com/gptbot)"
18.203.42.36 - - [17/Apr/2025:10:53:11 -0400] "GET /robots.txt HTTP/1.1" 200 112 "-" "Mozilla/5.0 (Macintosh; Intel Mac OS X 10_15_7) AppleWebKit/537.36 (KHTML, like Gecko) Chrome/111.0.0.0 Safari/537.36"
198.54.114.83 - - [17/Apr/2025:10:53:14 -0400] "POST /wp-cron.php?doing_wp_cron=1744901592.3370449542999267578125 HTTP/1.1" 200 0 "-" "WordPress/6.8; https://freelancingclients.com"
20.171.207.125 - - [17/Apr/2025:10:53:16 -0400] "GET /harnessing-the-healing-power-of-wasp-wild-herbs-for-rheumatism-relief/ HTTP/1.1" 200 10311 "-" "Mozilla/5.0 AppleWebKit/537.36 (KHTML, like Gecko; compatible; GPTBot/1.2; +https://openai.com/gptbot)"
20.171.207.125 - - [17/Apr/2025:10:53:34 -0400] "GET /wp-json/wp/v2/posts/308 HTTP/1.1" 200 13899 "-" "Mozilla/5.0 AppleWebKit/537.36 (KHTML, like Gecko; compatible; GPTBot/1.2; +https://openai.com/gptbot)"
18.203.42.36 - - [17/Apr/2025:10:53:42 -0400] "GET /sitemap_index.xml HTTP/1.1" 200 299 "https://freelancingclients.com/robots.txt" "Mozilla/5.0 (Macintosh; Intel Mac OS X 10_15_7) AppleWebKit/537.36 (KHTML, like Gecko) Chrome/111.0.0.0 Safari/537.36"
20.171.207.125 - - [17/Apr/2025:10:54:02 -0400] "GET /choosing-the-best-kitchen-cabinet-manufacturers-what-you-need-to-know/ HTTP/1.1" 200 10235 "-" "Mozilla/5.0 AppleWebKit/537.36 (KHTML, like Gecko; compatible; GPTBot/1.2; +https://openai.com/gptbot)"
20.171.207.125 - - [17/Apr/2025:10:54:18 -0400] "GET /wp-json/wp/v2/posts/306 HTTP/1.1" 200 16193 "-" "Mozilla/5.0 AppleWebKit/537.36 (KHTML, like Gecko; compatible; GPTBot/1.2; +https://openai.com/gptbot)"
198.54.114.83 - - [17/Apr/2025:10:54:21 -0400] "POST /wp-cron.php?doing_wp_cron=1744901659.4503300189971923828125 HTTP/1.1" 200 0 "-" "WordPress/6.8; https://freelancingclients.com"
20.171.207.125 - - [17/Apr/2025:10:54:48 -0400] "GET /the-allure-of-online-casinos-entertainment-at-your-fingertips/ HTTP/1.1" 200 11187 "-" "Mozilla/5.0 AppleWebKit/537.36 (KHTML, like Gecko; compatible; GPTBot/1.2; +https://openai.com/gptbot)"
20.171.207.125 - - [17/Apr/2025:10:55:06 -0400] "GET /wp-json/wp/v2/posts/287 HTTP/1.1" 200 10566 "-" "Mozilla/5.0 AppleWebKit/537.36 (KHTML, like Gecko; compatible; GPTBot/1.2; +https://openai.com/gptbot)"
20.171.207.125 - - [17/Apr/2025:10:55:30 -0400] "GET /contemporary-elegance-modern-kitchen-cabinets/ HTTP/1.1" 200 10492 "-" "Mozilla/5.0 AppleWebKit/537.36 (KHTML, like Gecko; compatible; GPTBot/1.2; +https://openai.com/gptbot)"
20.171.207.125 - - [17/Apr/2025:10:55:49 -0400] "GET /wp-json/wp/v2/posts/260 HTTP/1.1" 200 11788 "-" "Mozilla/5.0 AppleWebKit/537.36 (KHTML, like Gecko; compatible; GPTBot/1.2; +https://openai.com/gptbot)"
20.171.207.125 - - [17/Apr/2025:10:56:15 -0400] "GET /exploring-auschwitz-through-guided-tours/ HTTP/1.1" 200 10528 "-" "Mozilla/5.0 AppleWebKit/537.36 (KHTML, like Gecko; compatible; GPTBot/1.2; +https://openai.com/gptbot)"
20.171.207.125 - - [17/Apr/2025:10:56:46 -0400] "GET /?p=3413 HTTP/1.1" 301 0 "-" "Mozilla/5.0 AppleWebKit/537.36 (KHTML, like Gecko; compatible; GPTBot/1.2; +https://openai.com/gptbot)"
198.54.114.83 - - [17/Apr/2025:10:56:50 -0400] "POST /wp-cron.php?doing_wp_cron=1744901807.0784580707550048828125 HTTP/1.1" 200 0 "-" "WordPress/6.8; https://freelancingclients.com"
20.171.207.125 - - [17/Apr/2025:10:57:30 -0400] "GET /?p=3406 HTTP/1.1" 301 0 "-" "Mozilla/5.0 AppleWebKit/537.36 (KHTML, like Gecko; compatible; GPTBot/1.2; +https://openai.com/gptbot)"
20.171.207.125 - - [17/Apr/2025:10:58:13 -0400] "GET /?p=3408 HTTP/1.1" 301 0 "-" "Mozilla/5.0 AppleWebKit/537.36 (KHTML, like Gecko; compatible; GPTBot/1.2; +https://openai.com/gptbot)"
198.54.114.83 - - [17/Apr/2025:10:58:17 -0400] "POST /wp-cron.php?doing_wp_cron=1744901895.0849640369415283203125 HTTP/1.1" 200 0 "-" "WordPress/6.8; https://freelancingclients.com"
43.154.87.57 - - [17/Apr/2025:10:58:52 -0400] "GET /fenbendazole-in-the-lab/ HTTP/1.1" 200 10393 "-" "Python/3.10 aiohttp/3.10.5"
20.171.207.125 - - [17/Apr/2025:10:58:56 -0400] "GET /add-a-feminine-touch-to-your-wardrobe-with-a-leather-bucket-bag/ HTTP/1.1" 200 10450 "-" "Mozilla/5.0 AppleWebKit/537.36 (KHTML, like Gecko; compatible; GPTBot/1.2; +https://openai.com/gptbot)"
198.54.114.83 - - [17/Apr/2025:10:59:37 -0400] "POST /wp-cron.php?doing_wp_cron=1744901975.9078500270843505859375 HTTP/1.1" 200 0 "-" "WordPress/6.8; https://freelancingclients.com"
20.171.207.125 - - [17/Apr/2025:10:59:35 -0400] "GET /choosing-the-best-kitchen-cabinet-manufacturers-what-you-need-to-know/feed/ HTTP/1.1" 200 449 "-" "Mozilla/5.0 AppleWebKit/537.36 (KHTML, like Gecko; compatible; GPTBot/1.2; +https://openai.com/gptbot)"
20.171.207.125 - - [17/Apr/2025:11:00:06 -0400] "GET /?p=3397 HTTP/1.1" 301 0 "-" "Mozilla/5.0 AppleWebKit/537.36 (KHTML, like Gecko; compatible; GPTBot/1.2; +https://openai.com/gptbot)"
20.171.207.125 - - [17/Apr/2025:11:00:15 -0400] "GET /harnessing-the-healing-power-of-wasp-wild-herbs-for-rheumatism-relief/feed/ HTTP/1.1" 200 448 "-" "Mozilla/5.0 AppleWebKit/537.36 (KHTML, like Gecko; compatible; GPTBot/1.2; +https://openai.com/gptbot)"
20.171.207.125 - - [17/Apr/2025:11:00:48 -0400] "GET /?p=3399 HTTP/1.1" 301 0 "-" "Mozilla/5.0 AppleWebKit/537.36 (KHTML, like Gecko; compatible; GPTBot/1.2; +https://openai.com/gptbot)"
198.54.114.83 - - [17/Apr/2025:11:00:51 -0400] "POST /wp-cron.php?doing_wp_cron=1744902049.0440969467163085937500 HTTP/1.1" 200 0 "-" "WordPress/6.8; https://freelancingclients.com"
20.171.207.125 - - [17/Apr/2025:11:00:57 -0400] "GET /the-allure-of-online-casinos-entertainment-at-your-fingertips/feed/ HTTP/1.1" 200 431 "-" "Mozilla/5.0 AppleWebKit/537.36 (KHTML, like Gecko; compatible; GPTBot/1.2; +https://openai.com/gptbot)"
20.171.207.125 - - [17/Apr/2025:11:01:30 -0400] "GET /?p=333 HTTP/1.1" 301 0 "-" "Mozilla/5.0 AppleWebKit/537.36 (KHTML, like Gecko; compatible; GPTBot/1.2; +https://openai.com/gptbot)"
20.171.207.125 - - [17/Apr/2025:11:01:37 -0400] "GET /what-accessories-can-we-expect-for-the-ps4/ HTTP/1.1" 200 10281 "-" "Mozilla/5.0 AppleWebKit/537.36 (KHTML, like Gecko; compatible; GPTBot/1.2; +https://openai.com/gptbot)"
198.54.114.83 - - [17/Apr/2025:11:02:09 -0400] "POST /wp-cron.php?doing_wp_cron=1744902128.3442730903625488281250 HTTP/1.1" 200 0 "-" "WordPress/6.8; https://freelancingclients.com"
20.171.207.125 - - [17/Apr/2025:11:02:08 -0400] "GET /add-a-feminine-touch-to-your-wardrobe-with-a-leather-bucket-bag/feed/ HTTP/1.1" 200 443 "-" "Mozilla/5.0 AppleWebKit/537.36 (KHTML, like Gecko; compatible; GPTBot/1.2; +https://openai.com/gptbot)"
198.54.114.83 - - [17/Apr/2025:11:02:10 -0400] "POST /wp-admin/admin-ajax.php?action=async_litespeed&nonce=Err06yWh1sgHPz6OuvyuZdh1G6KkpKpY&litespeed_type=imgoptm HTTP/1.1" 200 0 "-" "WordPress/6.8; https://freelancingclients.com"
20.171.207.125 - - [17/Apr/2025:11:02:50 -0400] "GET /contemporary-elegance-modern-kitchen-cabinets/feed/ HTTP/1.1" 200 414 "-" "Mozilla/5.0 AppleWebKit/537.36 (KHTML, like Gecko; compatible; GPTBot/1.2; +https://openai.com/gptbot)"
20.171.207.125 - - [17/Apr/2025:11:03:15 -0400] "GET /?p=317 HTTP/1.1" 301 0 "-" "Mozilla/5.0 AppleWebKit/537.36 (KHTML, like Gecko; compatible; GPTBot/1.2; +https://openai.com/gptbot)"
20.171.207.125 - - [17/Apr/2025:11:03:31 -0400] "GET /exploring-auschwitz-through-guided-tours/feed/ HTTP/1.1" 200 409 "-" "Mozilla/5.0 AppleWebKit/537.36 (KHTML, like Gecko; compatible; GPTBot/1.2; +https://openai.com/gptbot)"
198.54.114.83 - - [17/Apr/2025:11:03:33 -0400] "POST /wp-cron.php?doing_wp_cron=1744902212.2360620498657226562500 HTTP/1.1" 200 0 "-" "WordPress/6.8; https://freelancingclients.com"
20.171.207.125 - - [17/Apr/2025:11:03:55 -0400] "GET /what-accessories-can-we-expect-for-the-ps4/feed/ HTTP/1.1" 200 419 "-" "Mozilla/5.0 AppleWebKit/537.36 (KHTML, like Gecko; compatible; GPTBot/1.2; +https://openai.com/gptbot)"
20.171.207.125 - - [17/Apr/2025:11:04:37 -0400] "GET /how-to-win-at-tennis-prediction/ HTTP/1.1" 200 10665 "-" "Mozilla/5.0 AppleWebKit/537.36 (KHTML, like Gecko; compatible; GPTBot/1.2; +https://openai.com/gptbot)"
198.54.114.83 - - [17/Apr/2025:11:05:18 -0400] "POST /wp-cron.php?doing_wp_cron=1744902317.8116500377655029296875 HTTP/1.1" 200 0 "-" "WordPress/6.8; https://freelancingclients.com"
20.171.207.125 - - [17/Apr/2025:11:05:17 -0400] "GET /xmlrpc.php HTTP/1.1" 405 46 "-" "Mozilla/5.0 AppleWebKit/537.36 (KHTML, like Gecko; compatible; GPTBot/1.2; +https://openai.com/gptbot)"
198.54.114.83 - - [17/Apr/2025:11:05:20 -0400] "POST /wp-admin/admin-ajax.php?action=async_litespeed&nonce=Y1cCMGueyUrvQqMSRZdKIcnLRLzipJps&litespeed_type=imgoptm HTTP/1.1" 200 0 "-" "WordPress/6.8; https://freelancingclients.com"
198.54.114.83 - - [17/Apr/2025:11:06:04 -0400] "POST /wp-cron.php?doing_wp_cron=1744902363.8647480010986328125000 HTTP/1.1" 200 0 "-" "WordPress/6.8; https://freelancingclients.com"
20.171.207.125 - - [17/Apr/2025:11:06:03 -0400] "GET /flathead-lake-boat-tours-2/ HTTP/1.1" 200 9869 "-" "Mozilla/5.0 AppleWebKit/537.36 (KHTML, like Gecko; compatible; GPTBot/1.2; +https://openai.com/gptbot)"
143.198.237.20 - - [17/Apr/2025:11:06:33 -0400] "GET /wp-login.php HTTP/1.1" 200 1725 "-" "Mozilla/5.0 (X11; Linux x86_64; rv:121.0) Gecko/20100101 Firefox/121.0"
143.198.237.20 - - [17/Apr/2025:11:06:35 -0400] "POST /wp-login.php HTTP/1.1" 200 1842 "-" "Mozilla/5.0 (X11; Linux x86_64; rv:121.0) Gecko/20100101 Firefox/121.0"
20.171.207.125 - - [17/Apr/2025:11:06:39 -0400] "GET /?p=319 HTTP/1.1" 301 0 "-" "Mozilla/5.0 AppleWebKit/537.36 (KHTML, like Gecko; compatible; GPTBot/1.2; +https://openai.com/gptbot)"
143.198.237.20 - - [17/Apr/2025:11:06:40 -0400] "POST /wp-login.php HTTP/1.1" 200 1835 "-" "Mozilla/5.0 (X11; Linux x86_64; rv:121.0) Gecko/20100101 Firefox/121.0"
20.171.207.125 - - [17/Apr/2025:11:06:46 -0400] "GET /polson-boat-rentals-2/ HTTP/1.1" 200 9906 "-" "Mozilla/5.0 AppleWebKit/537.36 (KHTML, like Gecko; compatible; GPTBot/1.2; +https://openai.com/gptbot)"
198.54.114.83 - - [17/Apr/2025:11:07:23 -0400] "POST /wp-cron.php?doing_wp_cron=1744902442.3003239631652832031250 HTTP/1.1" 200 0 "-" "WordPress/6.8; https://freelancingclients.com"
20.171.207.125 - - [17/Apr/2025:11:07:21 -0400] "GET /how-to-win-at-tennis-prediction/feed/ HTTP/1.1" 200 402 "-" "Mozilla/5.0 AppleWebKit/537.36 (KHTML, like Gecko; compatible; GPTBot/1.2; +https://openai.com/gptbot)"
20.171.207.125 - - [17/Apr/2025:11:07:29 -0400] "GET /unveiling-the-cabinets-manufacturer/ HTTP/1.1" 200 10225 "-" "Mozilla/5.0 AppleWebKit/537.36 (KHTML, like Gecko; compatible; GPTBot/1.2; +https://openai.com/gptbot)"
2a02:598:96:8a00::1200:13b - - [17/Apr/2025:11:07:35 -0400] "GET /best-free-qr-code-generator-tools/ HTTP/1.1" 200 9999 "-" "Mozilla/5.0 (compatible; SeznamBot/4.0; +https://o-seznam.cz/napoveda/vyhledavani/en/seznambot-crawler/)"
20.171.207.125 - - [17/Apr/2025:11:08:06 -0400] "GET /flathead-lake-boat-tours/ HTTP/1.1" 200 10876 "-" "Mozilla/5.0 AppleWebKit/537.36 (KHTML, like Gecko; compatible; GPTBot/1.2; +https://openai.com/gptbot)"
20.171.207.125 - - [17/Apr/2025:11:08:12 -0400] "GET /choosing-the-right-manufacturer/ HTTP/1.1" 200 10320 "-" "Mozilla/5.0 AppleWebKit/537.36 (KHTML, like Gecko; compatible; GPTBot/1.2; +https://openai.com/gptbot)"
198.54.114.83 - - [17/Apr/2025:11:08:53 -0400] "POST /wp-cron.php?doing_wp_cron=1744902532.4139969348907470703125 HTTP/1.1" 200 0 "-" "WordPress/6.8; https://freelancingclients.com"
20.171.207.125 - - [17/Apr/2025:11:08:51 -0400] "GET /a-journey-through-enchantment/ HTTP/1.1" 200 10281 "-" "Mozilla/5.0 AppleWebKit/537.36 (KHTML, like Gecko; compatible; GPTBot/1.2; +https://openai.com/gptbot)"
20.171.207.125 - - [17/Apr/2025:11:09:37 -0400] "GET /the-modern-cabinet-manufacturer/ HTTP/1.1" 200 10396 "-" "Mozilla/5.0 AppleWebKit/537.36 (KHTML, like Gecko; compatible; GPTBot/1.2; +https://openai.com/gptbot)"
20.171.207.125 - - [17/Apr/2025:11:10:13 -0400] "GET /?p=3389 HTTP/1.1" 301 0 "-" "Mozilla/5.0 AppleWebKit/537.36 (KHTML, like Gecko; compatible; GPTBot/1.2; +https://openai.com/gptbot)"
198.54.114.83 - - [17/Apr/2025:11:10:16 -0400] "POST /wp-cron.php?doing_wp_cron=1744902614.4559841156005859375000 HTTP/1.1" 200 0 "-" "WordPress/6.8; https://freelancingclients.com"
20.171.207.125 - - [17/Apr/2025:11:10:19 -0400] "GET /strategies-for-sustainable-growth/ HTTP/1.1" 200 11820 "-" "Mozilla/5.0 AppleWebKit/537.36 (KHTML, like Gecko; compatible; GPTBot/1.2; +https://openai.com/gptbot)"
114.119.153.191 - - [17/Apr/2025:11:10:48 -0400] "GET /page/116/ HTTP/1.1" 200 9696 "https://freelancingclients.com/page/115/" "Mozilla/5.0 (Linux; Android 7.0;) AppleWebKit/537.36 (KHTML, like Gecko) Mobile Safari/537.36 (compatible; PetalBot;+https://webmaster.petalsearch.com/site/petalbot)"
20.171.207.125 - - [17/Apr/2025:11:10:58 -0400] "GET /?p=3404 HTTP/1.1" 301 0 "-" "Mozilla/5.0 AppleWebKit/537.36 (KHTML, like Gecko; compatible; GPTBot/1.2; +https://openai.com/gptbot)"
20.171.207.125 - - [17/Apr/2025:11:11:45 -0400] "GET /?p=330 HTTP/1.1" 301 0 "-" "Mozilla/5.0 AppleWebKit/537.36 (KHTML, like Gecko; compatible; GPTBot/1.2; +https://openai.com/gptbot)"
198.54.114.83 - - [17/Apr/2025:11:11:47 -0400] "POST /wp-cron.php?doing_wp_cron=1744902706.3853139877319335937500 HTTP/1.1" 200 0 "-" "WordPress/6.8; https://freelancingclients.com"
101.32.75.188 - - [17/Apr/2025:11:12:07 -0400] "GET /the-best-massage-gun/ HTTP/1.1" 200 10584 "-" "Python/3.10 aiohttp/3.10.5"
114.119.138.170 - - [17/Apr/2025:11:12:13 -0400] "GET /category/activity/page/88/ HTTP/1.1" 200 10280 "https://freelancingclients.com/category/activity/page/89/" "Mozilla/5.0 (Linux; Android 7.0;) AppleWebKit/537.36 (KHTML, like Gecko) Mobile Safari/537.36 (compatible; PetalBot;+https://webmaster.petalsearch.com/site/petalbot)"
20.171.207.125 - - [17/Apr/2025:11:12:27 -0400] "GET /?p=323 HTTP/1.1" 301 0 "-" "Mozilla/5.0 AppleWebKit/537.36 (KHTML, like Gecko; compatible; GPTBot/1.2; +https://openai.com/gptbot)"
20.171.207.125 - - [17/Apr/2025:11:13:12 -0400] "GET /?p=325 HTTP/1.1" 301 0 "-" "Mozilla/5.0 AppleWebKit/537.36 (KHTML, like Gecko; compatible; GPTBot/1.2; +https://openai.com/gptbot)"
198.54.114.83 - - [17/Apr/2025:11:13:15 -0400] "POST /wp-cron.php?doing_wp_cron=1744902793.6583991050720214843750 HTTP/1.1" 200 0 "-" "WordPress/6.8; https://freelancingclients.com"
20.171.207.125 - - [17/Apr/2025:11:13:39 -0400] "GET /?p=3402 HTTP/1.1" 301 0 "-" "Mozilla/5.0 AppleWebKit/537.36 (KHTML, like Gecko; compatible; GPTBot/1.2; +https://openai.com/gptbot)"
20.171.207.125 - - [17/Apr/2025:11:13:58 -0400] "GET /xmlrpc.php HTTP/1.1" 405 46 "-" "Mozilla/5.0 AppleWebKit/537.36 (KHTML, like Gecko; compatible; GPTBot/1.2; +https://openai.com/gptbot)"
20.171.207.125 - - [17/Apr/2025:11:14:26 -0400] "GET /?p=3410 HTTP/1.1" 301 0 "-" "Mozilla/5.0 AppleWebKit/537.36 (KHTML, like Gecko; compatible; GPTBot/1.2; +https://openai.com/gptbot)"
198.54.114.83 - - [17/Apr/2025:11:14:29 -0400] "POST /wp-cron.php?doing_wp_cron=1744902866.9145979881286621093750 HTTP/1.1" 200 0 "-" "WordPress/6.8; https://freelancingclients.com"
20.171.207.125 - - [17/Apr/2025:11:14:46 -0400] "GET /flathead-lake-boat-tours-2/feed/ HTTP/1.1" 200 394 "-" "Mozilla/5.0 AppleWebKit/537.36 (KHTML, like Gecko; compatible; GPTBot/1.2; +https://openai.com/gptbot)"
20.171.207.125 - - [17/Apr/2025:11:15:16 -0400] "GET /?p=3394 HTTP/1.1" 301 0 "-" "Mozilla/5.0 AppleWebKit/537.36 (KHTML, like Gecko; compatible; GPTBot/1.2; +https://openai.com/gptbot)"
20.171.207.125 - - [17/Apr/2025:11:15:34 -0400] "GET /unveiling-the-cabinets-manufacturer/feed/ HTTP/1.1" 200 400 "-" "Mozilla/5.0 AppleWebKit/537.36 (KHTML, like Gecko; compatible; GPTBot/1.2; +https://openai.com/gptbot)"
198.54.114.83 - - [17/Apr/2025:11:15:38 -0400] "POST /wp-cron.php?doing_wp_cron=1744902934.6007759571075439453125 HTTP/1.1" 200 0 "-" "WordPress/6.8; https://freelancingclients.com"
20.171.207.125 - - [17/Apr/2025:11:16:04 -0400] "GET /strategies-for-sustainable-growth/feed/ HTTP/1.1" 200 397 "-" "Mozilla/5.0 AppleWebKit/537.36 (KHTML, like Gecko; compatible; GPTBot/1.2; +https://openai.com/gptbot)"
20.171.207.125 - - [17/Apr/2025:11:16:48 -0400] "GET /polson-boat-rentals/ HTTP/1.1" 200 10156 "-" "Mozilla/5.0 AppleWebKit/537.36 (KHTML, like Gecko; compatible; GPTBot/1.2; +https://openai.com/gptbot)"
198.54.114.83 - - [17/Apr/2025:11:16:51 -0400] "POST /wp-cron.php?doing_wp_cron=1744903009.4600949287414550781250 HTTP/1.1" 200 0 "-" "WordPress/6.8; https://freelancingclients.com"
20.171.207.125 - - [17/Apr/2025:11:17:10 -0400] "GET /guerlain-mon-guerlain-rezension/ HTTP/1.1" 200 11555 "-" "Mozilla/5.0 AppleWebKit/537.36 (KHTML, like Gecko; compatible; GPTBot/1.2; +https://openai.com/gptbot)"
20.171.207.125 - - [17/Apr/2025:11:17:36 -0400] "GET /choosing-the-right-manufacturer/feed/ HTTP/1.1" 200 399 "-" "Mozilla/5.0 AppleWebKit/537.36 (KHTML, like Gecko; compatible; GPTBot/1.2; +https://openai.com/gptbot)"
20.171.207.125 - - [17/Apr/2025:11:17:56 -0400] "GET /the-modern-cabinet-manufacturer/feed/ HTTP/1.1" 200 398 "-" "Mozilla/5.0 AppleWebKit/537.36 (KHTML, like Gecko; compatible; GPTBot/1.2; +https://openai.com/gptbot)"
198.54.114.83 - - [17/Apr/2025:11:18:01 -0400] "POST /wp-cron.php?doing_wp_cron=1744903077.0438299179077148437500 HTTP/1.1" 200 0 "-" "WordPress/6.8; https://freelancingclients.com"
20.171.207.125 - - [17/Apr/2025:11:18:41 -0400] "GET /a-journey-through-enchantment/feed/ HTTP/1.1" 200 396 "-" "Mozilla/5.0 AppleWebKit/537.36 (KHTML, like Gecko; compatible; GPTBot/1.2; +https://openai.com/gptbot)"
198.54.114.83 - - [17/Apr/2025:11:19:29 -0400] "POST /wp-cron.php?doing_wp_cron=1744903168.3106060028076171875000 HTTP/1.1" 200 0 "-" "WordPress/6.8; https://freelancingclients.com"
20.171.207.125 - - [17/Apr/2025:11:19:27 -0400] "GET /plantation-shutters-gateshead/ HTTP/1.1" 200 9579 "-" "Mozilla/5.0 AppleWebKit/537.36 (KHTML, like Gecko; compatible; GPTBot/1.2; +https://openai.com/gptbot)"
20.171.207.125 - - [17/Apr/2025:11:20:13 -0400] "GET /flathead-lake-boat-tours/feed/ HTTP/1.1" 200 393 "-" "Mozilla/5.0 AppleWebKit/537.36 (KHTML, like Gecko; compatible; GPTBot/1.2; +https://openai.com/gptbot)"
20.171.207.125 - - [17/Apr/2025:11:20:41 -0400] "GET /favicon.ico HTTP/1.1" 404 1251 "-" "Mozilla/5.0 AppleWebKit/537.36 (KHTML, like Gecko; compatible; GPTBot/1.2; +https://openai.com/gptbot)"
198.54.114.83 - - [17/Apr/2025:11:21:00 -0400] "POST /wp-cron.php?doing_wp_cron=1744903260.0102400779724121093750 HTTP/1.1" 200 0 "-" "WordPress/6.8; https://freelancingclients.com"
20.171.207.125 - - [17/Apr/2025:11:20:59 -0400] "GET /polson-boat-rentals-2/feed/ HTTP/1.1" 200 389 "-" "Mozilla/5.0 AppleWebKit/537.36 (KHTML, like Gecko; compatible; GPTBot/1.2; +https://openai.com/gptbot)"
198.54.114.83 - - [17/Apr/2025:11:21:01 -0400] "POST /wp-admin/admin-ajax.php?action=async_litespeed&nonce=7xVwgQAPt8BsZoh3yLcLymnjevv62OkS&litespeed_type=imgoptm HTTP/1.1" 200 0 "-" "WordPress/6.8; https://freelancingclients.com"
20.171.207.125 - - [17/Apr/2025:11:21:25 -0400] "GET /?p=2032 HTTP/1.1" 301 0 "-" "Mozilla/5.0 AppleWebKit/537.36 (KHTML, like Gecko; compatible; GPTBot/1.2; +https://openai.com/gptbot)"
198.54.114.83 - - [17/Apr/2025:11:21:27 -0400] "POST /wp-cron.php?doing_wp_cron=1744903286.0737900733947753906250 HTTP/1.1" 200 0 "-" "WordPress/6.8; https://freelancingclients.com"
2a03:2880:f800:17:: - - [17/Apr/2025:11:21:32 -0400] "GET /brownie-cake/ HTTP/1.1" 200 9775 "-" "meta-externalagent/1.1 (+https://developers.facebook.com/docs/sharing/webmasters/crawler)"
20.171.207.125 - - [17/Apr/2025:11:21:41 -0400] "GET /moroccan-tiles/ HTTP/1.1" 200 10980 "-" "Mozilla/5.0 AppleWebKit/537.36 (KHTML, like Gecko; compatible; GPTBot/1.2; +https://openai.com/gptbot)"
20.171.207.125 - - [17/Apr/2025:11:22:10 -0400] "GET /?p=328 HTTP/1.1" 301 0 "-" "Mozilla/5.0 AppleWebKit/537.36 (KHTML, like Gecko; compatible; GPTBot/1.2; +https://openai.com/gptbot)"
20.171.207.125 - - [17/Apr/2025:11:22:27 -0400] "GET /wp-json/wp/v2/posts/3397 HTTP/1.1" 200 11660 "-" "Mozilla/5.0 AppleWebKit/537.36 (KHTML, like Gecko; compatible; GPTBot/1.2; +https://openai.com/gptbot)"
198.54.114.83 - - [17/Apr/2025:11:22:30 -0400] "POST /wp-cron.php?doing_wp_cron=1744903348.1677930355072021484375 HTTP/1.1" 200 0 "-" "WordPress/6.8; https://freelancingclients.com"
20.171.207.125 - - [17/Apr/2025:11:22:52 -0400] "GET /xmlrpc.php HTTP/1.1" 405 46 "-" "Mozilla/5.0 AppleWebKit/537.36 (KHTML, like Gecko; compatible; GPTBot/1.2; +https://openai.com/gptbot)"
198.54.114.83 - - [17/Apr/2025:11:23:34 -0400] "POST /wp-cron.php?doing_wp_cron=1744903412.6053891181945800781250 HTTP/1.1" 200 0 "-" "WordPress/6.8; https://freelancingclients.com"
2a02:598:96:8a00::1200:13b - - [17/Apr/2025:11:23:31 -0400] "GET /the-mairdi-headset/ HTTP/1.1" 200 10529 "-" "Mozilla/5.0 (compatible; SeznamBot/4.0; +https://o-seznam.cz/napoveda/vyhledavani/en/seznambot-crawler/)"
20.171.207.125 - - [17/Apr/2025:11:23:40 -0400] "GET /guerlain-mon-guerlain-rezension/feed/ HTTP/1.1" 200 391 "-" "Mozilla/5.0 AppleWebKit/537.36 (KHTML, like Gecko; compatible; GPTBot/1.2; +https://openai.com/gptbot)"
20.171.207.125 - - [17/Apr/2025:11:24:12 -0400] "GET /?p=321 HTTP/1.1" 301 0 "-" "Mozilla/5.0 AppleWebKit/537.36 (KHTML, like Gecko; compatible; GPTBot/1.2; +https://openai.com/gptbot)"
20.171.207.125 - - [17/Apr/2025:11:24:23 -0400] "GET /polson-boat-rentals/feed/ HTTP/1.1" 200 387 "-" "Mozilla/5.0 AppleWebKit/537.36 (KHTML, like Gecko; compatible; GPTBot/1.2; +https://openai.com/gptbot)"
198.54.114.83 - - [17/Apr/2025:11:24:54 -0400] "POST /wp-cron.php?doing_wp_cron=1744903494.0039360523223876953125 HTTP/1.1" 200 0 "-" "WordPress/6.8; https://freelancingclients.com"
20.171.207.125 - - [17/Apr/2025:11:24:52 -0400] "GET /?p=312 HTTP/1.1" 301 0 "-" "Mozilla/5.0 AppleWebKit/537.36 (KHTML, like Gecko; compatible; GPTBot/1.2; +https://openai.com/gptbot)"
198.54.114.83 - - [17/Apr/2025:11:24:56 -0400] "POST /wp-admin/admin-ajax.php?action=async_litespeed&nonce=hJdqYdstwZzU8YSMa2xKHQ3jBmec5Zyg&litespeed_type=imgoptm HTTP/1.1" 200 0 "-" "WordPress/6.8; https://freelancingclients.com"
198.54.114.83 - - [17/Apr/2025:11:25:39 -0400] "POST /wp-cron.php?doing_wp_cron=1744903538.5229349136352539062500 HTTP/1.1" 200 0 "-" "WordPress/6.8; https://freelancingclients.com"
20.171.207.125 - - [17/Apr/2025:11:25:37 -0400] "GET /plantation-shutters-gateshead/feed/ HTTP/1.1" 200 385 "-" "Mozilla/5.0 AppleWebKit/537.36 (KHTML, like Gecko; compatible; GPTBot/1.2; +https://openai.com/gptbot)"
124.156.110.185 - - [17/Apr/2025:11:26:13 -0400] "GET /fenben-lab-fenbendazole-enhances-the-effectiveness-of-other-cancer-treatments/ HTTP/1.1" 200 10544 "-" "Python/3.10 aiohttp/3.10.5"
198.54.114.83 - - [17/Apr/2025:11:26:15 -0400] "POST /wp-cron.php?doing_wp_cron=1744903573.8577270507812500000000 HTTP/1.1" 200 0 "-" "WordPress/6.8; https://freelancingclients.com"
20.171.207.125 - - [17/Apr/2025:11:26:22 -0400] "GET /wp-content/uploads/2023/06/synthesize-10.mp3 HTTP/1.1" 200 25824 "-" "Mozilla/5.0 AppleWebKit/537.36 (KHTML, like Gecko; compatible; GPTBot/1.2; +https://openai.com/gptbot)"
35.208.75.154 - - [17/Apr/2025:11:27:02 -0400] "HEAD / HTTP/1.1" 200 0 "-" "scalaj-http/2.4.2"
20.171.207.125 - - [17/Apr/2025:11:27:04 -0400] "GET /wp-json/wp/v2/posts/3404 HTTP/1.1" 200 10768 "-" "Mozilla/5.0 AppleWebKit/537.36 (KHTML, like Gecko; compatible; GPTBot/1.2; +https://openai.com/gptbot)"
35.208.75.154 - - [17/Apr/2025:11:27:05 -0400] "GET / HTTP/1.1" 200 10016 "-" "Buck/2.4.3; (+https://app.hypefactors.com/media-monitoring/about.html)"
35.208.75.154 - - [17/Apr/2025:11:27:06 -0400] "GET /robots.txt HTTP/1.1" 200 112 "-" "Buck/2.4.3; (+https://app.hypefactors.com/media-monitoring/about.html)"
2a02:598:64:8a00::3100:4 - - [17/Apr/2025:11:27:27 -0400] "GET /flathead-lake-boat-tours/ HTTP/1.1" 200 10876 "-" "Mozilla/5.0 (compatible; SeznamBot/4.0; +https://o-seznam.cz/napoveda/vyhledavani/en/seznambot-crawler/)"
198.54.114.83 - - [17/Apr/2025:11:27:40 -0400] "POST /wp-cron.php?doing_wp_cron=1744903658.1972479820251464843750 HTTP/1.1" 200 0 "-" "WordPress/6.8; https://freelancingclients.com"
35.208.75.154 - - [17/Apr/2025:11:27:37 -0400] "GET /feed/ HTTP/1.1" 200 573951 "-" "Buck/2.4.3; (+https://app.hypefactors.com/media-monitoring/about.html)"
35.208.75.154 - - [17/Apr/2025:11:27:46 -0400] "GET /sitemap_index.xml HTTP/1.1" 200 299 "-" "Buck/2.4.3; (+https://app.hypefactors.com/media-monitoring/about.html)"
20.171.207.125 - - [17/Apr/2025:11:27:49 -0400] "GET /wp-json/wp/v2/posts/3399 HTTP/1.1" 200 11458 "-" "Mozilla/5.0 AppleWebKit/537.36 (KHTML, like Gecko; compatible; GPTBot/1.2; +https://openai.com/gptbot)"
20.171.207.125 - - [17/Apr/2025:11:27:51 -0400] "GET /wp-json/wp/v2/posts/3389 HTTP/1.1" 200 11003 "-" "Mozilla/5.0 AppleWebKit/537.36 (KHTML, like Gecko; compatible; GPTBot/1.2; +https://openai.com/gptbot)"
2a02:598:96:8a00::1200:13b - - [17/Apr/2025:11:28:23 -0400] "GET /best-homes-for-sale-in-portland-oregon/ HTTP/1.1" 200 10508 "-" "Mozilla/5.0 (compatible; SeznamBot/4.0; +https://o-seznam.cz/napoveda/vyhledavani/en/seznambot-crawler/)"
20.171.207.125 - - [17/Apr/2025:11:31:59 -0400] "GET /page/18/ HTTP/1.1" 200 10161 "-" "Mozilla/5.0 AppleWebKit/537.36 (KHTML, like Gecko; compatible; GPTBot/1.2; +https://openai.com/gptbot)"
198.54.114.83 - - [17/Apr/2025:11:32:02 -0400] "POST /wp-cron.php?doing_wp_cron=1744903919.9670639038085937500000 HTTP/1.1" 200 0 "-" "WordPress/6.8; https://freelancingclients.com"
20.171.207.125 - - [17/Apr/2025:11:32:46 -0400] "GET /page/144/ HTTP/1.1" 200 9882 "-" "Mozilla/5.0 AppleWebKit/537.36 (KHTML, like Gecko; compatible; GPTBot/1.2; +https://openai.com/gptbot)"
20.171.207.125 - - [17/Apr/2025:11:33:32 -0400] "GET /wp-json/wp/v2/posts/129 HTTP/1.1" 200 12391 "-" "Mozilla/5.0 AppleWebKit/537.36 (KHTML, like Gecko; compatible; GPTBot/1.2; +https://openai.com/gptbot)"
198.54.114.83 - - [17/Apr/2025:11:33:34 -0400] "POST /wp-cron.php?doing_wp_cron=1744904012.6613800525665283203125 HTTP/1.1" 200 0 "-" "WordPress/6.8; https://freelancingclients.com"
20.171.207.125 - - [17/Apr/2025:11:28:34 -0400] "GET /wp-json/wp/v2/posts/2032 HTTP/1.1" 200 13141 "-" "Mozilla/5.0 AppleWebKit/537.36 (KHTML, like Gecko; compatible; GPTBot/1.2; +https://openai.com/gptbot)"
20.171.207.125 - - [17/Apr/2025:11:28:35 -0400] "GET /wp-json/wp/v2/posts/3402 HTTP/1.1" 200 10997 "-" "Mozilla/5.0 AppleWebKit/537.36 (KHTML, like Gecko; compatible; GPTBot/1.2; +https://openai.com/gptbot)"
20.171.207.125 - - [17/Apr/2025:11:29:20 -0400] "GET /wp-json/wp/v2/posts/3394 HTTP/1.1" 200 15981 "-" "Mozilla/5.0 AppleWebKit/537.36 (KHTML, like Gecko; compatible; GPTBot/1.2; +https://openai.com/gptbot)"
20.171.207.125 - - [17/Apr/2025:11:29:19 -0400] "GET /wp-json/wp/v2/posts/3413 HTTP/1.1" 200 11737 "-" "Mozilla/5.0 AppleWebKit/537.36 (KHTML, like Gecko; compatible; GPTBot/1.2; +https://openai.com/gptbot)"
198.54.114.83 - - [17/Apr/2025:11:29:23 -0400] "POST /wp-cron.php?doing_wp_cron=1744903760.9524369239807128906250 HTTP/1.1" 200 0 "-" "WordPress/6.8; https://freelancingclients.com"
20.171.207.125 - - [17/Apr/2025:11:30:06 -0400] "GET /wp-json/wp/v2/posts/3406 HTTP/1.1" 200 11699 "-" "Mozilla/5.0 AppleWebKit/537.36 (KHTML, like Gecko; compatible; GPTBot/1.2; +https://openai.com/gptbot)"
143.198.237.20 - - [17/Apr/2025:11:30:32 -0400] "GET /wp-login.php HTTP/1.1" 200 1725 "-" "Mozilla/5.0 (Linux; Android 12; Redmi Note 9 Pro Build/SKQ1.211019.001; wv) AppleWebKit/537.36 (KHTML, like Gecko) Version/4.0 Chrome/126.0.6478.71 Mobile Safari/537.36"
20.171.207.125 - - [17/Apr/2025:11:30:52 -0400] "GET /wp-json/wp/v2/posts/3408 HTTP/1.1" 200 13645 "-" "Mozilla/5.0 AppleWebKit/537.36 (KHTML, like Gecko; compatible; GPTBot/1.2; +https://openai.com/gptbot)"
198.54.114.83 - - [17/Apr/2025:11:30:55 -0400] "POST /wp-cron.php?doing_wp_cron=1744903853.3975899219512939453125 HTTP/1.1" 200 0 "-" "WordPress/6.8; https://freelancingclients.com"
20.171.207.125 - - [17/Apr/2025:11:31:15 -0400] "GET /moroccan-tiles/feed/ HTTP/1.1" 200 377 "-" "Mozilla/5.0 AppleWebKit/537.36 (KHTML, like Gecko; compatible; GPTBot/1.2; +https://openai.com/gptbot)"
20.171.207.125 - - [17/Apr/2025:11:31:40 -0400] "GET /wp-json/wp/v2/posts/3410 HTTP/1.1" 200 10640 "-" "Mozilla/5.0 AppleWebKit/537.36 (KHTML, like Gecko; compatible; GPTBot/1.2; +https://openai.com/gptbot)"
20.171.207.125 - - [17/Apr/2025:11:34:19 -0400] "GET /wp-json/wp/v2/posts/148 HTTP/1.1" 200 12638 "-" "Mozilla/5.0 AppleWebKit/537.36 (KHTML, like Gecko; compatible; GPTBot/1.2; +https://openai.com/gptbot)"
150.109.108.171 - - [17/Apr/2025:11:34:20 -0400] "GET /crafting-compelling-animated-videos/ HTTP/1.1" 200 10730 "-" "Python/3.10 aiohttp/3.10.5"
20.171.207.125 - - [17/Apr/2025:11:34:39 -0400] "GET /optimisez-votre-croissance-avec-une-agence-de-marketing-numerique-pour-pme/ HTTP/1.1" 200 10608 "-" "Mozilla/5.0 AppleWebKit/537.36 (KHTML, like Gecko; compatible; GPTBot/1.2; +https://openai.com/gptbot)"
198.54.114.83 - - [17/Apr/2025:11:34:42 -0400] "POST /wp-cron.php?doing_wp_cron=1744904079.9470899105072021484375 HTTP/1.1" 200 0 "-" "WordPress/6.8; https://freelancingclients.com"
