66.249.68.132 - - [17/Apr/2025:23:17:49 -0400] "GET /wp-includes/css/dist/block-library/style.min.css?ver=6.8 HTTP/1.1" 200 14358 "https://freelancingclients.com/webinar-registration" "Mozilla/5.0 (Linux; Android 6.0.1; Nexus 5X Build/MMB29P) AppleWebKit/537.36 (KHTML, like Gecko) Chrome/134.0.6998.165 Mobile Safari/537.36 (compatible; Googlebot/2.1; +http://www.google.com/bot.html)"
66.249.68.132 - - [17/Apr/2025:23:17:51 -0400] "GET /wp-content/themes/newspaperly/js/script.js?ver=20160720 HTTP/1.1" 200 996 "https://freelancingclients.com/webinar-registration" "Mozilla/5.0 (Linux; Android 6.0.1; Nexus 5X Build/MMB29P) AppleWebKit/537.36 (KHTML, like Gecko) Chrome/134.0.6998.165 Mobile Safari/537.36 (compatible; Googlebot/2.1; +http://www.google.com/bot.html)"
66.249.68.132 - - [17/Apr/2025:23:17:54 -0400] "GET /wp-content/fonts/c72f40e02a47fae3159b9d954e6201db.css?ver=1.0 HTTP/1.1" 200 580 "https://freelancingclients.com/webinar-registration" "Mozilla/5.0 AppleWebKit/537.36 (KHTML, like Gecko; compatible; Googlebot/2.1; +http://www.google.com/bot.html) Chrome/134.0.6998.165 Safari/537.36"
66.249.68.132 - - [17/Apr/2025:23:17:56 -0400] "GET /wp-content/themes/daily-newspaper/style.css?ver=6.8 HTTP/1.1" 200 10155 "https://freelancingclients.com/webinar-registration" "Mozilla/5.0 (Linux; Android 6.0.1; Nexus 5X Build/MMB29P) AppleWebKit/537.36 (KHTML, like Gecko) Chrome/134.0.6998.165 Mobile Safari/537.36 (compatible; Googlebot/2.1; +http://www.google.com/bot.html)"
20.171.207.125 - - [17/Apr/2025:23:17:58 -0400] "GET /mobile-detailing-near-me/feed/ HTTP/1.1" 200 385 "-" "Mozilla/5.0 AppleWebKit/537.36 (KHTML, like Gecko; compatible; GPTBot/1.2; +https://openai.com/gptbot)"
66.249.68.132 - - [17/Apr/2025:23:17:59 -0400] "GET /wp-content/themes/newspaperly/js/jquery.flexslider.js?ver=20150423 HTTP/1.1" 200 11140 "https://freelancingclients.com/webinar-registration" "Mozilla/5.0 AppleWebKit/537.36 (KHTML, like Gecko; compatible; Googlebot/2.1; +http://www.google.com/bot.html) Chrome/134.0.6998.165 Safari/537.36"
66.249.68.132 - - [17/Apr/2025:23:18:02 -0400] "GET /wp-includes/js/wp-emoji-release.min.js?ver=6.8 HTTP/1.1" 200 4771 "https://freelancingclients.com/webinar-registration" "Mozilla/5.0 (Linux; Android 6.0.1; Nexus 5X Build/MMB29P) AppleWebKit/537.36 (KHTML, like Gecko) Chrome/134.0.6998.165 Mobile Safari/537.36 (compatible; Googlebot/2.1; +http://www.google.com/bot.html)"
20.171.207.125 - - [17/Apr/2025:23:18:18 -0400] "GET /die-mordren-pendelleuchte/feed/ HTTP/1.1" 200 387 "-" "Mozilla/5.0 AppleWebKit/537.36 (KHTML, like Gecko; compatible; GPTBot/1.2; +https://openai.com/gptbot)"
198.54.114.83 - - [17/Apr/2025:23:18:20 -0400] "POST /wp-cron.php?doing_wp_cron=1744946298.8931660652160644531250 HTTP/1.1" 200 0 "-" "WordPress/6.8; https://freelancingclients.com"
20.171.207.125 - - [17/Apr/2025:23:18:38 -0400] "GET /buy-4000-hours-youtube-watch-time/feed/ HTTP/1.1" 200 397 "-" "Mozilla/5.0 AppleWebKit/537.36 (KHTML, like Gecko; compatible; GPTBot/1.2; +https://openai.com/gptbot)"
20.171.207.125 - - [17/Apr/2025:23:18:59 -0400] "GET /how-to-fix-my-credit/feed/ HTTP/1.1" 200 385 "-" "Mozilla/5.0 AppleWebKit/537.36 (KHTML, like Gecko; compatible; GPTBot/1.2; +https://openai.com/gptbot)"
20.171.207.125 - - [17/Apr/2025:23:19:23 -0400] "GET /wp-content/uploads/2023/08/synthesize-1-3.mp3 HTTP/1.1" 200 30528 "-" "Mozilla/5.0 AppleWebKit/537.36 (KHTML, like Gecko; compatible; GPTBot/1.2; +https://openai.com/gptbot)"
20.171.207.125 - - [17/Apr/2025:23:19:44 -0400] "GET /wp-content/uploads/2023/08/synthesize-12.mp3 HTTP/1.1" 200 33600 "-" "Mozilla/5.0 AppleWebKit/537.36 (KHTML, like Gecko; compatible; GPTBot/1.2; +https://openai.com/gptbot)"
20.171.207.125 - - [17/Apr/2025:23:20:05 -0400] "GET /wp-content/uploads/2023/08/synthesize-13.mp3 HTTP/1.1" 200 22752 "-" "Mozilla/5.0 AppleWebKit/537.36 (KHTML, like Gecko; compatible; GPTBot/1.2; +https://openai.com/gptbot)"
20.171.207.125 - - [17/Apr/2025:23:20:22 -0400] "GET /wp-json/wp/v2/posts/3008 HTTP/1.1" 200 10735 "-" "Mozilla/5.0 AppleWebKit/537.36 (KHTML, like Gecko; compatible; GPTBot/1.2; +https://openai.com/gptbot)"
198.54.114.83 - - [17/Apr/2025:23:20:27 -0400] "POST /wp-cron.php?doing_wp_cron=1744946424.8040380477905273437500 HTTP/1.1" 200 0 "-" "WordPress/6.8; https://freelancingclients.com"
20.171.207.125 - - [17/Apr/2025:23:20:46 -0400] "GET /wp-json/wp/v2/posts/3010 HTTP/1.1" 200 11012 "-" "Mozilla/5.0 AppleWebKit/537.36 (KHTML, like Gecko; compatible; GPTBot/1.2; +https://openai.com/gptbot)"
20.171.207.125 - - [17/Apr/2025:23:21:07 -0400] "GET /wp-json/wp/v2/posts/3020 HTTP/1.1" 200 11130 "-" "Mozilla/5.0 AppleWebKit/537.36 (KHTML, like Gecko; compatible; GPTBot/1.2; +https://openai.com/gptbot)"
198.54.114.83 - - [17/Apr/2025:23:21:31 -0400] "POST /wp-cron.php?doing_wp_cron=1744946489.7411019802093505859375 HTTP/1.1" 200 0 "-" "WordPress/6.8; https://freelancingclients.com"
20.171.207.125 - - [17/Apr/2025:23:21:29 -0400] "GET /wp-json/wp/v2/posts/3025 HTTP/1.1" 200 11809 "-" "Mozilla/5.0 AppleWebKit/537.36 (KHTML, like Gecko; compatible; GPTBot/1.2; +https://openai.com/gptbot)"
20.171.207.125 - - [17/Apr/2025:23:21:49 -0400] "GET /wp-json/wp/v2/posts/3024 HTTP/1.1" 200 11701 "-" "Mozilla/5.0 AppleWebKit/537.36 (KHTML, like Gecko; compatible; GPTBot/1.2; +https://openai.com/gptbot)"
20.171.207.125 - - [17/Apr/2025:23:22:10 -0400] "GET /wp-json/wp/v2/posts/3017 HTTP/1.1" 200 11224 "-" "Mozilla/5.0 AppleWebKit/537.36 (KHTML, like Gecko; compatible; GPTBot/1.2; +https://openai.com/gptbot)"
20.171.207.125 - - [17/Apr/2025:23:22:33 -0400] "GET /wp-json/wp/v2/posts/3019 HTTP/1.1" 200 11068 "-" "Mozilla/5.0 AppleWebKit/537.36 (KHTML, like Gecko; compatible; GPTBot/1.2; +https://openai.com/gptbot)"
198.54.114.83 - - [17/Apr/2025:23:22:36 -0400] "POST /wp-cron.php?doing_wp_cron=1744946554.3769509792327880859375 HTTP/1.1" 200 0 "-" "WordPress/6.8; https://freelancingclients.com"
20.171.207.125 - - [17/Apr/2025:23:22:57 -0400] "GET /ein-uberblick/feed/ HTTP/1.1" 200 385 "-" "Mozilla/5.0 AppleWebKit/537.36 (KHTML, like Gecko; compatible; GPTBot/1.2; +https://openai.com/gptbot)"
20.171.207.125 - - [17/Apr/2025:23:23:19 -0400] "GET /page/36/ HTTP/1.1" 200 10198 "-" "Mozilla/5.0 AppleWebKit/537.36 (KHTML, like Gecko; compatible; GPTBot/1.2; +https://openai.com/gptbot)"
20.171.207.125 - - [17/Apr/2025:23:23:43 -0400] "GET /page/126/ HTTP/1.1" 200 9949 "-" "Mozilla/5.0 AppleWebKit/537.36 (KHTML, like Gecko; compatible; GPTBot/1.2; +https://openai.com/gptbot)"
198.54.114.83 - - [17/Apr/2025:23:23:46 -0400] "POST /wp-cron.php?doing_wp_cron=1744946624.5126700401306152343750 HTTP/1.1" 200 0 "-" "WordPress/6.8; https://freelancingclients.com"
114.119.133.34 - - [17/Apr/2025:23:23:59 -0400] "GET /robots.txt HTTP/1.1" 301 0 "-" "Mozilla/5.0 (compatible;PetalBot;+https://webmaster.petalsearch.com/site/petalbot)"
114.119.133.34 - - [17/Apr/2025:23:24:02 -0400] "GET /robots.txt HTTP/1.1" 304 0 "-" "Mozilla/5.0 (compatible;PetalBot;+https://webmaster.petalsearch.com/site/petalbot)"
20.171.207.125 - - [17/Apr/2025:23:24:07 -0400] "GET /wp-json/wp/v2/posts/757 HTTP/1.1" 200 13582 "-" "Mozilla/5.0 AppleWebKit/537.36 (KHTML, like Gecko; compatible; GPTBot/1.2; +https://openai.com/gptbot)"
20.171.207.125 - - [17/Apr/2025:23:24:31 -0400] "GET /wp-json/wp/v2/posts/755 HTTP/1.1" 200 11712 "-" "Mozilla/5.0 AppleWebKit/537.36 (KHTML, like Gecko; compatible; GPTBot/1.2; +https://openai.com/gptbot)"
20.171.207.125 - - [17/Apr/2025:23:24:51 -0400] "GET /wp-json/wp/v2/posts/752 HTTP/1.1" 200 9815 "-" "Mozilla/5.0 AppleWebKit/537.36 (KHTML, like Gecko; compatible; GPTBot/1.2; +https://openai.com/gptbot)"
198.54.114.83 - - [17/Apr/2025:23:24:53 -0400] "POST /wp-cron.php?doing_wp_cron=1744946691.6672348976135253906250 HTTP/1.1" 200 0 "-" "WordPress/6.8; https://freelancingclients.com"
20.171.207.125 - - [17/Apr/2025:23:25:14 -0400] "GET /wp-json/wp/v2/posts/743 HTTP/1.1" 200 13442 "-" "Mozilla/5.0 AppleWebKit/537.36 (KHTML, like Gecko; compatible; GPTBot/1.2; +https://openai.com/gptbot)"
20.171.207.125 - - [17/Apr/2025:23:25:36 -0400] "GET /wp-json/wp/v2/posts/750 HTTP/1.1" 200 12616 "-" "Mozilla/5.0 AppleWebKit/537.36 (KHTML, like Gecko; compatible; GPTBot/1.2; +https://openai.com/gptbot)"
20.171.207.125 - - [17/Apr/2025:23:25:57 -0400] "GET /wp-json/wp/v2/posts/718 HTTP/1.1" 200 13216 "-" "Mozilla/5.0 AppleWebKit/537.36 (KHTML, like Gecko; compatible; GPTBot/1.2; +https://openai.com/gptbot)"
198.54.114.83 - - [17/Apr/2025:23:26:01 -0400] "POST /wp-cron.php?doing_wp_cron=1744946758.2648780345916748046875 HTTP/1.1" 200 0 "-" "WordPress/6.8; https://freelancingclients.com"
20.171.207.125 - - [17/Apr/2025:23:26:21 -0400] "GET /wp-json/wp/v2/posts/735 HTTP/1.1" 200 12481 "-" "Mozilla/5.0 AppleWebKit/537.36 (KHTML, like Gecko; compatible; GPTBot/1.2; +https://openai.com/gptbot)"
20.171.207.125 - - [17/Apr/2025:23:26:40 -0400] "GET /wp-json/wp/v2/posts/748 HTTP/1.1" 200 14577 "-" "Mozilla/5.0 AppleWebKit/537.36 (KHTML, like Gecko; compatible; GPTBot/1.2; +https://openai.com/gptbot)"
20.171.207.125 - - [17/Apr/2025:23:27:01 -0400] "GET /unlocking-wellness-navigating-the-world-of-chiropractic-care-in-dubai/ HTTP/1.1" 200 10410 "-" "Mozilla/5.0 AppleWebKit/537.36 (KHTML, like Gecko; compatible; GPTBot/1.2; +https://openai.com/gptbot)"
198.54.114.83 - - [17/Apr/2025:23:27:03 -0400] "POST /wp-cron.php?doing_wp_cron=1744946821.4875669479370117187500 HTTP/1.1" 200 0 "-" "WordPress/6.8; https://freelancingclients.com"
20.171.207.125 - - [17/Apr/2025:23:27:23 -0400] "GET /les-crochets-muraux-decoratifs-apportent-fonctionnalite-et-style-a-votre-maison/ HTTP/1.1" 200 10706 "-" "Mozilla/5.0 AppleWebKit/537.36 (KHTML, like Gecko; compatible; GPTBot/1.2; +https://openai.com/gptbot)"
20.171.207.125 - - [17/Apr/2025:23:27:45 -0400] "GET /the-basic-information-about-the-plastic-injection-molding/ HTTP/1.1" 200 10599 "-" "Mozilla/5.0 AppleWebKit/537.36 (KHTML, like Gecko; compatible; GPTBot/1.2; +https://openai.com/gptbot)"
20.171.207.125 - - [17/Apr/2025:23:28:05 -0400] "GET /navigating-the-nuances-of-consensual-divorce-in-tehran/ HTTP/1.1" 200 10563 "-" "Mozilla/5.0 AppleWebKit/537.36 (KHTML, like Gecko; compatible; GPTBot/1.2; +https://openai.com/gptbot)"
198.54.114.83 - - [17/Apr/2025:23:28:10 -0400] "POST /wp-cron.php?doing_wp_cron=1744946887.3870639801025390625000 HTTP/1.1" 200 0 "-" "WordPress/6.8; https://freelancingclients.com"
20.171.207.125 - - [17/Apr/2025:23:28:32 -0400] "GET /die-rolle-eines-scheidungsanwalts-in-hattingen/ HTTP/1.1" 200 10412 "-" "Mozilla/5.0 AppleWebKit/537.36 (KHTML, like Gecko; compatible; GPTBot/1.2; +https://openai.com/gptbot)"
20.171.207.125 - - [17/Apr/2025:23:28:55 -0400] "GET /how-to-choose-an-industrial-air-purifier/ HTTP/1.1" 200 10848 "-" "Mozilla/5.0 AppleWebKit/537.36 (KHTML, like Gecko; compatible; GPTBot/1.2; +https://openai.com/gptbot)"
198.54.114.83 - - [17/Apr/2025:23:29:21 -0400] "POST /wp-cron.php?doing_wp_cron=1744946959.9447999000549316406250 HTTP/1.1" 200 0 "-" "WordPress/6.8; https://freelancingclients.com"
20.171.207.125 - - [17/Apr/2025:23:29:19 -0400] "GET /discovering-joy-in-free-browser-games/ HTTP/1.1" 200 10081 "-" "Mozilla/5.0 AppleWebKit/537.36 (KHTML, like Gecko; compatible; GPTBot/1.2; +https://openai.com/gptbot)"
20.171.207.125 - - [17/Apr/2025:23:29:41 -0400] "GET /the-reality-of-buying-youtube-views/ HTTP/1.1" 200 10323 "-" "Mozilla/5.0 AppleWebKit/537.36 (KHTML, like Gecko; compatible; GPTBot/1.2; +https://openai.com/gptbot)"
20.171.207.125 - - [17/Apr/2025:23:30:01 -0400] "GET /choosing-a-hydraulic-cutting-machine/ HTTP/1.1" 200 10809 "-" "Mozilla/5.0 AppleWebKit/537.36 (KHTML, like Gecko; compatible; GPTBot/1.2; +https://openai.com/gptbot)"
20.171.207.125 - - [17/Apr/2025:23:30:22 -0400] "GET /the-role-of-bodybuilding-coaching/ HTTP/1.1" 200 10269 "-" "Mozilla/5.0 AppleWebKit/537.36 (KHTML, like Gecko; compatible; GPTBot/1.2; +https://openai.com/gptbot)"
198.54.114.83 - - [17/Apr/2025:23:30:25 -0400] "POST /wp-cron.php?doing_wp_cron=1744947023.3662159442901611328125 HTTP/1.1" 200 0 "-" "WordPress/6.8; https://freelancingclients.com"
124.156.120.22 - - [17/Apr/2025:23:30:31 -0400] "GET /cannabis-strains-that-are-best-for-music/ HTTP/1.1" 200 11067 "-" "Python/3.10 aiohttp/3.10.5"
20.171.207.125 - - [17/Apr/2025:23:30:43 -0400] "GET /choosing-the-right-air-cooler/ HTTP/1.1" 200 10841 "-" "Mozilla/5.0 AppleWebKit/537.36 (KHTML, like Gecko; compatible; GPTBot/1.2; +https://openai.com/gptbot)"
20.171.207.125 - - [17/Apr/2025:23:31:02 -0400] "GET /?p=2984 HTTP/1.1" 301 0 "-" "Mozilla/5.0 AppleWebKit/537.36 (KHTML, like Gecko; compatible; GPTBot/1.2; +https://openai.com/gptbot)"
20.171.207.125 - - [17/Apr/2025:23:31:24 -0400] "GET /?p=788 HTTP/1.1" 301 0 "-" "Mozilla/5.0 AppleWebKit/537.36 (KHTML, like Gecko; compatible; GPTBot/1.2; +https://openai.com/gptbot)"
198.54.114.83 - - [17/Apr/2025:23:31:25 -0400] "POST /wp-cron.php?doing_wp_cron=1744947084.4607069492340087890625 HTTP/1.1" 200 0 "-" "WordPress/6.8; https://freelancingclients.com"
119.28.65.64 - - [17/Apr/2025:23:31:35 -0400] "GET /knee-high-grip-socks-for-workouts/ HTTP/1.1" 200 10276 "-" "Python/3.10 aiohttp/3.10.5"
20.171.207.125 - - [17/Apr/2025:23:31:47 -0400] "GET /?p=779 HTTP/1.1" 301 0 "-" "Mozilla/5.0 AppleWebKit/537.36 (KHTML, like Gecko; compatible; GPTBot/1.2; +https://openai.com/gptbot)"
20.171.207.125 - - [17/Apr/2025:23:32:07 -0400] "GET /?p=2995 HTTP/1.1" 301 0 "-" "Mozilla/5.0 AppleWebKit/537.36 (KHTML, like Gecko; compatible; GPTBot/1.2; +https://openai.com/gptbot)"
20.171.207.125 - - [17/Apr/2025:23:32:28 -0400] "GET /?p=3002 HTTP/1.1" 301 0 "-" "Mozilla/5.0 AppleWebKit/537.36 (KHTML, like Gecko; compatible; GPTBot/1.2; +https://openai.com/gptbot)"
198.54.114.83 - - [17/Apr/2025:23:32:32 -0400] "POST /wp-cron.php?doing_wp_cron=1744947149.5468540191650390625000 HTTP/1.1" 200 0 "-" "WordPress/6.8; https://freelancingclients.com"
20.171.207.125 - - [17/Apr/2025:23:32:51 -0400] "GET /?p=774 HTTP/1.1" 301 0 "-" "Mozilla/5.0 AppleWebKit/537.36 (KHTML, like Gecko; compatible; GPTBot/1.2; +https://openai.com/gptbot)"
20.171.207.125 - - [17/Apr/2025:23:33:10 -0400] "GET /?p=2989 HTTP/1.1" 301 0 "-" "Mozilla/5.0 AppleWebKit/537.36 (KHTML, like Gecko; compatible; GPTBot/1.2; +https://openai.com/gptbot)"
198.54.114.83 - - [17/Apr/2025:23:33:32 -0400] "POST /wp-cron.php?doing_wp_cron=1744947211.7407488822937011718750 HTTP/1.1" 200 0 "-" "WordPress/6.8; https://freelancingclients.com"
20.171.207.125 - - [17/Apr/2025:23:33:31 -0400] "GET /?p=3000 HTTP/1.1" 301 0 "-" "Mozilla/5.0 AppleWebKit/537.36 (KHTML, like Gecko; compatible; GPTBot/1.2; +https://openai.com/gptbot)"
198.54.114.83 - - [17/Apr/2025:23:33:34 -0400] "POST /wp-admin/admin-ajax.php?action=async_litespeed&nonce=wGkgzrH2Wzu4DoJAZsbXyJwjpajXYiem&litespeed_type=imgoptm HTTP/1.1" 200 0 "-" "WordPress/6.8; https://freelancingclients.com"
198.54.114.83 - - [17/Apr/2025:23:33:55 -0400] "POST /wp-cron.php?doing_wp_cron=1744947234.6634860038757324218750 HTTP/1.1" 200 0 "-" "WordPress/6.8; https://freelancingclients.com"
20.171.207.125 - - [17/Apr/2025:23:33:54 -0400] "GET /choosing-a-hydraulic-cutting-machine/feed/ HTTP/1.1" 200 406 "-" "Mozilla/5.0 AppleWebKit/537.36 (KHTML, like Gecko; compatible; GPTBot/1.2; +https://openai.com/gptbot)"
20.171.207.125 - - [17/Apr/2025:23:34:14 -0400] "GET /?p=2987 HTTP/1.1" 301 0 "-" "Mozilla/5.0 AppleWebKit/537.36 (KHTML, like Gecko; compatible; GPTBot/1.2; +https://openai.com/gptbot)"
20.171.207.125 - - [17/Apr/2025:23:34:35 -0400] "GET /?p=772 HTTP/1.1" 301 0 "-" "Mozilla/5.0 AppleWebKit/537.36 (KHTML, like Gecko; compatible; GPTBot/1.2; +https://openai.com/gptbot)"
20.171.207.125 - - [17/Apr/2025:23:34:55 -0400] "GET /?p=780 HTTP/1.1" 301 0 "-" "Mozilla/5.0 AppleWebKit/537.36 (KHTML, like Gecko; compatible; GPTBot/1.2; +https://openai.com/gptbot)"
198.54.114.83 - - [17/Apr/2025:23:34:59 -0400] "POST /wp-cron.php?doing_wp_cron=1744947296.3875999450683593750000 HTTP/1.1" 200 0 "-" "WordPress/6.8; https://freelancingclients.com"
20.171.207.125 - - [17/Apr/2025:23:35:17 -0400] "GET /les-crochets-muraux-decoratifs-apportent-fonctionnalite-et-style-a-votre-maison/feed/ HTTP/1.1" 200 454 "-" "Mozilla/5.0 AppleWebKit/537.36 (KHTML, like Gecko; compatible; GPTBot/1.2; +https://openai.com/gptbot)"
20.171.207.125 - - [17/Apr/2025:23:35:43 -0400] "GET /unlocking-wellness-navigating-the-world-of-chiropractic-care-in-dubai/feed/ HTTP/1.1" 200 445 "-" "Mozilla/5.0 AppleWebKit/537.36 (KHTML, like Gecko; compatible; GPTBot/1.2; +https://openai.com/gptbot)"
20.171.207.125 - - [17/Apr/2025:23:36:05 -0400] "GET /navigating-the-nuances-of-consensual-divorce-in-tehran/feed/ HTTP/1.1" 200 424 "-" "Mozilla/5.0 AppleWebKit/537.36 (KHTML, like Gecko; compatible; GPTBot/1.2; +https://openai.com/gptbot)"
20.171.207.125 - - [17/Apr/2025:23:36:23 -0400] "GET /the-basic-information-about-the-plastic-injection-molding/feed/ HTTP/1.1" 200 422 "-" "Mozilla/5.0 AppleWebKit/537.36 (KHTML, like Gecko; compatible; GPTBot/1.2; +https://openai.com/gptbot)"
20.171.207.125 - - [17/Apr/2025:23:36:44 -0400] "GET /die-rolle-eines-scheidungsanwalts-in-hattingen/feed/ HTTP/1.1" 200 415 "-" "Mozilla/5.0 AppleWebKit/537.36 (KHTML, like Gecko; compatible; GPTBot/1.2; +https://openai.com/gptbot)"
198.54.114.83 - - [17/Apr/2025:23:37:10 -0400] "POST /wp-cron.php?doing_wp_cron=1744947429.1247310638427734375000 HTTP/1.1" 200 0 "-" "WordPress/6.8; https://freelancingclients.com"
20.171.207.125 - - [17/Apr/2025:23:37:08 -0400] "GET /how-to-choose-an-industrial-air-purifier/feed/ HTTP/1.1" 200 405 "-" "Mozilla/5.0 AppleWebKit/537.36 (KHTML, like Gecko; compatible; GPTBot/1.2; +https://openai.com/gptbot)"
198.54.114.83 - - [17/Apr/2025:23:37:11 -0400] "POST /wp-admin/admin-ajax.php?action=async_litespeed&nonce=HwWIgYD0A1KTUYLEZjwIv0uoMznxy4tA&litespeed_type=imgoptm HTTP/1.1" 200 0 "-" "WordPress/6.8; https://freelancingclients.com"
198.54.114.83 - - [17/Apr/2025:23:37:35 -0400] "POST /wp-cron.php?doing_wp_cron=1744947453.9928100109100341796875 HTTP/1.1" 200 0 "-" "WordPress/6.8; https://freelancingclients.com"
20.171.207.125 - - [17/Apr/2025:23:37:33 -0400] "GET /discovering-joy-in-free-browser-games/feed/ HTTP/1.1" 200 409 "-" "Mozilla/5.0 AppleWebKit/537.36 (KHTML, like Gecko; compatible; GPTBot/1.2; +https://openai.com/gptbot)"
20.171.207.125 - - [17/Apr/2025:23:37:56 -0400] "GET /the-reality-of-buying-youtube-views/feed/ HTTP/1.1" 200 413 "-" "Mozilla/5.0 AppleWebKit/537.36 (KHTML, like Gecko; compatible; GPTBot/1.2; +https://openai.com/gptbot)"
198.54.114.83 - - [17/Apr/2025:23:37:58 -0400] "POST /wp-cron.php?doing_wp_cron=1744947476.6174550056457519531250 HTTP/1.1" 200 0 "-" "WordPress/6.8; https://freelancingclients.com"
20.171.207.125 - - [17/Apr/2025:23:38:17 -0400] "GET /the-role-of-bodybuilding-coaching/feed/ HTTP/1.1" 200 399 "-" "Mozilla/5.0 AppleWebKit/537.36 (KHTML, like Gecko; compatible; GPTBot/1.2; +https://openai.com/gptbot)"
20.171.207.125 - - [17/Apr/2025:23:38:39 -0400] "GET /xmlrpc.php HTTP/1.1" 405 46 "-" "Mozilla/5.0 AppleWebKit/537.36 (KHTML, like Gecko; compatible; GPTBot/1.2; +https://openai.com/gptbot)"
20.171.207.125 - - [17/Apr/2025:23:38:59 -0400] "GET /choosing-the-right-air-cooler/feed/ HTTP/1.1" 200 400 "-" "Mozilla/5.0 AppleWebKit/537.36 (KHTML, like Gecko; compatible; GPTBot/1.2; +https://openai.com/gptbot)"
20.171.207.125 - - [17/Apr/2025:23:39:21 -0400] "GET /the-phenomenon-of-youtube-views/ HTTP/1.1" 200 10359 "-" "Mozilla/5.0 AppleWebKit/537.36 (KHTML, like Gecko; compatible; GPTBot/1.2; +https://openai.com/gptbot)"
20.171.207.125 - - [17/Apr/2025:23:39:40 -0400] "GET /a-modern-gambling-frontier/ HTTP/1.1" 200 10387 "-" "Mozilla/5.0 AppleWebKit/537.36 (KHTML, like Gecko; compatible; GPTBot/1.2; +https://openai.com/gptbot)"
20.171.207.125 - - [17/Apr/2025:23:40:03 -0400] "GET /understanding-fda-otc-registration/ HTTP/1.1" 200 10378 "-" "Mozilla/5.0 AppleWebKit/537.36 (KHTML, like Gecko; compatible; GPTBot/1.2; +https://openai.com/gptbot)"
198.54.114.83 - - [17/Apr/2025:23:40:08 -0400] "POST /wp-cron.php?doing_wp_cron=1744947604.7780869007110595703125 HTTP/1.1" 200 0 "-" "WordPress/6.8; https://freelancingclients.com"
20.171.207.125 - - [17/Apr/2025:23:40:28 -0400] "GET /belt-cutting-machine/ HTTP/1.1" 200 9869 "-" "Mozilla/5.0 AppleWebKit/537.36 (KHTML, like Gecko; compatible; GPTBot/1.2; +https://openai.com/gptbot)"
20.171.207.125 - - [17/Apr/2025:23:40:52 -0400] "GET /gros-chausson/ HTTP/1.1" 200 9677 "-" "Mozilla/5.0 AppleWebKit/537.36 (KHTML, like Gecko; compatible; GPTBot/1.2; +https://openai.com/gptbot)"
217.113.194.58 - - [17/Apr/2025:23:41:03 -0400] "GET /robots.txt HTTP/1.1" 200 112 "-" "Mozilla/5.0 (compatible; Barkrowler/0.9; +https://babbar.tech/crawler)"
20.171.207.125 - - [17/Apr/2025:23:41:12 -0400] "GET /understanding-the-metrics/ HTTP/1.1" 200 10191 "-" "Mozilla/5.0 AppleWebKit/537.36 (KHTML, like Gecko; compatible; GPTBot/1.2; +https://openai.com/gptbot)"
198.54.114.83 - - [17/Apr/2025:23:41:15 -0400] "POST /wp-cron.php?doing_wp_cron=1744947672.9166259765625000000000 HTTP/1.1" 200 0 "-" "WordPress/6.8; https://freelancingclients.com"
217.113.194.53 - - [17/Apr/2025:23:41:21 -0400] "GET /feed/ HTTP/1.1" 200 573951 "-" "Mozilla/5.0 (compatible; Barkrowler/0.9; +https://babbar.tech/crawler)"
20.171.207.125 - - [17/Apr/2025:23:41:34 -0400] "GET /implant-dentaire-etranger/ HTTP/1.1" 200 9673 "-" "Mozilla/5.0 AppleWebKit/537.36 (KHTML, like Gecko; compatible; GPTBot/1.2; +https://openai.com/gptbot)"
217.113.194.56 - - [17/Apr/2025:23:41:38 -0400] "GET /page/2/ HTTP/1.1" 200 10718 "-" "Mozilla/5.0 (compatible; Barkrowler/0.9; +https://babbar.tech/crawler)"
20.171.207.125 - - [17/Apr/2025:23:41:52 -0400] "GET /riveting-machinery/ HTTP/1.1" 200 10881 "-" "Mozilla/5.0 AppleWebKit/537.36 (KHTML, like Gecko; compatible; GPTBot/1.2; +https://openai.com/gptbot)"
217.113.194.52 - - [17/Apr/2025:23:41:56 -0400] "GET /vetements/ HTTP/1.1" 200 9848 "-" "Mozilla/5.0 (compatible; Barkrowler/0.9; +https://babbar.tech/crawler)"
217.113.194.52 - - [17/Apr/2025:23:42:13 -0400] "GET /page/21/ HTTP/1.1" 200 10370 "-" "Mozilla/5.0 (compatible; Barkrowler/0.9; +https://babbar.tech/crawler)"
198.54.114.83 - - [17/Apr/2025:23:42:17 -0400] "POST /wp-cron.php?doing_wp_cron=1744947736.4928119182586669921875 HTTP/1.1" 200 0 "-" "WordPress/6.8; https://freelancingclients.com"
20.171.207.125 - - [17/Apr/2025:23:42:15 -0400] "GET /insert-molding/ HTTP/1.1" 200 9674 "-" "Mozilla/5.0 AppleWebKit/537.36 (KHTML, like Gecko; compatible; GPTBot/1.2; +https://openai.com/gptbot)"
154.54.249.198 - - [17/Apr/2025:23:42:29 -0400] "GET /page/24/ HTTP/1.1" 200 10321 "-" "Mozilla/5.0 (compatible; Barkrowler/0.9; +https://babbar.tech/crawler)"
20.171.207.125 - - [17/Apr/2025:23:42:34 -0400] "GET /wp-json/wp/v2/posts/2984 HTTP/1.1" 200 11912 "-" "Mozilla/5.0 AppleWebKit/537.36 (KHTML, like Gecko; compatible; GPTBot/1.2; +https://openai.com/gptbot)"
217.113.194.52 - - [17/Apr/2025:23:42:45 -0400] "GET /page/30/ HTTP/1.1" 200 10291 "-" "Mozilla/5.0 (compatible; Barkrowler/0.9; +https://babbar.tech/crawler)"
20.171.207.125 - - [17/Apr/2025:23:42:57 -0400] "GET /wp-json/wp/v2/posts/3000 HTTP/1.1" 200 10922 "-" "Mozilla/5.0 AppleWebKit/537.36 (KHTML, like Gecko; compatible; GPTBot/1.2; +https://openai.com/gptbot)"
217.113.194.53 - - [17/Apr/2025:23:43:01 -0400] "GET /page/22/ HTTP/1.1" 200 10089 "-" "Mozilla/5.0 (compatible; Barkrowler/0.9; +https://babbar.tech/crawler)"
20.171.207.125 - - [17/Apr/2025:23:43:16 -0400] "GET /wp-json/wp/v2/posts/2987 HTTP/1.1" 200 10892 "-" "Mozilla/5.0 AppleWebKit/537.36 (KHTML, like Gecko; compatible; GPTBot/1.2; +https://openai.com/gptbot)"
198.54.114.83 - - [17/Apr/2025:23:43:18 -0400] "POST /wp-cron.php?doing_wp_cron=1744947796.9230690002441406250000 HTTP/1.1" 200 0 "-" "WordPress/6.8; https://freelancingclients.com"
217.113.194.53 - - [17/Apr/2025:23:43:18 -0400] "GET /page/80/ HTTP/1.1" 200 10177 "-" "Mozilla/5.0 (compatible; Barkrowler/0.9; +https://babbar.tech/crawler)"
217.113.194.61 - - [17/Apr/2025:23:43:38 -0400] "GET /page/14/ HTTP/1.1" 200 10318 "-" "Mozilla/5.0 (compatible; Barkrowler/0.9; +https://babbar.tech/crawler)"
20.171.207.125 - - [17/Apr/2025:23:43:38 -0400] "GET /?p=2997 HTTP/1.1" 301 0 "-" "Mozilla/5.0 AppleWebKit/537.36 (KHTML, like Gecko; compatible; GPTBot/1.2; +https://openai.com/gptbot)"
217.113.194.60 - - [17/Apr/2025:23:43:54 -0400] "GET /page/15/ HTTP/1.1" 200 10124 "-" "Mozilla/5.0 (compatible; Barkrowler/0.9; +https://babbar.tech/crawler)"
20.171.207.125 - - [17/Apr/2025:23:43:56 -0400] "GET /?p=2992 HTTP/1.1" 301 0 "-" "Mozilla/5.0 AppleWebKit/537.36 (KHTML, like Gecko; compatible; GPTBot/1.2; +https://openai.com/gptbot)"
217.113.194.57 - - [17/Apr/2025:23:44:10 -0400] "GET /page/16/ HTTP/1.1" 200 10736 "-" "Mozilla/5.0 (compatible; Barkrowler/0.9; +https://babbar.tech/crawler)"
20.171.207.125 - - [17/Apr/2025:23:44:15 -0400] "GET /?p=3003 HTTP/1.1" 301 0 "-" "Mozilla/5.0 AppleWebKit/537.36 (KHTML, like Gecko; compatible; GPTBot/1.2; +https://openai.com/gptbot)"
217.113.194.59 - - [17/Apr/2025:23:44:27 -0400] "GET /page/12/ HTTP/1.1" 200 10175 "-" "Mozilla/5.0 (compatible; Barkrowler/0.9; +https://babbar.tech/crawler)"
198.54.114.83 - - [17/Apr/2025:23:44:36 -0400] "POST /wp-cron.php?doing_wp_cron=1744947875.1642959117889404296875 HTTP/1.1" 200 0 "-" "WordPress/6.8; https://freelancingclients.com"
20.171.207.125 - - [17/Apr/2025:23:44:34 -0400] "GET /gros-chausson/feed/ HTTP/1.1" 200 375 "-" "Mozilla/5.0 AppleWebKit/537.36 (KHTML, like Gecko; compatible; GPTBot/1.2; +https://openai.com/gptbot)"
154.54.249.198 - - [17/Apr/2025:23:44:43 -0400] "GET /page/17/ HTTP/1.1" 200 10191 "-" "Mozilla/5.0 (compatible; Barkrowler/0.9; +https://babbar.tech/crawler)"
20.171.207.125 - - [17/Apr/2025:23:44:55 -0400] "GET /wp-json/oembed/1.0/embed?format=xml&url=https%3A%2F%2Ffreelancingclients.com%2Fgros-chausson%2F HTTP/1.1" 200 1154 "-" "Mozilla/5.0 AppleWebKit/537.36 (KHTML, like Gecko; compatible; GPTBot/1.2; +https://openai.com/gptbot)"
217.113.194.56 - - [17/Apr/2025:23:44:59 -0400] "GET /page/11/ HTTP/1.1" 200 10061 "-" "Mozilla/5.0 (compatible; Barkrowler/0.9; +https://babbar.tech/crawler)"
154.54.249.198 - - [17/Apr/2025:23:45:16 -0400] "GET /page/7/ HTTP/1.1" 200 9960 "-" "Mozilla/5.0 (compatible; Barkrowler/0.9; +https://babbar.tech/crawler)"
20.171.207.125 - - [17/Apr/2025:23:45:16 -0400] "GET /?p=768 HTTP/1.1" 301 0 "-" "Mozilla/5.0 AppleWebKit/537.36 (KHTML, like Gecko; compatible; GPTBot/1.2; +https://openai.com/gptbot)"
217.113.194.54 - - [17/Apr/2025:23:45:32 -0400] "GET /page/4/ HTTP/1.1" 200 10326 "-" "Mozilla/5.0 (compatible; Barkrowler/0.9; +https://babbar.tech/crawler)"
198.54.114.83 - - [17/Apr/2025:23:45:39 -0400] "POST /wp-cron.php?doing_wp_cron=1744947938.4642410278320312500000 HTTP/1.1" 200 0 "-" "WordPress/6.8; https://freelancingclients.com"
20.171.207.125 - - [17/Apr/2025:23:45:38 -0400] "GET /wp-json/wp/v2/posts/768 HTTP/1.1" 200 9420 "-" "Mozilla/5.0 AppleWebKit/537.36 (KHTML, like Gecko; compatible; GPTBot/1.2; +https://openai.com/gptbot)"
198.54.114.83 - - [17/Apr/2025:23:45:40 -0400] "POST /wp-admin/admin-ajax.php?action=async_litespeed&nonce=TJ0evWnIbkFixEAVisK6YgUHdntvGdFi&litespeed_type=imgoptm HTTP/1.1" 200 0 "-" "WordPress/6.8; https://freelancingclients.com"
217.113.194.61 - - [17/Apr/2025:23:45:49 -0400] "GET /page/25/ HTTP/1.1" 200 10216 "-" "Mozilla/5.0 (compatible; Barkrowler/0.9; +https://babbar.tech/crawler)"
198.54.114.83 - - [17/Apr/2025:23:46:01 -0400] "POST /wp-cron.php?doing_wp_cron=1744947959.8326580524444580078125 HTTP/1.1" 200 0 "-" "WordPress/6.8; https://freelancingclients.com"
20.171.207.125 - - [17/Apr/2025:23:45:59 -0400] "GET /wp-json/oembed/1.0/embed?url=https%3A%2F%2Ffreelancingclients.com%2Fgros-chausson%2F HTTP/1.1" 200 2327 "-" "Mozilla/5.0 AppleWebKit/537.36 (KHTML, like Gecko; compatible; GPTBot/1.2; +https://openai.com/gptbot)"
217.113.194.53 - - [17/Apr/2025:23:46:06 -0400] "GET /page/70/ HTTP/1.1" 200 10075 "-" "Mozilla/5.0 (compatible; Barkrowler/0.9; +https://babbar.tech/crawler)"
20.171.207.125 - - [17/Apr/2025:23:46:20 -0400] "GET /?p=2994 HTTP/1.1" 301 0 "-" "Mozilla/5.0 AppleWebKit/537.36 (KHTML, like Gecko; compatible; GPTBot/1.2; +https://openai.com/gptbot)"
217.113.194.60 - - [17/Apr/2025:23:46:23 -0400] "GET /page/35/ HTTP/1.1" 200 10396 "-" "Mozilla/5.0 (compatible; Barkrowler/0.9; +https://babbar.tech/crawler)"
20.171.207.125 - - [17/Apr/2025:23:46:41 -0400] "GET /?p=786 HTTP/1.1" 301 0 "-" "Mozilla/5.0 AppleWebKit/537.36 (KHTML, like Gecko; compatible; GPTBot/1.2; +https://openai.com/gptbot)"
217.113.194.58 - - [17/Apr/2025:23:46:41 -0400] "GET /page/82/ HTTP/1.1" 200 9885 "-" "Mozilla/5.0 (compatible; Barkrowler/0.9; +https://babbar.tech/crawler)"
217.113.194.58 - - [17/Apr/2025:23:46:58 -0400] "GET /page/26/ HTTP/1.1" 200 10028 "-" "Mozilla/5.0 (compatible; Barkrowler/0.9; +https://babbar.tech/crawler)"
198.54.114.83 - - [17/Apr/2025:23:47:05 -0400] "POST /wp-cron.php?doing_wp_cron=1744948024.6552529335021972656250 HTTP/1.1" 200 0 "-" "WordPress/6.8; https://freelancingclients.com"
20.171.207.125 - - [17/Apr/2025:23:47:04 -0400] "GET /?p=776 HTTP/1.1" 301 0 "-" "Mozilla/5.0 AppleWebKit/537.36 (KHTML, like Gecko; compatible; GPTBot/1.2; +https://openai.com/gptbot)"
217.113.194.57 - - [17/Apr/2025:23:47:15 -0400] "GET /page/147/ HTTP/1.1" 200 10227 "-" "Mozilla/5.0 (compatible; Barkrowler/0.9; +https://babbar.tech/crawler)"
20.171.207.125 - - [17/Apr/2025:23:47:26 -0400] "GET /?p=768 HTTP/1.1" 301 0 "-" "Mozilla/5.0 AppleWebKit/537.36 (KHTML, like Gecko; compatible; GPTBot/1.2; +https://openai.com/gptbot)"
217.113.194.59 - - [17/Apr/2025:23:47:32 -0400] "GET /page/36/ HTTP/1.1" 200 10198 "-" "Mozilla/5.0 (compatible; Barkrowler/0.9; +https://babbar.tech/crawler)"
20.171.207.125 - - [17/Apr/2025:23:47:45 -0400] "GET /?p=783 HTTP/1.1" 301 0 "-" "Mozilla/5.0 AppleWebKit/537.36 (KHTML, like Gecko; compatible; GPTBot/1.2; +https://openai.com/gptbot)"
217.113.194.54 - - [17/Apr/2025:23:47:49 -0400] "GET /page/34/ HTTP/1.1" 200 10270 "-" "Mozilla/5.0 (compatible; Barkrowler/0.9; +https://babbar.tech/crawler)"
217.113.194.58 - - [17/Apr/2025:23:48:05 -0400] "GET /page/31/ HTTP/1.1" 200 10157 "-" "Mozilla/5.0 (compatible; Barkrowler/0.9; +https://babbar.tech/crawler)"
198.54.114.83 - - [17/Apr/2025:23:48:08 -0400] "POST /wp-cron.php?doing_wp_cron=1744948087.6041109561920166015625 HTTP/1.1" 200 0 "-" "WordPress/6.8; https://freelancingclients.com"
20.171.207.125 - - [17/Apr/2025:23:48:07 -0400] "GET /?p=763 HTTP/1.1" 301 0 "-" "Mozilla/5.0 AppleWebKit/537.36 (KHTML, like Gecko; compatible; GPTBot/1.2; +https://openai.com/gptbot)"
217.113.194.55 - - [17/Apr/2025:23:48:22 -0400] "GET /page/33/ HTTP/1.1" 200 10189 "-" "Mozilla/5.0 (compatible; Barkrowler/0.9; +https://babbar.tech/crawler)"
20.171.207.125 - - [17/Apr/2025:23:48:27 -0400] "GET /xmlrpc.php HTTP/1.1" 405 46 "-" "Mozilla/5.0 AppleWebKit/537.36 (KHTML, like Gecko; compatible; GPTBot/1.2; +https://openai.com/gptbot)"
217.113.194.53 - - [17/Apr/2025:23:48:38 -0400] "GET /page/23/ HTTP/1.1" 200 10151 "-" "Mozilla/5.0 (compatible; Barkrowler/0.9; +https://babbar.tech/crawler)"
20.171.207.125 - - [17/Apr/2025:23:48:47 -0400] "GET /the-phenomenon-of-youtube-views/feed/ HTTP/1.1" 200 404 "-" "Mozilla/5.0 AppleWebKit/537.36 (KHTML, like Gecko; compatible; GPTBot/1.2; +https://openai.com/gptbot)"
154.54.249.198 - - [17/Apr/2025:23:48:54 -0400] "GET /comments/feed/ HTTP/1.1" 200 365 "-" "Mozilla/5.0 (compatible; Barkrowler/0.9; +https://babbar.tech/crawler)"
217.113.194.54 - - [17/Apr/2025:23:49:10 -0400] "GET /cloud-price/ HTTP/1.1" 200 10278 "-" "Mozilla/5.0 (compatible; Barkrowler/0.9; +https://babbar.tech/crawler)"
198.54.114.83 - - [17/Apr/2025:23:49:10 -0400] "POST /wp-cron.php?doing_wp_cron=1744948149.9194369316101074218750 HTTP/1.1" 200 0 "-" "WordPress/6.8; https://freelancingclients.com"
20.171.207.125 - - [17/Apr/2025:23:49:09 -0400] "GET /understanding-fda-otc-registration/feed/ HTTP/1.1" 200 399 "-" "Mozilla/5.0 AppleWebKit/537.36 (KHTML, like Gecko; compatible; GPTBot/1.2; +https://openai.com/gptbot)"
198.54.114.83 - - [17/Apr/2025:23:49:12 -0400] "POST /wp-admin/admin-ajax.php?action=async_litespeed&nonce=ZEsQvTaMdNKrdcGiufdcWmLsocBk6smP&litespeed_type=imgoptm HTTP/1.1" 200 0 "-" "WordPress/6.8; https://freelancingclients.com"
198.54.114.83 - - [17/Apr/2025:23:49:28 -0400] "POST /wp-cron.php?doing_wp_cron=1744948167.8094339370727539062500 HTTP/1.1" 200 0 "-" "WordPress/6.8; https://freelancingclients.com"
217.113.194.56 - - [17/Apr/2025:23:49:27 -0400] "GET /vetements/feed/ HTTP/1.1" 200 365 "-" "Mozilla/5.0 (compatible; Barkrowler/0.9; +https://babbar.tech/crawler)"
20.171.207.125 - - [17/Apr/2025:23:49:31 -0400] "GET /a-modern-gambling-frontier/feed/ HTTP/1.1" 200 393 "-" "Mozilla/5.0 AppleWebKit/537.36 (KHTML, like Gecko; compatible; GPTBot/1.2; +https://openai.com/gptbot)"
217.113.194.57 - - [17/Apr/2025:23:49:46 -0400] "GET /plastic-bags/ HTTP/1.1" 200 10679 "-" "Mozilla/5.0 (compatible; Barkrowler/0.9; +https://babbar.tech/crawler)"
20.171.207.125 - - [17/Apr/2025:23:49:52 -0400] "GET /understanding-the-metrics/feed/ HTTP/1.1" 200 387 "-" "Mozilla/5.0 AppleWebKit/537.36 (KHTML, like Gecko; compatible; GPTBot/1.2; +https://openai.com/gptbot)"
198.54.114.83 - - [17/Apr/2025:23:49:55 -0400] "POST /wp-cron.php?doing_wp_cron=1744948193.2731459140777587890625 HTTP/1.1" 200 0 "-" "WordPress/6.8; https://freelancingclients.com"
217.113.194.58 - - [17/Apr/2025:23:50:03 -0400] "GET /youtube-live/ HTTP/1.1" 200 9917 "-" "Mozilla/5.0 (compatible; Barkrowler/0.9; +https://babbar.tech/crawler)"
20.171.207.125 - - [17/Apr/2025:23:50:15 -0400] "GET /implant-dentaire-etranger/feed/ HTTP/1.1" 200 389 "-" "Mozilla/5.0 AppleWebKit/537.36 (KHTML, like Gecko; compatible; GPTBot/1.2; +https://openai.com/gptbot)"
217.113.194.54 - - [17/Apr/2025:23:50:21 -0400] "GET /leather-gifts/ HTTP/1.1" 200 9676 "-" "Mozilla/5.0 (compatible; Barkrowler/0.9; +https://babbar.tech/crawler)"
20.171.207.125 - - [17/Apr/2025:23:50:34 -0400] "GET /wp-content/uploads/2023/09/synthesize-1.mp3 HTTP/1.1" 200 37248 "-" "Mozilla/5.0 AppleWebKit/537.36 (KHTML, like Gecko; compatible; GPTBot/1.2; +https://openai.com/gptbot)"
217.113.194.53 - - [17/Apr/2025:23:50:37 -0400] "GET /gcp/ HTTP/1.1" 200 9831 "-" "Mozilla/5.0 (compatible; Barkrowler/0.9; +https://babbar.tech/crawler)"
20.171.207.125 - - [17/Apr/2025:23:50:52 -0400] "GET /belt-cutting-machine/feed/ HTTP/1.1" 200 382 "-" "Mozilla/5.0 AppleWebKit/537.36 (KHTML, like Gecko; compatible; GPTBot/1.2; +https://openai.com/gptbot)"
198.54.114.83 - - [17/Apr/2025:23:50:56 -0400] "POST /wp-cron.php?doing_wp_cron=1744948255.7599968910217285156250 HTTP/1.1" 200 0 "-" "WordPress/6.8; https://freelancingclients.com"
217.113.194.56 - - [17/Apr/2025:23:50:55 -0400] "GET /energy-healing/ HTTP/1.1" 200 9989 "-" "Mozilla/5.0 (compatible; Barkrowler/0.9; +https://babbar.tech/crawler)"
198.54.114.83 - - [17/Apr/2025:23:50:59 -0400] "POST /wp-admin/admin-ajax.php?action=async_litespeed&nonce=3f2iKB7cygAMW4sqEy0oO5s4zhMYzpdM&litespeed_type=imgoptm HTTP/1.1" 200 0 "-" "WordPress/6.8; https://freelancingclients.com"
20.171.207.125 - - [17/Apr/2025:23:51:15 -0400] "GET /wp-content/uploads/2023/08/synthesize-1-4.mp3 HTTP/1.1" 200 45792 "-" "Mozilla/5.0 AppleWebKit/537.36 (KHTML, like Gecko; compatible; GPTBot/1.2; +https://openai.com/gptbot)"
198.54.114.83 - - [17/Apr/2025:23:51:17 -0400] "POST /wp-cron.php?doing_wp_cron=1744948276.3642580509185791015625 HTTP/1.1" 200 0 "-" "WordPress/6.8; https://freelancingclients.com"
217.113.194.55 - - [17/Apr/2025:23:51:16 -0400] "GET /jili/ HTTP/1.1" 200 9616 "-" "Mozilla/5.0 (compatible; Barkrowler/0.9; +https://babbar.tech/crawler)"
20.171.207.125 - - [17/Apr/2025:23:51:36 -0400] "GET /riveting-machinery/feed/ HTTP/1.1" 200 380 "-" "Mozilla/5.0 AppleWebKit/537.36 (KHTML, like Gecko; compatible; GPTBot/1.2; +https://openai.com/gptbot)"
217.113.194.54 - - [17/Apr/2025:23:51:36 -0400] "GET /galling/ HTTP/1.1" 200 9723 "-" "Mozilla/5.0 (compatible; Barkrowler/0.9; +https://babbar.tech/crawler)"
198.54.114.83 - - [17/Apr/2025:23:51:54 -0400] "POST /wp-cron.php?doing_wp_cron=1744948313.5133719444274902343750 HTTP/1.1" 200 0 "-" "WordPress/6.8; https://freelancingclients.com"
217.113.194.58 - - [17/Apr/2025:23:51:53 -0400] "GET /page/74/ HTTP/1.1" 200 10166 "-" "Mozilla/5.0 (compatible; Barkrowler/0.9; +https://babbar.tech/crawler)"
20.171.207.125 - - [17/Apr/2025:23:51:56 -0400] "GET /wp-content/uploads/2023/08/synthesize-15.mp3 HTTP/1.1" 200 35904 "-" "Mozilla/5.0 AppleWebKit/537.36 (KHTML, like Gecko; compatible; GPTBot/1.2; +https://openai.com/gptbot)"
217.113.194.53 - - [17/Apr/2025:23:52:11 -0400] "GET /page/98/ HTTP/1.1" 200 9996 "-" "Mozilla/5.0 (compatible; Barkrowler/0.9; +https://babbar.tech/crawler)"
20.171.207.125 - - [17/Apr/2025:23:52:16 -0400] "GET /wp-json/wp/v2/posts/3002 HTTP/1.1" 200 11647 "-" "Mozilla/5.0 AppleWebKit/537.36 (KHTML, like Gecko; compatible; GPTBot/1.2; +https://openai.com/gptbot)"
217.113.194.59 - - [17/Apr/2025:23:52:31 -0400] "GET /page/81/ HTTP/1.1" 200 9978 "-" "Mozilla/5.0 (compatible; Barkrowler/0.9; +https://babbar.tech/crawler)"
20.171.207.125 - - [17/Apr/2025:23:52:36 -0400] "GET /wp-json/wp/v2/posts/2994 HTTP/1.1" 200 10361 "-" "Mozilla/5.0 AppleWebKit/537.36 (KHTML, like Gecko; compatible; GPTBot/1.2; +https://openai.com/gptbot)"
217.113.194.58 - - [17/Apr/2025:23:52:48 -0400] "GET /page/76/ HTTP/1.1" 200 10173 "-" "Mozilla/5.0 (compatible; Barkrowler/0.9; +https://babbar.tech/crawler)"
198.54.114.83 - - [17/Apr/2025:23:52:58 -0400] "POST /wp-cron.php?doing_wp_cron=1744948377.4535889625549316406250 HTTP/1.1" 200 0 "-" "WordPress/6.8; https://freelancingclients.com"
20.171.207.125 - - [17/Apr/2025:23:52:57 -0400] "GET /wp-json/wp/v2/posts/2997 HTTP/1.1" 200 11013 "-" "Mozilla/5.0 AppleWebKit/537.36 (KHTML, like Gecko; compatible; GPTBot/1.2; +https://openai.com/gptbot)"
77.88.47.4 - - [17/Apr/2025:23:52:58 -0400] "GET /finding-top-notch-shipping-services-nearby/ HTTP/1.1" 200 10500 "-" "Mozilla/5.0 (compatible; YandexBot/3.0; +http://yandex.com/bots)"
154.54.249.198 - - [17/Apr/2025:23:53:06 -0400] "GET /page/97/ HTTP/1.1" 200 10281 "-" "Mozilla/5.0 (compatible; Barkrowler/0.9; +https://babbar.tech/crawler)"
20.171.207.125 - - [17/Apr/2025:23:53:18 -0400] "GET /wp-json/wp/v2/posts/2995 HTTP/1.1" 200 12063 "-" "Mozilla/5.0 AppleWebKit/537.36 (KHTML, like Gecko; compatible; GPTBot/1.2; +https://openai.com/gptbot)"
217.113.194.52 - - [17/Apr/2025:23:53:23 -0400] "GET /page/62/ HTTP/1.1" 200 10038 "-" "Mozilla/5.0 (compatible; Barkrowler/0.9; +https://babbar.tech/crawler)"
20.171.207.125 - - [17/Apr/2025:23:53:39 -0400] "GET /wp-json/wp/v2/posts/2989 HTTP/1.1" 200 10443 "-" "Mozilla/5.0 AppleWebKit/537.36 (KHTML, like Gecko; compatible; GPTBot/1.2; +https://openai.com/gptbot)"
217.113.194.52 - - [17/Apr/2025:23:53:42 -0400] "GET /page/75/ HTTP/1.1" 200 10010 "-" "Mozilla/5.0 (compatible; Barkrowler/0.9; +https://babbar.tech/crawler)"
20.171.207.125 - - [17/Apr/2025:23:53:58 -0400] "GET /wp-json/wp/v2/posts/3003 HTTP/1.1" 200 10882 "-" "Mozilla/5.0 AppleWebKit/537.36 (KHTML, like Gecko; compatible; GPTBot/1.2; +https://openai.com/gptbot)"
198.54.114.83 - - [17/Apr/2025:23:54:02 -0400] "POST /wp-cron.php?doing_wp_cron=1744948439.6640150547027587890625 HTTP/1.1" 200 0 "-" "WordPress/6.8; https://freelancingclients.com"
154.54.249.198 - - [17/Apr/2025:23:54:01 -0400] "GET /page/100/ HTTP/1.1" 200 10155 "-" "Mozilla/5.0 (compatible; Barkrowler/0.9; +https://babbar.tech/crawler)"
20.171.207.125 - - [17/Apr/2025:23:54:20 -0400] "GET /wp-json/wp/v2/posts/2992 HTTP/1.1" 200 11227 "-" "Mozilla/5.0 AppleWebKit/537.36 (KHTML, like Gecko; compatible; GPTBot/1.2; +https://openai.com/gptbot)"
217.113.194.59 - - [17/Apr/2025:23:54:20 -0400] "GET /page/67/ HTTP/1.1" 200 10209 "-" "Mozilla/5.0 (compatible; Barkrowler/0.9; +https://babbar.tech/crawler)"
154.54.249.198 - - [17/Apr/2025:23:54:39 -0400] "GET /page/134/ HTTP/1.1" 200 10090 "-" "Mozilla/5.0 (compatible; Barkrowler/0.9; +https://babbar.tech/crawler)"
101.32.32.171 - - [17/Apr/2025:23:54:41 -0400] "GET /yeti-vs-rtic-vs-ozark-trail-battle-of-the-tumblers/ HTTP/1.1" 200 10834 "-" "Python/3.10 aiohttp/3.10.5"
20.171.207.125 - - [17/Apr/2025:23:54:40 -0400] "GET /gros-chausson/embed/ HTTP/1.1" 200 6214 "-" "Mozilla/5.0 AppleWebKit/537.36 (KHTML, like Gecko; compatible; GPTBot/1.2; +https://openai.com/gptbot)"
154.54.249.198 - - [17/Apr/2025:23:54:57 -0400] "GET /page/132/ HTTP/1.1" 200 9941 "-" "Mozilla/5.0 (compatible; Barkrowler/0.9; +https://babbar.tech/crawler)"
20.171.207.125 - - [17/Apr/2025:23:54:59 -0400] "GET /insert-molding/feed/ HTTP/1.1" 200 375 "-" "Mozilla/5.0 AppleWebKit/537.36 (KHTML, like Gecko; compatible; GPTBot/1.2; +https://openai.com/gptbot)"
217.113.194.54 - - [17/Apr/2025:23:55:13 -0400] "GET /page/131/ HTTP/1.1" 200 9976 "-" "Mozilla/5.0 (compatible; Barkrowler/0.9; +https://babbar.tech/crawler)"
20.171.207.125 - - [17/Apr/2025:23:55:17 -0400] "GET /page/37/ HTTP/1.1" 200 10358 "-" "Mozilla/5.0 AppleWebKit/537.36 (KHTML, like Gecko; compatible; GPTBot/1.2; +https://openai.com/gptbot)"
198.54.114.83 - - [17/Apr/2025:23:55:21 -0400] "POST /wp-cron.php?doing_wp_cron=1744948519.6658470630645751953125 HTTP/1.1" 200 0 "-" "WordPress/6.8; https://freelancingclients.com"
217.113.194.52 - - [17/Apr/2025:23:55:31 -0400] "GET /page/146/ HTTP/1.1" 200 10125 "-" "Mozilla/5.0 (compatible; Barkrowler/0.9; +https://babbar.tech/crawler)"
20.171.207.125 - - [17/Apr/2025:23:55:43 -0400] "GET /page/125/ HTTP/1.1" 200 9910 "-" "Mozilla/5.0 AppleWebKit/537.36 (KHTML, like Gecko; compatible; GPTBot/1.2; +https://openai.com/gptbot)"
154.54.249.198 - - [17/Apr/2025:23:55:48 -0400] "GET /page/149/ HTTP/1.1" 200 10126 "-" "Mozilla/5.0 (compatible; Barkrowler/0.9; +https://babbar.tech/crawler)"
20.171.207.125 - - [17/Apr/2025:23:56:03 -0400] "GET /wp-json/wp/v2/posts/779 HTTP/1.1" 200 13090 "-" "Mozilla/5.0 AppleWebKit/537.36 (KHTML, like Gecko; compatible; GPTBot/1.2; +https://openai.com/gptbot)"
217.113.194.59 - - [17/Apr/2025:23:56:05 -0400] "GET /page/155/ HTTP/1.1" 200 10384 "-" "Mozilla/5.0 (compatible; Barkrowler/0.9; +https://babbar.tech/crawler)"
217.113.194.56 - - [17/Apr/2025:23:56:21 -0400] "GET /page/148/ HTTP/1.1" 200 10074 "-" "Mozilla/5.0 (compatible; Barkrowler/0.9; +https://babbar.tech/crawler)"
198.54.114.83 - - [17/Apr/2025:23:56:24 -0400] "POST /wp-cron.php?doing_wp_cron=1744948583.4368259906768798828125 HTTP/1.1" 200 0 "-" "WordPress/6.8; https://freelancingclients.com"
20.171.207.125 - - [17/Apr/2025:23:56:22 -0400] "GET /wp-json/wp/v2/posts/774 HTTP/1.1" 200 12709 "-" "Mozilla/5.0 AppleWebKit/537.36 (KHTML, like Gecko; compatible; GPTBot/1.2; +https://openai.com/gptbot)"
217.113.194.52 - - [17/Apr/2025:23:56:38 -0400] "GET /page/141/ HTTP/1.1" 200 9988 "-" "Mozilla/5.0 (compatible; Barkrowler/0.9; +https://babbar.tech/crawler)"
20.171.207.125 - - [17/Apr/2025:23:56:44 -0400] "GET /wp-json/wp/v2/posts/786 HTTP/1.1" 200 11836 "-" "Mozilla/5.0 AppleWebKit/537.36 (KHTML, like Gecko; compatible; GPTBot/1.2; +https://openai.com/gptbot)"
217.113.194.59 - - [17/Apr/2025:23:56:54 -0400] "GET /page/129/ HTTP/1.1" 200 10187 "-" "Mozilla/5.0 (compatible; Barkrowler/0.9; +https://babbar.tech/crawler)"
20.171.207.125 - - [17/Apr/2025:23:57:04 -0400] "GET /wp-json/wp/v2/posts/780 HTTP/1.1" 200 12350 "-" "Mozilla/5.0 AppleWebKit/537.36 (KHTML, like Gecko; compatible; GPTBot/1.2; +https://openai.com/gptbot)"
217.113.194.59 - - [17/Apr/2025:23:57:11 -0400] "GET /page/137/ HTTP/1.1" 200 10259 "-" "Mozilla/5.0 (compatible; Barkrowler/0.9; +https://babbar.tech/crawler)"
198.54.114.83 - - [17/Apr/2025:23:57:24 -0400] "POST /wp-cron.php?doing_wp_cron=1744948644.1800711154937744140625 HTTP/1.1" 200 0 "-" "WordPress/6.8; https://freelancingclients.com"
20.171.207.125 - - [17/Apr/2025:23:57:23 -0400] "GET /wp-json/wp/v2/posts/745 HTTP/1.1" 200 9667 "-" "Mozilla/5.0 AppleWebKit/537.36 (KHTML, like Gecko; compatible; GPTBot/1.2; +https://openai.com/gptbot)"
198.54.114.83 - - [17/Apr/2025:23:57:26 -0400] "POST /wp-admin/admin-ajax.php?action=async_litespeed&nonce=VKJpK0IdQ7QRY8VZrnas1Dgpatza9tj9&litespeed_type=imgoptm HTTP/1.1" 200 0 "-" "WordPress/6.8; https://freelancingclients.com"
217.113.194.58 - - [17/Apr/2025:23:57:27 -0400] "GET /page/139/ HTTP/1.1" 200 9721 "-" "Mozilla/5.0 (compatible; Barkrowler/0.9; +https://babbar.tech/crawler)"
217.113.194.55 - - [17/Apr/2025:23:57:43 -0400] "GET /page/151/ HTTP/1.1" 200 10219 "-" "Mozilla/5.0 (compatible; Barkrowler/0.9; +https://babbar.tech/crawler)"
198.54.114.83 - - [17/Apr/2025:23:57:45 -0400] "POST /wp-cron.php?doing_wp_cron=1744948664.8017299175262451171875 HTTP/1.1" 200 0 "-" "WordPress/6.8; https://freelancingclients.com"
20.171.207.125 - - [17/Apr/2025:23:57:44 -0400] "GET /wp-json/wp/v2/posts/740 HTTP/1.1" 200 9553 "-" "Mozilla/5.0 AppleWebKit/537.36 (KHTML, like Gecko; compatible; GPTBot/1.2; +https://openai.com/gptbot)"
198.54.114.83 - - [17/Apr/2025:23:57:46 -0400] "POST /wp-admin/admin-ajax.php?action=async_litespeed&nonce=j2PwTaCQrErX8IdHsAAOv2uFfFzOOKoe&litespeed_type=imgoptm HTTP/1.1" 200 0 "-" "WordPress/6.8; https://freelancingclients.com"
217.113.194.52 - - [17/Apr/2025:23:58:02 -0400] "GET /page/145/ HTTP/1.1" 200 9829 "-" "Mozilla/5.0 (compatible; Barkrowler/0.9; +https://babbar.tech/crawler)"
20.171.207.125 - - [17/Apr/2025:23:58:05 -0400] "GET /wp-json/wp/v2/posts/788 HTTP/1.1" 200 13199 "-" "Mozilla/5.0 AppleWebKit/537.36 (KHTML, like Gecko; compatible; GPTBot/1.2; +https://openai.com/gptbot)"
217.113.194.59 - - [17/Apr/2025:23:58:19 -0400] "GET /page/127/ HTTP/1.1" 200 10076 "-" "Mozilla/5.0 (compatible; Barkrowler/0.9; +https://babbar.tech/crawler)"
20.171.207.125 - - [17/Apr/2025:23:58:26 -0400] "GET /wp-json/wp/v2/posts/759 HTTP/1.1" 200 10040 "-" "Mozilla/5.0 AppleWebKit/537.36 (KHTML, like Gecko; compatible; GPTBot/1.2; +https://openai.com/gptbot)"
198.54.114.83 - - [17/Apr/2025:23:58:28 -0400] "POST /wp-cron.php?doing_wp_cron=1744948706.6669950485229492187500 HTTP/1.1" 200 0 "-" "WordPress/6.8; https://freelancingclients.com"
217.113.194.53 - - [17/Apr/2025:23:58:36 -0400] "GET /page/159/ HTTP/1.1" 200 10095 "-" "Mozilla/5.0 (compatible; Barkrowler/0.9; +https://babbar.tech/crawler)"
20.171.207.125 - - [17/Apr/2025:23:58:45 -0400] "GET /la-poudre-de-maca-un-super-aliment-energetique-et-equilibrant/ HTTP/1.1" 200 10426 "-" "Mozilla/5.0 AppleWebKit/537.36 (KHTML, like Gecko; compatible; GPTBot/1.2; +https://openai.com/gptbot)"
217.113.194.54 - - [17/Apr/2025:23:58:52 -0400] "GET /page/107/ HTTP/1.1" 200 9992 "-" "Mozilla/5.0 (compatible; Barkrowler/0.9; +https://babbar.tech/crawler)"
20.171.207.125 - - [17/Apr/2025:23:59:06 -0400] "GET /how-to-get-business-loans-for-women/ HTTP/1.1" 200 10983 "-" "Mozilla/5.0 AppleWebKit/537.36 (KHTML, like Gecko; compatible; GPTBot/1.2; +https://openai.com/gptbot)"
217.113.194.53 - - [17/Apr/2025:23:59:15 -0400] "GET /page/102/ HTTP/1.1" 200 11004 "-" "Mozilla/5.0 (compatible; Barkrowler/0.9; +https://babbar.tech/crawler)"
20.171.207.125 - - [17/Apr/2025:23:59:31 -0400] "GET /un-super-aliment-pour-la-sante-et-la-vitalite/ HTTP/1.1" 200 10451 "-" "Mozilla/5.0 AppleWebKit/537.36 (KHTML, like Gecko; compatible; GPTBot/1.2; +https://openai.com/gptbot)"
198.54.114.83 - - [17/Apr/2025:23:59:34 -0400] "POST /wp-cron.php?doing_wp_cron=1744948771.6450400352478027343750 HTTP/1.1" 200 0 "-" "WordPress/6.8; https://freelancingclients.com"
217.113.194.58 - - [17/Apr/2025:23:59:35 -0400] "GET /page/118/ HTTP/1.1" 200 9840 "-" "Mozilla/5.0 (compatible; Barkrowler/0.9; +https://babbar.tech/crawler)"
217.113.194.55 - - [17/Apr/2025:23:59:53 -0400] "GET /page/20/ HTTP/1.1" 200 9988 "-" "Mozilla/5.0 (compatible; Barkrowler/0.9; +https://babbar.tech/crawler)"
20.171.207.125 - - [17/Apr/2025:23:59:53 -0400] "GET /efficiency-at-your-fingertips-the-instant-hot-water-tap/ HTTP/1.1" 200 10345 "-" "Mozilla/5.0 AppleWebKit/537.36 (KHTML, like Gecko; compatible; GPTBot/1.2; +https://openai.com/gptbot)"
2a02:598:96:8a00::1200:13b - - [18/Apr/2025:00:00:08 -0400] "GET /best-sandals-for-women/ HTTP/1.1" 200 10936 "-" "Mozilla/5.0 (compatible; SeznamBot/4.0; +https://o-seznam.cz/napoveda/vyhledavani/en/seznambot-crawler/)"
198.54.114.83 - - [18/Apr/2025:00:01:45 -0400] "POST /wp-cron.php?doing_wp_cron=1744948903.1014170646667480468750 HTTP/1.1" 200 0 "-" "WordPress/6.8; https://freelancingclients.com"
47.79.198.47 - - [18/Apr/2025:00:01:46 -0400] "GET / HTTP/1.1" 200 10016 "https://www.google.com/" "Mozilla/5.0 (Windows NT 10.0; Win64; x64) AppleWebKit/537.36 (KHTML, like Gecko) Chrome/132.0.0.0 Safari/537.36"
217.113.194.56 - - [18/Apr/2025:00:01:49 -0400] "GET /page/106/ HTTP/1.1" 200 10092 "-" "Mozilla/5.0 (compatible; Barkrowler/0.9; +https://babbar.tech/crawler)"
20.171.207.125 - - [18/Apr/2025:00:02:04 -0400] "GET /le-calcul-de-lovulation/ HTTP/1.1" 200 10468 "-" "Mozilla/5.0 AppleWebKit/537.36 (KHTML, like Gecko; compatible; GPTBot/1.2; +https://openai.com/gptbot)"
217.113.194.54 - - [18/Apr/2025:00:02:07 -0400] "GET /page/112/ HTTP/1.1" 200 9863 "-" "Mozilla/5.0 (compatible; Barkrowler/0.9; +https://babbar.tech/crawler)"
154.54.249.198 - - [18/Apr/2025:00:02:25 -0400] "GET /page/122/ HTTP/1.1" 200 9954 "-" "Mozilla/5.0 (compatible; Barkrowler/0.9; +https://babbar.tech/crawler)"
20.171.207.125 - - [18/Apr/2025:00:02:25 -0400] "GET /unlocking-wellness-osteopathy-in-dubai/ HTTP/1.1" 200 10509 "-" "Mozilla/5.0 AppleWebKit/537.36 (KHTML, like Gecko; compatible; GPTBot/1.2; +https://openai.com/gptbot)"
217.113.194.59 - - [18/Apr/2025:00:02:42 -0400] "GET /page/150/ HTTP/1.1" 200 9974 "-" "Mozilla/5.0 (compatible; Barkrowler/0.9; +https://babbar.tech/crawler)"
