20.171.207.125 - - [17/Apr/2025:05:09:35 -0400] "GET /wp-json/wp/v2/posts/3556 HTTP/1.1" 200 11005 "-" "Mozilla/5.0 AppleWebKit/537.36 (KHTML, like Gecko; compatible; GPTBot/1.2; +https://openai.com/gptbot)"
198.54.114.83 - - [17/Apr/2025:05:10:02 -0400] "POST /wp-cron.php?doing_wp_cron=1744881001.9356410503387451171875 HTTP/1.1" 200 0 "-" "WordPress/6.8; https://freelancingclients.com"
20.171.207.125 - - [17/Apr/2025:05:10:01 -0400] "GET /wp-json/oembed/1.0/embed?format=xml&url=https%3A%2F%2Ffreelancingclients.com%2Fthe-next-step-in-tissue-regeneration%2F HTTP/1.1" 200 1236 "-" "Mozilla/5.0 AppleWebKit/537.36 (KHTML, like Gecko; compatible; GPTBot/1.2; +https://openai.com/gptbot)"
198.54.114.83 - - [17/Apr/2025:05:10:02 -0400] "POST /wp-admin/admin-ajax.php?action=async_litespeed&nonce=bNfX1YbcwkM93Zw041Arq8bnSKqyMhVI&litespeed_type=imgoptm HTTP/1.1" 200 5 "-" "WordPress/6.8; https://freelancingclients.com"
20.171.207.125 - - [17/Apr/2025:05:10:29 -0400] "GET /wp-json/oembed/1.0/embed?url=https%3A%2F%2Ffreelancingclients.com%2Fthe-next-step-in-tissue-regeneration%2F HTTP/1.1" 200 2556 "-" "Mozilla/5.0 AppleWebKit/537.36 (KHTML, like Gecko; compatible; GPTBot/1.2; +https://openai.com/gptbot)"
20.171.207.125 - - [17/Apr/2025:05:10:33 -0400] "GET /the-next-step-in-tissue-regeneration/feed/ HTTP/1.1" 200 400 "-" "Mozilla/5.0 AppleWebKit/537.36 (KHTML, like Gecko; compatible; GPTBot/1.2; +https://openai.com/gptbot)"
198.54.114.83 - - [17/Apr/2025:05:10:58 -0400] "POST /wp-cron.php?doing_wp_cron=1744881058.4673359394073486328125 HTTP/1.1" 200 0 "-" "WordPress/6.8; https://freelancingclients.com"
20.171.207.125 - - [17/Apr/2025:05:10:58 -0400] "GET /?p=3566 HTTP/1.1" 301 0 "-" "Mozilla/5.0 AppleWebKit/537.36 (KHTML, like Gecko; compatible; GPTBot/1.2; +https://openai.com/gptbot)"
198.54.114.83 - - [17/Apr/2025:05:10:59 -0400] "POST /wp-admin/admin-ajax.php?action=async_litespeed&nonce=gMwBeQ8QF2DhSAm2KSENoTc5sfmRgBsk&litespeed_type=imgoptm HTTP/1.1" 200 5 "-" "WordPress/6.8; https://freelancingclients.com"
198.54.114.83 - - [17/Apr/2025:05:11:26 -0400] "POST /wp-cron.php?doing_wp_cron=1744881086.4458160400390625000000 HTTP/1.1" 200 0 "-" "WordPress/6.8; https://freelancingclients.com"
20.171.207.125 - - [17/Apr/2025:05:11:26 -0400] "GET /?p=1559 HTTP/1.1" 301 0 "-" "Mozilla/5.0 AppleWebKit/537.36 (KHTML, like Gecko; compatible; GPTBot/1.2; +https://openai.com/gptbot)"
198.54.114.83 - - [17/Apr/2025:05:11:52 -0400] "POST /wp-cron.php?doing_wp_cron=1744881112.0093080997467041015625 HTTP/1.1" 200 0 "-" "WordPress/6.8; https://freelancingclients.com"
20.171.207.125 - - [17/Apr/2025:05:11:51 -0400] "GET /simplificando-la-medicion-de-fuerza/feed/ HTTP/1.1" 200 399 "-" "Mozilla/5.0 AppleWebKit/537.36 (KHTML, like Gecko; compatible; GPTBot/1.2; +https://openai.com/gptbot)"
198.54.114.83 - - [17/Apr/2025:05:11:52 -0400] "POST /wp-admin/admin-ajax.php?action=async_litespeed&nonce=bWN7KHlAPrmrqQB4iX3ZdAsO95koYDYQ&litespeed_type=imgoptm HTTP/1.1" 200 5 "-" "WordPress/6.8; https://freelancingclients.com"
198.54.114.83 - - [17/Apr/2025:05:12:21 -0400] "POST /wp-cron.php?doing_wp_cron=1744881141.0773530006408691406250 HTTP/1.1" 200 0 "-" "WordPress/6.8; https://freelancingclients.com"
20.171.207.125 - - [17/Apr/2025:05:12:20 -0400] "GET /disney-teddys-the-perfect-toy-for-toys-for-tots/feed/ HTTP/1.1" 200 431 "-" "Mozilla/5.0 AppleWebKit/537.36 (KHTML, like Gecko; compatible; GPTBot/1.2; +https://openai.com/gptbot)"
198.54.114.83 - - [17/Apr/2025:05:13:16 -0400] "POST /wp-cron.php?doing_wp_cron=1744881196.3764998912811279296875 HTTP/1.1" 200 0 "-" "WordPress/6.8; https://freelancingclients.com"
129.226.128.49 - - [17/Apr/2025:05:13:15 -0400] "GET /when-to-use-an-ad-agency/ HTTP/1.1" 200 10250 "-" "Python/3.10 aiohttp/3.10.5"
198.54.114.83 - - [17/Apr/2025:05:13:17 -0400] "POST /wp-admin/admin-ajax.php?action=async_litespeed&nonce=q3HrZn2WDVwRICJ0xfGqzEEvhVMueYtH&litespeed_type=imgoptm HTTP/1.1" 200 0 "-" "WordPress/6.8; https://freelancingclients.com"
198.54.114.83 - - [17/Apr/2025:05:13:48 -0400] "POST /wp-admin/admin-ajax.php?action=async_litespeed&nonce=myOnk54xLysFYWICSYzjnanvhHwyOgFf&litespeed_type=imgoptm HTTP/1.1" 200 0 "-" "WordPress/6.8; https://freelancingclients.com"
20.171.207.125 - - [17/Apr/2025:05:15:09 -0400] "GET /the-next-step-in-tissue-regeneration/embed/ HTTP/1.1" 200 6285 "-" "Mozilla/5.0 AppleWebKit/537.36 (KHTML, like Gecko; compatible; GPTBot/1.2; +https://openai.com/gptbot)"
20.171.207.125 - - [17/Apr/2025:05:15:37 -0400] "GET /vision-vitality-the-essentials-of-eye-care/embed/ HTTP/1.1" 200 6305 "-" "Mozilla/5.0 AppleWebKit/537.36 (KHTML, like Gecko; compatible; GPTBot/1.2; +https://openai.com/gptbot)"
198.54.114.83 - - [17/Apr/2025:05:16:08 -0400] "POST /wp-cron.php?doing_wp_cron=1744881366.5365879535675048828125 HTTP/1.1" 200 0 "-" "WordPress/6.8; https://freelancingclients.com"
20.171.207.125 - - [17/Apr/2025:05:16:04 -0400] "GET /best-wrinkle-cream-for-the-face/ HTTP/1.1" 200 10424 "-" "Mozilla/5.0 AppleWebKit/537.36 (KHTML, like Gecko; compatible; GPTBot/1.2; +https://openai.com/gptbot)"
124.156.108.107 - - [17/Apr/2025:05:16:29 -0400] "GET /exploring-the-power-of-the-gaming-mouse/ HTTP/1.1" 200 10607 "-" "Python/3.10 aiohttp/3.10.5"
20.171.207.125 - - [17/Apr/2025:05:16:34 -0400] "GET /the-rise-of-online-lottery-game/ HTTP/1.1" 200 10608 "-" "Mozilla/5.0 AppleWebKit/537.36 (KHTML, like Gecko; compatible; GPTBot/1.2; +https://openai.com/gptbot)"
20.171.207.125 - - [17/Apr/2025:05:17:04 -0400] "GET /xmlrpc.php HTTP/1.1" 405 46 "-" "Mozilla/5.0 AppleWebKit/537.36 (KHTML, like Gecko; compatible; GPTBot/1.2; +https://openai.com/gptbot)"
198.54.114.83 - - [17/Apr/2025:05:17:33 -0400] "POST /wp-cron.php?doing_wp_cron=1744881451.9164469242095947265625 HTTP/1.1" 200 0 "-" "WordPress/6.8; https://freelancingclients.com"
20.171.207.125 - - [17/Apr/2025:05:17:31 -0400] "GET /the-art-of-choosing-wine/ HTTP/1.1" 200 11933 "-" "Mozilla/5.0 AppleWebKit/537.36 (KHTML, like Gecko; compatible; GPTBot/1.2; +https://openai.com/gptbot)"
20.171.207.125 - - [17/Apr/2025:05:18:02 -0400] "GET /evolution-of-the-wine-bottle/ HTTP/1.1" 200 11947 "-" "Mozilla/5.0 AppleWebKit/537.36 (KHTML, like Gecko; compatible; GPTBot/1.2; +https://openai.com/gptbot)"
20.171.207.125 - - [17/Apr/2025:05:18:29 -0400] "GET /wp-json/oembed/1.0/embed?url=https%3A%2F%2Ffreelancingclients.com%2Fconvirtiendo-el-par-motor-todo-lo-que-necesitas-saber-sobre-los-convertidores-de-unidades-de-torque%2F HTTP/1.1" 200 2854 "-" "Mozilla/5.0 AppleWebKit/537.36 (KHTML, like Gecko; compatible; GPTBot/1.2; +https://openai.com/gptbot)"
198.54.114.83 - - [17/Apr/2025:05:18:46 -0400] "POST /wp-admin/admin-ajax.php?action=async_litespeed&nonce=vNbpNr9j479Q3VHyt0lMLujmE9hMtqbe&litespeed_type=imgoptm HTTP/1.1" 200 5 "-" "WordPress/6.8; https://freelancingclients.com"
43.154.249.136 - - [17/Apr/2025:05:19:07 -0400] "GET /how-to-find-a-caregiver-near-me/ HTTP/1.1" 200 10934 "-" "Python/3.10 aiohttp/3.10.5"
135.119.140.245 - - [17/Apr/2025:05:19:19 -0400] "HEAD /new-composite-door-new-accessibility/ HTTP/1.1" 200 0 "http://freelancingclients.com/new" "Mozilla/5.0 (Windows NT 10.0; Win64; x64) AppleWebKit/537.36 (KHTML, like Gecko) Chrome/74.0.3729.169 Safari/537.36"
20.171.207.125 - - [17/Apr/2025:05:19:23 -0400] "GET /?p=135 HTTP/1.1" 301 0 "-" "Mozilla/5.0 AppleWebKit/537.36 (KHTML, like Gecko; compatible; GPTBot/1.2; +https://openai.com/gptbot)"
135.119.140.245 - - [17/Apr/2025:05:19:24 -0400] "HEAD /home-audio-systems/ HTTP/1.1" 200 0 "http://freelancingclients.com/home" "Mozilla/5.0 (Windows NT 10.0; Win64; x64) AppleWebKit/537.36 (KHTML, like Gecko) Chrome/74.0.3729.169 Safari/537.36"
5.102.173.71 - - [17/Apr/2025:05:19:30 -0400] "GET /the-inside-story-of-how-chatgpt-was-built-from-the/ HTTP/1.1" 200 105387 "-" "Mozilla/5.0 (compatible; MojeekBot/0.11; +https://www.mojeek.com/bot.html)"
198.54.114.83 - - [17/Apr/2025:05:19:52 -0400] "POST /wp-cron.php?doing_wp_cron=1744881591.2901530265808105468750 HTTP/1.1" 200 0 "-" "WordPress/6.8; https://freelancingclients.com"
20.171.207.125 - - [17/Apr/2025:05:19:50 -0400] "GET /?p=3554 HTTP/1.1" 301 0 "-" "Mozilla/5.0 AppleWebKit/537.36 (KHTML, like Gecko; compatible; GPTBot/1.2; +https://openai.com/gptbot)"
198.54.114.83 - - [17/Apr/2025:05:19:53 -0400] "POST /wp-admin/admin-ajax.php?action=async_litespeed&nonce=igRTDjxlS1Rou4fc512jyIAWj2Wp8qGa&litespeed_type=imgoptm HTTP/1.1" 200 0 "-" "WordPress/6.8; https://freelancingclients.com"
198.54.114.83 - - [17/Apr/2025:05:20:21 -0400] "POST /wp-cron.php?doing_wp_cron=1744881621.2566881179809570312500 HTTP/1.1" 200 0 "-" "WordPress/6.8; https://freelancingclients.com"
20.171.207.125 - - [17/Apr/2025:05:20:20 -0400] "GET /?p=144 HTTP/1.1" 301 0 "-" "Mozilla/5.0 AppleWebKit/537.36 (KHTML, like Gecko; compatible; GPTBot/1.2; +https://openai.com/gptbot)"
5.102.173.71 - - [17/Apr/2025:05:20:32 -0400] "GET /2025/03/ HTTP/1.1" 301 0 "-" "Mozilla/5.0 (compatible; MojeekBot/0.11; +https://www.mojeek.com/bot.html)"
198.54.114.83 - - [17/Apr/2025:05:20:46 -0400] "POST /wp-cron.php?doing_wp_cron=1744881646.0484631061553955078125 HTTP/1.1" 200 0 "-" "WordPress/6.8; https://freelancingclients.com"
20.171.207.125 - - [17/Apr/2025:05:20:45 -0400] "GET /?p=131 HTTP/1.1" 301 0 "-" "Mozilla/5.0 AppleWebKit/537.36 (KHTML, like Gecko; compatible; GPTBot/1.2; +https://openai.com/gptbot)"
198.54.114.83 - - [17/Apr/2025:05:20:47 -0400] "POST /wp-admin/admin-ajax.php?action=async_litespeed&nonce=4LMuDmhiYO7OGm0QddmSju1wLMlDHlDC&litespeed_type=imgoptm HTTP/1.1" 200 5 "-" "WordPress/6.8; https://freelancingclients.com"
198.54.114.83 - - [17/Apr/2025:05:21:16 -0400] "POST /wp-cron.php?doing_wp_cron=1744881675.9700160026550292968750 HTTP/1.1" 200 0 "-" "WordPress/6.8; https://freelancingclients.com"
20.171.207.125 - - [17/Apr/2025:05:21:15 -0400] "GET /xmlrpc.php HTTP/1.1" 405 46 "-" "Mozilla/5.0 AppleWebKit/537.36 (KHTML, like Gecko; compatible; GPTBot/1.2; +https://openai.com/gptbot)"
198.54.114.83 - - [17/Apr/2025:05:21:44 -0400] "POST /wp-cron.php?doing_wp_cron=1744881703.0980799198150634765625 HTTP/1.1" 200 0 "-" "WordPress/6.8; https://freelancingclients.com"
20.171.207.125 - - [17/Apr/2025:05:21:42 -0400] "GET /best-wrinkle-cream-for-the-face/feed/ HTTP/1.1" 200 402 "-" "Mozilla/5.0 AppleWebKit/537.36 (KHTML, like Gecko; compatible; GPTBot/1.2; +https://openai.com/gptbot)"
198.54.114.83 - - [17/Apr/2025:05:21:45 -0400] "POST /wp-admin/admin-ajax.php?action=async_litespeed&nonce=TWvjXKsexnVW7jFS6TyZ5BrYDS3CbDAC&litespeed_type=imgoptm HTTP/1.1" 200 0 "-" "WordPress/6.8; https://freelancingclients.com"
20.171.207.125 - - [17/Apr/2025:05:22:11 -0400] "GET /the-rise-of-online-lottery-game/feed/ HTTP/1.1" 200 400 "-" "Mozilla/5.0 AppleWebKit/537.36 (KHTML, like Gecko; compatible; GPTBot/1.2; +https://openai.com/gptbot)"
198.54.114.83 - - [17/Apr/2025:05:22:41 -0400] "POST /wp-cron.php?doing_wp_cron=1744881761.0817699432373046875000 HTTP/1.1" 200 0 "-" "WordPress/6.8; https://freelancingclients.com"
20.171.207.125 - - [17/Apr/2025:05:22:40 -0400] "GET /evolution-of-the-wine-bottle/feed/ HTTP/1.1" 200 395 "-" "Mozilla/5.0 AppleWebKit/537.36 (KHTML, like Gecko; compatible; GPTBot/1.2; +https://openai.com/gptbot)"
198.54.114.83 - - [17/Apr/2025:05:22:44 -0400] "POST /wp-admin/admin-ajax.php?action=async_litespeed&nonce=q6sOekdeUss42JgMu5gQaKD7Fn76REff&litespeed_type=imgoptm HTTP/1.1" 200 0 "-" "WordPress/6.8; https://freelancingclients.com"
20.171.207.125 - - [17/Apr/2025:05:23:09 -0400] "GET /the-art-of-choosing-wine/feed/ HTTP/1.1" 200 392 "-" "Mozilla/5.0 AppleWebKit/537.36 (KHTML, like Gecko; compatible; GPTBot/1.2; +https://openai.com/gptbot)"
198.54.114.83 - - [17/Apr/2025:05:23:32 -0400] "POST /wp-cron.php?doing_wp_cron=1744881811.6291589736938476562500 HTTP/1.1" 200 0 "-" "WordPress/6.8; https://freelancingclients.com"
20.171.207.125 - - [17/Apr/2025:05:23:32 -0400] "GET /gambling-lotto/ HTTP/1.1" 200 10983 "-" "Mozilla/5.0 AppleWebKit/537.36 (KHTML, like Gecko; compatible; GPTBot/1.2; +https://openai.com/gptbot)"
114.119.138.170 - - [17/Apr/2025:05:23:31 -0400] "GET /category/activity/page/29/ HTTP/1.1" 200 10445 "https://freelancingclients.com/category/activity/page/28/" "Mozilla/5.0 (Linux; Android 7.0;) AppleWebKit/537.36 (KHTML, like Gecko) Mobile Safari/537.36 (compatible; PetalBot;+https://webmaster.petalsearch.com/site/petalbot)"
198.54.114.83 - - [17/Apr/2025:05:24:00 -0400] "POST /wp-cron.php?doing_wp_cron=1744881840.0811109542846679687500 HTTP/1.1" 200 0 "-" "WordPress/6.8; https://freelancingclients.com"
20.171.207.125 - - [17/Apr/2025:05:23:59 -0400] "GET /what-is-a-gas-slot/ HTTP/1.1" 200 10815 "-" "Mozilla/5.0 AppleWebKit/537.36 (KHTML, like Gecko; compatible; GPTBot/1.2; +https://openai.com/gptbot)"
198.54.114.83 - - [17/Apr/2025:05:24:01 -0400] "POST /wp-admin/admin-ajax.php?action=async_litespeed&nonce=HTcFwnUsJbx1PugbGUPiTx5T4LmFmIHI&litespeed_type=imgoptm HTTP/1.1" 200 0 "-" "WordPress/6.8; https://freelancingclients.com"
20.171.207.125 - - [17/Apr/2025:05:24:28 -0400] "GET /wp-content/uploads/2023/05/images-6.jpeg HTTP/1.1" 200 6825 "-" "Mozilla/5.0 AppleWebKit/537.36 (KHTML, like Gecko; compatible; GPTBot/1.2; +https://openai.com/gptbot)"
198.54.114.83 - - [17/Apr/2025:05:24:56 -0400] "POST /wp-cron.php?doing_wp_cron=1744881895.8877449035644531250000 HTTP/1.1" 200 0 "-" "WordPress/6.8; https://freelancingclients.com"
20.171.207.125 - - [17/Apr/2025:05:24:54 -0400] "GET /wp-json/wp/v2/posts/3559 HTTP/1.1" 200 11323 "-" "Mozilla/5.0 AppleWebKit/537.36 (KHTML, like Gecko; compatible; GPTBot/1.2; +https://openai.com/gptbot)"
198.54.114.83 - - [17/Apr/2025:05:24:58 -0400] "POST /wp-admin/admin-ajax.php?action=async_litespeed&nonce=QwuY4zEPoK4ytBRHpVQQXukHrMl0wxoD&litespeed_type=imgoptm HTTP/1.1" 200 0 "-" "WordPress/6.8; https://freelancingclients.com"
198.54.114.83 - - [17/Apr/2025:05:25:23 -0400] "POST /wp-cron.php?doing_wp_cron=1744881922.9152500629425048828125 HTTP/1.1" 200 0 "-" "WordPress/6.8; https://freelancingclients.com"
20.171.207.125 - - [17/Apr/2025:05:25:22 -0400] "GET /wp-json/wp/v2/posts/3566 HTTP/1.1" 200 11145 "-" "Mozilla/5.0 AppleWebKit/537.36 (KHTML, like Gecko; compatible; GPTBot/1.2; +https://openai.com/gptbot)"
198.54.114.83 - - [17/Apr/2025:05:25:52 -0400] "POST /wp-cron.php?doing_wp_cron=1744881951.8233780860900878906250 HTTP/1.1" 200 0 "-" "WordPress/6.8; https://freelancingclients.com"
20.171.207.125 - - [17/Apr/2025:05:25:51 -0400] "GET /wp-json/wp/v2/posts/3562 HTTP/1.1" 200 12119 "-" "Mozilla/5.0 AppleWebKit/537.36 (KHTML, like Gecko; compatible; GPTBot/1.2; +https://openai.com/gptbot)"
198.54.114.83 - - [17/Apr/2025:05:25:52 -0400] "POST /wp-admin/admin-ajax.php?action=async_litespeed&nonce=VgGVvrXxxK7hrfEfY3iMKGUt2YeE2ZEj&litespeed_type=imgoptm HTTP/1.1" 200 5 "-" "WordPress/6.8; https://freelancingclients.com"
47.243.74.123 - - [17/Apr/2025:05:25:52 -0400] "HEAD /category/activity HTTP/1.1" 301 0 "-" "Mozilla/5.0 (Windows NT 6.1; Win64; x64) AppleWebKit/537.36 (KHTML, like Gecko) Chrome/77.0.3223.27 Safari/537.36"
47.243.74.123 - - [17/Apr/2025:05:25:54 -0400] "HEAD /category/activity/ HTTP/1.1" 200 0 "-" "Mozilla/5.0 (Windows NT 6.1; Win64; x64) AppleWebKit/537.36 (KHTML, like Gecko) Chrome/77.0.3223.27 Safari/537.36"
47.243.74.123 - - [17/Apr/2025:05:25:55 -0400] "GET /category/activity HTTP/1.1" 301 0 "-" "Mozilla/5.0 (Windows NT 6.1; Win64; x64) AppleWebKit/537.36 (KHTML, like Gecko) Chrome/77.0.3223.27 Safari/537.36"
47.243.74.123 - - [17/Apr/2025:05:25:56 -0400] "GET /category/activity/ HTTP/1.1" 200 10188 "-" "Mozilla/5.0 (Windows NT 6.1; Win64; x64) AppleWebKit/537.36 (KHTML, like Gecko) Chrome/77.0.3223.27 Safari/537.36"
14.232.185.205 - - [17/Apr/2025:05:25:57 -0400] "HEAD /category/activity HTTP/1.1" 301 0 "-" "Mozilla/5.0 (Windows NT 6.0; Win64; x64) AppleWebKit/537.36 (KHTML, like Gecko) Chrome/75.0.3405.20 Safari/537.36"
14.232.185.205 - - [17/Apr/2025:05:25:57 -0400] "HEAD /category/activity/ HTTP/1.1" 200 0 "-" "Mozilla/5.0 (Windows NT 6.0; Win64; x64) AppleWebKit/537.36 (KHTML, like Gecko) Chrome/75.0.3405.20 Safari/537.36"
14.232.185.205 - - [17/Apr/2025:05:25:58 -0400] "GET /category/activity HTTP/1.1" 301 0 "-" "Mozilla/5.0 (Windows NT 6.0; Win64; x64) AppleWebKit/537.36 (KHTML, like Gecko) Chrome/75.0.3405.20 Safari/537.36"
14.232.185.205 - - [17/Apr/2025:05:25:59 -0400] "GET /category/activity/ HTTP/1.1" 200 10188 "-" "Mozilla/5.0 (Windows NT 6.0; Win64; x64) AppleWebKit/537.36 (KHTML, like Gecko) Chrome/75.0.3405.20 Safari/537.36"
198.54.114.83 - - [17/Apr/2025:05:26:22 -0400] "POST /wp-cron.php?doing_wp_cron=1744881981.6320540904998779296875 HTTP/1.1" 200 0 "-" "WordPress/6.8; https://freelancingclients.com"
20.171.207.125 - - [17/Apr/2025:05:26:21 -0400] "GET /wp-json/wp/v2/posts/3573 HTTP/1.1" 200 11085 "-" "Mozilla/5.0 AppleWebKit/537.36 (KHTML, like Gecko; compatible; GPTBot/1.2; +https://openai.com/gptbot)"
47.242.95.94 - - [17/Apr/2025:05:26:31 -0400] "HEAD /page/2 HTTP/1.1" 301 0 "-" "Mozilla/5.0 (Windows NT 6.1; Win64; x64) AppleWebKit/537.36 (KHTML, like Gecko) Chrome/72.0.2038.130 Safari/537.36"
47.242.95.94 - - [17/Apr/2025:05:26:32 -0400] "HEAD /page/2/ HTTP/1.1" 200 0 "-" "Mozilla/5.0 (Windows NT 6.1; Win64; x64) AppleWebKit/537.36 (KHTML, like Gecko) Chrome/72.0.2038.130 Safari/537.36"
47.242.95.94 - - [17/Apr/2025:05:26:34 -0400] "GET /page/2 HTTP/1.1" 301 0 "-" "Mozilla/5.0 (Windows NT 6.1; Win64; x64) AppleWebKit/537.36 (KHTML, like Gecko) Chrome/72.0.2038.130 Safari/537.36"
2001:ee0:4f36:14f3:257c:1e2e:6ba1:f1ee - - [17/Apr/2025:05:26:37 -0400] "HEAD /page/2 HTTP/1.1" 301 0 "-" "Mozilla/5.0 (Windows NT 6.0; Win64; x64) AppleWebKit/537.36 (KHTML, like Gecko) Chrome/60.0.3554.8 Safari/537.36"
47.242.95.94 - - [17/Apr/2025:05:26:36 -0400] "GET /page/2/ HTTP/1.1" 200 10718 "-" "Mozilla/5.0 (Windows NT 6.1; Win64; x64) AppleWebKit/537.36 (KHTML, like Gecko) Chrome/72.0.2038.130 Safari/537.36"
2001:ee0:4f36:14f3:257c:1e2e:6ba1:f1ee - - [17/Apr/2025:05:26:38 -0400] "HEAD /page/2/ HTTP/1.1" 200 0 "-" "Mozilla/5.0 (Windows NT 6.0; Win64; x64) AppleWebKit/537.36 (KHTML, like Gecko) Chrome/60.0.3554.8 Safari/537.36"
2001:ee0:4f36:14f3:257c:1e2e:6ba1:f1ee - - [17/Apr/2025:05:26:38 -0400] "GET /page/2 HTTP/1.1" 301 0 "-" "Mozilla/5.0 (Windows NT 6.0; Win64; x64) AppleWebKit/537.36 (KHTML, like Gecko) Chrome/60.0.3554.8 Safari/537.36"
8.210.187.5 - - [17/Apr/2025:05:26:39 -0400] "HEAD /page/2 HTTP/1.1" 301 0 "-" "Mozilla/5.0 (Windows NT 6.0; Win64; x64) AppleWebKit/537.36 (KHTML, like Gecko) Chrome/76.0.2863.182 Safari/537.36"
2001:ee0:4f36:14f3:257c:1e2e:6ba1:f1ee - - [17/Apr/2025:05:26:39 -0400] "GET /page/2/ HTTP/1.1" 200 10718 "-" "Mozilla/5.0 (Windows NT 6.0; Win64; x64) AppleWebKit/537.36 (KHTML, like Gecko) Chrome/60.0.3554.8 Safari/537.36"
8.210.187.5 - - [17/Apr/2025:05:26:39 -0400] "HEAD /page/2/ HTTP/1.1" 200 0 "-" "Mozilla/5.0 (Windows NT 6.0; Win64; x64) AppleWebKit/537.36 (KHTML, like Gecko) Chrome/76.0.2863.182 Safari/537.36"
8.210.187.5 - - [17/Apr/2025:05:26:40 -0400] "GET /page/2 HTTP/1.1" 301 0 "-" "Mozilla/5.0 (Windows NT 6.0; Win64; x64) AppleWebKit/537.36 (KHTML, like Gecko) Chrome/76.0.2863.182 Safari/537.36"
8.210.187.5 - - [17/Apr/2025:05:26:40 -0400] "GET /page/2/ HTTP/1.1" 200 10718 "-" "Mozilla/5.0 (Windows NT 6.0; Win64; x64) AppleWebKit/537.36 (KHTML, like Gecko) Chrome/76.0.2863.182 Safari/537.36"
198.54.114.83 - - [17/Apr/2025:05:26:48 -0400] "POST /wp-cron.php?doing_wp_cron=1744882008.0096080303192138671875 HTTP/1.1" 200 0 "-" "WordPress/6.8; https://freelancingclients.com"
20.171.207.125 - - [17/Apr/2025:05:26:47 -0400] "GET /wp-json/wp/v2/posts/3558 HTTP/1.1" 200 13505 "-" "Mozilla/5.0 AppleWebKit/537.36 (KHTML, like Gecko; compatible; GPTBot/1.2; +https://openai.com/gptbot)"
198.54.114.83 - - [17/Apr/2025:05:26:49 -0400] "POST /wp-admin/admin-ajax.php?action=async_litespeed&nonce=rLYIE8SE0JGRwJ6pOCv9aSAS227QmT0i&litespeed_type=imgoptm HTTP/1.1" 200 5 "-" "WordPress/6.8; https://freelancingclients.com"
198.54.114.83 - - [17/Apr/2025:05:27:15 -0400] "POST /wp-cron.php?doing_wp_cron=1744882034.9006779193878173828125 HTTP/1.1" 200 0 "-" "WordPress/6.8; https://freelancingclients.com"
77.88.47.7 - - [17/Apr/2025:05:27:14 -0400] "GET /virtual-terminal-payment-gateway/ HTTP/1.1" 200 9915 "-" "Mozilla/5.0 (compatible; YandexBot/3.0; +http://yandex.com/bots)"
198.54.114.83 - - [17/Apr/2025:05:27:48 -0400] "POST /wp-cron.php?doing_wp_cron=1744882068.3443739414215087890625 HTTP/1.1" 200 0 "-" "WordPress/6.8; https://freelancingclients.com"
20.171.207.125 - - [17/Apr/2025:05:27:47 -0400] "GET /?p=150 HTTP/1.1" 301 0 "-" "Mozilla/5.0 AppleWebKit/537.36 (KHTML, like Gecko; compatible; GPTBot/1.2; +https://openai.com/gptbot)"
198.54.114.83 - - [17/Apr/2025:05:27:49 -0400] "POST /wp-admin/admin-ajax.php?action=async_litespeed&nonce=4ZXWgEyJNNkpcKTefRNvvUe44yBYqPsU&litespeed_type=imgoptm HTTP/1.1" 200 5 "-" "WordPress/6.8; https://freelancingclients.com"
198.54.114.83 - - [17/Apr/2025:05:28:16 -0400] "POST /wp-cron.php?doing_wp_cron=1744882095.8340530395507812500000 HTTP/1.1" 200 0 "-" "WordPress/6.8; https://freelancingclients.com"
20.171.207.125 - - [17/Apr/2025:05:28:15 -0400] "GET /?p=146 HTTP/1.1" 301 0 "-" "Mozilla/5.0 AppleWebKit/537.36 (KHTML, like Gecko; compatible; GPTBot/1.2; +https://openai.com/gptbot)"
51.8.102.62 - - [17/Apr/2025:05:28:18 -0400] "GET /robots.txt HTTP/1.1" 301 0 "-" "Mozilla/5.0 (Macintosh; Intel Mac OS X 10_15_7) AppleWebKit/537.36 (KHTML, like Gecko) Chrome/131.0.0.0 Safari/537.36; compatible; OAI-SearchBot/1.0; +https://openai.com/searchbot"
51.8.102.45 - - [17/Apr/2025:05:28:19 -0400] "GET /robots.txt HTTP/1.1" 200 112 "-" "Mozilla/5.0 (Macintosh; Intel Mac OS X 10_15_7) AppleWebKit/537.36 (KHTML, like Gecko) Chrome/131.0.0.0 Safari/537.36; compatible; OAI-SearchBot/1.0; +https://openai.com/searchbot"
198.54.114.83 - - [17/Apr/2025:05:28:43 -0400] "POST /wp-cron.php?doing_wp_cron=1744882122.9099440574645996093750 HTTP/1.1" 200 0 "-" "WordPress/6.8; https://freelancingclients.com"
20.171.207.125 - - [17/Apr/2025:05:28:42 -0400] "GET /xmlrpc.php HTTP/1.1" 405 46 "-" "Mozilla/5.0 AppleWebKit/537.36 (KHTML, like Gecko; compatible; GPTBot/1.2; +https://openai.com/gptbot)"
198.54.114.83 - - [17/Apr/2025:05:28:43 -0400] "POST /wp-admin/admin-ajax.php?action=async_litespeed&nonce=xBZUaFykrCqdHb8YPKaPWa4wkmbxyv4W&litespeed_type=imgoptm HTTP/1.1" 200 5 "-" "WordPress/6.8; https://freelancingclients.com"
47.128.122.108 - - [17/Apr/2025:05:29:07 -0400] "GET /robots.txt HTTP/1.1" 200 112 "-" "Go-http-client/2.0"
129.226.130.64 - - [17/Apr/2025:05:29:05 -0400] "GET /the-portable-fire-fighting-pump/ HTTP/1.1" 200 10466 "-" "Python/3.10 aiohttp/3.10.5"
20.171.207.125 - - [17/Apr/2025:05:29:08 -0400] "GET /what-is-a-gas-slot/feed/ HTTP/1.1" 200 386 "-" "Mozilla/5.0 AppleWebKit/537.36 (KHTML, like Gecko; compatible; GPTBot/1.2; +https://openai.com/gptbot)"
198.54.114.83 - - [17/Apr/2025:05:29:37 -0400] "POST /wp-cron.php?doing_wp_cron=1744882176.9646520614624023437500 HTTP/1.1" 200 0 "-" "WordPress/6.8; https://freelancingclients.com"
20.171.207.125 - - [17/Apr/2025:05:29:36 -0400] "GET /wp-json/wp/v2/posts/1559 HTTP/1.1" 200 10949 "-" "Mozilla/5.0 AppleWebKit/537.36 (KHTML, like Gecko; compatible; GPTBot/1.2; +https://openai.com/gptbot)"
198.54.114.83 - - [17/Apr/2025:05:29:44 -0400] "POST /wp-cron.php?doing_wp_cron=1744882184.3886079788208007812500 HTTP/1.1" 200 0 "-" "WordPress/6.8; https://freelancingclients.com"
5.102.173.71 - - [17/Apr/2025:05:29:44 -0400] "GET /5-steps-to-a-catchy-bot-name-ideas/ HTTP/1.1" 200 92643 "-" "Mozilla/5.0 (compatible; MojeekBot/0.11; +https://www.mojeek.com/bot.html)"
198.54.114.83 - - [17/Apr/2025:05:29:44 -0400] "POST /wp-admin/admin-ajax.php?action=async_litespeed&nonce=Bw0EtfNiT5qMmxtYu7ZQD2RuKX5txq5n&litespeed_type=imgoptm HTTP/1.1" 200 5 "-" "WordPress/6.8; https://freelancingclients.com"
20.171.207.125 - - [17/Apr/2025:05:30:01 -0400] "GET /wp-json/wp/v2/posts/3554 HTTP/1.1" 200 11684 "-" "Mozilla/5.0 AppleWebKit/537.36 (KHTML, like Gecko; compatible; GPTBot/1.2; +https://openai.com/gptbot)"
198.54.114.83 - - [17/Apr/2025:05:30:34 -0400] "POST /wp-cron.php?doing_wp_cron=1744882232.5693540573120117187500 HTTP/1.1" 200 0 "-" "WordPress/6.8; https://freelancingclients.com"
20.171.207.125 - - [17/Apr/2025:05:30:32 -0400] "GET /wp-json/wp/v2/posts/3564 HTTP/1.1" 200 12409 "-" "Mozilla/5.0 AppleWebKit/537.36 (KHTML, like Gecko; compatible; GPTBot/1.2; +https://openai.com/gptbot)"
198.54.114.83 - - [17/Apr/2025:05:32:09 -0400] "POST /wp-cron.php?doing_wp_cron=1744882328.0540020465850830078125 HTTP/1.1" 200 0 "-" "WordPress/6.8; https://freelancingclients.com"
20.171.207.125 - - [17/Apr/2025:05:32:00 -0400] "GET /gambling-lotto/feed/ HTTP/1.1" 200 377 "-" "Mozilla/5.0 AppleWebKit/537.36 (KHTML, like Gecko; compatible; GPTBot/1.2; +https://openai.com/gptbot)"
20.171.207.125 - - [17/Apr/2025:05:32:37 -0400] "GET /wp-json/wp/v2/posts/3568 HTTP/1.1" 200 11208 "-" "Mozilla/5.0 AppleWebKit/537.36 (KHTML, like Gecko; compatible; GPTBot/1.2; +https://openai.com/gptbot)"
198.54.114.83 - - [17/Apr/2025:05:33:09 -0400] "POST /wp-cron.php?doing_wp_cron=1744882388.5818619728088378906250 HTTP/1.1" 200 0 "-" "WordPress/6.8; https://freelancingclients.com"
47.128.111.152 - - [17/Apr/2025:05:33:08 -0400] "GET /the-essential-guide-to-london-airport-taxi-services/ HTTP/1.1" 200 10412 "-" "Mozilla/5.0 (Linux; Android 5.0) AppleWebKit/537.36 (KHTML, like Gecko) Mobile Safari/537.36 (compatible; TikTokSpider; ttspider-feedback@tiktok.com)"
20.171.207.125 - - [17/Apr/2025:05:33:10 -0400] "GET /buy-careprost/ HTTP/1.1" 200 10822 "-" "Mozilla/5.0 AppleWebKit/537.36 (KHTML, like Gecko; compatible; GPTBot/1.2; +https://openai.com/gptbot)"
198.54.114.83 - - [17/Apr/2025:05:33:15 -0400] "POST /wp-admin/admin-ajax.php?action=async_litespeed&nonce=zg6nsvGIbbt1wsWzfZhFXCIvvKNyscMe&litespeed_type=imgoptm HTTP/1.1" 200 0 "-" "WordPress/6.8; https://freelancingclients.com"
20.171.207.125 - - [17/Apr/2025:05:33:37 -0400] "GET /page/11/ HTTP/1.1" 200 10061 "-" "Mozilla/5.0 AppleWebKit/537.36 (KHTML, like Gecko; compatible; GPTBot/1.2; +https://openai.com/gptbot)"
198.54.114.83 - - [17/Apr/2025:05:34:06 -0400] "POST /wp-cron.php?doing_wp_cron=1744882446.4978399276733398437500 HTTP/1.1" 200 0 "-" "WordPress/6.8; https://freelancingclients.com"
20.171.207.125 - - [17/Apr/2025:05:34:06 -0400] "GET /wp-json/oembed/1.0/embed?format=xml&url=https%3A%2F%2Ffreelancingclients.com%2Fconvirtiendo-el-par-motor-todo-lo-que-necesitas-saber-sobre-los-convertidores-de-unidades-de-torque%2F HTTP/1.1" 200 1300 "-" "Mozilla/5.0 AppleWebKit/537.36 (KHTML, like Gecko; compatible; GPTBot/1.2; +https://openai.com/gptbot)"
198.54.114.83 - - [17/Apr/2025:05:34:08 -0400] "POST /wp-admin/admin-ajax.php?action=async_litespeed&nonce=8ZAc2XQnkK7mtQGk2DvpDGeg5Zj4DkY6&litespeed_type=imgoptm HTTP/1.1" 200 0 "-" "WordPress/6.8; https://freelancingclients.com"
198.54.114.83 - - [17/Apr/2025:05:34:37 -0400] "POST /wp-cron.php?doing_wp_cron=1744882476.7411921024322509765625 HTTP/1.1" 200 0 "-" "WordPress/6.8; https://freelancingclients.com"
2a02:598:64:8a00::3100:4 - - [17/Apr/2025:05:34:36 -0400] "GET /the-hot-dispenser/ HTTP/1.1" 200 10379 "-" "Mozilla/5.0 (compatible; SeznamBot/4.0; +https://o-seznam.cz/napoveda/vyhledavani/en/seznambot-crawler/)"
20.171.207.125 - - [17/Apr/2025:05:34:37 -0400] "GET /page/152/ HTTP/1.1" 200 10078 "-" "Mozilla/5.0 AppleWebKit/537.36 (KHTML, like Gecko; compatible; GPTBot/1.2; +https://openai.com/gptbot)"
198.54.114.83 - - [17/Apr/2025:05:34:59 -0400] "POST /wp-cron.php?doing_wp_cron=1744882498.8135869503021240234375 HTTP/1.1" 200 0 "-" "WordPress/6.8; https://freelancingclients.com"
43.134.216.64 - - [17/Apr/2025:05:34:58 -0400] "GET /a-digital-companion-redefining-relationships/ HTTP/1.1" 200 10745 "-" "Python/3.10 aiohttp/3.10.5"
198.54.114.83 - - [17/Apr/2025:05:35:02 -0400] "POST /wp-admin/admin-ajax.php?action=async_litespeed&nonce=ky4WdQHRJFfX8IreqEovmfZnwQhoTD5N&litespeed_type=imgoptm HTTP/1.1" 200 0 "-" "WordPress/6.8; https://freelancingclients.com"
20.171.207.125 - - [17/Apr/2025:05:35:04 -0400] "GET /wp-json/wp/v2/posts/57 HTTP/1.1" 200 12007 "-" "Mozilla/5.0 AppleWebKit/537.36 (KHTML, like Gecko; compatible; GPTBot/1.2; +https://openai.com/gptbot)"
20.171.207.125 - - [17/Apr/2025:05:35:37 -0400] "GET /wp-json/wp/v2/posts/16 HTTP/1.1" 200 20055 "-" "Mozilla/5.0 AppleWebKit/537.36 (KHTML, like Gecko; compatible; GPTBot/1.2; +https://openai.com/gptbot)"
198.54.114.83 - - [17/Apr/2025:05:35:39 -0400] "POST /wp-cron.php?doing_wp_cron=1744882538.0519740581512451171875 HTTP/1.1" 200 0 "-" "WordPress/6.8; https://freelancingclients.com"
20.171.207.125 - - [17/Apr/2025:05:36:04 -0400] "GET /wp-json/wp/v2/posts/21 HTTP/1.1" 200 21671 "-" "Mozilla/5.0 AppleWebKit/537.36 (KHTML, like Gecko; compatible; GPTBot/1.2; +https://openai.com/gptbot)"
20.171.207.125 - - [17/Apr/2025:05:36:32 -0400] "GET /convirtiendo-el-par-motor-todo-lo-que-necesitas-saber-sobre-los-convertidores-de-unidades-de-torque/embed/ HTTP/1.1" 200 6339 "-" "Mozilla/5.0 AppleWebKit/537.36 (KHTML, like Gecko; compatible; GPTBot/1.2; +https://openai.com/gptbot)"
20.171.207.125 - - [17/Apr/2025:05:36:33 -0400] "GET /wp-json/wp/v2/posts/23 HTTP/1.1" 200 15934 "-" "Mozilla/5.0 AppleWebKit/537.36 (KHTML, like Gecko; compatible; GPTBot/1.2; +https://openai.com/gptbot)"
198.54.114.83 - - [17/Apr/2025:05:37:06 -0400] "POST /wp-cron.php?doing_wp_cron=1744882624.7731380462646484375000 HTTP/1.1" 200 0 "-" "WordPress/6.8; https://freelancingclients.com"
20.171.207.125 - - [17/Apr/2025:05:37:04 -0400] "GET /gambling-sports/ HTTP/1.1" 200 10887 "-" "Mozilla/5.0 AppleWebKit/537.36 (KHTML, like Gecko; compatible; GPTBot/1.2; +https://openai.com/gptbot)"
20.171.207.125 - - [17/Apr/2025:05:37:37 -0400] "GET /?p=142 HTTP/1.1" 301 0 "-" "Mozilla/5.0 AppleWebKit/537.36 (KHTML, like Gecko; compatible; GPTBot/1.2; +https://openai.com/gptbot)"
20.171.207.125 - - [17/Apr/2025:05:38:08 -0400] "GET /online-gambling-addiction-help-you-can-quit-today-with-online-gambling-addiction-help/ HTTP/1.1" 200 10812 "-" "Mozilla/5.0 AppleWebKit/537.36 (KHTML, like Gecko; compatible; GPTBot/1.2; +https://openai.com/gptbot)"
198.54.114.83 - - [17/Apr/2025:05:38:10 -0400] "POST /wp-cron.php?doing_wp_cron=1744882688.5324769020080566406250 HTTP/1.1" 200 0 "-" "WordPress/6.8; https://freelancingclients.com"
20.171.207.125 - - [17/Apr/2025:05:38:41 -0400] "GET /the-allure-of-california-prefab-homes-a-modern-living-solution/ HTTP/1.1" 200 10211 "-" "Mozilla/5.0 AppleWebKit/537.36 (KHTML, like Gecko; compatible; GPTBot/1.2; +https://openai.com/gptbot)"
198.54.114.83 - - [17/Apr/2025:05:39:11 -0400] "POST /wp-cron.php?doing_wp_cron=1744882749.7777419090270996093750 HTTP/1.1" 200 0 "-" "WordPress/6.8; https://freelancingclients.com"
20.171.207.125 - - [17/Apr/2025:05:39:09 -0400] "GET /unveiling-ceti-crypto-the-new-frontier-in-digital-currency/ HTTP/1.1" 200 10376 "-" "Mozilla/5.0 AppleWebKit/537.36 (KHTML, like Gecko; compatible; GPTBot/1.2; +https://openai.com/gptbot)"
20.171.207.125 - - [17/Apr/2025:05:39:41 -0400] "GET /a-comprehensive-guide-to-fruit-of-the-loom-t-shirts/ HTTP/1.1" 200 10674 "-" "Mozilla/5.0 AppleWebKit/537.36 (KHTML, like Gecko; compatible; GPTBot/1.2; +https://openai.com/gptbot)"
124.156.186.100 - - [17/Apr/2025:05:40:09 -0400] "GET /ensuring-access-to-healthcare-and-transportation-for-all/ HTTP/1.1" 200 10294 "-" "Python/3.10 aiohttp/3.10.5"
20.171.207.125 - - [17/Apr/2025:05:40:55 -0400] "GET /?p=3546 HTTP/1.1" 301 0 "-" "Mozilla/5.0 AppleWebKit/537.36 (KHTML, like Gecko; compatible; GPTBot/1.2; +https://openai.com/gptbot)"
5.102.173.71 - - [17/Apr/2025:05:40:54 -0400] "GET /category/activity/page/160/ HTTP/1.1" 200 8965 "-" "Mozilla/5.0 (compatible; MojeekBot/0.11; +https://www.mojeek.com/bot.html)"
198.54.114.83 - - [17/Apr/2025:05:41:00 -0400] "POST /wp-cron.php?doing_wp_cron=1744882856.0430779457092285156250 HTTP/1.1" 200 0 "-" "WordPress/6.8; https://freelancingclients.com"
198.54.114.83 - - [17/Apr/2025:05:41:00 -0400] "POST /wp-cron.php?doing_wp_cron=1744882856.1963570117950439453125 HTTP/1.1" 200 0 "-" "WordPress/6.8; https://freelancingclients.com"
20.171.207.125 - - [17/Apr/2025:05:41:30 -0400] "GET /?p=155 HTTP/1.1" 301 0 "-" "Mozilla/5.0 AppleWebKit/537.36 (KHTML, like Gecko; compatible; GPTBot/1.2; +https://openai.com/gptbot)"
20.171.207.125 - - [17/Apr/2025:05:41:59 -0400] "GET /?p=153 HTTP/1.1" 301 0 "-" "Mozilla/5.0 AppleWebKit/537.36 (KHTML, like Gecko; compatible; GPTBot/1.2; +https://openai.com/gptbot)"
198.54.114.83 - - [17/Apr/2025:05:42:01 -0400] "POST /wp-cron.php?doing_wp_cron=1744882919.9565598964691162109375 HTTP/1.1" 200 0 "-" "WordPress/6.8; https://freelancingclients.com"
20.171.207.125 - - [17/Apr/2025:05:42:29 -0400] "GET /?p=3535 HTTP/1.1" 301 0 "-" "Mozilla/5.0 AppleWebKit/537.36 (KHTML, like Gecko; compatible; GPTBot/1.2; +https://openai.com/gptbot)"
20.171.207.125 - - [17/Apr/2025:05:42:56 -0400] "GET /the-allure-of-california-prefab-homes-a-modern-living-solution/feed/ HTTP/1.1" 200 439 "-" "Mozilla/5.0 AppleWebKit/537.36 (KHTML, like Gecko; compatible; GPTBot/1.2; +https://openai.com/gptbot)"
85.208.98.31 - - [17/Apr/2025:05:43:11 -0400] "GET /unlocking-the-benefits-of-a-part-time-job/ HTTP/1.1" 200 0 "-" "Mozilla/5.0 (compatible; SemrushBot-BA; +http://www.semrush.com/bot.html)"
114.119.138.170 - - [17/Apr/2025:05:43:22 -0400] "GET /page/9/ HTTP/1.1" 200 9954 "https://freelancingclients.com/page/8/" "Mozilla/5.0 (Linux; Android 7.0;) AppleWebKit/537.36 (KHTML, like Gecko) Mobile Safari/537.36 (compatible; PetalBot;+https://webmaster.petalsearch.com/site/petalbot)"
198.54.114.83 - - [17/Apr/2025:05:43:24 -0400] "POST /wp-cron.php?doing_wp_cron=1744883001.6984970569610595703125 HTTP/1.1" 200 0 "-" "WordPress/6.8; https://freelancingclients.com"
20.171.207.125 - - [17/Apr/2025:05:43:30 -0400] "GET /unveiling-ceti-crypto-the-new-frontier-in-digital-currency/feed/ HTTP/1.1" 200 434 "-" "Mozilla/5.0 AppleWebKit/537.36 (KHTML, like Gecko; compatible; GPTBot/1.2; +https://openai.com/gptbot)"
20.171.207.125 - - [17/Apr/2025:05:44:00 -0400] "GET /online-gambling-addiction-help-you-can-quit-today-with-online-gambling-addiction-help/feed/ HTTP/1.1" 200 450 "-" "Mozilla/5.0 AppleWebKit/537.36 (KHTML, like Gecko; compatible; GPTBot/1.2; +https://openai.com/gptbot)"
20.171.207.125 - - [17/Apr/2025:05:44:30 -0400] "GET /remise-sur-la-voyance-lectures-psychiques-en-ligne/ HTTP/1.1" 200 10576 "-" "Mozilla/5.0 AppleWebKit/537.36 (KHTML, like Gecko; compatible; GPTBot/1.2; +https://openai.com/gptbot)"
198.54.114.83 - - [17/Apr/2025:05:44:34 -0400] "POST /wp-cron.php?doing_wp_cron=1744883071.0651719570159912109375 HTTP/1.1" 200 0 "-" "WordPress/6.8; https://freelancingclients.com"
114.119.153.50 - - [17/Apr/2025:05:44:47 -0400] "GET /page/16/ HTTP/1.1" 200 10736 "https://freelancingclients.com/page/17/" "Mozilla/5.0 (Linux; Android 7.0;) AppleWebKit/537.36 (KHTML, like Gecko) Mobile Safari/537.36 (compatible; PetalBot;+https://webmaster.petalsearch.com/site/petalbot)"
8.210.190.0 - - [17/Apr/2025:05:44:57 -0400] "HEAD /page/158 HTTP/1.1" 301 0 "-" "Mozilla/5.0 (Windows NT 6.2; Win64; x64) AppleWebKit/537.36 (KHTML, like Gecko) Chrome/79.0.3790.2 Safari/537.36"
8.210.190.0 - - [17/Apr/2025:05:44:59 -0400] "HEAD /page/158/ HTTP/1.1" 200 0 "-" "Mozilla/5.0 (Windows NT 6.2; Win64; x64) AppleWebKit/537.36 (KHTML, like Gecko) Chrome/79.0.3790.2 Safari/537.36"
20.171.207.125 - - [17/Apr/2025:05:45:00 -0400] "GET /exploring-the-potential-of-the-stake-oasis-protocol/ HTTP/1.1" 200 10778 "-" "Mozilla/5.0 AppleWebKit/537.36 (KHTML, like Gecko; compatible; GPTBot/1.2; +https://openai.com/gptbot)"
47.242.160.82 - - [17/Apr/2025:05:45:01 -0400] "HEAD /page/156 HTTP/1.1" 301 0 "-" "Mozilla/5.0 (Windows NT 10.0; Win64; x64) AppleWebKit/537.36 (KHTML, like Gecko) Chrome/74.0.3444.1 Safari/537.36"
8.210.190.0 - - [17/Apr/2025:05:45:04 -0400] "GET /page/158 HTTP/1.1" 301 0 "-" "Mozilla/5.0 (Windows NT 6.2; Win64; x64) AppleWebKit/537.36 (KHTML, like Gecko) Chrome/79.0.3790.2 Safari/537.36"
47.242.160.82 - - [17/Apr/2025:05:45:05 -0400] "HEAD /page/156/ HTTP/1.1" 200 0 "-" "Mozilla/5.0 (Windows NT 10.0; Win64; x64) AppleWebKit/537.36 (KHTML, like Gecko) Chrome/74.0.3444.1 Safari/537.36"
47.76.99.127 - - [17/Apr/2025:05:45:06 -0400] "HEAD /page/156 HTTP/1.1" 301 0 "-" "Mozilla/5.0 (Windows NT 6.3; Win64; x64) AppleWebKit/537.36 (KHTML, like Gecko) Chrome/72.0.3033.186 Safari/537.36"
8.210.86.249 - - [17/Apr/2025:05:45:11 -0400] "HEAD /page/158 HTTP/1.1" 301 0 "-" "Mozilla/5.0 (Windows NT 10.0; Win64; x64) AppleWebKit/537.36 (KHTML, like Gecko) Chrome/67.0.2122.3 Safari/537.36"
8.210.190.0 - - [17/Apr/2025:05:45:08 -0400] "GET /page/158/ HTTP/1.1" 200 10470 "-" "Mozilla/5.0 (Windows NT 6.2; Win64; x64) AppleWebKit/537.36 (KHTML, like Gecko) Chrome/79.0.3790.2 Safari/537.36"
47.242.217.111 - - [17/Apr/2025:05:45:11 -0400] "HEAD /page/156 HTTP/1.1" 301 0 "-" "Mozilla/5.0 (Windows NT 6.3; Win64; x64) AppleWebKit/537.36 (KHTML, like Gecko) Chrome/65.0.3784.179 Safari/537.36"
47.242.160.82 - - [17/Apr/2025:05:45:12 -0400] "GET /page/156 HTTP/1.1" 301 0 "-" "Mozilla/5.0 (Windows NT 10.0; Win64; x64) AppleWebKit/537.36 (KHTML, like Gecko) Chrome/74.0.3444.1 Safari/537.36"
47.76.99.127 - - [17/Apr/2025:05:45:12 -0400] "HEAD /page/156/ HTTP/1.1" 200 0 "-" "Mozilla/5.0 (Windows NT 6.3; Win64; x64) AppleWebKit/537.36 (KHTML, like Gecko) Chrome/72.0.3033.186 Safari/537.36"
47.242.217.111 - - [17/Apr/2025:05:45:16 -0400] "HEAD /page/158 HTTP/1.1" 301 0 "-" "Mozilla/5.0 (Windows NT 6.2; Win64; x64) AppleWebKit/537.36 (KHTML, like Gecko) Chrome/74.0.2841.13 Safari/537.36"
20.171.207.125 - - [17/Apr/2025:05:45:16 -0400] "GET /favicon.ico HTTP/1.1" 404 1251 "-" "Mozilla/5.0 AppleWebKit/537.36 (KHTML, like Gecko; compatible; GPTBot/1.2; +https://openai.com/gptbot)"
8.210.86.249 - - [17/Apr/2025:05:45:16 -0400] "HEAD /page/158/ HTTP/1.1" 200 0 "-" "Mozilla/5.0 (Windows NT 10.0; Win64; x64) AppleWebKit/537.36 (KHTML, like Gecko) Chrome/67.0.2122.3 Safari/537.36"
47.76.99.127 - - [17/Apr/2025:05:45:18 -0400] "GET /page/156 HTTP/1.1" 301 0 "-" "Mozilla/5.0 (Windows NT 6.3; Win64; x64) AppleWebKit/537.36 (KHTML, like Gecko) Chrome/72.0.3033.186 Safari/537.36"
47.242.217.111 - - [17/Apr/2025:05:45:17 -0400] "HEAD /page/156/ HTTP/1.1" 200 0 "-" "Mozilla/5.0 (Windows NT 6.3; Win64; x64) AppleWebKit/537.36 (KHTML, like Gecko) Chrome/65.0.3784.179 Safari/537.36"
47.242.160.82 - - [17/Apr/2025:05:45:18 -0400] "GET /page/156/ HTTP/1.1" 200 10241 "-" "Mozilla/5.0 (Windows NT 10.0; Win64; x64) AppleWebKit/537.36 (KHTML, like Gecko) Chrome/74.0.3444.1 Safari/537.36"
123.16.238.238 - - [17/Apr/2025:05:45:21 -0400] "HEAD /page/156 HTTP/1.1" 301 0 "-" "Mozilla/5.0 (Windows NT 6.3; Win64; x64) AppleWebKit/537.36 (KHTML, like Gecko) Chrome/73.0.2131.143 Safari/537.36"
47.242.217.111 - - [17/Apr/2025:05:45:21 -0400] "HEAD /page/158/ HTTP/1.1" 200 0 "-" "Mozilla/5.0 (Windows NT 6.2; Win64; x64) AppleWebKit/537.36 (KHTML, like Gecko) Chrome/74.0.2841.13 Safari/537.36"
8.210.86.249 - - [17/Apr/2025:05:45:21 -0400] "GET /page/158 HTTP/1.1" 301 0 "-" "Mozilla/5.0 (Windows NT 10.0; Win64; x64) AppleWebKit/537.36 (KHTML, like Gecko) Chrome/67.0.2122.3 Safari/537.36"
47.76.99.127 - - [17/Apr/2025:05:45:24 -0400] "GET /page/156/ HTTP/1.1" 200 10241 "-" "Mozilla/5.0 (Windows NT 6.3; Win64; x64) AppleWebKit/537.36 (KHTML, like Gecko) Chrome/72.0.3033.186 Safari/537.36"
47.242.217.111 - - [17/Apr/2025:05:45:24 -0400] "GET /page/156 HTTP/1.1" 301 0 "-" "Mozilla/5.0 (Windows NT 6.3; Win64; x64) AppleWebKit/537.36 (KHTML, like Gecko) Chrome/65.0.3784.179 Safari/537.36"
8.210.147.121 - - [17/Apr/2025:05:45:26 -0400] "HEAD /page/156 HTTP/1.1" 301 0 "-" "Mozilla/5.0 (Windows NT 6.1; Win64; x64) AppleWebKit/537.36 (KHTML, like Gecko) Chrome/77.0.2533.98 Safari/537.36"
123.16.238.238 - - [17/Apr/2025:05:45:26 -0400] "HEAD /page/156/ HTTP/1.1" 200 0 "-" "Mozilla/5.0 (Windows NT 6.3; Win64; x64) AppleWebKit/537.36 (KHTML, like Gecko) Chrome/73.0.2131.143 Safari/537.36"
8.210.86.249 - - [17/Apr/2025:05:45:26 -0400] "GET /page/158/ HTTP/1.1" 200 10470 "-" "Mozilla/5.0 (Windows NT 10.0; Win64; x64) AppleWebKit/537.36 (KHTML, like Gecko) Chrome/67.0.2122.3 Safari/537.36"
47.242.217.111 - - [17/Apr/2025:05:45:26 -0400] "GET /page/158 HTTP/1.1" 301 0 "-" "Mozilla/5.0 (Windows NT 6.2; Win64; x64) AppleWebKit/537.36 (KHTML, like Gecko) Chrome/74.0.2841.13 Safari/537.36"
47.242.217.111 - - [17/Apr/2025:05:45:30 -0400] "GET /page/156/ HTTP/1.1" 200 10241 "-" "Mozilla/5.0 (Windows NT 6.3; Win64; x64) AppleWebKit/537.36 (KHTML, like Gecko) Chrome/65.0.3784.179 Safari/537.36"
47.242.217.111 - - [17/Apr/2025:05:45:32 -0400] "GET /page/158/ HTTP/1.1" 200 10470 "-" "Mozilla/5.0 (Windows NT 6.2; Win64; x64) AppleWebKit/537.36 (KHTML, like Gecko) Chrome/74.0.2841.13 Safari/537.36"
123.16.238.238 - - [17/Apr/2025:05:45:32 -0400] "GET /page/156 HTTP/1.1" 301 0 "-" "Mozilla/5.0 (Windows NT 6.3; Win64; x64) AppleWebKit/537.36 (KHTML, like Gecko) Chrome/73.0.2131.143 Safari/537.36"
123.16.238.238 - - [17/Apr/2025:05:45:41 -0400] "GET /page/156/ HTTP/1.1" 200 0 "-" "Mozilla/5.0 (Windows NT 6.3; Win64; x64) AppleWebKit/537.36 (KHTML, like Gecko) Chrome/73.0.2131.143 Safari/537.36"
20.171.207.125 - - [17/Apr/2025:05:45:49 -0400] "GET /?p=3542 HTTP/1.1" 301 0 "-" "Mozilla/5.0 AppleWebKit/537.36 (KHTML, like Gecko; compatible; GPTBot/1.2; +https://openai.com/gptbot)"
198.54.114.83 - - [17/Apr/2025:05:45:57 -0400] "POST /wp-cron.php?doing_wp_cron=1744883149.8033120632171630859375 HTTP/1.1" 200 0 "-" "WordPress/6.8; https://freelancingclients.com"
114.119.153.191 - - [17/Apr/2025:05:46:12 -0400] "GET /page/131/ HTTP/1.1" 200 9976 "https://freelancingclients.com/page/132/" "Mozilla/5.0 (Linux; Android 7.0;) AppleWebKit/537.36 (KHTML, like Gecko) Mobile Safari/537.36 (compatible; PetalBot;+https://webmaster.petalsearch.com/site/petalbot)"
8.210.153.23 - - [17/Apr/2025:05:46:22 -0400] "HEAD /page/156 HTTP/1.1" 301 0 "-" "Mozilla/5.0 (Windows NT 6.0; Win64; x64) AppleWebKit/537.36 (KHTML, like Gecko) Chrome/67.0.2750.1 Safari/537.36"
2001:ee0:4a31:86b5:5135:de22:3eb4:6981 - - [17/Apr/2025:05:46:24 -0400] "HEAD /page/156 HTTP/1.1" 301 0 "-" "Mozilla/5.0 (Windows NT 6.1; Win64; x64) AppleWebKit/537.36 (KHTML, like Gecko) Chrome/69.0.3103.32 Safari/537.36"
47.243.74.123 - - [17/Apr/2025:05:46:25 -0400] "HEAD /page/156 HTTP/1.1" 301 0 "-" "Mozilla/5.0 (Windows NT 6.0; Win64; x64) AppleWebKit/537.36 (KHTML, like Gecko) Chrome/78.0.2439.87 Safari/537.36"
20.171.207.125 - - [17/Apr/2025:05:46:23 -0400] "GET /a-comprehensive-guide-to-fruit-of-the-loom-t-shirts/feed/ HTTP/1.1" 200 425 "-" "Mozilla/5.0 AppleWebKit/537.36 (KHTML, like Gecko; compatible; GPTBot/1.2; +https://openai.com/gptbot)"
2001:ee0:4a31:86b5:5135:de22:3eb4:6981 - - [17/Apr/2025:05:46:31 -0400] "HEAD /page/156/ HTTP/1.1" 200 0 "-" "Mozilla/5.0 (Windows NT 6.1; Win64; x64) AppleWebKit/537.36 (KHTML, like Gecko) Chrome/69.0.3103.32 Safari/537.36"
47.243.74.123 - - [17/Apr/2025:05:46:31 -0400] "HEAD /page/156/ HTTP/1.1" 200 0 "-" "Mozilla/5.0 (Windows NT 6.0; Win64; x64) AppleWebKit/537.36 (KHTML, like Gecko) Chrome/78.0.2439.87 Safari/537.36"
47.242.95.94 - - [17/Apr/2025:05:46:32 -0400] "HEAD /page/156 HTTP/1.1" 301 0 "-" "Mozilla/5.0 (Windows NT 6.2; Win64; x64) AppleWebKit/537.36 (KHTML, like Gecko) Chrome/61.0.3334.64 Safari/537.36"
2001:ee0:4a31:86b5:5135:de22:3eb4:6981 - - [17/Apr/2025:05:46:33 -0400] "GET /page/156 HTTP/1.1" 301 0 "-" "Mozilla/5.0 (Windows NT 6.1; Win64; x64) AppleWebKit/537.36 (KHTML, like Gecko) Chrome/69.0.3103.32 Safari/537.36"
47.243.74.123 - - [17/Apr/2025:05:46:33 -0400] "GET /page/156 HTTP/1.1" 301 0 "-" "Mozilla/5.0 (Windows NT 6.0; Win64; x64) AppleWebKit/537.36 (KHTML, like Gecko) Chrome/78.0.2439.87 Safari/537.36"
2001:ee0:4f35:427e:a920:14cf:eea4:574a - - [17/Apr/2025:05:46:34 -0400] "HEAD /page/156 HTTP/1.1" 301 0 "-" "Mozilla/5.0 (Windows NT 6.2; Win64; x64) AppleWebKit/537.36 (KHTML, like Gecko) Chrome/61.0.3844.139 Safari/537.36"
47.242.95.94 - - [17/Apr/2025:05:46:34 -0400] "HEAD /page/156/ HTTP/1.1" 200 0 "-" "Mozilla/5.0 (Windows NT 6.2; Win64; x64) AppleWebKit/537.36 (KHTML, like Gecko) Chrome/61.0.3334.64 Safari/537.36"
47.243.74.123 - - [17/Apr/2025:05:46:37 -0400] "GET /page/156/ HTTP/1.1" 200 10241 "-" "Mozilla/5.0 (Windows NT 6.0; Win64; x64) AppleWebKit/537.36 (KHTML, like Gecko) Chrome/78.0.2439.87 Safari/537.36"
2001:ee0:4a31:86b5:5135:de22:3eb4:6981 - - [17/Apr/2025:05:46:37 -0400] "GET /page/156/ HTTP/1.1" 200 10241 "-" "Mozilla/5.0 (Windows NT 6.1; Win64; x64) AppleWebKit/537.36 (KHTML, like Gecko) Chrome/69.0.3103.32 Safari/537.36"
2001:ee0:4f35:427e:a920:14cf:eea4:574a - - [17/Apr/2025:05:46:37 -0400] "HEAD /page/156/ HTTP/1.1" 200 0 "-" "Mozilla/5.0 (Windows NT 6.2; Win64; x64) AppleWebKit/537.36 (KHTML, like Gecko) Chrome/61.0.3844.139 Safari/537.36"
47.242.95.94 - - [17/Apr/2025:05:46:38 -0400] "GET /page/156 HTTP/1.1" 301 0 "-" "Mozilla/5.0 (Windows NT 6.2; Win64; x64) AppleWebKit/537.36 (KHTML, like Gecko) Chrome/61.0.3334.64 Safari/537.36"
2001:ee0:4f34:f21e:54b7:8686:68cc:6f66 - - [17/Apr/2025:05:46:39 -0400] "HEAD /page/156 HTTP/1.1" 301 0 "-" "Mozilla/5.0 (Windows NT 10.0; Win64; x64) AppleWebKit/537.36 (KHTML, like Gecko) Chrome/72.0.3956.19 Safari/537.36"
2001:ee0:4f35:427e:a920:14cf:eea4:574a - - [17/Apr/2025:05:46:40 -0400] "GET /page/156 HTTP/1.1" 301 0 "-" "Mozilla/5.0 (Windows NT 6.2; Win64; x64) AppleWebKit/537.36 (KHTML, like Gecko) Chrome/61.0.3844.139 Safari/537.36"
47.242.95.94 - - [17/Apr/2025:05:46:40 -0400] "GET /page/156/ HTTP/1.1" 200 10241 "-" "Mozilla/5.0 (Windows NT 6.2; Win64; x64) AppleWebKit/537.36 (KHTML, like Gecko) Chrome/61.0.3334.64 Safari/537.36"
47.242.167.47 - - [17/Apr/2025:05:46:41 -0400] "HEAD /page/156 HTTP/1.1" 301 0 "-" "Mozilla/5.0 (Windows NT 6.3; Win64; x64) AppleWebKit/537.36 (KHTML, like Gecko) Chrome/73.0.3094.41 Safari/537.36"
2001:ee0:4f34:f21e:54b7:8686:68cc:6f66 - - [17/Apr/2025:05:46:41 -0400] "HEAD /page/156/ HTTP/1.1" 200 0 "-" "Mozilla/5.0 (Windows NT 10.0; Win64; x64) AppleWebKit/537.36 (KHTML, like Gecko) Chrome/72.0.3956.19 Safari/537.36"
2001:ee0:4f35:427e:a920:14cf:eea4:574a - - [17/Apr/2025:05:46:42 -0400] "GET /page/156/ HTTP/1.1" 200 10241 "-" "Mozilla/5.0 (Windows NT 6.2; Win64; x64) AppleWebKit/537.36 (KHTML, like Gecko) Chrome/61.0.3844.139 Safari/537.36"
47.242.167.47 - - [17/Apr/2025:05:46:43 -0400] "HEAD /page/156/ HTTP/1.1" 200 0 "-" "Mozilla/5.0 (Windows NT 6.3; Win64; x64) AppleWebKit/537.36 (KHTML, like Gecko) Chrome/73.0.3094.41 Safari/537.36"
2001:ee0:4f34:f21e:54b7:8686:68cc:6f66 - - [17/Apr/2025:05:46:43 -0400] "GET /page/156 HTTP/1.1" 301 0 "-" "Mozilla/5.0 (Windows NT 10.0; Win64; x64) AppleWebKit/537.36 (KHTML, like Gecko) Chrome/72.0.3956.19 Safari/537.36"
47.242.167.47 - - [17/Apr/2025:05:46:45 -0400] "GET /page/156 HTTP/1.1" 301 0 "-" "Mozilla/5.0 (Windows NT 6.3; Win64; x64) AppleWebKit/537.36 (KHTML, like Gecko) Chrome/73.0.3094.41 Safari/537.36"
2001:ee0:4f34:f21e:54b7:8686:68cc:6f66 - - [17/Apr/2025:05:46:46 -0400] "GET /page/156/ HTTP/1.1" 200 10241 "-" "Mozilla/5.0 (Windows NT 10.0; Win64; x64) AppleWebKit/537.36 (KHTML, like Gecko) Chrome/72.0.3956.19 Safari/537.36"
47.242.167.47 - - [17/Apr/2025:05:46:47 -0400] "GET /page/156/ HTTP/1.1" 200 10241 "-" "Mozilla/5.0 (Windows NT 6.3; Win64; x64) AppleWebKit/537.36 (KHTML, like Gecko) Chrome/73.0.3094.41 Safari/537.36"
20.171.207.125 - - [17/Apr/2025:05:46:56 -0400] "GET /the-evolution-and-impact-of-online-lottery-games/ HTTP/1.1" 200 10405 "-" "Mozilla/5.0 AppleWebKit/537.36 (KHTML, like Gecko; compatible; GPTBot/1.2; +https://openai.com/gptbot)"
198.54.114.83 - - [17/Apr/2025:05:46:58 -0400] "POST /wp-cron.php?doing_wp_cron=1744883216.9320740699768066406250 HTTP/1.1" 200 0 "-" "WordPress/6.8; https://freelancingclients.com"
20.171.207.125 - - [17/Apr/2025:05:47:28 -0400] "GET /quest-ce-que-la-bonne-aventure/ HTTP/1.1" 200 11283 "-" "Mozilla/5.0 AppleWebKit/537.36 (KHTML, like Gecko; compatible; GPTBot/1.2; +https://openai.com/gptbot)"
114.119.163.52 - - [17/Apr/2025:05:47:29 -0400] "GET /category/activity/page/135/ HTTP/1.1" 200 10235 "https://freelancingclients.com/category/activity/page/136/" "Mozilla/5.0 (Linux; Android 7.0;) AppleWebKit/537.36 (KHTML, like Gecko) Mobile Safari/537.36 (compatible; PetalBot;+https://webmaster.petalsearch.com/site/petalbot)"
198.54.114.83 - - [17/Apr/2025:05:47:58 -0400] "POST /wp-cron.php?doing_wp_cron=1744883277.8478751182556152343750 HTTP/1.1" 200 0 "-" "WordPress/6.8; https://freelancingclients.com"
20.171.207.125 - - [17/Apr/2025:05:47:57 -0400] "GET /exploring-the-world-of-online-lottery-games/ HTTP/1.1" 200 10571 "-" "Mozilla/5.0 AppleWebKit/537.36 (KHTML, like Gecko; compatible; GPTBot/1.2; +https://openai.com/gptbot)"
198.54.114.83 - - [17/Apr/2025:05:48:01 -0400] "POST /wp-admin/admin-ajax.php?action=async_litespeed&nonce=wY2dqB5YNRexMaoAnzV70Ymvzsu3Hrn7&litespeed_type=imgoptm HTTP/1.1" 200 0 "-" "WordPress/6.8; https://freelancingclients.com"
20.171.207.125 - - [17/Apr/2025:05:48:28 -0400] "GET /the-transformative-power-of-massage-therapy/ HTTP/1.1" 200 10129 "-" "Mozilla/5.0 AppleWebKit/537.36 (KHTML, like Gecko; compatible; GPTBot/1.2; +https://openai.com/gptbot)"
198.54.114.83 - - [17/Apr/2025:05:48:31 -0400] "POST /wp-cron.php?doing_wp_cron=1744883309.1763238906860351562500 HTTP/1.1" 200 0 "-" "WordPress/6.8; https://freelancingclients.com"
114.119.136.245 - - [17/Apr/2025:05:48:55 -0400] "GET /category/activity/page/100/ HTTP/1.1" 200 10333 "https://freelancingclients.com/category/activity/page/99/" "Mozilla/5.0 (Linux; Android 7.0;) AppleWebKit/537.36 (KHTML, like Gecko) Mobile Safari/537.36 (compatible; PetalBot;+https://webmaster.petalsearch.com/site/petalbot)"
