34.244.247.18 - - [17/Apr/2025:07:45:24 -0400] "GET //freelancingclients.com/wp-content/themes/newspaperly/js/accessibility.js HTTP/1.1" 301 0 "-" "Mozilla/5.0 (compatible; Konqueror/4.1; OpenBSD) KHTML/4.1.4 (like Gecko)"
34.244.247.18 - - [17/Apr/2025:07:45:24 -0400] "GET //freelancingclients.com/wp-includes/js/jquery/jquery.min.js HTTP/1.1" 301 0 "-" "Mozilla/5.0 (Windows NT 6.2; WOW64) AppleWebKit/537.36 (KHTML like Gecko) Chrome/28.0.1469.0 Safari/537.36"
34.244.247.18 - - [17/Apr/2025:07:45:24 -0400] "GET //freelancingclients.com/wp-content/themes/newspaperly/js/navigation.js HTTP/1.1" 301 0 "-" "SonyEricssonK610i/R1CB Browser/NetFront/3.3 Profile/MIDP-2.0 Configuration/CLDC-1.1"
34.244.247.18 - - [17/Apr/2025:07:45:24 -0400] "GET //freelancingclients.com/wp-content/themes/newspaperly/js/jquery.flexslider.js HTTP/1.1" 301 0 "-" "Mozilla/5.0 (Windows; U; Windows NT 6.0; en-US) AppleWebKit/533.1 (KHTML, like Gecko) Maxthon/3.0.8.2 Safari/533.1"
34.244.247.18 - - [17/Apr/2025:07:45:24 -0400] "GET //freelancingclients.com/wp-includes/js/jquery/jquery-migrate.min.js HTTP/1.1" 301 0 "-" "Mozilla/5.0 (Linux; Android 9; STF-L09) AppleWebKit/537.36 (KHTML, like Gecko) Chrome/76.0.3809.111 Mobile Safari/537.36"
34.244.247.18 - - [17/Apr/2025:07:45:24 -0400] "GET //freelancingclients.com/wp-content/themes/newspaperly/js/script.js HTTP/1.1" 301 0 "-" "Mozilla/5.0 (iPhone; CPU iPhone OS 10_3_3 like Mac OS X) AppleWebKit/603.3.8 (KHTML, like Gecko) Mobile/14G60 MicroMessenger/7.0.4(0x17000428) NetType/WIFI Language/zh_CN"
20.171.207.125 - - [17/Apr/2025:07:45:44 -0400] "GET /?p=225 HTTP/1.1" 301 0 "-" "Mozilla/5.0 AppleWebKit/537.36 (KHTML, like Gecko; compatible; GPTBot/1.2; +https://openai.com/gptbot)"
20.171.207.125 - - [17/Apr/2025:07:47:25 -0400] "GET /?p=3490 HTTP/1.1" 301 0 "-" "Mozilla/5.0 AppleWebKit/537.36 (KHTML, like Gecko; compatible; GPTBot/1.2; +https://openai.com/gptbot)"
43.154.251.2 - - [17/Apr/2025:07:47:25 -0400] "GET /exploring-the-myst-showflat/ HTTP/1.1" 200 10569 "-" "Python/3.10 aiohttp/3.10.5"
198.54.114.83 - - [17/Apr/2025:07:47:28 -0400] "POST /wp-cron.php?doing_wp_cron=1744890446.7984220981597900390625 HTTP/1.1" 200 0 "-" "WordPress/6.8; https://freelancingclients.com"
198.54.114.83 - - [17/Apr/2025:07:47:28 -0400] "POST /wp-cron.php?doing_wp_cron=1744890446.8525309562683105468750 HTTP/1.1" 200 0 "-" "WordPress/6.8; https://freelancingclients.com"
20.171.207.125 - - [17/Apr/2025:07:47:59 -0400] "GET /?p=3488 HTTP/1.1" 301 0 "-" "Mozilla/5.0 AppleWebKit/537.36 (KHTML, like Gecko; compatible; GPTBot/1.2; +https://openai.com/gptbot)"
198.54.114.83 - - [17/Apr/2025:07:48:33 -0400] "POST /wp-cron.php?doing_wp_cron=1744890512.8224239349365234375000 HTTP/1.1" 200 0 "-" "WordPress/6.8; https://freelancingclients.com"
20.171.207.125 - - [17/Apr/2025:07:48:32 -0400] "GET /?p=3492 HTTP/1.1" 301 0 "-" "Mozilla/5.0 AppleWebKit/537.36 (KHTML, like Gecko; compatible; GPTBot/1.2; +https://openai.com/gptbot)"
20.171.207.125 - - [17/Apr/2025:07:49:04 -0400] "GET /?p=249 HTTP/1.1" 301 0 "-" "Mozilla/5.0 AppleWebKit/537.36 (KHTML, like Gecko; compatible; GPTBot/1.2; +https://openai.com/gptbot)"
20.171.207.125 - - [17/Apr/2025:07:49:38 -0400] "GET /?p=234 HTTP/1.1" 301 0 "-" "Mozilla/5.0 AppleWebKit/537.36 (KHTML, like Gecko; compatible; GPTBot/1.2; +https://openai.com/gptbot)"
198.54.114.83 - - [17/Apr/2025:07:49:40 -0400] "POST /wp-cron.php?doing_wp_cron=1744890579.3302140235900878906250 HTTP/1.1" 200 0 "-" "WordPress/6.8; https://freelancingclients.com"
20.171.207.125 - - [17/Apr/2025:07:50:11 -0400] "GET /why-every-home-can-benefit-from-interior-and-exterior-window-shutters/feed/ HTTP/1.1" 200 449 "-" "Mozilla/5.0 AppleWebKit/537.36 (KHTML, like Gecko; compatible; GPTBot/1.2; +https://openai.com/gptbot)"
198.54.114.83 - - [17/Apr/2025:07:50:41 -0400] "POST /wp-cron.php?doing_wp_cron=1744890641.0824379920959472656250 HTTP/1.1" 200 0 "-" "WordPress/6.8; https://freelancingclients.com"
20.171.207.125 - - [17/Apr/2025:07:50:40 -0400] "GET /erfahrener-scheidungsanwalt-in-hattingen-ihre-kompetente-unterstutzung/feed/ HTTP/1.1" 200 442 "-" "Mozilla/5.0 AppleWebKit/537.36 (KHTML, like Gecko; compatible; GPTBot/1.2; +https://openai.com/gptbot)"
198.54.114.83 - - [17/Apr/2025:07:50:42 -0400] "POST /wp-admin/admin-ajax.php?action=async_litespeed&nonce=sMRC8x6V5mzxbQfy6E4KSqgPOO0FWiic&litespeed_type=imgoptm HTTP/1.1" 200 5 "-" "WordPress/6.8; https://freelancingclients.com"
198.54.114.83 - - [17/Apr/2025:07:51:14 -0400] "POST /wp-cron.php?doing_wp_cron=1744890674.1157550811767578125000 HTTP/1.1" 200 0 "-" "WordPress/6.8; https://freelancingclients.com"
20.171.207.125 - - [17/Apr/2025:07:51:13 -0400] "GET /der-beste-scheidungsanwalt-in-hattingen-ein-umfassender-leitfaden/feed/ HTTP/1.1" 200 433 "-" "Mozilla/5.0 AppleWebKit/537.36 (KHTML, like Gecko; compatible; GPTBot/1.2; +https://openai.com/gptbot)"
198.54.114.83 - - [17/Apr/2025:07:51:45 -0400] "POST /wp-cron.php?doing_wp_cron=1744890705.0635669231414794921875 HTTP/1.1" 200 0 "-" "WordPress/6.8; https://freelancingclients.com"
20.171.207.125 - - [17/Apr/2025:07:51:44 -0400] "GET /top-fertility-clinics-in-dubai-a-comprehensive-guide/feed/ HTTP/1.1" 200 428 "-" "Mozilla/5.0 AppleWebKit/537.36 (KHTML, like Gecko; compatible; GPTBot/1.2; +https://openai.com/gptbot)"
198.54.114.83 - - [17/Apr/2025:07:51:46 -0400] "POST /wp-admin/admin-ajax.php?action=async_litespeed&nonce=rUGoRgD8sxSbDwWn1GfUWwV7I9r8o0wk&litespeed_type=imgoptm HTTP/1.1" 200 5 "-" "WordPress/6.8; https://freelancingclients.com"
20.171.207.125 - - [17/Apr/2025:07:51:47 -0400] "GET /navigating-employment-law-free-advice-for-your-workplace-concerns/feed/ HTTP/1.1" 200 442 "-" "Mozilla/5.0 AppleWebKit/537.36 (KHTML, like Gecko; compatible; GPTBot/1.2; +https://openai.com/gptbot)"
198.54.114.83 - - [17/Apr/2025:07:52:19 -0400] "POST /wp-cron.php?doing_wp_cron=1744890738.1017920970916748046875 HTTP/1.1" 200 0 "-" "WordPress/6.8; https://freelancingclients.com"
20.171.207.125 - - [17/Apr/2025:07:52:17 -0400] "GET /the-thrill-of-online-casinos-a-new-era-in-gaming/feed/ HTTP/1.1" 200 426 "-" "Mozilla/5.0 AppleWebKit/537.36 (KHTML, like Gecko; compatible; GPTBot/1.2; +https://openai.com/gptbot)"
20.171.207.125 - - [17/Apr/2025:07:52:18 -0400] "GET /free-employment-law-advice-essential-guidance-for-workers/feed/ HTTP/1.1" 200 429 "-" "Mozilla/5.0 AppleWebKit/537.36 (KHTML, like Gecko; compatible; GPTBot/1.2; +https://openai.com/gptbot)"
198.54.114.83 - - [17/Apr/2025:07:52:48 -0400] "POST /wp-cron.php?doing_wp_cron=1744890767.9739620685577392578125 HTTP/1.1" 200 0 "-" "WordPress/6.8; https://freelancingclients.com"
20.171.207.125 - - [17/Apr/2025:07:52:47 -0400] "GET /how-to-get-more-live-stream-viewers-on-youtube/feed/ HTTP/1.1" 200 424 "-" "Mozilla/5.0 AppleWebKit/537.36 (KHTML, like Gecko; compatible; GPTBot/1.2; +https://openai.com/gptbot)"
198.54.114.83 - - [17/Apr/2025:07:52:48 -0400] "POST /wp-admin/admin-ajax.php?action=async_litespeed&nonce=wayLvQ29pLBAPJZhUkkcbcmy3imWq3I6&litespeed_type=imgoptm HTTP/1.1" 200 5 "-" "WordPress/6.8; https://freelancingclients.com"
198.54.114.83 - - [17/Apr/2025:07:53:21 -0400] "POST /wp-cron.php?doing_wp_cron=1744890800.0853989124298095703125 HTTP/1.1" 200 0 "-" "WordPress/6.8; https://freelancingclients.com"
20.171.207.125 - - [17/Apr/2025:07:53:19 -0400] "GET /kunst-und-wissenschaft-des-erfolgreichen-verhandelns/feed/ HTTP/1.1" 200 417 "-" "Mozilla/5.0 AppleWebKit/537.36 (KHTML, like Gecko; compatible; GPTBot/1.2; +https://openai.com/gptbot)"
20.171.207.125 - - [17/Apr/2025:07:53:54 -0400] "GET /cloud-sports-software-vs-installed-sports-software/feed/ HTTP/1.1" 200 406 "-" "Mozilla/5.0 AppleWebKit/537.36 (KHTML, like Gecko; compatible; GPTBot/1.2; +https://openai.com/gptbot)"
87.250.224.212 - - [17/Apr/2025:07:54:18 -0400] "GET /robots.txt HTTP/1.1" 200 112 "-" "Mozilla/5.0 (compatible; YandexBot/3.0; +http://yandex.com/bots)"
77.88.47.4 - - [17/Apr/2025:07:54:19 -0400] "GET /the-future-of-investment-crypto-presales/ HTTP/1.1" 200 10566 "-" "Mozilla/5.0 (compatible; YandexBot/3.0; +http://yandex.com/bots)"
198.54.114.83 - - [17/Apr/2025:07:54:28 -0400] "POST /wp-cron.php?doing_wp_cron=1744890868.1904110908508300781250 HTTP/1.1" 200 0 "-" "WordPress/6.8; https://freelancingclients.com"
20.171.207.125 - - [17/Apr/2025:07:54:27 -0400] "GET /the-role-of-specialists-in-modern-workplaces/ HTTP/1.1" 200 10289 "-" "Mozilla/5.0 AppleWebKit/537.36 (KHTML, like Gecko; compatible; GPTBot/1.2; +https://openai.com/gptbot)"
198.54.114.83 - - [17/Apr/2025:07:54:29 -0400] "POST /wp-admin/admin-ajax.php?action=async_litespeed&nonce=JP1EBwLmXWetY4f6cdPjO0SwphIDHpMQ&litespeed_type=imgoptm HTTP/1.1" 200 5 "-" "WordPress/6.8; https://freelancingclients.com"
198.54.114.83 - - [17/Apr/2025:07:55:48 -0400] "POST /wp-cron.php?doing_wp_cron=1744890948.5724780559539794921875 HTTP/1.1" 200 0 "-" "WordPress/6.8; https://freelancingclients.com"
198.54.114.83 - - [17/Apr/2025:07:55:49 -0400] "POST /wp-admin/admin-ajax.php?action=async_litespeed&nonce=BmlTVKz6fML7ZHcXGIHD9CCnzVAtWfCK&litespeed_type=imgoptm HTTP/1.1" 200 5 "-" "WordPress/6.8; https://freelancingclients.com"
20.171.207.125 - - [17/Apr/2025:07:55:47 -0400] "GET /essential-training-for-modern-professionals/ HTTP/1.1" 200 10284 "-" "Mozilla/5.0 AppleWebKit/537.36 (KHTML, like Gecko; compatible; GPTBot/1.2; +https://openai.com/gptbot)"
198.54.114.83 - - [17/Apr/2025:07:56:23 -0400] "POST /wp-cron.php?doing_wp_cron=1744890983.4736230373382568359375 HTTP/1.1" 200 0 "-" "WordPress/6.8; https://freelancingclients.com"
20.171.207.125 - - [17/Apr/2025:07:56:23 -0400] "GET /the-role-of-specialists-in-modern-workplaces/feed/ HTTP/1.1" 200 414 "-" "Mozilla/5.0 AppleWebKit/537.36 (KHTML, like Gecko; compatible; GPTBot/1.2; +https://openai.com/gptbot)"
198.54.114.83 - - [17/Apr/2025:07:56:58 -0400] "POST /wp-cron.php?doing_wp_cron=1744891017.8239340782165527343750 HTTP/1.1" 200 0 "-" "WordPress/6.8; https://freelancingclients.com"
20.171.207.125 - - [17/Apr/2025:07:56:57 -0400] "GET /?p=3494 HTTP/1.1" 301 0 "-" "Mozilla/5.0 AppleWebKit/537.36 (KHTML, like Gecko; compatible; GPTBot/1.2; +https://openai.com/gptbot)"
198.54.114.83 - - [17/Apr/2025:07:56:58 -0400] "POST /wp-admin/admin-ajax.php?action=async_litespeed&nonce=BNjRMpUfp5QPwEO2y1Ey2vHX2zvMyzhO&litespeed_type=imgoptm HTTP/1.1" 200 5 "-" "WordPress/6.8; https://freelancingclients.com"
198.54.114.83 - - [17/Apr/2025:07:57:29 -0400] "POST /wp-cron.php?doing_wp_cron=1744891049.0518929958343505859375 HTTP/1.1" 200 0 "-" "WordPress/6.8; https://freelancingclients.com"
20.171.207.125 - - [17/Apr/2025:07:57:28 -0400] "GET /xmlrpc.php HTTP/1.1" 405 46 "-" "Mozilla/5.0 AppleWebKit/537.36 (KHTML, like Gecko; compatible; GPTBot/1.2; +https://openai.com/gptbot)"
198.54.114.83 - - [17/Apr/2025:07:58:03 -0400] "POST /wp-cron.php?doing_wp_cron=1744891083.8383851051330566406250 HTTP/1.1" 200 0 "-" "WordPress/6.8; https://freelancingclients.com"
20.171.207.125 - - [17/Apr/2025:07:58:03 -0400] "GET /future-trends-in-cosmetic-regulation/ HTTP/1.1" 200 10350 "-" "Mozilla/5.0 AppleWebKit/537.36 (KHTML, like Gecko; compatible; GPTBot/1.2; +https://openai.com/gptbot)"
198.54.114.83 - - [17/Apr/2025:07:58:04 -0400] "POST /wp-admin/admin-ajax.php?action=async_litespeed&nonce=cIIl0V3wGY8sl7c6GLl0M4BCC7XCwc3P&litespeed_type=imgoptm HTTP/1.1" 200 5 "-" "WordPress/6.8; https://freelancingclients.com"
198.54.114.83 - - [17/Apr/2025:07:58:37 -0400] "POST /wp-cron.php?doing_wp_cron=1744891117.5879409313201904296875 HTTP/1.1" 200 0 "-" "WordPress/6.8; https://freelancingclients.com"
20.171.207.125 - - [17/Apr/2025:07:58:37 -0400] "GET /use-of-watch-repair-tools/ HTTP/1.1" 200 10539 "-" "Mozilla/5.0 AppleWebKit/537.36 (KHTML, like Gecko; compatible; GPTBot/1.2; +https://openai.com/gptbot)"
198.54.114.83 - - [17/Apr/2025:07:59:12 -0400] "POST /wp-cron.php?doing_wp_cron=1744891151.9828989505767822265625 HTTP/1.1" 200 0 "-" "WordPress/6.8; https://freelancingclients.com"
20.171.207.125 - - [17/Apr/2025:07:59:11 -0400] "GET /weight-loss-treatment/ HTTP/1.1" 200 11309 "-" "Mozilla/5.0 AppleWebKit/537.36 (KHTML, like Gecko; compatible; GPTBot/1.2; +https://openai.com/gptbot)"
198.54.114.83 - - [17/Apr/2025:07:59:13 -0400] "POST /wp-admin/admin-ajax.php?action=async_litespeed&nonce=TqLLMaMlCPxGj9rtnZJYbfeRjOCyJLsv&litespeed_type=imgoptm HTTP/1.1" 200 0 "-" "WordPress/6.8; https://freelancingclients.com"
198.54.114.83 - - [17/Apr/2025:07:59:15 -0400] "POST /wp-cron.php?doing_wp_cron=1744891153.7914490699768066406250 HTTP/1.1" 200 0 "-" "WordPress/6.8; https://freelancingclients.com"
20.171.207.125 - - [17/Apr/2025:07:59:45 -0400] "GET /reformer-pilates-wollongong/ HTTP/1.1" 200 10586 "-" "Mozilla/5.0 AppleWebKit/537.36 (KHTML, like Gecko; compatible; GPTBot/1.2; +https://openai.com/gptbot)"
198.54.114.83 - - [17/Apr/2025:08:00:20 -0400] "POST /wp-cron.php?doing_wp_cron=1744891219.6084949970245361328125 HTTP/1.1" 200 0 "-" "WordPress/6.8; https://freelancingclients.com"
20.171.207.125 - - [17/Apr/2025:08:00:18 -0400] "GET /wp-json/wp/v2/posts/3492 HTTP/1.1" 200 12370 "-" "Mozilla/5.0 AppleWebKit/537.36 (KHTML, like Gecko; compatible; GPTBot/1.2; +https://openai.com/gptbot)"
20.171.207.125 - - [17/Apr/2025:08:00:22 -0400] "GET /favicon.ico HTTP/1.1" 404 1251 "-" "Mozilla/5.0 AppleWebKit/537.36 (KHTML, like Gecko; compatible; GPTBot/1.2; +https://openai.com/gptbot)"
20.171.207.125 - - [17/Apr/2025:08:00:53 -0400] "GET /wp-json/wp/v2/posts/3503 HTTP/1.1" 200 13029 "-" "Mozilla/5.0 AppleWebKit/537.36 (KHTML, like Gecko; compatible; GPTBot/1.2; +https://openai.com/gptbot)"
20.171.207.125 - - [17/Apr/2025:08:00:53 -0400] "GET /future-trends-in-cosmetic-regulation/feed/ HTTP/1.1" 200 403 "-" "Mozilla/5.0 AppleWebKit/537.36 (KHTML, like Gecko; compatible; GPTBot/1.2; +https://openai.com/gptbot)"
198.54.114.83 - - [17/Apr/2025:08:01:28 -0400] "POST /wp-cron.php?doing_wp_cron=1744891287.3129479885101318359375 HTTP/1.1" 200 0 "-" "WordPress/6.8; https://freelancingclients.com"
20.171.207.125 - - [17/Apr/2025:08:01:26 -0400] "GET /?p=3500 HTTP/1.1" 301 0 "-" "Mozilla/5.0 AppleWebKit/537.36 (KHTML, like Gecko; compatible; GPTBot/1.2; +https://openai.com/gptbot)"
198.54.114.83 - - [17/Apr/2025:08:01:29 -0400] "POST /wp-admin/admin-ajax.php?action=async_litespeed&nonce=6jrY8VfGb1I9Bzclu8LZL3ePG6Ky6eBA&litespeed_type=imgoptm HTTP/1.1" 200 5 "-" "WordPress/6.8; https://freelancingclients.com"
198.54.114.83 - - [17/Apr/2025:08:02:01 -0400] "POST /wp-cron.php?doing_wp_cron=1744891321.4186160564422607421875 HTTP/1.1" 200 0 "-" "WordPress/6.8; https://freelancingclients.com"
20.171.207.125 - - [17/Apr/2025:08:02:01 -0400] "GET /?p=3484 HTTP/1.1" 301 0 "-" "Mozilla/5.0 AppleWebKit/537.36 (KHTML, like Gecko; compatible; GPTBot/1.2; +https://openai.com/gptbot)"
198.54.114.83 - - [17/Apr/2025:08:02:02 -0400] "POST /wp-admin/admin-ajax.php?action=async_litespeed&nonce=NmnbOX1Y68DfX1cYEJS4LtqTJ1MKNeuv&litespeed_type=imgoptm HTTP/1.1" 200 5 "-" "WordPress/6.8; https://freelancingclients.com"
198.54.114.83 - - [17/Apr/2025:08:02:33 -0400] "POST /wp-cron.php?doing_wp_cron=1744891353.4786779880523681640625 HTTP/1.1" 200 0 "-" "WordPress/6.8; https://freelancingclients.com"
20.171.207.125 - - [17/Apr/2025:08:02:32 -0400] "GET /?p=223 HTTP/1.1" 301 0 "-" "Mozilla/5.0 AppleWebKit/537.36 (KHTML, like Gecko; compatible; GPTBot/1.2; +https://openai.com/gptbot)"
198.54.114.83 - - [17/Apr/2025:08:03:09 -0400] "POST /wp-cron.php?doing_wp_cron=1744891388.6360189914703369140625 HTTP/1.1" 200 0 "-" "WordPress/6.8; https://freelancingclients.com"
20.171.207.125 - - [17/Apr/2025:08:03:08 -0400] "GET /essential-training-for-modern-professionals/feed/ HTTP/1.1" 200 402 "-" "Mozilla/5.0 AppleWebKit/537.36 (KHTML, like Gecko; compatible; GPTBot/1.2; +https://openai.com/gptbot)"
198.54.114.83 - - [17/Apr/2025:08:03:10 -0400] "POST /wp-admin/admin-ajax.php?action=async_litespeed&nonce=ERHDLyyDJTwmiSOYVUsUecRS0H2THFXU&litespeed_type=imgoptm HTTP/1.1" 200 0 "-" "WordPress/6.8; https://freelancingclients.com"
198.54.114.83 - - [17/Apr/2025:08:04:08 -0400] "POST /wp-cron.php?doing_wp_cron=1744891447.0228080749511718750000 HTTP/1.1" 200 0 "-" "WordPress/6.8; https://freelancingclients.com"
2a02:598:64:8a00::3100:4 - - [17/Apr/2025:08:04:05 -0400] "GET /a-journey-through-a-colorful-world/ HTTP/1.1" 200 10356 "-" "Mozilla/5.0 (compatible; SeznamBot/4.0; +https://o-seznam.cz/napoveda/vyhledavani/en/seznambot-crawler/)"
20.171.207.125 - - [17/Apr/2025:08:04:37 -0400] "GET /wp-json/wp/v2/posts/238 HTTP/1.1" 200 13318 "-" "Mozilla/5.0 AppleWebKit/537.36 (KHTML, like Gecko; compatible; GPTBot/1.2; +https://openai.com/gptbot)"
20.171.207.125 - - [17/Apr/2025:08:05:14 -0400] "GET /?p=236 HTTP/1.1" 301 0 "-" "Mozilla/5.0 AppleWebKit/537.36 (KHTML, like Gecko; compatible; GPTBot/1.2; +https://openai.com/gptbot)"
198.54.114.83 - - [17/Apr/2025:08:05:17 -0400] "POST /wp-cron.php?doing_wp_cron=1744891514.9411039352416992187500 HTTP/1.1" 200 0 "-" "WordPress/6.8; https://freelancingclients.com"
20.171.207.125 - - [17/Apr/2025:08:05:52 -0400] "GET /?p=238 HTTP/1.1" 301 0 "-" "Mozilla/5.0 AppleWebKit/537.36 (KHTML, like Gecko; compatible; GPTBot/1.2; +https://openai.com/gptbot)"
20.171.207.125 - - [17/Apr/2025:08:06:26 -0400] "GET /use-of-watch-repair-tools/feed/ HTTP/1.1" 200 393 "-" "Mozilla/5.0 AppleWebKit/537.36 (KHTML, like Gecko; compatible; GPTBot/1.2; +https://openai.com/gptbot)"
198.54.114.83 - - [17/Apr/2025:08:06:28 -0400] "POST /wp-cron.php?doing_wp_cron=1744891587.2367119789123535156250 HTTP/1.1" 200 0 "-" "WordPress/6.8; https://freelancingclients.com"
2a02:598:96:8a00::1200:13b - - [17/Apr/2025:08:06:28 -0400] "GET /the-ultimate-guide-to-starting-muscle-building/ HTTP/1.1" 200 10653 "-" "Mozilla/5.0 (compatible; SeznamBot/4.0; +https://o-seznam.cz/napoveda/vyhledavani/en/seznambot-crawler/)"
20.171.207.125 - - [17/Apr/2025:08:07:01 -0400] "GET /xmlrpc.php HTTP/1.1" 405 46 "-" "Mozilla/5.0 AppleWebKit/537.36 (KHTML, like Gecko; compatible; GPTBot/1.2; +https://openai.com/gptbot)"
198.54.114.83 - - [17/Apr/2025:08:07:39 -0400] "POST /wp-cron.php?doing_wp_cron=1744891659.2079510688781738281250 HTTP/1.1" 200 0 "-" "WordPress/6.8; https://freelancingclients.com"
20.171.207.125 - - [17/Apr/2025:08:07:38 -0400] "GET /reformer-pilates-wollongong/feed/ HTTP/1.1" 200 393 "-" "Mozilla/5.0 AppleWebKit/537.36 (KHTML, like Gecko; compatible; GPTBot/1.2; +https://openai.com/gptbot)"
198.54.114.83 - - [17/Apr/2025:08:07:41 -0400] "POST /wp-admin/admin-ajax.php?action=async_litespeed&nonce=KT9knFRqq7J8ryy7Z8l6G16hQW5JpS6F&litespeed_type=imgoptm HTTP/1.1" 200 0 "-" "WordPress/6.8; https://freelancingclients.com"
198.54.114.83 - - [17/Apr/2025:08:07:44 -0400] "POST /wp-cron.php?doing_wp_cron=1744891662.8573420047760009765625 HTTP/1.1" 200 0 "-" "WordPress/6.8; https://freelancingclients.com"
20.171.207.125 - - [17/Apr/2025:08:08:12 -0400] "GET /weight-loss-treatment/feed/ HTTP/1.1" 200 384 "-" "Mozilla/5.0 AppleWebKit/537.36 (KHTML, like Gecko; compatible; GPTBot/1.2; +https://openai.com/gptbot)"
198.54.114.83 - - [17/Apr/2025:08:08:51 -0400] "POST /wp-cron.php?doing_wp_cron=1744891730.4032061100006103515625 HTTP/1.1" 200 0 "-" "WordPress/6.8; https://freelancingclients.com"
20.171.207.125 - - [17/Apr/2025:08:08:49 -0400] "GET /wp-json/wp/v2/posts/3494 HTTP/1.1" 200 11161 "-" "Mozilla/5.0 AppleWebKit/537.36 (KHTML, like Gecko; compatible; GPTBot/1.2; +https://openai.com/gptbot)"
198.54.114.83 - - [17/Apr/2025:08:08:52 -0400] "POST /wp-admin/admin-ajax.php?action=async_litespeed&nonce=3XStXKM1JM04fq4jeCOsDQtonO2Rj232&litespeed_type=imgoptm HTTP/1.1" 200 0 "-" "WordPress/6.8; https://freelancingclients.com"
2a02:598:64:8a00::3100:4 - - [17/Apr/2025:08:09:07 -0400] "GET / HTTP/1.1" 200 10016 "-" "Mozilla/5.0 (compatible; SeznamBot/4.0; +https://o-seznam.cz/napoveda/vyhledavani/en/seznambot-crawler/)"
20.171.207.125 - - [17/Apr/2025:08:09:14 -0400] "GET /wp-json/wp/v2/posts/3488 HTTP/1.1" 200 11821 "-" "Mozilla/5.0 AppleWebKit/537.36 (KHTML, like Gecko; compatible; GPTBot/1.2; +https://openai.com/gptbot)"
198.54.114.83 - - [17/Apr/2025:08:09:16 -0400] "POST /wp-cron.php?doing_wp_cron=1744891755.4004740715026855468750 HTTP/1.1" 200 0 "-" "WordPress/6.8; https://freelancingclients.com"
20.171.207.125 - - [17/Apr/2025:08:09:23 -0400] "GET /wp-json/wp/v2/posts/3484 HTTP/1.1" 200 11484 "-" "Mozilla/5.0 AppleWebKit/537.36 (KHTML, like Gecko; compatible; GPTBot/1.2; +https://openai.com/gptbot)"
20.171.207.125 - - [17/Apr/2025:08:09:50 -0400] "GET /wp-json/wp/v2/posts/3497 HTTP/1.1" 200 11417 "-" "Mozilla/5.0 AppleWebKit/537.36 (KHTML, like Gecko; compatible; GPTBot/1.2; +https://openai.com/gptbot)"
20.171.207.125 - - [17/Apr/2025:08:09:58 -0400] "GET /wp-json/wp/v2/posts/3500 HTTP/1.1" 200 11125 "-" "Mozilla/5.0 AppleWebKit/537.36 (KHTML, like Gecko; compatible; GPTBot/1.2; +https://openai.com/gptbot)"
20.171.207.125 - - [17/Apr/2025:08:10:25 -0400] "GET /wp-json/wp/v2/posts/3507 HTTP/1.1" 200 11423 "-" "Mozilla/5.0 AppleWebKit/537.36 (KHTML, like Gecko; compatible; GPTBot/1.2; +https://openai.com/gptbot)"
198.54.114.83 - - [17/Apr/2025:08:10:30 -0400] "POST /wp-cron.php?doing_wp_cron=1744891827.1892430782318115234375 HTTP/1.1" 200 0 "-" "WordPress/6.8; https://freelancingclients.com"
64.95.13.28 - - [17/Apr/2025:08:10:35 -0400] "GET / HTTP/1.1" 200 10016 "-" "Mozilla/5.0 (Android 15; Mobile; rv:132.0) Gecko/132.0 Firefox/132.0"
64.95.13.28 - - [17/Apr/2025:08:10:36 -0400] "GET / HTTP/1.1" 200 10016 "-" "Mozilla/5.0 (Android 15; Mobile; rv:132.0) Gecko/132.0 Firefox/132.0"
64.95.13.28 - - [17/Apr/2025:08:10:37 -0400] "GET /category/activity/ HTTP/1.1" 200 10188 "-" "Mozilla/5.0 (Android 15; Mobile; rv:132.0) Gecko/132.0 Firefox/132.0"
64.95.13.28 - - [17/Apr/2025:08:10:38 -0400] "GET /category/about-us/ HTTP/1.1" 200 8376 "-" "Mozilla/5.0 (Android 15; Mobile; rv:132.0) Gecko/132.0 Firefox/132.0"
64.95.13.28 - - [17/Apr/2025:08:10:40 -0400] "GET /category/contact-us/ HTTP/1.1" 200 8410 "-" "Mozilla/5.0 (Android 15; Mobile; rv:132.0) Gecko/132.0 Firefox/132.0"
64.95.13.28 - - [17/Apr/2025:08:10:42 -0400] "GET /category/sign-in/ HTTP/1.1" 200 8408 "-" "Mozilla/5.0 (Android 15; Mobile; rv:132.0) Gecko/132.0 Firefox/132.0"
64.95.13.28 - - [17/Apr/2025:08:10:44 -0400] "GET /category/sign-up/ HTTP/1.1" 200 8410 "-" "Mozilla/5.0 (Android 15; Mobile; rv:132.0) Gecko/132.0 Firefox/132.0"
64.95.13.28 - - [17/Apr/2025:08:10:47 -0400] "GET /gpt-5-latest-news-updates-and-everything-we-know/ HTTP/1.1" 200 98106 "-" "Mozilla/5.0 (Android 15; Mobile; rv:132.0) Gecko/132.0 Firefox/132.0"
64.95.13.28 - - [17/Apr/2025:08:10:50 -0400] "GET /virtual-customer-innovation-staying-close-to-your/ HTTP/1.1" 200 88155 "-" "Mozilla/5.0 (Android 15; Mobile; rv:132.0) Gecko/132.0 Firefox/132.0"
64.95.13.28 - - [17/Apr/2025:08:10:52 -0400] "GET /a-guide-to-sentiment-analysis-using-nlp/ HTTP/1.1" 200 76302 "-" "Mozilla/5.0 (Android 15; Mobile; rv:132.0) Gecko/132.0 Firefox/132.0"
64.95.13.28 - - [17/Apr/2025:08:10:54 -0400] "GET /how-to-build-the-ultimate-ai-chatbot-by-following/ HTTP/1.1" 200 98782 "-" "Mozilla/5.0 (Android 15; Mobile; rv:132.0) Gecko/132.0 Firefox/132.0"
64.95.13.28 - - [17/Apr/2025:08:10:56 -0400] "GET /6-cognitive-automation-use-cases-in-the-enterprise/ HTTP/1.1" 200 79066 "-" "Mozilla/5.0 (Android 15; Mobile; rv:132.0) Gecko/132.0 Firefox/132.0"
64.95.13.28 - - [17/Apr/2025:08:10:59 -0400] "GET /the-inside-story-of-how-chatgpt-was-built-from-the/ HTTP/1.1" 200 105387 "-" "Mozilla/5.0 (Android 15; Mobile; rv:132.0) Gecko/132.0 Firefox/132.0"
64.95.13.28 - - [17/Apr/2025:08:11:01 -0400] "GET /5-steps-to-a-catchy-bot-name-ideas/ HTTP/1.1" 200 92643 "-" "Mozilla/5.0 (Android 15; Mobile; rv:132.0) Gecko/132.0 Firefox/132.0"
20.171.207.125 - - [17/Apr/2025:08:11:02 -0400] "GET /wp-json/wp/v2/posts/3490 HTTP/1.1" 200 12579 "-" "Mozilla/5.0 AppleWebKit/537.36 (KHTML, like Gecko; compatible; GPTBot/1.2; +https://openai.com/gptbot)"
64.95.13.28 - - [17/Apr/2025:08:11:02 -0400] "GET /apprendre-a-jouer-de-la-guitare-un-voyage-musical/ HTTP/1.1" 200 10999 "-" "Mozilla/5.0 (Android 15; Mobile; rv:132.0) Gecko/132.0 Firefox/132.0"
96.9.124.215 - - [17/Apr/2025:08:11:07 -0400] "POST /wp-comments-post.php HTTP/1.1" 429 982 "https://freelancingclients.com/the-inside-story-of-how-chatgpt-was-built-from-the/" "Mozilla/5.0 (Android 15; Mobile; rv:132.0) Gecko/132.0 Firefox/132.0"
96.9.124.215 - - [17/Apr/2025:08:11:07 -0400] "POST /wp-comments-post.php HTTP/1.1" 429 982 "https://freelancingclients.com/apprendre-a-jouer-de-la-guitare-un-voyage-musical/" "Mozilla/5.0 (Android 15; Mobile; rv:132.0) Gecko/132.0 Firefox/132.0"
96.9.124.215 - - [17/Apr/2025:08:11:07 -0400] "POST /wp-comments-post.php HTTP/1.1" 429 982 "https://freelancingclients.com/how-to-build-the-ultimate-ai-chatbot-by-following/" "Mozilla/5.0 (Android 15; Mobile; rv:132.0) Gecko/132.0 Firefox/132.0"
96.9.124.215 - - [17/Apr/2025:08:11:07 -0400] "POST /wp-comments-post.php HTTP/1.1" 429 982 "https://freelancingclients.com/5-steps-to-a-catchy-bot-name-ideas/" "Mozilla/5.0 (Android 15; Mobile; rv:132.0) Gecko/132.0 Firefox/132.0"
96.9.124.215 - - [17/Apr/2025:08:11:07 -0400] "POST /wp-comments-post.php HTTP/1.1" 302 0 "https://freelancingclients.com/6-cognitive-automation-use-cases-in-the-enterprise/" "Mozilla/5.0 (Android 15; Mobile; rv:132.0) Gecko/132.0 Firefox/132.0"
96.9.124.215 - - [17/Apr/2025:08:11:07 -0400] "POST /wp-comments-post.php HTTP/1.1" 302 0 "https://freelancingclients.com/a-guide-to-sentiment-analysis-using-nlp/" "Mozilla/5.0 (Android 15; Mobile; rv:132.0) Gecko/132.0 Firefox/132.0"
96.9.124.215 - - [17/Apr/2025:08:11:12 -0400] "POST /6-cognitive-automation-use-cases-in-the-enterprise/ HTTP/1.1" 200 79683 "https://freelancingclients.com/6-cognitive-automation-use-cases-in-the-enterprise/" "Mozilla/5.0 (Android 15; Mobile; rv:132.0) Gecko/132.0 Firefox/132.0"
96.9.124.215 - - [17/Apr/2025:08:11:13 -0400] "POST /a-guide-to-sentiment-analysis-using-nlp/ HTTP/1.1" 200 76926 "https://freelancingclients.com/a-guide-to-sentiment-analysis-using-nlp/" "Mozilla/5.0 (Android 15; Mobile; rv:132.0) Gecko/132.0 Firefox/132.0"
20.171.207.125 - - [17/Apr/2025:08:11:41 -0400] "GET /wp-json/wp/v2/posts/3498 HTTP/1.1" 200 12839 "-" "Mozilla/5.0 AppleWebKit/537.36 (KHTML, like Gecko; compatible; GPTBot/1.2; +https://openai.com/gptbot)"
198.54.114.83 - - [17/Apr/2025:08:11:44 -0400] "POST /wp-cron.php?doing_wp_cron=1744891901.8733549118041992187500 HTTP/1.1" 200 0 "-" "WordPress/6.8; https://freelancingclients.com"
20.171.207.125 - - [17/Apr/2025:08:12:17 -0400] "GET /page/14/ HTTP/1.1" 200 10318 "-" "Mozilla/5.0 AppleWebKit/537.36 (KHTML, like Gecko; compatible; GPTBot/1.2; +https://openai.com/gptbot)"
198.54.114.83 - - [17/Apr/2025:08:13:42 -0400] "POST /wp-cron.php?doing_wp_cron=1744892019.0738298892974853515625 HTTP/1.1" 200 0 "-" "WordPress/6.8; https://freelancingclients.com"
20.171.207.125 - - [17/Apr/2025:08:13:37 -0400] "GET /page/148/ HTTP/1.1" 200 10074 "-" "Mozilla/5.0 AppleWebKit/537.36 (KHTML, like Gecko; compatible; GPTBot/1.2; +https://openai.com/gptbot)"
20.171.207.125 - - [17/Apr/2025:08:14:22 -0400] "GET /wp-json/wp/v2/posts/150 HTTP/1.1" 200 12318 "-" "Mozilla/5.0 AppleWebKit/537.36 (KHTML, like Gecko; compatible; GPTBot/1.2; +https://openai.com/gptbot)"
20.171.207.125 - - [17/Apr/2025:08:15:01 -0400] "GET /wp-json/wp/v2/posts/22 HTTP/1.1" 200 19080 "-" "Mozilla/5.0 AppleWebKit/537.36 (KHTML, like Gecko; compatible; GPTBot/1.2; +https://openai.com/gptbot)"
198.54.114.83 - - [17/Apr/2025:08:15:09 -0400] "POST /wp-cron.php?doing_wp_cron=1744892104.9274680614471435546875 HTTP/1.1" 200 0 "-" "WordPress/6.8; https://freelancingclients.com"
20.171.207.125 - - [17/Apr/2025:08:15:45 -0400] "GET /wp-json/wp/v2/posts/197 HTTP/1.1" 200 12362 "-" "Mozilla/5.0 AppleWebKit/537.36 (KHTML, like Gecko; compatible; GPTBot/1.2; +https://openai.com/gptbot)"
20.171.207.125 - - [17/Apr/2025:08:16:22 -0400] "GET /wp-json/wp/v2/posts/162 HTTP/1.1" 200 12267 "-" "Mozilla/5.0 AppleWebKit/537.36 (KHTML, like Gecko; compatible; GPTBot/1.2; +https://openai.com/gptbot)"
198.54.114.83 - - [17/Apr/2025:08:16:26 -0400] "POST /wp-cron.php?doing_wp_cron=1744892184.0449769496917724609375 HTTP/1.1" 200 0 "-" "WordPress/6.8; https://freelancingclients.com"
20.171.207.125 - - [17/Apr/2025:08:17:03 -0400] "GET /wp-json/wp/v2/posts/101 HTTP/1.1" 200 12872 "-" "Mozilla/5.0 AppleWebKit/537.36 (KHTML, like Gecko; compatible; GPTBot/1.2; +https://openai.com/gptbot)"
129.226.133.55 - - [17/Apr/2025:08:17:02 -0400] "GET /why-choose-bamboo-socks/ HTTP/1.1" 200 10845 "-" "Python/3.10 aiohttp/3.10.5"
20.171.207.125 - - [17/Apr/2025:08:17:43 -0400] "GET /wp-json/wp/v2/posts/126 HTTP/1.1" 200 12115 "-" "Mozilla/5.0 AppleWebKit/537.36 (KHTML, like Gecko; compatible; GPTBot/1.2; +https://openai.com/gptbot)"
198.54.114.83 - - [17/Apr/2025:08:17:55 -0400] "POST /wp-cron.php?doing_wp_cron=1744892270.2152938842773437500000 HTTP/1.1" 200 0 "-" "WordPress/6.8; https://freelancingclients.com"
20.171.207.125 - - [17/Apr/2025:08:18:17 -0400] "GET /reasons-it-is-vital-to-obtain-moving-quotes-from-numerous-companies/ HTTP/1.1" 200 10618 "-" "Mozilla/5.0 AppleWebKit/537.36 (KHTML, like Gecko; compatible; GPTBot/1.2; +https://openai.com/gptbot)"
20.171.207.125 - - [17/Apr/2025:08:18:28 -0400] "GET /wp-json/wp/v2/posts/108 HTTP/1.1" 200 13331 "-" "Mozilla/5.0 AppleWebKit/537.36 (KHTML, like Gecko; compatible; GPTBot/1.2; +https://openai.com/gptbot)"
198.54.114.83 - - [17/Apr/2025:08:19:01 -0400] "POST /wp-cron.php?doing_wp_cron=1744892339.8209810256958007812500 HTTP/1.1" 200 0 "-" "WordPress/6.8; https://freelancingclients.com"
20.171.207.125 - - [17/Apr/2025:08:18:58 -0400] "GET /health-coaching-the-key-to-replacing-bad-habits-with-good/ HTTP/1.1" 200 11411 "-" "Mozilla/5.0 AppleWebKit/537.36 (KHTML, like Gecko; compatible; GPTBot/1.2; +https://openai.com/gptbot)"
20.171.207.125 - - [17/Apr/2025:08:19:38 -0400] "GET /optimale-verhandlungstechniken-fur-den-einkauf-ein-umfassendes-training/ HTTP/1.1" 200 10264 "-" "Mozilla/5.0 AppleWebKit/537.36 (KHTML, like Gecko; compatible; GPTBot/1.2; +https://openai.com/gptbot)"
20.171.207.125 - - [17/Apr/2025:08:20:15 -0400] "GET /acne-skin-care-how-to-clear-up-those-embarrasing-blemishes/ HTTP/1.1" 200 11399 "-" "Mozilla/5.0 AppleWebKit/537.36 (KHTML, like Gecko; compatible; GPTBot/1.2; +https://openai.com/gptbot)"
198.54.114.83 - - [17/Apr/2025:08:20:20 -0400] "POST /wp-cron.php?doing_wp_cron=1744892416.7106480598449707031250 HTTP/1.1" 200 0 "-" "WordPress/6.8; https://freelancingclients.com"
20.171.207.125 - - [17/Apr/2025:08:20:53 -0400] "GET /reliable-and-affordable-concrete-contractors-in-northern-colorado/ HTTP/1.1" 200 10404 "-" "Mozilla/5.0 AppleWebKit/537.36 (KHTML, like Gecko; compatible; GPTBot/1.2; +https://openai.com/gptbot)"
20.171.207.125 - - [17/Apr/2025:08:21:33 -0400] "GET /finding-budget-friendly-concrete-services-in-northern-colorado/ HTTP/1.1" 200 10169 "-" "Mozilla/5.0 AppleWebKit/537.36 (KHTML, like Gecko; compatible; GPTBot/1.2; +https://openai.com/gptbot)"
198.54.114.83 - - [17/Apr/2025:08:21:37 -0400] "POST /wp-cron.php?doing_wp_cron=1744892494.2004768848419189453125 HTTP/1.1" 200 0 "-" "WordPress/6.8; https://freelancingclients.com"
20.171.207.125 - - [17/Apr/2025:08:22:10 -0400] "GET /il-mondo-incantevole-delle-carte-magic-the-gathering/ HTTP/1.1" 200 10263 "-" "Mozilla/5.0 AppleWebKit/537.36 (KHTML, like Gecko; compatible; GPTBot/1.2; +https://openai.com/gptbot)"
20.171.207.125 - - [17/Apr/2025:08:22:27 -0400] "GET /?p=3472 HTTP/1.1" 301 0 "-" "Mozilla/5.0 AppleWebKit/537.36 (KHTML, like Gecko; compatible; GPTBot/1.2; +https://openai.com/gptbot)"
47.238.13.11 - - [17/Apr/2025:08:22:38 -0400] "GET /page-sitemap.xml HTTP/1.1" 200 351 "-" "Mozilla/5.0 (Macintosh; Intel Mac OS X 10_15_7) AppleWebKit/537.36 (KHTML, like Gecko) Chrome/109.0.0.0 Safari/537.36"
198.54.114.83 - - [17/Apr/2025:08:22:41 -0400] "POST /wp-cron.php?doing_wp_cron=1744892559.0257411003112792968750 HTTP/1.1" 200 0 "-" "WordPress/6.8; https://freelancingclients.com"
20.171.207.125 - - [17/Apr/2025:08:22:59 -0400] "GET /?p=3476 HTTP/1.1" 301 0 "-" "Mozilla/5.0 AppleWebKit/537.36 (KHTML, like Gecko; compatible; GPTBot/1.2; +https://openai.com/gptbot)"
20.171.207.125 - - [17/Apr/2025:08:23:39 -0400] "GET /?p=251 HTTP/1.1" 301 0 "-" "Mozilla/5.0 AppleWebKit/537.36 (KHTML, like Gecko; compatible; GPTBot/1.2; +https://openai.com/gptbot)"
198.54.114.83 - - [17/Apr/2025:08:23:43 -0400] "POST /wp-cron.php?doing_wp_cron=1744892620.3056850433349609375000 HTTP/1.1" 200 0 "-" "WordPress/6.8; https://freelancingclients.com"
20.171.207.125 - - [17/Apr/2025:08:24:17 -0400] "GET /?p=244 HTTP/1.1" 301 0 "-" "Mozilla/5.0 AppleWebKit/537.36 (KHTML, like Gecko; compatible; GPTBot/1.2; +https://openai.com/gptbot)"
20.171.207.125 - - [17/Apr/2025:08:24:52 -0400] "GET /?p=255 HTTP/1.1" 301 0 "-" "Mozilla/5.0 AppleWebKit/537.36 (KHTML, like Gecko; compatible; GPTBot/1.2; +https://openai.com/gptbot)"
198.54.114.83 - - [17/Apr/2025:08:24:56 -0400] "POST /wp-cron.php?doing_wp_cron=1744892693.5863289833068847656250 HTTP/1.1" 200 0 "-" "WordPress/6.8; https://freelancingclients.com"
20.171.207.125 - - [17/Apr/2025:08:25:33 -0400] "GET /optimale-verhandlungstechniken-fur-den-einkauf-ein-umfassendes-training/feed/ HTTP/1.1" 200 443 "-" "Mozilla/5.0 AppleWebKit/537.36 (KHTML, like Gecko; compatible; GPTBot/1.2; +https://openai.com/gptbot)"
20.171.207.125 - - [17/Apr/2025:08:26:12 -0400] "GET /reasons-it-is-vital-to-obtain-moving-quotes-from-numerous-companies/feed/ HTTP/1.1" 200 445 "-" "Mozilla/5.0 AppleWebKit/537.36 (KHTML, like Gecko; compatible; GPTBot/1.2; +https://openai.com/gptbot)"
198.54.114.83 - - [17/Apr/2025:08:26:18 -0400] "POST /wp-cron.php?doing_wp_cron=1744892773.6588189601898193359375 HTTP/1.1" 200 0 "-" "WordPress/6.8; https://freelancingclients.com"
20.171.207.125 - - [17/Apr/2025:08:26:44 -0400] "GET /?p=3482 HTTP/1.1" 301 0 "-" "Mozilla/5.0 AppleWebKit/537.36 (KHTML, like Gecko; compatible; GPTBot/1.2; +https://openai.com/gptbot)"
20.171.207.125 - - [17/Apr/2025:08:26:52 -0400] "GET /acne-skin-care-how-to-clear-up-those-embarrasing-blemishes/feed/ HTTP/1.1" 200 449 "-" "Mozilla/5.0 AppleWebKit/537.36 (KHTML, like Gecko; compatible; GPTBot/1.2; +https://openai.com/gptbot)"
20.171.207.125 - - [17/Apr/2025:08:27:21 -0400] "GET /?p=3470 HTTP/1.1" 301 0 "-" "Mozilla/5.0 AppleWebKit/537.36 (KHTML, like Gecko; compatible; GPTBot/1.2; +https://openai.com/gptbot)"
198.54.114.83 - - [17/Apr/2025:08:27:25 -0400] "POST /wp-cron.php?doing_wp_cron=1744892841.6171789169311523437500 HTTP/1.1" 200 0 "-" "WordPress/6.8; https://freelancingclients.com"
20.171.207.125 - - [17/Apr/2025:08:28:01 -0400] "GET /reliable-and-affordable-concrete-contractors-in-northern-colorado/feed/ HTTP/1.1" 200 431 "-" "Mozilla/5.0 AppleWebKit/537.36 (KHTML, like Gecko; compatible; GPTBot/1.2; +https://openai.com/gptbot)"
20.171.207.125 - - [17/Apr/2025:08:28:40 -0400] "GET /finding-budget-friendly-concrete-services-in-northern-colorado/feed/ HTTP/1.1" 200 426 "-" "Mozilla/5.0 AppleWebKit/537.36 (KHTML, like Gecko; compatible; GPTBot/1.2; +https://openai.com/gptbot)"
198.54.114.83 - - [17/Apr/2025:08:28:46 -0400] "POST /wp-cron.php?doing_wp_cron=1744892921.3747730255126953125000 HTTP/1.1" 200 0 "-" "WordPress/6.8; https://freelancingclients.com"
20.171.207.125 - - [17/Apr/2025:08:29:21 -0400] "GET /health-coaching-the-key-to-replacing-bad-habits-with-good/feed/ HTTP/1.1" 200 447 "-" "Mozilla/5.0 AppleWebKit/537.36 (KHTML, like Gecko; compatible; GPTBot/1.2; +https://openai.com/gptbot)"
20.171.207.125 - - [17/Apr/2025:08:29:59 -0400] "GET /il-mondo-incantevole-delle-carte-magic-the-gathering/feed/ HTTP/1.1" 200 424 "-" "Mozilla/5.0 AppleWebKit/537.36 (KHTML, like Gecko; compatible; GPTBot/1.2; +https://openai.com/gptbot)"
198.54.114.83 - - [17/Apr/2025:08:30:06 -0400] "POST /wp-cron.php?doing_wp_cron=1744893000.8514840602874755859375 HTTP/1.1" 200 0 "-" "WordPress/6.8; https://freelancingclients.com"
20.171.207.125 - - [17/Apr/2025:08:30:44 -0400] "GET /expert-concrete-installation-services-in-northern-colorado/ HTTP/1.1" 200 10334 "-" "Mozilla/5.0 AppleWebKit/537.36 (KHTML, like Gecko; compatible; GPTBot/1.2; +https://openai.com/gptbot)"
20.171.207.125 - - [17/Apr/2025:08:31:00 -0400] "GET /favicon.ico HTTP/1.1" 404 1251 "-" "Mozilla/5.0 AppleWebKit/537.36 (KHTML, like Gecko; compatible; GPTBot/1.2; +https://openai.com/gptbot)"
20.171.207.125 - - [17/Apr/2025:08:31:45 -0400] "GET /how-to-get-an-accurate-moving-cost-quote/ HTTP/1.1" 200 10628 "-" "Mozilla/5.0 AppleWebKit/537.36 (KHTML, like Gecko; compatible; GPTBot/1.2; +https://openai.com/gptbot)"
20.171.207.125 - - [17/Apr/2025:08:32:32 -0400] "GET /top-three-football-teams-in-london/ HTTP/1.1" 200 10969 "-" "Mozilla/5.0 AppleWebKit/537.36 (KHTML, like Gecko; compatible; GPTBot/1.2; +https://openai.com/gptbot)"
20.171.207.125 - - [17/Apr/2025:08:33:13 -0400] "GET /un-mondo-di-avventure-e-strategia/ HTTP/1.1" 200 10319 "-" "Mozilla/5.0 AppleWebKit/537.36 (KHTML, like Gecko; compatible; GPTBot/1.2; +https://openai.com/gptbot)"
198.54.114.83 - - [17/Apr/2025:08:33:20 -0400] "POST /wp-cron.php?doing_wp_cron=1744893194.7502000331878662109375 HTTP/1.1" 200 0 "-" "WordPress/6.8; https://freelancingclients.com"
20.171.207.125 - - [17/Apr/2025:08:33:55 -0400] "GET /xmlrpc.php HTTP/1.1" 405 46 "-" "Mozilla/5.0 AppleWebKit/537.36 (KHTML, like Gecko; compatible; GPTBot/1.2; +https://openai.com/gptbot)"
20.171.207.125 - - [17/Apr/2025:08:34:36 -0400] "GET /northern-colorado-concrete-polishing-epoxy/ HTTP/1.1" 200 10253 "-" "Mozilla/5.0 AppleWebKit/537.36 (KHTML, like Gecko; compatible; GPTBot/1.2; +https://openai.com/gptbot)"
20.171.207.125 - - [17/Apr/2025:08:35:20 -0400] "GET /?p=3466 HTTP/1.1" 301 0 "-" "Mozilla/5.0 AppleWebKit/537.36 (KHTML, like Gecko; compatible; GPTBot/1.2; +https://openai.com/gptbot)"
20.171.207.125 - - [17/Apr/2025:08:35:20 -0400] "GET /moving-out-of-state-quotes/ HTTP/1.1" 200 9947 "-" "Mozilla/5.0 AppleWebKit/537.36 (KHTML, like Gecko; compatible; GPTBot/1.2; +https://openai.com/gptbot)"
20.171.207.125 - - [17/Apr/2025:08:35:58 -0400] "GET /?p=3474 HTTP/1.1" 301 0 "-" "Mozilla/5.0 AppleWebKit/537.36 (KHTML, like Gecko; compatible; GPTBot/1.2; +https://openai.com/gptbot)"
20.171.207.125 - - [17/Apr/2025:08:35:58 -0400] "GET /tipps-fur-ihre-nachste-verhandlung/ HTTP/1.1" 200 10327 "-" "Mozilla/5.0 AppleWebKit/537.36 (KHTML, like Gecko; compatible; GPTBot/1.2; +https://openai.com/gptbot)"
20.171.207.125 - - [17/Apr/2025:08:36:41 -0400] "GET /?p=262 HTTP/1.1" 301 0 "-" "Mozilla/5.0 AppleWebKit/537.36 (KHTML, like Gecko; compatible; GPTBot/1.2; +https://openai.com/gptbot)"
43.134.216.64 - - [17/Apr/2025:08:36:57 -0400] "GET /custom-athletic-socks/ HTTP/1.1" 200 10323 "-" "Python/3.10 aiohttp/3.10.5"
20.171.207.125 - - [17/Apr/2025:08:37:23 -0400] "GET /?p=253 HTTP/1.1" 301 0 "-" "Mozilla/5.0 AppleWebKit/537.36 (KHTML, like Gecko; compatible; GPTBot/1.2; +https://openai.com/gptbot)"
20.171.207.125 - - [17/Apr/2025:08:38:03 -0400] "GET /expert-concrete-installation-services-in-northern-colorado/feed/ HTTP/1.1" 200 421 "-" "Mozilla/5.0 AppleWebKit/537.36 (KHTML, like Gecko; compatible; GPTBot/1.2; +https://openai.com/gptbot)"
20.171.207.125 - - [17/Apr/2025:08:38:52 -0400] "GET /how-to-get-an-accurate-moving-cost-quote/feed/ HTTP/1.1" 200 419 "-" "Mozilla/5.0 AppleWebKit/537.36 (KHTML, like Gecko; compatible; GPTBot/1.2; +https://openai.com/gptbot)"
20.171.207.125 - - [17/Apr/2025:08:39:24 -0400] "GET /?p=3477 HTTP/1.1" 301 0 "-" "Mozilla/5.0 AppleWebKit/537.36 (KHTML, like Gecko; compatible; GPTBot/1.2; +https://openai.com/gptbot)"
20.171.207.125 - - [17/Apr/2025:08:40:08 -0400] "GET /?p=3483 HTTP/1.1" 301 0 "-" "Mozilla/5.0 AppleWebKit/537.36 (KHTML, like Gecko; compatible; GPTBot/1.2; +https://openai.com/gptbot)"
20.171.207.125 - - [17/Apr/2025:08:40:51 -0400] "GET /?p=257 HTTP/1.1" 301 0 "-" "Mozilla/5.0 AppleWebKit/537.36 (KHTML, like Gecko; compatible; GPTBot/1.2; +https://openai.com/gptbot)"
20.171.207.125 - - [17/Apr/2025:08:41:31 -0400] "GET /northern-colorado-concrete-polishing-epoxy/feed/ HTTP/1.1" 200 417 "-" "Mozilla/5.0 AppleWebKit/537.36 (KHTML, like Gecko; compatible; GPTBot/1.2; +https://openai.com/gptbot)"
20.171.207.125 - - [17/Apr/2025:08:42:11 -0400] "GET /top-three-football-teams-in-london/feed/ HTTP/1.1" 200 406 "-" "Mozilla/5.0 AppleWebKit/537.36 (KHTML, like Gecko; compatible; GPTBot/1.2; +https://openai.com/gptbot)"
198.54.114.83 - - [17/Apr/2025:08:42:17 -0400] "POST /wp-cron.php?doing_wp_cron=1744893731.7565450668334960937500 HTTP/1.1" 200 0 "-" "WordPress/6.8; https://freelancingclients.com"
20.171.207.125 - - [17/Apr/2025:08:42:54 -0400] "GET /tipps-fur-ihre-nachste-verhandlung/feed/ HTTP/1.1" 200 411 "-" "Mozilla/5.0 AppleWebKit/537.36 (KHTML, like Gecko; compatible; GPTBot/1.2; +https://openai.com/gptbot)"
20.171.207.125 - - [17/Apr/2025:08:43:22 -0400] "GET /xmlrpc.php HTTP/1.1" 405 46 "-" "Mozilla/5.0 AppleWebKit/537.36 (KHTML, like Gecko; compatible; GPTBot/1.2; +https://openai.com/gptbot)"
20.171.207.125 - - [17/Apr/2025:08:43:35 -0400] "GET /un-mondo-di-avventure-e-strategia/feed/ HTTP/1.1" 200 402 "-" "Mozilla/5.0 AppleWebKit/537.36 (KHTML, like Gecko; compatible; GPTBot/1.2; +https://openai.com/gptbot)"
185.245.105.171 - - [17/Apr/2025:08:43:51 -0400] "GET /osteopathy/ HTTP/1.1" 200 9643 "https://freelancingclients.com/osteopathy/" "Mozilla/5.0 (Windows NT 10.0; Win64; x64) AppleWebKit/537.36 (KHTML, like Gecko) Chrome/129.0.0.0 Safari/537.36"
185.245.105.171 - - [17/Apr/2025:08:43:57 -0400] "POST /wp-comments-post.php HTTP/1.1" 302 0 "https://freelancingclients.com/osteopathy/" "Mozilla/5.0 (Windows NT 10.0; Win64; x64) AppleWebKit/537.36 (KHTML, like Gecko) Chrome/129.0.0.0 Safari/537.36"
20.171.207.125 - - [17/Apr/2025:08:44:04 -0400] "GET /moving-out-of-state-quotes/feed/ HTTP/1.1" 200 392 "-" "Mozilla/5.0 AppleWebKit/537.36 (KHTML, like Gecko; compatible; GPTBot/1.2; +https://openai.com/gptbot)"
185.245.105.171 - - [17/Apr/2025:08:44:04 -0400] "GET /osteopathy/ HTTP/1.1" 200 10332 "https://freelancingclients.com/osteopathy/#comment-8471" "Mozilla/5.0 (Windows NT 10.0; Win64; x64) AppleWebKit/537.36 (KHTML, like Gecko) Chrome/129.0.0.0 Safari/537.36"
20.171.207.125 - - [17/Apr/2025:08:44:13 -0400] "GET /decouvrez-le-thai-massage-a-geneve/ HTTP/1.1" 200 10526 "-" "Mozilla/5.0 AppleWebKit/537.36 (KHTML, like Gecko; compatible; GPTBot/1.2; +https://openai.com/gptbot)"
20.171.207.125 - - [17/Apr/2025:08:44:45 -0400] "GET /scopri-le-bustine-dragon-shield/ HTTP/1.1" 200 10233 "-" "Mozilla/5.0 AppleWebKit/537.36 (KHTML, like Gecko; compatible; GPTBot/1.2; +https://openai.com/gptbot)"
198.54.114.83 - - [17/Apr/2025:08:44:48 -0400] "POST /wp-cron.php?doing_wp_cron=1744893885.9263451099395751953125 HTTP/1.1" 200 0 "-" "WordPress/6.8; https://freelancingclients.com"
20.171.207.125 - - [17/Apr/2025:08:45:29 -0400] "GET /careprost-for-eyebrows-review/ HTTP/1.1" 200 10960 "-" "Mozilla/5.0 AppleWebKit/537.36 (KHTML, like Gecko; compatible; GPTBot/1.2; +https://openai.com/gptbot)"
20.171.207.125 - - [17/Apr/2025:08:46:09 -0400] "GET /verhandlungstraining-schlussel-zum-erfolg/ HTTP/1.1" 200 10668 "-" "Mozilla/5.0 AppleWebKit/537.36 (KHTML, like Gecko; compatible; GPTBot/1.2; +https://openai.com/gptbot)"
198.54.114.83 - - [17/Apr/2025:08:46:13 -0400] "POST /wp-cron.php?doing_wp_cron=1744893970.1407489776611328125000 HTTP/1.1" 200 0 "-" "WordPress/6.8; https://freelancingclients.com"
20.171.207.125 - - [17/Apr/2025:08:46:47 -0400] "GET /fine-pitch-led-display/ HTTP/1.1" 200 10873 "-" "Mozilla/5.0 AppleWebKit/537.36 (KHTML, like Gecko; compatible; GPTBot/1.2; +https://openai.com/gptbot)"
20.171.207.125 - - [17/Apr/2025:08:47:22 -0400] "GET /xmlrpc.php HTTP/1.1" 405 46 "-" "Mozilla/5.0 AppleWebKit/537.36 (KHTML, like Gecko; compatible; GPTBot/1.2; +https://openai.com/gptbot)"
198.54.114.83 - - [17/Apr/2025:08:47:24 -0400] "POST /wp-cron.php?doing_wp_cron=1744894042.7406439781188964843750 HTTP/1.1" 200 0 "-" "WordPress/6.8; https://freelancingclients.com"
20.171.207.125 - - [17/Apr/2025:08:47:58 -0400] "GET /?p=3090 HTTP/1.1" 301 0 "-" "Mozilla/5.0 AppleWebKit/537.36 (KHTML, like Gecko; compatible; GPTBot/1.2; +https://openai.com/gptbot)"
20.171.207.125 - - [17/Apr/2025:08:48:34 -0400] "GET /wp-json/wp/v2/posts/3090 HTTP/1.1" 200 11534 "-" "Mozilla/5.0 AppleWebKit/537.36 (KHTML, like Gecko; compatible; GPTBot/1.2; +https://openai.com/gptbot)"
198.54.114.83 - - [17/Apr/2025:08:48:38 -0400] "POST /wp-cron.php?doing_wp_cron=1744894116.1438369750976562500000 HTTP/1.1" 200 0 "-" "WordPress/6.8; https://freelancingclients.com"
20.171.207.125 - - [17/Apr/2025:08:49:15 -0400] "GET /wp-json/oembed/1.0/embed?format=xml&url=https%3A%2F%2Ffreelancingclients.com%2Fdecouvrez-le-thai-massage-a-geneve%2F HTTP/1.1" 200 1232 "-" "Mozilla/5.0 AppleWebKit/537.36 (KHTML, like Gecko; compatible; GPTBot/1.2; +https://openai.com/gptbot)"
20.171.207.125 - - [17/Apr/2025:08:49:51 -0400] "GET /wp-json/oembed/1.0/embed?url=https%3A%2F%2Ffreelancingclients.com%2Fdecouvrez-le-thai-massage-a-geneve%2F HTTP/1.1" 200 2561 "-" "Mozilla/5.0 AppleWebKit/537.36 (KHTML, like Gecko; compatible; GPTBot/1.2; +https://openai.com/gptbot)"
20.171.207.125 - - [17/Apr/2025:08:50:30 -0400] "GET /decouvrez-le-thai-massage-a-geneve/feed/ HTTP/1.1" 200 414 "-" "Mozilla/5.0 AppleWebKit/537.36 (KHTML, like Gecko; compatible; GPTBot/1.2; +https://openai.com/gptbot)"
20.171.207.125 - - [17/Apr/2025:08:51:07 -0400] "GET /wp-json/oembed/1.0/embed?url=https%3A%2F%2Ffreelancingclients.com%2Fscopri-le-bustine-dragon-shield%2F HTTP/1.1" 200 2518 "-" "Mozilla/5.0 AppleWebKit/537.36 (KHTML, like Gecko; compatible; GPTBot/1.2; +https://openai.com/gptbot)"
198.54.114.83 - - [17/Apr/2025:08:51:09 -0400] "POST /wp-cron.php?doing_wp_cron=1744894267.6268739700317382812500 HTTP/1.1" 200 0 "-" "WordPress/6.8; https://freelancingclients.com"
20.171.207.125 - - [17/Apr/2025:08:51:31 -0400] "GET /?p=3478 HTTP/1.1" 301 0 "-" "Mozilla/5.0 AppleWebKit/537.36 (KHTML, like Gecko; compatible; GPTBot/1.2; +https://openai.com/gptbot)"
20.171.207.125 - - [17/Apr/2025:08:51:45 -0400] "GET /?p=3468 HTTP/1.1" 301 0 "-" "Mozilla/5.0 AppleWebKit/537.36 (KHTML, like Gecko; compatible; GPTBot/1.2; +https://openai.com/gptbot)"
20.171.207.125 - - [17/Apr/2025:08:52:14 -0400] "GET /?p=240 HTTP/1.1" 301 0 "-" "Mozilla/5.0 AppleWebKit/537.36 (KHTML, like Gecko; compatible; GPTBot/1.2; +https://openai.com/gptbot)"
20.171.207.125 - - [17/Apr/2025:08:52:29 -0400] "GET /?p=3090 HTTP/1.1" 301 0 "-" "Mozilla/5.0 AppleWebKit/537.36 (KHTML, like Gecko; compatible; GPTBot/1.2; +https://openai.com/gptbot)"
20.171.207.125 - - [17/Apr/2025:08:52:59 -0400] "GET /?p=242 HTTP/1.1" 301 0 "-" "Mozilla/5.0 AppleWebKit/537.36 (KHTML, like Gecko; compatible; GPTBot/1.2; +https://openai.com/gptbot)"
20.171.207.125 - - [17/Apr/2025:08:53:33 -0400] "GET /decouvrez-le-thai-massage-a-geneve/embed/ HTTP/1.1" 500 905 "-" "Mozilla/5.0 AppleWebKit/537.36 (KHTML, like Gecko; compatible; GPTBot/1.2; +https://openai.com/gptbot)"
20.171.207.125 - - [17/Apr/2025:08:54:13 -0400] "GET /xmlrpc.php HTTP/1.1" 405 46 "-" "Mozilla/5.0 AppleWebKit/537.36 (KHTML, like Gecko; compatible; GPTBot/1.2; +https://openai.com/gptbot)"
223.109.252.156 - - [17/Apr/2025:08:54:33 -0400] "GET / HTTP/1.1" 200 10016 "-" "Sogou web spider/4.0(+http://www.sogou.com/docs/help/webmasters.htm#07)"
20.171.207.125 - - [17/Apr/2025:08:55:37 -0400] "GET /verhandlungstraining-schlussel-zum-erfolg/feed/ HTTP/1.1" 200 407 "-" "Mozilla/5.0 AppleWebKit/537.36 (KHTML, like Gecko; compatible; GPTBot/1.2; +https://openai.com/gptbot)"
20.171.207.125 - - [17/Apr/2025:08:56:23 -0400] "GET /custom-socks-with-logo/ HTTP/1.1" 200 10668 "-" "Mozilla/5.0 AppleWebKit/537.36 (KHTML, like Gecko; compatible; GPTBot/1.2; +https://openai.com/gptbot)"
20.171.207.125 - - [17/Apr/2025:08:57:02 -0400] "GET /scopri-le-bustine-dragon-shield/feed/ HTTP/1.1" 200 398 "-" "Mozilla/5.0 AppleWebKit/537.36 (KHTML, like Gecko; compatible; GPTBot/1.2; +https://openai.com/gptbot)"
2a02:598:96:8a00::1200:13b - - [17/Apr/2025:08:57:32 -0400] "GET /robots.txt HTTP/1.1" 200 112 "-" "Mozilla/5.0 (compatible; SeznamBot/4.0; +https://o-seznam.cz/napoveda/vyhledavani/en/seznambot-crawler/)"
2a02:598:96:8a00::1200:13b - - [17/Apr/2025:08:57:32 -0400] "GET /exploring-the-vaping-landscape/ HTTP/1.1" 200 10283 "-" "Mozilla/5.0 (compatible; SeznamBot/4.0; +https://o-seznam.cz/napoveda/vyhledavani/en/seznambot-crawler/)"
124.156.108.107 - - [17/Apr/2025:08:57:36 -0400] "GET /lawyer-hattingen/ HTTP/1.1" 200 10823 "-" "Python/3.10 aiohttp/3.10.5"
129.226.176.123 - - [17/Apr/2025:08:57:37 -0400] "GET /fenben-lab-fenbendazol/ HTTP/1.1" 200 10098 "-" "Python/3.10 aiohttp/3.10.5"
20.171.207.125 - - [17/Apr/2025:08:57:47 -0400] "GET /careprost-for-eyebrows-review/feed/ HTTP/1.1" 200 397 "-" "Mozilla/5.0 AppleWebKit/537.36 (KHTML, like Gecko; compatible; GPTBot/1.2; +https://openai.com/gptbot)"
20.171.207.125 - - [17/Apr/2025:08:58:29 -0400] "GET /fine-pitch-led-display/feed/ HTTP/1.1" 200 391 "-" "Mozilla/5.0 AppleWebKit/537.36 (KHTML, like Gecko; compatible; GPTBot/1.2; +https://openai.com/gptbot)"
198.54.114.83 - - [17/Apr/2025:08:58:34 -0400] "POST /wp-cron.php?doing_wp_cron=1744894710.3075180053710937500000 HTTP/1.1" 200 0 "-" "WordPress/6.8; https://freelancingclients.com"
43.154.145.254 - - [17/Apr/2025:08:58:53 -0400] "GET /exploring-the-tapestry-of-family-circus/ HTTP/1.1" 200 10473 "-" "Python/3.10 aiohttp/3.10.5"
20.171.207.125 - - [17/Apr/2025:08:59:11 -0400] "GET /retin-a-cream-uk/ HTTP/1.1" 200 9677 "-" "Mozilla/5.0 AppleWebKit/537.36 (KHTML, like Gecko; compatible; GPTBot/1.2; +https://openai.com/gptbot)"
20.171.207.125 - - [17/Apr/2025:08:59:41 -0400] "GET /?p=260 HTTP/1.1" 301 0 "-" "Mozilla/5.0 AppleWebKit/537.36 (KHTML, like Gecko; compatible; GPTBot/1.2; +https://openai.com/gptbot)"
