20.171.207.125 - - [16/Apr/2025:23:40:15 -0400] "GET /wp-json/wp/v2/posts/3759 HTTP/1.1" 200 12545 "-" "Mozilla/5.0 AppleWebKit/537.36 (KHTML, like Gecko; compatible; GPTBot/1.2; +https://openai.com/gptbot)"
20.171.207.125 - - [16/Apr/2025:23:40:39 -0400] "GET /wp-json/wp/v2/posts/3754 HTTP/1.1" 200 11828 "-" "Mozilla/5.0 AppleWebKit/537.36 (KHTML, like Gecko; compatible; GPTBot/1.2; +https://openai.com/gptbot)"
20.171.207.125 - - [16/Apr/2025:23:41:00 -0400] "GET /wp-json/wp/v2/posts/3764 HTTP/1.1" 200 11440 "-" "Mozilla/5.0 AppleWebKit/537.36 (KHTML, like Gecko; compatible; GPTBot/1.2; +https://openai.com/gptbot)"
198.54.114.83 - - [16/Apr/2025:23:41:25 -0400] "POST /wp-cron.php?doing_wp_cron=1744861284.4427258968353271484375 HTTP/1.1" 200 0 "-" "WordPress/6.8; https://freelancingclients.com"
20.171.207.125 - - [16/Apr/2025:23:41:23 -0400] "GET /page/3/ HTTP/1.1" 200 10394 "-" "Mozilla/5.0 AppleWebKit/537.36 (KHTML, like Gecko; compatible; GPTBot/1.2; +https://openai.com/gptbot)"
20.171.207.125 - - [16/Apr/2025:23:41:50 -0400] "GET /page/159/ HTTP/1.1" 200 10095 "-" "Mozilla/5.0 AppleWebKit/537.36 (KHTML, like Gecko; compatible; GPTBot/1.2; +https://openai.com/gptbot)"
20.171.207.125 - - [16/Apr/2025:23:42:11 -0400] "GET /wp-json/wp/v2/posts/574 HTTP/1.1" 200 12638 "-" "Mozilla/5.0 AppleWebKit/537.36 (KHTML, like Gecko; compatible; GPTBot/1.2; +https://openai.com/gptbot)"
198.54.114.83 - - [16/Apr/2025:23:42:37 -0400] "POST /wp-cron.php?doing_wp_cron=1744861355.6720340251922607421875 HTTP/1.1" 200 0 "-" "WordPress/6.8; https://freelancingclients.com"
20.171.207.125 - - [16/Apr/2025:23:42:34 -0400] "GET /wp-json/wp/v2/posts/513 HTTP/1.1" 200 10829 "-" "Mozilla/5.0 AppleWebKit/537.36 (KHTML, like Gecko; compatible; GPTBot/1.2; +https://openai.com/gptbot)"
198.54.114.83 - - [16/Apr/2025:23:42:41 -0400] "POST /wp-admin/admin-ajax.php?action=async_litespeed&nonce=wLhOFIKGjqM4CdkzzXJItvvITFUvXnir&litespeed_type=imgoptm HTTP/1.1" 200 0 "-" "WordPress/6.8; https://freelancingclients.com"
198.54.114.83 - - [16/Apr/2025:23:44:32 -0400] "POST /wp-cron.php?doing_wp_cron=1744861470.8050661087036132812500 HTTP/1.1" 200 0 "-" "WordPress/6.8; https://freelancingclients.com"
20.171.207.125 - - [16/Apr/2025:23:44:25 -0400] "GET /essential-features-of-an-answering-service-for-legal-professionals/ HTTP/1.1" 200 10474 "-" "Mozilla/5.0 AppleWebKit/537.36 (KHTML, like Gecko; compatible; GPTBot/1.2; +https://openai.com/gptbot)"
20.171.207.125 - - [16/Apr/2025:23:44:54 -0400] "GET /lelegance-intemporelle-des-panneaux-en-marbre-pour-salle-de-bain/ HTTP/1.1" 200 10558 "-" "Mozilla/5.0 AppleWebKit/537.36 (KHTML, like Gecko; compatible; GPTBot/1.2; +https://openai.com/gptbot)"
20.171.207.125 - - [16/Apr/2025:23:45:16 -0400] "GET /zuverlassiger-umzugsservice-in-luneburg-fur-einen-stressfreien-wechsel/ HTTP/1.1" 200 10629 "-" "Mozilla/5.0 AppleWebKit/537.36 (KHTML, like Gecko; compatible; GPTBot/1.2; +https://openai.com/gptbot)"
20.171.207.125 - - [16/Apr/2025:23:45:37 -0400] "GET /les-meilleures-pieces-de-theatre-a-paris-en-2025/ HTTP/1.1" 200 10614 "-" "Mozilla/5.0 AppleWebKit/537.36 (KHTML, like Gecko; compatible; GPTBot/1.2; +https://openai.com/gptbot)"
198.54.114.83 - - [16/Apr/2025:23:46:08 -0400] "POST /wp-cron.php?doing_wp_cron=1744861566.1799778938293457031250 HTTP/1.1" 200 0 "-" "WordPress/6.8; https://freelancingclients.com"
20.171.207.125 - - [16/Apr/2025:23:45:59 -0400] "GET /crane-neck-posture-and-its-impact-on-daily-life/ HTTP/1.1" 200 10625 "-" "Mozilla/5.0 AppleWebKit/537.36 (KHTML, like Gecko; compatible; GPTBot/1.2; +https://openai.com/gptbot)"
20.171.207.125 - - [16/Apr/2025:23:46:29 -0400] "GET /optimizing-customer-communication-with-phone-answering-services/ HTTP/1.1" 200 10712 "-" "Mozilla/5.0 AppleWebKit/537.36 (KHTML, like Gecko; compatible; GPTBot/1.2; +https://openai.com/gptbot)"
20.171.207.125 - - [16/Apr/2025:23:46:51 -0400] "GET /the-innovation-of-baorui-revolutionizing-everyday-convenience/ HTTP/1.1" 200 10497 "-" "Mozilla/5.0 AppleWebKit/537.36 (KHTML, like Gecko; compatible; GPTBot/1.2; +https://openai.com/gptbot)"
20.171.207.125 - - [16/Apr/2025:23:47:13 -0400] "GET /innovative-ice-making-machines-revolutionizing-convenience/ HTTP/1.1" 200 10965 "-" "Mozilla/5.0 AppleWebKit/537.36 (KHTML, like Gecko; compatible; GPTBot/1.2; +https://openai.com/gptbot)"
198.54.114.83 - - [16/Apr/2025:23:47:37 -0400] "POST /wp-cron.php?doing_wp_cron=1744861656.3894240856170654296875 HTTP/1.1" 200 0 "-" "WordPress/6.8; https://freelancingclients.com"
20.171.207.125 - - [16/Apr/2025:23:47:35 -0400] "GET /majestic-haven-exploring-the-pinetree-hill-showflat/ HTTP/1.1" 200 10349 "-" "Mozilla/5.0 AppleWebKit/537.36 (KHTML, like Gecko; compatible; GPTBot/1.2; +https://openai.com/gptbot)"
198.54.114.83 - - [16/Apr/2025:23:47:41 -0400] "POST /wp-admin/admin-ajax.php?action=async_litespeed&nonce=booV9xVyP6TaSWESFjc4541un1jRGd7t&litespeed_type=imgoptm HTTP/1.1" 200 0 "-" "WordPress/6.8; https://freelancingclients.com"
198.54.114.83 - - [16/Apr/2025:23:47:52 -0400] "POST /wp-admin/admin-ajax.php?action=async_litespeed&nonce=9bdKLyr36XXpH188t9ULDqzLAUmn2huC&litespeed_type=imgoptm HTTP/1.1" 200 0 "-" "WordPress/6.8; https://freelancingclients.com"
20.171.207.125 - - [16/Apr/2025:23:48:00 -0400] "GET /the-timeless-art-of-eye-rolls-and-giggles/ HTTP/1.1" 200 10334 "-" "Mozilla/5.0 AppleWebKit/537.36 (KHTML, like Gecko; compatible; GPTBot/1.2; +https://openai.com/gptbot)"
20.171.207.125 - - [16/Apr/2025:23:50:02 -0400] "GET /wp-json/oembed/1.0/embed?url=https%3A%2F%2Ffreelancingclients.com%2Fmajestic-haven-exploring-the-pinetree-hill-showflat%2F HTTP/1.1" 200 2603 "-" "Mozilla/5.0 AppleWebKit/537.36 (KHTML, like Gecko; compatible; GPTBot/1.2; +https://openai.com/gptbot)"
198.54.114.83 - - [16/Apr/2025:23:50:16 -0400] "POST /wp-cron.php?doing_wp_cron=1744861811.7987968921661376953125 HTTP/1.1" 200 0 "-" "WordPress/6.8; https://freelancingclients.com"
20.171.207.125 - - [16/Apr/2025:23:50:37 -0400] "GET /wp-json/oembed/1.0/embed?format=xml&url=https%3A%2F%2Ffreelancingclients.com%2Fessential-features-of-an-answering-service-for-legal-professionals%2F HTTP/1.1" 200 1242 "-" "Mozilla/5.0 AppleWebKit/537.36 (KHTML, like Gecko; compatible; GPTBot/1.2; +https://openai.com/gptbot)"
20.171.207.125 - - [16/Apr/2025:23:51:00 -0400] "GET /?p=3725 HTTP/1.1" 301 0 "-" "Mozilla/5.0 AppleWebKit/537.36 (KHTML, like Gecko; compatible; GPTBot/1.2; +https://openai.com/gptbot)"
20.171.207.125 - - [16/Apr/2025:23:51:23 -0400] "GET /?p=3729 HTTP/1.1" 301 0 "-" "Mozilla/5.0 AppleWebKit/537.36 (KHTML, like Gecko; compatible; GPTBot/1.2; +https://openai.com/gptbot)"
198.54.114.83 - - [16/Apr/2025:23:51:26 -0400] "POST /wp-cron.php?doing_wp_cron=1744861884.1701769828796386718750 HTTP/1.1" 200 0 "-" "WordPress/6.8; https://freelancingclients.com"
20.171.207.125 - - [16/Apr/2025:23:51:47 -0400] "GET /?p=2423 HTTP/1.1" 301 0 "-" "Mozilla/5.0 AppleWebKit/537.36 (KHTML, like Gecko; compatible; GPTBot/1.2; +https://openai.com/gptbot)"
20.171.207.125 - - [16/Apr/2025:23:52:09 -0400] "GET /?p=3702 HTTP/1.1" 301 0 "-" "Mozilla/5.0 AppleWebKit/537.36 (KHTML, like Gecko; compatible; GPTBot/1.2; +https://openai.com/gptbot)"
2a03:2880:f800:5:: - - [16/Apr/2025:23:52:14 -0400] "GET /vanillekiste/ HTTP/1.1" 200 9853 "-" "meta-externalagent/1.1 (+https://developers.facebook.com/docs/sharing/webmasters/crawler)"
198.54.114.83 - - [16/Apr/2025:23:52:33 -0400] "POST /wp-cron.php?doing_wp_cron=1744861952.0722870826721191406250 HTTP/1.1" 200 0 "-" "WordPress/6.8; https://freelancingclients.com"
20.171.207.125 - - [16/Apr/2025:23:52:31 -0400] "GET /?p=2415 HTTP/1.1" 301 0 "-" "Mozilla/5.0 AppleWebKit/537.36 (KHTML, like Gecko; compatible; GPTBot/1.2; +https://openai.com/gptbot)"
20.171.207.125 - - [16/Apr/2025:23:52:54 -0400] "GET /?p=3708 HTTP/1.1" 301 0 "-" "Mozilla/5.0 AppleWebKit/537.36 (KHTML, like Gecko; compatible; GPTBot/1.2; +https://openai.com/gptbot)"
54.36.148.250 - - [16/Apr/2025:23:53:08 -0400] "GET /robots.txt HTTP/1.1" 200 112 "-" "Mozilla/5.0 (compatible; AhrefsBot/7.0; +http://ahrefs.com/robot/)"
20.171.207.125 - - [16/Apr/2025:23:53:18 -0400] "GET /?p=3746 HTTP/1.1" 301 0 "-" "Mozilla/5.0 AppleWebKit/537.36 (KHTML, like Gecko; compatible; GPTBot/1.2; +https://openai.com/gptbot)"
198.54.114.83 - - [16/Apr/2025:23:53:42 -0400] "POST /wp-cron.php?doing_wp_cron=1744862021.6313529014587402343750 HTTP/1.1" 200 0 "-" "WordPress/6.8; https://freelancingclients.com"
20.171.207.125 - - [16/Apr/2025:23:53:41 -0400] "GET /?p=3761 HTTP/1.1" 301 0 "-" "Mozilla/5.0 AppleWebKit/537.36 (KHTML, like Gecko; compatible; GPTBot/1.2; +https://openai.com/gptbot)"
20.171.207.125 - - [16/Apr/2025:23:55:18 -0400] "GET /?p=3734 HTTP/1.1" 301 0 "-" "Mozilla/5.0 AppleWebKit/537.36 (KHTML, like Gecko; compatible; GPTBot/1.2; +https://openai.com/gptbot)"
198.54.114.83 - - [16/Apr/2025:23:55:27 -0400] "POST /wp-cron.php?doing_wp_cron=1744862123.9027619361877441406250 HTTP/1.1" 200 0 "-" "WordPress/6.8; https://freelancingclients.com"
20.171.207.125 - - [16/Apr/2025:23:55:46 -0400] "GET /?p=2114 HTTP/1.1" 301 0 "-" "Mozilla/5.0 AppleWebKit/537.36 (KHTML, like Gecko; compatible; GPTBot/1.2; +https://openai.com/gptbot)"
20.171.207.125 - - [16/Apr/2025:23:56:07 -0400] "GET /zuverlassiger-umzugsservice-in-luneburg-fur-einen-stressfreien-wechsel/feed/ HTTP/1.1" 200 450 "-" "Mozilla/5.0 AppleWebKit/537.36 (KHTML, like Gecko; compatible; GPTBot/1.2; +https://openai.com/gptbot)"
198.54.114.83 - - [16/Apr/2025:23:56:33 -0400] "POST /wp-cron.php?doing_wp_cron=1744862191.9805250167846679687500 HTTP/1.1" 200 0 "-" "WordPress/6.8; https://freelancingclients.com"
20.171.207.125 - - [16/Apr/2025:23:56:31 -0400] "GET /lelegance-intemporelle-des-panneaux-en-marbre-pour-salle-de-bain/feed/ HTTP/1.1" 200 445 "-" "Mozilla/5.0 AppleWebKit/537.36 (KHTML, like Gecko; compatible; GPTBot/1.2; +https://openai.com/gptbot)"
20.171.207.125 - - [16/Apr/2025:23:56:54 -0400] "GET /essential-features-of-an-answering-service-for-legal-professionals/embed/ HTTP/1.1" 200 6297 "-" "Mozilla/5.0 AppleWebKit/537.36 (KHTML, like Gecko; compatible; GPTBot/1.2; +https://openai.com/gptbot)"
20.171.207.125 - - [16/Apr/2025:23:57:16 -0400] "GET /essential-features-of-an-answering-service-for-legal-professionals/feed/ HTTP/1.1" 200 427 "-" "Mozilla/5.0 AppleWebKit/537.36 (KHTML, like Gecko; compatible; GPTBot/1.2; +https://openai.com/gptbot)"
198.54.114.83 - - [16/Apr/2025:23:57:39 -0400] "POST /wp-cron.php?doing_wp_cron=1744862258.5996129512786865234375 HTTP/1.1" 200 0 "-" "WordPress/6.8; https://freelancingclients.com"
20.171.207.125 - - [16/Apr/2025:23:57:37 -0400] "GET /les-meilleures-pieces-de-theatre-a-paris-en-2025/feed/ HTTP/1.1" 200 432 "-" "Mozilla/5.0 AppleWebKit/537.36 (KHTML, like Gecko; compatible; GPTBot/1.2; +https://openai.com/gptbot)"
198.54.114.83 - - [16/Apr/2025:23:57:41 -0400] "POST /wp-admin/admin-ajax.php?action=async_litespeed&nonce=89EdGynOZvbJ4iEd3VfUQRlBeSRzehA1&litespeed_type=imgoptm HTTP/1.1" 200 0 "-" "WordPress/6.8; https://freelancingclients.com"
54.164.195.82 - - [16/Apr/2025:23:57:52 -0400] "GET /the-benefits-of-mindfulness/ HTTP/1.1" 200 10940 "-" "Grammarly/1.0 (http://www.grammarly.com)"
198.54.114.83 - - [16/Apr/2025:23:57:56 -0400] "POST /wp-cron.php?doing_wp_cron=1744862272.9694340229034423828125 HTTP/1.1" 200 0 "-" "WordPress/6.8; https://freelancingclients.com"
20.171.207.125 - - [16/Apr/2025:23:58:02 -0400] "GET /optimizing-customer-communication-with-phone-answering-services/feed/ HTTP/1.1" 200 426 "-" "Mozilla/5.0 AppleWebKit/537.36 (KHTML, like Gecko; compatible; GPTBot/1.2; +https://openai.com/gptbot)"
20.171.207.125 - - [16/Apr/2025:23:58:22 -0400] "GET /the-innovation-of-baorui-revolutionizing-everyday-convenience/feed/ HTTP/1.1" 200 427 "-" "Mozilla/5.0 AppleWebKit/537.36 (KHTML, like Gecko; compatible; GPTBot/1.2; +https://openai.com/gptbot)"
20.171.207.125 - - [16/Apr/2025:23:58:45 -0400] "GET /crane-neck-posture-and-its-impact-on-daily-life/feed/ HTTP/1.1" 200 427 "-" "Mozilla/5.0 AppleWebKit/537.36 (KHTML, like Gecko; compatible; GPTBot/1.2; +https://openai.com/gptbot)"
2a02:598:96:8a00::1200:13b - - [17/Apr/2025:00:00:11 -0400] "GET /finding-top-notch-shipping-services-nearby/ HTTP/1.1" 200 0 "-" "Mozilla/5.0 (compatible; SeznamBot/4.0; +https://o-seznam.cz/napoveda/vyhledavani/en/seznambot-crawler/)"
198.54.114.83 - - [17/Apr/2025:00:00:22 -0400] "POST /wp-cron.php?doing_wp_cron=1744862417.7822599411010742187500 HTTP/1.1" 200 0 "-" "WordPress/6.8; https://freelancingclients.com"
20.171.207.125 - - [17/Apr/2025:00:00:44 -0400] "GET /the-timeless-art-of-eye-rolls-and-giggles/feed/ HTTP/1.1" 200 418 "-" "Mozilla/5.0 AppleWebKit/537.36 (KHTML, like Gecko; compatible; GPTBot/1.2; +https://openai.com/gptbot)"
20.171.207.125 - - [17/Apr/2025:00:01:10 -0400] "GET /majestic-haven-exploring-the-pinetree-hill-showflat/feed/ HTTP/1.1" 200 428 "-" "Mozilla/5.0 AppleWebKit/537.36 (KHTML, like Gecko; compatible; GPTBot/1.2; +https://openai.com/gptbot)"
20.171.207.125 - - [17/Apr/2025:00:01:36 -0400] "GET /innovative-ice-making-machines-revolutionizing-convenience/feed/ HTTP/1.1" 200 422 "-" "Mozilla/5.0 AppleWebKit/537.36 (KHTML, like Gecko; compatible; GPTBot/1.2; +https://openai.com/gptbot)"
198.54.114.83 - - [17/Apr/2025:00:01:39 -0400] "POST /wp-cron.php?doing_wp_cron=1744862497.0822858810424804687500 HTTP/1.1" 200 0 "-" "WordPress/6.8; https://freelancingclients.com"
85.208.98.17 - - [17/Apr/2025:00:01:57 -0400] "GET / HTTP/1.1" 200 10016 "-" "SEMrushBot"
20.171.207.125 - - [17/Apr/2025:00:02:03 -0400] "GET /timeless-symbolism-of-cowrie-shell-bracelets/ HTTP/1.1" 200 10871 "-" "Mozilla/5.0 AppleWebKit/537.36 (KHTML, like Gecko; compatible; GPTBot/1.2; +https://openai.com/gptbot)"
20.171.207.125 - - [17/Apr/2025:00:02:26 -0400] "GET /the-mysteries-of-psilocybin-grow-bags/ HTTP/1.1" 200 10450 "-" "Mozilla/5.0 AppleWebKit/537.36 (KHTML, like Gecko; compatible; GPTBot/1.2; +https://openai.com/gptbot)"
20.171.207.125 - - [17/Apr/2025:00:02:52 -0400] "GET /the-enigma-exploring-the-myst-showflat/ HTTP/1.1" 200 10542 "-" "Mozilla/5.0 AppleWebKit/537.36 (KHTML, like Gecko; compatible; GPTBot/1.2; +https://openai.com/gptbot)"
198.54.114.83 - - [17/Apr/2025:00:02:55 -0400] "POST /wp-cron.php?doing_wp_cron=1744862572.7814650535583496093750 HTTP/1.1" 200 0 "-" "WordPress/6.8; https://freelancingclients.com"
20.171.207.125 - - [17/Apr/2025:00:03:19 -0400] "GET /a-beacon-of-elegance-and-sophistication/ HTTP/1.1" 200 10500 "-" "Mozilla/5.0 AppleWebKit/537.36 (KHTML, like Gecko; compatible; GPTBot/1.2; +https://openai.com/gptbot)"
20.171.207.125 - - [17/Apr/2025:00:03:44 -0400] "GET /importance-of-a-private-security-guard-company/ HTTP/1.1" 200 10824 "-" "Mozilla/5.0 AppleWebKit/537.36 (KHTML, like Gecko; compatible; GPTBot/1.2; +https://openai.com/gptbot)"
20.171.207.125 - - [17/Apr/2025:00:04:08 -0400] "GET /xmlrpc.php HTTP/1.1" 405 46 "-" "Mozilla/5.0 AppleWebKit/537.36 (KHTML, like Gecko; compatible; GPTBot/1.2; +https://openai.com/gptbot)"
198.54.114.83 - - [17/Apr/2025:00:04:12 -0400] "POST /wp-cron.php?doing_wp_cron=1744862649.2216649055480957031250 HTTP/1.1" 200 0 "-" "WordPress/6.8; https://freelancingclients.com"
101.44.187.104 - - [17/Apr/2025:00:04:27 -0400] "GET /innovative-beleuchtung-moderne-hangelampen-fur-einzigartigkeit-im-raum/ HTTP/1.1" 404 8131 "https://freelancingclients.com/innovative-beleuchtung-moderne-hangelampen-fur-einzigartigkeit-im-raum/#content" "Mozilla/5.0 (Macintosh; Intel Mac OS X 10_15_7) AppleWebKit/537.36 (KHTML, like Gecko) Chrome/123.0.0.0 Safari/537.36"
20.171.207.125 - - [17/Apr/2025:00:04:34 -0400] "GET /exploring-the-jansen-house-showroom/ HTTP/1.1" 200 10557 "-" "Mozilla/5.0 AppleWebKit/537.36 (KHTML, like Gecko; compatible; GPTBot/1.2; +https://openai.com/gptbot)"
20.171.207.125 - - [17/Apr/2025:00:05:47 -0400] "GET /?p=2421 HTTP/1.1" 301 0 "-" "Mozilla/5.0 AppleWebKit/537.36 (KHTML, like Gecko; compatible; GPTBot/1.2; +https://openai.com/gptbot)"
198.54.114.83 - - [17/Apr/2025:00:05:52 -0400] "POST /wp-cron.php?doing_wp_cron=1744862749.6686730384826660156250 HTTP/1.1" 200 0 "-" "WordPress/6.8; https://freelancingclients.com"
20.171.207.125 - - [17/Apr/2025:00:06:13 -0400] "GET /?p=3720 HTTP/1.1" 301 0 "-" "Mozilla/5.0 AppleWebKit/537.36 (KHTML, like Gecko; compatible; GPTBot/1.2; +https://openai.com/gptbot)"
20.171.207.125 - - [17/Apr/2025:00:06:35 -0400] "GET /?p=2434 HTTP/1.1" 301 0 "-" "Mozilla/5.0 AppleWebKit/537.36 (KHTML, like Gecko; compatible; GPTBot/1.2; +https://openai.com/gptbot)"
20.171.207.125 - - [17/Apr/2025:00:06:57 -0400] "GET /?p=2368 HTTP/1.1" 301 0 "-" "Mozilla/5.0 AppleWebKit/537.36 (KHTML, like Gecko; compatible; GPTBot/1.2; +https://openai.com/gptbot)"
20.171.207.125 - - [17/Apr/2025:00:07:18 -0400] "GET /?p=3704 HTTP/1.1" 301 0 "-" "Mozilla/5.0 AppleWebKit/537.36 (KHTML, like Gecko; compatible; GPTBot/1.2; +https://openai.com/gptbot)"
20.171.207.125 - - [17/Apr/2025:00:07:39 -0400] "GET /importance-of-a-private-security-guard-company/feed/ HTTP/1.1" 200 413 "-" "Mozilla/5.0 AppleWebKit/537.36 (KHTML, like Gecko; compatible; GPTBot/1.2; +https://openai.com/gptbot)"
198.54.114.83 - - [17/Apr/2025:00:08:03 -0400] "POST /wp-cron.php?doing_wp_cron=1744862882.3699030876159667968750 HTTP/1.1" 200 0 "-" "WordPress/6.8; https://freelancingclients.com"
20.171.207.125 - - [17/Apr/2025:00:08:01 -0400] "GET /timeless-symbolism-of-cowrie-shell-bracelets/feed/ HTTP/1.1" 200 415 "-" "Mozilla/5.0 AppleWebKit/537.36 (KHTML, like Gecko; compatible; GPTBot/1.2; +https://openai.com/gptbot)"
20.171.207.125 - - [17/Apr/2025:00:08:24 -0400] "GET /a-beacon-of-elegance-and-sophistication/feed/ HTTP/1.1" 200 404 "-" "Mozilla/5.0 AppleWebKit/537.36 (KHTML, like Gecko; compatible; GPTBot/1.2; +https://openai.com/gptbot)"
2a03:2880:27ff:71:: - - [17/Apr/2025:00:08:29 -0400] "GET /robots.txt HTTP/1.1" 301 0 "-" "facebookexternalhit/1.1 (+http://www.facebook.com/externalhit_uatext.php)"
2a03:2880:27ff:71:: - - [17/Apr/2025:00:08:31 -0400] "GET /robots.txt HTTP/1.1" 304 0 "-" "facebookexternalhit/1.1 (+http://www.facebook.com/externalhit_uatext.php)"
20.171.207.125 - - [17/Apr/2025:00:08:48 -0400] "GET /the-enigma-exploring-the-myst-showflat/feed/ HTTP/1.1" 200 412 "-" "Mozilla/5.0 AppleWebKit/537.36 (KHTML, like Gecko; compatible; GPTBot/1.2; +https://openai.com/gptbot)"
2a03:2880:3ff:1:: - - [17/Apr/2025:00:09:09 -0400] "GET /robots.txt HTTP/1.1" 200 112 "-" "facebookexternalhit/1.1 (+http://www.facebook.com/externalhit_uatext.php)"
198.54.114.83 - - [17/Apr/2025:00:11:12 -0400] "POST /wp-cron.php?doing_wp_cron=1744863070.3331460952758789062500 HTTP/1.1" 200 0 "-" "WordPress/6.8; https://freelancingclients.com"
20.171.207.125 - - [17/Apr/2025:00:11:02 -0400] "GET /xmlrpc.php HTTP/1.1" 405 46 "-" "Mozilla/5.0 AppleWebKit/537.36 (KHTML, like Gecko; compatible; GPTBot/1.2; +https://openai.com/gptbot)"
20.171.207.125 - - [17/Apr/2025:00:11:33 -0400] "GET /?p=2439 HTTP/1.1" 301 0 "-" "Mozilla/5.0 AppleWebKit/537.36 (KHTML, like Gecko; compatible; GPTBot/1.2; +https://openai.com/gptbot)"
20.171.207.125 - - [17/Apr/2025:00:11:55 -0400] "GET /wp-json/wp/v2/posts/2439 HTTP/1.1" 200 11276 "-" "Mozilla/5.0 AppleWebKit/537.36 (KHTML, like Gecko; compatible; GPTBot/1.2; +https://openai.com/gptbot)"
20.171.207.125 - - [17/Apr/2025:00:12:19 -0400] "GET /wp-json/oembed/1.0/embed?format=xml&url=https%3A%2F%2Ffreelancingclients.com%2Fexploring-the-jansen-house-showroom%2F HTTP/1.1" 200 1210 "-" "Mozilla/5.0 AppleWebKit/537.36 (KHTML, like Gecko; compatible; GPTBot/1.2; +https://openai.com/gptbot)"
202.69.38.12 - - [17/Apr/2025:00:12:22 -0400] "GET /wp-login.php HTTP/1.1" 200 1724 "-" "Mozilla/5.0 (X11; Linux x86_64; rv:121.0) Gecko/20100101 Firefox/121.0"
202.69.38.12 - - [17/Apr/2025:00:12:31 -0400] "GET /wp-login.php HTTP/1.1" 200 1724 "-" "Mozilla/5.0 (X11; Linux x86_64; rv:121.0) Gecko/20100101 Firefox/121.0"
202.69.38.12 - - [17/Apr/2025:00:12:39 -0400] "GET /wp-login.php HTTP/1.1" 200 1724 "-" "Mozilla/5.0 (X11; Linux x86_64; rv:121.0) Gecko/20100101 Firefox/121.0"
20.171.207.125 - - [17/Apr/2025:00:12:42 -0400] "GET /wp-json/oembed/1.0/embed?url=https%3A%2F%2Ffreelancingclients.com%2Fexploring-the-jansen-house-showroom%2F HTTP/1.1" 200 2508 "-" "Mozilla/5.0 AppleWebKit/537.36 (KHTML, like Gecko; compatible; GPTBot/1.2; +https://openai.com/gptbot)"
20.171.207.125 - - [17/Apr/2025:00:13:05 -0400] "GET /exploring-the-jansen-house-showroom/feed/ HTTP/1.1" 200 402 "-" "Mozilla/5.0 AppleWebKit/537.36 (KHTML, like Gecko; compatible; GPTBot/1.2; +https://openai.com/gptbot)"
198.54.114.83 - - [17/Apr/2025:00:13:29 -0400] "POST /wp-cron.php?doing_wp_cron=1744863208.1131799221038818359375 HTTP/1.1" 200 0 "-" "WordPress/6.8; https://freelancingclients.com"
20.171.207.125 - - [17/Apr/2025:00:13:27 -0400] "GET /?p=2439 HTTP/1.1" 301 0 "-" "Mozilla/5.0 AppleWebKit/537.36 (KHTML, like Gecko; compatible; GPTBot/1.2; +https://openai.com/gptbot)"
20.171.207.125 - - [17/Apr/2025:00:13:50 -0400] "GET /the-advantages-of-choosing-a-local-chiropractor/ HTTP/1.1" 200 10350 "-" "Mozilla/5.0 AppleWebKit/537.36 (KHTML, like Gecko; compatible; GPTBot/1.2; +https://openai.com/gptbot)"
20.171.207.125 - - [17/Apr/2025:00:14:13 -0400] "GET /the-mysteries-of-psilocybin-grow-bags/feed/ HTTP/1.1" 200 409 "-" "Mozilla/5.0 AppleWebKit/537.36 (KHTML, like Gecko; compatible; GPTBot/1.2; +https://openai.com/gptbot)"
20.171.207.125 - - [17/Apr/2025:00:14:34 -0400] "GET /exploring-the-jansen-house-showroom/feed/ HTTP/1.1" 200 402 "-" "Mozilla/5.0 AppleWebKit/537.36 (KHTML, like Gecko; compatible; GPTBot/1.2; +https://openai.com/gptbot)"
198.54.114.83 - - [17/Apr/2025:00:16:22 -0400] "POST /wp-cron.php?doing_wp_cron=1744863380.6528139114379882812500 HTTP/1.1" 200 0 "-" "WordPress/6.8; https://freelancingclients.com"
20.171.207.125 - - [17/Apr/2025:00:16:14 -0400] "GET /?p=2201 HTTP/1.1" 301 0 "-" "Mozilla/5.0 AppleWebKit/537.36 (KHTML, like Gecko; compatible; GPTBot/1.2; +https://openai.com/gptbot)"
20.171.207.125 - - [17/Apr/2025:00:16:43 -0400] "GET /wp-json/wp/v2/posts/2201 HTTP/1.1" 200 11292 "-" "Mozilla/5.0 AppleWebKit/537.36 (KHTML, like Gecko; compatible; GPTBot/1.2; +https://openai.com/gptbot)"
20.171.207.125 - - [17/Apr/2025:00:17:05 -0400] "GET /the-advantages-of-choosing-a-local-chiropractor/feed/ HTTP/1.1" 200 419 "-" "Mozilla/5.0 AppleWebKit/537.36 (KHTML, like Gecko; compatible; GPTBot/1.2; +https://openai.com/gptbot)"
20.171.207.125 - - [17/Apr/2025:00:17:29 -0400] "GET /exploring-the-jansen-house-showroom/embed/ HTTP/1.1" 200 6252 "-" "Mozilla/5.0 AppleWebKit/537.36 (KHTML, like Gecko; compatible; GPTBot/1.2; +https://openai.com/gptbot)"
198.54.114.83 - - [17/Apr/2025:00:17:31 -0400] "POST /wp-cron.php?doing_wp_cron=1744863449.6958220005035400390625 HTTP/1.1" 200 0 "-" "WordPress/6.8; https://freelancingclients.com"
20.171.207.125 - - [17/Apr/2025:00:17:52 -0400] "GET /xmlrpc.php HTTP/1.1" 405 46 "-" "Mozilla/5.0 AppleWebKit/537.36 (KHTML, like Gecko; compatible; GPTBot/1.2; +https://openai.com/gptbot)"
20.171.207.125 - - [17/Apr/2025:00:18:14 -0400] "GET /a-haven-for-artistic-expression/ HTTP/1.1" 200 10615 "-" "Mozilla/5.0 AppleWebKit/537.36 (KHTML, like Gecko; compatible; GPTBot/1.2; +https://openai.com/gptbot)"
20.171.207.125 - - [17/Apr/2025:00:18:36 -0400] "GET /erstklassige-rechtsanwalte-in-hattingen/ HTTP/1.1" 200 10829 "-" "Mozilla/5.0 AppleWebKit/537.36 (KHTML, like Gecko; compatible; GPTBot/1.2; +https://openai.com/gptbot)"
198.54.114.83 - - [17/Apr/2025:00:18:57 -0400] "POST /wp-cron.php?doing_wp_cron=1744863537.3525989055633544921875 HTTP/1.1" 200 0 "-" "WordPress/6.8; https://freelancingclients.com"
20.171.207.125 - - [17/Apr/2025:00:18:56 -0400] "GET /the-art-and-science-of-pick-up-lines/ HTTP/1.1" 200 10294 "-" "Mozilla/5.0 AppleWebKit/537.36 (KHTML, like Gecko; compatible; GPTBot/1.2; +https://openai.com/gptbot)"
198.54.114.83 - - [17/Apr/2025:00:18:59 -0400] "POST /wp-admin/admin-ajax.php?action=async_litespeed&nonce=K4Ywf8u44v5R8dKCjFgBcRPsHAkHYB0j&litespeed_type=imgoptm HTTP/1.1" 200 0 "-" "WordPress/6.8; https://freelancingclients.com"
51.89.249.3 - - [17/Apr/2025:00:19:10 -0400] "GET //xmlrpc.php HTTP/1.1" 405 46 "-" "Mozilla/5.0 (Windows NT 10.0; WOW64; rv:45.0) Gecko/20100101 Firefox/45.0"
198.54.114.83 - - [17/Apr/2025:00:19:16 -0400] "POST /wp-cron.php?doing_wp_cron=1744863555.6561589241027832031250 HTTP/1.1" 200 0 "-" "WordPress/6.8; https://freelancingclients.com"
51.89.249.3 - - [17/Apr/2025:00:19:14 -0400] "POST //xmlrpc.php HTTP/1.1" 200 186 "-" "Mozilla/5.0 (Windows NT 10.0; WOW64; rv:45.0) Gecko/20100101 Firefox/45.0"
20.171.207.125 - - [17/Apr/2025:00:19:18 -0400] "GET /rhinoplasty-a-nose-job/ HTTP/1.1" 200 10329 "-" "Mozilla/5.0 AppleWebKit/537.36 (KHTML, like Gecko; compatible; GPTBot/1.2; +https://openai.com/gptbot)"
20.171.207.125 - - [17/Apr/2025:00:19:40 -0400] "GET /wp-json/wp/v2/posts/2434 HTTP/1.1" 200 11292 "-" "Mozilla/5.0 AppleWebKit/537.36 (KHTML, like Gecko; compatible; GPTBot/1.2; +https://openai.com/gptbot)"
198.54.114.83 - - [17/Apr/2025:00:21:37 -0400] "POST /wp-cron.php?doing_wp_cron=1744863695.9766569137573242187500 HTTP/1.1" 200 0 "-" "WordPress/6.8; https://freelancingclients.com"
20.171.207.125 - - [17/Apr/2025:00:21:29 -0400] "GET /?p=2116 HTTP/1.1" 301 0 "-" "Mozilla/5.0 AppleWebKit/537.36 (KHTML, like Gecko; compatible; GPTBot/1.2; +https://openai.com/gptbot)"
20.171.207.125 - - [17/Apr/2025:00:21:58 -0400] "GET /?p=2412 HTTP/1.1" 301 0 "-" "Mozilla/5.0 AppleWebKit/537.36 (KHTML, like Gecko; compatible; GPTBot/1.2; +https://openai.com/gptbot)"
20.171.207.125 - - [17/Apr/2025:00:22:20 -0400] "GET /?p=2432 HTTP/1.1" 301 0 "-" "Mozilla/5.0 AppleWebKit/537.36 (KHTML, like Gecko; compatible; GPTBot/1.2; +https://openai.com/gptbot)"
198.54.114.83 - - [17/Apr/2025:00:22:43 -0400] "POST /wp-cron.php?doing_wp_cron=1744863761.9523808956146240234375 HTTP/1.1" 200 0 "-" "WordPress/6.8; https://freelancingclients.com"
20.171.207.125 - - [17/Apr/2025:00:22:41 -0400] "GET /?p=3727 HTTP/1.1" 301 0 "-" "Mozilla/5.0 AppleWebKit/537.36 (KHTML, like Gecko; compatible; GPTBot/1.2; +https://openai.com/gptbot)"
20.171.207.125 - - [17/Apr/2025:00:23:04 -0400] "GET /the-art-and-science-of-pick-up-lines/feed/ HTTP/1.1" 200 410 "-" "Mozilla/5.0 AppleWebKit/537.36 (KHTML, like Gecko; compatible; GPTBot/1.2; +https://openai.com/gptbot)"
20.171.207.125 - - [17/Apr/2025:00:23:25 -0400] "GET /xmlrpc.php HTTP/1.1" 405 46 "-" "Mozilla/5.0 AppleWebKit/537.36 (KHTML, like Gecko; compatible; GPTBot/1.2; +https://openai.com/gptbot)"
47.79.212.220 - - [17/Apr/2025:00:23:33 -0400] "GET / HTTP/1.1" 200 10016 "https://www.google.com/" "Mozilla/5.0 (Linux; Android 10; K) AppleWebKit/537.36 (KHTML, like Gecko) Chrome/133.0.0.0 Safari/537.36"
20.171.207.125 - - [17/Apr/2025:00:23:47 -0400] "GET /a-haven-for-artistic-expression/feed/ HTTP/1.1" 200 402 "-" "Mozilla/5.0 AppleWebKit/537.36 (KHTML, like Gecko; compatible; GPTBot/1.2; +https://openai.com/gptbot)"
198.54.114.83 - - [17/Apr/2025:00:23:50 -0400] "POST /wp-cron.php?doing_wp_cron=1744863828.0137820243835449218750 HTTP/1.1" 200 0 "-" "WordPress/6.8; https://freelancingclients.com"
20.171.207.125 - - [17/Apr/2025:00:24:10 -0400] "GET /erstklassige-rechtsanwalte-in-hattingen/feed/ HTTP/1.1" 200 412 "-" "Mozilla/5.0 AppleWebKit/537.36 (KHTML, like Gecko; compatible; GPTBot/1.2; +https://openai.com/gptbot)"
20.171.207.125 - - [17/Apr/2025:00:24:32 -0400] "GET /rhinoplasty-a-nose-job/feed/ HTTP/1.1" 200 397 "-" "Mozilla/5.0 AppleWebKit/537.36 (KHTML, like Gecko; compatible; GPTBot/1.2; +https://openai.com/gptbot)"
198.54.114.83 - - [17/Apr/2025:00:24:54 -0400] "POST /wp-cron.php?doing_wp_cron=1744863894.5023880004882812500000 HTTP/1.1" 200 0 "-" "WordPress/6.8; https://freelancingclients.com"
20.171.207.125 - - [17/Apr/2025:00:24:54 -0400] "GET /wp-json/wp/v2/posts/3727 HTTP/1.1" 200 12606 "-" "Mozilla/5.0 AppleWebKit/537.36 (KHTML, like Gecko; compatible; GPTBot/1.2; +https://openai.com/gptbot)"
198.54.114.83 - - [17/Apr/2025:00:24:57 -0400] "POST /wp-admin/admin-ajax.php?action=async_litespeed&nonce=P7tEc59KK9Ev5MjITTW8THcY3cQfyvyP&litespeed_type=imgoptm HTTP/1.1" 200 0 "-" "WordPress/6.8; https://freelancingclients.com"
198.54.114.83 - - [17/Apr/2025:00:26:38 -0400] "POST /wp-admin/admin-ajax.php?action=async_litespeed&nonce=wyo5wszqAesY1ivx95M6oRqLOHGcDMzS&litespeed_type=imgoptm HTTP/1.1" 200 0 "-" "WordPress/6.8; https://freelancingclients.com"
20.171.207.125 - - [17/Apr/2025:00:26:45 -0400] "GET /wp-json/wp/v2/posts/3725 HTTP/1.1" 200 12483 "-" "Mozilla/5.0 AppleWebKit/537.36 (KHTML, like Gecko; compatible; GPTBot/1.2; +https://openai.com/gptbot)"
198.54.114.83 - - [17/Apr/2025:00:26:47 -0400] "POST /wp-cron.php?doing_wp_cron=1744864005.6034770011901855468750 HTTP/1.1" 200 0 "-" "WordPress/6.8; https://freelancingclients.com"
20.171.207.125 - - [17/Apr/2025:00:27:09 -0400] "GET /wp-json/wp/v2/posts/3702 HTTP/1.1" 200 12793 "-" "Mozilla/5.0 AppleWebKit/537.36 (KHTML, like Gecko; compatible; GPTBot/1.2; +https://openai.com/gptbot)"
20.171.207.125 - - [17/Apr/2025:00:27:32 -0400] "GET /wp-json/wp/v2/posts/2116 HTTP/1.1" 200 10811 "-" "Mozilla/5.0 AppleWebKit/537.36 (KHTML, like Gecko; compatible; GPTBot/1.2; +https://openai.com/gptbot)"
20.171.207.125 - - [17/Apr/2025:00:27:55 -0400] "GET /wp-json/wp/v2/posts/2114 HTTP/1.1" 200 10988 "-" "Mozilla/5.0 AppleWebKit/537.36 (KHTML, like Gecko; compatible; GPTBot/1.2; +https://openai.com/gptbot)"
198.54.114.83 - - [17/Apr/2025:00:27:57 -0400] "POST /wp-cron.php?doing_wp_cron=1744864076.0382599830627441406250 HTTP/1.1" 200 0 "-" "WordPress/6.8; https://freelancingclients.com"
20.171.207.125 - - [17/Apr/2025:00:28:17 -0400] "GET /wp-json/wp/v2/posts/2412 HTTP/1.1" 200 10535 "-" "Mozilla/5.0 AppleWebKit/537.36 (KHTML, like Gecko; compatible; GPTBot/1.2; +https://openai.com/gptbot)"
20.171.207.125 - - [17/Apr/2025:00:28:40 -0400] "GET /wp-json/wp/v2/posts/3734 HTTP/1.1" 200 12139 "-" "Mozilla/5.0 AppleWebKit/537.36 (KHTML, like Gecko; compatible; GPTBot/1.2; +https://openai.com/gptbot)"
20.171.207.125 - - [17/Apr/2025:00:29:02 -0400] "GET /wp-json/wp/v2/posts/3729 HTTP/1.1" 200 11947 "-" "Mozilla/5.0 AppleWebKit/537.36 (KHTML, like Gecko; compatible; GPTBot/1.2; +https://openai.com/gptbot)"
198.54.114.83 - - [17/Apr/2025:00:29:05 -0400] "POST /wp-cron.php?doing_wp_cron=1744864143.1109449863433837890625 HTTP/1.1" 200 0 "-" "WordPress/6.8; https://freelancingclients.com"
20.171.207.125 - - [17/Apr/2025:00:29:25 -0400] "GET /wp-json/wp/v2/posts/2368 HTTP/1.1" 200 11502 "-" "Mozilla/5.0 AppleWebKit/537.36 (KHTML, like Gecko; compatible; GPTBot/1.2; +https://openai.com/gptbot)"
20.171.207.125 - - [17/Apr/2025:00:29:47 -0400] "GET /wp-json/wp/v2/posts/2415 HTTP/1.1" 200 12039 "-" "Mozilla/5.0 AppleWebKit/537.36 (KHTML, like Gecko; compatible; GPTBot/1.2; +https://openai.com/gptbot)"
194.99.26.87 - - [17/Apr/2025:00:31:22 -0400] "GET /which-large-dehumidifier-uk-should-you-buy/ HTTP/1.1" 200 10441 "-" "Mozilla/5.0 (Macintosh; Intel Mac OS X 12_5) AppleWebKit/537.36 (KHTML, like Gecko) Chrome/114.0.0.0 Safari/537.36"
20.171.207.125 - - [17/Apr/2025:00:32:08 -0400] "GET /wp-json/wp/v2/posts/2421 HTTP/1.1" 200 11429 "-" "Mozilla/5.0 AppleWebKit/537.36 (KHTML, like Gecko; compatible; GPTBot/1.2; +https://openai.com/gptbot)"
198.54.114.83 - - [17/Apr/2025:00:32:11 -0400] "POST /wp-cron.php?doing_wp_cron=1744864328.9082620143890380859375 HTTP/1.1" 200 0 "-" "WordPress/6.8; https://freelancingclients.com"
20.171.207.125 - - [17/Apr/2025:00:32:31 -0400] "GET /wp-json/wp/v2/posts/3720 HTTP/1.1" 200 12863 "-" "Mozilla/5.0 AppleWebKit/537.36 (KHTML, like Gecko; compatible; GPTBot/1.2; +https://openai.com/gptbot)"
20.171.207.125 - - [17/Apr/2025:00:32:53 -0400] "GET /wp-json/wp/v2/posts/2423 HTTP/1.1" 200 11293 "-" "Mozilla/5.0 AppleWebKit/537.36 (KHTML, like Gecko; compatible; GPTBot/1.2; +https://openai.com/gptbot)"
20.171.207.125 - - [17/Apr/2025:00:33:15 -0400] "GET /wp-json/wp/v2/posts/2432 HTTP/1.1" 200 11274 "-" "Mozilla/5.0 AppleWebKit/537.36 (KHTML, like Gecko; compatible; GPTBot/1.2; +https://openai.com/gptbot)"
198.54.114.83 - - [17/Apr/2025:00:33:17 -0400] "POST /wp-cron.php?doing_wp_cron=1744864395.5202300548553466796875 HTTP/1.1" 200 0 "-" "WordPress/6.8; https://freelancingclients.com"
20.171.207.125 - - [17/Apr/2025:00:33:39 -0400] "GET /wp-json/wp/v2/posts/3746 HTTP/1.1" 200 12396 "-" "Mozilla/5.0 AppleWebKit/537.36 (KHTML, like Gecko; compatible; GPTBot/1.2; +https://openai.com/gptbot)"
20.171.207.125 - - [17/Apr/2025:00:34:01 -0400] "GET /wp-json/wp/v2/posts/3761 HTTP/1.1" 200 12756 "-" "Mozilla/5.0 AppleWebKit/537.36 (KHTML, like Gecko; compatible; GPTBot/1.2; +https://openai.com/gptbot)"
198.54.114.83 - - [17/Apr/2025:00:34:25 -0400] "POST /wp-cron.php?doing_wp_cron=1744864464.0498340129852294921875 HTTP/1.1" 200 0 "-" "WordPress/6.8; https://freelancingclients.com"
20.171.207.125 - - [17/Apr/2025:00:34:21 -0400] "GET /wp-json/wp/v2/posts/3704 HTTP/1.1" 200 12679 "-" "Mozilla/5.0 AppleWebKit/537.36 (KHTML, like Gecko; compatible; GPTBot/1.2; +https://openai.com/gptbot)"
198.54.114.83 - - [17/Apr/2025:00:34:37 -0400] "POST /wp-admin/admin-ajax.php?action=async_litespeed&nonce=xnjPl5DzGMHcwrvwgz8HNoATuQ0kL49t&litespeed_type=imgoptm HTTP/1.1" 200 0 "-" "WordPress/6.8; https://freelancingclients.com"
20.171.207.125 - - [17/Apr/2025:00:34:56 -0400] "GET /wp-json/wp/v2/posts/3708 HTTP/1.1" 200 13064 "-" "Mozilla/5.0 AppleWebKit/537.36 (KHTML, like Gecko; compatible; GPTBot/1.2; +https://openai.com/gptbot)"
198.54.114.83 - - [17/Apr/2025:00:35:00 -0400] "POST /wp-cron.php?doing_wp_cron=1744864497.0234220027923583984375 HTTP/1.1" 200 0 "-" "WordPress/6.8; https://freelancingclients.com"
20.171.207.125 - - [17/Apr/2025:00:35:22 -0400] "GET /page/4/ HTTP/1.1" 200 10326 "-" "Mozilla/5.0 AppleWebKit/537.36 (KHTML, like Gecko; compatible; GPTBot/1.2; +https://openai.com/gptbot)"
20.171.207.125 - - [17/Apr/2025:00:35:48 -0400] "GET /page/158/ HTTP/1.1" 200 10470 "-" "Mozilla/5.0 AppleWebKit/537.36 (KHTML, like Gecko; compatible; GPTBot/1.2; +https://openai.com/gptbot)"
8.210.15.246 - - [17/Apr/2025:00:35:56 -0400] "HEAD / HTTP/1.1" 200 0 "-" "Mozilla/5.0 (Windows NT 6.2; Win64; x64) AppleWebKit/537.36 (KHTML, like Gecko) Chrome/68.0.2115.152 Safari/537.36"
8.210.15.246 - - [17/Apr/2025:00:35:59 -0400] "GET / HTTP/1.1" 200 10016 "-" "Mozilla/5.0 (Windows NT 6.2; Win64; x64) AppleWebKit/537.36 (KHTML, like Gecko) Chrome/68.0.2115.152 Safari/537.36"
20.171.207.125 - - [17/Apr/2025:00:37:22 -0400] "GET /the-effectiveness-and-importances-of-business-trip-massage/ HTTP/1.1" 200 10697 "-" "Mozilla/5.0 AppleWebKit/537.36 (KHTML, like Gecko; compatible; GPTBot/1.2; +https://openai.com/gptbot)"
198.54.114.83 - - [17/Apr/2025:00:37:31 -0400] "POST /wp-cron.php?doing_wp_cron=1744864646.7198200225830078125000 HTTP/1.1" 200 0 "-" "WordPress/6.8; https://freelancingclients.com"
20.171.207.125 - - [17/Apr/2025:00:37:51 -0400] "GET /lhistoire-enchanteresse-de-la-palette-primordiale-le-coup-de-pinceau-dun-singe/ HTTP/1.1" 200 10628 "-" "Mozilla/5.0 AppleWebKit/537.36 (KHTML, like Gecko; compatible; GPTBot/1.2; +https://openai.com/gptbot)"
20.171.207.125 - - [17/Apr/2025:00:38:14 -0400] "GET /the-effectiveness-and-importance-of-business-trip-massage/ HTTP/1.1" 200 10698 "-" "Mozilla/5.0 AppleWebKit/537.36 (KHTML, like Gecko; compatible; GPTBot/1.2; +https://openai.com/gptbot)"
20.171.207.125 - - [17/Apr/2025:00:38:37 -0400] "GET /sarms-in-canada-a-powerful-performance-enhancement-option/ HTTP/1.1" 200 10620 "-" "Mozilla/5.0 AppleWebKit/537.36 (KHTML, like Gecko; compatible; GPTBot/1.2; +https://openai.com/gptbot)"
198.54.114.83 - - [17/Apr/2025:00:38:41 -0400] "POST /wp-cron.php?doing_wp_cron=1744864718.0485889911651611328125 HTTP/1.1" 200 0 "-" "WordPress/6.8; https://freelancingclients.com"
20.171.207.125 - - [17/Apr/2025:00:39:01 -0400] "GET /affordable-unmetered-dedicated-servers-for-seamless-performance/ HTTP/1.1" 200 10891 "-" "Mozilla/5.0 AppleWebKit/537.36 (KHTML, like Gecko; compatible; GPTBot/1.2; +https://openai.com/gptbot)"
20.171.207.125 - - [17/Apr/2025:00:39:24 -0400] "GET /unlocking-wellness-the-role-of-osteopathy-in-dubai/ HTTP/1.1" 200 10375 "-" "Mozilla/5.0 AppleWebKit/537.36 (KHTML, like Gecko; compatible; GPTBot/1.2; +https://openai.com/gptbot)"
20.171.207.125 - - [17/Apr/2025:00:39:47 -0400] "GET /navigating-the-dynamic-realm-of-cryptocurrency-trading/ HTTP/1.1" 200 10492 "-" "Mozilla/5.0 AppleWebKit/537.36 (KHTML, like Gecko; compatible; GPTBot/1.2; +https://openai.com/gptbot)"
198.54.114.83 - - [17/Apr/2025:00:39:50 -0400] "POST /wp-cron.php?doing_wp_cron=1744864788.0323219299316406250000 HTTP/1.1" 200 0 "-" "WordPress/6.8; https://freelancingclients.com"
20.171.207.125 - - [17/Apr/2025:00:40:12 -0400] "GET /fenbendazole-and-its-potential-in-cancer-treatment/ HTTP/1.1" 200 10700 "-" "Mozilla/5.0 AppleWebKit/537.36 (KHTML, like Gecko; compatible; GPTBot/1.2; +https://openai.com/gptbot)"
20.171.207.125 - - [17/Apr/2025:00:40:35 -0400] "GET /affordable-dedicated-servers-for-your-business-needs/ HTTP/1.1" 200 10711 "-" "Mozilla/5.0 AppleWebKit/537.36 (KHTML, like Gecko; compatible; GPTBot/1.2; +https://openai.com/gptbot)"
20.171.207.125 - - [17/Apr/2025:00:40:57 -0400] "GET /psychologische-online-beratung-fur-moderne-bedurfnisse/ HTTP/1.1" 200 10631 "-" "Mozilla/5.0 AppleWebKit/537.36 (KHTML, like Gecko; compatible; GPTBot/1.2; +https://openai.com/gptbot)"
198.54.114.83 - - [17/Apr/2025:00:41:00 -0400] "POST /wp-cron.php?doing_wp_cron=1744864857.7336480617523193359375 HTTP/1.1" 200 0 "-" "WordPress/6.8; https://freelancingclients.com"
198.54.114.83 - - [17/Apr/2025:00:42:31 -0400] "POST /wp-cron.php?doing_wp_cron=1744864950.4684779644012451171875 HTTP/1.1" 200 0 "-" "WordPress/6.8; https://freelancingclients.com"
20.171.207.125 - - [17/Apr/2025:00:42:25 -0400] "GET /?p=3741 HTTP/1.1" 301 0 "-" "Mozilla/5.0 AppleWebKit/537.36 (KHTML, like Gecko; compatible; GPTBot/1.2; +https://openai.com/gptbot)"
198.54.114.83 - - [17/Apr/2025:00:42:33 -0400] "POST /wp-admin/admin-ajax.php?action=async_litespeed&nonce=JpwDRXZ0P1pFqRn0TO861U9eaNqnHCAV&litespeed_type=imgoptm HTTP/1.1" 200 0 "-" "WordPress/6.8; https://freelancingclients.com"
20.171.207.125 - - [17/Apr/2025:00:42:53 -0400] "GET /lhistoire-enchanteresse-de-la-palette-primordiale-le-coup-de-pinceau-dun-singe/feed/ HTTP/1.1" 200 475 "-" "Mozilla/5.0 AppleWebKit/537.36 (KHTML, like Gecko; compatible; GPTBot/1.2; +https://openai.com/gptbot)"
198.54.114.83 - - [17/Apr/2025:00:42:56 -0400] "POST /wp-cron.php?doing_wp_cron=1744864973.7123630046844482421875 HTTP/1.1" 200 0 "-" "WordPress/6.8; https://freelancingclients.com"
20.171.207.125 - - [17/Apr/2025:00:43:16 -0400] "GET /?p=3710 HTTP/1.1" 301 0 "-" "Mozilla/5.0 AppleWebKit/537.36 (KHTML, like Gecko; compatible; GPTBot/1.2; +https://openai.com/gptbot)"
20.171.207.125 - - [17/Apr/2025:00:43:40 -0400] "GET /?p=3714 HTTP/1.1" 301 0 "-" "Mozilla/5.0 AppleWebKit/537.36 (KHTML, like Gecko; compatible; GPTBot/1.2; +https://openai.com/gptbot)"
20.171.207.125 - - [17/Apr/2025:00:44:02 -0400] "GET /?p=2442 HTTP/1.1" 301 0 "-" "Mozilla/5.0 AppleWebKit/537.36 (KHTML, like Gecko; compatible; GPTBot/1.2; +https://openai.com/gptbot)"
198.54.114.83 - - [17/Apr/2025:00:44:07 -0400] "POST /wp-cron.php?doing_wp_cron=1744865042.8861899375915527343750 HTTP/1.1" 200 0 "-" "WordPress/6.8; https://freelancingclients.com"
20.171.207.125 - - [17/Apr/2025:00:44:28 -0400] "GET /?p=1918 HTTP/1.1" 301 0 "-" "Mozilla/5.0 AppleWebKit/537.36 (KHTML, like Gecko; compatible; GPTBot/1.2; +https://openai.com/gptbot)"
20.171.207.125 - - [17/Apr/2025:00:44:50 -0400] "GET /?p=3736 HTTP/1.1" 301 0 "-" "Mozilla/5.0 AppleWebKit/537.36 (KHTML, like Gecko; compatible; GPTBot/1.2; +https://openai.com/gptbot)"
20.171.207.125 - - [17/Apr/2025:00:45:15 -0400] "GET /?p=3716 HTTP/1.1" 301 0 "-" "Mozilla/5.0 AppleWebKit/537.36 (KHTML, like Gecko; compatible; GPTBot/1.2; +https://openai.com/gptbot)"
198.54.114.83 - - [17/Apr/2025:00:45:19 -0400] "POST /wp-cron.php?doing_wp_cron=1744865116.0824151039123535156250 HTTP/1.1" 200 0 "-" "WordPress/6.8; https://freelancingclients.com"
2a03:2880:f800:12:: - - [17/Apr/2025:00:45:34 -0400] "GET /hydraulic-oil-coolers/ HTTP/1.1" 200 9734 "-" "meta-externalagent/1.1 (+https://developers.facebook.com/docs/sharing/webmasters/crawler)"
20.171.207.125 - - [17/Apr/2025:00:45:39 -0400] "GET /?p=3749 HTTP/1.1" 301 0 "-" "Mozilla/5.0 AppleWebKit/537.36 (KHTML, like Gecko; compatible; GPTBot/1.2; +https://openai.com/gptbot)"
20.171.207.125 - - [17/Apr/2025:00:46:01 -0400] "GET /?p=3712 HTTP/1.1" 301 0 "-" "Mozilla/5.0 AppleWebKit/537.36 (KHTML, like Gecko; compatible; GPTBot/1.2; +https://openai.com/gptbot)"
198.54.114.83 - - [17/Apr/2025:00:47:22 -0400] "POST /wp-cron.php?doing_wp_cron=1744865240.8985750675201416015625 HTTP/1.1" 200 0 "-" "WordPress/6.8; https://freelancingclients.com"
20.171.207.125 - - [17/Apr/2025:00:47:20 -0400] "GET /?p=2715 HTTP/1.1" 301 0 "-" "Mozilla/5.0 AppleWebKit/537.36 (KHTML, like Gecko; compatible; GPTBot/1.2; +https://openai.com/gptbot)"
198.54.114.83 - - [17/Apr/2025:00:47:23 -0400] "POST /wp-admin/admin-ajax.php?action=async_litespeed&nonce=tTva36D6eMSpgJfDKuzOEK3eia478jzX&litespeed_type=imgoptm HTTP/1.1" 200 0 "-" "WordPress/6.8; https://freelancingclients.com"
20.171.207.125 - - [17/Apr/2025:00:47:42 -0400] "GET /the-effectiveness-and-importances-of-business-trip-massage/feed/ HTTP/1.1" 200 448 "-" "Mozilla/5.0 AppleWebKit/537.36 (KHTML, like Gecko; compatible; GPTBot/1.2; +https://openai.com/gptbot)"
198.54.114.83 - - [17/Apr/2025:00:47:44 -0400] "POST /wp-cron.php?doing_wp_cron=1744865263.1742660999298095703125 HTTP/1.1" 200 0 "-" "WordPress/6.8; https://freelancingclients.com"
20.171.207.125 - - [17/Apr/2025:00:48:04 -0400] "GET /the-effectiveness-and-importance-of-business-trip-massage/feed/ HTTP/1.1" 200 445 "-" "Mozilla/5.0 AppleWebKit/537.36 (KHTML, like Gecko; compatible; GPTBot/1.2; +https://openai.com/gptbot)"
20.171.207.125 - - [17/Apr/2025:00:48:26 -0400] "GET /sarms-in-canada-a-powerful-performance-enhancement-option/feed/ HTTP/1.1" 200 426 "-" "Mozilla/5.0 AppleWebKit/537.36 (KHTML, like Gecko; compatible; GPTBot/1.2; +https://openai.com/gptbot)"
198.54.114.83 - - [17/Apr/2025:00:48:48 -0400] "POST /wp-cron.php?doing_wp_cron=1744865327.4532480239868164062500 HTTP/1.1" 200 0 "-" "WordPress/6.8; https://freelancingclients.com"
20.171.207.125 - - [17/Apr/2025:00:48:46 -0400] "GET /affordable-unmetered-dedicated-servers-for-seamless-performance/feed/ HTTP/1.1" 200 421 "-" "Mozilla/5.0 AppleWebKit/537.36 (KHTML, like Gecko; compatible; GPTBot/1.2; +https://openai.com/gptbot)"
198.54.114.83 - - [17/Apr/2025:00:48:49 -0400] "POST /wp-admin/admin-ajax.php?action=async_litespeed&nonce=rx9i2sBqtvYMFxS4vAC2z7srrRDKiSlx&litespeed_type=imgoptm HTTP/1.1" 200 0 "-" "WordPress/6.8; https://freelancingclients.com"
20.171.207.125 - - [17/Apr/2025:00:49:10 -0400] "GET /navigating-the-dynamic-realm-of-cryptocurrency-trading/feed/ HTTP/1.1" 200 426 "-" "Mozilla/5.0 AppleWebKit/537.36 (KHTML, like Gecko; compatible; GPTBot/1.2; +https://openai.com/gptbot)"
20.171.207.125 - - [17/Apr/2025:00:49:32 -0400] "GET /unlocking-wellness-the-role-of-osteopathy-in-dubai/feed/ HTTP/1.1" 200 423 "-" "Mozilla/5.0 AppleWebKit/537.36 (KHTML, like Gecko; compatible; GPTBot/1.2; +https://openai.com/gptbot)"
198.54.114.83 - - [17/Apr/2025:00:49:35 -0400] "POST /wp-cron.php?doing_wp_cron=1744865373.1797220706939697265625 HTTP/1.1" 200 0 "-" "WordPress/6.8; https://freelancingclients.com"
20.171.207.125 - - [17/Apr/2025:00:49:56 -0400] "GET /fenbendazole-and-its-potential-in-cancer-treatment/feed/ HTTP/1.1" 200 419 "-" "Mozilla/5.0 AppleWebKit/537.36 (KHTML, like Gecko; compatible; GPTBot/1.2; +https://openai.com/gptbot)"
20.171.207.125 - - [17/Apr/2025:00:50:22 -0400] "GET /affordable-dedicated-servers-for-your-business-needs/feed/ HTTP/1.1" 200 421 "-" "Mozilla/5.0 AppleWebKit/537.36 (KHTML, like Gecko; compatible; GPTBot/1.2; +https://openai.com/gptbot)"
20.171.207.125 - - [17/Apr/2025:00:50:45 -0400] "GET /psychologische-online-beratung-fur-moderne-bedurfnisse/feed/ HTTP/1.1" 200 428 "-" "Mozilla/5.0 AppleWebKit/537.36 (KHTML, like Gecko; compatible; GPTBot/1.2; +https://openai.com/gptbot)"
198.54.114.83 - - [17/Apr/2025:00:50:49 -0400] "POST /wp-cron.php?doing_wp_cron=1744865446.3473820686340332031250 HTTP/1.1" 200 0 "-" "WordPress/6.8; https://freelancingclients.com"
20.171.207.125 - - [17/Apr/2025:00:52:19 -0400] "GET /finding-the-right-immigration-lawyer-in-queens/ HTTP/1.1" 200 10693 "-" "Mozilla/5.0 AppleWebKit/537.36 (KHTML, like Gecko; compatible; GPTBot/1.2; +https://openai.com/gptbot)"
198.54.114.83 - - [17/Apr/2025:00:52:22 -0400] "POST /wp-cron.php?doing_wp_cron=1744865540.2895209789276123046875 HTTP/1.1" 200 0 "-" "WordPress/6.8; https://freelancingclients.com"
20.171.207.125 - - [17/Apr/2025:00:52:42 -0400] "GET /mentaltrainers-fur-mentale-starke-und-wohlbefinden/ HTTP/1.1" 200 10333 "-" "Mozilla/5.0 AppleWebKit/537.36 (KHTML, like Gecko; compatible; GPTBot/1.2; +https://openai.com/gptbot)"
20.171.207.125 - - [17/Apr/2025:00:53:04 -0400] "GET /elite-chauffeur-experience-beyond-ordinary-rides/ HTTP/1.1" 200 10862 "-" "Mozilla/5.0 AppleWebKit/537.36 (KHTML, like Gecko; compatible; GPTBot/1.2; +https://openai.com/gptbot)"
20.171.207.125 - - [17/Apr/2025:00:53:27 -0400] "GET /psychologische-online-beratung-als-moderne-hilfe/ HTTP/1.1" 200 10855 "-" "Mozilla/5.0 AppleWebKit/537.36 (KHTML, like Gecko; compatible; GPTBot/1.2; +https://openai.com/gptbot)"
198.54.114.83 - - [17/Apr/2025:00:53:30 -0400] "POST /wp-cron.php?doing_wp_cron=1744865607.5537550449371337890625 HTTP/1.1" 200 0 "-" "WordPress/6.8; https://freelancingclients.com"
20.171.207.125 - - [17/Apr/2025:00:53:49 -0400] "GET /lemergence-de-la-realite-virtuelle/ HTTP/1.1" 200 10383 "-" "Mozilla/5.0 AppleWebKit/537.36 (KHTML, like Gecko; compatible; GPTBot/1.2; +https://openai.com/gptbot)"
20.171.207.125 - - [17/Apr/2025:00:54:11 -0400] "GET /how-to-design-custom-360-printed-socks/ HTTP/1.1" 200 10421 "-" "Mozilla/5.0 AppleWebKit/537.36 (KHTML, like Gecko; compatible; GPTBot/1.2; +https://openai.com/gptbot)"
20.171.207.125 - - [17/Apr/2025:00:54:38 -0400] "GET /assurance-professionnelle-protegez-votre-activite/ HTTP/1.1" 200 10624 "-" "Mozilla/5.0 AppleWebKit/537.36 (KHTML, like Gecko; compatible; GPTBot/1.2; +https://openai.com/gptbot)"
198.54.114.83 - - [17/Apr/2025:00:54:42 -0400] "POST /wp-cron.php?doing_wp_cron=1744865679.0158278942108154296875 HTTP/1.1" 200 0 "-" "WordPress/6.8; https://freelancingclients.com"
20.171.207.125 - - [17/Apr/2025:00:55:01 -0400] "GET /xmlrpc.php HTTP/1.1" 405 46 "-" "Mozilla/5.0 AppleWebKit/537.36 (KHTML, like Gecko; compatible; GPTBot/1.2; +https://openai.com/gptbot)"
20.171.207.125 - - [17/Apr/2025:00:55:23 -0400] "GET /exploring-the-lentor-mansion-showroom/ HTTP/1.1" 200 10652 "-" "Mozilla/5.0 AppleWebKit/537.36 (KHTML, like Gecko; compatible; GPTBot/1.2; +https://openai.com/gptbot)"
20.171.207.125 - - [17/Apr/2025:00:55:44 -0400] "GET /a-verdant-oasis-in-the-heart-of-the-city/ HTTP/1.1" 200 10786 "-" "Mozilla/5.0 AppleWebKit/537.36 (KHTML, like Gecko; compatible; GPTBot/1.2; +https://openai.com/gptbot)"
198.54.114.83 - - [17/Apr/2025:00:55:47 -0400] "POST /wp-cron.php?doing_wp_cron=1744865745.4839370250701904296875 HTTP/1.1" 200 0 "-" "WordPress/6.8; https://freelancingclients.com"
20.171.207.125 - - [17/Apr/2025:00:57:01 -0400] "GET /wp-json/oembed/1.0/embed?format=xml&url=https%3A%2F%2Ffreelancingclients.com%2Flemergence-de-la-realite-virtuelle%2F HTTP/1.1" 200 1266 "-" "Mozilla/5.0 AppleWebKit/537.36 (KHTML, like Gecko; compatible; GPTBot/1.2; +https://openai.com/gptbot)"
198.54.114.83 - - [17/Apr/2025:00:57:04 -0400] "POST /wp-cron.php?doing_wp_cron=1744865822.5415139198303222656250 HTTP/1.1" 200 0 "-" "WordPress/6.8; https://freelancingclients.com"
20.171.207.125 - - [17/Apr/2025:00:57:25 -0400] "GET /wp-json/wp/v2/posts/2512 HTTP/1.1" 200 11379 "-" "Mozilla/5.0 AppleWebKit/537.36 (KHTML, like Gecko; compatible; GPTBot/1.2; +https://openai.com/gptbot)"
20.171.207.125 - - [17/Apr/2025:00:57:46 -0400] "GET /?p=2512 HTTP/1.1" 301 0 "-" "Mozilla/5.0 AppleWebKit/537.36 (KHTML, like Gecko; compatible; GPTBot/1.2; +https://openai.com/gptbot)"
20.171.207.125 - - [17/Apr/2025:00:58:08 -0400] "GET /lemergence-de-la-realite-virtuelle/feed/ HTTP/1.1" 200 421 "-" "Mozilla/5.0 AppleWebKit/537.36 (KHTML, like Gecko; compatible; GPTBot/1.2; +https://openai.com/gptbot)"
198.54.114.83 - - [17/Apr/2025:00:58:12 -0400] "POST /wp-cron.php?doing_wp_cron=1744865889.2222509384155273437500 HTTP/1.1" 200 0 "-" "WordPress/6.8; https://freelancingclients.com"
20.171.207.125 - - [17/Apr/2025:00:58:30 -0400] "GET /wp-json/oembed/1.0/embed?url=https%3A%2F%2Ffreelancingclients.com%2Flemergence-de-la-realite-virtuelle%2F HTTP/1.1" 200 2619 "-" "Mozilla/5.0 AppleWebKit/537.36 (KHTML, like Gecko; compatible; GPTBot/1.2; +https://openai.com/gptbot)"
20.171.207.125 - - [17/Apr/2025:00:58:51 -0400] "GET /?p=3723 HTTP/1.1" 301 0 "-" "Mozilla/5.0 AppleWebKit/537.36 (KHTML, like Gecko; compatible; GPTBot/1.2; +https://openai.com/gptbot)"
20.171.207.125 - - [17/Apr/2025:00:59:11 -0400] "GET /?p=3718 HTTP/1.1" 301 0 "-" "Mozilla/5.0 AppleWebKit/537.36 (KHTML, like Gecko; compatible; GPTBot/1.2; +https://openai.com/gptbot)"
198.54.114.83 - - [17/Apr/2025:00:59:14 -0400] "POST /wp-cron.php?doing_wp_cron=1744865952.2544889450073242187500 HTTP/1.1" 200 0 "-" "WordPress/6.8; https://freelancingclients.com"
20.171.207.125 - - [17/Apr/2025:00:59:32 -0400] "GET /?p=3730 HTTP/1.1" 301 0 "-" "Mozilla/5.0 AppleWebKit/537.36 (KHTML, like Gecko; compatible; GPTBot/1.2; +https://openai.com/gptbot)"
20.171.207.125 - - [17/Apr/2025:00:59:54 -0400] "GET /?p=2533 HTTP/1.1" 301 0 "-" "Mozilla/5.0 AppleWebKit/537.36 (KHTML, like Gecko; compatible; GPTBot/1.2; +https://openai.com/gptbot)"
