52.168.149.57 - - [17/Apr/2025:07:20:32 -0400] "GET /smartoptimizer/cache/842900/index.php HTTP/1.1" 301 0 "-" "-"
52.168.149.57 - - [17/Apr/2025:07:20:32 -0400] "GET /smartoptimizer/cache/842900/ HTTP/1.1" 404 32232 "-" "-"
52.168.149.57 - - [17/Apr/2025:07:20:33 -0400] "GET /wp-admin/includes/admin-header.php HTTP/1.1" 404 32232 "-" "-"
52.168.149.57 - - [17/Apr/2025:07:20:33 -0400] "GET /wp-content/themes/calmly/issue.php HTTP/1.1" 404 32232 "-" "-"
52.168.149.57 - - [17/Apr/2025:07:20:33 -0400] "GET /wp-admin/js/maila.php HTTP/1.1" 404 32232 "-" "-"
52.168.149.57 - - [17/Apr/2025:07:20:34 -0400] "GET /wp-admin/js/wp-czfnv.php HTTP/1.1" 404 32232 "-" "-"
52.168.149.57 - - [17/Apr/2025:07:20:34 -0400] "GET /.well-known/file.php HTTP/1.1" 404 32232 "-" "-"
52.168.149.57 - - [17/Apr/2025:07:20:35 -0400] "GET /wp-includes/theme-compat/chosen.php HTTP/1.1" 404 32232 "-" "-"
52.168.149.57 - - [17/Apr/2025:07:20:35 -0400] "GET /.well-known/avdotiet.php HTTP/1.1" 404 32232 "-" "-"
52.168.149.57 - - [17/Apr/2025:07:20:35 -0400] "GET /wp-includes/html-api/cloud.php HTTP/1.1" 404 32232 "-" "-"
52.168.149.57 - - [17/Apr/2025:07:20:36 -0400] "GET /wp-includes/link.php HTTP/1.1" 404 32231 "-" "-"
52.168.149.57 - - [17/Apr/2025:07:20:37 -0400] "GET /wp-admin/network/lock.php HTTP/1.1" 404 32231 "-" "-"
52.168.149.57 - - [17/Apr/2025:07:20:37 -0400] "GET /wp-content/plugins/elementor/about.php HTTP/1.1" 404 32231 "-" "-"
52.168.149.57 - - [17/Apr/2025:07:20:38 -0400] "GET /wp-includes/block-editor.php HTTP/1.1" 403 1242 "-" "-"
52.168.149.57 - - [17/Apr/2025:07:20:38 -0400] "GET /components/com_wrapper/views/index.php HTTP/1.1" 301 0 "-" "-"
52.168.149.57 - - [17/Apr/2025:07:20:38 -0400] "GET /components/com_wrapper/views/ HTTP/1.1" 404 32232 "-" "-"
52.168.149.57 - - [17/Apr/2025:07:20:39 -0400] "GET /ty.php HTTP/1.1" 404 32232 "-" "-"
52.168.149.57 - - [17/Apr/2025:07:20:39 -0400] "GET /wp-content/plugins/helloapx/wp-apxupx.php HTTP/1.1" 404 32232 "-" "-"
52.168.149.57 - - [17/Apr/2025:07:20:39 -0400] "GET /wp-content/themes/rttheme18/images/colors/ovakiiphb.php HTTP/1.1" 404 32231 "-" "-"
52.168.149.57 - - [17/Apr/2025:07:20:40 -0400] "GET /wp-includes/beofdecn.php HTTP/1.1" 404 32231 "-" "-"
52.168.149.57 - - [17/Apr/2025:07:20:40 -0400] "GET /assets/images/88123af40d.php HTTP/1.1" 404 32231 "-" "-"
52.168.149.57 - - [17/Apr/2025:07:20:40 -0400] "GET /.well-known/ajfghdbd.php HTTP/1.1" 404 32231 "-" "-"
52.168.149.57 - - [17/Apr/2025:07:20:41 -0400] "GET /wp-admin/maint/wp-login.php HTTP/1.1" 404 32232 "-" "-"
52.168.149.57 - - [17/Apr/2025:07:20:41 -0400] "GET /wp-content/tmpls.php HTTP/1.1" 404 32232 "-" "-"
52.168.149.57 - - [17/Apr/2025:07:20:41 -0400] "GET /wp-content/plugins/erinyani/baxa1.php HTTP/1.1" 404 32232 "-" "-"
52.168.149.57 - - [17/Apr/2025:07:20:41 -0400] "GET /wp-content/themes/deeto/login.php HTTP/1.1" 404 32231 "-" "-"
52.168.149.57 - - [17/Apr/2025:07:20:42 -0400] "GET /wp-admin/js/widgets/come.php HTTP/1.1" 404 32231 "-" "-"
52.168.149.57 - - [17/Apr/2025:07:20:42 -0400] "GET /wp-content/plugins/alfa-rex.php HTTP/1.1" 404 32231 "-" "-"
52.168.149.57 - - [17/Apr/2025:07:20:43 -0400] "GET /wp-includes/ID3/plugins.php HTTP/1.1" 404 32231 "-" "-"
52.168.149.57 - - [17/Apr/2025:07:20:43 -0400] "GET /wp-admin/css/colors/sxo.php HTTP/1.1" 404 32231 "-" "-"
52.168.149.57 - - [17/Apr/2025:07:20:44 -0400] "GET /OVA-UNAME.php HTTP/1.1" 404 32232 "-" "-"
52.168.149.57 - - [17/Apr/2025:07:20:45 -0400] "GET /adminer.php HTTP/1.1" 404 32232 "-" "-"
52.168.149.57 - - [17/Apr/2025:07:20:46 -0400] "GET /vendor/php HTTP/1.1" 404 32232 "-" "-"
52.168.149.57 - - [17/Apr/2025:07:20:47 -0400] "GET /wp-includes/css/custom-file-5-1735118957.php HTTP/1.1" 404 32232 "-" "-"
52.168.149.57 - - [17/Apr/2025:07:20:48 -0400] "GET /wp-content/themes/intense/block-css.php HTTP/1.1" 404 32232 "-" "-"
52.168.149.57 - - [17/Apr/2025:07:20:49 -0400] "GET /wp-add.php HTTP/1.1" 404 32231 "-" "-"
52.168.149.57 - - [17/Apr/2025:07:20:50 -0400] "GET /wp-includes/assets/index.php HTTP/1.1" 301 0 "-" "-"
52.168.149.57 - - [17/Apr/2025:07:20:51 -0400] "GET /wp-includes/assets/ HTTP/1.1" 403 1242 "-" "-"
52.168.149.57 - - [17/Apr/2025:07:20:51 -0400] "GET /wp-admin/images/classwithtostring.php HTTP/1.1" 404 32232 "-" "-"
52.168.149.57 - - [17/Apr/2025:07:20:51 -0400] "GET /wp-includes/sodium_compat/src/about.php HTTP/1.1" 404 32232 "-" "-"
216.244.66.200 - - [17/Apr/2025:07:27:52 -0400] "GET /robots.txt HTTP/1.1" 301 0 "-" "Mozilla/5.0 (compatible; DotBot/1.2; +https://opensiteexplorer.org/dotbot; help@moz.com)"
216.244.66.200 - - [17/Apr/2025:07:27:53 -0400] "GET /robots.txt HTTP/1.1" 200 128 "-" "Mozilla/5.0 (compatible; DotBot/1.2; +https://opensiteexplorer.org/dotbot; help@moz.com)"
43.159.143.139 - - [17/Apr/2025:07:30:30 -0400] "GET / HTTP/1.1" 200 98565 "-" "Mozilla/5.0 (iPhone; CPU iPhone OS 13_2_3 like Mac OS X) AppleWebKit/605.1.15 (KHTML, like Gecko) Version/13.0.3 Mobile/15E148 Safari/604.1"
77.68.25.37 - - [17/Apr/2025:07:34:04 -0400] "GET /a-manual-for-supplanting-your-carport-entryway/ HTTP/1.1" 200 36743 "http://hylasmagazine.com/a-manual-for-supplanting-your-carport-entryway/" "Mozilla/5.0 (Windows NT 10.0; Win64; x64) AppleWebKit/537.36 (KHTML, like Gecko) Chrome/129.0.0.0 Safari/537.36"
77.68.25.37 - - [17/Apr/2025:07:34:06 -0400] "POST /wp-comments-post.php HTTP/1.1" 200 1166 "http://hylasmagazine.com/a-manual-for-supplanting-your-carport-entryway/" "Mozilla/5.0 (Windows NT 10.0; Win64; x64) AppleWebKit/537.36 (KHTML, like Gecko) Chrome/129.0.0.0 Safari/537.36"
216.244.66.200 - - [17/Apr/2025:08:14:22 -0400] "GET /robots.txt HTTP/1.1" 301 0 "-" "Mozilla/5.0 (compatible; DotBot/1.2; +https://opensiteexplorer.org/dotbot; help@moz.com)"
216.244.66.200 - - [17/Apr/2025:08:14:23 -0400] "GET /robots.txt HTTP/1.1" 304 0 "-" "Mozilla/5.0 (compatible; DotBot/1.2; +https://opensiteexplorer.org/dotbot; help@moz.com)"
143.198.138.171 - - [17/Apr/2025:08:18:42 -0400] "GET /wp-login.php HTTP/1.1" 302 0 "-" "Mozilla/5.0"
43.155.140.157 - - [17/Apr/2025:08:53:22 -0400] "GET / HTTP/1.1" 200 98565 "-" "Mozilla/5.0 (iPhone; CPU iPhone OS 13_2_3 like Mac OS X) AppleWebKit/605.1.15 (KHTML, like Gecko) Version/13.0.3 Mobile/15E148 Safari/604.1"
216.244.66.200 - - [17/Apr/2025:09:06:05 -0400] "GET /choosing-a-socks-factory/ HTTP/1.1" 200 36542 "-" "Mozilla/5.0 (compatible; DotBot/1.2; +https://opensiteexplorer.org/dotbot; help@moz.com)"
68.178.173.116 - - [17/Apr/2025:09:37:45 -0400] "GET /a-manual-for-supplanting-your-carport-entryway/ HTTP/1.1" 200 36743 "http://hylasmagazine.com/a-manual-for-supplanting-your-carport-entryway/" "Mozilla/5.0 (Windows NT 10.0; Win64; x64) AppleWebKit/537.36 (KHTML, like Gecko) Chrome/130.0.0.0 Safari/537.36"
68.178.173.116 - - [17/Apr/2025:09:37:55 -0400] "POST /wp-comments-post.php HTTP/1.1" 200 1166 "http://hylasmagazine.com/a-manual-for-supplanting-your-carport-entryway/" "Mozilla/5.0 (Windows NT 10.0; Win64; x64) AppleWebKit/537.36 (KHTML, like Gecko) Chrome/130.0.0.0 Safari/537.36"
216.244.66.200 - - [17/Apr/2025:09:46:33 -0400] "GET /robots.txt HTTP/1.1" 304 0 "-" "Mozilla/5.0 (compatible; DotBot/1.2; +https://opensiteexplorer.org/dotbot; help@moz.com)"
92.241.115.115 - - [17/Apr/2025:09:53:10 -0400] "GET /a-manual-for-supplanting-your-carport-entryway/ HTTP/1.1" 200 36743 "http://hylasmagazine.com/a-manual-for-supplanting-your-carport-entryway/" "Mozilla/5.0 (Windows NT 10.0; Win64; x64) AppleWebKit/537.36 (KHTML, like Gecko) Chrome/130.0.0.0 Safari/537.36 CCleaner/130.0.0.0"
92.241.115.115 - - [17/Apr/2025:09:53:15 -0400] "POST /wp-comments-post.php HTTP/1.1" 200 1168 "http://hylasmagazine.com/a-manual-for-supplanting-your-carport-entryway/" "Mozilla/5.0 (Windows NT 10.0; Win64; x64) AppleWebKit/537.36 (KHTML, like Gecko) Chrome/130.0.0.0 Safari/537.36 CCleaner/130.0.0.0"
198.54.114.83 - - [17/Apr/2025:09:53:20 -0400] "POST /wp-cron.php?doing_wp_cron=1744897995.8120250701904296875000 HTTP/1.1" 200 0 "-" "WordPress/6.8; https://hylasmagazine.com"
8.29.198.26 - - [17/Apr/2025:10:18:56 -0400] "GET /feed/ HTTP/1.1" 304 0 "-" "Feedly/1.0 (+http://www.feedly.com/fetcher.html; 1 subscribers; )"
198.54.114.83 - - [17/Apr/2025:10:19:02 -0400] "POST /wp-cron.php?doing_wp_cron=1744899540.5438079833984375000000 HTTP/1.1" 200 0 "-" "WordPress/6.8; https://hylasmagazine.com"
216.244.66.200 - - [17/Apr/2025:10:33:25 -0400] "GET /robots.txt HTTP/1.1" 304 0 "-" "Mozilla/5.0 (compatible; DotBot/1.2; +https://opensiteexplorer.org/dotbot; help@moz.com)"
182.44.10.67 - - [17/Apr/2025:10:35:52 -0400] "GET / HTTP/1.1" 200 98565 "-" "Mozilla/5.0 (iPhone; CPU iPhone OS 13_2_3 like Mac OS X) AppleWebKit/605.1.15 (KHTML, like Gecko) Version/13.0.3 Mobile/15E148 Safari/604.1"
217.182.139.156 - - [17/Apr/2025:10:41:00 -0400] "GET /a-manual-for-supplanting-your-carport-entryway/ HTTP/1.1" 200 36743 "http://hylasmagazine.com/a-manual-for-supplanting-your-carport-entryway/" "Mozilla/5.0 (Windows NT 10.0; Win64; x64) AppleWebKit/537.36 (KHTML, like Gecko) Chrome/131.0.0.0 Safari/537.36"
198.54.114.83 - - [17/Apr/2025:10:41:09 -0400] "POST /wp-cron.php?doing_wp_cron=1744900869.0142049789428710937500 HTTP/1.1" 200 0 "-" "WordPress/6.8; https://hylasmagazine.com"
217.182.139.156 - - [17/Apr/2025:10:41:08 -0400] "POST /wp-comments-post.php HTTP/1.1" 200 1168 "http://hylasmagazine.com/a-manual-for-supplanting-your-carport-entryway/" "Mozilla/5.0 (Windows NT 10.0; Win64; x64) AppleWebKit/537.36 (KHTML, like Gecko) Chrome/131.0.0.0 Safari/537.36"
61.160.215.50 - - [17/Apr/2025:10:47:44 -0400] "GET / HTTP/1.1" 200 98565 "-" "Mozilla/5.0"
118.89.95.205 - - [17/Apr/2025:10:59:30 -0400] "GET / HTTP/1.1" 200 98565 "-" "Mozilla/5.0 (Linux; Android 10; LIO-AN00 Build/HUAWEILIO-AN00; wv) MicroMessenger Weixin QQ AppleWebKit/537.36 (KHTML, like Gecko) Version/4.0 Chrome/78.0.3904.62 XWEB/2692 MMWEBSDK/200901 Mobile Safari/537.36"
40.76.165.118 - - [17/Apr/2025:11:02:39 -0400] "GET / HTTP/1.1" 200 98565 "-" "Mozilla/5.0 AppleWebKit/537.36 (KHTML, like Gecko; compatible; bingbot/2.0; +http://www.bing.com/bingbot.htm) Chrome/116.0.1938.76 Safari/537.36"
40.76.165.118 - - [17/Apr/2025:11:02:42 -0400] "GET /robots.txt HTTP/1.1" 200 128 "-" "Mozilla/5.0 AppleWebKit/537.36 (KHTML, like Gecko; compatible; bingbot/2.0; +http://www.bing.com/bingbot.htm) Chrome/116.0.1938.76 Safari/537.36"
40.76.165.118 - - [17/Apr/2025:11:02:42 -0400] "GET /group.lazada.com/en/about HTTP/1.1" 404 32229 "-" "Mozilla/5.0 AppleWebKit/537.36 (KHTML, like Gecko; compatible; bingbot/2.0; +http://www.bing.com/bingbot.htm) Chrome/116.0.1938.76 Safari/537.36"
40.76.165.118 - - [17/Apr/2025:11:02:42 -0400] "GET /group.lazada.com/en/about HTTP/1.1" 404 32229 "-" "Mozilla/5.0 AppleWebKit/537.36 (KHTML, like Gecko; compatible; bingbot/2.0; +http://www.bing.com/bingbot.htm) Chrome/116.0.1938.76 Safari/537.36"
40.76.165.118 - - [17/Apr/2025:11:02:45 -0400] "GET /group.lazada.com/en/about HTTP/1.1" 404 32229 "-" "Mozilla/5.0 AppleWebKit/537.36 (KHTML, like Gecko; compatible; bingbot/2.0; +http://www.bing.com/bingbot.htm) Chrome/116.0.1938.76 Safari/537.36"
198.54.114.83 - - [17/Apr/2025:11:02:45 -0400] "POST /wp-cron.php?doing_wp_cron=1744902163.1421530246734619140625 HTTP/1.1" 200 0 "-" "WordPress/6.8; https://hylasmagazine.com"
198.54.114.83 - - [17/Apr/2025:11:02:45 -0400] "POST /wp-cron.php?doing_wp_cron=1744902163.1324570178985595703125 HTTP/1.1" 200 0 "-" "WordPress/6.8; https://hylasmagazine.com"
118.89.95.205 - - [17/Apr/2025:11:04:03 -0400] "GET / HTTP/1.1" 200 98565 "-" "Mozilla/5.0 (Linux; Android 10; LIO-AN00 Build/HUAWEILIO-AN00; wv) MicroMessenger Weixin QQ AppleWebKit/537.36 (KHTML, like Gecko) Version/4.0 Chrome/78.0.3904.62 XWEB/2692 MMWEBSDK/200901 Mobile Safari/537.36"
95.106.153.220 - - [17/Apr/2025:11:04:09 -0400] "GET /a-manual-for-supplanting-your-carport-entryway/ HTTP/1.1" 200 36743 "http://hylasmagazine.com/a-manual-for-supplanting-your-carport-entryway/" "Mozilla/5.0 (Windows NT 10.0; Win64; x64) AppleWebKit/537.36 (KHTML, like Gecko) Chrome/129.0.0.0 Safari/537.36"
95.106.153.220 - - [17/Apr/2025:11:04:11 -0400] "POST /wp-comments-post.php HTTP/1.1" 200 1168 "http://hylasmagazine.com/a-manual-for-supplanting-your-carport-entryway/" "Mozilla/5.0 (Windows NT 10.0; Win64; x64) AppleWebKit/537.36 (KHTML, like Gecko) Chrome/129.0.0.0 Safari/537.36"
198.54.114.83 - - [17/Apr/2025:11:04:13 -0400] "POST /wp-cron.php?doing_wp_cron=1744902251.7340741157531738281250 HTTP/1.1" 200 0 "-" "WordPress/6.8; https://hylasmagazine.com"
51.222.253.7 - - [17/Apr/2025:11:08:14 -0400] "GET /robots.txt HTTP/1.1" 200 128 "-" "Mozilla/5.0 (compatible; AhrefsBot/7.0; +http://ahrefs.com/robot/)"
101.44.184.83 - - [17/Apr/2025:11:10:25 -0400] "GET /gs-credit-looking-for-a-moneylender-sg/ HTTP/1.1" 200 37142 "http://hylasmagazine.com/gs-credit-looking-for-a-moneylender-sg/#respond" "Mozilla/5.0 (Windows NT 10.0; Win64; x64) AppleWebKit/537.36 (KHTML, like Gecko) Chrome/101.0.4951.64 Safari/537.36 Edg/101.0.1210.47"
216.244.66.200 - - [17/Apr/2025:11:19:51 -0400] "GET /robots.txt HTTP/1.1" 301 0 "-" "Mozilla/5.0 (compatible; DotBot/1.2; +https://opensiteexplorer.org/dotbot; help@moz.com)"
216.244.66.200 - - [17/Apr/2025:11:19:52 -0400] "GET /robots.txt HTTP/1.1" 200 128 "-" "Mozilla/5.0 (compatible; DotBot/1.2; +https://opensiteexplorer.org/dotbot; help@moz.com)"
191.96.168.84 - - [17/Apr/2025:11:37:20 -0400] "GET /contacts/index/ HTTP/1.1" 301 0 "http://www.hylasmagazine.com/contacts/index/" "Mozilla/5.0 (Windows NT 10.0; Win64; x64) AppleWebKit/537.36 (KHTML, like Gecko) Chrome/131.0.0.0 Safari/537.36 Avast/131.0.0.0"
212.102.35.64 - - [17/Apr/2025:11:37:20 -0400] "GET /contacts/index/ HTTP/1.1" 301 0 "http://www.hylasmagazine.com/contacts/index/" "Mozilla/5.0 (Windows NT 10.0; Win64; x64) AppleWebKit/537.36 (KHTML, like Gecko) Chrome/130.0.0.0 Safari/537.36"
191.96.168.84 - - [17/Apr/2025:11:37:22 -0400] "GET /contacts/index/ HTTP/1.1" 404 32230 "http://hylasmagazine.com/contacts/index/" "Mozilla/5.0 (Windows NT 10.0; Win64; x64) AppleWebKit/537.36 (KHTML, like Gecko) Chrome/131.0.0.0 Safari/537.36 Avast/131.0.0.0"
212.102.35.64 - - [17/Apr/2025:11:37:23 -0400] "GET /contacts/index/ HTTP/1.1" 404 32230 "http://hylasmagazine.com/contacts/index/" "Mozilla/5.0 (Windows NT 10.0; Win64; x64) AppleWebKit/537.36 (KHTML, like Gecko) Chrome/130.0.0.0 Safari/537.36"
172.177.12.134 - - [17/Apr/2025:11:58:34 -0400] "HEAD /wordpress HTTP/1.1" 404 0 "-" "Mozilla/5.0 (Windows NT 10.0; Win64; x64) AppleWebKit/537.36 (KHTML, like Gecko) Chrome/74.0.3729.169 Safari/537.36"
172.177.12.134 - - [17/Apr/2025:11:58:37 -0400] "HEAD / HTTP/1.1" 200 0 "-" "Mozilla/5.0 (Windows NT 10.0; Win64; x64) AppleWebKit/537.36 (KHTML, like Gecko) Chrome/74.0.3729.169 Safari/537.36"
172.177.12.134 - - [17/Apr/2025:11:58:40 -0400] "HEAD /wp HTTP/1.1" 404 0 "-" "Mozilla/5.0 (Windows NT 10.0; Win64; x64) AppleWebKit/537.36 (KHTML, like Gecko) Chrome/74.0.3729.169 Safari/537.36"
172.177.12.134 - - [17/Apr/2025:11:58:44 -0400] "HEAD /bc HTTP/1.1" 404 0 "-" "Mozilla/5.0 (Windows NT 10.0; Win64; x64) AppleWebKit/537.36 (KHTML, like Gecko) Chrome/74.0.3729.169 Safari/537.36"
172.177.12.134 - - [17/Apr/2025:11:58:47 -0400] "HEAD /bk HTTP/1.1" 404 0 "-" "Mozilla/5.0 (Windows NT 10.0; Win64; x64) AppleWebKit/537.36 (KHTML, like Gecko) Chrome/74.0.3729.169 Safari/537.36"
198.54.114.83 - - [17/Apr/2025:11:58:50 -0400] "POST /wp-cron.php?doing_wp_cron=1744905528.0905389785766601562500 HTTP/1.1" 200 0 "-" "WordPress/6.8; https://hylasmagazine.com"
172.177.12.134 - - [17/Apr/2025:11:58:51 -0400] "HEAD /backup HTTP/1.1" 404 0 "-" "Mozilla/5.0 (Windows NT 10.0; Win64; x64) AppleWebKit/537.36 (KHTML, like Gecko) Chrome/74.0.3729.169 Safari/537.36"
172.177.12.134 - - [17/Apr/2025:11:58:53 -0400] "HEAD /old HTTP/1.1" 301 0 "-" "Mozilla/5.0 (Windows NT 10.0; Win64; x64) AppleWebKit/537.36 (KHTML, like Gecko) Chrome/74.0.3729.169 Safari/537.36"
172.177.12.134 - - [17/Apr/2025:11:58:56 -0400] "HEAD /new HTTP/1.1" 301 0 "-" "Mozilla/5.0 (Windows NT 10.0; Win64; x64) AppleWebKit/537.36 (KHTML, like Gecko) Chrome/74.0.3729.169 Safari/537.36"
172.177.12.134 - - [17/Apr/2025:11:59:00 -0400] "HEAD /main HTTP/1.1" 404 0 "-" "Mozilla/5.0 (Windows NT 10.0; Win64; x64) AppleWebKit/537.36 (KHTML, like Gecko) Chrome/74.0.3729.169 Safari/537.36"
172.177.12.134 - - [17/Apr/2025:11:59:01 -0400] "HEAD /home HTTP/1.1" 301 0 "-" "Mozilla/5.0 (Windows NT 10.0; Win64; x64) AppleWebKit/537.36 (KHTML, like Gecko) Chrome/74.0.3729.169 Safari/537.36"
198.98.60.186 - - [17/Apr/2025:12:04:14 -0400] "GET /wp-content/plugins/suretriggers/readme.txt HTTP/1.1" 404 32229 "-" "python-requests/2.27.1"
198.54.114.83 - - [17/Apr/2025:12:04:16 -0400] "POST /wp-cron.php?doing_wp_cron=1744905854.4562959671020507812500 HTTP/1.1" 200 0 "-" "WordPress/6.8; https://hylasmagazine.com"
198.98.60.186 - - [17/Apr/2025:12:05:21 -0400] "POST /wp-json/sure-triggers/v1/automation/action HTTP/1.1" 404 114 "-" "Mozilla/5.0 (Macintosh; Intel Mac OS X 10_15_7) AppleWebKit/537.36 (KHTML, like Gecko) Chrome/113.0.0.0 Safari/537.36"
198.54.114.83 - - [17/Apr/2025:12:05:25 -0400] "POST /wp-cron.php?doing_wp_cron=1744905921.8346381187438964843750 HTTP/1.1" 200 0 "-" "WordPress/6.8; https://hylasmagazine.com"
216.244.66.200 - - [17/Apr/2025:12:05:27 -0400] "GET /robots.txt HTTP/1.1" 304 0 "-" "Mozilla/5.0 (compatible; DotBot/1.2; +https://opensiteexplorer.org/dotbot; help@moz.com)"
198.54.114.83 - - [17/Apr/2025:12:17:03 -0400] "POST /wp-cron.php?doing_wp_cron=1744906622.9413809776306152343750 HTTP/1.1" 200 0 "-" "WordPress/6.8; https://hylasmagazine.com"
40.123.38.81 - - [17/Apr/2025:12:17:02 -0400] "GET /autoload_classmap.php HTTP/1.1" 404 32230 "-" "-"
40.123.38.81 - - [17/Apr/2025:12:17:04 -0400] "GET /post.php HTTP/1.1" 404 32229 "-" "-"
40.123.38.81 - - [17/Apr/2025:12:17:05 -0400] "GET /1.php HTTP/1.1" 404 32229 "-" "-"
40.123.38.81 - - [17/Apr/2025:12:17:06 -0400] "GET /flower.php HTTP/1.1" 404 32229 "-" "-"
40.123.38.81 - - [17/Apr/2025:12:17:07 -0400] "GET /admin.php HTTP/1.1" 404 32236 "-" "-"
40.123.38.81 - - [17/Apr/2025:12:17:08 -0400] "GET /file.php HTTP/1.1" 404 32231 "-" "-"
40.123.38.81 - - [17/Apr/2025:12:17:09 -0400] "GET /meta.php HTTP/1.1" 404 32230 "-" "-"
40.123.38.81 - - [17/Apr/2025:12:17:10 -0400] "GET /index.php HTTP/1.1" 301 0 "-" "-"
40.123.38.81 - - [17/Apr/2025:12:17:11 -0400] "GET / HTTP/1.1" 200 98565 "-" "-"
40.123.38.81 - - [17/Apr/2025:12:17:12 -0400] "GET /about.php HTTP/1.1" 404 32229 "-" "-"
40.123.38.81 - - [17/Apr/2025:12:17:14 -0400] "GET /randkeyword.php HTTP/1.1" 404 32229 "-" "-"
40.123.38.81 - - [17/Apr/2025:12:17:16 -0400] "GET /goods.php HTTP/1.1" 404 32230 "-" "-"
198.54.114.83 - - [17/Apr/2025:12:17:19 -0400] "POST /wp-cron.php?doing_wp_cron=1744906638.2292730808258056640625 HTTP/1.1" 200 0 "-" "WordPress/6.8; https://hylasmagazine.com"
40.123.38.81 - - [17/Apr/2025:12:17:18 -0400] "GET /hehe.php HTTP/1.1" 404 32229 "-" "-"
40.123.38.81 - - [17/Apr/2025:12:17:21 -0400] "GET /yindu.php HTTP/1.1" 404 32236 "-" "-"
40.123.38.81 - - [17/Apr/2025:12:17:23 -0400] "GET /wp-admin/class-db.php HTTP/1.1" 404 32230 "-" "-"
40.123.38.81 - - [17/Apr/2025:12:17:24 -0400] "GET /baxa1.phP8 HTTP/1.1" 404 32229 "-" "-"
40.123.38.81 - - [17/Apr/2025:12:17:27 -0400] "GET /baxa1.php HTTP/1.1" 404 32229 "-" "-"
40.123.38.81 - - [17/Apr/2025:12:17:30 -0400] "GET /.well-known//index.php HTTP/1.1" 301 0 "-" "-"
40.123.38.81 - - [17/Apr/2025:12:17:32 -0400] "GET /.well-known/ HTTP/1.1" 404 32230 "-" "-"
40.123.38.81 - - [17/Apr/2025:12:17:35 -0400] "GET /libraries/phpmailer//index.php HTTP/1.1" 301 0 "-" "-"
40.123.38.81 - - [17/Apr/2025:12:17:37 -0400] "GET /libraries/phpmailer/ HTTP/1.1" 404 32229 "-" "-"
40.123.38.81 - - [17/Apr/2025:12:17:39 -0400] "GET /wp-admin/autoload_classmap.php HTTP/1.1" 404 32230 "-" "-"
40.123.38.81 - - [17/Apr/2025:12:17:41 -0400] "GET /wp-admin/css/colors/blue//1.php HTTP/1.1" 301 0 "-" "-"
40.123.38.81 - - [17/Apr/2025:12:17:43 -0400] "GET /wp-admin/css/colors/blue/1.php HTTP/1.1" 404 32229 "-" "-"
40.123.38.81 - - [17/Apr/2025:12:17:45 -0400] "GET /wp-content/plugins//about.php HTTP/1.1" 301 0 "-" "-"
40.123.38.81 - - [17/Apr/2025:12:17:47 -0400] "GET /wp-content/plugins/about.php HTTP/1.1" 404 32230 "-" "-"
40.123.38.81 - - [17/Apr/2025:12:17:48 -0400] "GET /wp-content/plugins//index.php HTTP/1.1" 200 0 "-" "-"
40.123.38.81 - - [17/Apr/2025:12:17:48 -0400] "GET /wp-content/plugins/about.php HTTP/1.1" 404 32230 "-" "-"
40.123.38.81 - - [17/Apr/2025:12:17:49 -0400] "GET /wp-content/uploads/BbUMY/flower.php HTTP/1.1" 404 32229 "-" "-"
40.123.38.81 - - [17/Apr/2025:12:17:50 -0400] "GET /wp-includes/ID3//file.php HTTP/1.1" 301 0 "-" "-"
40.123.38.81 - - [17/Apr/2025:12:17:51 -0400] "GET /wp-includes/ID3/file.php HTTP/1.1" 404 32230 "-" "-"
40.123.38.81 - - [17/Apr/2025:12:17:52 -0400] "GET /wp-includes/Text/Diff/Engine//about.php HTTP/1.1" 301 0 "-" "-"
40.123.38.81 - - [17/Apr/2025:12:17:54 -0400] "GET /wp-includes/Text/Diff/Engine/about.php HTTP/1.1" 404 32230 "-" "-"
40.123.38.81 - - [17/Apr/2025:12:17:55 -0400] "GET /wp-includes/Text/Diff/Engine//index.php HTTP/1.1" 301 0 "-" "-"
40.123.38.81 - - [17/Apr/2025:12:17:56 -0400] "GET /wp-includes/Text/Diff/Engine/ HTTP/1.1" 403 1242 "-" "-"
40.123.38.81 - - [17/Apr/2025:12:17:57 -0400] "GET /wp-includes/css//index.php HTTP/1.1" 301 0 "-" "-"
40.123.38.81 - - [17/Apr/2025:12:17:58 -0400] "GET /wp-includes/css/ HTTP/1.1" 403 1242 "-" "-"
40.123.38.81 - - [17/Apr/2025:12:17:58 -0400] "GET /wp-includes/css//xc.php HTTP/1.1" 301 0 "-" "-"
40.123.38.81 - - [17/Apr/2025:12:17:59 -0400] "GET /wp-includes/css/xc.php HTTP/1.1" 404 32230 "-" "-"
40.123.38.81 - - [17/Apr/2025:12:18:00 -0400] "GET /wp-includes/images//about.php HTTP/1.1" 301 0 "-" "-"
40.123.38.81 - - [17/Apr/2025:12:18:01 -0400] "GET /wp-includes/images/about.php HTTP/1.1" 404 32236 "-" "-"
40.123.38.81 - - [17/Apr/2025:12:18:02 -0400] "GET /wp-includes/images/crystal//index.php HTTP/1.1" 301 0 "-" "-"
40.123.38.81 - - [17/Apr/2025:12:18:04 -0400] "GET /wp-includes/images/crystal/ HTTP/1.1" 403 1242 "-" "-"
40.123.38.81 - - [17/Apr/2025:12:18:05 -0400] "GET /wp//index.php HTTP/1.1" 301 0 "-" "-"
40.123.38.81 - - [17/Apr/2025:12:18:07 -0400] "GET /wp/ HTTP/1.1" 404 32230 "-" "-"
40.123.38.81 - - [17/Apr/2025:12:18:09 -0400] "GET /user.php HTTP/1.1" 404 32230 "-" "-"
40.123.38.81 - - [17/Apr/2025:12:18:11 -0400] "GET /wp-2019.php HTTP/1.1" 404 32230 "-" "-"
40.123.38.81 - - [17/Apr/2025:12:18:14 -0400] "GET /chosen.php HTTP/1.1" 404 32229 "-" "-"
40.123.38.81 - - [17/Apr/2025:12:18:16 -0400] "GET /functions.php HTTP/1.1" 404 32230 "-" "-"
40.123.38.81 - - [17/Apr/2025:12:18:17 -0400] "GET /cron.php HTTP/1.1" 404 32227 "-" "-"
40.123.38.81 - - [17/Apr/2025:12:18:20 -0400] "GET /edit.php HTTP/1.1" 404 32230 "-" "-"
198.54.114.83 - - [17/Apr/2025:12:18:22 -0400] "POST /wp-cron.php?doing_wp_cron=1744906700.2473020553588867187500 HTTP/1.1" 200 0 "-" "WordPress/6.8; https://hylasmagazine.com"
40.123.38.81 - - [17/Apr/2025:12:18:22 -0400] "GET /gecko-new.php HTTP/1.1" 404 32229 "-" "-"
40.123.38.81 - - [17/Apr/2025:12:18:24 -0400] "GET /cookie.php HTTP/1.1" 404 32229 "-" "-"
40.123.38.81 - - [17/Apr/2025:12:18:25 -0400] "GET /xleet.php HTTP/1.1" 404 32229 "-" "-"
40.123.38.81 - - [17/Apr/2025:12:18:26 -0400] "GET /spip.php HTTP/1.1" 404 32230 "-" "-"
40.123.38.81 - - [17/Apr/2025:12:18:27 -0400] "GET /22.php HTTP/1.1" 404 32229 "-" "-"
40.123.38.81 - - [17/Apr/2025:12:18:29 -0400] "GET /room.php HTTP/1.1" 404 32230 "-" "-"
40.123.38.81 - - [17/Apr/2025:12:18:30 -0400] "GET /disagreed.php HTTP/1.1" 404 32230 "-" "-"
40.123.38.81 - - [17/Apr/2025:12:18:31 -0400] "GET /text.php HTTP/1.1" 404 32229 "-" "-"
40.123.38.81 - - [17/Apr/2025:12:18:32 -0400] "GET /alfa-rex.php HTTP/1.1" 404 32230 "-" "-"
40.123.38.81 - - [17/Apr/2025:12:18:33 -0400] "GET /alfa-rex.php7 HTTP/1.1" 404 32230 "-" "-"
40.123.38.81 - - [17/Apr/2025:12:18:34 -0400] "GET /feeds.php HTTP/1.1" 404 32236 "-" "-"
40.123.38.81 - - [17/Apr/2025:12:18:36 -0400] "GET /radio.php HTTP/1.1" 404 32230 "-" "-"
40.123.38.81 - - [17/Apr/2025:12:18:37 -0400] "GET /dropdown.php HTTP/1.1" 404 32229 "-" "-"
40.123.38.81 - - [17/Apr/2025:12:18:38 -0400] "GET /defaults.php HTTP/1.1" 404 32235 "-" "-"
40.123.38.81 - - [17/Apr/2025:12:18:40 -0400] "GET /system.php HTTP/1.1" 404 32231 "-" "-"
40.123.38.81 - - [17/Apr/2025:12:18:41 -0400] "GET /xmlrpc.php HTTP/1.1" 405 60 "-" "-"
40.123.38.81 - - [17/Apr/2025:12:18:42 -0400] "GET /xmlrpc.php0 HTTP/1.1" 404 32229 "-" "-"
40.123.38.81 - - [17/Apr/2025:12:18:44 -0400] "GET /colors.php HTTP/1.1" 404 32229 "-" "-"
40.123.38.81 - - [17/Apr/2025:12:18:45 -0400] "GET /updates.php HTTP/1.1" 404 32230 "-" "-"
40.123.38.81 - - [17/Apr/2025:12:18:47 -0400] "GET /alfa-rex1.php HTTP/1.1" 404 32230 "-" "-"
40.123.38.81 - - [17/Apr/2025:12:18:49 -0400] "GET /wp-index.php HTTP/1.1" 404 32229 "-" "-"
40.123.38.81 - - [17/Apr/2025:12:18:51 -0400] "GET /wp-admin.php HTTP/1.1" 404 32230 "-" "-"
40.123.38.81 - - [17/Apr/2025:12:18:55 -0400] "GET /alfa.php HTTP/1.1" 404 32230 "-" "-"
40.123.38.81 - - [17/Apr/2025:12:18:58 -0400] "GET /alfanew.php7 HTTP/1.1" 404 32229 "-" "-"
40.123.38.81 - - [17/Apr/2025:12:19:00 -0400] "GET /locale.php HTTP/1.1" 404 32231 "-" "-"
40.123.38.81 - - [17/Apr/2025:12:19:02 -0400] "GET /wxo.php HTTP/1.1" 404 32230 "-" "-"
40.123.38.81 - - [17/Apr/2025:12:19:04 -0400] "GET /colour.php HTTP/1.1" 404 32230 "-" "-"
40.123.38.81 - - [17/Apr/2025:12:19:05 -0400] "GET /files.php HTTP/1.1" 404 32229 "-" "-"
40.123.38.81 - - [17/Apr/2025:12:19:06 -0400] "GET /install.php HTTP/1.1" 404 32229 "-" "-"
40.123.38.81 - - [17/Apr/2025:12:19:08 -0400] "GET /wp-contentt.php HTTP/1.1" 404 32231 "-" "-"
40.123.38.81 - - [17/Apr/2025:12:19:09 -0400] "GET /config.php7 HTTP/1.1" 404 32236 "-" "-"
40.123.38.81 - - [17/Apr/2025:12:19:12 -0400] "GET /config.php HTTP/1.1" 404 32229 "-" "-"
40.123.38.81 - - [17/Apr/2025:12:19:13 -0400] "GET /theme.php HTTP/1.1" 404 32229 "-" "-"
40.123.38.81 - - [17/Apr/2025:12:19:16 -0400] "GET /block-bindings.php HTTP/1.1" 404 32230 "-" "-"
40.123.38.81 - - [17/Apr/2025:12:19:18 -0400] "GET /class_api.php HTTP/1.1" 404 32227 "-" "-"
40.123.38.81 - - [17/Apr/2025:12:19:21 -0400] "GET /inputs.php HTTP/1.1" 404 32230 "-" "-"
198.54.114.83 - - [17/Apr/2025:12:19:23 -0400] "POST /wp-cron.php?doing_wp_cron=1744906762.0000998973846435546875 HTTP/1.1" 200 0 "-" "WordPress/6.8; https://hylasmagazine.com"
40.123.38.81 - - [17/Apr/2025:12:19:25 -0400] "GET /root.php HTTP/1.1" 404 32229 "-" "-"
40.123.38.81 - - [17/Apr/2025:12:19:29 -0400] "GET /menu.php HTTP/1.1" 404 32230 "-" "-"
40.123.38.81 - - [17/Apr/2025:12:19:32 -0400] "GET /plugin.php HTTP/1.1" 404 32230 "-" "-"
40.123.38.81 - - [17/Apr/2025:12:19:36 -0400] "GET /cloud.php HTTP/1.1" 404 32230 "-" "-"
40.123.38.81 - - [17/Apr/2025:12:19:39 -0400] "GET /configs.php HTTP/1.1" 404 32231 "-" "-"
40.123.38.81 - - [17/Apr/2025:12:19:43 -0400] "GET /wp-configs.php HTTP/1.1" 404 32229 "-" "-"
40.123.38.81 - - [17/Apr/2025:12:19:46 -0400] "GET /update.php HTTP/1.1" 404 32230 "-" "-"
40.123.38.81 - - [17/Apr/2025:12:19:49 -0400] "GET /2.php HTTP/1.1" 404 32230 "-" "-"
40.123.38.81 - - [17/Apr/2025:12:19:52 -0400] "GET /input.php HTTP/1.1" 404 32230 "-" "-"
40.123.38.81 - - [17/Apr/2025:12:19:56 -0400] "GET /aaa.php HTTP/1.1" 404 32229 "-" "-"
51.75.122.244 - - [17/Apr/2025:12:45:29 -0400] "GET /a-manual-for-supplanting-your-carport-entryway/ HTTP/1.1" 200 36743 "http://hylasmagazine.com/a-manual-for-supplanting-your-carport-entryway/" "Mozilla/5.0 (Windows NT 10.0; Win64; x64) AppleWebKit/537.36 (KHTML, like Gecko) Chrome/129.0.0.0 Safari/537.36"
51.75.122.244 - - [17/Apr/2025:12:45:34 -0400] "POST /wp-comments-post.php HTTP/1.1" 200 1166 "http://hylasmagazine.com/a-manual-for-supplanting-your-carport-entryway/" "Mozilla/5.0 (Windows NT 10.0; Win64; x64) AppleWebKit/537.36 (KHTML, like Gecko) Chrome/129.0.0.0 Safari/537.36"
216.244.66.200 - - [17/Apr/2025:12:52:01 -0400] "GET /robots.txt HTTP/1.1" 301 0 "-" "Mozilla/5.0 (compatible; DotBot/1.2; +https://opensiteexplorer.org/dotbot; help@moz.com)"
216.244.66.200 - - [17/Apr/2025:12:52:04 -0400] "GET /robots.txt HTTP/1.1" 304 0 "-" "Mozilla/5.0 (compatible; DotBot/1.2; +https://opensiteexplorer.org/dotbot; help@moz.com)"
8.29.198.27 - - [17/Apr/2025:13:21:16 -0400] "GET /feed/ HTTP/1.1" 304 0 "-" "Feedly/1.0 (+http://www.feedly.com/fetcher.html; 1 subscribers; )"
198.54.114.83 - - [17/Apr/2025:13:21:20 -0400] "POST /wp-cron.php?doing_wp_cron=1744910476.6980268955230712890625 HTTP/1.1" 200 0 "-" "WordPress/6.8; https://hylasmagazine.com"
216.244.66.200 - - [17/Apr/2025:13:38:52 -0400] "GET /robots.txt HTTP/1.1" 301 0 "-" "Mozilla/5.0 (compatible; DotBot/1.2; +https://opensiteexplorer.org/dotbot; help@moz.com)"
216.244.66.200 - - [17/Apr/2025:13:38:56 -0400] "GET /robots.txt HTTP/1.1" 304 0 "-" "Mozilla/5.0 (compatible; DotBot/1.2; +https://opensiteexplorer.org/dotbot; help@moz.com)"
43.129.38.128 - - [17/Apr/2025:13:41:53 -0400] "GET / HTTP/1.1" 200 98565 "-" "Mozilla/5.0 (iPhone; CPU iPhone OS 13_2_3 like Mac OS X) AppleWebKit/605.1.15 (KHTML, like Gecko) Version/13.0.3 Mobile/15E148 Safari/604.1"
20.191.45.212 - - [17/Apr/2025:13:51:37 -0400] "GET / HTTP/1.1" 200 98565 "http://hylasmagazine.com/" "DuckDuckBot/1.1; (+http://duckduckgo.com/duckduckbot.html)"
66.249.70.167 - - [17/Apr/2025:13:54:08 -0400] "GET /robots.txt HTTP/1.1" 301 0 "-" "Mozilla/5.0 (compatible; Googlebot/2.1; +http://www.google.com/bot.html)"
66.249.70.97 - - [17/Apr/2025:13:54:10 -0400] "GET /robots.txt HTTP/1.1" 200 128 "-" "Mozilla/5.0 (compatible; Googlebot/2.1; +http://www.google.com/bot.html)"
198.54.114.83 - - [17/Apr/2025:13:54:16 -0400] "POST /wp-cron.php?doing_wp_cron=1744912455.5557780265808105468750 HTTP/1.1" 200 0 "-" "WordPress/6.8; https://hylasmagazine.com"
66.249.70.165 - - [17/Apr/2025:13:54:11 -0400] "GET /ads.txt HTTP/1.1" 301 0 "-" "Mozilla/5.0 (compatible; Googlebot/2.1; +http://www.google.com/bot.html)"
66.249.70.96 - - [17/Apr/2025:13:54:18 -0400] "GET /ads.txt HTTP/1.1" 404 32229 "-" "Mozilla/5.0 (compatible; Googlebot/2.1; +http://www.google.com/bot.html)"
146.120.161.147 - - [17/Apr/2025:13:57:04 -0400] "GET /a-manual-for-supplanting-your-carport-entryway/ HTTP/1.1" 200 36743 "http://hylasmagazine.com/a-manual-for-supplanting-your-carport-entryway/" "Mozilla/5.0 (Windows NT 6.3; Win64; x64) AppleWebKit/537.36 (KHTML, like Gecko) Chrome/103.0.5060.53 Safari/537.36"
146.120.161.147 - - [17/Apr/2025:13:57:05 -0400] "POST /wp-comments-post.php HTTP/1.1" 302 0 "http://hylasmagazine.com/a-manual-for-supplanting-your-carport-entryway/" "Mozilla/5.0 (Windows NT 6.3; Win64; x64) AppleWebKit/537.36 (KHTML, like Gecko) Chrome/103.0.5060.53 Safari/537.36"
2a12:6745:7ca1:f778:caa6:54a7:c474:a370 - - [17/Apr/2025:14:01:20 -0400] "GET /a-manual-for-supplanting-your-carport-entryway/ HTTP/1.1" 200 36743 "http://hylasmagazine.com/a-manual-for-supplanting-your-carport-entryway/" "Mozilla/5.0 (Windows NT 10.0; Win64; x64) AppleWebKit/537.36 (KHTML, like Gecko) Chrome/131.0.0.0 Safari/537.36"
198.54.114.83 - - [17/Apr/2025:14:01:26 -0400] "POST /wp-cron.php?doing_wp_cron=1744912884.5044069290161132812500 HTTP/1.1" 200 0 "-" "WordPress/6.8; https://hylasmagazine.com"
2a12:6745:7ca1:f778:caa6:54a7:c474:a370 - - [17/Apr/2025:14:01:24 -0400] "POST /wp-comments-post.php HTTP/1.1" 302 0 "http://hylasmagazine.com/a-manual-for-supplanting-your-carport-entryway/" "Mozilla/5.0 (Windows NT 10.0; Win64; x64) AppleWebKit/537.36 (KHTML, like Gecko) Chrome/131.0.0.0 Safari/537.36"
216.244.66.200 - - [17/Apr/2025:14:26:30 -0400] "GET /robots.txt HTTP/1.1" 301 0 "-" "Mozilla/5.0 (compatible; DotBot/1.2; +https://opensiteexplorer.org/dotbot; help@moz.com)"
216.244.66.200 - - [17/Apr/2025:14:26:30 -0400] "GET /robots.txt HTTP/1.1" 304 0 "-" "Mozilla/5.0 (compatible; DotBot/1.2; +https://opensiteexplorer.org/dotbot; help@moz.com)"
216.244.66.200 - - [17/Apr/2025:14:26:32 -0400] "GET /robots.txt HTTP/1.1" 304 0 "-" "Mozilla/5.0 (compatible; DotBot/1.2; +https://opensiteexplorer.org/dotbot; help@moz.com)"
85.208.98.23 - - [17/Apr/2025:14:31:46 -0400] "GET /robots.txt HTTP/1.1" 304 0 "-" "Mozilla/5.0 (compatible; SemrushBot-BA; +http://www.semrush.com/bot.html)"
95.216.21.240 - - [17/Apr/2025:14:58:44 -0400] "GET /a-manual-for-supplanting-your-carport-entryway/ HTTP/1.1" 200 36743 "http://hylasmagazine.com/a-manual-for-supplanting-your-carport-entryway/" "Mozilla/5.0 (Windows NT 10.0; Win64; x64) AppleWebKit/537.36 (KHTML, like Gecko) Chrome/130.0.0.0 Safari/537.36 CCleaner/130.0.0.0"
95.216.21.240 - - [17/Apr/2025:14:59:04 -0400] "POST /wp-comments-post.php HTTP/1.1" 200 1168 "http://hylasmagazine.com/a-manual-for-supplanting-your-carport-entryway/" "Mozilla/5.0 (Windows NT 10.0; Win64; x64) AppleWebKit/537.36 (KHTML, like Gecko) Chrome/130.0.0.0 Safari/537.36 CCleaner/130.0.0.0"
198.54.114.83 - - [17/Apr/2025:14:59:09 -0400] "POST /wp-cron.php?doing_wp_cron=1744916346.4062960147857666015625 HTTP/1.1" 200 0 "-" "WordPress/6.8; https://hylasmagazine.com"
216.244.66.200 - - [17/Apr/2025:15:12:53 -0400] "GET /robots.txt HTTP/1.1" 304 0 "-" "Mozilla/5.0 (compatible; DotBot/1.2; +https://opensiteexplorer.org/dotbot; help@moz.com)"
198.54.114.83 - - [17/Apr/2025:15:34:37 -0400] "POST /wp-cron.php?doing_wp_cron=1744918475.8549430370330810546875 HTTP/1.1" 200 0 "-" "WordPress/6.8; https://hylasmagazine.com"
216.244.66.200 - - [17/Apr/2025:15:34:35 -0400] "GET /le-maitre-des-illusions-lartiste-enigmatique/ HTTP/1.1" 200 36396 "-" "Mozilla/5.0 (compatible; DotBot/1.2; +https://opensiteexplorer.org/dotbot; help@moz.com)"
43.130.139.177 - - [17/Apr/2025:15:36:27 -0400] "GET / HTTP/1.1" 200 98565 "-" "Mozilla/5.0 (iPhone; CPU iPhone OS 13_2_3 like Mac OS X) AppleWebKit/605.1.15 (KHTML, like Gecko) Version/13.0.3 Mobile/15E148 Safari/604.1"
34.228.41.37 - - [17/Apr/2025:16:08:36 -0400] "GET /.env HTTP/1.1" 200 0 "-" "Mozilla/5.0 (Macintosh; Intel Mac OS X 10.15; rv:77.0) Gecko/20100101 Firefox/77.0"
2602:fb54:35c:: - - [17/Apr/2025:16:09:21 -0400] "GET /wp-content/plugins/WordPressCore/include.php HTTP/1.1" 404 32231 "www.google.com" "Mozilla/5.0 (Linux; Android 7.0; SM-G892A Build/NRD90M; wv) AppleWebKit/537.36 (KHTML, like Gecko) Version/4.0 Chrome/60.0.3112.107 Mobile Safari/537.36"
198.54.114.83 - - [17/Apr/2025:16:10:19 -0400] "POST /wp-cron.php?doing_wp_cron=1744920619.7299270629882812500000 HTTP/1.1" 200 0 "-" "WordPress/6.8; https://hylasmagazine.com"
2602:fb54:35c:: - - [17/Apr/2025:16:10:19 -0400] "GET /simple.php HTTP/1.1" 404 32231 "www.google.com" "Mozilla/5.0 (Linux; Android 7.0; SM-G892A Build/NRD90M; wv) AppleWebKit/537.36 (KHTML, like Gecko) Version/4.0 Chrome/60.0.3112.107 Mobile Safari/537.36"
8.29.198.26 - - [17/Apr/2025:16:23:14 -0400] "GET /feed/ HTTP/1.1" 304 0 "-" "Feedly/1.0 (+http://www.feedly.com/fetcher.html; 1 subscribers; )"
52.167.144.228 - - [17/Apr/2025:16:45:40 -0400] "GET /sitemap.xml HTTP/1.1" 200 297 "-" "Mozilla/5.0 AppleWebKit/537.36 (KHTML, like Gecko; compatible; bingbot/2.0; +http://www.bing.com/bingbot.htm) Chrome/116.0.1938.76 Safari/537.36"
167.86.97.211 - - [17/Apr/2025:16:46:57 -0400] "GET /a-manual-for-supplanting-your-carport-entryway/ HTTP/1.1" 200 36743 "http://hylasmagazine.com/a-manual-for-supplanting-your-carport-entryway/" "Mozilla/5.0 (Windows NT 10.0; Win64; x64) AppleWebKit/537.36 (KHTML, like Gecko) Chrome/131.0.0.0 Safari/537.36 Avast/131.0.0.0"
216.244.66.200 - - [17/Apr/2025:16:46:58 -0400] "GET /robots.txt HTTP/1.1" 301 0 "-" "Mozilla/5.0 (compatible; DotBot/1.2; +https://opensiteexplorer.org/dotbot; help@moz.com)"
216.244.66.200 - - [17/Apr/2025:16:46:58 -0400] "GET /robots.txt HTTP/1.1" 304 0 "-" "Mozilla/5.0 (compatible; DotBot/1.2; +https://opensiteexplorer.org/dotbot; help@moz.com)"
167.86.97.211 - - [17/Apr/2025:16:46:59 -0400] "POST /wp-comments-post.php HTTP/1.1" 200 1168 "http://hylasmagazine.com/a-manual-for-supplanting-your-carport-entryway/" "Mozilla/5.0 (Windows NT 10.0; Win64; x64) AppleWebKit/537.36 (KHTML, like Gecko) Chrome/131.0.0.0 Safari/537.36 Avast/131.0.0.0"
2a12:8ec6:3e99:f4bb:78b4:1dc6:367a:7c55 - - [17/Apr/2025:16:54:37 -0400] "GET /the-rise-of-online-betting-platforms/ HTTP/1.1" 200 37185 "http://hylasmagazine.com/the-rise-of-online-betting-platforms/" "Mozilla/5.0 (Windows NT 10.0; Win64; x64) AppleWebKit/537.36 (KHTML, like Gecko) Chrome/131.0.0.0 Safari/537.36 Avast/131.0.0.0"
2a12:8103:b47a:8112:c797:9fd9:1f4c:9b44 - - [17/Apr/2025:16:54:38 -0400] "POST /wp-comments-post.php HTTP/1.1" 302 0 "http://hylasmagazine.com/the-rise-of-online-betting-platforms/" "Mozilla/5.0 (Windows NT 10.0; Win64; x64) AppleWebKit/537.36 (KHTML, like Gecko) Chrome/131.0.0.0 Safari/537.36 Avast/131.0.0.0"
198.54.114.83 - - [17/Apr/2025:17:11:00 -0400] "POST /wp-cron.php?doing_wp_cron=1744924260.1626060009002685546875 HTTP/1.1" 200 0 "-" "WordPress/6.8; https://hylasmagazine.com"
202.69.38.12 - - [17/Apr/2025:17:10:55 -0400] "GET /wp-login.php HTTP/1.1" 302 0 "-" "Mozilla/5.0 (X11; Linux x86_64; rv:121.0) Gecko/20100101 Firefox/121.0"
202.69.38.12 - - [17/Apr/2025:17:11:02 -0400] "POST /wp-login.php HTTP/1.1" 200 0 "-" "Mozilla/5.0 (X11; Linux x86_64; rv:121.0) Gecko/20100101 Firefox/121.0"
103.131.71.82 - - [17/Apr/2025:17:14:17 -0400] "GET /robots.txt HTTP/1.1" 200 128 "-" "Mozilla/5.0 (compatible; coccocbot-web/1.0; +http://help.coccoc.com/searchengine)"
216.244.66.200 - - [17/Apr/2025:17:34:05 -0400] "GET /robots.txt HTTP/1.1" 200 128 "-" "Mozilla/5.0 (compatible; DotBot/1.2; +https://opensiteexplorer.org/dotbot; help@moz.com)"
216.244.66.200 - - [17/Apr/2025:17:34:05 -0400] "GET /robots.txt HTTP/1.1" 301 0 "-" "Mozilla/5.0 (compatible; DotBot/1.2; +https://opensiteexplorer.org/dotbot; help@moz.com)"
13.90.159.79 - - [17/Apr/2025:17:38:41 -0400] "GET /wp-includes/block-bindings/ HTTP/1.1" 403 1242 "-" "-"
13.90.159.79 - - [17/Apr/2025:17:38:43 -0400] "GET /wp-content/themes/pridmag/ HTTP/1.1" 404 32228 "-" "-"
13.90.159.79 - - [17/Apr/2025:17:38:44 -0400] "GET /wp-setting.php HTTP/1.1" 404 32228 "-" "-"
13.90.159.79 - - [17/Apr/2025:17:38:45 -0400] "GET /wp-content/themes/alera/ HTTP/1.1" 404 32229 "-" "-"
13.90.159.79 - - [17/Apr/2025:17:38:46 -0400] "GET /wp-content/plugins/elementor/assets/images/app/ HTTP/1.1" 404 32229 "-" "-"
13.90.159.79 - - [17/Apr/2025:17:38:47 -0400] "GET /wp-comments-pos.php HTTP/1.1" 404 32229 "-" "-"
13.90.159.79 - - [17/Apr/2025:17:38:49 -0400] "GET /wp-content/themes/ripro/inc/admin/ HTTP/1.1" 404 32229 "-" "-"
13.90.159.79 - - [17/Apr/2025:17:38:50 -0400] "GET /wp-includes/l10n/ HTTP/1.1" 403 1242 "-" "-"
13.90.159.79 - - [17/Apr/2025:17:38:50 -0400] "GET /index/b/home/h213348220/fundlead.ru/docs/wp-admin/includes/ HTTP/1.1" 404 32229 "-" "-"
13.90.159.79 - - [17/Apr/2025:17:38:52 -0400] "GET /wp-includes/blocks/archives/ HTTP/1.1" 403 1242 "-" "-"
13.90.159.79 - - [17/Apr/2025:17:38:53 -0400] "GET /wp-includes/sodium_compat/namespaced/ HTTP/1.1" 403 1242 "-" "-"
13.90.159.79 - - [17/Apr/2025:17:38:53 -0400] "GET /wp-includes/blocks/latest-comments/ HTTP/1.1" 403 1242 "-" "-"
13.90.159.79 - - [17/Apr/2025:17:38:53 -0400] "GET /wp-content/plugins/woocommerce/assets/client/blocks/products-by-attribute/ HTTP/1.1" 404 32229 "-" "-"
13.90.159.79 - - [17/Apr/2025:17:38:55 -0400] "GET /wp-content/uploads/2023/03/ HTTP/1.1" 403 1242 "-" "-"
13.90.159.79 - - [17/Apr/2025:17:38:55 -0400] "GET /wp-content/themes/seotheme/ HTTP/1.1" 404 32235 "-" "-"
13.90.159.79 - - [17/Apr/2025:17:38:56 -0400] "GET /Content/UserFiles/News/Orjinal/ HTTP/1.1" 404 32229 "-" "-"
13.90.159.79 - - [17/Apr/2025:17:38:58 -0400] "GET /wp-content/themes/sketch/ HTTP/1.1" 404 32229 "-" "-"
13.90.159.79 - - [17/Apr/2025:17:39:00 -0400] "GET /wp-includes/images/wlw/ HTTP/1.1" 404 32230 "-" "-"
13.90.159.79 - - [17/Apr/2025:17:39:01 -0400] "GET /templates/p/snippets/g8ofh3h3db/raw/ HTTP/1.1" 404 32229 "-" "-"
13.90.159.79 - - [17/Apr/2025:17:39:02 -0400] "GET /wp-content/ HTTP/1.1" 200 0 "-" "-"
13.90.159.79 - - [17/Apr/2025:17:39:02 -0400] "GET /wp-content/plugins/elementor/assets/images/ HTTP/1.1" 404 32229 "-" "-"
13.90.159.79 - - [17/Apr/2025:17:39:03 -0400] "GET /wp-includes/images/ HTTP/1.1" 403 1242 "-" "-"
13.90.159.79 - - [17/Apr/2025:17:39:04 -0400] "GET /wp-link.php/wp-content/plugins/wp-content/uploads/wp_live_chat/ HTTP/1.1" 404 32229 "-" "-"
13.90.159.79 - - [17/Apr/2025:17:39:05 -0400] "GET /wp-cro.php/ HTTP/1.1" 404 32229 "-" "-"
13.90.159.79 - - [17/Apr/2025:17:39:06 -0400] "GET /wp-includes/Requests/abou.php/ HTTP/1.1" 404 32228 "-" "-"
13.90.159.79 - - [17/Apr/2025:17:39:07 -0400] "GET /wordpress/wp-includes/js/mediaelement/renderers/ HTTP/1.1" 404 32231 "-" "-"
13.90.159.79 - - [17/Apr/2025:17:39:08 -0400] "GET /wp-content/plugins/oxygen/component-framework/components/classes/gallery/photoswipe/ HTTP/1.1" 404 32236 "-" "-"
13.90.159.79 - - [17/Apr/2025:17:39:10 -0400] "GET /map.php HTTP/1.1" 404 32229 "-" "-"
13.90.159.79 - - [17/Apr/2025:17:39:11 -0400] "GET /wp-includes/block-patterns/ HTTP/1.1" 403 1242 "-" "-"
13.90.159.79 - - [17/Apr/2025:17:39:12 -0400] "GET /wp-content/plugins/elementor-pro/modules/woocommerce/skins/ HTTP/1.1" 404 32228 "-" "-"
13.90.159.79 - - [17/Apr/2025:17:39:13 -0400] "GET /wp-content/plugins/seo-by-rank-math/vendor/woocommerce/ HTTP/1.1" 404 32228 "-" "-"
13.90.159.79 - - [17/Apr/2025:17:39:14 -0400] "GET /wp-admin/css/colors/sunrise/ HTTP/1.1" 403 1242 "-" "-"
13.90.159.79 - - [17/Apr/2025:17:39:15 -0400] "GET /wp-content/plugins/ultimate-addons-for-gutenberg/blocks-config/uagb-controls/ HTTP/1.1" 404 32229 "-" "-"
13.90.159.79 - - [17/Apr/2025:17:39:16 -0400] "GET /wp-includes/rest-api/ HTTP/1.1" 403 1242 "-" "-"
198.54.114.83 - - [17/Apr/2025:17:39:17 -0400] "POST /wp-cron.php?doing_wp_cron=1744925957.5642180442810058593750 HTTP/1.1" 200 0 "-" "WordPress/6.8; https://hylasmagazine.com"
13.90.159.79 - - [17/Apr/2025:17:39:17 -0400] "GET /wp-content/themes/twenty/ HTTP/1.1" 404 32228 "-" "-"
13.90.159.79 - - [17/Apr/2025:17:39:18 -0400] "GET /wp-includes/js/tinymce/themes/inlite/ HTTP/1.1" 403 1242 "-" "-"
13.90.159.79 - - [17/Apr/2025:17:39:19 -0400] "GET /wp-includes/blocks/ HTTP/1.1" 200 22 "-" "-"
13.90.159.79 - - [17/Apr/2025:17:39:20 -0400] "GET /wp-content/themes/ HTTP/1.1" 200 0 "-" "-"
13.90.159.79 - - [17/Apr/2025:17:39:20 -0400] "GET /newlms/assets/frontend/ HTTP/1.1" 404 32229 "-" "-"
13.90.159.79 - - [17/Apr/2025:17:39:22 -0400] "GET /wp-includes/theme-compat/ HTTP/1.1" 403 1242 "-" "-"
13.90.159.79 - - [17/Apr/2025:17:39:23 -0400] "GET /wp-content/plugins/shell/ HTTP/1.1" 404 32229 "-" "-"
13.90.159.79 - - [17/Apr/2025:17:39:23 -0400] "GET /wp-content/themes/blocksy/static/sass/frontend/6-layout/entries/ HTTP/1.1" 404 32228 "-" "-"
13.90.159.79 - - [17/Apr/2025:17:39:25 -0400] "GET /wp-admin/images/ HTTP/1.1" 403 1242 "-" "-"
13.90.159.79 - - [17/Apr/2025:17:39:25 -0400] "GET /wp-includes/Requests/abou.php/ HTTP/1.1" 404 32228 "-" "-"
13.90.159.79 - - [17/Apr/2025:17:39:25 -0400] "GET /wp/wp-content/themes/twentytwenty/template-parts/ HTTP/1.1" 404 32229 "-" "-"
13.90.159.79 - - [17/Apr/2025:17:39:26 -0400] "GET /wp-includes/js/dist/ HTTP/1.1" 403 1242 "-" "-"
13.90.159.79 - - [17/Apr/2025:17:39:26 -0400] "GET /wp-includes/ID3/ HTTP/1.1" 403 1242 "-" "-"
13.90.159.79 - - [17/Apr/2025:17:39:26 -0400] "GET /wp-content/plugins/erinyani/ HTTP/1.1" 404 32229 "-" "-"
13.90.159.79 - - [17/Apr/2025:17:39:27 -0400] "GET /wp-content/plugins/wordpress-seo/vendor_prefixed/symfony/ HTTP/1.1" 403 1242 "-" "-"
13.90.159.79 - - [17/Apr/2025:17:39:29 -0400] "GET /admin/ HTTP/1.1" 302 0 "-" "-"
13.90.159.79 - - [17/Apr/2025:17:39:30 -0400] "GET /.well-known/acme-challenge/action=./ HTTP/1.1" 404 32228 "-" "-"
13.90.159.79 - - [17/Apr/2025:17:39:31 -0400] "GET /wp-includes/images/smilies/ HTTP/1.1" 403 1242 "-" "-"
13.90.159.79 - - [17/Apr/2025:17:39:32 -0400] "GET /vendor/symfony/serializer/Mapping/ HTTP/1.1" 404 32229 "-" "-"
13.90.159.79 - - [17/Apr/2025:17:39:33 -0400] "GET /wp-content/themes/blocksy/ HTTP/1.1" 404 32229 "-" "-"
13.90.159.79 - - [17/Apr/2025:17:39:34 -0400] "GET /wp-includes/sodium_compat/ HTTP/1.1" 403 1242 "-" "-"
13.90.159.79 - - [17/Apr/2025:17:39:34 -0400] "GET /assets/admin/plugins/ckeditor/plugins/scayt/dialogs/dialogs/ HTTP/1.1" 404 32229 "-" "-"
13.90.159.79 - - [17/Apr/2025:17:39:35 -0400] "GET /wp-includes/interactivity-api/ HTTP/1.1" 403 1242 "-" "-"
13.90.159.79 - - [17/Apr/2025:17:39:35 -0400] "GET /wp-admin/network/ HTTP/1.1" 302 0 "-" "-"
13.90.159.79 - - [17/Apr/2025:17:39:37 -0400] "GET /wp-includes/js/tinymce/plugins/image/ HTTP/1.1" 403 1242 "-" "-"
13.90.159.79 - - [17/Apr/2025:17:39:37 -0400] "GET /wp-includes/Requests/Response/ HTTP/1.1" 404 32228 "-" "-"
13.90.159.79 - - [17/Apr/2025:17:39:38 -0400] "GET /wp-includes/SimplePie/ HTTP/1.1" 403 1242 "-" "-"
13.90.159.79 - - [17/Apr/2025:17:39:38 -0400] "GET /files/ HTTP/1.1" 404 32228 "-" "-"
13.90.159.79 - - [17/Apr/2025:17:39:39 -0400] "GET /wp-includes/Text/Diff/Engine/ HTTP/1.1" 403 1242 "-" "-"
13.90.159.79 - - [17/Apr/2025:17:39:39 -0400] "GET /wp-includes/SimplePie/HTTP/ HTTP/1.1" 404 32227 "-" "-"
13.90.159.79 - - [17/Apr/2025:17:39:40 -0400] "GET /wp-content/uploads/2023/ HTTP/1.1" 403 1242 "-" "-"
13.90.159.79 - - [17/Apr/2025:17:39:40 -0400] "GET /wp-content/plugins/woocommerce/includes/gateways/ HTTP/1.1" 404 32229 "-" "-"
13.90.159.79 - - [17/Apr/2025:17:39:42 -0400] "GET /wp-admin/ HTTP/1.1" 302 0 "-" "-"
13.90.159.79 - - [17/Apr/2025:17:39:43 -0400] "GET /wp-content/fonts//wp-content/fonts/ HTTP/1.1" 301 0 "-" "-"
13.90.159.79 - - [17/Apr/2025:17:39:44 -0400] "GET /wp-content/fonts/wp-content/fonts/ HTTP/1.1" 404 32236 "-" "-"
13.90.159.79 - - [17/Apr/2025:17:39:45 -0400] "GET /images/icons/rouyg/hppd/ HTTP/1.1" 404 32229 "-" "-"
13.90.159.79 - - [17/Apr/2025:17:39:46 -0400] "GET /wp-includes/blocks/freeform/ HTTP/1.1" 403 1242 "-" "-"
13.90.159.79 - - [17/Apr/2025:17:39:46 -0400] "GET /wp-content/plugins/insert-headers-and-footers/includes/auto-insert/ HTTP/1.1" 404 32229 "-" "-"
13.90.159.79 - - [17/Apr/2025:17:39:46 -0400] "GET /wp-content/upgrade/ HTTP/1.1" 403 1242 "-" "-"
13.90.159.79 - - [17/Apr/2025:17:39:47 -0400] "GET /wp-content/themes/twentytwenty/ HTTP/1.1" 404 32229 "-" "-"
13.90.159.79 - - [17/Apr/2025:17:39:47 -0400] "GET /wp-content/plugins/ HTTP/1.1" 200 0 "-" "-"
13.90.159.79 - - [17/Apr/2025:17:39:48 -0400] "GET /wp-includesmaps/p/snippets/g8ofh3h3db/raw/ HTTP/1.1" 404 32236 "-" "-"
13.90.159.79 - - [17/Apr/2025:17:39:48 -0400] "GET /wp-content/plugins/file-manager-advanced/application/library/codemirror/mode/jsx/ HTTP/1.1" 404 32229 "-" "-"
13.90.159.79 - - [17/Apr/2025:17:39:49 -0400] "GET /templates/ja_purity/ HTTP/1.1" 404 32229 "-" "-"
13.90.159.79 - - [17/Apr/2025:17:39:50 -0400] "GET /wp-admin/css/colors/light/ HTTP/1.1" 403 1242 "-" "-"
13.90.159.79 - - [17/Apr/2025:17:39:51 -0400] "GET /cgi-bin/ HTTP/1.1" 500 105 "-" "-"
13.90.159.79 - - [17/Apr/2025:17:39:51 -0400] "GET /wp-includes/assets/ HTTP/1.1" 403 1242 "-" "-"
13.90.159.79 - - [17/Apr/2025:17:39:51 -0400] "GET /wp-admin/css/colors/ HTTP/1.1" 403 1242 "-" "-"
13.90.159.79 - - [17/Apr/2025:17:39:51 -0400] "GET /wp-content/plugins/generateblocks/src/components/unit-picker/ HTTP/1.1" 404 32229 "-" "-"
13.90.159.79 - - [17/Apr/2025:17:39:52 -0400] "GET /wp-includesmaps/ HTTP/1.1" 404 32229 "-" "-"
13.90.159.79 - - [17/Apr/2025:17:39:52 -0400] "GET /wp-include.php HTTP/1.1" 404 32229 "-" "-"
13.90.159.79 - - [17/Apr/2025:17:39:53 -0400] "GET /wp-includes/css/ HTTP/1.1" 403 1242 "-" "-"
13.90.159.79 - - [17/Apr/2025:17:39:54 -0400] "GET /sos/NewTheme/images/VillagesPictures/Dhodial/Dhodial/ HTTP/1.1" 404 32229 "-" "-"
13.90.159.79 - - [17/Apr/2025:17:39:54 -0400] "GET /wp-includes/css/dist/block-library/ HTTP/1.1" 403 1242 "-" "-"
13.90.159.79 - - [17/Apr/2025:17:39:55 -0400] "GET /wp-admin/css/ HTTP/1.1" 403 1242 "-" "-"
13.90.159.79 - - [17/Apr/2025:17:39:55 -0400] "GET /wp-includes/block-supports/ HTTP/1.1" 403 1242 "-" "-"
13.90.159.79 - - [17/Apr/2025:17:39:55 -0400] "GET /wp-includes/certificates/ HTTP/1.1" 403 1242 "-" "-"
13.90.159.79 - - [17/Apr/2025:17:39:55 -0400] "GET /wp-content/plugins/bdthemes-element-pack/modules/review-card/ HTTP/1.1" 404 32228 "-" "-"
13.90.159.79 - - [17/Apr/2025:17:39:56 -0400] "GET /wp-content/plugins/w3-total-cache/lib/Aws/Aws/Api/Parser/ HTTP/1.1" 404 32228 "-" "-"
13.90.159.79 - - [17/Apr/2025:17:39:57 -0400] "GET /assets/css/ HTTP/1.1" 404 32229 "-" "-"
13.90.159.79 - - [17/Apr/2025:17:39:58 -0400] "GET /wp-content/themes/twentytwentyfive/styles/sections/ HTTP/1.1" 404 32229 "-" "-"
13.90.159.79 - - [17/Apr/2025:17:39:59 -0400] "GET /wp-includes/js/tinymce/utils/ HTTP/1.1" 403 1242 "-" "-"
13.90.159.79 - - [17/Apr/2025:17:39:59 -0400] "GET /wp-includes/blocks/file/ HTTP/1.1" 403 1242 "-" "-"
13.90.159.79 - - [17/Apr/2025:17:39:59 -0400] "GET /wp-content/themes/astra/inc/modules/ HTTP/1.1" 404 32230 "-" "-"
13.90.159.79 - - [17/Apr/2025:17:40:00 -0400] "GET /wp-mai.php HTTP/1.1" 404 32230 "-" "-"
13.90.159.79 - - [17/Apr/2025:17:40:01 -0400] "GET /wp-taglin.php HTTP/1.1" 404 32231 "-" "-"
13.90.159.79 - - [17/Apr/2025:17:40:05 -0400] "GET /wp-editor.php HTTP/1.1" 404 32230 "-" "-"
13.90.159.79 - - [17/Apr/2025:17:40:06 -0400] "GET /wp-content/themes/twentytwentyfour/ HTTP/1.1" 404 32230 "-" "-"
13.90.159.79 - - [17/Apr/2025:17:40:07 -0400] "GET /wp-includes/js/tinymce/plugins/wpeditimage/wpeditimage/ HTTP/1.1" 404 32237 "-" "-"
13.90.159.79 - - [17/Apr/2025:17:40:09 -0400] "GET /wp-content/plugins/wp-table-builder/inc/core/freemius/assets/img/ HTTP/1.1" 404 32231 "-" "-"
13.90.159.79 - - [17/Apr/2025:17:40:10 -0400] "GET /wp-activat.php HTTP/1.1" 404 32231 "-" "-"
13.90.159.79 - - [17/Apr/2025:17:40:11 -0400] "GET /wp-includes/blocks/embed/ HTTP/1.1" 403 1242 "-" "-"
13.90.159.79 - - [17/Apr/2025:17:40:12 -0400] "GET /wp-content/plugins/revslider/public/assets/js/libs/ HTTP/1.1" 404 32230 "-" "-"
