91.239.130.201 - - [19/Apr/2025:18:22:44 -0400] "GET /olux.php HTTP/1.1" 404 32227 "-" "Mozilla/5.0 (Windows NT 10.0; Win64; x64; rv:72.0) Gecko/20100101 Firefox/72.0"
52.169.148.78 - - [19/Apr/2025:18:22:44 -0400] "GET /.well-known/acme-challenge/xmrlpc.php HTTP/1.1" 404 32227 "-" "-"
52.169.148.78 - - [19/Apr/2025:18:22:45 -0400] "GET /.well-known/acme-challenge/xp.php HTTP/1.1" 404 32234 "-" "-"
91.239.130.203 - - [19/Apr/2025:18:22:45 -0400] "GET /indoxploit.php HTTP/1.1" 404 32228 "-" "Mozilla/5.0 (Windows NT 6.1; Win64; x64) AppleWebKit/537.36 (KHTML, like Gecko) Chrome/80.0.3987.149 Safari/537.36"
198.54.114.83 - - [19/Apr/2025:18:22:48 -0400] "POST /wp-cron.php?doing_wp_cron=1745101367.1535050868988037109375 HTTP/1.1" 200 0 "-" "WordPress/6.8; https://hylasmagazine.com"
91.239.130.203 - - [19/Apr/2025:18:22:47 -0400] "GET /wso.php HTTP/1.1" 404 32228 "-" "Mozilla/5.0 (Macintosh; Intel Mac OS X 10_15_6) AppleWebKit/537.36 (KHTML, like Gecko) Chrome/84.0.4147.105 Safari/537.36"
52.169.148.78 - - [19/Apr/2025:18:22:46 -0400] "GET /.well-known/admin.php HTTP/1.1" 404 32228 "-" "-"
52.169.148.78 - - [19/Apr/2025:18:22:49 -0400] "GET /.well-known/apap.php HTTP/1.1" 404 32227 "-" "-"
91.239.130.203 - - [19/Apr/2025:18:22:49 -0400] "GET /upload.php HTTP/1.1" 404 32227 "-" "Mozilla/5.0 (Windows NT 10.0; WOW64) AppleWebKit/537.36 (KHTML, like Gecko) Chrome/84.0.4147.105 Safari/537.36"
52.169.148.78 - - [19/Apr/2025:18:22:50 -0400] "GET /.well-known/as.php HTTP/1.1" 404 32228 "-" "-"
91.239.130.201 - - [19/Apr/2025:18:22:51 -0400] "GET /wp-admin/css/colors/blue/blue.php HTTP/1.1" 404 32228 "-" "Mozilla/5.0 (Windows NT 10.0) AppleWebKit/537.36 (KHTML, like Gecko) Chrome/84.0.4147.105 Safari/537.36"
52.169.148.78 - - [19/Apr/2025:18:22:52 -0400] "GET /.well-known/autoload_classmap.php HTTP/1.1" 404 32228 "-" "-"
91.239.130.201 - - [19/Apr/2025:18:22:52 -0400] "GET /uploader.php HTTP/1.1" 404 32228 "-" "Mozilla/5.0 (Windows NT 10.0; Win64; x64; rv:72.0) Gecko/20100101 Firefox/72.0"
52.169.148.78 - - [19/Apr/2025:18:22:54 -0400] "GET /.well-known/content.php HTTP/1.1" 404 32228 "-" "-"
52.169.148.78 - - [19/Apr/2025:18:22:57 -0400] "GET /.well-known/fierzashell.php HTTP/1.1" 404 32228 "-" "-"
52.169.148.78 - - [19/Apr/2025:18:22:59 -0400] "GET /.well-known/file.php HTTP/1.1" 404 32231 "-" "-"
52.169.148.78 - - [19/Apr/2025:18:23:01 -0400] "GET /.well-known/fm.php HTTP/1.1" 404 32230 "-" "-"
91.239.130.201 - - [19/Apr/2025:18:23:01 -0400] "GET /1337.php HTTP/1.1" 404 32230 "-" "Mozilla/5.0 (Windows NT 10.0; Win64; x64) AppleWebKit/537.36 (KHTML, like Gecko) Chrome/74.0.3729.157 Safari/537.36"
52.169.148.78 - - [19/Apr/2025:18:23:03 -0400] "GET /.well-known/index.php HTTP/1.1" 301 0 "-" "-"
91.239.130.201 - - [19/Apr/2025:18:23:03 -0400] "GET /user.php HTTP/1.1" 404 32230 "-" "Mozilla/5.0 (Windows NT 10.0; Win64; x64) AppleWebKit/537.36 (KHTML, like Gecko) Chrome/70.0.3538.110 Safari/537.36"
52.169.148.78 - - [19/Apr/2025:18:23:05 -0400] "GET /.well-known/ HTTP/1.1" 404 32229 "-" "-"
91.239.130.203 - - [19/Apr/2025:18:23:06 -0400] "GET /wp-info.php HTTP/1.1" 404 32229 "-" "Mozilla/5.0 (X11; Linux x86_64) AppleWebKit/537.36 (KHTML, like Gecko) Chrome/84.0.4147.105 Safari/537.36"
52.169.148.78 - - [19/Apr/2025:18:23:06 -0400] "GET /.well-known/index.php?p= HTTP/1.1" 301 0 "-" "-"
52.169.148.78 - - [19/Apr/2025:18:23:07 -0400] "GET /.well-known/ HTTP/1.1" 404 32229 "-" "-"
91.239.130.203 - - [19/Apr/2025:18:23:07 -0400] "GET /wxo.php HTTP/1.1" 404 32229 "-" "Mozilla/5.0 (X11; Linux x86_64) AppleWebKit/537.36 (KHTML, like Gecko) Chrome/84.0.4147.105 Safari/537.36"
52.169.148.78 - - [19/Apr/2025:18:23:07 -0400] "GET /.well-known/link.php HTTP/1.1" 404 32238 "-" "-"
91.239.130.203 - - [19/Apr/2025:18:23:08 -0400] "GET /amigo.php HTTP/1.1" 404 32231 "-" "Mozilla/5.0 (Windows NT 10.0; Win64; x64; rv:67.0) Gecko/20100101 Firefox/67.0"
52.169.148.78 - - [19/Apr/2025:18:23:08 -0400] "GET /.well-known/lofmebwd.php HTTP/1.1" 404 32230 "-" "-"
91.239.130.201 - - [19/Apr/2025:18:23:09 -0400] "GET /yoi.php HTTP/1.1" 404 32230 "-" "Mozilla/5.0 (Windows NT 6.1; Win64; x64) AppleWebKit/537.36 (KHTML, like Gecko) Chrome/74.0.3729.169 Safari/537.36"
52.169.148.78 - - [19/Apr/2025:18:23:09 -0400] "GET /.well-known/lv.php HTTP/1.1" 404 32230 "-" "-"
91.239.130.201 - - [19/Apr/2025:18:23:10 -0400] "GET /wp-admin/codeboy1877_up.php HTTP/1.1" 404 32236 "-" "Mozilla/5.0 (Windows NT 10.0; Win64; x64) AppleWebKit/537.36 (KHTML, like Gecko) Chrome/74.0.3729.169 Safari/537.36"
52.169.148.78 - - [19/Apr/2025:18:23:11 -0400] "GET /.well-known/pki-validation/ HTTP/1.1" 404 1251 "-" "-"
52.169.148.78 - - [19/Apr/2025:18:23:11 -0400] "GET /.well-known/pki-validation//parx.php HTTP/1.1" 404 1251 "-" "-"
52.169.148.78 - - [19/Apr/2025:18:23:12 -0400] "GET /.well-known/pki-validation/43e0da16-f4f8-4f0a-91d6-f41bf52aec3f.php HTTP/1.1" 404 1251 "-" "-"
91.239.130.201 - - [19/Apr/2025:18:23:11 -0400] "GET /wp-includes/codeboy1877_up.php HTTP/1.1" 404 32229 "-" "Mozilla/5.0 (Windows NT 10.0; WOW64) AppleWebKit/537.36 (KHTML, like Gecko) Chrome/84.0.4147.105 Safari/537.36"
52.169.148.78 - - [19/Apr/2025:18:23:12 -0400] "GET /.well-known/pki-validation/about.php HTTP/1.1" 404 1251 "-" "-"
52.169.148.78 - - [19/Apr/2025:18:23:12 -0400] "GET /.well-known/pki-validation/admin.php HTTP/1.1" 404 1251 "-" "-"
91.239.130.201 - - [19/Apr/2025:18:23:12 -0400] "GET /wp-contentt.php HTTP/1.1" 404 32229 "-" "Mozilla/5.0 (Windows NT 10.0; WOW64; Trident/7.0; .NET4.0C; .NET4.0E; .NET CLR 2.0.50727; .NET CLR 3.0.30729; .NET CLR 3.5.30729; rv:11.0) like Gecko"
52.169.148.78 - - [19/Apr/2025:18:23:13 -0400] "GET /.well-known/pki-validation/afnew.php HTTP/1.1" 404 1251 "-" "-"
52.169.148.78 - - [19/Apr/2025:18:23:13 -0400] "GET /.well-known/pki-validation/cloud.php HTTP/1.1" 404 1251 "-" "-"
52.169.148.78 - - [19/Apr/2025:18:23:13 -0400] "GET /.well-known/pki-validation/cux.php HTTP/1.1" 404 1251 "-" "-"
52.169.148.78 - - [19/Apr/2025:18:23:14 -0400] "GET /.well-known/pki-validation/doc.php HTTP/1.1" 404 1251 "-" "-"
91.239.130.203 - - [19/Apr/2025:18:23:13 -0400] "GET /we1y8.php HTTP/1.1" 404 32229 "-" "Mozilla/5.0 (Windows NT 10.0; Win64; x64) AppleWebKit/537.36 (KHTML, like Gecko) Chrome/81.0.4044.129 Safari/537.36"
52.169.148.78 - - [19/Apr/2025:18:23:14 -0400] "GET /.well-known/pki-validation/dropdown.php?pass=yanz HTTP/1.1" 404 1251 "-" "-"
52.169.148.78 - - [19/Apr/2025:18:23:14 -0400] "GET /.well-known/pki-validation/file.php HTTP/1.1" 404 1251 "-" "-"
52.169.148.78 - - [19/Apr/2025:18:23:15 -0400] "GET /.well-known/pki-validation/index.php HTTP/1.1" 404 1251 "-" "-"
91.239.130.203 - - [19/Apr/2025:18:23:15 -0400] "GET /wp-content/iu.php HTTP/1.1" 404 32229 "-" "Mozilla/5.0 (Windows NT 10.0; Win64; x64; rv:73.0) Gecko/20100101 Firefox/73.0"
52.169.148.78 - - [19/Apr/2025:18:23:15 -0400] "GET /.well-known/pki-validation/muse.php HTTP/1.1" 404 1251 "-" "-"
52.169.148.78 - - [19/Apr/2025:18:23:16 -0400] "GET /.well-known/pki-validation/parx.php HTTP/1.1" 404 1251 "-" "-"
52.169.148.78 - - [19/Apr/2025:18:23:16 -0400] "GET /.well-known/pki-validation/plugins.php HTTP/1.1" 404 1251 "-" "-"
52.169.148.78 - - [19/Apr/2025:18:23:16 -0400] "GET /.well-known/pki-validation/pwnd.php HTTP/1.1" 404 1251 "-" "-"
52.169.148.78 - - [19/Apr/2025:18:23:17 -0400] "GET /.well-known/pki-validation/wp-error_log.php HTTP/1.1" 404 1251 "-" "-"
52.169.148.78 - - [19/Apr/2025:18:23:17 -0400] "GET /.well-known/pki-validation/wp-login.php HTTP/1.1" 404 1251 "-" "-"
52.169.148.78 - - [19/Apr/2025:18:23:17 -0400] "GET /.well-known/pki-validation/xmrlpc.php?p= HTTP/1.1" 404 1251 "-" "-"
91.239.130.203 - - [19/Apr/2025:18:23:16 -0400] "GET /ccx/th3_err0r.php HTTP/1.1" 404 32230 "-" "Mozilla/5.0 (Windows NT 10.0; Win64; x64) AppleWebKit/537.36 (KHTML, like Gecko) Chrome/84.0.4147.105 Safari/537.36"
52.169.148.78 - - [19/Apr/2025:18:23:17 -0400] "GET /.well-known/radio.php HTTP/1.1" 404 32229 "-" "-"
91.239.130.203 - - [19/Apr/2025:18:23:18 -0400] "GET /ccx/index.php HTTP/1.1" 301 0 "-" "Mozilla/5.0 (Windows NT 6.1; Win64; x64) AppleWebKit/537.36 (KHTML, like Gecko) Chrome/79.0.3945.130 Safari/537.36"
52.169.148.78 - - [19/Apr/2025:18:23:20 -0400] "GET /.well-known/s.php HTTP/1.1" 404 32231 "-" "-"
91.239.130.203 - - [19/Apr/2025:18:23:20 -0400] "GET /wp-content/codeboy1877_up.php HTTP/1.1" 404 32231 "-" "Mozilla/5.0 (Windows NT 10.0; Win64; x64) AppleWebKit/537.36 (KHTML, like Gecko) Chrome/79.0.3945.79 Safari/537.36"
52.169.148.78 - - [19/Apr/2025:18:23:22 -0400] "GET /.well-known/wp-login.php HTTP/1.1" 404 32229 "-" "-"
91.239.130.201 - - [19/Apr/2025:18:23:22 -0400] "GET /hehe.php HTTP/1.1" 404 32229 "-" "Mozilla/5.0 (Windows NT 10.0; Win64; x64) AppleWebKit/537.36 (KHTML, like Gecko) Chrome/58.0.3029.110 Safari/537.3"
52.169.148.78 - - [19/Apr/2025:18:23:23 -0400] "GET /.well-known/ws.php HTTP/1.1" 404 32227 "-" "-"
91.239.130.201 - - [19/Apr/2025:18:23:23 -0400] "GET /post-data.php HTTP/1.1" 404 32227 "-" "Mozilla/5.0 (X11; Fedora; Linux x86_64; rv:79.0) Gecko/20100101 Firefox/79.0"
91.239.130.201 - - [19/Apr/2025:18:23:25 -0400] "GET /w0.php HTTP/1.1" 404 32230 "-" "Mozilla/5.0 (Windows NT 6.1; Win64; x64) AppleWebKit/537.36 (KHTML, like Gecko) Chrome/78.0.3904.108 Safari/537.36"
52.169.148.78 - - [19/Apr/2025:18:23:26 -0400] "GET /.well-known/wso112233.php HTTP/1.1" 404 32230 "-" "-"
52.169.148.78 - - [19/Apr/2025:18:23:27 -0400] "GET /.well-knownold/wso112233.php HTTP/1.1" 404 32236 "-" "-"
91.239.130.201 - - [19/Apr/2025:18:23:27 -0400] "GET /old-index.php HTTP/1.1" 404 32229 "-" "Mozilla/5.0 (Windows NT 10.0; Win64; x64) AppleWebKit/537.36 (KHTML, like Gecko) Chrome/81.0.4044.129 Safari/537.36"
52.169.148.78 - - [19/Apr/2025:18:23:29 -0400] "GET /.wp-cli/wp-login.php HTTP/1.1" 404 32230 "-" "-"
91.239.130.203 - - [19/Apr/2025:18:23:30 -0400] "GET /wsanon.php HTTP/1.1" 404 32230 "-" "Mozilla/5.0 (X11; Fedora; Linux x86_64; rv:79.0) Gecko/20100101 Firefox/79.0"
52.169.148.78 - - [19/Apr/2025:18:23:31 -0400] "GET //.well-known/acme-challenge/cloud.php HTTP/1.1" 301 0 "-" "-"
91.239.130.203 - - [19/Apr/2025:18:23:32 -0400] "GET /wp-content/small.php HTTP/1.1" 404 32230 "-" "Mozilla/5.0 (Windows NT 10.0; Win64; x64) AppleWebKit/537.36 (KHTML, like Gecko) Chrome/83.0.4103.97 Safari/537.36"
52.169.148.78 - - [19/Apr/2025:18:23:33 -0400] "GET /.well-known/acme-challenge/cloud.php HTTP/1.1" 404 32227 "-" "-"
52.169.148.78 - - [19/Apr/2025:18:23:34 -0400] "GET //.well-known/acme-challenge/install.php HTTP/1.1" 301 0 "-" "-"
91.239.130.203 - - [19/Apr/2025:18:23:34 -0400] "GET /wp-content/mode.php HTTP/1.1" 404 32230 "-" "Mozilla/5.0 (Windows NT 10.0; Win64; x64; rv:74.0) Gecko/20100101 Firefox/74.0"
52.169.148.78 - - [19/Apr/2025:18:23:34 -0400] "GET /.well-known/acme-challenge/install.php HTTP/1.1" 404 32228 "-" "-"
91.239.130.201 - - [19/Apr/2025:18:23:35 -0400] "GET /indo.php HTTP/1.1" 404 32230 "-" "Mozilla/5.0 (Windows NT 6.1; Win64; x64) AppleWebKit/537.36 (KHTML, like Gecko) Chrome/79.0.3945.130 Safari/537.36"
52.169.148.78 - - [19/Apr/2025:18:23:35 -0400] "GET //.well-known/acme-challenge/my1.php HTTP/1.1" 301 0 "-" "-"
91.239.130.201 - - [19/Apr/2025:18:23:36 -0400] "GET /beence.php HTTP/1.1" 404 32230 "-" "Mozilla/5.0 (Windows NT 10.0; Win64; x64) AppleWebKit/537.36 (KHTML, like Gecko) Chrome/79.0.3945.130 Safari/537.36"
52.169.148.78 - - [19/Apr/2025:18:23:36 -0400] "GET /.well-known/acme-challenge/my1.php HTTP/1.1" 404 32229 "-" "-"
91.239.130.201 - - [19/Apr/2025:18:23:38 -0400] "GET /indosec.php HTTP/1.1" 404 32230 "-" "Mozilla/5.0 (Windows NT 10.0; Win64; x64; rv:79.0) Gecko/20100101 Firefox/79.0"
52.169.148.78 - - [19/Apr/2025:18:23:40 -0400] "GET //.well-known/acme-challenge/xmrlpc.php?p= HTTP/1.1" 301 0 "-" "-"
52.169.148.78 - - [19/Apr/2025:18:23:41 -0400] "GET /.well-known/acme-challenge/xmrlpc.php HTTP/1.1" 404 32227 "-" "-"
91.239.130.201 - - [19/Apr/2025:18:23:41 -0400] "GET /archives.php HTTP/1.1" 404 32230 "-" "Mozilla/5.0 (X11; Ubuntu; Linux x86_64; rv:79.0) Gecko/20100101 Firefox/79.0"
52.169.148.78 - - [19/Apr/2025:18:23:42 -0400] "GET //.well-known/pki-validation/cloud.php HTTP/1.1" 301 0 "-" "-"
91.239.130.203 - - [19/Apr/2025:18:23:42 -0400] "GET /po8sa.php HTTP/1.1" 404 32229 "-" "Mozilla/5.0 (Windows NT 10.0; Win64; x64) AppleWebKit/537.36 (KHTML, like Gecko) Chrome/58.0.3029.110 Safari/537.3"
52.169.148.78 - - [19/Apr/2025:18:23:43 -0400] "GET /.well-known/pki-validation/cloud.php HTTP/1.1" 404 1251 "-" "-"
52.169.148.78 - - [19/Apr/2025:18:23:43 -0400] "GET //.well-known/pki-validation/index.php?p= HTTP/1.1" 301 0 "-" "-"
91.239.130.203 - - [19/Apr/2025:18:23:43 -0400] "GET /thesmartestx.php HTTP/1.1" 404 32229 "-" "Mozilla/5.0 (Windows NT 10.0; Win64; x64) AppleWebKit/537.36 (KHTML, like Gecko) Chrome/70.0.3538.77 Safari/537.36"
52.169.148.78 - - [19/Apr/2025:18:23:44 -0400] "GET /.well-known/pki-validation/ HTTP/1.1" 404 1251 "-" "-"
52.169.148.78 - - [19/Apr/2025:18:23:44 -0400] "GET //1.php HTTP/1.1" 301 0 "-" "-"
198.54.114.83 - - [19/Apr/2025:18:23:45 -0400] "POST /wp-cron.php?doing_wp_cron=1745101425.2177340984344482421875 HTTP/1.1" 200 0 "-" "WordPress/6.8; https://hylasmagazine.com"
52.169.148.78 - - [19/Apr/2025:18:23:45 -0400] "GET /1.php HTTP/1.1" 404 32230 "-" "-"
91.239.130.203 - - [19/Apr/2025:18:23:44 -0400] "GET /zcanp.php HTTP/1.1" 404 32230 "-" "Mozilla/5.0 (X11; Ubuntu; Linux x86_64; rv:79.0) Gecko/20100101 Firefox/79.0"
52.169.148.78 - - [19/Apr/2025:18:23:46 -0400] "GET //404.php HTTP/1.1" 301 0 "-" "-"
52.169.148.78 - - [19/Apr/2025:18:23:46 -0400] "GET /404.php HTTP/1.1" 404 32229 "-" "-"
91.239.130.201 - - [19/Apr/2025:18:23:46 -0400] "GET /burjuva.aspx HTTP/1.1" 404 32230 "-" "Mozilla/5.0 (Windows NT 10.0; Win64; x64; rv:75.0) Gecko/20100101 Firefox/75.0"
52.169.148.78 - - [19/Apr/2025:18:23:46 -0400] "GET //a.php HTTP/1.1" 301 0 "-" "-"
91.239.130.201 - - [19/Apr/2025:18:23:47 -0400] "GET /pvt.php HTTP/1.1" 404 32230 "-" "Mozilla/5.0 (Macintosh; Intel Mac OS X 10_15_6) AppleWebKit/537.36 (KHTML, like Gecko) Chrome/84.0.4147.105 Safari/537.36 OPR/70.0.3728.95"
52.169.148.78 - - [19/Apr/2025:18:23:47 -0400] "GET /a.php HTTP/1.1" 404 32230 "-" "-"
91.239.130.201 - - [19/Apr/2025:18:23:47 -0400] "GET /shell20211028.php HTTP/1.1" 404 32230 "-" "Mozilla/5.0 (X11; Linux x86_64) AppleWebKit/537.36 (KHTML, like Gecko) Chrome/84.0.4147.105 Safari/537.36 OPR/70.0.3728.95"
52.169.148.78 - - [19/Apr/2025:18:23:48 -0400] "GET //about.php HTTP/1.1" 301 0 "-" "-"
52.169.148.78 - - [19/Apr/2025:18:23:49 -0400] "GET /about.php HTTP/1.1" 404 32231 "-" "-"
91.239.130.201 - - [19/Apr/2025:18:23:49 -0400] "GET /cgi-bin/wp-2019.php HTTP/1.1" 404 32230 "-" "Mozilla/5.0 (Windows NT 10.0; Win64; x64) AppleWebKit/537.36 (KHTML, like Gecko) Chrome/84.0.4147.105 Safari/537.36 OPR/70.0.3728.95"
52.169.148.78 - - [19/Apr/2025:18:23:49 -0400] "GET //about.php HTTP/1.1" 301 0 "-" "-"
52.169.148.78 - - [19/Apr/2025:18:23:49 -0400] "GET /about.php HTTP/1.1" 404 32231 "-" "-"
91.239.130.203 - - [19/Apr/2025:18:23:50 -0400] "GET /crypted.php HTTP/1.1" 404 32229 "-" "Mozilla/5.0 (Windows NT 10.0; Win64; x64) AppleWebKit/537.36 (KHTML, like Gecko) Chrome/69.0.3497.100 Safari/537.36"
52.169.148.78 - - [19/Apr/2025:18:23:50 -0400] "GET //admin.php HTTP/1.1" 301 0 "-" "-"
52.169.148.78 - - [19/Apr/2025:18:23:51 -0400] "GET /admin.php HTTP/1.1" 404 32230 "-" "-"
91.239.130.203 - - [19/Apr/2025:18:23:51 -0400] "GET /h0110w4y.php HTTP/1.1" 404 32230 "-" "Mozilla/5.0 (Windows NT 10.0; Win64; x64; rv:74.0) Gecko/20100101 Firefox/74.0"
91.239.130.203 - - [19/Apr/2025:18:23:52 -0400] "GET /vesiw.php HTTP/1.1" 404 32230 "-" "Mozilla/5.0 (Windows NT 6.1; Win64; x64) AppleWebKit/537.36 (KHTML, like Gecko) Chrome/58.0.3029.110 Safari/537.3"
52.169.148.78 - - [19/Apr/2025:18:23:52 -0400] "GET //alfanew.php HTTP/1.1" 301 0 "-" "-"
52.169.148.78 - - [19/Apr/2025:18:23:53 -0400] "GET /alfanew.php HTTP/1.1" 404 32227 "-" "-"
91.239.130.201 - - [19/Apr/2025:18:23:53 -0400] "GET /w.php HTTP/1.1" 404 32230 "-" "Mozilla/5.0 (X11; Ubuntu; Linux x86_64; rv:79.0) Gecko/20100101 Firefox/79.0"
52.169.148.78 - - [19/Apr/2025:18:23:54 -0400] "GET //alfanew.php7 HTTP/1.1" 301 0 "-" "-"
52.169.148.78 - - [19/Apr/2025:18:23:54 -0400] "GET /alfanew.php7 HTTP/1.1" 404 32230 "-" "-"
91.239.130.201 - - [19/Apr/2025:18:23:54 -0400] "GET /wp-db.php HTTP/1.1" 404 32230 "-" "Mozilla/5.0 (Windows NT 10.0; Win64; x64) AppleWebKit/537.36 (KHTML, like Gecko) Chrome/79.0.3945.130 Safari/537.36"
52.169.148.78 - - [19/Apr/2025:18:23:55 -0400] "GET //autoload_classmap.php HTTP/1.1" 301 0 "-" "-"
52.169.148.78 - - [19/Apr/2025:18:23:56 -0400] "GET /autoload_classmap.php HTTP/1.1" 404 32232 "-" "-"
91.239.130.201 - - [19/Apr/2025:18:23:56 -0400] "GET /wp-includes/lx.php HTTP/1.1" 404 32229 "-" "Mozilla/5.0 (Windows NT 10.0; Win64; x64; rv:76.0) Gecko/20100101 Firefox/76.0"
52.169.148.78 - - [19/Apr/2025:18:23:56 -0400] "GET //bp.php?taf HTTP/1.1" 301 0 "-" "-"
91.239.130.201 - - [19/Apr/2025:18:23:57 -0400] "GET /wp-content/ice.php HTTP/1.1" 404 32230 "-" "Mozilla/5.0 (Windows NT 10.0; Win64; x64) AppleWebKit/537.36 (KHTML, like Gecko) Chrome/80.0.3987.149 Safari/537.36"
52.169.148.78 - - [19/Apr/2025:18:23:57 -0400] "GET /bp.php?taf HTTP/1.1" 404 32236 "-" "-"
91.239.130.203 - - [19/Apr/2025:18:23:57 -0400] "GET /wp-content/lx.php HTTP/1.1" 404 32229 "-" "Mozilla/5.0 (Macintosh; Intel Mac OS X 10_10_1) AppleWebKit/537.36 (KHTML, like Gecko) Chrome/39.0.2171.95 Safari/537.36"
52.169.148.78 - - [19/Apr/2025:18:23:58 -0400] "GET //cgi-bin/cloud.php HTTP/1.1" 301 0 "-" "-"
91.239.130.203 - - [19/Apr/2025:18:23:58 -0400] "GET /lx.php HTTP/1.1" 404 32229 "-" "Mozilla/5.0 (Macintosh; Intel Mac OS X 10_15_6) AppleWebKit/537.36 (KHTML, like Gecko) Chrome/84.0.4147.105 Safari/537.36"
52.169.148.78 - - [19/Apr/2025:18:23:58 -0400] "GET /cgi-bin/cloud.php HTTP/1.1" 404 32230 "-" "-"
91.239.130.203 - - [19/Apr/2025:18:23:59 -0400] "GET /tonant.php HTTP/1.1" 404 32230 "-" "Mozilla/5.0 (Windows NT 10.0; Win64; x64; rv:74.0) Gecko/20100101 Firefox/74.0"
52.169.148.78 - - [19/Apr/2025:18:23:59 -0400] "GET //cgi-bin/my1.php HTTP/1.1" 301 0 "-" "-"
52.169.148.78 - - [19/Apr/2025:18:24:00 -0400] "GET /cgi-bin/my1.php HTTP/1.1" 404 32231 "-" "-"
91.239.130.201 - - [19/Apr/2025:18:24:00 -0400] "GET /f0x.php HTTP/1.1" 404 32231 "-" "Mozilla/5.0 (Windows NT 10.0; Win64; x64) AppleWebKit/537.36 (KHTML, like Gecko) Chrome/75.0.3770.100 Safari/537.36"
52.169.148.78 - - [19/Apr/2025:18:24:00 -0400] "GET //cgi-bin/xmrlpc.php?p= HTTP/1.1" 301 0 "-" "-"
91.239.130.201 - - [19/Apr/2025:18:24:01 -0400] "GET /config.bak.php HTTP/1.1" 404 32230 "-" "Mozilla/5.0 (Windows NT 10.0; Win64; x64; rv:72.0) Gecko/20100101 Firefox/72.0"
52.169.148.78 - - [19/Apr/2025:18:24:01 -0400] "GET /cgi-bin/xmrlpc.php HTTP/1.1" 404 32230 "-" "-"
91.239.130.201 - - [19/Apr/2025:18:24:01 -0400] "GET /bypass403.php HTTP/1.1" 404 32230 "-" "Mozilla/5.0 (Windows NT 10.0; WOW64) AppleWebKit/537.36 (KHTML, like Gecko) Chrome/84.0.4147.105 Safari/537.36"
52.169.148.78 - - [19/Apr/2025:18:24:02 -0400] "GET //chosen.php HTTP/1.1" 301 0 "-" "-"
52.169.148.78 - - [19/Apr/2025:18:24:02 -0400] "GET /chosen.php HTTP/1.1" 404 32231 "-" "-"
91.239.130.201 - - [19/Apr/2025:18:24:02 -0400] "GET /adminer.php HTTP/1.1" 404 32230 "-" "Mozilla/5.0 (Windows NT 10.0; Win64; x64; rv:76.0) Gecko/20100101 Firefox/76.0"
52.169.148.78 - - [19/Apr/2025:18:24:02 -0400] "GET //chosen.php?p= HTTP/1.1" 301 0 "-" "-"
52.169.148.78 - - [19/Apr/2025:18:24:03 -0400] "GET /chosen.php HTTP/1.1" 404 32231 "-" "-"
91.239.130.203 - - [19/Apr/2025:18:24:03 -0400] "GET /allahnaber.php HTTP/1.1" 404 32230 "-" "Mozilla/5.0 (Windows NT 6.1; Win64; x64) AppleWebKit/537.36 (KHTML, like Gecko) Chrome/78.0.3904.108 Safari/537.36"
52.169.148.78 - - [19/Apr/2025:18:24:03 -0400] "GET //cjfuns.php HTTP/1.1" 301 0 "-" "-"
91.239.130.203 - - [19/Apr/2025:18:24:04 -0400] "GET /AK-74.php HTTP/1.1" 404 32230 "-" "Mozilla/5.0 (X11; Ubuntu; Linux x86_64; rv:79.0) Gecko/20100101 Firefox/79.0"
52.169.148.78 - - [19/Apr/2025:18:24:04 -0400] "GET /cjfuns.php HTTP/1.1" 404 32230 "-" "-"
91.239.130.203 - - [19/Apr/2025:18:24:05 -0400] "GET /alfa3.php HTTP/1.1" 404 32229 "-" "Mozilla/5.0 (Windows NT 10.0; Win64; x64) AppleWebKit/537.36 (KHTML, like Gecko) Chrome/84.0.4147.105 Safari/537.36 OPR/70.0.3728.95"
52.169.148.78 - - [19/Apr/2025:18:24:05 -0400] "GET //classwithtostring.php HTTP/1.1" 301 0 "-" "-"
91.239.130.201 - - [19/Apr/2025:18:24:05 -0400] "GET /alfaindex.php HTTP/1.1" 404 32235 "-" "Mozilla/5.0 (Windows NT 10.0; Win64; x64) AppleWebKit/537.36 (KHTML, like Gecko) Chrome/69.0.3497.100 Safari/537.36"
52.169.148.78 - - [19/Apr/2025:18:24:05 -0400] "GET /classwithtostring.php HTTP/1.1" 404 32229 "-" "-"
91.239.130.201 - - [19/Apr/2025:18:24:06 -0400] "GET /alfa.php HTTP/1.1" 404 32229 "-" "Mozilla/5.0 (Windows NT 6.1; Win64; x64) AppleWebKit/537.36 (KHTML, like Gecko) Chrome/80.0.3987.149 Safari/537.36"
52.169.148.78 - - [19/Apr/2025:18:24:06 -0400] "GET //cong.php HTTP/1.1" 301 0 "-" "-"
52.169.148.78 - - [19/Apr/2025:18:24:07 -0400] "GET /cong.php HTTP/1.1" 404 32229 "-" "-"
91.239.130.201 - - [19/Apr/2025:18:24:07 -0400] "GET /b374k.php HTTP/1.1" 404 32229 "-" "Mozilla/5.0 (Windows NT 6.1; Win64; x64) AppleWebKit/537.36 (KHTML, like Gecko) Chrome/58.0.3029.110 Safari/537.3"
52.169.148.78 - - [19/Apr/2025:18:24:07 -0400] "GET //content.php HTTP/1.1" 301 0 "-" "-"
52.169.148.78 - - [19/Apr/2025:18:24:08 -0400] "GET /content.php HTTP/1.1" 404 32229 "-" "-"
91.239.130.201 - - [19/Apr/2025:18:24:08 -0400] "GET /c99.php HTTP/1.1" 404 32231 "-" "Mozilla/5.0 (Windows NT 6.1; Win64; x64) AppleWebKit/537.36 (KHTML, like Gecko) Chrome/79.0.3945.130 Safari/537.36"
52.169.148.78 - - [19/Apr/2025:18:24:08 -0400] "GET //content.php?pass=dadsec HTTP/1.1" 301 0 "-" "-"
91.239.130.203 - - [19/Apr/2025:18:24:08 -0400] "GET /cmd.php HTTP/1.1" 404 32230 "-" "Mozilla/5.0 (Macintosh; Intel Mac OS X 10_15_6) AppleWebKit/537.36 (KHTML, like Gecko) Chrome/84.0.4147.125 Safari/537.36"
52.169.148.78 - - [19/Apr/2025:18:24:09 -0400] "GET /content.php?pass=dadsec HTTP/1.1" 404 32230 "-" "-"
52.169.148.78 - - [19/Apr/2025:18:24:09 -0400] "GET //dropdown.php HTTP/1.1" 301 0 "-" "-"
91.239.130.203 - - [19/Apr/2025:18:24:09 -0400] "GET /cw.php HTTP/1.1" 404 32230 "-" "Mozilla/5.0 (Windows NT 10.0; WOW64; Trident/7.0; .NET4.0C; .NET4.0E; .NET CLR 2.0.50727; .NET CLR 3.0.30729; .NET CLR 3.5.30729; rv:11.0) like Gecko"
52.169.148.78 - - [19/Apr/2025:18:24:10 -0400] "GET /dropdown.php HTTP/1.1" 404 32230 "-" "-"
91.239.130.203 - - [19/Apr/2025:18:24:10 -0400] "GET /date.php HTTP/1.1" 404 32230 "-" "Mozilla/5.0 (Linux x86_64; rv:79.0) Gecko/20100101 Firefox/79.0"
52.169.148.78 - - [19/Apr/2025:18:24:10 -0400] "GET //ee.php HTTP/1.1" 301 0 "-" "-"
52.169.148.78 - - [19/Apr/2025:18:24:11 -0400] "GET /ee.php HTTP/1.1" 404 32230 "-" "-"
91.239.130.201 - - [19/Apr/2025:18:24:11 -0400] "GET /haxor.php HTTP/1.1" 404 32230 "-" "Mozilla/5.0 (X11; Linux x86_64) AppleWebKit/537.36 (KHTML, like Gecko) Chrome/84.0.4147.105 Safari/537.36"
52.169.148.78 - - [19/Apr/2025:18:24:11 -0400] "GET //en/tinyfilemanager.html HTTP/1.1" 301 0 "-" "-"
91.239.130.201 - - [19/Apr/2025:18:24:11 -0400] "GET /icomsium.php HTTP/1.1" 404 32229 "-" "Mozilla/5.0 (Windows NT 10.0; Win64; x64) AppleWebKit/537.36 (KHTML, like Gecko) Chrome/69.0.3497.100 Safari/537.36"
52.169.148.78 - - [19/Apr/2025:18:24:12 -0400] "GET /en/tinyfilemanager.html HTTP/1.1" 404 32229 "-" "-"
91.239.130.201 - - [19/Apr/2025:18:24:12 -0400] "GET /ico.php HTTP/1.1" 404 32229 "-" "Mozilla/5.0 (Windows NT 10.0; Win64; x64) AppleWebKit/537.36 (KHTML, like Gecko) Chrome/83.0.4103.97 Safari/537.36"
52.169.148.78 - - [19/Apr/2025:18:24:12 -0400] "GET //file.php HTTP/1.1" 301 0 "-" "-"
52.169.148.78 - - [19/Apr/2025:18:24:13 -0400] "GET /file.php HTTP/1.1" 404 32232 "-" "-"
91.239.130.201 - - [19/Apr/2025:18:24:13 -0400] "GET /leaf.php HTTP/1.1" 404 32229 "-" "Mozilla/5.0 (Macintosh; Intel Mac OS X 10_12_6) AppleWebKit/537.36 (KHTML, like Gecko) Chrome/58.0.3029.110 Safari/537.3"
52.169.148.78 - - [19/Apr/2025:18:24:13 -0400] "GET //file2.php HTTP/1.1" 301 0 "-" "-"
52.169.148.78 - - [19/Apr/2025:18:24:13 -0400] "GET /file2.php HTTP/1.1" 404 32232 "-" "-"
52.169.148.78 - - [19/Apr/2025:18:24:13 -0400] "GET //fm.php HTTP/1.1" 301 0 "-" "-"
91.239.130.203 - - [19/Apr/2025:18:24:13 -0400] "GET /marijuana.php HTTP/1.1" 404 32229 "-" "Mozilla/5.0 (X11; Linux x86_64) AppleWebKit/537.36 (KHTML, like Gecko) Chrome/84.0.4147.105 Safari/537.36"
52.169.148.78 - - [19/Apr/2025:18:24:14 -0400] "GET /fm.php HTTP/1.1" 404 32229 "-" "-"
91.239.130.203 - - [19/Apr/2025:18:24:14 -0400] "GET /mass.php HTTP/1.1" 404 32229 "-" "Mozilla/5.0 (Windows NT 10.0; Win64; x64) AppleWebKit/537.36 (KHTML, like Gecko) Chrome/83.0.4103.61 Safari/537.36"
52.169.148.78 - - [19/Apr/2025:18:24:14 -0400] "GET //gebase.php HTTP/1.1" 301 0 "-" "-"
52.169.148.78 - - [19/Apr/2025:18:24:15 -0400] "GET /gebase.php HTTP/1.1" 404 32229 "-" "-"
91.239.130.203 - - [19/Apr/2025:18:24:15 -0400] "GET /mini.php HTTP/1.1" 404 32229 "-" "Mozilla/5.0 (Windows NT 10.0; Win64; x64; rv:72.0) Gecko/20100101 Firefox/72.0"
52.169.148.78 - - [19/Apr/2025:18:24:15 -0400] "GET //index/function.php HTTP/1.1" 301 0 "-" "-"
52.169.148.78 - - [19/Apr/2025:18:24:16 -0400] "GET /index/function.php HTTP/1.1" 404 32230 "-" "-"
91.239.130.201 - - [19/Apr/2025:18:24:16 -0400] "GET /priv8.php HTTP/1.1" 404 32230 "-" "Mozilla/5.0 (Macintosh; Intel Mac OS X 10_10_1) AppleWebKit/537.36 (KHTML, like Gecko) Chrome/39.0.2171.95 Safari/537.36"
52.169.148.78 - - [19/Apr/2025:18:24:16 -0400] "GET //info.php HTTP/1.1" 301 0 "-" "-"
91.239.130.201 - - [19/Apr/2025:18:24:16 -0400] "GET /pws.php HTTP/1.1" 404 32230 "-" "Mozilla/5.0 (Macintosh; Intel Mac OS X 10_12_6) AppleWebKit/537.36 (KHTML, like Gecko) Chrome/58.0.3029.110 Safari/537.3"
52.169.148.78 - - [19/Apr/2025:18:24:17 -0400] "GET /info.php HTTP/1.1" 404 32230 "-" "-"
91.239.130.201 - - [19/Apr/2025:18:24:17 -0400] "GET /r57.php HTTP/1.1" 404 32230 "-" "Mozilla/5.0 (Windows NT 10.0) AppleWebKit/537.36 (KHTML, like Gecko) Chrome/84.0.4147.105 Safari/537.36"
52.169.148.78 - - [19/Apr/2025:18:24:17 -0400] "GET //item.php HTTP/1.1" 301 0 "-" "-"
52.169.148.78 - - [19/Apr/2025:18:24:17 -0400] "GET /item.php HTTP/1.1" 404 32232 "-" "-"
91.239.130.201 - - [19/Apr/2025:18:24:18 -0400] "GET /robots.php HTTP/1.1" 404 32229 "-" "Mozilla/5.0 (X11; Fedora; Linux x86_64; rv:79.0) Gecko/20100101 Firefox/79.0"
52.169.148.78 - - [19/Apr/2025:18:24:18 -0400] "GET //jp.php HTTP/1.1" 301 0 "-" "-"
91.239.130.203 - - [19/Apr/2025:18:24:18 -0400] "GET /snd.php HTTP/1.1" 404 32229 "-" "Mozilla/5.0 (Windows NT 10.0; Win64; x64; rv:79.0) Gecko/20100101 Firefox/79.0"
52.169.148.78 - - [19/Apr/2025:18:24:18 -0400] "GET /jp.php HTTP/1.1" 404 32228 "-" "-"
52.169.148.78 - - [19/Apr/2025:18:24:19 -0400] "GET //k.php HTTP/1.1" 301 0 "-" "-"
91.239.130.203 - - [19/Apr/2025:18:24:19 -0400] "GET /wp-class.php HTTP/1.1" 404 32228 "-" "Mozilla/5.0 (X11; Fedora; Linux x86_64; rv:79.0) Gecko/20100101 Firefox/79.0"
52.169.148.78 - - [19/Apr/2025:18:24:19 -0400] "GET /k.php HTTP/1.1" 404 32231 "-" "-"
91.239.130.201 - - [19/Apr/2025:18:24:20 -0400] "GET /new-index.php HTTP/1.1" 404 32231 "-" "Mozilla/5.0 (Windows NT 10.0; Win64; x64) AppleWebKit/537.36 (KHTML, like Gecko) Chrome/74.0.3729.157 Safari/537.36"
52.169.148.78 - - [19/Apr/2025:18:24:20 -0400] "GET //mah/function.php?p= HTTP/1.1" 301 0 "-" "-"
52.169.148.78 - - [19/Apr/2025:18:24:20 -0400] "GET /mah/function.php HTTP/1.1" 404 32230 "-" "-"
91.239.130.201 - - [19/Apr/2025:18:24:21 -0400] "GET /wp-content/batm.php HTTP/1.1" 404 32230 "-" "Mozilla/5.0 (Macintosh; Intel Mac OS X 10.15; rv:79.0) Gecko/20100101 Firefox/79.0"
52.169.148.78 - - [19/Apr/2025:18:24:21 -0400] "GET //mini.php HTTP/1.1" 301 0 "-" "-"
52.169.148.78 - - [19/Apr/2025:18:24:22 -0400] "GET /mini.php HTTP/1.1" 404 32229 "-" "-"
91.239.130.203 - - [19/Apr/2025:18:24:22 -0400] "GET /wp-content/masshp.php HTTP/1.1" 404 32229 "-" "Mozilla/5.0 (Windows NT 10.0; Win64; x64) AppleWebKit/537.36 (KHTML, like Gecko) Chrome/81.0.4044.129 Safari/537.36"
52.169.148.78 - - [19/Apr/2025:18:24:22 -0400] "GET //moon.php HTTP/1.1" 301 0 "-" "-"
52.169.148.78 - - [19/Apr/2025:18:24:23 -0400] "GET /moon.php HTTP/1.1" 404 32230 "-" "-"
91.239.130.201 - - [19/Apr/2025:18:24:23 -0400] "GET /wp-content/alfa.php HTTP/1.1" 404 32236 "-" "Mozilla/5.0 (Windows NT 10.0; Win64; x64) AppleWebKit/537.36 (KHTML, like Gecko) Chrome/70.0.3538.77 Safari/537.36"
52.169.148.78 - - [19/Apr/2025:18:24:24 -0400] "GET //radio.php HTTP/1.1" 301 0 "-" "-"
52.169.148.78 - - [19/Apr/2025:18:24:24 -0400] "GET /radio.php HTTP/1.1" 404 32230 "-" "-"
91.239.130.203 - - [19/Apr/2025:18:24:24 -0400] "GET /wp-admin/ALFA_DATA/alfacgiapi/perl.alfa HTTP/1.1" 404 32227 "-" "Mozilla/5.0 (Windows NT 10.0; Win64; x64; rv:74.0) Gecko/20100101 Firefox/74.0"
52.169.148.78 - - [19/Apr/2025:18:24:25 -0400] "GET //repeater.php HTTP/1.1" 301 0 "-" "-"
52.169.148.78 - - [19/Apr/2025:18:24:25 -0400] "GET /repeater.php HTTP/1.1" 404 32238 "-" "-"
91.239.130.203 - - [19/Apr/2025:18:24:25 -0400] "GET /alfacgiapi/perl.alfa HTTP/1.1" 404 32229 "-" "Mozilla/5.0 (Macintosh; Intel Mac OS X 10_15_6) AppleWebKit/537.36 (KHTML, like Gecko) Chrome/84.0.4147.105 Safari/537.36 OPR/70.0.3728.95"
52.169.148.78 - - [19/Apr/2025:18:24:27 -0400] "GET //root.php HTTP/1.1" 301 0 "-" "-"
91.239.130.203 - - [19/Apr/2025:18:24:27 -0400] "GET /ALFA_DATA/alfacgiapi/alfa.php HTTP/1.1" 404 32229 "-" "Mozilla/5.0 (Windows NT 6.1; Win64; x64) AppleWebKit/537.36 (KHTML, like Gecko) Chrome/79.0.3945.130 Safari/537.36"
52.169.148.78 - - [19/Apr/2025:18:24:28 -0400] "GET /root.php HTTP/1.1" 404 32229 "-" "-"
91.239.130.201 - - [19/Apr/2025:18:24:28 -0400] "GET /ALFA_DATA/alfacgiapi/c99.php HTTP/1.1" 404 32230 "-" "Mozilla/5.0 (Linux x86_64; rv:79.0) Gecko/20100101 Firefox/79.0"
52.169.148.78 - - [19/Apr/2025:18:24:29 -0400] "GET //santiago-oriente56.degustamenu.com/wp-includes/hlVYmeOAvcd.php HTTP/1.1" 301 0 "-" "-"
169.150.201.134 - - [19/Apr/2025:18:24:30 -0400] "GET /ALFA_DATA/alfacgiapi/c99.php HTTP/1.1" 404 32230 "-" "Mozilla/5.0 (Linux x86_64; rv:79.0) Gecko/20100101 Firefox/79.0"
52.169.148.78 - - [19/Apr/2025:18:24:29 -0400] "GET /santiago-oriente56.degustamenu.com/wp-includes/hlVYmeOAvcd.php HTTP/1.1" 404 32230 "-" "-"
52.169.148.78 - - [19/Apr/2025:18:24:30 -0400] "GET //shell.php HTTP/1.1" 301 0 "-" "-"
52.169.148.78 - - [19/Apr/2025:18:24:31 -0400] "GET /shell.php HTTP/1.1" 404 32227 "-" "-"
169.150.201.132 - - [19/Apr/2025:18:24:30 -0400] "GET /ALFA_DATA/alfacgiapi/fw.php HTTP/1.1" 404 32229 "-" "Mozilla/5.0 (X11; Fedora; Linux x86_64; rv:79.0) Gecko/20100101 Firefox/79.0"
52.169.148.78 - - [19/Apr/2025:18:24:31 -0400] "GET //shell20211028.php HTTP/1.1" 301 0 "-" "-"
52.169.148.78 - - [19/Apr/2025:18:24:32 -0400] "GET /shell20211028.php HTTP/1.1" 404 32230 "-" "-"
169.150.201.134 - - [19/Apr/2025:18:24:31 -0400] "GET /ALFA_DATA/alfacgiapi/mini.php HTTP/1.1" 404 32230 "-" "Mozilla/5.0 (Windows NT 10.0; Win64; x64; rv:75.0) Gecko/20100101 Firefox/75.0"
52.169.148.78 - - [19/Apr/2025:18:24:32 -0400] "GET //simple.php HTTP/1.1" 301 0 "-" "-"
52.169.148.78 - - [19/Apr/2025:18:24:32 -0400] "GET /simple.php HTTP/1.1" 404 32232 "-" "-"
169.150.201.132 - - [19/Apr/2025:18:24:32 -0400] "GET /ALFA_DATA/alfacgiapi/r57.php HTTP/1.1" 404 32229 "-" "Mozilla/5.0 (X11; Ubuntu; Linux x86_64; rv:79.0) Gecko/20100101 Firefox/79.0"
52.169.148.78 - - [19/Apr/2025:18:24:33 -0400] "GET //test.php HTTP/1.1" 301 0 "-" "-"
52.169.148.78 - - [19/Apr/2025:18:24:33 -0400] "GET /test.php HTTP/1.1" 404 32229 "-" "-"
169.150.201.132 - - [19/Apr/2025:18:24:33 -0400] "GET /ALFA_DATA/alfacgiapi/uploader.php HTTP/1.1" 404 32230 "-" "Mozilla/5.0 (Windows NT 6.3; Win64; x64; rv:73.0) Gecko/20100101 Firefox/73.0"
52.169.148.78 - - [19/Apr/2025:18:24:34 -0400] "GET //user.php HTTP/1.1" 301 0 "-" "-"
52.169.148.78 - - [19/Apr/2025:18:24:35 -0400] "GET /user.php HTTP/1.1" 404 32230 "-" "-"
169.150.201.134 - - [19/Apr/2025:18:24:35 -0400] "GET /ALFA_DATA/alfacgiapi/ups.php HTTP/1.1" 404 32230 "-" "Mozilla/5.0 (Windows NT 10.0) AppleWebKit/537.36 (KHTML, like Gecko) Chrome/72.0.3626.121 Safari/537.36"
52.169.148.78 - - [19/Apr/2025:18:24:36 -0400] "GET //wp-2019.php HTTP/1.1" 301 0 "-" "-"
169.150.201.132 - - [19/Apr/2025:18:24:36 -0400] "GET /wp-content/plugins/css-ready-sel/file.php HTTP/1.1" 404 32230 "-" "Mozilla/5.0 (Windows NT 10.0; Win64; x64) AppleWebKit/537.36 (KHTML, like Gecko) Chrome/70.0.3538.77 Safari/537.36"
52.169.148.78 - - [19/Apr/2025:18:24:36 -0400] "GET /wp-2019.php HTTP/1.1" 404 32230 "-" "-"
52.169.148.78 - - [19/Apr/2025:18:24:37 -0400] "GET //wp-add-admin.php HTTP/1.1" 301 0 "-" "-"
169.150.201.134 - - [19/Apr/2025:18:24:37 -0400] "GET /wp-content/plugins/css-ready/file.php HTTP/1.1" 404 32229 "-" "Mozilla/5.0 (Macintosh; Intel Mac OS X 10_15_6) AppleWebKit/537.36 (KHTML, like Gecko) Chrome/84.0.4147.105 Safari/537.36"
52.169.148.78 - - [19/Apr/2025:18:24:38 -0400] "GET /wp-add-admin.php HTTP/1.1" 404 32229 "-" "-"
169.150.201.132 - - [19/Apr/2025:18:24:40 -0400] "GET /wp-content/think.php HTTP/1.1" 404 32237 "-" "Mozilla/5.0 (Windows NT 10.0; Win64; x64) AppleWebKit/537.36 (KHTML, like Gecko) Chrome/79.0.3945.79 Safari/537.36"
52.169.148.78 - - [19/Apr/2025:18:24:40 -0400] "GET //wp-admin/about.php HTTP/1.1" 302 0 "-" "-"
169.150.201.134 - - [19/Apr/2025:18:24:40 -0400] "GET /wp-content/plugins/upspy/con.php HTTP/1.1" 404 32230 "-" "Mozilla/5.0 (Macintosh; Intel Mac OS X 10_15_6) AppleWebKit/537.36 (KHTML, like Gecko) Chrome/84.0.4147.105 Safari/537.36"
52.169.148.78 - - [19/Apr/2025:18:24:42 -0400] "GET //wp-admin/admin-ajax.php HTTP/1.1" 400 21 "-" "-"
169.150.201.132 - - [19/Apr/2025:18:24:42 -0400] "GET /wp-content/plugins/upspy/up.php HTTP/1.1" 404 32229 "-" "Mozilla/5.0 (Windows NT 10.0; Win64; x64) AppleWebKit/537.36 (KHTML, like Gecko) Chrome/84.0.4147.105 Safari/537.36"
52.169.148.78 - - [19/Apr/2025:18:24:42 -0400] "GET //wp-admin/class-db.php HTTP/1.1" 301 0 "-" "-"
52.169.148.78 - - [19/Apr/2025:18:24:43 -0400] "GET /wp-admin/class-db.php HTTP/1.1" 404 32229 "-" "-"
169.150.201.132 - - [19/Apr/2025:18:24:43 -0400] "GET /wp-content/plugins/upspy/sllolx.php HTTP/1.1" 404 32229 "-" "Mozilla/5.0 (Macintosh; Intel Mac OS X 10.15; rv:79.0) Gecko/20100101 Firefox/79.0"
52.169.148.78 - - [19/Apr/2025:18:24:44 -0400] "GET //wp-admin/css/colors/blue/ HTTP/1.1" 403 1242 "-" "-"
52.169.148.78 - - [19/Apr/2025:18:24:44 -0400] "GET //wp-admin/css/colors/cloud.php HTTP/1.1" 301 0 "-" "-"
169.150.201.134 - - [19/Apr/2025:18:24:44 -0400] "GET /wp-content/plugins/html404/xccc.php HTTP/1.1" 404 32229 "-" "Mozilla/5.0 (Windows NT 6.1; Win64; x64) AppleWebKit/537.36 (KHTML, like Gecko) Chrome/74.0.3729.169 Safari/537.36"
52.169.148.78 - - [19/Apr/2025:18:24:44 -0400] "GET /wp-admin/css/colors/cloud.php HTTP/1.1" 404 32229 "-" "-"
198.54.114.83 - - [19/Apr/2025:18:24:45 -0400] "POST /wp-cron.php?doing_wp_cron=1745101485.6920340061187744140625 HTTP/1.1" 200 0 "-" "WordPress/6.8; https://hylasmagazine.com"
198.54.114.83 - - [19/Apr/2025:18:24:45 -0400] "POST /wp-cron.php?doing_wp_cron=1745101485.6864991188049316406250 HTTP/1.1" 200 0 "-" "WordPress/6.8; https://hylasmagazine.com"
169.150.201.132 - - [19/Apr/2025:18:24:45 -0400] "GET /wp-content/plugins/html404/cry.php HTTP/1.1" 404 32230 "-" "Mozilla/5.0 (Windows NT 10.0; Win64; x64) AppleWebKit/537.36 (KHTML, like Gecko) Chrome/81.0.4044.129 Safari/537.36"
52.169.148.78 - - [19/Apr/2025:18:24:45 -0400] "GET //wp-admin/css/colors/coffee/xmrlpc.php?p= HTTP/1.1" 301 0 "-" "-"
52.169.148.78 - - [19/Apr/2025:18:24:46 -0400] "GET /wp-admin/css/colors/coffee/xmrlpc.php HTTP/1.1" 404 32230 "-" "-"
169.150.201.134 - - [19/Apr/2025:18:24:46 -0400] "GET /wp-includes/css/F0x.php HTTP/1.1" 404 32230 "-" "Mozilla/5.0 (Windows NT 10.0; Win64; x64; rv:74.0) Gecko/20100101 Firefox/74.0"
52.169.148.78 - - [19/Apr/2025:18:24:47 -0400] "GET //wp-admin/css/wp-conflg.php HTTP/1.1" 301 0 "-" "-"
169.150.201.132 - - [19/Apr/2025:18:24:48 -0400] "GET /wp-content/uploads/F0x.php HTTP/1.1" 404 32230 "-" "Mozilla/5.0 (Windows NT 10.0; Win64; x64) AppleWebKit/537.36 (KHTML, like Gecko) Chrome/84.0.4147.105 Safari/537.36"
52.169.148.78 - - [19/Apr/2025:18:24:48 -0400] "GET /wp-admin/css/wp-conflg.php HTTP/1.1" 404 32230 "-" "-"
52.169.148.78 - - [19/Apr/2025:18:24:49 -0400] "GET //wp-admin/dropdown.php HTTP/1.1" 301 0 "-" "-"
169.150.201.134 - - [19/Apr/2025:18:24:49 -0400] "GET /class-wp-widget-archives.php HTTP/1.1" 404 32230 "-" "Mozilla/5.0 (Macintosh; Intel Mac OS X 10_12_6) AppleWebKit/537.36 (KHTML, like Gecko) Chrome/58.0.3029.110 Safari/537.3"
52.169.148.78 - - [19/Apr/2025:18:24:49 -0400] "GET /wp-admin/dropdown.php HTTP/1.1" 404 32229 "-" "-"
169.150.201.132 - - [19/Apr/2025:18:24:50 -0400] "GET /wp-content/plugins/three-column-screen-layout/db.php HTTP/1.1" 404 32236 "-" "Mozilla/5.0 (Macintosh; Intel Mac OS X 10_12_6) AppleWebKit/537.36 (KHTML, like Gecko) Chrome/58.0.3029.110 Safari/537.3"
52.169.148.78 - - [19/Apr/2025:18:24:51 -0400] "GET //wp-admin/images/admin.php HTTP/1.1" 301 0 "-" "-"
169.150.201.132 - - [19/Apr/2025:18:24:51 -0400] "GET /wp-content/plugins/ubh/index.php HTTP/1.1" 301 0 "-" "Mozilla/5.0 (Macintosh; Intel Mac OS X 10.15; rv:79.0) Gecko/20100101 Firefox/79.0"
52.169.148.78 - - [19/Apr/2025:18:24:51 -0400] "GET /wp-admin/images/admin.php HTTP/1.1" 404 32230 "-" "-"
52.169.148.78 - - [19/Apr/2025:18:24:52 -0400] "GET //wp-admin/images/install.php HTTP/1.1" 301 0 "-" "-"
169.150.201.134 - - [19/Apr/2025:18:24:52 -0400] "GET /wp-content/plugins/vwcleanerplugin/bump.php?cache HTTP/1.1" 404 32230 "-" "Mozilla/5.0 (Windows NT 10.0; Win64; x64) AppleWebKit/537.36 (KHTML, like Gecko) Chrome/70.0.3538.110 Safari/537.36"
52.169.148.78 - - [19/Apr/2025:18:24:53 -0400] "GET /wp-admin/images/install.php HTTP/1.1" 404 32230 "-" "-"
52.169.148.78 - - [19/Apr/2025:18:24:54 -0400] "GET //wp-admin/includes/ HTTP/1.1" 403 1242 "-" "-"
169.150.201.132 - - [19/Apr/2025:18:24:54 -0400] "GET /wp-content/themes/gaukingo/db.php HTTP/1.1" 404 32230 "-" "Mozilla/5.0 (Windows NT 6.1; Win64; x64) AppleWebKit/537.36 (KHTML, like Gecko) Chrome/79.0.3945.130 Safari/537.36"
52.169.148.78 - - [19/Apr/2025:18:24:55 -0400] "GET //wp-admin/includes/cloud.php HTTP/1.1" 301 0 "-" "-"
169.150.201.134 - - [19/Apr/2025:18:24:55 -0400] "GET /wp-content/plugins/xichang/x.php?xi HTTP/1.1" 404 32229 "-" "Mozilla/5.0 (Windows NT 10.0; Win64; x64; rv:76.0) Gecko/20100101 Firefox/76.0"
52.169.148.78 - - [19/Apr/2025:18:24:56 -0400] "GET /wp-admin/includes/cloud.php HTTP/1.1" 404 32229 "-" "-"
169.150.201.132 - - [19/Apr/2025:18:24:57 -0400] "GET /wp-content/plugins/wp-db-ajax-made/wp-ajax.php HTTP/1.1" 404 32230 "-" "Mozilla/5.0 (Windows NT 10.0; WOW64; x64) AppleWebKit/537.36 (KHTML, like Gecko) Chrome/84.0.4147.105 Safari/537.36 OPR/70.0.3728.95"
52.169.148.78 - - [19/Apr/2025:18:24:57 -0400] "GET //wp-admin/install.php HTTP/1.1" 200 521 "-" "-"
52.169.148.78 - - [19/Apr/2025:18:24:58 -0400] "GET //wp-admin/js/autoload_classmap.php HTTP/1.1" 301 0 "-" "-"
169.150.201.134 - - [19/Apr/2025:18:24:58 -0400] "GET /wp-content/plugins/ccx/index.php HTTP/1.1" 301 0 "-" "Mozilla/5.0 (Windows NT 6.1; Win64; x64) AppleWebKit/537.36 (KHTML, like Gecko) Chrome/79.0.3945.130 Safari/537.36"
52.169.148.78 - - [19/Apr/2025:18:24:59 -0400] "GET /wp-admin/js/autoload_classmap.php HTTP/1.1" 404 32232 "-" "-"
169.150.201.132 - - [19/Apr/2025:18:24:59 -0400] "GET /xt/index.php HTTP/1.1" 301 0 "-" "Mozilla/5.0 (Windows NT 10.0; Win64; x64) AppleWebKit/537.36 (KHTML, like Gecko) Chrome/84.0.4147.105 Safari/537.36 OPR/70.0.3728.95"
52.169.148.78 - - [19/Apr/2025:18:25:00 -0400] "GET //wp-admin/js/widgets/ HTTP/1.1" 403 1242 "-" "-"
52.169.148.78 - - [19/Apr/2025:18:25:01 -0400] "GET //wp-admin/js/widgets/cloud.php HTTP/1.1" 301 0 "-" "-"
169.150.201.132 - - [19/Apr/2025:18:25:01 -0400] "GET /xleet-shell.php HTTP/1.1" 404 32230 "-" "Mozilla/5.0 (Windows NT 10.0; Win64; x64) AppleWebKit/537.36 (KHTML, like Gecko) Chrome/69.0.3497.100 Safari/537.36"
52.169.148.78 - - [19/Apr/2025:18:25:02 -0400] "GET /wp-admin/js/widgets/cloud.php HTTP/1.1" 404 32230 "-" "-"
169.150.201.134 - - [19/Apr/2025:18:25:04 -0400] "GET /xleet.php HTTP/1.1" 404 32230 "-" "Mozilla/5.0 (Windows NT 10.0; Win64; x64; rv:73.0) Gecko/20100101 Firefox/73.0"
52.169.148.78 - - [19/Apr/2025:18:25:04 -0400] "GET //wp-admin/maint/moon.php HTTP/1.1" 301 0 "-" "-"
52.169.148.78 - - [19/Apr/2025:18:25:07 -0400] "GET /wp-admin/maint/moon.php HTTP/1.1" 404 32229 "-" "-"
169.150.201.132 - - [19/Apr/2025:18:25:07 -0400] "GET /xleetshell.php HTTP/1.1" 404 32236 "-" "Mozilla/5.0 (Windows NT 10.0; Win64; x64) AppleWebKit/537.36 (KHTML, like Gecko) Chrome/58.0.3029.110 Safari/537.3"
52.169.148.78 - - [19/Apr/2025:18:25:09 -0400] "GET //wp-admin/network/admin.php HTTP/1.1" 302 0 "-" "-"
169.150.201.134 - - [19/Apr/2025:18:25:10 -0400] "GET /wp-admin/includes/xleet-shell.php HTTP/1.1" 404 32230 "-" "Mozilla/5.0 (Windows NT 10.0; Win64; x64) AppleWebKit/537.36 (KHTML, like Gecko) Chrome/84.0.4147.105 Safari/537.36"
169.150.201.132 - - [19/Apr/2025:18:25:12 -0400] "GET /wp-content/plugins/content-management/content.php HTTP/1.1" 404 32229 "-" "Mozilla/5.0 (Macintosh; Intel Mac OS X 10_10_1) AppleWebKit/537.36 (KHTML, like Gecko) Chrome/39.0.2171.95 Safari/537.36"
52.169.148.78 - - [19/Apr/2025:18:25:14 -0400] "GET //wp-admin/network/cloud.php HTTP/1.1" 301 0 "-" "-"
169.150.201.134 - - [19/Apr/2025:18:25:14 -0400] "GET /xlt.php HTTP/1.1" 404 32229 "-" "Mozilla/5.0 (Windows NT 10.0; Win64; x64) AppleWebKit/537.36 (KHTML, like Gecko) Chrome/79.0.3945.88 Safari/537.36"
52.169.148.78 - - [19/Apr/2025:18:25:15 -0400] "GET /wp-admin/network/cloud.php HTTP/1.1" 404 32230 "-" "-"
169.150.201.132 - - [19/Apr/2025:18:25:16 -0400] "GET /wp-content/plugins/xt/index.php HTTP/1.1" 301 0 "-" "Mozilla/5.0 (Windows NT 6.3; Win64; x64; rv:73.0) Gecko/20100101 Firefox/73.0"
52.169.148.78 - - [19/Apr/2025:18:25:17 -0400] "GET //wp-admin/network/index.php HTTP/1.1" 302 0 "-" "-"
169.150.201.132 - - [19/Apr/2025:18:25:18 -0400] "GET /wp-content/xleet.php HTTP/1.1" 404 32229 "-" "Mozilla/5.0 (Macintosh; Intel Mac OS X 10_15_6) AppleWebKit/537.36 (KHTML, like Gecko) Chrome/84.0.4147.105 Safari/537.36"
169.150.201.132 - - [19/Apr/2025:18:25:21 -0400] "GET /wp-admin/xleet-shell.php HTTP/1.1" 404 32236 "-" "Mozilla/5.0 (X11; Ubuntu; Linux i686; rv:79.0) Gecko/20100101 Firefox/79.0"
52.169.148.78 - - [19/Apr/2025:18:25:22 -0400] "GET //wp-admin/network/xmrlpc.php?p= HTTP/1.1" 301 0 "-" "-"
169.150.201.132 - - [19/Apr/2025:18:25:23 -0400] "GET /wp-content/plugins/dummyyummy/wp-signup.php HTTP/1.1" 404 32230 "-" "Mozilla/5.0 (Windows NT 6.1; Win64; x64) AppleWebKit/537.36 (KHTML, like Gecko) Chrome/79.0.3945.130 Safari/537.36"
52.169.148.78 - - [19/Apr/2025:18:25:23 -0400] "GET /wp-admin/network/xmrlpc.php HTTP/1.1" 404 32229 "-" "-"
169.150.201.132 - - [19/Apr/2025:18:25:25 -0400] "GET /wp-content/plugins/core/include.php HTTP/1.1" 404 32227 "-" "Mozilla/5.0 (Windows NT 6.1; Win64; x64) AppleWebKit/537.36 (KHTML, like Gecko) Chrome/74.0.3729.169 Safari/537.36"
52.169.148.78 - - [19/Apr/2025:18:25:27 -0400] "GET //wp-admin/shell20211028.php HTTP/1.1" 301 0 "-" "-"
169.150.201.134 - - [19/Apr/2025:18:25:28 -0400] "GET /wp-apxupx.php?apx=upx HTTP/1.1" 404 32229 "-" "Mozilla/5.0 (Windows NT 10.0; Win64; x64) AppleWebKit/537.36 (KHTML, like Gecko) Chrome/77.0.3865.90 Safari/537.36"
52.169.148.78 - - [19/Apr/2025:18:25:28 -0400] "GET /wp-admin/shell20211028.php HTTP/1.1" 404 32229 "-" "-"
169.150.201.134 - - [19/Apr/2025:18:25:29 -0400] "GET /nf_tracking.php HTTP/1.1" 404 32230 "-" "Mozilla/5.0 (Macintosh; Intel Mac OS X 10_15_6) AppleWebKit/537.36 (KHTML, like Gecko) Chrome/84.0.4147.125 Safari/537.36"
52.169.148.78 - - [19/Apr/2025:18:25:29 -0400] "GET //wp-admin/user/xmrlpc.php?p= HTTP/1.1" 301 0 "-" "-"
169.150.201.134 - - [19/Apr/2025:18:25:31 -0400] "GET /class.api.php HTTP/1.1" 404 32229 "-" "Mozilla/5.0 (Windows NT 10.0; Win64; x64; rv:71.0) Gecko/20100101 Firefox/71.0"
52.169.148.78 - - [19/Apr/2025:18:25:31 -0400] "GET /wp-admin/user/xmrlpc.php HTTP/1.1" 404 32229 "-" "-"
52.169.148.78 - - [19/Apr/2025:18:25:33 -0400] "GET //wp-blog.php HTTP/1.1" 301 0 "-" "-"
169.150.201.132 - - [19/Apr/2025:18:25:33 -0400] "GET /xl2023.php HTTP/1.1" 404 32229 "-" "Mozilla/5.0 (Windows NT 6.1; Win64; x64) AppleWebKit/537.36 (KHTML, like Gecko) Chrome/78.0.3904.108 Safari/537.36"
52.169.148.78 - - [19/Apr/2025:18:25:33 -0400] "GET /wp-blog.php HTTP/1.1" 404 32230 "-" "-"
169.150.201.132 - - [19/Apr/2025:18:25:34 -0400] "GET /wp-head.php HTTP/1.1" 404 32230 "-" "Mozilla/5.0 (Windows NT 10.0; Win64; x64) AppleWebKit/537.36 (KHTML, like Gecko) Chrome/70.0.3538.77 Safari/537.36"
52.169.148.78 - - [19/Apr/2025:18:25:35 -0400] "GET //wp-conflg.php HTTP/1.1" 301 0 "-" "-"
52.169.148.78 - - [19/Apr/2025:18:25:36 -0400] "GET /wp-conflg.php HTTP/1.1" 404 32231 "-" "-"
169.150.201.132 - - [19/Apr/2025:18:25:36 -0400] "GET /wp-pano.php HTTP/1.1" 404 32229 "-" "Mozilla/5.0 (Linux x86_64; rv:79.0) Gecko/20100101 Firefox/79.0"
52.169.148.78 - - [19/Apr/2025:18:25:38 -0400] "GET //wp-conflg.php?p= HTTP/1.1" 301 0 "-" "-"
52.169.148.78 - - [19/Apr/2025:18:25:38 -0400] "GET /wp-conflg.php HTTP/1.1" 404 32231 "-" "-"
52.169.148.78 - - [19/Apr/2025:18:25:39 -0400] "GET //wp-content/about.php HTTP/1.1" 301 0 "-" "-"
169.150.201.134 - - [19/Apr/2025:18:25:40 -0400] "GET /wp-content/plugins/index.php HTTP/1.1" 200 0 "-" "Mozilla/5.0 (Windows NT 10.0; Win64; x64) AppleWebKit/537.36 (KHTML, like Gecko) Chrome/80.0.3987.149 Safari/537.36"
52.169.148.78 - - [19/Apr/2025:18:25:40 -0400] "GET /wp-content/about.php HTTP/1.1" 404 32230 "-" "-"
169.150.201.134 - - [19/Apr/2025:18:25:41 -0400] "GET /wp-includes/IXR/index.php HTTP/1.1" 301 0 "-" "Mozilla/5.0 (Windows NT 10.0; Win64; x64) AppleWebKit/537.36 (KHTML, like Gecko) Chrome/74.0.3729.169 Safari/537.36"
52.169.148.78 - - [19/Apr/2025:18:25:42 -0400] "GET //wp-content/autoload_classmap.php HTTP/1.1" 301 0 "-" "-"
169.150.201.134 - - [19/Apr/2025:18:25:43 -0400] "GET /wp-content/plugins/admin.php HTTP/1.1" 404 32235 "-" "Mozilla/5.0 (Macintosh; Intel Mac OS X 10_10_1) AppleWebKit/537.36 (KHTML, like Gecko) Chrome/39.0.2171.95 Safari/537.36"
52.169.148.78 - - [19/Apr/2025:18:25:43 -0400] "GET /wp-content/autoload_classmap.php HTTP/1.1" 404 32229 "-" "-"
169.150.201.132 - - [19/Apr/2025:18:25:46 -0400] "GET /xmlrpc.php HTTP/1.1" 405 60 "-" "Mozilla/5.0 (Windows NT 10.0; Win64; x64) AppleWebKit/537.36 (KHTML, like Gecko) Chrome/84.0.4147.105 Safari/537.36 OPR/70.0.3728.95"
198.54.114.83 - - [19/Apr/2025:18:25:46 -0400] "POST /wp-cron.php?doing_wp_cron=1745101546.0973980426788330078125 HTTP/1.1" 200 0 "-" "WordPress/6.8; https://hylasmagazine.com"
52.169.148.78 - - [19/Apr/2025:18:25:45 -0400] "GET //wp-content/dropdown.php HTTP/1.1" 301 0 "-" "-"
169.150.201.132 - - [19/Apr/2025:18:25:47 -0400] "GET /wp-admin.php HTTP/1.1" 404 32236 "-" "Mozilla/5.0 (Windows NT 10.0) AppleWebKit/537.36 (KHTML, like Gecko) Chrome/84.0.4147.105 Safari/537.36"
52.169.148.78 - - [19/Apr/2025:18:25:47 -0400] "GET /wp-content/dropdown.php HTTP/1.1" 404 32236 "-" "-"
52.169.148.78 - - [19/Apr/2025:18:25:48 -0400] "GET //wp-content/index.php HTTP/1.1" 200 0 "-" "-"
169.150.201.132 - - [19/Apr/2025:18:25:48 -0400] "GET /wp-content/plugins/Core-Econ/upH.php HTTP/1.1" 404 32230 "-" "Mozilla/5.0 (Windows NT 10.0; Win64; x64) AppleWebKit/537.36 (KHTML, like Gecko) Chrome/84.0.4147.105 Safari/537.36"
52.169.148.78 - - [19/Apr/2025:18:25:49 -0400] "GET //wp-content/index.php?pass=cfwk HTTP/1.1" 200 0 "-" "-"
52.169.148.78 - - [19/Apr/2025:18:25:50 -0400] "GET //wp-content/index.php?pass=xleet HTTP/1.1" 200 0 "-" "-"
169.150.201.132 - - [19/Apr/2025:18:25:50 -0400] "GET /wp-content/plugins/fix/up.php HTTP/1.1" 404 32229 "-" "Mozilla/5.0 (Windows NT 10.0; Win64; x64; rv:74.0) Gecko/20100101 Firefox/74.0"
52.169.148.78 - - [19/Apr/2025:18:25:51 -0400] "GET //wp-content/item.php HTTP/1.1" 301 0 "-" "-"
52.169.148.78 - - [19/Apr/2025:18:25:52 -0400] "GET /wp-content/item.php HTTP/1.1" 404 32230 "-" "-"
169.150.201.132 - - [19/Apr/2025:18:25:52 -0400] "GET /wp-content/plugins/pwnd/pwnd.php HTTP/1.1" 404 32230 "-" "Mozilla/5.0 (Windows NT 10.0) AppleWebKit/537.36 (KHTML, like Gecko) Chrome/72.0.3626.121 Safari/537.36"
52.169.148.78 - - [19/Apr/2025:18:25:53 -0400] "GET //wp-content/plugins/ HTTP/1.1" 200 0 "-" "-"
169.150.201.134 - - [19/Apr/2025:18:25:53 -0400] "GET /wp-content/plugins/shell/noimg.php HTTP/1.1" 404 32230 "-" "Mozilla/5.0 (X11; Linux i686; rv:79.0) Gecko/20100101 Firefox/79.0"
52.169.148.78 - - [19/Apr/2025:18:25:53 -0400] "GET //wp-content/plugins/TOPXOH/wDR.php HTTP/1.1" 301 0 "-" "-"
52.169.148.78 - - [19/Apr/2025:18:25:54 -0400] "GET /wp-content/plugins/TOPXOH/wDR.php HTTP/1.1" 404 32230 "-" "-"
169.150.201.134 - - [19/Apr/2025:18:25:54 -0400] "GET /WSOEnigma.php HTTP/1.1" 404 32230 "-" "Mozilla/5.0 (Windows NT 10.0; Win64; x64) AppleWebKit/537.36 (KHTML, like Gecko) Chrome/70.0.3538.77 Safari/537.36"
52.169.148.78 - - [19/Apr/2025:18:25:55 -0400] "GET //wp-content/plugins/ango/sett.php HTTP/1.1" 301 0 "-" "-"
169.150.201.134 - - [19/Apr/2025:18:25:55 -0400] "GET /wp-content/plugins/pwnd-1/pwnd.php HTTP/1.1" 404 32229 "-" "Mozilla/5.0 (X11; Ubuntu; Linux i686; rv:79.0) Gecko/20100101 Firefox/79.0"
52.169.148.78 - - [19/Apr/2025:18:25:56 -0400] "GET /wp-content/plugins/ango/sett.php HTTP/1.1" 404 32229 "-" "-"
169.150.201.132 - - [19/Apr/2025:18:25:56 -0400] "GET /wp-content/plugins/clara/clara.php HTTP/1.1" 404 32230 "-" "Mozilla/5.0 (Macintosh; Intel Mac OS X 10_15_6) AppleWebKit/537.36 (KHTML, like Gecko) Chrome/84.0.4147.105 Safari/537.36"
