13.68.216.178 - - [16/Apr/2025:15:30:12 -0400] "GET /css/xmrlpc.php HTTP/1.1" 404 32227 "-" "-"
13.68.216.178 - - [16/Apr/2025:15:30:18 -0400] "GET /wp-admin/user/xmrlpc.php HTTP/1.1" 301 0 "-" "-"
198.54.114.83 - - [16/Apr/2025:15:30:23 -0400] "POST /wp-cron.php?doing_wp_cron=1744831818.8766319751739501953125 HTTP/1.1" 200 0 "-" "WordPress/6.8; https://hylasmagazine.com"
13.68.216.178 - - [16/Apr/2025:15:30:25 -0400] "GET /wp-admin/user/xmrlpc.php HTTP/1.1" 404 32227 "-" "-"
13.68.216.178 - - [16/Apr/2025:15:30:30 -0400] "GET /img/xmrlpc.php HTTP/1.1" 301 0 "-" "-"
13.68.216.178 - - [16/Apr/2025:15:30:34 -0400] "GET /img/xmrlpc.php HTTP/1.1" 404 32226 "-" "-"
13.68.216.178 - - [16/Apr/2025:15:30:38 -0400] "GET /wp-admin/css/colors/coffee/xmrlpc.php HTTP/1.1" 301 0 "-" "-"
13.68.216.178 - - [16/Apr/2025:15:30:42 -0400] "GET /wp-admin/css/colors/coffee/xmrlpc.php HTTP/1.1" 404 32229 "-" "-"
13.68.216.178 - - [16/Apr/2025:15:30:44 -0400] "GET /wp-admin/images/xmrlpc.php HTTP/1.1" 301 0 "-" "-"
13.68.216.178 - - [16/Apr/2025:15:30:48 -0400] "GET /wp-admin/images/xmrlpc.php HTTP/1.1" 404 32229 "-" "-"
13.68.216.178 - - [16/Apr/2025:15:30:50 -0400] "GET /images/xmrlpc.php HTTP/1.1" 301 0 "-" "-"
13.68.216.178 - - [16/Apr/2025:15:30:52 -0400] "GET /images/xmrlpc.php HTTP/1.1" 404 32229 "-" "-"
13.68.216.178 - - [16/Apr/2025:15:30:54 -0400] "GET /wp-admin/js/widgets/xmrlpc.php HTTP/1.1" 301 0 "-" "-"
13.68.216.178 - - [16/Apr/2025:15:30:58 -0400] "GET /wp-admin/js/widgets/xmrlpc.php HTTP/1.1" 404 32229 "-" "-"
13.68.216.178 - - [16/Apr/2025:15:30:59 -0400] "GET /wp-admin/css/colors/xmrlpc.php HTTP/1.1" 301 0 "-" "-"
13.68.216.178 - - [16/Apr/2025:15:31:00 -0400] "GET /wp-admin/css/colors/xmrlpc.php HTTP/1.1" 404 32231 "-" "-"
13.68.216.178 - - [16/Apr/2025:15:31:02 -0400] "GET /wp-admin/includes/xmrlpc.php HTTP/1.1" 301 0 "-" "-"
13.68.216.178 - - [16/Apr/2025:15:31:03 -0400] "GET /wp-admin/includes/xmrlpc.php HTTP/1.1" 404 32229 "-" "-"
13.68.216.178 - - [16/Apr/2025:15:31:05 -0400] "GET /wp-admin/css/colors/blue/xmrlpc.php HTTP/1.1" 301 0 "-" "-"
13.68.216.178 - - [16/Apr/2025:15:31:08 -0400] "GET /wp-admin/css/colors/blue/xmrlpc.php HTTP/1.1" 404 32228 "-" "-"
13.68.216.178 - - [16/Apr/2025:15:31:09 -0400] "GET /wp-admin/xmrlpc.php HTTP/1.1" 301 0 "-" "-"
13.68.216.178 - - [16/Apr/2025:15:31:11 -0400] "GET /wp-admin/xmrlpc.php HTTP/1.1" 404 32229 "-" "-"
13.68.216.178 - - [16/Apr/2025:15:31:13 -0400] "GET /smaxx.php HTTP/1.1" 301 0 "-" "-"
13.68.216.178 - - [16/Apr/2025:15:31:17 -0400] "GET /smaxx.php HTTP/1.1" 404 32229 "-" "-"
13.68.216.178 - - [16/Apr/2025:15:31:19 -0400] "GET /wp-admin/smaxx.php HTTP/1.1" 301 0 "-" "-"
198.54.114.83 - - [16/Apr/2025:15:31:21 -0400] "POST /wp-cron.php?doing_wp_cron=1744831880.0086159706115722656250 HTTP/1.1" 200 0 "-" "WordPress/6.8; https://hylasmagazine.com"
13.68.216.178 - - [16/Apr/2025:15:31:23 -0400] "GET /wp-admin/smaxx.php HTTP/1.1" 404 32228 "-" "-"
13.68.216.178 - - [16/Apr/2025:15:31:26 -0400] "GET /wp-content/plugins/WordPressCore/smaxx.php HTTP/1.1" 301 0 "-" "-"
13.68.216.178 - - [16/Apr/2025:15:31:28 -0400] "GET /wp-content/plugins/WordPressCore/smaxx.php HTTP/1.1" 404 32229 "-" "-"
13.68.216.178 - - [16/Apr/2025:15:31:30 -0400] "GET /wp-includes/images/smaxx.php HTTP/1.1" 301 0 "-" "-"
13.68.216.178 - - [16/Apr/2025:15:31:32 -0400] "GET /wp-includes/images/smaxx.php HTTP/1.1" 404 32229 "-" "-"
13.68.216.178 - - [16/Apr/2025:15:31:33 -0400] "GET /wp-content/plugins/core-plugin/smaxx.php HTTP/1.1" 301 0 "-" "-"
13.68.216.178 - - [16/Apr/2025:15:31:35 -0400] "GET /wp-content/plugins/core-plugin/smaxx.php HTTP/1.1" 404 32229 "-" "-"
13.68.216.178 - - [16/Apr/2025:15:31:37 -0400] "GET /wp-includes/smaxx.php HTTP/1.1" 301 0 "-" "-"
13.68.216.178 - - [16/Apr/2025:15:31:39 -0400] "GET /wp-includes/smaxx.php HTTP/1.1" 404 32229 "-" "-"
13.68.216.178 - - [16/Apr/2025:15:31:40 -0400] "GET /wp-content/plugins/smaxx.php HTTP/1.1" 301 0 "-" "-"
13.68.216.178 - - [16/Apr/2025:15:31:43 -0400] "GET /wp-content/plugins/smaxx.php HTTP/1.1" 404 32229 "-" "-"
13.68.216.178 - - [16/Apr/2025:15:31:45 -0400] "GET /xt/smaxx.php HTTP/1.1" 301 0 "-" "-"
13.68.216.178 - - [16/Apr/2025:15:31:46 -0400] "GET /xt/smaxx.php HTTP/1.1" 404 32228 "-" "-"
13.68.216.178 - - [16/Apr/2025:15:31:47 -0400] "GET /wp-content/smaxx.php HTTP/1.1" 301 0 "-" "-"
13.68.216.178 - - [16/Apr/2025:15:31:49 -0400] "GET /wp-content/smaxx.php HTTP/1.1" 404 32236 "-" "-"
13.68.216.178 - - [16/Apr/2025:15:31:51 -0400] "GET /wp-content/themes/twentyfive/smaxx.php HTTP/1.1" 301 0 "-" "-"
13.68.216.178 - - [16/Apr/2025:15:31:53 -0400] "GET /wp-content/themes/twentyfive/smaxx.php HTTP/1.1" 404 32229 "-" "-"
13.68.216.178 - - [16/Apr/2025:15:31:55 -0400] "GET /wp-content/upgrade/sx.php HTTP/1.1" 301 0 "-" "-"
13.68.216.178 - - [16/Apr/2025:15:31:57 -0400] "GET /wp-content/upgrade/sx.php HTTP/1.1" 404 32229 "-" "-"
13.68.216.178 - - [16/Apr/2025:15:31:59 -0400] "GET /.well-known/pki-validation/sx.php HTTP/1.1" 404 1251 "-" "-"
13.68.216.178 - - [16/Apr/2025:15:32:00 -0400] "GET /wp-admin/user/sx.php HTTP/1.1" 301 0 "-" "-"
13.68.216.178 - - [16/Apr/2025:15:32:01 -0400] "GET /wp-admin/user/sx.php HTTP/1.1" 404 32229 "-" "-"
13.68.216.178 - - [16/Apr/2025:15:32:03 -0400] "GET /wp-includes/ID3/sx.php HTTP/1.1" 301 0 "-" "-"
13.68.216.178 - - [16/Apr/2025:15:32:05 -0400] "GET /wp-includes/ID3/sx.php HTTP/1.1" 404 32229 "-" "-"
13.68.216.178 - - [16/Apr/2025:15:32:06 -0400] "GET /wp-includes/blocks/sx.php HTTP/1.1" 301 0 "-" "-"
13.68.216.178 - - [16/Apr/2025:15:32:07 -0400] "GET /wp-includes/blocks/sx.php HTTP/1.1" 404 32236 "-" "-"
13.68.216.178 - - [16/Apr/2025:15:32:08 -0400] "GET /wp-includes/sx.php HTTP/1.1" 301 0 "-" "-"
13.68.216.178 - - [16/Apr/2025:15:32:09 -0400] "GET /wp-includes/sx.php HTTP/1.1" 404 32229 "-" "-"
13.68.216.178 - - [16/Apr/2025:15:32:11 -0400] "GET /wp-admin/sx.php HTTP/1.1" 301 0 "-" "-"
13.68.216.178 - - [16/Apr/2025:15:32:13 -0400] "GET /wp-admin/sx.php HTTP/1.1" 404 32229 "-" "-"
13.68.216.178 - - [16/Apr/2025:15:32:17 -0400] "GET /wp-content/plugins/fix/sx.php HTTP/1.1" 301 0 "-" "-"
198.54.114.83 - - [16/Apr/2025:15:32:19 -0400] "POST /wp-cron.php?doing_wp_cron=1744831938.0537989139556884765625 HTTP/1.1" 200 0 "-" "WordPress/6.8; https://hylasmagazine.com"
13.68.216.178 - - [16/Apr/2025:15:32:20 -0400] "GET /wp-content/plugins/fix/sx.php HTTP/1.1" 404 32228 "-" "-"
13.68.216.178 - - [16/Apr/2025:15:32:22 -0400] "GET /wp-admin/includes/sx.php HTTP/1.1" 301 0 "-" "-"
13.68.216.178 - - [16/Apr/2025:15:32:24 -0400] "GET /wp-admin/includes/sx.php HTTP/1.1" 404 32228 "-" "-"
13.68.216.178 - - [16/Apr/2025:15:32:25 -0400] "GET /cgi-bin/sx.php HTTP/1.1" 301 0 "-" "-"
13.68.216.178 - - [16/Apr/2025:15:32:27 -0400] "GET /cgi-bin/sx.php HTTP/1.1" 404 32229 "-" "-"
13.68.216.178 - - [16/Apr/2025:15:32:29 -0400] "GET /wp-admin/css/sx.php HTTP/1.1" 301 0 "-" "-"
13.68.216.178 - - [16/Apr/2025:15:32:30 -0400] "GET /wp-admin/css/sx.php HTTP/1.1" 404 32229 "-" "-"
13.68.216.178 - - [16/Apr/2025:15:32:31 -0400] "GET /wp-admin/network/sx.php HTTP/1.1" 301 0 "-" "-"
13.68.216.178 - - [16/Apr/2025:15:32:33 -0400] "GET /wp-admin/network/sx.php HTTP/1.1" 404 32229 "-" "-"
13.68.216.178 - - [16/Apr/2025:15:32:34 -0400] "GET /wp-includes/block-supports/sx.php HTTP/1.1" 301 0 "-" "-"
13.68.216.178 - - [16/Apr/2025:15:32:35 -0400] "GET /wp-includes/block-supports/sx.php HTTP/1.1" 404 32229 "-" "-"
13.68.216.178 - - [16/Apr/2025:15:32:36 -0400] "GET /wp-includes/IXR/sx.php HTTP/1.1" 301 0 "-" "-"
13.68.216.178 - - [16/Apr/2025:15:32:37 -0400] "GET /wp-includes/IXR/sx.php HTTP/1.1" 404 32235 "-" "-"
13.68.216.178 - - [16/Apr/2025:15:32:39 -0400] "GET /.well-known/sx.php HTTP/1.1" 301 0 "-" "-"
13.68.216.178 - - [16/Apr/2025:15:32:40 -0400] "GET /.well-known/sx.php HTTP/1.1" 404 32229 "-" "-"
13.68.216.178 - - [16/Apr/2025:15:32:42 -0400] "GET /wp-includes/js/tinymce/skins/lightgray/fonts/sx.php HTTP/1.1" 301 0 "-" "-"
13.68.216.178 - - [16/Apr/2025:15:32:44 -0400] "GET /wp-includes/js/tinymce/skins/lightgray/fonts/sx.php HTTP/1.1" 404 32229 "-" "-"
13.68.216.178 - - [16/Apr/2025:15:32:45 -0400] "GET /wp-content/sx.php HTTP/1.1" 301 0 "-" "-"
13.68.216.178 - - [16/Apr/2025:15:32:46 -0400] "GET /wp-content/sx.php HTTP/1.1" 404 32229 "-" "-"
13.68.216.178 - - [16/Apr/2025:15:32:48 -0400] "GET /wp-content/plugins/elementor/sx.php HTTP/1.1" 301 0 "-" "-"
13.68.216.178 - - [16/Apr/2025:15:32:49 -0400] "GET /wp-content/plugins/elementor/sx.php HTTP/1.1" 404 32228 "-" "-"
13.68.216.178 - - [16/Apr/2025:15:32:51 -0400] "GET /.well-known/acme-challenge/sx.php HTTP/1.1" 301 0 "-" "-"
13.68.216.178 - - [16/Apr/2025:15:32:52 -0400] "GET /.well-known/acme-challenge/sx.php HTTP/1.1" 404 32229 "-" "-"
13.68.216.178 - - [16/Apr/2025:15:32:53 -0400] "GET /wp-includes/js/jcrop/sx.php HTTP/1.1" 301 0 "-" "-"
13.68.216.178 - - [16/Apr/2025:15:32:56 -0400] "GET /wp-includes/js/jcrop/sx.php HTTP/1.1" 404 32229 "-" "-"
13.68.216.178 - - [16/Apr/2025:15:32:57 -0400] "GET /wp-includes/rest-api/sx.php HTTP/1.1" 301 0 "-" "-"
13.68.216.178 - - [16/Apr/2025:15:32:58 -0400] "GET /wp-includes/rest-api/sx.php HTTP/1.1" 404 32227 "-" "-"
13.68.216.178 - - [16/Apr/2025:15:33:00 -0400] "GET /wp-admin/images/sx.php HTTP/1.1" 301 0 "-" "-"
13.68.216.178 - - [16/Apr/2025:15:33:02 -0400] "GET /wp-admin/images/sx.php HTTP/1.1" 404 32229 "-" "-"
13.68.216.178 - - [16/Apr/2025:15:33:03 -0400] "GET /wp-admin/css/colors/blue/blue.php HTTP/1.1" 301 0 "-" "-"
13.68.216.178 - - [16/Apr/2025:15:33:05 -0400] "GET /wp-admin/css/colors/blue/blue.php HTTP/1.1" 404 32229 "-" "-"
13.68.216.178 - - [16/Apr/2025:15:33:07 -0400] "GET /chosen HTTP/1.1" 301 0 "-" "-"
13.68.216.178 - - [16/Apr/2025:15:33:08 -0400] "GET /chosen HTTP/1.1" 404 32229 "-" "-"
13.68.216.178 - - [16/Apr/2025:15:33:09 -0400] "GET /wp-content/plugins/fix/up.php HTTP/1.1" 301 0 "-" "-"
13.68.216.178 - - [16/Apr/2025:15:33:10 -0400] "GET /wp-content/plugins/fix/up.php HTTP/1.1" 404 32230 "-" "-"
13.68.216.178 - - [16/Apr/2025:15:33:11 -0400] "GET /install.php HTTP/1.1" 301 0 "-" "-"
13.68.216.178 - - [16/Apr/2025:15:33:12 -0400] "GET /install.php HTTP/1.1" 404 32229 "-" "-"
13.68.216.178 - - [16/Apr/2025:15:33:13 -0400] "GET /wp-includes/images/include.php HTTP/1.1" 301 0 "-" "-"
13.68.216.178 - - [16/Apr/2025:15:33:16 -0400] "GET /wp-includes/images/include.php HTTP/1.1" 404 32229 "-" "-"
198.54.114.83 - - [16/Apr/2025:15:33:21 -0400] "POST /wp-cron.php?doing_wp_cron=1744832000.0811879634857177734375 HTTP/1.1" 200 0 "-" "WordPress/6.8; https://hylasmagazine.com"
13.68.216.178 - - [16/Apr/2025:15:33:18 -0400] "GET /wp-content/themes/wp-classic/inc/index.php HTTP/1.1" 301 0 "-" "-"
13.68.216.178 - - [16/Apr/2025:15:33:23 -0400] "GET /wp-content/themes/wp-classic/inc/ HTTP/1.1" 404 32229 "-" "-"
13.68.216.178 - - [16/Apr/2025:15:33:25 -0400] "GET /assets/images/1p.php HTTP/1.1" 301 0 "-" "-"
13.68.216.178 - - [16/Apr/2025:15:33:27 -0400] "GET /assets/images/1p.php HTTP/1.1" 404 32229 "-" "-"
13.68.216.178 - - [16/Apr/2025:15:33:29 -0400] "GET /class.api.php HTTP/1.1" 301 0 "-" "-"
13.68.216.178 - - [16/Apr/2025:15:33:32 -0400] "GET /class.api.php HTTP/1.1" 404 32228 "-" "-"
13.68.216.178 - - [16/Apr/2025:15:33:34 -0400] "GET /plugin.php HTTP/1.1" 301 0 "-" "-"
13.68.216.178 - - [16/Apr/2025:15:33:36 -0400] "GET /plugin.php HTTP/1.1" 404 32228 "-" "-"
13.68.216.178 - - [16/Apr/2025:15:33:39 -0400] "GET /wp-mail.php HTTP/1.1" 403 1123 "-" "-"
13.68.216.178 - - [16/Apr/2025:15:33:41 -0400] "GET /cong.php HTTP/1.1" 301 0 "-" "-"
13.68.216.178 - - [16/Apr/2025:15:33:43 -0400] "GET /cong.php HTTP/1.1" 404 32229 "-" "-"
13.68.216.178 - - [16/Apr/2025:15:33:46 -0400] "GET /wp-content/index.php HTTP/1.1" 200 0 "-" "-"
13.68.216.178 - - [16/Apr/2025:15:33:48 -0400] "GET /.well-known/acme-challenge/xmrlpc.php HTTP/1.1" 301 0 "-" "-"
13.68.216.178 - - [16/Apr/2025:15:33:50 -0400] "GET /.well-known/acme-challenge/xmrlpc.php HTTP/1.1" 404 32229 "-" "-"
13.68.216.178 - - [16/Apr/2025:15:33:51 -0400] "GET /wp-configs.php HTTP/1.1" 301 0 "-" "-"
13.68.216.178 - - [16/Apr/2025:15:33:53 -0400] "GET /wp-configs.php HTTP/1.1" 404 32229 "-" "-"
13.68.216.178 - - [16/Apr/2025:15:33:55 -0400] "GET /defaults.php HTTP/1.1" 301 0 "-" "-"
13.68.216.178 - - [16/Apr/2025:15:33:57 -0400] "GET /defaults.php HTTP/1.1" 404 32228 "-" "-"
13.68.216.178 - - [16/Apr/2025:15:34:00 -0400] "GET /input.php HTTP/1.1" 301 0 "-" "-"
13.68.216.178 - - [16/Apr/2025:15:34:02 -0400] "GET /input.php HTTP/1.1" 404 32229 "-" "-"
13.68.216.178 - - [16/Apr/2025:15:34:04 -0400] "GET /admin-ajax.php HTTP/1.1" 301 0 "-" "-"
13.68.216.178 - - [16/Apr/2025:15:34:07 -0400] "GET /admin-ajax.php HTTP/1.1" 404 32229 "-" "-"
13.68.216.178 - - [16/Apr/2025:15:34:09 -0400] "GET /0z.php HTTP/1.1" 301 0 "-" "-"
13.68.216.178 - - [16/Apr/2025:15:34:13 -0400] "GET /0z.php HTTP/1.1" 404 32228 "-" "-"
13.68.216.178 - - [16/Apr/2025:15:34:16 -0400] "GET /media.php HTTP/1.1" 301 0 "-" "-"
13.68.216.178 - - [16/Apr/2025:15:34:19 -0400] "GET /media.php HTTP/1.1" 404 32229 "-" "-"
198.54.114.83 - - [16/Apr/2025:15:34:22 -0400] "POST /wp-cron.php?doing_wp_cron=1744832061.0632350444793701171875 HTTP/1.1" 200 0 "-" "WordPress/6.8; https://hylasmagazine.com"
13.68.216.178 - - [16/Apr/2025:15:34:20 -0400] "GET /chosen.php HTTP/1.1" 301 0 "-" "-"
13.68.216.178 - - [16/Apr/2025:15:34:24 -0400] "GET /chosen.php HTTP/1.1" 404 32228 "-" "-"
13.68.216.178 - - [16/Apr/2025:15:34:26 -0400] "GET /wp-includes/fonts/wp-login.php HTTP/1.1" 301 0 "-" "-"
13.68.216.178 - - [16/Apr/2025:15:34:29 -0400] "GET /wp-includes/fonts/wp-login.php HTTP/1.1" 404 32229 "-" "-"
13.68.216.178 - - [16/Apr/2025:15:34:31 -0400] "GET /wp-admin/users.php HTTP/1.1" 302 0 "-" "-"
13.68.216.178 - - [16/Apr/2025:15:34:41 -0400] "GET /wp-content/uploads/cache.php HTTP/1.1" 301 0 "-" "-"
13.68.216.178 - - [16/Apr/2025:15:34:44 -0400] "GET /wp-content/uploads/cache.php HTTP/1.1" 404 32229 "-" "-"
13.68.216.178 - - [16/Apr/2025:15:34:47 -0400] "GET /.wp-cli/wp-login.php HTTP/1.1" 301 0 "-" "-"
13.68.216.178 - - [16/Apr/2025:15:34:49 -0400] "GET /.wp-cli/wp-login.php HTTP/1.1" 404 32229 "-" "-"
13.68.216.178 - - [16/Apr/2025:15:34:53 -0400] "GET /authorize.php HTTP/1.1" 301 0 "-" "-"
13.68.216.178 - - [16/Apr/2025:15:34:56 -0400] "GET /authorize.php HTTP/1.1" 404 32229 "-" "-"
13.68.216.178 - - [16/Apr/2025:15:34:57 -0400] "GET /wp-admin/css/colors/blue/CasperExV1.php HTTP/1.1" 301 0 "-" "-"
13.68.216.178 - - [16/Apr/2025:15:34:59 -0400] "GET /wp-admin/css/colors/blue/CasperExV1.php HTTP/1.1" 404 32229 "-" "-"
13.68.216.178 - - [16/Apr/2025:15:35:01 -0400] "GET /wp-admin/includes/users.php HTTP/1.1" 301 0 "-" "-"
13.68.216.178 - - [16/Apr/2025:15:35:02 -0400] "GET /wp-admin/includes/users.php HTTP/1.1" 404 32230 "-" "-"
13.68.216.178 - - [16/Apr/2025:15:35:03 -0400] "GET /wp.php HTTP/1.1" 301 0 "-" "-"
13.68.216.178 - - [16/Apr/2025:15:35:05 -0400] "GET /wp.php HTTP/1.1" 404 32229 "-" "-"
13.68.216.178 - - [16/Apr/2025:15:35:06 -0400] "GET /wp-content/plugins/WordPressCore/include.php HTTP/1.1" 301 0 "-" "-"
13.68.216.178 - - [16/Apr/2025:15:35:08 -0400] "GET /wp-content/plugins/WordPressCore/include.php HTTP/1.1" 404 32229 "-" "-"
13.68.216.178 - - [16/Apr/2025:15:35:12 -0400] "GET /themes.php HTTP/1.1" 301 0 "-" "-"
13.68.216.178 - - [16/Apr/2025:15:35:19 -0400] "GET /themes.php HTTP/1.1" 404 32228 "-" "-"
13.68.216.178 - - [16/Apr/2025:15:35:24 -0400] "GET /wp-admin/network/index.php HTTP/1.1" 302 0 "-" "-"
198.54.114.83 - - [16/Apr/2025:15:35:29 -0400] "POST /wp-cron.php?doing_wp_cron=1744832124.6145451068878173828125 HTTP/1.1" 200 0 "-" "WordPress/6.8; https://hylasmagazine.com"
13.68.216.178 - - [16/Apr/2025:15:35:38 -0400] "GET /wp-content/plugins/WordPressCore/blkfqnikz.php HTTP/1.1" 301 0 "-" "-"
13.68.216.178 - - [16/Apr/2025:15:35:41 -0400] "GET /wp-content/plugins/WordPressCore/blkfqnikz.php HTTP/1.1" 404 32228 "-" "-"
13.68.216.178 - - [16/Apr/2025:15:35:44 -0400] "GET /wp/wp-admin/includes/class-wp-page-mvb2yr.php HTTP/1.1" 301 0 "-" "-"
13.68.216.178 - - [16/Apr/2025:15:35:46 -0400] "GET /wp/wp-admin/includes/class-wp-page-mvb2yr.php HTTP/1.1" 404 32228 "-" "-"
13.68.216.178 - - [16/Apr/2025:15:35:48 -0400] "GET /st.php HTTP/1.1" 301 0 "-" "-"
13.68.216.178 - - [16/Apr/2025:15:35:53 -0400] "GET /st.php HTTP/1.1" 404 32229 "-" "-"
13.68.216.178 - - [16/Apr/2025:15:35:57 -0400] "GET /wp-includes/images/smilies/about.php HTTP/1.1" 301 0 "-" "-"
13.68.216.178 - - [16/Apr/2025:15:36:00 -0400] "GET /wp-includes/images/smilies/about.php HTTP/1.1" 404 32229 "-" "-"
13.68.216.178 - - [16/Apr/2025:15:36:04 -0400] "GET /ynz.PhP7 HTTP/1.1" 301 0 "-" "-"
13.68.216.178 - - [16/Apr/2025:15:36:08 -0400] "GET /ynz.PhP7 HTTP/1.1" 404 32228 "-" "-"
13.68.216.178 - - [16/Apr/2025:15:36:11 -0400] "GET /wp-content/style-css.php HTTP/1.1" 301 0 "-" "-"
216.244.66.200 - - [16/Apr/2025:15:38:04 -0400] "GET /robots.txt HTTP/1.1" 304 0 "-" "Mozilla/5.0 (compatible; DotBot/1.2; +https://opensiteexplorer.org/dotbot; help@moz.com)"
216.244.66.200 - - [16/Apr/2025:15:38:04 -0400] "GET /robots.txt HTTP/1.1" 301 0 "-" "Mozilla/5.0 (compatible; DotBot/1.2; +https://opensiteexplorer.org/dotbot; help@moz.com)"
138.68.109.70 - - [16/Apr/2025:15:43:15 -0400] "GET / HTTP/1.1" 200 98565 "-" "Mozilla/5.0 (compatible)"
35.215.73.6 - - [16/Apr/2025:15:58:41 -0400] "GET / HTTP/1.1" 200 98565 "-" "Mozilla/5.0 (Windows NT 10.0; Win64; x64) AppleWebKit/537.36 (KHTML, like Gecko; compatible; BW/1.3; rb.gy/qyzae5) Chrome/124.0.0.0 Safari/537.36"
35.215.73.6 - - [16/Apr/2025:15:58:43 -0400] "GET /robots.txt HTTP/1.1" 200 128 "-" "Mozilla/5.0 (Windows NT 10.0; Win64; x64) AppleWebKit/537.36 (KHTML, like Gecko; compatible; BW/1.3; rb.gy/qyzae5) Chrome/124.0.0.0 Safari/537.36"
35.215.73.6 - - [16/Apr/2025:15:58:58 -0400] "GET /ads.txt HTTP/1.1" 404 32229 "-" "Mozilla/5.0 (Windows NT 10.0; Win64; x64) AppleWebKit/537.36 (KHTML, like Gecko; compatible; BW/1.3; rb.gy/qyzae5) Chrome/124.0.0.0 Safari/537.36"
198.54.114.83 - - [16/Apr/2025:16:02:00 -0400] "POST /wp-cron.php?doing_wp_cron=1744833718.9038400650024414062500 HTTP/1.1" 200 0 "-" "WordPress/6.8; https://hylasmagazine.com"
8.29.198.27 - - [16/Apr/2025:16:01:54 -0400] "GET /feed/ HTTP/1.1" 304 0 "-" "Feedly/1.0 (+http://www.feedly.com/fetcher.html; 1 subscribers; )"
198.54.114.83 - - [16/Apr/2025:16:20:59 -0400] "POST /wp-cron.php?doing_wp_cron=1744834858.0627100467681884765625 HTTP/1.1" 200 0 "-" "WordPress/6.8; https://hylasmagazine.com"
202.69.38.12 - - [16/Apr/2025:16:20:52 -0400] "GET /wp-login.php HTTP/1.1" 302 0 "-" "Mozilla/5.0 (X11; Linux x86_64; rv:121.0) Gecko/20100101 Firefox/121.0"
202.69.38.12 - - [16/Apr/2025:16:21:02 -0400] "POST /wp-login.php HTTP/1.1" 200 0 "-" "Mozilla/5.0 (X11; Linux x86_64; rv:121.0) Gecko/20100101 Firefox/121.0"
216.244.66.200 - - [16/Apr/2025:16:23:27 -0400] "GET /robots.txt HTTP/1.1" 304 0 "-" "Mozilla/5.0 (compatible; DotBot/1.2; +https://opensiteexplorer.org/dotbot; help@moz.com)"
216.244.66.200 - - [16/Apr/2025:16:23:27 -0400] "GET /robots.txt HTTP/1.1" 301 0 "-" "Mozilla/5.0 (compatible; DotBot/1.2; +https://opensiteexplorer.org/dotbot; help@moz.com)"
216.244.66.200 - - [16/Apr/2025:16:23:28 -0400] "GET /robots.txt HTTP/1.1" 304 0 "-" "Mozilla/5.0 (compatible; DotBot/1.2; +https://opensiteexplorer.org/dotbot; help@moz.com)"
43.163.206.70 - - [16/Apr/2025:16:24:39 -0400] "GET / HTTP/1.1" 200 98565 "-" "Mozilla/5.0 (iPhone; CPU iPhone OS 13_2_3 like Mac OS X) AppleWebKit/605.1.15 (KHTML, like Gecko) Version/13.0.3 Mobile/15E148 Safari/604.1"
198.54.114.83 - - [16/Apr/2025:16:47:57 -0400] "POST /wp-cron.php?doing_wp_cron=1744836476.1387159824371337890625 HTTP/1.1" 200 0 "-" "WordPress/6.8; https://hylasmagazine.com"
172.56.106.193 - - [16/Apr/2025:16:47:55 -0400] "GET /wp-json/wp/v2/posts HTTP/1.1" 200 454090 "-" "Mozilla/5.0 (Windows NT 10.0; Win64; x64) AppleWebKit/537.36 (KHTML, like Gecko) Chrome/120.0.0.0 Safari/537.36"
216.244.66.200 - - [16/Apr/2025:17:08:21 -0400] "GET /robots.txt HTTP/1.1" 301 0 "-" "Mozilla/5.0 (compatible; DotBot/1.2; +https://opensiteexplorer.org/dotbot; help@moz.com)"
95.217.121.232 - - [16/Apr/2025:17:14:25 -0400] "GET / HTTP/1.1" 200 98565 "http://hylasmagazine.com/" "Mozilla/5.0 (Windows NT 10.0; Win64; x64) AppleWebKit/537.36 (KHTML, like Gecko) Chrome/131.0.0.0 Safari/537.36 Avast/131.0.0.0"
220.181.108.81 - - [16/Apr/2025:17:30:32 -0400] "GET / HTTP/1.1" 200 98565 "-" "Mozilla/5.0 (compatible; Baiduspider/2.0; +http://www.baidu.com/search/spider.html)"
220.181.51.120 - - [16/Apr/2025:17:30:36 -0400] "GET /robots.txt HTTP/1.1" 200 128 "-" "Mozilla/5.0 (Windows NT 10.0; WOW64) AppleWebKit/537.36 (KHTML, like Gecko) Chrome/48.0.2564.116 Safari/537.36"
172.177.12.134 - - [16/Apr/2025:17:48:27 -0400] "HEAD /wordpress HTTP/1.1" 404 0 "-" "Mozilla/5.0 (Windows NT 10.0; Win64; x64) AppleWebKit/537.36 (KHTML, like Gecko) Chrome/74.0.3729.169 Safari/537.36"
198.54.114.83 - - [16/Apr/2025:17:48:29 -0400] "POST /wp-cron.php?doing_wp_cron=1744840107.9711749553680419921875 HTTP/1.1" 200 0 "-" "WordPress/6.8; https://hylasmagazine.com"
172.177.12.134 - - [16/Apr/2025:17:48:30 -0400] "HEAD / HTTP/1.1" 200 0 "-" "Mozilla/5.0 (Windows NT 10.0; Win64; x64) AppleWebKit/537.36 (KHTML, like Gecko) Chrome/74.0.3729.169 Safari/537.36"
172.177.12.134 - - [16/Apr/2025:17:48:31 -0400] "HEAD /wp HTTP/1.1" 404 0 "-" "Mozilla/5.0 (Windows NT 10.0; Win64; x64) AppleWebKit/537.36 (KHTML, like Gecko) Chrome/74.0.3729.169 Safari/537.36"
172.177.12.134 - - [16/Apr/2025:17:48:33 -0400] "HEAD /bc HTTP/1.1" 404 0 "-" "Mozilla/5.0 (Windows NT 10.0; Win64; x64) AppleWebKit/537.36 (KHTML, like Gecko) Chrome/74.0.3729.169 Safari/537.36"
172.177.12.134 - - [16/Apr/2025:17:48:35 -0400] "HEAD /bk HTTP/1.1" 404 0 "-" "Mozilla/5.0 (Windows NT 10.0; Win64; x64) AppleWebKit/537.36 (KHTML, like Gecko) Chrome/74.0.3729.169 Safari/537.36"
172.177.12.134 - - [16/Apr/2025:17:48:37 -0400] "HEAD /backup HTTP/1.1" 404 0 "-" "Mozilla/5.0 (Windows NT 10.0; Win64; x64) AppleWebKit/537.36 (KHTML, like Gecko) Chrome/74.0.3729.169 Safari/537.36"
172.177.12.134 - - [16/Apr/2025:17:48:38 -0400] "HEAD /old HTTP/1.1" 301 0 "-" "Mozilla/5.0 (Windows NT 10.0; Win64; x64) AppleWebKit/537.36 (KHTML, like Gecko) Chrome/74.0.3729.169 Safari/537.36"
172.177.12.134 - - [16/Apr/2025:17:48:42 -0400] "HEAD /new HTTP/1.1" 301 0 "-" "Mozilla/5.0 (Windows NT 10.0; Win64; x64) AppleWebKit/537.36 (KHTML, like Gecko) Chrome/74.0.3729.169 Safari/537.36"
172.177.12.134 - - [16/Apr/2025:17:48:45 -0400] "HEAD /main HTTP/1.1" 404 0 "-" "Mozilla/5.0 (Windows NT 10.0; Win64; x64) AppleWebKit/537.36 (KHTML, like Gecko) Chrome/74.0.3729.169 Safari/537.36"
172.177.12.134 - - [16/Apr/2025:17:48:46 -0400] "HEAD /home HTTP/1.1" 301 0 "-" "Mozilla/5.0 (Windows NT 10.0; Win64; x64) AppleWebKit/537.36 (KHTML, like Gecko) Chrome/74.0.3729.169 Safari/537.36"
216.244.66.200 - - [16/Apr/2025:17:53:19 -0400] "GET /robots.txt HTTP/1.1" 301 0 "-" "Mozilla/5.0 (compatible; DotBot/1.2; +https://opensiteexplorer.org/dotbot; help@moz.com)"
216.244.66.200 - - [16/Apr/2025:17:53:19 -0400] "GET /robots.txt HTTP/1.1" 304 0 "-" "Mozilla/5.0 (compatible; DotBot/1.2; +https://opensiteexplorer.org/dotbot; help@moz.com)"
216.244.66.200 - - [16/Apr/2025:17:53:20 -0400] "GET /robots.txt HTTP/1.1" 304 0 "-" "Mozilla/5.0 (compatible; DotBot/1.2; +https://opensiteexplorer.org/dotbot; help@moz.com)"
103.165.81.166 - - [16/Apr/2025:18:08:54 -0400] "GET / HTTP/1.1" 200 98565 "-" "Mozilla/5.0 (Windows NT 10.0; Win64; x64) AppleWebKit/537.36 (KHTML, like Gecko) Chrome/97.0.4280.67 Safari/537.36 Edg/97.0.664.52"
85.208.98.23 - - [16/Apr/2025:18:09:16 -0400] "GET /robots.txt HTTP/1.1" 304 0 "-" "Mozilla/5.0 (compatible; SemrushBot-BA; +http://www.semrush.com/bot.html)"
216.244.66.200 - - [16/Apr/2025:18:28:13 -0400] "GET /how-to-get-professional-phoenix-house-cleaning/ HTTP/1.1" 200 36492 "-" "Mozilla/5.0 (compatible; DotBot/1.2; +https://opensiteexplorer.org/dotbot; help@moz.com)"
170.106.180.246 - - [16/Apr/2025:18:34:29 -0400] "GET / HTTP/1.1" 200 98565 "-" "Mozilla/5.0 (iPhone; CPU iPhone OS 13_2_3 like Mac OS X) AppleWebKit/605.1.15 (KHTML, like Gecko) Version/13.0.3 Mobile/15E148 Safari/604.1"
216.244.66.200 - - [16/Apr/2025:18:38:29 -0400] "GET /robots.txt HTTP/1.1" 304 0 "-" "Mozilla/5.0 (compatible; DotBot/1.2; +https://opensiteexplorer.org/dotbot; help@moz.com)"
198.54.114.83 - - [16/Apr/2025:19:04:48 -0400] "POST /wp-cron.php?doing_wp_cron=1744844688.2461960315704345703125 HTTP/1.1" 200 0 "-" "WordPress/6.8; https://hylasmagazine.com"
8.29.198.25 - - [16/Apr/2025:19:04:47 -0400] "GET /feed/ HTTP/1.1" 304 0 "-" "Feedly/1.0 (+http://www.feedly.com/fetcher.html; 1 subscribers; )"
199.45.155.91 - - [16/Apr/2025:19:18:48 -0400] "GET / HTTP/1.1" 200 98565 "-" "Mozilla/5.0 (compatible; CensysInspect/1.1; +https://about.censys.io/)"
2602:80d:1004::2b - - [16/Apr/2025:19:18:53 -0400] "GET /favicon.ico HTTP/1.1" 404 1251 "-" "Mozilla/5.0 (compatible; CensysInspect/1.1; +https://about.censys.io/)"
2602:80d:1004::2b - - [16/Apr/2025:19:18:59 -0400] "GET /favicon.ico HTTP/1.1" 404 1251 "-" "Mozilla/5.0 (compatible; CensysInspect/1.1; +https://about.censys.io/)"
216.244.66.200 - - [16/Apr/2025:19:24:59 -0400] "GET /robots.txt HTTP/1.1" 304 0 "-" "Mozilla/5.0 (compatible; DotBot/1.2; +https://opensiteexplorer.org/dotbot; help@moz.com)"
216.244.66.200 - - [16/Apr/2025:19:24:59 -0400] "GET /robots.txt HTTP/1.1" 301 0 "-" "Mozilla/5.0 (compatible; DotBot/1.2; +https://opensiteexplorer.org/dotbot; help@moz.com)"
198.54.114.83 - - [16/Apr/2025:19:28:45 -0400] "POST /wp-cron.php?doing_wp_cron=1744846124.1608090400695800781250 HTTP/1.1" 200 0 "-" "WordPress/6.8; https://hylasmagazine.com"
196.251.88.242 - - [16/Apr/2025:19:28:43 -0400] "GET /simple.php HTTP/1.1" 404 32228 "www.google.com" "Mozlila/5.0 (Linux; Android 7.0; SM-G892A Bulid/NRD90M; wv) AppleWebKit/537.36 (KHTML, like Gecko) Version/4.0 Chrome/60.0.3112.107 Moblie Safari/537.36"
196.251.88.242 - - [16/Apr/2025:19:29:09 -0400] "GET /wp-content/themes/about.php HTTP/1.1" 404 32228 "www.google.com" "Mozlila/5.0 (Linux; Android 7.0; SM-G892A Bulid/NRD90M; wv) AppleWebKit/537.36 (KHTML, like Gecko) Version/4.0 Chrome/60.0.3112.107 Moblie Safari/537.36"
103.131.71.69 - - [16/Apr/2025:19:34:04 -0400] "GET /robots.txt HTTP/1.1" 200 128 "-" "Mozilla/5.0 (compatible; coccocbot-web/1.0; +http://help.coccoc.com/searchengine)"
2a12:8ec1:e253:27b9:fe72:4e86:ef61:1c19 - - [16/Apr/2025:19:41:32 -0400] "GET /a-manual-for-supplanting-your-carport-entryway/ HTTP/1.1" 200 36743 "http://hylasmagazine.com/a-manual-for-supplanting-your-carport-entryway/" "Mozilla/5.0 (Windows NT 10.0; Win64; x64) AppleWebKit/537.36 (KHTML, like Gecko) Chrome/131.0.0.0 Safari/537.36 Avast/131.0.0.0"
198.54.114.83 - - [16/Apr/2025:19:41:38 -0400] "POST /wp-cron.php?doing_wp_cron=1744846896.9444251060485839843750 HTTP/1.1" 200 0 "-" "WordPress/6.8; https://hylasmagazine.com"
2a12:8ec1:e253:27b9:fe72:4e86:ef61:1c19 - - [16/Apr/2025:19:41:36 -0400] "POST /wp-comments-post.php HTTP/1.1" 302 0 "http://hylasmagazine.com/a-manual-for-supplanting-your-carport-entryway/" "Mozilla/5.0 (Windows NT 10.0; Win64; x64) AppleWebKit/537.36 (KHTML, like Gecko) Chrome/131.0.0.0 Safari/537.36 Avast/131.0.0.0"
52.167.144.59 - - [16/Apr/2025:19:46:51 -0400] "GET /robots.txt HTTP/1.1" 301 0 "-" "Mozilla/5.0 AppleWebKit/537.36 (KHTML, like Gecko; compatible; bingbot/2.0; +http://www.bing.com/bingbot.htm) Chrome/116.0.1938.76 Safari/537.36"
40.77.167.243 - - [16/Apr/2025:19:47:07 -0400] "GET /sitemap_index.xml HTTP/1.1" 200 313 "-" "Mozilla/5.0 AppleWebKit/537.36 (KHTML, like Gecko; compatible; bingbot/2.0; +http://www.bing.com/bingbot.htm) Chrome/116.0.1938.76 Safari/537.36"
14.215.163.132 - - [16/Apr/2025:19:53:30 -0400] "GET / HTTP/1.1" 200 98565 "-" "Mozilla/5.0 (iPhone; CPU iPhone OS 13_2_3 like Mac OS X) AppleWebKit/605.1.15 (KHTML, like Gecko) Version/13.0.3 Mobile/15E148 Safari/604.1"
40.77.167.243 - - [16/Apr/2025:19:55:01 -0400] "GET /sitemap.xml HTTP/1.1" 200 297 "-" "Mozilla/5.0 AppleWebKit/537.36 (KHTML, like Gecko; compatible; bingbot/2.0; +http://www.bing.com/bingbot.htm) Chrome/116.0.1938.76 Safari/537.36"
40.88.21.235 - - [16/Apr/2025:20:05:58 -0400] "GET / HTTP/1.1" 200 98565 "http://hylasmagazine.com/" "DuckDuckBot/1.1; (+http://duckduckgo.com/duckduckbot.html)"
216.244.66.200 - - [16/Apr/2025:20:13:55 -0400] "GET /robots.txt HTTP/1.1" 301 0 "-" "Mozilla/5.0 (compatible; DotBot/1.2; +https://opensiteexplorer.org/dotbot; help@moz.com)"
143.198.138.171 - - [16/Apr/2025:20:52:51 -0400] "GET / HTTP/1.1" 200 98565 "-" "Mozilla/5.0 (Windows NT 10.0; Win64; x64) AppleWebKit/537.36 (KHTML, like Gecko) Chrome/80.0.3987.149 Safari/537.36"
143.198.138.171 - - [16/Apr/2025:20:52:53 -0400] "GET / HTTP/1.1" 200 98565 "-" "Mozilla/5.0 (Windows NT 10.0; Win64; x64) AppleWebKit/537.36 (KHTML, like Gecko) Chrome/80.0.3987.149 Safari/537.36"
198.54.114.83 - - [16/Apr/2025:20:53:02 -0400] "POST /wp-cron.php?doing_wp_cron=1744851180.4525818824768066406250 HTTP/1.1" 200 0 "-" "WordPress/6.8; https://hylasmagazine.com"
143.198.138.171 - - [16/Apr/2025:20:52:55 -0400] "GET /wp-includes/wlwmanifest.xml HTTP/1.1" 404 32230 "-" "Mozilla/5.0 (Windows NT 10.0; Win64; x64) AppleWebKit/537.36 (KHTML, like Gecko) Chrome/80.0.3987.149 Safari/537.36"
143.198.138.171 - - [16/Apr/2025:20:53:04 -0400] "GET /?author=1 HTTP/1.1" 200 98565 "-" "Mozilla/5.0 (Windows NT 10.0; Win64; x64) AppleWebKit/537.36 (KHTML, like Gecko) Chrome/80.0.3987.149 Safari/537.36"
143.198.138.171 - - [16/Apr/2025:20:53:05 -0400] "GET /?author=2 HTTP/1.1" 200 98565 "-" "Mozilla/5.0 (Windows NT 10.0; Win64; x64) AppleWebKit/537.36 (KHTML, like Gecko) Chrome/80.0.3987.149 Safari/537.36"
143.198.138.171 - - [16/Apr/2025:20:53:06 -0400] "GET /wp-json/wp/v2/users/ HTTP/1.1" 200 1545 "-" "Mozilla/5.0 (Windows NT 10.0; Win64; x64) AppleWebKit/537.36 (KHTML, like Gecko) Chrome/80.0.3987.149 Safari/537.36"
143.198.138.171 - - [16/Apr/2025:20:53:11 -0400] "POST /xmlrpc.php HTTP/1.1" 200 212 "-" "Mozilla/5.0 (Windows NT 10.0; Win64; x64) AppleWebKit/537.36 (KHTML, like Gecko) Chrome/80.0.3987.149 Safari/537.36"
143.198.138.171 - - [16/Apr/2025:20:53:12 -0400] "POST /xmlrpc.php HTTP/1.1" 200 236 "-" "Mozilla/5.0 (Windows NT 10.0; Win64; x64) AppleWebKit/537.36 (KHTML, like Gecko) Chrome/80.0.3987.149 Safari/537.36"
143.198.138.171 - - [16/Apr/2025:20:53:14 -0400] "POST /xmlrpc.php HTTP/1.1" 200 212 "-" "Mozilla/5.0 (Windows NT 10.0; Win64; x64) AppleWebKit/537.36 (KHTML, like Gecko) Chrome/80.0.3987.149 Safari/537.36"
143.198.138.171 - - [16/Apr/2025:20:53:16 -0400] "POST /xmlrpc.php HTTP/1.1" 200 236 "-" "Mozilla/5.0 (Windows NT 10.0; Win64; x64) AppleWebKit/537.36 (KHTML, like Gecko) Chrome/80.0.3987.149 Safari/537.36"
198.54.114.83 - - [16/Apr/2025:20:53:19 -0400] "POST /wp-cron.php?doing_wp_cron=1744851197.8253519535064697265625 HTTP/1.1" 200 0 "-" "WordPress/6.8; https://hylasmagazine.com"
143.198.138.171 - - [16/Apr/2025:20:53:17 -0400] "POST /xmlrpc.php HTTP/1.1" 200 236 "-" "Mozilla/5.0 (Windows NT 10.0; Win64; x64) AppleWebKit/537.36 (KHTML, like Gecko) Chrome/80.0.3987.149 Safari/537.36"
143.198.138.171 - - [16/Apr/2025:20:53:20 -0400] "POST /xmlrpc.php HTTP/1.1" 200 236 "-" "Mozilla/5.0 (Windows NT 10.0; Win64; x64) AppleWebKit/537.36 (KHTML, like Gecko) Chrome/80.0.3987.149 Safari/537.36"
93.123.109.101 - - [16/Apr/2025:20:53:57 -0400] "GET /@ali/lzdmod-site-nav-pc/pc/index HTTP/1.1" 301 0 "-" "Mozilla/5.0 (Windows NT 10.0; Win64; x64) AppleWebKit/537.36 Chrome/121.0.0.0"
93.123.109.101 - - [16/Apr/2025:20:53:59 -0400] "GET /@ali/lzdmod-site-nav-pc/pc/index HTTP/1.1" 404 32230 "-" "Mozilla/5.0 (Windows NT 10.0; Win64; x64) AppleWebKit/537.36 Chrome/121.0.0.0"
216.244.66.200 - - [16/Apr/2025:21:11:32 -0400] "GET /robots.txt HTTP/1.1" 304 0 "-" "Mozilla/5.0 (compatible; DotBot/1.2; +https://opensiteexplorer.org/dotbot; help@moz.com)"
216.244.66.200 - - [16/Apr/2025:21:11:32 -0400] "GET /robots.txt HTTP/1.1" 301 0 "-" "Mozilla/5.0 (compatible; DotBot/1.2; +https://opensiteexplorer.org/dotbot; help@moz.com)"
216.244.66.200 - - [16/Apr/2025:21:11:33 -0400] "GET /robots.txt HTTP/1.1" 200 128 "-" "Mozilla/5.0 (compatible; DotBot/1.2; +https://opensiteexplorer.org/dotbot; help@moz.com)"
40.88.21.235 - - [16/Apr/2025:21:21:13 -0400] "GET / HTTP/1.1" 200 98565 "http://hylasmagazine.com/" "DuckDuckBot/1.1; (+http://duckduckgo.com/duckduckbot.html)"
2a12:e246:eb59:5c10:7142:95f5:f1ea:978 - - [16/Apr/2025:21:51:53 -0400] "GET /the-rise-of-online-betting-platforms/ HTTP/1.1" 200 37185 "http://hylasmagazine.com/the-rise-of-online-betting-platforms/" "Mozilla/5.0 (Windows NT 10.0; Win64; x64) AppleWebKit/537.36 (KHTML, like Gecko) Chrome/131.0.0.0 Safari/537.36"
2a11:5781:365e:c23b:6bb:b927:eeaf:1ed7 - - [16/Apr/2025:21:51:58 -0400] "POST /wp-comments-post.php HTTP/1.1" 302 0 "http://hylasmagazine.com/the-rise-of-online-betting-platforms/" "Mozilla/5.0 (Windows NT 10.0; Win64; x64) AppleWebKit/537.36 (KHTML, like Gecko) Chrome/131.0.0.0 Safari/537.36"
216.244.66.200 - - [16/Apr/2025:21:57:00 -0400] "GET /robots.txt HTTP/1.1" 304 0 "-" "Mozilla/5.0 (compatible; DotBot/1.2; +https://opensiteexplorer.org/dotbot; help@moz.com)"
198.54.114.83 - - [16/Apr/2025:22:08:17 -0400] "POST /wp-cron.php?doing_wp_cron=1744855697.0191059112548828125000 HTTP/1.1" 200 0 "-" "WordPress/6.8; https://hylasmagazine.com"
8.29.198.26 - - [16/Apr/2025:22:08:16 -0400] "GET /feed HTTP/1.1" 301 0 "-" "Feedly/1.0 (+http://www.feedly.com/fetcher.html; 1 subscribers; )"
8.29.198.26 - - [16/Apr/2025:22:08:18 -0400] "GET /feed/ HTTP/1.1" 200 251555 "-" "Feedly/1.0 (+http://www.feedly.com/fetcher.html; 1 subscribers; )"
4.227.36.28 - - [16/Apr/2025:22:16:49 -0400] "GET /robots.txt HTTP/1.1" 304 0 "-" "Mozilla/5.0 AppleWebKit/537.36 (KHTML, like Gecko; compatible; GPTBot/1.2; +https://openai.com/gptbot)"
66.249.70.96 - - [16/Apr/2025:22:23:46 -0400] "GET /robots.txt HTTP/1.1" 200 128 "-" "Mozilla/5.0 (compatible; Googlebot/2.1; +http://www.google.com/bot.html)"
20.171.207.31 - - [16/Apr/2025:22:39:33 -0400] "GET / HTTP/1.1" 200 98565 "-" "Mozilla/5.0 AppleWebKit/537.36 (KHTML, like Gecko; compatible; GPTBot/1.2; +https://openai.com/gptbot)"
216.244.66.200 - - [16/Apr/2025:22:43:37 -0400] "GET /robots.txt HTTP/1.1" 304 0 "-" "Mozilla/5.0 (compatible; DotBot/1.2; +https://opensiteexplorer.org/dotbot; help@moz.com)"
216.244.66.200 - - [16/Apr/2025:22:43:38 -0400] "GET /robots.txt HTTP/1.1" 301 0 "-" "Mozilla/5.0 (compatible; DotBot/1.2; +https://opensiteexplorer.org/dotbot; help@moz.com)"
164.90.188.101 - - [16/Apr/2025:22:51:14 -0400] "GET /a-manual-for-supplanting-your-carport-entryway/ HTTP/1.1" 200 36743 "http://hylasmagazine.com/a-manual-for-supplanting-your-carport-entryway/" "Mozilla/5.0 (Windows NT 10.0; Win64; x64) AppleWebKit/537.36 (KHTML, like Gecko) Chrome/131.0.0.0 Safari/537.36"
164.90.188.101 - - [16/Apr/2025:22:51:16 -0400] "POST /wp-comments-post.php HTTP/1.1" 302 0 "http://hylasmagazine.com/a-manual-for-supplanting-your-carport-entryway/" "Mozilla/5.0 (Windows NT 10.0; Win64; x64) AppleWebKit/537.36 (KHTML, like Gecko) Chrome/131.0.0.0 Safari/537.36"
2a12:8105:476c:4b85:a48a:8011:74bf:fe4e - - [16/Apr/2025:22:54:09 -0400] "GET /a-manual-for-supplanting-your-carport-entryway/ HTTP/1.1" 200 36743 "http://hylasmagazine.com/a-manual-for-supplanting-your-carport-entryway/" "Mozilla/5.0 (Windows NT 10.0; Win64; x64) AppleWebKit/537.36 (KHTML, like Gecko) Chrome/130.0.0.0 Safari/537.36 CCleaner/130.0.0.0"
2a12:8105:476c:4b85:a48a:8011:74bf:fe4e - - [16/Apr/2025:22:54:13 -0400] "POST /wp-comments-post.php HTTP/1.1" 302 0 "http://hylasmagazine.com/a-manual-for-supplanting-your-carport-entryway/" "Mozilla/5.0 (Windows NT 10.0; Win64; x64) AppleWebKit/537.36 (KHTML, like Gecko) Chrome/130.0.0.0 Safari/537.36 CCleaner/130.0.0.0"
2602:fb54:960:: - - [16/Apr/2025:23:24:24 -0400] "GET /admin.php?520 HTTP/1.1" 404 32229 "-" "Mozilla/5.0 (Windows; U; Windows NT 6.1; en-US; rv:1.9.1.5) Gecko/20091102 Firefox/3.5.5 (.NET CLR 3.5.30729)"
198.54.114.83 - - [16/Apr/2025:23:24:26 -0400] "POST /wp-cron.php?doing_wp_cron=1744860264.4028089046478271484375 HTTP/1.1" 200 0 "-" "WordPress/6.8; https://hylasmagazine.com"
216.244.66.200 - - [16/Apr/2025:23:28:47 -0400] "GET /robots.txt HTTP/1.1" 301 0 "-" "Mozilla/5.0 (compatible; DotBot/1.2; +https://opensiteexplorer.org/dotbot; help@moz.com)"
143.92.34.154 - - [16/Apr/2025:23:36:37 -0400] "GET /statics/img/login_bg.jpg HTTP/1.1" 404 32235 "http://hylasmagazine.com" "(compatible; Baiduspider/2.0; +http://www.baidu.com/search/spider.html\xa3\xa9"
45.56.69.133 - - [16/Apr/2025:23:55:44 -0400] "GET / HTTP/1.1" 200 98565 "-" "-"
43.130.91.95 - - [17/Apr/2025:00:07:19 -0400] "GET / HTTP/1.1" 200 98565 "-" "Mozilla/5.0 (iPhone; CPU iPhone OS 13_2_3 like Mac OS X) AppleWebKit/605.1.15 (KHTML, like Gecko) Version/13.0.3 Mobile/15E148 Safari/604.1"
202.69.38.12 - - [17/Apr/2025:00:12:38 -0400] "GET /wp-login.php HTTP/1.1" 302 0 "-" "Mozilla/5.0 (X11; Linux x86_64; rv:121.0) Gecko/20100101 Firefox/121.0"
202.69.38.12 - - [17/Apr/2025:00:12:44 -0400] "POST /wp-login.php HTTP/1.1" 302 0 "-" "Mozilla/5.0 (X11; Linux x86_64; rv:121.0) Gecko/20100101 Firefox/121.0"
202.69.38.12 - - [17/Apr/2025:00:12:51 -0400] "POST /wp-login.php HTTP/1.1" 302 0 "-" "Mozilla/5.0 (X11; Linux x86_64; rv:121.0) Gecko/20100101 Firefox/121.0"
216.244.66.200 - - [17/Apr/2025:00:14:04 -0400] "GET /robots.txt HTTP/1.1" 304 0 "-" "Mozilla/5.0 (compatible; DotBot/1.2; +https://opensiteexplorer.org/dotbot; help@moz.com)"
143.92.32.21 - - [17/Apr/2025:00:26:14 -0400] "GET / HTTP/1.1" 200 98565 "http://hylasmagazine.com" "Mozilla/5.0 (compatible; Yahoo! Slurp; http://help.yahoo.com/help/us/ysearch/slurp\xa1\xb1)"
119.96.24.54 - - [17/Apr/2025:00:45:01 -0400] "GET / HTTP/1.1" 200 98565 "-" "Mozilla/5.0 (iPhone; CPU iPhone OS 13_2_3 like Mac OS X) AppleWebKit/605.1.15 (KHTML, like Gecko) Version/13.0.3 Mobile/15E148 Safari/604.1"
196.251.86.53 - - [17/Apr/2025:00:47:56 -0400] "GET / HTTP/1.1" 200 98565 "-" "-"
216.244.66.200 - - [17/Apr/2025:00:59:06 -0400] "GET /robots.txt HTTP/1.1" 301 0 "-" "Mozilla/5.0 (compatible; DotBot/1.2; +https://opensiteexplorer.org/dotbot; help@moz.com)"
216.244.66.200 - - [17/Apr/2025:00:59:06 -0400] "GET /robots.txt HTTP/1.1" 200 128 "-" "Mozilla/5.0 (compatible; DotBot/1.2; +https://opensiteexplorer.org/dotbot; help@moz.com)"
216.244.66.200 - - [17/Apr/2025:00:59:09 -0400] "GET /robots.txt HTTP/1.1" 304 0 "-" "Mozilla/5.0 (compatible; DotBot/1.2; +https://opensiteexplorer.org/dotbot; help@moz.com)"
2a11:5780:2bef:fbdf:b275:65f8:5fff:f0d3 - - [17/Apr/2025:01:02:59 -0400] "GET /the-rise-of-online-betting-platforms/ HTTP/1.1" 200 37185 "http://hylasmagazine.com/the-rise-of-online-betting-platforms/" "Mozilla/5.0 (Windows NT 10.0; Win64; x64) AppleWebKit/537.36 (KHTML, like Gecko) Chrome/129.0.0.0 Safari/537.36"
2a12:d3c2:bab6:4cd8:b98:a13c:349:ccce - - [17/Apr/2025:01:03:01 -0400] "POST /wp-comments-post.php HTTP/1.1" 302 0 "http://hylasmagazine.com/the-rise-of-online-betting-platforms/" "Mozilla/5.0 (Windows NT 10.0; Win64; x64) AppleWebKit/537.36 (KHTML, like Gecko) Chrome/129.0.0.0 Safari/537.36"
52.168.149.195 - - [17/Apr/2025:01:51:53 -0400] "GET /wp-content/ccx/ HTTP/1.1" 301 0 "-" "-"
198.54.114.83 - - [17/Apr/2025:01:52:00 -0400] "POST /wp-cron.php?doing_wp_cron=1744869117.5717639923095703125000 HTTP/1.1" 200 0 "-" "WordPress/6.8; https://hylasmagazine.com"
52.168.149.195 - - [17/Apr/2025:01:52:03 -0400] "GET /wp-content/ccx/ HTTP/1.1" 404 32230 "-" "-"
52.168.149.195 - - [17/Apr/2025:01:52:06 -0400] "GET /wp-content/themes/tflow/ HTTP/1.1" 301 0 "-" "-"
52.168.149.195 - - [17/Apr/2025:01:52:08 -0400] "GET /wp-content/themes/tflow/ HTTP/1.1" 404 32229 "-" "-"
52.168.149.195 - - [17/Apr/2025:01:52:10 -0400] "GET /wp-content/plugins/pwnd-1/ HTTP/1.1" 301 0 "-" "-"
52.168.149.195 - - [17/Apr/2025:01:52:13 -0400] "GET /wp-content/plugins/pwnd-1/ HTTP/1.1" 404 32229 "-" "-"
52.168.149.195 - - [17/Apr/2025:01:52:15 -0400] "GET /wp-content/plugins/pwnd/ HTTP/1.1" 301 0 "-" "-"
52.168.149.195 - - [17/Apr/2025:01:52:18 -0400] "GET /wp-content/plugins/pwnd/ HTTP/1.1" 404 32229 "-" "-"
52.168.149.195 - - [17/Apr/2025:01:52:20 -0400] "GET /wordpress/wp-includes/IXR/ HTTP/1.1" 301 0 "-" "-"
52.168.149.195 - - [17/Apr/2025:01:52:23 -0400] "GET /wordpress/wp-includes/IXR/ HTTP/1.1" 404 32229 "-" "-"
52.168.149.195 - - [17/Apr/2025:01:52:26 -0400] "GET /assets/fonts/ HTTP/1.1" 301 0 "-" "-"
52.168.149.195 - - [17/Apr/2025:01:52:30 -0400] "GET /assets/fonts/ HTTP/1.1" 404 32229 "-" "-"
52.168.149.195 - - [17/Apr/2025:01:52:34 -0400] "GET /vendor/phpunit/phpunit/src/Util/PHP/ HTTP/1.1" 301 0 "-" "-"
52.168.149.195 - - [17/Apr/2025:01:52:37 -0400] "GET /vendor/phpunit/phpunit/src/Util/PHP/ HTTP/1.1" 404 32229 "-" "-"
52.168.149.195 - - [17/Apr/2025:01:52:39 -0400] "GET /wp-content/plugins/css-ready/ HTTP/1.1" 301 0 "-" "-"
52.168.149.195 - - [17/Apr/2025:01:52:41 -0400] "GET /wp-content/plugins/css-ready/ HTTP/1.1" 404 32229 "-" "-"
52.168.149.195 - - [17/Apr/2025:01:52:43 -0400] "GET /wp-content/plugins/linkpreview/ HTTP/1.1" 301 0 "-" "-"
52.168.149.195 - - [17/Apr/2025:01:52:44 -0400] "GET /wp-content/plugins/linkpreview/ HTTP/1.1" 404 32230 "-" "-"
52.168.149.195 - - [17/Apr/2025:01:52:47 -0400] "GET /wp-content/uploads/2023/11/ HTTP/1.1" 403 1242 "-" "-"
52.168.149.195 - - [17/Apr/2025:01:52:49 -0400] "GET /wp-includes/js/tinymce/skins/wordpress/images/ HTTP/1.1" 403 1242 "-" "-"
52.168.149.195 - - [17/Apr/2025:01:52:50 -0400] "GET /wp-includes/Requests/Text/ HTTP/1.1" 301 0 "-" "-"
52.168.149.195 - - [17/Apr/2025:01:52:52 -0400] "GET /wp-includes/Requests/Text/ HTTP/1.1" 404 32229 "-" "-"
52.168.149.195 - - [17/Apr/2025:01:52:54 -0400] "GET /wp-content/themes/wp-classic/inc/ HTTP/1.1" 301 0 "-" "-"
52.168.149.195 - - [17/Apr/2025:01:52:56 -0400] "GET /wp-content/themes/wp-classic/inc/ HTTP/1.1" 404 32229 "-" "-"
52.168.149.195 - - [17/Apr/2025:01:52:58 -0400] "GET /admin/upload/ HTTP/1.1" 301 0 "-" "-"
198.54.114.83 - - [17/Apr/2025:01:53:01 -0400] "POST /wp-cron.php?doing_wp_cron=1744869179.0915369987487792968750 HTTP/1.1" 200 0 "-" "WordPress/6.8; https://hylasmagazine.com"
52.168.149.195 - - [17/Apr/2025:01:53:02 -0400] "GET /admin/upload/ HTTP/1.1" 404 32230 "-" "-"
52.168.149.195 - - [17/Apr/2025:01:53:05 -0400] "GET /wp-includes.bak/html-api/ HTTP/1.1" 301 0 "-" "-"
52.168.149.195 - - [17/Apr/2025:01:53:06 -0400] "GET /wp-includes.bak/html-api/ HTTP/1.1" 404 32235 "-" "-"
52.168.149.195 - - [17/Apr/2025:01:53:08 -0400] "GET /wp-admin/maint/maint/ HTTP/1.1" 301 0 "-" "-"
52.168.149.195 - - [17/Apr/2025:01:53:10 -0400] "GET /wp-admin/maint/maint/ HTTP/1.1" 404 32229 "-" "-"
52.168.149.195 - - [17/Apr/2025:01:53:13 -0400] "GET /wp-content/plugins/Cache/ HTTP/1.1" 301 0 "-" "-"
52.168.149.195 - - [17/Apr/2025:01:53:15 -0400] "GET /wp-content/plugins/Cache/ HTTP/1.1" 404 32229 "-" "-"
52.168.149.195 - - [17/Apr/2025:01:53:17 -0400] "GET /wp-admin/css/colors/coffee/ HTTP/1.1" 403 1242 "-" "-"
198.54.114.83 - - [17/Apr/2025:01:53:19 -0400] "POST /wp-cron.php?doing_wp_cron=1744869198.7470259666442871093750 HTTP/1.1" 200 0 "-" "WordPress/6.8; https://hylasmagazine.com"
52.168.149.195 - - [17/Apr/2025:01:53:18 -0400] "GET /wp-admin/js//wp-admin/js/ HTTP/1.1" 301 0 "-" "-"
52.168.149.195 - - [17/Apr/2025:01:53:21 -0400] "GET /wp-admin/js/wp-admin/js/ HTTP/1.1" 404 32230 "-" "-"
52.168.149.195 - - [17/Apr/2025:01:53:22 -0400] "GET /wp/wp-includes/ HTTP/1.1" 301 0 "-" "-"
52.168.149.195 - - [17/Apr/2025:01:53:24 -0400] "GET /wp/wp-includes/ HTTP/1.1" 404 32229 "-" "-"
52.168.149.195 - - [17/Apr/2025:01:53:25 -0400] "GET /wp-includes/js/tinymce/skins/lightgray/img/ HTTP/1.1" 403 1242 "-" "-"
52.168.149.195 - - [17/Apr/2025:01:53:27 -0400] "GET /wp-admin/css/colors/midnight/ HTTP/1.1" 403 1242 "-" "-"
52.168.149.195 - - [17/Apr/2025:01:53:28 -0400] "GET /wp-content/gallery/ HTTP/1.1" 301 0 "-" "-"
52.168.149.195 - - [17/Apr/2025:01:53:30 -0400] "GET /wp-content/gallery/ HTTP/1.1" 404 32230 "-" "-"
52.168.149.195 - - [17/Apr/2025:01:53:32 -0400] "GET /wp-includes/PHPMailer/ HTTP/1.1" 403 1242 "-" "-"
52.168.149.195 - - [17/Apr/2025:01:53:33 -0400] "GET /wp-content/plugins/backup-backup/includes/ HTTP/1.1" 301 0 "-" "-"
52.168.149.195 - - [17/Apr/2025:01:53:34 -0400] "GET /wp-content/plugins/backup-backup/includes/ HTTP/1.1" 404 32229 "-" "-"
52.168.149.195 - - [17/Apr/2025:01:53:36 -0400] "GET /filemanager/ HTTP/1.1" 301 0 "-" "-"
52.168.149.195 - - [17/Apr/2025:01:53:38 -0400] "GET /filemanager/ HTTP/1.1" 404 32230 "-" "-"
52.168.149.195 - - [17/Apr/2025:01:53:40 -0400] "GET /images/ HTTP/1.1" 301 0 "-" "-"
52.168.149.195 - - [17/Apr/2025:01:53:42 -0400] "GET /images/ HTTP/1.1" 404 32229 "-" "-"
52.168.149.195 - - [17/Apr/2025:01:53:44 -0400] "GET /wp-includes/js/tinymce/skins/lightgray/fonts/ HTTP/1.1" 403 1242 "-" "-"
52.168.149.195 - - [17/Apr/2025:01:53:45 -0400] "GET /wp-content/plugins/envato-market/inc/ HTTP/1.1" 301 0 "-" "-"
52.168.149.195 - - [17/Apr/2025:01:53:46 -0400] "GET /wp-content/plugins/envato-market/inc/ HTTP/1.1" 404 32229 "-" "-"
52.168.149.195 - - [17/Apr/2025:01:53:48 -0400] "GET /wp-includes/js/codemirror/ HTTP/1.1" 403 1242 "-" "-"
52.168.149.195 - - [17/Apr/2025:01:53:49 -0400] "GET /wp-content/themes/twentyfive/ HTTP/1.1" 301 0 "-" "-"
52.168.149.195 - - [17/Apr/2025:01:53:51 -0400] "GET /wp-content/themes/twentyfive/ HTTP/1.1" 404 32230 "-" "-"
52.168.149.195 - - [17/Apr/2025:01:53:54 -0400] "GET /wp-content/themes/travel/ HTTP/1.1" 301 0 "-" "-"
52.168.149.195 - - [17/Apr/2025:01:53:55 -0400] "GET /wp-content/themes/travel/ HTTP/1.1" 404 32230 "-" "-"
52.168.149.195 - - [17/Apr/2025:01:53:57 -0400] "GET /wp-content/plugins/core/ HTTP/1.1" 301 0 "-" "-"
52.168.149.195 - - [17/Apr/2025:01:53:58 -0400] "GET /wp-content/plugins/core/ HTTP/1.1" 404 32230 "-" "-"
52.168.149.195 - - [17/Apr/2025:01:54:00 -0400] "GET /img/ HTTP/1.1" 301 0 "-" "-"
52.168.149.195 - - [17/Apr/2025:01:54:04 -0400] "GET /img/ HTTP/1.1" 404 32230 "-" "-"
52.168.149.195 - - [17/Apr/2025:01:54:05 -0400] "GET /wp-content/plugins/contact-form-7/includes/js/jquery-ui/themes/smoothness/ HTTP/1.1" 301 0 "-" "-"
52.168.149.195 - - [17/Apr/2025:01:54:08 -0400] "GET /wp-content/plugins/contact-form-7/includes/js/jquery-ui/themes/smoothness/ HTTP/1.1" 404 32229 "-" "-"
52.168.149.195 - - [17/Apr/2025:01:54:10 -0400] "GET /modules/mod_simplefileuploadv1.3/elements/ HTTP/1.1" 301 0 "-" "-"
52.168.149.195 - - [17/Apr/2025:01:54:13 -0400] "GET /modules/mod_simplefileuploadv1.3/elements/ HTTP/1.1" 404 32229 "-" "-"
52.168.149.195 - - [17/Apr/2025:01:54:16 -0400] "GET /wp-content/plugins/seoo/ HTTP/1.1" 301 0 "-" "-"
198.54.114.83 - - [17/Apr/2025:01:54:18 -0400] "POST /wp-cron.php?doing_wp_cron=1744869257.0651769638061523437500 HTTP/1.1" 200 0 "-" "WordPress/6.8; https://hylasmagazine.com"
52.168.149.195 - - [17/Apr/2025:01:54:20 -0400] "GET /wp-content/plugins/seoo/ HTTP/1.1" 404 32229 "-" "-"
52.168.149.195 - - [17/Apr/2025:01:54:23 -0400] "GET /wp-includes/sitemaps/providers/ HTTP/1.1" 403 1242 "-" "-"
52.168.149.195 - - [17/Apr/2025:01:54:24 -0400] "GET /wp-includes/fonts/ HTTP/1.1" 403 1242 "-" "-"
52.168.149.195 - - [17/Apr/2025:01:54:26 -0400] "GET /ALFA_DATA/alfacgiapi/ HTTP/1.1" 301 0 "-" "-"
8.29.198.27 - - [17/Apr/2025:01:11:21 -0400] "GET /feed/ HTTP/1.1" 304 0 "-" "Feedly/1.0 (+http://www.feedly.com/fetcher.html; 1 subscribers; )"
216.244.66.200 - - [17/Apr/2025:01:45:39 -0400] "GET /robots.txt HTTP/1.1" 304 0 "-" "Mozilla/5.0 (compatible; DotBot/1.2; +https://opensiteexplorer.org/dotbot; help@moz.com)"
216.244.66.200 - - [17/Apr/2025:01:45:39 -0400] "GET /robots.txt HTTP/1.1" 301 0 "-" "Mozilla/5.0 (compatible; DotBot/1.2; +https://opensiteexplorer.org/dotbot; help@moz.com)"
45.95.243.167 - - [17/Apr/2025:01:50:16 -0400] "GET /a-manual-for-supplanting-your-carport-entryway/ HTTP/1.1" 200 36743 "http://hylasmagazine.com/a-manual-for-supplanting-your-carport-entryway/" "Mozilla/5.0 (Windows NT 10.0; Win64; x64) AppleWebKit/537.36 (KHTML, like Gecko) Chrome/130.0.0.0 Safari/537.36 CCleaner/130.0.0.0"
45.95.243.115 - - [17/Apr/2025:01:50:18 -0400] "POST /wp-comments-post.php HTTP/1.1" 500 1083 "http://hylasmagazine.com/a-manual-for-supplanting-your-carport-entryway/" "Mozilla/5.0 (Windows NT 10.0; Win64; x64) AppleWebKit/537.36 (KHTML, like Gecko) Chrome/130.0.0.0 Safari/537.36 CCleaner/130.0.0.0"
52.168.149.195 - - [17/Apr/2025:01:54:28 -0400] "GET /ALFA_DATA/alfacgiapi/ HTTP/1.1" 404 32229 "-" "-"
52.168.149.195 - - [17/Apr/2025:01:54:30 -0400] "GET /wp-content/plugins/widget-logic/ HTTP/1.1" 301 0 "-" "-"
52.168.149.195 - - [17/Apr/2025:01:54:33 -0400] "GET /wp-content/plugins/widget-logic/ HTTP/1.1" 404 32229 "-" "-"
52.168.149.195 - - [17/Apr/2025:01:54:34 -0400] "GET /wp-includes/js/tinymce/langs/ HTTP/1.1" 403 1242 "-" "-"
52.168.149.195 - - [17/Apr/2025:01:54:35 -0400] "GET /wp-includes//wp-includes/ HTTP/1.1" 301 0 "-" "-"
52.168.149.195 - - [17/Apr/2025:01:54:37 -0400] "GET /wp-includes/wp-includes/ HTTP/1.1" 404 32229 "-" "-"
52.168.149.195 - - [17/Apr/2025:01:54:39 -0400] "GET /wp-content/plugins/wp-hps/sh/ HTTP/1.1" 301 0 "-" "-"
52.168.149.195 - - [17/Apr/2025:01:54:40 -0400] "GET /wp-content/plugins/wp-hps/sh/ HTTP/1.1" 404 32229 "-" "-"
52.168.149.195 - - [17/Apr/2025:01:54:42 -0400] "GET /wp-content/plugins/masterx/ HTTP/1.1" 301 0 "-" "-"
52.168.149.195 - - [17/Apr/2025:01:54:43 -0400] "GET /wp-content/plugins/masterx/ HTTP/1.1" 404 32229 "-" "-"
52.168.149.195 - - [17/Apr/2025:01:54:46 -0400] "GET /wp-content/plugins/custom/ HTTP/1.1" 301 0 "-" "-"
52.168.149.195 - - [17/Apr/2025:01:54:47 -0400] "GET /wp-content/plugins/custom/ HTTP/1.1" 404 32230 "-" "-"
52.168.149.195 - - [17/Apr/2025:01:54:50 -0400] "GET /wp-includes/Requests/Exception/ HTTP/1.1" 301 0 "-" "-"
52.168.149.195 - - [17/Apr/2025:01:54:51 -0400] "GET /wp-includes/Requests/Exception/ HTTP/1.1" 404 32229 "-" "-"
