192.252.209.155 - - [19/Apr/2025:11:02:51 -0400] "POST /wp-comments-post.php HTTP/1.1" 200 1168 "http://hylasmagazine.com/a-manual-for-supplanting-your-carport-entryway/" "Mozilla/5.0 (Windows NT 10.0; Win64; x64) AppleWebKit/537.36 (KHTML, like Gecko) Chrome/130.0.0.0 Safari/537.36"
173.236.237.122 - - [19/Apr/2025:11:04:14 -0400] "POST /xmlrpc.php HTTP/1.1" 200 212 "-" "Mozilla/5.0 (Windows NT 10.0; Win64; x64; rv:100.0) Gecko/20100101 Firefox/100.0"
35.181.23.48 - - [19/Apr/2025:11:24:54 -0400] "POST /xmlrpc.php HTTP/1.1" 200 212 "-" "Mozilla/5.0 (Windows NT 10.0; Win64; x64; rv:75.0) Gecko/20100101 Firefox/75.0"
198.54.114.83 - - [19/Apr/2025:11:24:59 -0400] "POST /wp-cron.php?doing_wp_cron=1745076294.2925469875335693359375 HTTP/1.1" 200 0 "-" "WordPress/6.8; https://hylasmagazine.com"
216.244.66.200 - - [19/Apr/2025:11:37:11 -0400] "GET /robots.txt HTTP/1.1" 304 0 "-" "Mozilla/5.0 (compatible; DotBot/1.2; +https://opensiteexplorer.org/dotbot; help@moz.com)"
182.42.111.156 - - [19/Apr/2025:11:37:22 -0400] "GET / HTTP/1.1" 200 98565 "-" "Mozilla/5.0 (iPhone; CPU iPhone OS 13_2_3 like Mac OS X) AppleWebKit/605.1.15 (KHTML, like Gecko) Version/13.0.3 Mobile/15E148 Safari/604.1"
185.41.185.211 - - [19/Apr/2025:11:42:36 -0400] "POST /xmlrpc.php HTTP/1.1" 200 212 "-" "Mozilla/5.0 (Windows NT 10.0; Win64; x64; rv:97.0) Gecko/20100101 Firefox/97.0"
198.54.114.83 - - [19/Apr/2025:11:42:43 -0400] "POST /wp-cron.php?doing_wp_cron=1745077356.9709680080413818359375 HTTP/1.1" 200 0 "-" "WordPress/6.8; https://hylasmagazine.com"
2a12:8ec0:b7e2:8d81:4014:99c2:d5c9:5435 - - [19/Apr/2025:12:00:51 -0400] "GET /the-rise-of-online-betting-platforms/%ED%E3%E0%ED%E5%EF%F0%E8%E3%EE%E4%E5%ED%EA%EB%FE%F7%E5%ED%E8%E5%EA%ED%F2%E5%F0%ED%E5%F2%F3%29; HTTP/1.1" 301 0 "http://hylasmagazine.com/the-rise-of-online-betting-platforms/%ED%E3%E0%ED%E5%EF%F0%E8%E3%EE%E4%E5%ED%EA%EB%FE%F7%E5%ED%E8%E5%EA%ED%F2%E5%F0%ED%E5%F2%F3%29;" "Mozilla/5.0 (Windows NT 10.0; Win64; x64) AppleWebKit/537.36 (KHTML, like Gecko) Chrome/130.0.0.0 Safari/537.36"
198.54.114.83 - - [19/Apr/2025:12:00:54 -0400] "POST /wp-cron.php?doing_wp_cron=1745078451.8710489273071289062500 HTTP/1.1" 200 0 "-" "WordPress/6.8; https://hylasmagazine.com"
2a12:8ec0:b7e2:8d81:4014:99c2:d5c9:5435 - - [19/Apr/2025:12:00:55 -0400] "GET /the-rise-of-online-betting-platforms/%ED%E3%E0%ED%E5%EF%F0%E8%E3%EE%E4%E5%ED%EA%EB%FE%F7%E5%ED%E8%E5%EA%ED%F2%E5%F0%ED%E5%F2%F3 HTTP/1.1" 404 32231 "http://hylasmagazine.com/the-rise-of-online-betting-platforms/%ED%E3%E0%ED%E5%EF%F0%E8%E3%EE%E4%E5%ED%EA%EB%FE%F7%E5%ED%E8%E5%EA%ED%F2%E5%F0%ED%E5%F2%F3" "Mozilla/5.0 (Windows NT 10.0; Win64; x64) AppleWebKit/537.36 (KHTML, like Gecko) Chrome/130.0.0.0 Safari/537.36"
2a02:4780:14:2469::1 - - [19/Apr/2025:12:01:43 -0400] "POST /xmlrpc.php HTTP/1.1" 200 212 "-" "Mozilla/5.0 (Windows NT 10.0; Win64; x64; rv:97.0) Gecko/20100101 Firefox/97.0"
170.106.11.141 - - [19/Apr/2025:12:07:36 -0400] "GET / HTTP/1.1" 200 98565 "-" "Mozilla/5.0 (iPhone; CPU iPhone OS 13_2_3 like Mac OS X) AppleWebKit/605.1.15 (KHTML, like Gecko) Version/13.0.3 Mobile/15E148 Safari/604.1"
51.210.123.31 - - [19/Apr/2025:12:21:48 -0400] "POST /xmlrpc.php HTTP/1.1" 200 212 "-" "Mozilla/5.0 (Windows NT 10.0; Win64; x64; rv:63.0) Gecko/20100101 Firefox/63.0"
198.54.114.83 - - [19/Apr/2025:12:21:50 -0400] "POST /wp-cron.php?doing_wp_cron=1745079708.8215069770812988281250 HTTP/1.1" 200 0 "-" "WordPress/6.8; https://hylasmagazine.com"
216.244.66.200 - - [19/Apr/2025:12:21:59 -0400] "GET /robots.txt HTTP/1.1" 304 0 "-" "Mozilla/5.0 (compatible; DotBot/1.2; +https://opensiteexplorer.org/dotbot; help@moz.com)"
89.175.12.245 - - [19/Apr/2025:12:34:41 -0400] "GET /a-manual-for-supplanting-your-carport-entryway/ HTTP/1.1" 200 36743 "http://hylasmagazine.com/a-manual-for-supplanting-your-carport-entryway/" "Mozilla/5.0 (Windows NT 10.0; Win64; x64) AppleWebKit/537.36 (KHTML, like Gecko) Chrome/131.0.0.0 Safari/537.36"
89.175.12.245 - - [19/Apr/2025:12:34:43 -0400] "GET /wp-login.php?action=register HTTP/1.1" 302 0 "http://hylasmagazine.com/wp-login.php?action=register" "Mozilla/5.0 (Windows NT 10.0; Win64; x64) AppleWebKit/537.36 (KHTML, like Gecko) Chrome/131.0.0.0 Safari/537.36"
198.54.114.83 - - [19/Apr/2025:12:34:44 -0400] "POST /wp-cron.php?doing_wp_cron=1745080483.7063651084899902343750 HTTP/1.1" 200 0 "-" "WordPress/6.8; https://hylasmagazine.com"
149.88.19.91 - - [19/Apr/2025:12:38:05 -0400] "GET / HTTP/1.1" 200 98565 "-" "Mozilla/5.0 (Windows NT 10.0; Win64; x64) AppleWebKit/537.36 (KHTML, like Gecko) Chrome/78.0.3904.108 Safari/537.36"
149.88.19.91 - - [19/Apr/2025:12:38:07 -0400] "GET / HTTP/1.1" 200 98565 "-" "Mozilla/5.0 (Windows NT 10.0; Win64; x64) AppleWebKit/537.36 (KHTML, like Gecko) Chrome/78.0.3904.108 Safari/537.36"
149.88.19.91 - - [19/Apr/2025:12:38:11 -0400] "GET /wp-includes/wlwmanifest.xml HTTP/1.1" 404 32228 "-" "Mozilla/5.0 (Windows NT 10.0; Win64; x64) AppleWebKit/537.36 (KHTML, like Gecko) Chrome/78.0.3904.108 Safari/537.36"
198.54.114.83 - - [19/Apr/2025:12:38:14 -0400] "POST /wp-cron.php?doing_wp_cron=1745080691.8861050605773925781250 HTTP/1.1" 200 0 "-" "WordPress/6.8; https://hylasmagazine.com"
149.88.19.91 - - [19/Apr/2025:12:38:15 -0400] "GET /?author=1 HTTP/1.1" 200 98565 "-" "Mozilla/5.0 (Windows NT 10.0; Win64; x64) AppleWebKit/537.36 (KHTML, like Gecko) Chrome/78.0.3904.108 Safari/537.36"
149.88.19.91 - - [19/Apr/2025:12:38:18 -0400] "GET /?author=2 HTTP/1.1" 200 98565 "-" "Mozilla/5.0 (Windows NT 10.0; Win64; x64) AppleWebKit/537.36 (KHTML, like Gecko) Chrome/78.0.3904.108 Safari/537.36"
149.88.19.91 - - [19/Apr/2025:12:38:21 -0400] "GET /wp-json/wp/v2/users/ HTTP/1.1" 200 1545 "-" "Mozilla/5.0 (Windows NT 10.0; Win64; x64) AppleWebKit/537.36 (KHTML, like Gecko) Chrome/78.0.3904.108 Safari/537.36"
149.88.19.91 - - [19/Apr/2025:12:38:25 -0400] "POST /xmlrpc.php HTTP/1.1" 200 236 "-" "Mozilla/5.0 (Windows NT 10.0; Win64; x64) AppleWebKit/537.36 (KHTML, like Gecko) Chrome/78.0.3904.108 Safari/537.36"
149.88.19.91 - - [19/Apr/2025:12:38:28 -0400] "POST /xmlrpc.php HTTP/1.1" 200 236 "-" "Mozilla/5.0 (Windows NT 10.0; Win64; x64) AppleWebKit/537.36 (KHTML, like Gecko) Chrome/78.0.3904.108 Safari/537.36"
149.88.19.91 - - [19/Apr/2025:12:38:31 -0400] "POST /xmlrpc.php HTTP/1.1" 200 236 "-" "Mozilla/5.0 (Windows NT 10.0; Win64; x64) AppleWebKit/537.36 (KHTML, like Gecko) Chrome/78.0.3904.108 Safari/537.36"
149.88.19.91 - - [19/Apr/2025:12:38:34 -0400] "POST /xmlrpc.php HTTP/1.1" 200 236 "-" "Mozilla/5.0 (Windows NT 10.0; Win64; x64) AppleWebKit/537.36 (KHTML, like Gecko) Chrome/78.0.3904.108 Safari/537.36"
149.88.19.91 - - [19/Apr/2025:12:38:37 -0400] "POST /xmlrpc.php HTTP/1.1" 200 236 "-" "Mozilla/5.0 (Windows NT 10.0; Win64; x64) AppleWebKit/537.36 (KHTML, like Gecko) Chrome/78.0.3904.108 Safari/537.36"
149.88.19.91 - - [19/Apr/2025:12:38:41 -0400] "POST /xmlrpc.php HTTP/1.1" 200 236 "-" "Mozilla/5.0 (Windows NT 10.0; Win64; x64) AppleWebKit/537.36 (KHTML, like Gecko) Chrome/78.0.3904.108 Safari/537.36"
52.21.63.167 - - [19/Apr/2025:12:39:37 -0400] "POST /xmlrpc.php HTTP/1.1" 200 212 "-" "Mozilla/5.0 (Windows NT 10.0; Win64; x64; rv:57.0) Gecko/20100101 Firefox/57.0"
2a12:6747:e8c5:ccd7:4d53:bc3e:bbf4:862c - - [19/Apr/2025:12:42:24 -0400] "GET /a-manual-for-supplanting-your-carport-entryway/%ED%E3%E0%ED%E5%EF%F0%E8%E3%EE%E4%E5%ED%EA%EB%FE%F7%E5%ED%E8%E5%EA%ED%F2%E5%F0%ED%E5%F2%F3%29; HTTP/1.1" 301 0 "http://hylasmagazine.com/a-manual-for-supplanting-your-carport-entryway/%ED%E3%E0%ED%E5%EF%F0%E8%E3%EE%E4%E5%ED%EA%EB%FE%F7%E5%ED%E8%E5%EA%ED%F2%E5%F0%ED%E5%F2%F3%29;" "Mozilla/5.0 (Windows NT 10.0; Win64; x64) AppleWebKit/537.36 (KHTML, like Gecko) Chrome/131.0.0.0 Safari/537.36 Avast/131.0.0.0"
198.54.114.83 - - [19/Apr/2025:12:42:27 -0400] "POST /wp-cron.php?doing_wp_cron=1745080944.8769690990447998046875 HTTP/1.1" 200 0 "-" "WordPress/6.8; https://hylasmagazine.com"
2a12:6747:e8c5:ccd7:4d53:bc3e:bbf4:862c - - [19/Apr/2025:12:42:29 -0400] "GET /a-manual-for-supplanting-your-carport-entryway/%ED%E3%E0%ED%E5%EF%F0%E8%E3%EE%E4%E5%ED%EA%EB%FE%F7%E5%ED%E8%E5%EA%ED%F2%E5%F0%ED%E5%F2%F3 HTTP/1.1" 404 32229 "http://hylasmagazine.com/a-manual-for-supplanting-your-carport-entryway/%ED%E3%E0%ED%E5%EF%F0%E8%E3%EE%E4%E5%ED%EA%EB%FE%F7%E5%ED%E8%E5%EA%ED%F2%E5%F0%ED%E5%F2%F3" "Mozilla/5.0 (Windows NT 10.0; Win64; x64) AppleWebKit/537.36 (KHTML, like Gecko) Chrome/131.0.0.0 Safari/537.36 Avast/131.0.0.0"
66.249.70.174 - - [19/Apr/2025:12:54:55 -0400] "GET /robots.txt HTTP/1.1" 301 0 "-" "Mozilla/5.0 (compatible; Googlebot/2.1; +http://www.google.com/bot.html)"
66.249.70.101 - - [19/Apr/2025:12:54:57 -0400] "GET /robots.txt HTTP/1.1" 200 128 "-" "Mozilla/5.0 (compatible; Googlebot/2.1; +http://www.google.com/bot.html)"
198.54.114.83 - - [19/Apr/2025:12:55:00 -0400] "POST /wp-cron.php?doing_wp_cron=1745081699.2987749576568603515625 HTTP/1.1" 200 0 "-" "WordPress/6.8; https://hylasmagazine.com"
66.249.70.160 - - [19/Apr/2025:12:54:58 -0400] "GET /ads.txt HTTP/1.1" 301 0 "-" "Mozilla/5.0 (compatible; Googlebot/2.1; +http://www.google.com/bot.html)"
66.249.70.100 - - [19/Apr/2025:12:55:01 -0400] "GET /ads.txt HTTP/1.1" 404 32229 "-" "Mozilla/5.0 (compatible; Googlebot/2.1; +http://www.google.com/bot.html)"
159.89.224.161 - - [19/Apr/2025:12:59:40 -0400] "POST /xmlrpc.php HTTP/1.1" 200 212 "-" "Mozilla/5.0 (Windows NT 10.0; Win64; x64; rv:67.0) Gecko/20100101 Firefox/67.0"
216.244.66.200 - - [19/Apr/2025:13:06:04 -0400] "GET /robots.txt HTTP/1.1" 301 0 "-" "Mozilla/5.0 (compatible; DotBot/1.2; +https://opensiteexplorer.org/dotbot; help@moz.com)"
216.244.66.200 - - [19/Apr/2025:13:06:08 -0400] "GET /robots.txt HTTP/1.1" 304 0 "-" "Mozilla/5.0 (compatible; DotBot/1.2; +https://opensiteexplorer.org/dotbot; help@moz.com)"
49.12.12.31 - - [19/Apr/2025:13:19:41 -0400] "POST /xmlrpc.php HTTP/1.1" 200 212 "-" "Mozilla/5.0 (Windows NT 10.0; Win64; x64; rv:63.0) Gecko/20100101 Firefox/63.0"
164.90.154.67 - - [19/Apr/2025:13:24:05 -0400] "GET /a-manual-for-supplanting-your-carport-entryway/ HTTP/1.1" 200 36743 "http://hylasmagazine.com/a-manual-for-supplanting-your-carport-entryway/" "Mozilla/5.0 (Windows NT 10.0; Win64; x64) AppleWebKit/537.36 (KHTML, like Gecko) Chrome/130.0.0.0 Safari/537.36"
164.90.154.67 - - [19/Apr/2025:13:24:10 -0400] "POST /wp-comments-post.php HTTP/1.1" 200 1166 "http://hylasmagazine.com/a-manual-for-supplanting-your-carport-entryway/" "Mozilla/5.0 (Windows NT 10.0; Win64; x64) AppleWebKit/537.36 (KHTML, like Gecko) Chrome/130.0.0.0 Safari/537.36"
170.106.147.63 - - [19/Apr/2025:13:24:39 -0400] "GET / HTTP/1.1" 200 98565 "-" "Mozilla/5.0 (iPhone; CPU iPhone OS 13_2_3 like Mac OS X) AppleWebKit/605.1.15 (KHTML, like Gecko) Version/13.0.3 Mobile/15E148 Safari/604.1"
64.176.82.23 - - [19/Apr/2025:13:28:40 -0400] "GET / HTTP/1.1" 200 98565 "-" "Mozilla/5.0 (Windows NT 10.0; Win64; x64) AppleWebKit/537.36 (KHTML, like Gecko) Chrome/88.0.4240.193 Safari/537.36"
64.176.82.23 - - [19/Apr/2025:13:28:45 -0400] "GET / HTTP/1.1" 200 98565 "-" "Mozilla/5.0 (Windows NT 10.0; Win64; x64) AppleWebKit/537.36 (KHTML, like Gecko) Chrome/88.0.4240.193 Safari/537.36"
64.176.82.23 - - [19/Apr/2025:13:28:49 -0400] "GET /wp-includes/wlwmanifest.xml HTTP/1.1" 404 32228 "-" "Mozilla/5.0 (Windows NT 10.0; Win64; x64) AppleWebKit/537.36 (KHTML, like Gecko) Chrome/88.0.4240.193 Safari/537.36"
64.176.82.23 - - [19/Apr/2025:13:28:53 -0400] "GET /?author=1 HTTP/1.1" 200 98565 "-" "Mozilla/5.0 (Windows NT 10.0; Win64; x64) AppleWebKit/537.36 (KHTML, like Gecko) Chrome/88.0.4240.193 Safari/537.36"
64.176.82.23 - - [19/Apr/2025:13:28:59 -0400] "GET /?author=2 HTTP/1.1" 200 98565 "-" "Mozilla/5.0 (Windows NT 10.0; Win64; x64) AppleWebKit/537.36 (KHTML, like Gecko) Chrome/88.0.4240.193 Safari/537.36"
64.176.82.23 - - [19/Apr/2025:13:29:05 -0400] "GET /?author=3 HTTP/1.1" 200 98565 "-" "Mozilla/5.0 (Windows NT 10.0; Win64; x64) AppleWebKit/537.36 (KHTML, like Gecko) Chrome/88.0.4240.193 Safari/537.36"
64.176.82.23 - - [19/Apr/2025:13:29:11 -0400] "GET /wp-json/wp/v2/users/ HTTP/1.1" 200 1545 "-" "Mozilla/5.0 (Windows NT 10.0; Win64; x64) AppleWebKit/537.36 (KHTML, like Gecko) Chrome/88.0.4240.193 Safari/537.36"
64.176.82.23 - - [19/Apr/2025:13:29:17 -0400] "POST /xmlrpc.php HTTP/1.1" 200 212 "-" "Mozilla/5.0 (Windows NT 10.0; Win64; x64) AppleWebKit/537.36 (KHTML, like Gecko) Chrome/88.0.4240.193 Safari/537.36"
64.176.82.23 - - [19/Apr/2025:13:29:23 -0400] "POST /xmlrpc.php HTTP/1.1" 200 212 "-" "Mozilla/5.0 (Windows NT 10.0; Win64; x64) AppleWebKit/537.36 (KHTML, like Gecko) Chrome/88.0.4240.193 Safari/537.36"
64.176.82.23 - - [19/Apr/2025:13:29:31 -0400] "POST /xmlrpc.php HTTP/1.1" 200 236 "-" "Mozilla/5.0 (Windows NT 10.0; Win64; x64) AppleWebKit/537.36 (KHTML, like Gecko) Chrome/88.0.4240.193 Safari/537.36"
64.176.82.23 - - [19/Apr/2025:13:29:37 -0400] "POST /xmlrpc.php HTTP/1.1" 200 236 "-" "Mozilla/5.0 (Windows NT 10.0; Win64; x64) AppleWebKit/537.36 (KHTML, like Gecko) Chrome/88.0.4240.193 Safari/537.36"
64.176.82.23 - - [19/Apr/2025:13:29:44 -0400] "POST /xmlrpc.php HTTP/1.1" 200 212 "-" "Mozilla/5.0 (Windows NT 10.0; Win64; x64) AppleWebKit/537.36 (KHTML, like Gecko) Chrome/88.0.4240.193 Safari/537.36"
64.176.82.23 - - [19/Apr/2025:13:29:50 -0400] "POST /xmlrpc.php HTTP/1.1" 200 236 "-" "Mozilla/5.0 (Windows NT 10.0; Win64; x64) AppleWebKit/537.36 (KHTML, like Gecko) Chrome/88.0.4240.193 Safari/537.36"
198.54.114.83 - - [19/Apr/2025:13:29:55 -0400] "POST /wp-cron.php?doing_wp_cron=1745083790.4531860351562500000000 HTTP/1.1" 200 0 "-" "WordPress/6.8; https://hylasmagazine.com"
129.232.239.98 - - [19/Apr/2025:13:37:17 -0400] "POST /xmlrpc.php HTTP/1.1" 200 212 "-" "Mozilla/5.0 (Windows NT 10.0; Win64; x64; rv:42.0) Gecko/20100101 Firefox/42.0"
54.147.202.154 - - [19/Apr/2025:13:38:32 -0400] "GET /style.php HTTP/1.1" 404 32229 "www.google.com" "Mozlila/5.0 (Linux; Android 7.0; SM-G892A Bulid/NRD90M; wv) AppleWebKit/537.36 (KHTML, like Gecko) Version/4.0 Chrome/60.0.3112.107 Moblie Safari/537.36"
198.54.114.83 - - [19/Apr/2025:13:38:36 -0400] "POST /wp-cron.php?doing_wp_cron=1745084312.4601540565490722656250 HTTP/1.1" 200 0 "-" "WordPress/6.8; https://hylasmagazine.com"
2a11:fc82:571d:ec69:1f93:add8:1fa2:7c96 - - [19/Apr/2025:13:43:43 -0400] "GET /the-rise-of-online-betting-platforms/%ED%E3%E0%ED%E5%EF%F0%E8%E3%EE%E4%E5%ED%EA%EB%FE%F7%E5%ED%E8%E5%EA%ED%F2%E5%F0%ED%E5%F2%F3%29; HTTP/1.1" 301 0 "http://hylasmagazine.com/the-rise-of-online-betting-platforms/%ED%E3%E0%ED%E5%EF%F0%E8%E3%EE%E4%E5%ED%EA%EB%FE%F7%E5%ED%E8%E5%EA%ED%F2%E5%F0%ED%E5%F2%F3%29;" "Mozilla/5.0 (Windows NT 10.0; Win64; x64) AppleWebKit/537.36 (KHTML, like Gecko) Chrome/131.0.0.0 Safari/537.36"
2a11:fc82:571d:ec69:1f93:add8:1fa2:7c96 - - [19/Apr/2025:13:43:47 -0400] "GET /the-rise-of-online-betting-platforms/%ED%E3%E0%ED%E5%EF%F0%E8%E3%EE%E4%E5%ED%EA%EB%FE%F7%E5%ED%E8%E5%EA%ED%F2%E5%F0%ED%E5%F2%F3 HTTP/1.1" 404 32229 "http://hylasmagazine.com/the-rise-of-online-betting-platforms/%ED%E3%E0%ED%E5%EF%F0%E8%E3%EE%E4%E5%ED%EA%EB%FE%F7%E5%ED%E8%E5%EA%ED%F2%E5%F0%ED%E5%F2%F3" "Mozilla/5.0 (Windows NT 10.0; Win64; x64) AppleWebKit/537.36 (KHTML, like Gecko) Chrome/131.0.0.0 Safari/537.36"
198.54.114.83 - - [19/Apr/2025:13:43:49 -0400] "POST /wp-cron.php?doing_wp_cron=1745084627.6029009819030761718750 HTTP/1.1" 200 0 "-" "WordPress/6.8; https://hylasmagazine.com"
8.29.198.25 - - [19/Apr/2025:13:47:42 -0400] "GET /feed/ HTTP/1.1" 304 0 "-" "Feedly/1.0 (+http://www.feedly.com/fetcher.html; 1 subscribers; )"
216.244.66.200 - - [19/Apr/2025:13:50:59 -0400] "GET /robots.txt HTTP/1.1" 301 0 "-" "Mozilla/5.0 (compatible; DotBot/1.2; +https://opensiteexplorer.org/dotbot; help@moz.com)"
216.244.66.200 - - [19/Apr/2025:13:50:59 -0400] "GET /robots.txt HTTP/1.1" 304 0 "-" "Mozilla/5.0 (compatible; DotBot/1.2; +https://opensiteexplorer.org/dotbot; help@moz.com)"
216.244.66.200 - - [19/Apr/2025:13:51:01 -0400] "GET /robots.txt HTTP/1.1" 304 0 "-" "Mozilla/5.0 (compatible; DotBot/1.2; +https://opensiteexplorer.org/dotbot; help@moz.com)"
37.27.130.10 - - [19/Apr/2025:13:56:34 -0400] "GET /robots.txt HTTP/1.1" 200 128 "-" "Mozilla/5.0 (compatible; AwarioBot/1.0; +https://awario.com/bots.html)"
37.27.130.10 - - [19/Apr/2025:13:56:38 -0400] "GET /themed-collections/birth HTTP/1.1" 404 32229 "-" "Mozilla/5.0 (compatible; AwarioBot/1.0; +https://awario.com/bots.html)"
2a02:74a0:a008:2014:f816:3eff:fe27:b1a2 - - [19/Apr/2025:14:14:11 -0400] "POST /xmlrpc.php HTTP/1.1" 200 212 "-" "Mozilla/5.0 (Windows NT 10.0; Win64; x64; rv:55.0) Gecko/20100101 Firefox/55.0"
198.54.114.83 - - [19/Apr/2025:14:14:16 -0400] "POST /wp-cron.php?doing_wp_cron=1745086452.1634390354156494140625 HTTP/1.1" 200 0 "-" "WordPress/6.8; https://hylasmagazine.com"
128.199.173.212 - - [19/Apr/2025:14:17:55 -0400] "POST /xmlrpc.php HTTP/1.1" 200 212 "-" "Mozilla/5.0 (Windows NT 10.0; Win64; x64; rv:98.0) Gecko/20100101 Firefox/98.0"
198.54.114.83 - - [19/Apr/2025:14:17:57 -0400] "POST /wp-cron.php?doing_wp_cron=1745086675.5387620925903320312500 HTTP/1.1" 200 0 "-" "WordPress/6.8; https://hylasmagazine.com"
216.244.66.200 - - [19/Apr/2025:14:34:59 -0400] "GET /robots.txt HTTP/1.1" 301 0 "-" "Mozilla/5.0 (compatible; DotBot/1.2; +https://opensiteexplorer.org/dotbot; help@moz.com)"
216.244.66.200 - - [19/Apr/2025:14:35:05 -0400] "GET /robots.txt HTTP/1.1" 304 0 "-" "Mozilla/5.0 (compatible; DotBot/1.2; +https://opensiteexplorer.org/dotbot; help@moz.com)"
34.250.160.65 - - [19/Apr/2025:14:35:50 -0400] "POST /xmlrpc.php HTTP/1.1" 200 212 "-" "Mozilla/5.0 (Windows NT 10.0; Win64; x64; rv:68.0) Gecko/20100101 Firefox/68.0"
198.54.114.83 - - [19/Apr/2025:14:35:55 -0400] "POST /wp-cron.php?doing_wp_cron=1745087751.0773129463195800781250 HTTP/1.1" 200 0 "-" "WordPress/6.8; https://hylasmagazine.com"
35.88.84.86 - - [19/Apr/2025:14:45:35 -0400] "GET / HTTP/1.1" 200 98565 "-" "Mozilla/5.0 (Windows NT 10.0; Win64; x64)AppleWebKit/537.36 (KHTML, like Gecko) Chrome/66.0.3359.181 Safari/537.36"
2001:41d0:302:2200::5fc - - [19/Apr/2025:14:55:14 -0400] "POST /xmlrpc.php HTTP/1.1" 200 212 "-" "Mozilla/5.0 (Windows NT 10.0; Win64; x64; rv:69.0) Gecko/20100101 Firefox/69.0"
103.165.81.166 - - [19/Apr/2025:15:00:33 -0400] "GET / HTTP/1.1" 200 98565 "-" "Mozilla/5.0 (Windows NT 10.0; Win64; x64) AppleWebKit/537.36 (KHTML, like Gecko) Chrome/97.0.4280.67 Safari/537.36 Edg/97.0.664.52"
109.195.177.136 - - [19/Apr/2025:15:06:26 -0400] "GET /a-manual-for-supplanting-your-carport-entryway/ HTTP/1.1" 200 36743 "http://hylasmagazine.com/a-manual-for-supplanting-your-carport-entryway/" "Mozilla/5.0 (Windows NT 10.0; Win64; x64) AppleWebKit/537.36 (KHTML, like Gecko) Chrome/131.0.0.0 Safari/537.36 Avast/131.0.0.0"
109.195.177.136 - - [19/Apr/2025:15:06:29 -0400] "GET /wp-login.php?action=register HTTP/1.1" 302 0 "http://hylasmagazine.com/wp-login.php?action=register" "Mozilla/5.0 (Windows NT 10.0; Win64; x64) AppleWebKit/537.36 (KHTML, like Gecko) Chrome/131.0.0.0 Safari/537.36 Avast/131.0.0.0"
13.52.19.52 - - [19/Apr/2025:15:12:41 -0400] "POST /xmlrpc.php HTTP/1.1" 200 212 "-" "Mozilla/5.0 (Windows NT 10.0; Win64; x64; rv:78.0) Gecko/20100101 Firefox/78.0"
106.75.99.100 - - [19/Apr/2025:15:15:06 -0400] "GET / HTTP/1.1" 200 98565 "-" "Mozilla/5.0 (Macintosh; Intel Mac OS X 8_1_2) AppleWebKit/598.43 (KHTML, like Gecko) Chrome/91.0.650 Safari/537.36"
216.244.66.200 - - [19/Apr/2025:15:19:28 -0400] "GET /robots.txt HTTP/1.1" 304 0 "-" "Mozilla/5.0 (compatible; DotBot/1.2; +https://opensiteexplorer.org/dotbot; help@moz.com)"
216.244.66.200 - - [19/Apr/2025:15:19:28 -0400] "GET /robots.txt HTTP/1.1" 301 0 "-" "Mozilla/5.0 (compatible; DotBot/1.2; +https://opensiteexplorer.org/dotbot; help@moz.com)"
52.167.144.59 - - [19/Apr/2025:15:21:47 -0400] "GET /robots.txt HTTP/1.1" 200 128 "-" "Mozilla/5.0 AppleWebKit/537.36 (KHTML, like Gecko; compatible; bingbot/2.0; +http://www.bing.com/bingbot.htm) Chrome/116.0.1938.76 Safari/537.36"
194.135.215.194 - - [19/Apr/2025:15:22:03 -0400] "GET /a-manual-for-supplanting-your-carport-entryway/ HTTP/1.1" 200 36743 "https://multi-level-marketing.ru" "Mozilla/5.0 (Windows NT 10.0; Win64; x64) AppleWebKit/537.36 (KHTML, like Gecko) Chrome/103.0.5042.0 Safari/537.36"
194.135.215.194 - - [19/Apr/2025:15:22:08 -0400] "GET /a-manual-for-supplanting-your-carport-entryway/ HTTP/1.1" 200 36743 "https://multi-level-marketing.ru" "Mozilla/5.0 (Windows NT 6.1; WOW64) AppleWebKit/537.36 (KHTML, like Gecko) Chrome/103.0.0.0 Safari/537.36"
198.54.114.83 - - [19/Apr/2025:15:22:19 -0400] "POST /wp-cron.php?doing_wp_cron=1745090537.8372728824615478515625 HTTP/1.1" 200 0 "-" "WordPress/6.8; https://hylasmagazine.com"
52.167.144.188 - - [19/Apr/2025:15:22:16 -0400] "GET /test-dapplication-mobile-un-guide-complet/ HTTP/1.1" 200 36900 "-" "Mozilla/5.0 AppleWebKit/537.36 (KHTML, like Gecko; compatible; bingbot/2.0; +http://www.bing.com/bingbot.htm) Chrome/116.0.1938.76 Safari/537.36"
2a12:e243:498e:62c6:4597:fa2e:fe19:18d9 - - [19/Apr/2025:15:24:15 -0400] "GET /a-manual-for-supplanting-your-carport-entryway/%ED%E3%E0%ED%E5%EF%F0%E8%E3%EE%E4%E5%ED%EA%EB%FE%F7%E5%ED%E8%E5%EA%ED%F2%E5%F0%ED%E5%F2%F3%29; HTTP/1.1" 301 0 "http://hylasmagazine.com/a-manual-for-supplanting-your-carport-entryway/%ED%E3%E0%ED%E5%EF%F0%E8%E3%EE%E4%E5%ED%EA%EB%FE%F7%E5%ED%E8%E5%EA%ED%F2%E5%F0%ED%E5%F2%F3%29;" "Mozilla/5.0 (Windows NT 10.0; Win64; x64) AppleWebKit/537.36 (KHTML, like Gecko) Chrome/130.0.0.0 Safari/537.36 CCleaner/130.0.0.0"
198.54.114.83 - - [19/Apr/2025:15:24:19 -0400] "POST /wp-cron.php?doing_wp_cron=1745090656.0364670753479003906250 HTTP/1.1" 200 0 "-" "WordPress/6.8; https://hylasmagazine.com"
2a12:e243:498e:62c6:4597:fa2e:fe19:18d9 - - [19/Apr/2025:15:24:21 -0400] "GET /a-manual-for-supplanting-your-carport-entryway/%ED%E3%E0%ED%E5%EF%F0%E8%E3%EE%E4%E5%ED%EA%EB%FE%F7%E5%ED%E8%E5%EA%ED%F2%E5%F0%ED%E5%F2%F3 HTTP/1.1" 404 32229 "http://hylasmagazine.com/a-manual-for-supplanting-your-carport-entryway/%ED%E3%E0%ED%E5%EF%F0%E8%E3%EE%E4%E5%ED%EA%EB%FE%F7%E5%ED%E8%E5%EA%ED%F2%E5%F0%ED%E5%F2%F3" "Mozilla/5.0 (Windows NT 10.0; Win64; x64) AppleWebKit/537.36 (KHTML, like Gecko) Chrome/130.0.0.0 Safari/537.36 CCleaner/130.0.0.0"
161.132.37.85 - - [19/Apr/2025:15:24:55 -0400] "GET /a-manual-for-supplanting-your-carport-entryway/ HTTP/1.1" 200 36743 "http://hylasmagazine.com/a-manual-for-supplanting-your-carport-entryway/" "Mozilla/5.0 (Windows NT 10.0; Win64; x64) AppleWebKit/537.36 (KHTML, like Gecko) Chrome/131.0.0.0 Safari/537.36"
161.132.37.85 - - [19/Apr/2025:15:25:17 -0400] "POST /wp-comments-post.php HTTP/1.1" 200 1166 "http://hylasmagazine.com/a-manual-for-supplanting-your-carport-entryway/" "Mozilla/5.0 (Windows NT 10.0; Win64; x64) AppleWebKit/537.36 (KHTML, like Gecko) Chrome/131.0.0.0 Safari/537.36"
198.54.114.83 - - [19/Apr/2025:15:25:22 -0400] "POST /wp-cron.php?doing_wp_cron=1745090717.3117671012878417968750 HTTP/1.1" 200 0 "-" "WordPress/6.8; https://hylasmagazine.com"
51.210.113.223 - - [19/Apr/2025:15:32:43 -0400] "POST /xmlrpc.php HTTP/1.1" 200 212 "-" "Mozilla/5.0 (Windows NT 10.0; Win64; x64; rv:80.0) Gecko/20100101 Firefox/80.0"
198.54.114.83 - - [19/Apr/2025:15:41:09 -0400] "POST /wp-cron.php?doing_wp_cron=1745091669.7869551181793212890625 HTTP/1.1" 200 0 "-" "WordPress/6.8; https://hylasmagazine.com"
196.206.127.148 - - [19/Apr/2025:15:41:09 -0400] "GET /wp-login.php HTTP/1.1" 302 0 "-" "python-requests/2.32.3"
196.206.127.148 - - [19/Apr/2025:15:41:12 -0400] "POST /wp-login.php HTTP/1.1" 302 0 "-" "Mozilla/5.0 (X11; Linux x86_64) AppleWebKit/537.36 (KHTML, like Gecko) Chrome/83.0.4103.101 Safari/537.36"
198.54.114.83 - - [19/Apr/2025:15:51:00 -0400] "POST /wp-cron.php?doing_wp_cron=1745092259.6658029556274414062500 HTTP/1.1" 200 0 "-" "WordPress/6.8; https://hylasmagazine.com"
202.69.38.12 - - [19/Apr/2025:15:50:59 -0400] "GET /wp-login.php HTTP/1.1" 302 0 "-" "Mozilla/5.0 (X11; Linux x86_64; rv:121.0) Gecko/20100101 Firefox/121.0"
202.69.38.12 - - [19/Apr/2025:15:51:14 -0400] "POST /wp-login.php HTTP/1.1" 200 0 "-" "Mozilla/5.0 (X11; Linux x86_64; rv:121.0) Gecko/20100101 Firefox/121.0"
78.107.255.174 - - [19/Apr/2025:15:52:27 -0400] "POST /xmlrpc.php HTTP/1.1" 200 212 "-" "Mozilla/5.0 (Windows NT 10.0; Win64; x64; rv:95.0) Gecko/20100101 Firefox/95.0"
84.246.85.11 - - [19/Apr/2025:16:08:43 -0400] "GET / HTTP/1.1" 200 98565 "-" "2ip bot/1.1 (+http://2ip.io)"
84.246.85.11 - - [19/Apr/2025:16:08:44 -0400] "GET / HTTP/1.1" 200 98565 "-" "2ip bot/1.1 (+http://2ip.io)"
84.246.85.11 - - [19/Apr/2025:16:08:46 -0400] "GET / HTTP/1.1" 200 98565 "-" "2ip bot/1.1 (+http://2ip.io)"
198.54.114.83 - - [19/Apr/2025:16:10:58 -0400] "POST /wp-cron.php?doing_wp_cron=1745093458.4735040664672851562500 HTTP/1.1" 200 0 "-" "WordPress/6.8; https://hylasmagazine.com"
82.223.217.155 - - [19/Apr/2025:16:10:58 -0400] "POST /xmlrpc.php HTTP/1.1" 200 212 "-" "Mozilla/5.0 (Windows NT 10.0; Win64; x64; rv:50.0) Gecko/20100101 Firefox/50.0"
2a12:e247:76f7:ba4e:7d32:8863:686f:ecf - - [19/Apr/2025:16:24:05 -0400] "GET /the-rise-of-online-betting-platforms/%ED%E3%E0%ED%E5%EF%F0%E8%E3%EE%E4%E5%ED%EA%EB%FE%F7%E5%ED%E8%E5%EA%ED%F2%E5%F0%ED%E5%F2%F3%29; HTTP/1.1" 301 0 "http://hylasmagazine.com/the-rise-of-online-betting-platforms/%ED%E3%E0%ED%E5%EF%F0%E8%E3%EE%E4%E5%ED%EA%EB%FE%F7%E5%ED%E8%E5%EA%ED%F2%E5%F0%ED%E5%F2%F3%29;" "Mozilla/5.0 (Windows NT 10.0; Win64; x64) AppleWebKit/537.36 (KHTML, like Gecko) Chrome/129.0.0.0 Safari/537.36"
198.54.114.83 - - [19/Apr/2025:16:24:10 -0400] "POST /wp-cron.php?doing_wp_cron=1745094246.0645530223846435546875 HTTP/1.1" 200 0 "-" "WordPress/6.8; https://hylasmagazine.com"
2a12:e247:76f7:ba4e:7d32:8863:686f:ecf - - [19/Apr/2025:16:24:11 -0400] "GET /the-rise-of-online-betting-platforms/%ED%E3%E0%ED%E5%EF%F0%E8%E3%EE%E4%E5%ED%EA%EB%FE%F7%E5%ED%E8%E5%EA%ED%F2%E5%F0%ED%E5%F2%F3 HTTP/1.1" 404 32232 "http://hylasmagazine.com/the-rise-of-online-betting-platforms/%ED%E3%E0%ED%E5%EF%F0%E8%E3%EE%E4%E5%ED%EA%EB%FE%F7%E5%ED%E8%E5%EA%ED%F2%E5%F0%ED%E5%F2%F3" "Mozilla/5.0 (Windows NT 10.0; Win64; x64) AppleWebKit/537.36 (KHTML, like Gecko) Chrome/129.0.0.0 Safari/537.36"
157.245.118.163 - - [19/Apr/2025:16:27:10 -0400] "GET /.well-known/security.txt HTTP/1.1" 404 32238 "-" "Go-http-client/1.1"
157.245.118.163 - - [19/Apr/2025:16:27:12 -0400] "GET /security.txt HTTP/1.1" 404 32231 "-" "Go-http-client/1.1"
104.40.211.153 - - [19/Apr/2025:16:30:53 -0400] "POST /xmlrpc.php HTTP/1.1" 200 212 "-" "Mozilla/5.0 (Windows NT 10.0; Win64; x64; rv:57.0) Gecko/20100101 Firefox/57.0"
216.244.66.200 - - [19/Apr/2025:16:48:09 -0400] "GET /robots.txt HTTP/1.1" 301 0 "-" "Mozilla/5.0 (compatible; DotBot/1.2; +https://opensiteexplorer.org/dotbot; help@moz.com)"
216.244.66.200 - - [19/Apr/2025:16:48:09 -0400] "GET /robots.txt HTTP/1.1" 304 0 "-" "Mozilla/5.0 (compatible; DotBot/1.2; +https://opensiteexplorer.org/dotbot; help@moz.com)"
216.244.66.200 - - [19/Apr/2025:16:48:10 -0400] "GET /robots.txt HTTP/1.1" 304 0 "-" "Mozilla/5.0 (compatible; DotBot/1.2; +https://opensiteexplorer.org/dotbot; help@moz.com)"
8.29.198.26 - - [19/Apr/2025:16:49:04 -0400] "GET /feed/ HTTP/1.1" 304 0 "-" "Feedly/1.0 (+http://www.feedly.com/fetcher.html; 1 subscribers; )"
198.54.114.83 - - [19/Apr/2025:16:49:06 -0400] "POST /wp-cron.php?doing_wp_cron=1745095744.8060989379882812500000 HTTP/1.1" 200 0 "-" "WordPress/6.8; https://hylasmagazine.com"
162.243.173.172 - - [19/Apr/2025:16:51:14 -0400] "POST /xmlrpc.php HTTP/1.1" 200 212 "-" "Mozilla/5.0 (Windows NT 10.0; Win64; x64; rv:85.0) Gecko/20100101 Firefox/85.0"
2602:fb54:9ba:: - - [19/Apr/2025:16:58:50 -0400] "GET /admin.php?520 HTTP/1.1" 404 32230 "-" "Mozilla/5.0 (Windows; U; Windows NT 6.1; en-US; rv:1.9.1.5) Gecko/20091102 Firefox/3.5.5 (.NET CLR 3.5.30729)"
198.54.114.83 - - [19/Apr/2025:17:09:46 -0400] "POST /wp-cron.php?doing_wp_cron=1745096984.9443149566650390625000 HTTP/1.1" 200 0 "-" "WordPress/6.8; https://hylasmagazine.com"
2406:da1a:763:9400:80d2:ac71:16bc:f41a - - [19/Apr/2025:17:09:44 -0400] "POST /xmlrpc.php HTTP/1.1" 200 212 "-" "Mozilla/5.0 (Windows NT 10.0; Win64; x64; rv:76.0) Gecko/20100101 Firefox/76.0"
212.95.50.86 - - [19/Apr/2025:17:30:56 -0400] "POST /xmlrpc.php HTTP/1.1" 200 212 "-" "Mozilla/5.0 (Windows NT 10.0; Win64; x64; rv:41.0) Gecko/20100101 Firefox/41.0"
216.244.66.200 - - [19/Apr/2025:17:32:28 -0400] "GET /robots.txt HTTP/1.1" 301 0 "-" "Mozilla/5.0 (compatible; DotBot/1.2; +https://opensiteexplorer.org/dotbot; help@moz.com)"
216.244.66.200 - - [19/Apr/2025:17:32:31 -0400] "GET /robots.txt HTTP/1.1" 304 0 "-" "Mozilla/5.0 (compatible; DotBot/1.2; +https://opensiteexplorer.org/dotbot; help@moz.com)"
2a03:b0c0:2:d0::1403:9001 - - [19/Apr/2025:17:51:32 -0400] "POST /xmlrpc.php HTTP/1.1" 200 212 "-" "Mozilla/5.0 (Windows NT 10.0; Win64; x64; rv:96.0) Gecko/20100101 Firefox/96.0"
196.251.71.7 - - [19/Apr/2025:17:58:03 -0400] "GET / HTTP/1.1" 200 98565 "-" "-"
198.54.114.83 - - [19/Apr/2025:18:09:49 -0400] "POST /wp-cron.php?doing_wp_cron=1745100589.0223560333251953125000 HTTP/1.1" 200 0 "-" "WordPress/6.8; https://hylasmagazine.com"
47.98.104.161 - - [19/Apr/2025:18:09:48 -0400] "POST /xmlrpc.php HTTP/1.1" 200 212 "-" "Mozilla/5.0 (Windows NT 10.0; Win64; x64; rv:82.0) Gecko/20100101 Firefox/82.0"
216.244.66.200 - - [19/Apr/2025:18:15:58 -0400] "GET /robots.txt HTTP/1.1" 304 0 "-" "Mozilla/5.0 (compatible; DotBot/1.2; +https://opensiteexplorer.org/dotbot; help@moz.com)"
216.244.66.200 - - [19/Apr/2025:18:15:59 -0400] "GET /robots.txt HTTP/1.1" 301 0 "-" "Mozilla/5.0 (compatible; DotBot/1.2; +https://opensiteexplorer.org/dotbot; help@moz.com)"
49.51.243.156 - - [19/Apr/2025:18:19:07 -0400] "GET / HTTP/1.1" 200 98565 "-" "Mozilla/5.0 (iPhone; CPU iPhone OS 13_2_3 like Mac OS X) AppleWebKit/605.1.15 (KHTML, like Gecko) Version/13.0.3 Mobile/15E148 Safari/604.1"
91.239.130.203 - - [19/Apr/2025:18:20:16 -0400] "GET / HTTP/1.1" 200 98565 "-" "Mozilla/5.0 (Windows NT 10.0; Win64; x64) AppleWebKit/537.36 (KHTML, like Gecko) Chrome/84.0.4147.105 Safari/537.36"
91.239.130.203 - - [19/Apr/2025:18:20:18 -0400] "GET /wp-admin/network/natural.php HTTP/1.1" 404 32230 "-" "Mozilla/5.0 (Windows NT 10.0; Win64; x64) AppleWebKit/537.36 (KHTML, like Gecko) Chrome/83.0.4103.97 Safari/537.36"
91.239.130.201 - - [19/Apr/2025:18:20:20 -0400] "GET /natural.php HTTP/1.1" 404 32227 "-" "Mozilla/5.0 (Windows NT 10.0; Win64; x64) AppleWebKit/537.36 (KHTML, like Gecko) Chrome/75.0.3770.100 Safari/537.36"
91.239.130.201 - - [19/Apr/2025:18:20:21 -0400] "GET /about.php HTTP/1.1" 404 32231 "-" "Mozilla/5.0 (Windows NT 10.0; WOW64) AppleWebKit/537.36 (KHTML, like Gecko) Chrome/72.0.3626.121 Safari/537.36"
91.239.130.201 - - [19/Apr/2025:18:20:23 -0400] "GET /simple.php HTTP/1.1" 404 32232 "-" "Mozilla/5.0 (Windows NT 10.0; Win64; x64) AppleWebKit/537.36 (KHTML, like Gecko) Chrome/74.0.3729.157 Safari/537.36"
91.239.130.201 - - [19/Apr/2025:18:20:23 -0400] "GET /wp-admin/network/index.php HTTP/1.1" 302 0 "-" "Mozilla/5.0 (X11; Ubuntu; Linux i686; rv:79.0) Gecko/20100101 Firefox/79.0"
91.239.130.203 - - [19/Apr/2025:18:20:24 -0400] "GET /inputs.php HTTP/1.1" 404 32231 "-" "Mozilla/5.0 (Windows NT 10.0; Win64; x64; rv:75.0) Gecko/20100101 Firefox/75.0"
91.239.130.203 - - [19/Apr/2025:18:20:25 -0400] "GET /wp-includes/ID3/index.php HTTP/1.1" 301 0 "-" "Mozilla/5.0 (Macintosh; Intel Mac OS X 10_15_6) AppleWebKit/537.36 (KHTML, like Gecko) Chrome/84.0.4147.125 Safari/537.36"
91.239.130.203 - - [19/Apr/2025:18:20:26 -0400] "GET /autoload_classmap.php HTTP/1.1" 404 32232 "-" "Mozilla/5.0 (Windows NT 10.0; Win64; x64) AppleWebKit/537.36 (KHTML, like Gecko) Chrome/84.0.4147.105 Safari/537.36 OPR/70.0.3728.95"
91.239.130.201 - - [19/Apr/2025:18:20:28 -0400] "GET /wp-includes/bk/index.php HTTP/1.1" 301 0 "-" "Mozilla/5.0 (Windows NT 10.0; Win64; x64; rv:74.0) Gecko/20100101 Firefox/74.0"
91.239.130.201 - - [19/Apr/2025:18:20:29 -0400] "GET /file2.php HTTP/1.1" 404 32232 "-" "Mozilla/5.0 (Windows NT 10.0; Win64; x64; rv:71.0) Gecko/20100101 Firefox/71.0"
91.239.130.201 - - [19/Apr/2025:18:20:30 -0400] "GET /wp-content/upgrade/index.php HTTP/1.1" 301 0 "-" "Mozilla/5.0 (Windows NT 10.0; Win64; x64; rv:79.0) Gecko/20100101 Firefox/79.0"
91.239.130.201 - - [19/Apr/2025:18:20:31 -0400] "GET /file.php HTTP/1.1" 404 32232 "-" "Mozilla/5.0 (Windows NT 10.0; Win64; x64) AppleWebKit/537.36 (KHTML, like Gecko) Chrome/58.0.3029.110 Safari/537.3"
91.239.130.203 - - [19/Apr/2025:18:20:33 -0400] "GET /chosen.php HTTP/1.1" 404 32231 "-" "Mozilla/5.0 (Windows NT 10.0; Win64; x64; rv:75.0) Gecko/20100101 Firefox/75.0"
91.239.130.203 - - [19/Apr/2025:18:20:34 -0400] "GET /item.php HTTP/1.1" 404 32232 "-" "Mozilla/5.0 (Windows NT 10.0; Win64; x64; rv:67.0) Gecko/20100101 Firefox/67.0"
91.239.130.203 - - [19/Apr/2025:18:20:36 -0400] "GET /wp-content/uploads/2025/04/natural.php HTTP/1.1" 404 32232 "-" "Mozilla/5.0 (Windows NT 10.0; Win64; x64) AppleWebKit/537.36 (KHTML, like Gecko) Chrome/70.0.3538.77 Safari/537.36"
91.239.130.201 - - [19/Apr/2025:18:20:39 -0400] "GET /wp-includes/theme-compat/chosen.php HTTP/1.1" 404 32231 "-" "Mozilla/5.0 (Windows NT 10.0; Win64; x64) AppleWebKit/537.36 (KHTML, like Gecko) Chrome/74.0.3729.169 Safari/537.36"
91.239.130.201 - - [19/Apr/2025:18:20:41 -0400] "GET /zwso.php HTTP/1.1" 404 32232 "-" "Mozilla/5.0 (Windows NT 10.0; Win64; x64) AppleWebKit/537.36 (KHTML, like Gecko) Chrome/84.0.4147.105 Safari/537.36 OPR/70.0.3728.95"
91.239.130.201 - - [19/Apr/2025:18:20:43 -0400] "GET /wp-conflg.php HTTP/1.1" 404 32231 "-" "Mozilla/5.0 (Macintosh; Intel Mac OS X 10_12_6) AppleWebKit/537.36 (KHTML, like Gecko) Chrome/58.0.3029.110 Safari/537.3"
91.239.130.201 - - [19/Apr/2025:18:20:44 -0400] "GET /wp-includes/IXR/chosen.php HTTP/1.1" 404 32231 "-" "Mozilla/5.0 (Windows NT 10.0; Win64; x64) AppleWebKit/537.36 (KHTML, like Gecko) Chrome/58.0.3029.110 Safari/537.3"
198.54.114.83 - - [19/Apr/2025:18:20:45 -0400] "POST /wp-cron.php?doing_wp_cron=1745101245.3791389465332031250000 HTTP/1.1" 200 0 "-" "WordPress/6.8; https://hylasmagazine.com"
91.239.130.203 - - [19/Apr/2025:18:20:45 -0400] "GET /wp-includes/js/chosen.php HTTP/1.1" 404 32232 "-" "Mozilla/5.0 (Windows NT 10.0; Win64; x64) AppleWebKit/537.36 (KHTML, like Gecko) Chrome/83.0.4103.61 Safari/537.36"
91.239.130.203 - - [19/Apr/2025:18:20:47 -0400] "GET /wp-includes/pomo/wp-conflg.php HTTP/1.1" 404 32232 "-" "Mozilla/5.0 (X11; Ubuntu; Linux x86_64; rv:79.0) Gecko/20100101 Firefox/79.0"
91.239.130.203 - - [19/Apr/2025:18:20:48 -0400] "GET /wp-admin/js/autoload_classmap.php HTTP/1.1" 404 32232 "-" "Mozilla/5.0 (Windows NT 6.1; Win64; x64) AppleWebKit/537.36 (KHTML, like Gecko) Chrome/58.0.3029.110 Safari/537.3"
91.239.130.201 - - [19/Apr/2025:18:20:50 -0400] "GET /wp-includes/images/index.php HTTP/1.1" 301 0 "-" "Mozilla/5.0 (Macintosh; Intel Mac OS X 10_12_6) AppleWebKit/537.36 (KHTML, like Gecko) Chrome/58.0.3029.110 Safari/537.3"
91.239.130.201 - - [19/Apr/2025:18:20:50 -0400] "GET /wp-includes/certificates/chosen.php HTTP/1.1" 404 32238 "-" "Mozilla/5.0 (Windows NT 6.1; Win64; x64) AppleWebKit/537.36 (KHTML, like Gecko) Chrome/80.0.3987.149 Safari/537.36"
91.239.130.201 - - [19/Apr/2025:18:20:52 -0400] "GET /bitrix/admin/htmleditor2/natural.php HTTP/1.1" 404 32232 "-" "Mozilla/5.0 (Windows NT 10.0; Win64; x64) AppleWebKit/537.36 (KHTML, like Gecko) Chrome/69.0.3497.100 Safari/537.36"
91.239.130.201 - - [19/Apr/2025:18:20:54 -0400] "GET /wp-content/index.php HTTP/1.1" 200 0 "-" "Mozilla/5.0 (Windows NT 10.0; Win64; x64) AppleWebKit/537.36 (KHTML, like Gecko) Chrome/84.0.4147.105 Safari/537.36"
91.239.130.203 - - [19/Apr/2025:18:20:54 -0400] "GET /wp-includes/Requests/Auth/index.php HTTP/1.1" 301 0 "-" "Mozilla/5.0 (Windows NT 6.1; Win64; x64) AppleWebKit/537.36 (KHTML, like Gecko) Chrome/79.0.3945.130 Safari/537.36"
91.239.130.203 - - [19/Apr/2025:18:20:56 -0400] "GET /wp-admin/images/index.php HTTP/1.1" 301 0 "-" "Mozilla/5.0 (Windows NT 10.0; Win64; x64) AppleWebKit/537.36 (KHTML, like Gecko) Chrome/75.0.3770.100 Safari/537.36"
91.239.130.203 - - [19/Apr/2025:18:20:57 -0400] "GET /templates/natural.php HTTP/1.1" 404 32232 "-" "Mozilla/5.0 (Macintosh; Intel Mac OS X 10_10_1) AppleWebKit/537.36 (KHTML, like Gecko) Chrome/39.0.2171.95 Safari/537.36"
91.239.130.201 - - [19/Apr/2025:18:20:58 -0400] "GET /cong.php HTTP/1.1" 404 32229 "-" "Mozilla/5.0 (Windows NT 10.0; Win64; x64; rv:67.0) Gecko/20100101 Firefox/67.0"
91.239.130.201 - - [19/Apr/2025:18:20:59 -0400] "GET /wp-content/plugins/apikey/natural.php HTTP/1.1" 404 32232 "-" "Mozilla/5.0 (X11; Linux x86_64) AppleWebKit/537.36 (KHTML, like Gecko) Chrome/84.0.4147.105 Safari/537.36"
91.239.130.201 - - [19/Apr/2025:18:21:00 -0400] "GET /wp-admin/js/index.php HTTP/1.1" 301 0 "-" "Mozilla/5.0 (Windows NT 10.0; Win64; x64) AppleWebKit/537.36 (KHTML, like Gecko) Chrome/77.0.3865.90 Safari/537.36"
91.239.130.201 - - [19/Apr/2025:18:21:01 -0400] "GET /dropdown.php HTTP/1.1" 404 32230 "-" "Mozilla/5.0 (Windows NT 10.0; Win64; x64; rv:77.0) Gecko/20100101 Firefox/77.0"
91.239.130.203 - - [19/Apr/2025:18:21:03 -0400] "GET /wp-includes/style-engine/wp-conflg.php HTTP/1.1" 404 32230 "-" "Mozilla/5.0 (Macintosh; Intel Mac OS X 10_10_1) AppleWebKit/537.36 (KHTML, like Gecko) Chrome/39.0.2171.95 Safari/537.36"
91.239.130.203 - - [19/Apr/2025:18:21:05 -0400] "GET /wp-includes/ID3/wp-conflg.php HTTP/1.1" 404 32229 "-" "Mozilla/5.0 (Windows NT 10.0; Win64; x64; rv:66.0) Gecko/20100101 Firefox/66.0"
91.239.130.203 - - [19/Apr/2025:18:21:07 -0400] "GET /wp-content/plugins/up/main.php HTTP/1.1" 404 32236 "-" "Mozilla/5.0 (Windows NT 10.0; Win64; x64) AppleWebKit/537.36 (KHTML, like Gecko) Chrome/83.0.4103.61 Safari/537.36"
91.239.130.201 - - [19/Apr/2025:18:21:08 -0400] "GET /repeater.php HTTP/1.1" 404 32238 "-" "Mozilla/5.0 (Windows NT 10.0; Win64; x64) AppleWebKit/537.36 (KHTML, like Gecko) Chrome/70.0.3538.77 Safari/537.36"
91.239.130.201 - - [19/Apr/2025:18:21:10 -0400] "GET /wp-2019.php HTTP/1.1" 404 32230 "-" "Mozilla/5.0 (X11; Linux x86_64) AppleWebKit/537.36 (KHTML, like Gecko) Chrome/84.0.4147.105 Safari/537.36 OPR/70.0.3728.95"
91.239.130.201 - - [19/Apr/2025:18:21:13 -0400] "GET /atomlib.php HTTP/1.1" 404 32229 "-" "Mozilla/5.0 (Windows NT 10.0; WOW64) AppleWebKit/537.36 (KHTML, like Gecko) Chrome/72.0.3626.121 Safari/537.36"
91.239.130.201 - - [19/Apr/2025:18:21:14 -0400] "GET /css.php HTTP/1.1" 404 32229 "-" "Mozilla/5.0 (Windows NT 10.0; WOW64) AppleWebKit/537.36 (KHTML, like Gecko) Chrome/72.0.3626.121 Safari/537.36"
91.239.130.203 - - [19/Apr/2025:18:21:15 -0400] "GET /log.php HTTP/1.1" 404 32230 "-" "Mozilla/5.0 (Windows NT 6.1; Win64; x64) AppleWebKit/537.36 (KHTML, like Gecko) Chrome/79.0.3945.130 Safari/537.36"
91.239.130.203 - - [19/Apr/2025:18:21:17 -0400] "GET /index.php HTTP/1.1" 301 0 "-" "Mozilla/5.0 (Macintosh; Intel Mac OS X 10_15_6) AppleWebKit/537.36 (KHTML, like Gecko) Chrome/84.0.4147.125 Safari/537.36"
91.239.130.201 - - [19/Apr/2025:18:21:18 -0400] "GET /mail.php HTTP/1.1" 404 32229 "-" "Mozilla/5.0 (Windows NT 10.0; Win64; x64) AppleWebKit/537.36 (KHTML, like Gecko) Chrome/81.0.4044.129 Safari/537.36"
91.239.130.201 - - [19/Apr/2025:18:21:20 -0400] "GET /lufix.php HTTP/1.1" 404 32231 "-" "Mozilla/5.0 (Windows NT 10.0) AppleWebKit/537.36 (KHTML, like Gecko) Chrome/72.0.3626.121 Safari/537.36"
52.169.148.78 - - [19/Apr/2025:18:21:21 -0400] "GET /.alf.php HTTP/1.1" 404 32234 "-" "-"
91.239.130.201 - - [19/Apr/2025:18:21:21 -0400] "GET /doc.php HTTP/1.1" 404 32229 "-" "Mozilla/5.0 (Windows NT 10.0; Win64; x64; rv:73.0) Gecko/20100101 Firefox/73.0"
52.169.148.78 - - [19/Apr/2025:18:21:22 -0400] "GET /.tmb/ HTTP/1.1" 404 32236 "-" "-"
91.239.130.201 - - [19/Apr/2025:18:21:23 -0400] "GET /bak.php HTTP/1.1" 404 32236 "-" "Mozilla/5.0 (Windows NT 10.0; Win64; x64; rv:73.0) Gecko/20100101 Firefox/73.0"
52.169.148.78 - - [19/Apr/2025:18:21:24 -0400] "GET /.tmb/mariju.php HTTP/1.1" 404 32235 "-" "-"
91.239.130.203 - - [19/Apr/2025:18:21:26 -0400] "GET /content.php HTTP/1.1" 404 32229 "-" "Mozilla/5.0 (Windows NT 10.0; WOW64; x64) AppleWebKit/537.36 (KHTML, like Gecko) Chrome/84.0.4147.105 Safari/537.36 OPR/70.0.3728.95"
52.169.148.78 - - [19/Apr/2025:18:21:26 -0400] "GET /.tmb/wp-login.php HTTP/1.1" 404 32229 "-" "-"
91.239.130.203 - - [19/Apr/2025:18:21:30 -0400] "GET /upfile.php HTTP/1.1" 404 32230 "-" "Mozilla/5.0 (Windows NT 6.1; Win64; x64) AppleWebKit/537.36 (KHTML, like Gecko) Chrome/58.0.3029.110 Safari/537.3"
52.169.148.78 - - [19/Apr/2025:18:21:30 -0400] "GET /.well-known/ HTTP/1.1" 404 32229 "-" "-"
91.239.130.203 - - [19/Apr/2025:18:21:32 -0400] "GET /wp.php HTTP/1.1" 404 32230 "-" "Mozilla/5.0 (Windows NT 10.0) AppleWebKit/537.36 (KHTML, like Gecko) Chrome/84.0.4147.105 Safari/537.36"
52.169.148.78 - - [19/Apr/2025:18:21:33 -0400] "GET /.well-known//about.php HTTP/1.1" 301 0 "-" "-"
52.169.148.78 - - [19/Apr/2025:18:21:35 -0400] "GET /.well-known/about.php HTTP/1.1" 404 32230 "-" "-"
91.239.130.201 - - [19/Apr/2025:18:21:35 -0400] "GET /bypass.php HTTP/1.1" 404 32230 "-" "Mozilla/5.0 (Windows NT 10.0; Win64; x64) AppleWebKit/537.36 (KHTML, like Gecko) Chrome/74.0.3729.169 Safari/537.36"
52.169.148.78 - - [19/Apr/2025:18:21:38 -0400] "GET /.well-known/ALFA_DATA/alfacgiapi/perl.alfa.php HTTP/1.1" 404 32229 "-" "-"
91.239.130.201 - - [19/Apr/2025:18:21:38 -0400] "GET /wp-activate.php HTTP/1.1" 302 0 "-" "Mozilla/5.0 (Windows NT 10.0; Win64; x64; rv:66.0) Gecko/20100101 Firefox/66.0"
52.169.148.78 - - [19/Apr/2025:18:21:41 -0400] "GET /.well-known/about.php HTTP/1.1" 404 32230 "-" "-"
91.239.130.201 - - [19/Apr/2025:18:21:41 -0400] "GET /404.php HTTP/1.1" 404 32229 "-" "Mozilla/5.0 (Windows NT 10.0; Win64; x64; rv:75.0) Gecko/20100101 Firefox/75.0"
52.169.148.78 - - [19/Apr/2025:18:21:43 -0400] "GET /.well-known/acme-challenge/ HTTP/1.1" 404 32229 "-" "-"
91.239.130.201 - - [19/Apr/2025:18:21:44 -0400] "GET /updates.php HTTP/1.1" 404 32229 "-" "Mozilla/5.0 (Windows NT 10.0) AppleWebKit/537.36 (KHTML, like Gecko) Chrome/72.0.3626.121 Safari/537.36"
91.239.130.203 - - [19/Apr/2025:18:21:46 -0400] "GET /radio.php HTTP/1.1" 404 32230 "-" "Mozilla/5.0 (Windows NT 10.0; Win64; x64; rv:71.0) Gecko/20100101 Firefox/71.0"
198.54.114.83 - - [19/Apr/2025:18:21:47 -0400] "POST /wp-cron.php?doing_wp_cron=1745101306.4041628837585449218750 HTTP/1.1" 200 0 "-" "WordPress/6.8; https://hylasmagazine.com"
52.169.148.78 - - [19/Apr/2025:18:21:46 -0400] "GET /.well-known/acme-challenge//.info.php HTTP/1.1" 301 0 "-" "-"
52.169.148.78 - - [19/Apr/2025:18:21:49 -0400] "GET /.well-known/acme-challenge/.info.php HTTP/1.1" 404 32230 "-" "-"
91.239.130.201 - - [19/Apr/2025:18:21:50 -0400] "GET /plugins.php HTTP/1.1" 404 32236 "-" "Mozilla/5.0 (Windows NT 10.0; Win64; x64) AppleWebKit/537.36 (KHTML, like Gecko) Chrome/75.0.3770.100 Safari/537.36"
52.169.148.78 - - [19/Apr/2025:18:21:51 -0400] "GET /.well-known/acme-challenge//muse.php HTTP/1.1" 301 0 "-" "-"
91.239.130.203 - - [19/Apr/2025:18:21:53 -0400] "GET /xmrlpc.php HTTP/1.1" 404 32230 "-" "Mozilla/5.0 (Windows NT 10.0; Win64; x64) AppleWebKit/537.36 (KHTML, like Gecko) Chrome/79.0.3945.130 Safari/537.36"
52.169.148.78 - - [19/Apr/2025:18:21:54 -0400] "GET /.well-known/acme-challenge/muse.php HTTP/1.1" 404 32230 "-" "-"
91.239.130.201 - - [19/Apr/2025:18:21:56 -0400] "GET /ae.php HTTP/1.1" 404 32229 "-" "Mozilla/5.0 (X11; Fedora; Linux x86_64; rv:79.0) Gecko/20100101 Firefox/79.0"
52.169.148.78 - - [19/Apr/2025:18:21:57 -0400] "GET /.well-known/acme-challenge//wp-protector.php HTTP/1.1" 301 0 "-" "-"
91.239.130.201 - - [19/Apr/2025:18:21:59 -0400] "GET /moon.php HTTP/1.1" 404 32230 "-" "Mozilla/5.0 (Windows NT 6.1; Win64; x64) AppleWebKit/537.36 (KHTML, like Gecko) Chrome/79.0.3945.130 Safari/537.36"
52.169.148.78 - - [19/Apr/2025:18:22:00 -0400] "GET /.well-known/acme-challenge/wp-protector.php HTTP/1.1" 404 32236 "-" "-"
91.239.130.201 - - [19/Apr/2025:18:22:02 -0400] "GET /blog.php HTTP/1.1" 404 32228 "-" "Mozilla/5.0 (X11; Linux x86_64) AppleWebKit/537.36 (KHTML, like Gecko) Chrome/84.0.4147.105 Safari/537.36 OPR/70.0.3728.95"
52.169.148.78 - - [19/Apr/2025:18:22:03 -0400] "GET /.well-known/acme-challenge/Llj.php HTTP/1.1" 404 32234 "-" "-"
91.239.130.201 - - [19/Apr/2025:18:22:06 -0400] "GET /themes.php HTTP/1.1" 404 32227 "-" "Mozilla/5.0 (Windows NT 10.0; WOW64; x64) AppleWebKit/537.36 (KHTML, like Gecko) Chrome/84.0.4147.105 Safari/537.36 OPR/70.0.3728.95"
52.169.148.78 - - [19/Apr/2025:18:22:06 -0400] "GET /.well-known/acme-challenge/about.php HTTP/1.1" 404 32227 "-" "-"
91.239.130.203 - - [19/Apr/2025:18:22:08 -0400] "GET /ini.php HTTP/1.1" 404 32228 "-" "Mozilla/5.0 (Windows NT 6.1; Win64; x64) AppleWebKit/537.36 (KHTML, like Gecko) Chrome/80.0.3987.149 Safari/537.36"
52.169.148.78 - - [19/Apr/2025:18:22:09 -0400] "GET /.well-known/acme-challenge/about.php?p= HTTP/1.1" 301 0 "-" "-"
52.169.148.78 - - [19/Apr/2025:18:22:11 -0400] "GET /.well-known/acme-challenge/about.php HTTP/1.1" 404 32227 "-" "-"
91.239.130.203 - - [19/Apr/2025:18:22:11 -0400] "GET /as.php HTTP/1.1" 404 32228 "-" "Mozilla/5.0 (X11; Linux i686; rv:79.0) Gecko/20100101 Firefox/79.0"
52.169.148.78 - - [19/Apr/2025:18:22:13 -0400] "GET /.well-known/acme-challenge/admiin.php HTTP/1.1" 404 32227 "-" "-"
91.239.130.203 - - [19/Apr/2025:18:22:14 -0400] "GET /shell.php HTTP/1.1" 404 32227 "-" "Mozilla/5.0 (Windows NT 10.0; Win64; x64) AppleWebKit/537.36 (KHTML, like Gecko) Chrome/74.0.3729.157 Safari/537.36"
52.169.148.78 - - [19/Apr/2025:18:22:15 -0400] "GET /.well-known/acme-challenge/admin.php HTTP/1.1" 404 32234 "-" "-"
91.239.130.201 - - [19/Apr/2025:18:22:16 -0400] "GET /ws.php HTTP/1.1" 404 32228 "-" "Mozilla/5.0 (Windows NT 10.0; Win64; x64; rv:73.0) Gecko/20100101 Firefox/73.0"
52.169.148.78 - - [19/Apr/2025:18:22:17 -0400] "GET /.well-known/acme-challenge/atomlib.php HTTP/1.1" 404 32227 "-" "-"
91.239.130.203 - - [19/Apr/2025:18:22:19 -0400] "GET /makeasmtp.php HTTP/1.1" 404 32227 "-" "Mozilla/5.0 (Windows NT 6.1; Win64; x64) AppleWebKit/537.36 (KHTML, like Gecko) Chrome/74.0.3729.169 Safari/537.36"
52.169.148.78 - - [19/Apr/2025:18:22:20 -0400] "GET /.well-known/acme-challenge/cloud.php HTTP/1.1" 404 32227 "-" "-"
91.239.130.203 - - [19/Apr/2025:18:22:21 -0400] "GET /wp-sigunq.php HTTP/1.1" 404 32226 "-" "Mozilla/5.0 (Windows NT 10.0) AppleWebKit/537.36 (KHTML, like Gecko) Chrome/84.0.4147.105 Safari/537.36"
52.169.148.78 - - [19/Apr/2025:18:22:23 -0400] "GET /.well-known/acme-challenge/index.php HTTP/1.1" 301 0 "-" "-"
91.239.130.201 - - [19/Apr/2025:18:22:25 -0400] "GET /wso112233.php HTTP/1.1" 404 32233 "-" "Mozilla/5.0 (Windows NT 10.0; Win64; x64) AppleWebKit/537.36 (KHTML, like Gecko) Chrome/79.0.3945.88 Safari/537.36"
52.169.148.78 - - [19/Apr/2025:18:22:26 -0400] "GET /.well-known/acme-challenge/ HTTP/1.1" 404 32229 "-" "-"
91.239.130.201 - - [19/Apr/2025:18:22:27 -0400] "GET /wp-atom.php HTTP/1.1" 301 0 "-" "Mozilla/5.0 (Windows NT 10.0; Win64; x64) AppleWebKit/537.36 (KHTML, like Gecko) Chrome/79.0.3945.130 Safari/537.36"
52.169.148.78 - - [19/Apr/2025:18:22:28 -0400] "GET /.well-known/acme-challenge/index.php?p= HTTP/1.1" 301 0 "-" "-"
91.239.130.201 - - [19/Apr/2025:18:22:29 -0400] "GET /alfanew.php HTTP/1.1" 404 32227 "-" "Mozilla/5.0 (Windows NT 10.0) AppleWebKit/537.36 (KHTML, like Gecko) Chrome/84.0.4147.105 Safari/537.36"
52.169.148.78 - - [19/Apr/2025:18:22:30 -0400] "GET /.well-known/acme-challenge/ HTTP/1.1" 404 32229 "-" "-"
91.239.130.201 - - [19/Apr/2025:18:22:31 -0400] "GET /fw.php HTTP/1.1" 404 32227 "-" "Mozilla/5.0 (Macintosh; Intel Mac OS X 10_15_6) AppleWebKit/537.36 (KHTML, like Gecko) Chrome/84.0.4147.105 Safari/537.36 OPR/70.0.3728.95"
52.169.148.78 - - [19/Apr/2025:18:22:32 -0400] "GET /.well-known/acme-challenge/install.php HTTP/1.1" 404 32228 "-" "-"
52.169.148.78 - - [19/Apr/2025:18:22:33 -0400] "GET /.well-known/acme-challenge/makeasmtp.php HTTP/1.1" 404 32228 "-" "-"
91.239.130.203 - - [19/Apr/2025:18:22:33 -0400] "GET /install.php HTTP/1.1" 404 32228 "-" "Mozilla/5.0 (Windows NT 10.0; WOW64) AppleWebKit/537.36 (KHTML, like Gecko) Chrome/84.0.4147.105 Safari/537.36"
52.169.148.78 - - [19/Apr/2025:18:22:35 -0400] "GET /.well-known/acme-challenge/makeasmtp.php?p= HTTP/1.1" 301 0 "-" "-"
91.239.130.203 - - [19/Apr/2025:18:22:35 -0400] "GET /wp-login.php HTTP/1.1" 302 0 "-" "Mozilla/5.0 (Windows NT 10.0; Win64; x64) AppleWebKit/537.36 (KHTML, like Gecko) Chrome/75.0.3770.100 Safari/537.36"
52.169.148.78 - - [19/Apr/2025:18:22:37 -0400] "GET /.well-known/acme-challenge/makeasmtp.php HTTP/1.1" 404 32228 "-" "-"
91.239.130.203 - - [19/Apr/2025:18:22:38 -0400] "GET /wp-admin/shapes.php HTTP/1.1" 404 32227 "-" "Mozilla/5.0 (Windows NT 10.0; Win64; x64) AppleWebKit/537.36 (KHTML, like Gecko) Chrome/81.0.4044.129 Safari/537.36"
52.169.148.78 - - [19/Apr/2025:18:22:38 -0400] "GET /.well-known/acme-challenge/radio.php HTTP/1.1" 404 32227 "-" "-"
91.239.130.201 - - [19/Apr/2025:18:22:39 -0400] "GET /XxX.php HTTP/1.1" 404 32234 "-" "Mozilla/5.0 (Windows NT 10.0; Win64; x64) AppleWebKit/537.36 (KHTML, like Gecko) Chrome/84.0.4147.105 Safari/537.36"
52.169.148.78 - - [19/Apr/2025:18:22:40 -0400] "GET /.well-known/acme-challenge/themes.php HTTP/1.1" 404 32228 "-" "-"
91.239.130.201 - - [19/Apr/2025:18:22:40 -0400] "GET /Marvins.php HTTP/1.1" 404 32228 "-" "Mozilla/5.0 (Windows NT 10.0; Win64; x64) AppleWebKit/537.36 (KHTML, like Gecko) Chrome/70.0.3538.77 Safari/537.36"
52.169.148.78 - - [19/Apr/2025:18:22:41 -0400] "GET /.well-known/acme-challenge/x2.php HTTP/1.1" 404 32227 "-" "-"
91.239.130.201 - - [19/Apr/2025:18:22:42 -0400] "GET /wp-includes/css/modules.php HTTP/1.1" 404 32227 "-" "Mozilla/5.0 (Windows NT 10.0; WOW64; Trident/7.0; .NET4.0C; .NET4.0E; .NET CLR 2.0.50727; .NET CLR 3.0.30729; .NET CLR 3.5.30729; rv:11.0) like Gecko"
52.169.148.78 - - [19/Apr/2025:18:22:43 -0400] "GET /.well-known/acme-challenge/xmrlpc.php?p= HTTP/1.1" 301 0 "-" "-"
