64.124.8.134 - - [03/Apr/2025:18:26:06 -0400] "GET /holidays-and-the-compost-tumbler-bin-is-that-half-eaten-dinner-roll-green-or-brown/ HTTP/1.1" 404 1251 "-" "Mozilla/5.0 (compatible; ImagesiftBot; +imagesift.com)"
64.124.8.134 - - [03/Apr/2025:18:26:18 -0400] "GET /wp-json/wp/v2/posts/159 HTTP/1.1" 404 1251 "-" "Mozilla/5.0 (compatible; ImagesiftBot; +imagesift.com)"
64.124.8.134 - - [03/Apr/2025:18:26:34 -0400] "GET /un-haut-court-pour-femme-convient-a-toutes-les-morphologies/ HTTP/1.1" 404 1251 "-" "Mozilla/5.0 (compatible; ImagesiftBot; +imagesift.com)"
64.124.8.134 - - [03/Apr/2025:18:26:48 -0400] "GET /wp-json/wp/v2/posts/1883 HTTP/1.1" 404 1251 "-" "Mozilla/5.0 (compatible; ImagesiftBot; +imagesift.com)"
64.124.8.134 - - [03/Apr/2025:18:27:03 -0400] "GET /many-reasons-and-evolution-facts-about-the-keychain-pocket-watch/ HTTP/1.1" 404 1251 "-" "Mozilla/5.0 (compatible; ImagesiftBot; +imagesift.com)"
64.124.8.134 - - [03/Apr/2025:18:27:17 -0400] "GET /wp-json/wp/v2/posts/106 HTTP/1.1" 404 1251 "-" "Mozilla/5.0 (compatible; ImagesiftBot; +imagesift.com)"
64.124.8.134 - - [03/Apr/2025:18:27:31 -0400] "GET /wp-json/wp/v2/posts/1353 HTTP/1.1" 404 1251 "-" "Mozilla/5.0 (compatible; ImagesiftBot; +imagesift.com)"
64.124.8.134 - - [03/Apr/2025:18:27:44 -0400] "GET /wp-json/wp/v2/posts/709 HTTP/1.1" 404 1251 "-" "Mozilla/5.0 (compatible; ImagesiftBot; +imagesift.com)"
114.119.155.81 - - [03/Apr/2025:18:27:52 -0400] "GET /page/33/ HTTP/1.1" 404 1251 "https://alualufoil.com/page/32/" "Mozilla/5.0 (Linux; Android 7.0;) AppleWebKit/537.36 (KHTML, like Gecko) Mobile Safari/537.36 (compatible; PetalBot;+https://webmaster.petalsearch.com/site/petalbot)"
64.124.8.134 - - [03/Apr/2025:18:27:56 -0400] "GET /blanchiment-dentaire/ HTTP/1.1" 404 1251 "-" "Mozilla/5.0 (compatible; ImagesiftBot; +imagesift.com)"
64.124.8.134 - - [03/Apr/2025:18:28:11 -0400] "GET /optimiser-la-sante-bucco-dentaire-devoiler-limportance-de-la-clinique-hygiene-dentaire/ HTTP/1.1" 404 1251 "-" "Mozilla/5.0 (compatible; ImagesiftBot; +imagesift.com)"
64.124.8.134 - - [03/Apr/2025:18:28:23 -0400] "GET /things-to-keep-in-mind-before-buying-the-nintendo-switch/ HTTP/1.1" 404 1251 "-" "Mozilla/5.0 (compatible; ImagesiftBot; +imagesift.com)"
64.124.8.134 - - [03/Apr/2025:18:28:37 -0400] "GET /wp-json/wp/v2/posts/1487 HTTP/1.1" 404 1251 "-" "Mozilla/5.0 (compatible; ImagesiftBot; +imagesift.com)"
64.124.8.134 - - [03/Apr/2025:18:28:50 -0400] "GET /convert-youtube-to-mp4-how-to-convert-youtube-to-mp4-safely-and-effectively/ HTTP/1.1" 404 1251 "-" "Mozilla/5.0 (compatible; ImagesiftBot; +imagesift.com)"
64.124.8.134 - - [03/Apr/2025:18:29:06 -0400] "GET /2022/02/ HTTP/1.1" 404 1251 "-" "Mozilla/5.0 (compatible; ImagesiftBot; +imagesift.com)"
114.119.133.42 - - [03/Apr/2025:18:29:15 -0400] "GET /page/152/ HTTP/1.1" 404 1251 "https://alualufoil.com/2024/01/" "Mozilla/5.0 (Linux; Android 7.0;) AppleWebKit/537.36 (KHTML, like Gecko) Mobile Safari/537.36 (compatible; PetalBot;+https://webmaster.petalsearch.com/site/petalbot)"
64.124.8.134 - - [03/Apr/2025:18:29:18 -0400] "GET /wp-json/wp/v2/posts/1806 HTTP/1.1" 404 1251 "-" "Mozilla/5.0 (compatible; ImagesiftBot; +imagesift.com)"
64.124.8.134 - - [03/Apr/2025:18:29:31 -0400] "GET /wp-json/wp/v2/posts/936 HTTP/1.1" 404 1251 "-" "Mozilla/5.0 (compatible; ImagesiftBot; +imagesift.com)"
64.124.8.134 - - [03/Apr/2025:18:29:49 -0400] "GET /wp-json/wp/v2/posts/2456 HTTP/1.1" 404 1251 "-" "Mozilla/5.0 (compatible; ImagesiftBot; +imagesift.com)"
64.124.8.134 - - [03/Apr/2025:18:30:01 -0400] "GET /dog-dewormer-for-cancer/ HTTP/1.1" 404 1251 "-" "Mozilla/5.0 (compatible; ImagesiftBot; +imagesift.com)"
64.124.8.134 - - [03/Apr/2025:18:30:16 -0400] "GET /unveiling-the-ultimate-performance-elite-sport-socks/ HTTP/1.1" 404 1251 "-" "Mozilla/5.0 (compatible; ImagesiftBot; +imagesift.com)"
64.124.8.134 - - [03/Apr/2025:18:30:28 -0400] "GET /wp-json/wp/v2/posts/1289 HTTP/1.1" 404 1251 "-" "Mozilla/5.0 (compatible; ImagesiftBot; +imagesift.com)"
114.119.155.81 - - [03/Apr/2025:18:30:38 -0400] "GET /dp/B0CFPL6CFY?ref=MarsFS_KINDLE_B0CFPL6CFY HTTP/1.1" 404 1251 "https://alualufoil.com/?ND" "Mozilla/5.0 (Linux; Android 7.0;) AppleWebKit/537.36 (KHTML, like Gecko) Mobile Safari/537.36 (compatible; PetalBot;+https://webmaster.petalsearch.com/site/petalbot)"
64.124.8.134 - - [03/Apr/2025:18:30:42 -0400] "GET /connectez-vous-avec-le-jeu-captivant-dragonica/ HTTP/1.1" 404 1251 "-" "Mozilla/5.0 (compatible; ImagesiftBot; +imagesift.com)"
64.124.8.134 - - [03/Apr/2025:18:30:55 -0400] "GET /how-to-select-us-bolts/ HTTP/1.1" 404 1251 "-" "Mozilla/5.0 (compatible; ImagesiftBot; +imagesift.com)"
64.124.8.134 - - [03/Apr/2025:18:31:09 -0400] "GET /herzketten/ HTTP/1.1" 404 1251 "-" "Mozilla/5.0 (compatible; ImagesiftBot; +imagesift.com)"
64.124.8.134 - - [03/Apr/2025:18:31:21 -0400] "GET /wp-json/wp/v2/posts/2258 HTTP/1.1" 404 1251 "-" "Mozilla/5.0 (compatible; ImagesiftBot; +imagesift.com)"
40.77.167.54 - - [03/Apr/2025:18:31:24 -0400] "GET /weight-loss-treatment-how-to-lose-fat-in-90-minutes/ HTTP/1.1" 404 1251 "-" "Mozilla/5.0 AppleWebKit/537.36 (KHTML, like Gecko; compatible; bingbot/2.0; +http://www.bing.com/bingbot.htm) Chrome/116.0.1938.76 Safari/537.36"
64.124.8.134 - - [03/Apr/2025:18:31:34 -0400] "GET /wp-json/wp/v2/posts/678 HTTP/1.1" 404 1251 "-" "Mozilla/5.0 (compatible; ImagesiftBot; +imagesift.com)"
64.124.8.134 - - [03/Apr/2025:18:31:47 -0400] "GET /wp-json/wp/v2/posts/91 HTTP/1.1" 404 1251 "-" "Mozilla/5.0 (compatible; ImagesiftBot; +imagesift.com)"
64.124.8.134 - - [03/Apr/2025:18:32:01 -0400] "GET /gestion-google-ads-pourquoi-avez-vous-besoin-dune-agence-parisienne-specialisee-dans-google-ads/ HTTP/1.1" 404 1251 "-" "Mozilla/5.0 (compatible; ImagesiftBot; +imagesift.com)"
114.119.157.245 - - [03/Apr/2025:18:32:01 -0400] "GET /page/138/ HTTP/1.1" 404 1251 "https://alualufoil.com/page/139/" "Mozilla/5.0 (Linux; Android 7.0;) AppleWebKit/537.36 (KHTML, like Gecko) Mobile Safari/537.36 (compatible; PetalBot;+https://webmaster.petalsearch.com/site/petalbot)"
64.124.8.134 - - [03/Apr/2025:18:32:14 -0400] "GET /steuerberatung-hattingen-your-ideal-partner-in-all-areas-of-business/ HTTP/1.1" 404 1251 "-" "Mozilla/5.0 (compatible; ImagesiftBot; +imagesift.com)"
64.124.8.134 - - [03/Apr/2025:18:32:26 -0400] "GET /agence-publicite-en-ligne-paris-14/ HTTP/1.1" 404 1251 "-" "Mozilla/5.0 (compatible; ImagesiftBot; +imagesift.com)"
64.124.8.134 - - [03/Apr/2025:18:32:40 -0400] "GET /wp-json/wp/v2/posts/625 HTTP/1.1" 404 1251 "-" "Mozilla/5.0 (compatible; ImagesiftBot; +imagesift.com)"
64.124.8.134 - - [03/Apr/2025:18:32:53 -0400] "GET /is-painting-by-numbers-good-for-the-brain/ HTTP/1.1" 404 1251 "-" "Mozilla/5.0 (compatible; ImagesiftBot; +imagesift.com)"
64.124.8.134 - - [03/Apr/2025:18:33:05 -0400] "GET /womens-bamboo-underwear/ HTTP/1.1" 404 1251 "-" "Mozilla/5.0 (compatible; ImagesiftBot; +imagesift.com)"
64.124.8.134 - - [03/Apr/2025:18:33:18 -0400] "GET /what-does-it-mean-when-iphone-is-locked/ HTTP/1.1" 404 1251 "-" "Mozilla/5.0 (compatible; ImagesiftBot; +imagesift.com)"
114.119.135.139 - - [03/Apr/2025:18:33:25 -0400] "GET /dp/B0BCR4YW51?ref=MarsFS_AUCC_eh HTTP/1.1" 404 1251 "https://alualufoil.com/?ND" "Mozilla/5.0 (Linux; Android 7.0;) AppleWebKit/537.36 (KHTML, like Gecko) Mobile Safari/537.36 (compatible; PetalBot;+https://webmaster.petalsearch.com/site/petalbot)"
64.124.8.134 - - [03/Apr/2025:18:33:31 -0400] "GET /die-schonheit-eines-individuellen-weinkellers/ HTTP/1.1" 404 1251 "-" "Mozilla/5.0 (compatible; ImagesiftBot; +imagesift.com)"
64.124.8.134 - - [03/Apr/2025:18:33:45 -0400] "GET /page/2/ HTTP/1.1" 404 1251 "-" "Mozilla/5.0 (compatible; ImagesiftBot; +imagesift.com)"
64.124.8.134 - - [03/Apr/2025:18:33:57 -0400] "GET /mastering-the-art-of-youtube-growth-strategies-for-massive-subscriber-surge/ HTTP/1.1" 404 1251 "-" "Mozilla/5.0 (compatible; ImagesiftBot; +imagesift.com)"
64.124.8.134 - - [03/Apr/2025:18:34:09 -0400] "GET /30-mg-vyvanse-side-effects/ HTTP/1.1" 404 1251 "-" "Mozilla/5.0 (compatible; ImagesiftBot; +imagesift.com)"
64.124.8.134 - - [03/Apr/2025:18:34:21 -0400] "GET /body-building-supplement/ HTTP/1.1" 404 1251 "-" "Mozilla/5.0 (compatible; ImagesiftBot; +imagesift.com)"
64.124.8.134 - - [03/Apr/2025:18:34:33 -0400] "GET /wp-json/wp/v2/posts/367 HTTP/1.1" 404 1251 "-" "Mozilla/5.0 (compatible; ImagesiftBot; +imagesift.com)"
64.124.8.134 - - [03/Apr/2025:18:34:44 -0400] "GET /assurance-flotte-auto/ HTTP/1.1" 404 1251 "-" "Mozilla/5.0 (compatible; ImagesiftBot; +imagesift.com)"
114.119.146.251 - - [03/Apr/2025:18:34:50 -0400] "GET /dp/B076JKHDQT?ref=MarsFS_VICC_Ring%2BRechargeable%2BBattery%2BPack HTTP/1.1" 404 1251 "https://alualufoil.com/?ND" "Mozilla/5.0 (Linux; Android 7.0;) AppleWebKit/537.36 (KHTML, like Gecko) Mobile Safari/537.36 (compatible; PetalBot;+https://webmaster.petalsearch.com/site/petalbot)"
64.124.8.134 - - [03/Apr/2025:18:34:58 -0400] "GET /wp-json/wp/v2/posts/1297 HTTP/1.1" 404 1251 "-" "Mozilla/5.0 (compatible; ImagesiftBot; +imagesift.com)"
64.124.8.134 - - [03/Apr/2025:18:35:10 -0400] "GET /category/activity/page/111/ HTTP/1.1" 404 1251 "-" "Mozilla/5.0 (compatible; ImagesiftBot; +imagesift.com)"
64.124.8.134 - - [03/Apr/2025:18:35:23 -0400] "GET /page/3/ HTTP/1.1" 404 1251 "-" "Mozilla/5.0 (compatible; ImagesiftBot; +imagesift.com)"
64.124.8.134 - - [03/Apr/2025:18:35:36 -0400] "GET /wp-json/wp/v2/posts/314 HTTP/1.1" 404 1251 "-" "Mozilla/5.0 (compatible; ImagesiftBot; +imagesift.com)"
207.46.13.160 - - [03/Apr/2025:18:35:47 -0400] "GET /le-meilleur-guide-pour-telecharger-betwinner-apk/ HTTP/1.1" 404 1251 "-" "Mozilla/5.0 AppleWebKit/537.36 (KHTML, like Gecko; compatible; bingbot/2.0; +http://www.bing.com/bingbot.htm) Chrome/116.0.1938.76 Safari/537.36"
64.124.8.134 - - [03/Apr/2025:18:35:49 -0400] "GET /wp-json/wp/v2/posts/2796 HTTP/1.1" 404 1251 "-" "Mozilla/5.0 (compatible; ImagesiftBot; +imagesift.com)"
64.124.8.134 - - [03/Apr/2025:18:36:02 -0400] "GET /wp-json/wp/v2/posts/852 HTTP/1.1" 404 1251 "-" "Mozilla/5.0 (compatible; ImagesiftBot; +imagesift.com)"
64.124.8.134 - - [03/Apr/2025:18:36:14 -0400] "GET /wp-json/wp/v2/posts/1616 HTTP/1.1" 404 1251 "-" "Mozilla/5.0 (compatible; ImagesiftBot; +imagesift.com)"
64.124.8.134 - - [03/Apr/2025:18:36:28 -0400] "GET /category/activity/page/101/ HTTP/1.1" 404 1251 "-" "Mozilla/5.0 (compatible; ImagesiftBot; +imagesift.com)"
64.124.8.134 - - [03/Apr/2025:18:36:41 -0400] "GET /wp-json/wp/v2/posts/1948 HTTP/1.1" 404 1251 "-" "Mozilla/5.0 (compatible; ImagesiftBot; +imagesift.com)"
64.124.8.134 - - [03/Apr/2025:18:36:53 -0400] "GET /page/4/ HTTP/1.1" 404 1251 "-" "Mozilla/5.0 (compatible; ImagesiftBot; +imagesift.com)"
64.124.8.134 - - [03/Apr/2025:18:37:07 -0400] "GET /top-interior-designers-in-boston/ HTTP/1.1" 404 1251 "-" "Mozilla/5.0 (compatible; ImagesiftBot; +imagesift.com)"
64.124.8.134 - - [03/Apr/2025:18:37:20 -0400] "GET /vita-glow-night-cream-review/ HTTP/1.1" 404 1251 "-" "Mozilla/5.0 (compatible; ImagesiftBot; +imagesift.com)"
64.124.8.134 - - [03/Apr/2025:18:37:32 -0400] "GET /wp-json/wp/v2/posts/659 HTTP/1.1" 404 1251 "-" "Mozilla/5.0 (compatible; ImagesiftBot; +imagesift.com)"
64.124.8.134 - - [03/Apr/2025:18:37:45 -0400] "GET /tips-to-have-a-successful-house-painting-project/ HTTP/1.1" 404 1251 "-" "Mozilla/5.0 (compatible; ImagesiftBot; +imagesift.com)"
207.46.13.154 - - [03/Apr/2025:18:37:56 -0400] "GET /rich-history-and-cultural-heritage/ HTTP/1.1" 404 1251 "-" "Mozilla/5.0 AppleWebKit/537.36 (KHTML, like Gecko; compatible; bingbot/2.0; +http://www.bing.com/bingbot.htm) Chrome/116.0.1938.76 Safari/537.36"
64.124.8.134 - - [03/Apr/2025:18:37:57 -0400] "GET /page/5/ HTTP/1.1" 404 1251 "-" "Mozilla/5.0 (compatible; ImagesiftBot; +imagesift.com)"
64.124.8.134 - - [03/Apr/2025:18:38:11 -0400] "GET /wp-json/wp/v2/posts/606 HTTP/1.1" 404 1251 "-" "Mozilla/5.0 (compatible; ImagesiftBot; +imagesift.com)"
64.124.8.134 - - [03/Apr/2025:18:38:25 -0400] "GET /wp-json/wp/v2/posts/1822 HTTP/1.1" 404 1251 "-" "Mozilla/5.0 (compatible; ImagesiftBot; +imagesift.com)"
64.124.8.134 - - [03/Apr/2025:18:38:40 -0400] "GET /die-faszination-von-videoanimationen-eine-kreative-welt-voller-bewegung/ HTTP/1.1" 404 1251 "-" "Mozilla/5.0 (compatible; ImagesiftBot; +imagesift.com)"
64.124.8.134 - - [03/Apr/2025:18:38:54 -0400] "GET /page/6/ HTTP/1.1" 404 1251 "-" "Mozilla/5.0 (compatible; ImagesiftBot; +imagesift.com)"
13.67.167.41 - - [03/Apr/2025:18:38:58 -0400] "GET /wp-admin/network/index.php HTTP/1.1" 302 0 "-" "-"
198.54.114.83 - - [03/Apr/2025:18:38:58 -0400] "POST /wp-admin/admin-ajax.php?action=async_litespeed&nonce=YvDYModKFLhaK55HNrJiXz4xGOuvMici&litespeed_type=imgoptm HTTP/1.1" 200 0 "-" "WordPress/6.7.2; https://alualufoil.com"
13.67.167.41 - - [03/Apr/2025:18:38:58 -0400] "GET /wp-login.php?redirect_to=https%3A%2F%2Falualufoil.com%2Fwp-admin%2Fnetwork%2Findex.php&reauth=1 HTTP/1.1" 200 1723 "-" "-"
64.124.8.134 - - [03/Apr/2025:18:39:07 -0400] "GET /5-advantages-of-diesel-backup-generators/ HTTP/1.1" 404 1251 "-" "Mozilla/5.0 (compatible; ImagesiftBot; +imagesift.com)"
64.124.8.134 - - [03/Apr/2025:18:39:20 -0400] "GET /toronto-theatre-district-takes-the-stage-and-you-can-join-the-fun/ HTTP/1.1" 404 1251 "-" "Mozilla/5.0 (compatible; ImagesiftBot; +imagesift.com)"
13.67.167.41 - - [03/Apr/2025:18:39:33 -0400] "GET /wp-login.php HTTP/1.1" 200 1711 "-" "-"
64.124.8.134 - - [03/Apr/2025:18:39:36 -0400] "GET /wp-json/wp/v2/posts/283 HTTP/1.1" 404 1251 "-" "Mozilla/5.0 (compatible; ImagesiftBot; +imagesift.com)"
13.67.167.41 - - [03/Apr/2025:18:39:37 -0400] "GET /wp-login.php?action=register HTTP/1.1" 302 0 "-" "-"
13.67.167.41 - - [03/Apr/2025:18:39:37 -0400] "GET /wp-login.php?registration=disabled HTTP/1.1" 200 1781 "-" "-"
13.67.167.41 - - [03/Apr/2025:18:39:42 -0400] "GET /wp-login.php?action=register HTTP/1.1" 302 0 "-" "-"
13.67.167.41 - - [03/Apr/2025:18:39:43 -0400] "GET /wp-login.php?registration=disabled HTTP/1.1" 200 1781 "-" "-"
64.124.8.134 - - [03/Apr/2025:18:39:50 -0400] "GET /wp-json/wp/v2/posts/2274 HTTP/1.1" 404 1251 "-" "Mozilla/5.0 (compatible; ImagesiftBot; +imagesift.com)"
64.124.8.134 - - [03/Apr/2025:18:40:07 -0400] "GET /home-care-in-toronto/ HTTP/1.1" 404 1251 "-" "Mozilla/5.0 (compatible; ImagesiftBot; +imagesift.com)"
64.124.8.134 - - [03/Apr/2025:18:40:21 -0400] "GET /wp-json/wp/v2/posts/230 HTTP/1.1" 404 1251 "-" "Mozilla/5.0 (compatible; ImagesiftBot; +imagesift.com)"
64.124.8.134 - - [03/Apr/2025:18:40:36 -0400] "GET /wp-json/wp/v2/posts/1956 HTTP/1.1" 404 1251 "-" "Mozilla/5.0 (compatible; ImagesiftBot; +imagesift.com)"
64.124.8.134 - - [03/Apr/2025:18:41:04 -0400] "GET /wood-heaters/ HTTP/1.1" 404 1251 "-" "Mozilla/5.0 (compatible; ImagesiftBot; +imagesift.com)"
64.124.8.134 - - [03/Apr/2025:18:41:18 -0400] "GET /arbitrage-betting/ HTTP/1.1" 404 1251 "-" "Mozilla/5.0 (compatible; ImagesiftBot; +imagesift.com)"
64.124.8.134 - - [03/Apr/2025:18:41:31 -0400] "GET /page/7/ HTTP/1.1" 404 1251 "-" "Mozilla/5.0 (compatible; ImagesiftBot; +imagesift.com)"
64.124.8.134 - - [03/Apr/2025:18:41:45 -0400] "GET /dolores-cannon-hypnosis/ HTTP/1.1" 404 1251 "-" "Mozilla/5.0 (compatible; ImagesiftBot; +imagesift.com)"
64.124.8.134 - - [03/Apr/2025:18:41:59 -0400] "GET /sac-randonnee/ HTTP/1.1" 404 1251 "-" "Mozilla/5.0 (compatible; ImagesiftBot; +imagesift.com)"
64.124.8.134 - - [03/Apr/2025:18:42:10 -0400] "GET /wp-json/wp/v2/posts/1830 HTTP/1.1" 404 1251 "-" "Mozilla/5.0 (compatible; ImagesiftBot; +imagesift.com)"
64.124.8.134 - - [03/Apr/2025:18:42:23 -0400] "GET /page/8/ HTTP/1.1" 404 1251 "-" "Mozilla/5.0 (compatible; ImagesiftBot; +imagesift.com)"
64.124.8.134 - - [03/Apr/2025:18:42:36 -0400] "GET /lost-car-key/ HTTP/1.1" 404 1251 "-" "Mozilla/5.0 (compatible; ImagesiftBot; +imagesift.com)"
64.124.8.134 - - [03/Apr/2025:18:42:49 -0400] "GET /wp-json/wp/v2/posts/2727 HTTP/1.1" 404 1251 "-" "Mozilla/5.0 (compatible; ImagesiftBot; +imagesift.com)"
64.124.8.134 - - [03/Apr/2025:18:43:03 -0400] "GET /wp-json/wp/v2/posts/1300 HTTP/1.1" 404 0 "-" "Mozilla/5.0 (compatible; ImagesiftBot; +imagesift.com)"
64.124.8.134 - - [03/Apr/2025:18:43:16 -0400] "GET /wp-json/wp/v2/posts/575 HTTP/1.1" 404 1251 "-" "Mozilla/5.0 (compatible; ImagesiftBot; +imagesift.com)"
64.124.8.134 - - [03/Apr/2025:18:43:30 -0400] "GET /sunday-times/ HTTP/1.1" 404 1251 "-" "Mozilla/5.0 (compatible; ImagesiftBot; +imagesift.com)"
64.124.8.134 - - [03/Apr/2025:18:43:59 -0400] "GET /wp-json/wp/v2/posts/1102 HTTP/1.1" 404 1251 "-" "Mozilla/5.0 (compatible; ImagesiftBot; +imagesift.com)"
64.124.8.134 - - [03/Apr/2025:18:44:13 -0400] "GET /einzigartige-beleuchtung-fur-ihr-zuhause-hangelampen/ HTTP/1.1" 404 1251 "-" "Mozilla/5.0 (compatible; ImagesiftBot; +imagesift.com)"
64.124.8.134 - - [03/Apr/2025:18:44:28 -0400] "GET /page/103/ HTTP/1.1" 404 0 "-" "Mozilla/5.0 (compatible; ImagesiftBot; +imagesift.com)"
64.124.8.134 - - [03/Apr/2025:18:44:39 -0400] "GET /navigating-workplace-legalities-unraveling-the-role-of-an-employment-lawyer/ HTTP/1.1" 404 1251 "-" "Mozilla/5.0 (compatible; ImagesiftBot; +imagesift.com)"
64.124.8.134 - - [03/Apr/2025:18:44:54 -0400] "GET /hp-omni-200-5250-review-a-must-have-clutterless-pc/ HTTP/1.1" 404 1251 "-" "Mozilla/5.0 (compatible; ImagesiftBot; +imagesift.com)"
64.124.8.134 - - [03/Apr/2025:18:45:08 -0400] "GET /wp-json/wp/v2/posts/1236 HTTP/1.1" 404 1251 "-" "Mozilla/5.0 (compatible; ImagesiftBot; +imagesift.com)"
64.124.8.134 - - [03/Apr/2025:18:45:24 -0400] "GET /take-a-break-and-enjoy-painting/ HTTP/1.1" 404 1251 "-" "Mozilla/5.0 (compatible; ImagesiftBot; +imagesift.com)"
64.124.8.134 - - [03/Apr/2025:18:45:35 -0400] "GET /wp-json/wp/v2/posts/2735 HTTP/1.1" 404 1251 "-" "Mozilla/5.0 (compatible; ImagesiftBot; +imagesift.com)"
64.124.8.134 - - [03/Apr/2025:18:45:49 -0400] "GET /wp-json/wp/v2/posts/1568 HTTP/1.1" 404 1251 "-" "Mozilla/5.0 (compatible; ImagesiftBot; +imagesift.com)"
64.124.8.134 - - [03/Apr/2025:18:46:04 -0400] "GET /wp-json/wp/v2/posts/1640 HTTP/1.1" 404 1251 "-" "Mozilla/5.0 (compatible; ImagesiftBot; +imagesift.com)"
64.124.8.134 - - [03/Apr/2025:18:46:19 -0400] "GET /corporate-event-entertainment/ HTTP/1.1" 404 1251 "-" "Mozilla/5.0 (compatible; ImagesiftBot; +imagesift.com)"
64.124.8.134 - - [03/Apr/2025:18:46:31 -0400] "GET /wp-json/wp/v2/posts/503 HTTP/1.1" 404 1251 "-" "Mozilla/5.0 (compatible; ImagesiftBot; +imagesift.com)"
64.124.8.134 - - [03/Apr/2025:18:46:43 -0400] "GET /when-to-hire-an-electrician/ HTTP/1.1" 404 1251 "-" "Mozilla/5.0 (compatible; ImagesiftBot; +imagesift.com)"
64.124.8.134 - - [03/Apr/2025:18:46:57 -0400] "GET /online-dating-photographers/ HTTP/1.1" 404 1251 "-" "Mozilla/5.0 (compatible; ImagesiftBot; +imagesift.com)"
64.124.8.134 - - [03/Apr/2025:18:47:09 -0400] "GET /whats-a-skinny-bbl/ HTTP/1.1" 404 1251 "-" "Mozilla/5.0 (compatible; ImagesiftBot; +imagesift.com)"
64.124.8.134 - - [03/Apr/2025:18:47:25 -0400] "GET /mk-shoulder-bag/ HTTP/1.1" 404 0 "-" "Mozilla/5.0 (compatible; ImagesiftBot; +imagesift.com)"
64.124.8.134 - - [03/Apr/2025:18:47:39 -0400] "GET /how-to-apply-for-a-personal-loan-in-singapore/ HTTP/1.1" 404 1251 "-" "Mozilla/5.0 (compatible; ImagesiftBot; +imagesift.com)"
64.124.8.134 - - [03/Apr/2025:18:47:54 -0400] "GET /wp-json/wp/v2/posts/53 HTTP/1.1" 404 1251 "-" "Mozilla/5.0 (compatible; ImagesiftBot; +imagesift.com)"
64.124.8.134 - - [03/Apr/2025:18:48:07 -0400] "GET /wp-json/wp/v2/posts/180 HTTP/1.1" 404 1251 "-" "Mozilla/5.0 (compatible; ImagesiftBot; +imagesift.com)"
64.124.8.134 - - [03/Apr/2025:18:48:21 -0400] "GET /wed-design-company-abu-dhabi/ HTTP/1.1" 404 1251 "-" "Mozilla/5.0 (compatible; ImagesiftBot; +imagesift.com)"
64.124.8.134 - - [03/Apr/2025:18:48:34 -0400] "GET /le-guide-complet-du-courtier-en-assurance/ HTTP/1.1" 404 1251 "-" "Mozilla/5.0 (compatible; ImagesiftBot; +imagesift.com)"
64.124.8.134 - - [03/Apr/2025:18:48:47 -0400] "GET /wp-json/wp/v2/posts/245 HTTP/1.1" 404 1251 "-" "Mozilla/5.0 (compatible; ImagesiftBot; +imagesift.com)"
64.124.8.134 - - [03/Apr/2025:18:49:01 -0400] "GET /unveiling-the-allure-of-sotogrande-plots-a-total-experience/ HTTP/1.1" 404 1251 "-" "Mozilla/5.0 (compatible; ImagesiftBot; +imagesift.com)"
64.124.8.134 - - [03/Apr/2025:18:49:15 -0400] "GET /wp-json/wp/v2/posts/783 HTTP/1.1" 404 1251 "-" "Mozilla/5.0 (compatible; ImagesiftBot; +imagesift.com)"
64.124.8.134 - - [03/Apr/2025:18:49:29 -0400] "GET /wp-json/wp/v2/posts/2213 HTTP/1.1" 404 1251 "-" "Mozilla/5.0 (compatible; ImagesiftBot; +imagesift.com)"
64.124.8.134 - - [03/Apr/2025:18:49:43 -0400] "GET /wp-json/wp/v2/posts/730 HTTP/1.1" 404 1251 "-" "Mozilla/5.0 (compatible; ImagesiftBot; +imagesift.com)"
64.124.8.134 - - [03/Apr/2025:18:49:58 -0400] "GET /wp-json/wp/v2/posts/1046 HTTP/1.1" 404 1251 "-" "Mozilla/5.0 (compatible; ImagesiftBot; +imagesift.com)"
156.228.97.217 - - [03/Apr/2025:18:50:01 -0400] "GET /wp-login.php HTTP/1.1" 200 1710 "-" "Mozilla/5.0 (Windows NT 10.0; Win64; x64) AppleWebKit/537.36 (KHTML, like Gecko) Chrome/133.0.0.0 Safari/537.36"
198.54.114.83 - - [03/Apr/2025:18:50:09 -0400] "POST /wp-cron.php?doing_wp_cron=1743720608.9352169036865234375000 HTTP/1.1" 200 0 "-" "WordPress/6.7.2; https://alualufoil.com"
156.228.97.217 - - [03/Apr/2025:18:50:01 -0400] "POST /wp-login.php HTTP/1.1" 200 1849 "https://alualufoil.com/wp-login.php" "Mozilla/5.0 (Windows NT 10.0; Win64; x64) AppleWebKit/537.36 (KHTML, like Gecko) Chrome/133.0.0.0 Safari/537.36"
198.54.114.83 - - [03/Apr/2025:18:50:11 -0400] "POST /wp-admin/admin-ajax.php?action=async_litespeed&nonce=3idrvqYwPVdDkrRTT8w9tC7KMwZCqYGh&litespeed_type=imgoptm HTTP/1.1" 200 0 "-" "WordPress/6.7.2; https://alualufoil.com"
156.228.179.133 - - [03/Apr/2025:18:50:11 -0400] "GET /wp-login.php HTTP/1.1" 200 1710 "-" "Mozilla/5.0 (Windows NT 10.0; Win64; x64) AppleWebKit/537.36 (KHTML, like Gecko) Chrome/133.0.0.0 Safari/537.36"
64.124.8.134 - - [03/Apr/2025:18:50:11 -0400] "GET /get-thyself-a-mentor/ HTTP/1.1" 404 1251 "-" "Mozilla/5.0 (compatible; ImagesiftBot; +imagesift.com)"
156.228.179.133 - - [03/Apr/2025:18:50:12 -0400] "POST /wp-login.php HTTP/1.1" 200 1849 "https://alualufoil.com/wp-login.php" "Mozilla/5.0 (Windows NT 10.0; Win64; x64) AppleWebKit/537.36 (KHTML, like Gecko) Chrome/133.0.0.0 Safari/537.36"
156.228.88.138 - - [03/Apr/2025:18:50:14 -0400] "GET /wp-login.php HTTP/1.1" 200 1710 "-" "Mozilla/5.0 (Windows NT 10.0; Win64; x64) AppleWebKit/537.36 (KHTML, like Gecko) Chrome/133.0.0.0 Safari/537.36"
156.228.88.138 - - [03/Apr/2025:18:50:15 -0400] "POST /wp-login.php HTTP/1.1" 200 1849 "https://alualufoil.com/wp-login.php" "Mozilla/5.0 (Windows NT 10.0; Win64; x64) AppleWebKit/537.36 (KHTML, like Gecko) Chrome/133.0.0.0 Safari/537.36"
156.228.84.242 - - [03/Apr/2025:18:50:17 -0400] "GET /wp-login.php HTTP/1.1" 200 1710 "-" "Mozilla/5.0 (Windows NT 10.0; Win64; x64) AppleWebKit/537.36 (KHTML, like Gecko) Chrome/133.0.0.0 Safari/537.36"
156.228.84.242 - - [03/Apr/2025:18:50:17 -0400] "POST /wp-login.php HTTP/1.1" 200 1849 "https://alualufoil.com/wp-login.php" "Mozilla/5.0 (Windows NT 10.0; Win64; x64) AppleWebKit/537.36 (KHTML, like Gecko) Chrome/133.0.0.0 Safari/537.36"
104.207.38.77 - - [03/Apr/2025:18:50:20 -0400] "GET /wp-login.php HTTP/1.1" 200 1710 "-" "Mozilla/5.0 (Windows NT 10.0; Win64; x64) AppleWebKit/537.36 (KHTML, like Gecko) Chrome/133.0.0.0 Safari/537.36"
104.207.38.77 - - [03/Apr/2025:18:50:20 -0400] "POST /wp-login.php HTTP/1.1" 200 1849 "https://alualufoil.com/wp-login.php" "Mozilla/5.0 (Windows NT 10.0; Win64; x64) AppleWebKit/537.36 (KHTML, like Gecko) Chrome/133.0.0.0 Safari/537.36"
64.124.8.134 - - [03/Apr/2025:18:50:25 -0400] "GET /unveiling-the-toto-major-a-pinnacle-of-technological-excellence/ HTTP/1.1" 404 1251 "-" "Mozilla/5.0 (compatible; ImagesiftBot; +imagesift.com)"
64.124.8.134 - - [03/Apr/2025:18:50:40 -0400] "GET /wp-json/wp/v2/posts/1450 HTTP/1.1" 404 1251 "-" "Mozilla/5.0 (compatible; ImagesiftBot; +imagesift.com)"
64.124.8.134 - - [03/Apr/2025:18:50:53 -0400] "GET /wp-json/wp/v2/posts/537 HTTP/1.1" 404 1251 "-" "Mozilla/5.0 (compatible; ImagesiftBot; +imagesift.com)"
64.124.8.134 - - [03/Apr/2025:18:51:06 -0400] "GET /wp-json/wp/v2/posts/1782 HTTP/1.1" 404 1251 "-" "Mozilla/5.0 (compatible; ImagesiftBot; +imagesift.com)"
157.55.39.52 - - [03/Apr/2025:18:51:19 -0400] "GET /conseils-et-tendances/ HTTP/1.1" 404 1251 "-" "Mozilla/5.0 AppleWebKit/537.36 (KHTML, like Gecko; compatible; bingbot/2.0; +http://www.bing.com/bingbot.htm) Chrome/116.0.1938.76 Safari/537.36"
64.124.8.134 - - [03/Apr/2025:18:51:21 -0400] "GET /wp-json/wp/v2/posts/1252 HTTP/1.1" 404 1251 "-" "Mozilla/5.0 (compatible; ImagesiftBot; +imagesift.com)"
64.124.8.134 - - [03/Apr/2025:18:51:35 -0400] "GET /buy-shares-of-tiktok/ HTTP/1.1" 404 1251 "-" "Mozilla/5.0 (compatible; ImagesiftBot; +imagesift.com)"
64.124.8.134 - - [03/Apr/2025:18:51:48 -0400] "GET /page/111/ HTTP/1.1" 404 1251 "-" "Mozilla/5.0 (compatible; ImagesiftBot; +imagesift.com)"
64.124.8.134 - - [03/Apr/2025:18:52:01 -0400] "GET /tenderbride-webcam-dating-with-the-affordable-price/ HTTP/1.1" 404 1251 "-" "Mozilla/5.0 (compatible; ImagesiftBot; +imagesift.com)"
64.124.8.134 - - [03/Apr/2025:18:52:16 -0400] "GET /outlook-social-network-connector-does-it-have-a-place-in-a-corporate-environment/ HTTP/1.1" 404 1251 "-" "Mozilla/5.0 (compatible; ImagesiftBot; +imagesift.com)"
64.124.8.134 - - [03/Apr/2025:18:52:30 -0400] "GET /wp-json/wp/v2/posts/279 HTTP/1.1" 404 1251 "-" "Mozilla/5.0 (compatible; ImagesiftBot; +imagesift.com)"
64.124.8.134 - - [03/Apr/2025:18:52:44 -0400] "GET /la-solution-de-transport-ideale-dans-votre-voisinage/ HTTP/1.1" 404 1251 "-" "Mozilla/5.0 (compatible; ImagesiftBot; +imagesift.com)"
64.124.8.134 - - [03/Apr/2025:18:52:59 -0400] "GET /wp-json/wp/v2/posts/161 HTTP/1.1" 404 1251 "-" "Mozilla/5.0 (compatible; ImagesiftBot; +imagesift.com)"
64.124.8.134 - - [03/Apr/2025:18:53:11 -0400] "GET /wp-json/wp/v2/posts/1903 HTTP/1.1" 404 1251 "-" "Mozilla/5.0 (compatible; ImagesiftBot; +imagesift.com)"
64.124.8.134 - - [03/Apr/2025:18:53:28 -0400] "GET /wp-json/wp/v2/posts/2553 HTTP/1.1" 404 1251 "-" "Mozilla/5.0 (compatible; ImagesiftBot; +imagesift.com)"
64.124.8.134 - - [03/Apr/2025:18:53:41 -0400] "GET /wp-json/wp/v2/posts/1386 HTTP/1.1" 404 1251 "-" "Mozilla/5.0 (compatible; ImagesiftBot; +imagesift.com)"
64.124.8.134 - - [03/Apr/2025:18:53:57 -0400] "GET /wp-json/wp/v2/posts/711 HTTP/1.1" 404 1251 "-" "Mozilla/5.0 (compatible; ImagesiftBot; +imagesift.com)"
64.124.8.134 - - [03/Apr/2025:18:54:12 -0400] "GET /exploration-intime-lart-et-la-science-des-dessous-feminins/ HTTP/1.1" 404 1251 "-" "Mozilla/5.0 (compatible; ImagesiftBot; +imagesift.com)"
64.124.8.134 - - [03/Apr/2025:18:54:30 -0400] "GET /wp-json/wp/v2/posts/2885 HTTP/1.1" 404 1251 "-" "Mozilla/5.0 (compatible; ImagesiftBot; +imagesift.com)"
64.124.8.134 - - [03/Apr/2025:18:54:49 -0400] "GET /stitch-style-must-have-clothings-for-lilo-and-stitch-fans/ HTTP/1.1" 404 1251 "-" "Mozilla/5.0 (compatible; ImagesiftBot; +imagesift.com)"
64.124.8.134 - - [03/Apr/2025:18:55:05 -0400] "GET /wp-json/wp/v2/posts/1188 HTTP/1.1" 404 1251 "-" "Mozilla/5.0 (compatible; ImagesiftBot; +imagesift.com)"
64.124.8.134 - - [03/Apr/2025:18:55:21 -0400] "GET /wp-json/wp/v2/posts/518 HTTP/1.1" 404 1251 "-" "Mozilla/5.0 (compatible; ImagesiftBot; +imagesift.com)"
64.124.8.134 - - [03/Apr/2025:18:55:36 -0400] "GET /rock-solid-sports-betting-tips-you-ought-to-know-before-you-place-your-wagers/ HTTP/1.1" 404 1251 "-" "Mozilla/5.0 (compatible; ImagesiftBot; +imagesift.com)"
64.124.8.134 - - [03/Apr/2025:18:55:51 -0400] "GET /wp-json/wp/v2/posts/1839 HTTP/1.1" 404 1251 "-" "Mozilla/5.0 (compatible; ImagesiftBot; +imagesift.com)"
64.124.8.134 - - [03/Apr/2025:18:56:07 -0400] "GET /wp-json/wp/v2/posts/2489 HTTP/1.1" 404 1251 "-" "Mozilla/5.0 (compatible; ImagesiftBot; +imagesift.com)"
64.124.8.134 - - [03/Apr/2025:18:56:23 -0400] "GET /cadeaux-pour-les-militaires-a-letranger/ HTTP/1.1" 404 1251 "-" "Mozilla/5.0 (compatible; ImagesiftBot; +imagesift.com)"
64.124.8.134 - - [03/Apr/2025:18:56:37 -0400] "GET /wp-json/wp/v2/posts/2808 HTTP/1.1" 404 1251 "-" "Mozilla/5.0 (compatible; ImagesiftBot; +imagesift.com)"
64.124.8.134 - - [03/Apr/2025:18:56:52 -0400] "GET /sports-betting-systems-explained/ HTTP/1.1" 404 1251 "-" "Mozilla/5.0 (compatible; ImagesiftBot; +imagesift.com)"
64.124.8.134 - - [03/Apr/2025:18:57:08 -0400] "GET /wp-json/wp/v2/posts/195 HTTP/1.1" 404 1251 "-" "Mozilla/5.0 (compatible; ImagesiftBot; +imagesift.com)"
64.124.8.134 - - [03/Apr/2025:18:57:22 -0400] "GET /wp-json/wp/v2/posts/1394 HTTP/1.1" 404 1251 "-" "Mozilla/5.0 (compatible; ImagesiftBot; +imagesift.com)"
64.124.8.134 - - [03/Apr/2025:18:57:39 -0400] "GET /wp-json/wp/v2/posts/798 HTTP/1.1" 404 1251 "-" "Mozilla/5.0 (compatible; ImagesiftBot; +imagesift.com)"
64.124.8.134 - - [03/Apr/2025:18:57:53 -0400] "GET /dachdeckerbetrieb-hamburg/ HTTP/1.1" 404 1251 "-" "Mozilla/5.0 (compatible; ImagesiftBot; +imagesift.com)"
64.124.8.134 - - [03/Apr/2025:18:58:08 -0400] "GET /wp-json/wp/v2/posts/745 HTTP/1.1" 404 1251 "-" "Mozilla/5.0 (compatible; ImagesiftBot; +imagesift.com)"
64.124.8.134 - - [03/Apr/2025:18:58:24 -0400] "GET /wp-json/wp/v2/posts/2695 HTTP/1.1" 404 1251 "-" "Mozilla/5.0 (compatible; ImagesiftBot; +imagesift.com)"
64.124.8.134 - - [03/Apr/2025:18:58:38 -0400] "GET /best-place-to-buy-youtube-subscribers/ HTTP/1.1" 404 1251 "-" "Mozilla/5.0 (compatible; ImagesiftBot; +imagesift.com)"
64.124.8.134 - - [03/Apr/2025:18:58:56 -0400] "GET /wp-json/wp/v2/posts/1847 HTTP/1.1" 404 1251 "-" "Mozilla/5.0 (compatible; ImagesiftBot; +imagesift.com)"
64.124.8.134 - - [03/Apr/2025:18:59:12 -0400] "GET /wp-json/wp/v2/posts/1070 HTTP/1.1" 404 0 "-" "Mozilla/5.0 (compatible; ImagesiftBot; +imagesift.com)"
64.124.8.134 - - [03/Apr/2025:18:59:26 -0400] "GET /un-apercu-les-couvertures-electriques-sunbeam/ HTTP/1.1" 404 1251 "-" "Mozilla/5.0 (compatible; ImagesiftBot; +imagesift.com)"
64.124.8.134 - - [03/Apr/2025:18:59:43 -0400] "GET /breast-augmentation-choose-the-best-doctor-for-your-procedure/ HTTP/1.1" 404 1251 "-" "Mozilla/5.0 (compatible; ImagesiftBot; +imagesift.com)"
64.124.8.134 - - [03/Apr/2025:18:59:56 -0400] "GET /wp-json/wp/v2/posts/1649 HTTP/1.1" 404 1251 "-" "Mozilla/5.0 (compatible; ImagesiftBot; +imagesift.com)"
64.124.8.134 - - [03/Apr/2025:19:00:11 -0400] "GET /led-screens-for-events/ HTTP/1.1" 404 1251 "-" "Mozilla/5.0 (compatible; ImagesiftBot; +imagesift.com)"
64.124.8.134 - - [03/Apr/2025:19:00:25 -0400] "GET /wp-json/wp/v2/posts/2299 HTTP/1.1" 404 1251 "-" "Mozilla/5.0 (compatible; ImagesiftBot; +imagesift.com)"
64.124.8.134 - - [03/Apr/2025:19:00:40 -0400] "GET /page/70/ HTTP/1.1" 404 1251 "-" "Mozilla/5.0 (compatible; ImagesiftBot; +imagesift.com)"
64.124.8.134 - - [03/Apr/2025:19:00:56 -0400] "GET /wp-json/wp/v2/posts/1119 HTTP/1.1" 404 1251 "-" "Mozilla/5.0 (compatible; ImagesiftBot; +imagesift.com)"
64.124.8.134 - - [03/Apr/2025:19:01:13 -0400] "GET /hydraulic-oil-coolers/ HTTP/1.1" 404 1251 "-" "Mozilla/5.0 (compatible; ImagesiftBot; +imagesift.com)"
64.124.8.134 - - [03/Apr/2025:19:01:31 -0400] "GET /category/activity/page/110/ HTTP/1.1" 404 1251 "-" "Mozilla/5.0 (compatible; ImagesiftBot; +imagesift.com)"
64.124.8.134 - - [03/Apr/2025:19:01:48 -0400] "GET /how-to-find-childminders-near-me/ HTTP/1.1" 404 1251 "-" "Mozilla/5.0 (compatible; ImagesiftBot; +imagesift.com)"
64.124.8.134 - - [03/Apr/2025:19:02:05 -0400] "GET /wp-json/wp/v2/posts/2618 HTTP/1.1" 404 1251 "-" "Mozilla/5.0 (compatible; ImagesiftBot; +imagesift.com)"
64.124.8.134 - - [03/Apr/2025:19:02:21 -0400] "GET /conneaut-lake-restaurants/ HTTP/1.1" 404 0 "-" "Mozilla/5.0 (compatible; ImagesiftBot; +imagesift.com)"
64.124.8.134 - - [03/Apr/2025:19:02:35 -0400] "GET /understanding-the-market-landscape/ HTTP/1.1" 404 1251 "-" "Mozilla/5.0 (compatible; ImagesiftBot; +imagesift.com)"
64.124.8.134 - - [03/Apr/2025:19:02:51 -0400] "GET /category/activity/page/100/ HTTP/1.1" 404 1251 "-" "Mozilla/5.0 (compatible; ImagesiftBot; +imagesift.com)"
64.124.8.134 - - [03/Apr/2025:19:03:07 -0400] "GET /wp-json/wp/v2/posts/123 HTTP/1.1" 404 1251 "-" "Mozilla/5.0 (compatible; ImagesiftBot; +imagesift.com)"
64.124.8.134 - - [03/Apr/2025:19:03:21 -0400] "GET /wp-json/wp/v2/posts/661 HTTP/1.1" 404 1251 "-" "Mozilla/5.0 (compatible; ImagesiftBot; +imagesift.com)"
64.124.8.134 - - [03/Apr/2025:19:03:38 -0400] "GET /page/80/ HTTP/1.1" 404 1251 "-" "Mozilla/5.0 (compatible; ImagesiftBot; +imagesift.com)"
64.124.8.134 - - [03/Apr/2025:19:03:56 -0400] "GET /steuerberater-hattingen/ HTTP/1.1" 404 1251 "-" "Mozilla/5.0 (compatible; ImagesiftBot; +imagesift.com)"
64.124.8.134 - - [03/Apr/2025:19:04:12 -0400] "GET /wp-json/wp/v2/posts/2173 HTTP/1.1" 404 1251 "-" "Mozilla/5.0 (compatible; ImagesiftBot; +imagesift.com)"
64.124.8.134 - - [03/Apr/2025:19:04:28 -0400] "GET /wp-json/wp/v2/posts/726 HTTP/1.1" 404 1251 "-" "Mozilla/5.0 (compatible; ImagesiftBot; +imagesift.com)"
64.124.8.134 - - [03/Apr/2025:19:04:44 -0400] "GET /empowering-independence-the-significance-of-hourly-care-in-personalized-support/ HTTP/1.1" 404 1251 "-" "Mozilla/5.0 (compatible; ImagesiftBot; +imagesift.com)"
64.124.8.134 - - [03/Apr/2025:19:05:00 -0400] "GET /wp-json/wp/v2/posts/1855 HTTP/1.1" 404 1251 "-" "Mozilla/5.0 (compatible; ImagesiftBot; +imagesift.com)"
64.124.8.134 - - [03/Apr/2025:19:05:16 -0400] "GET /la-securite-renforcee-avec-lassurance-rc/ HTTP/1.1" 404 0 "-" "Mozilla/5.0 (compatible; ImagesiftBot; +imagesift.com)"
64.124.8.134 - - [03/Apr/2025:19:05:30 -0400] "GET /wp-json/wp/v2/posts/1325 HTTP/1.1" 404 1251 "-" "Mozilla/5.0 (compatible; ImagesiftBot; +imagesift.com)"
64.124.8.134 - - [03/Apr/2025:19:05:47 -0400] "GET /page/90/ HTTP/1.1" 404 1251 "-" "Mozilla/5.0 (compatible; ImagesiftBot; +imagesift.com)"
64.124.8.134 - - [03/Apr/2025:19:06:05 -0400] "GET /wp-json/wp/v2/posts/15 HTTP/1.1" 404 1251 "-" "Mozilla/5.0 (compatible; ImagesiftBot; +imagesift.com)"
64.124.8.134 - - [03/Apr/2025:19:06:22 -0400] "GET /tips-on-hiring-the-right-dwi-lawyer-for-your-case/ HTTP/1.1" 404 0 "-" "Mozilla/5.0 (compatible; ImagesiftBot; +imagesift.com)"
64.124.8.134 - - [03/Apr/2025:19:06:38 -0400] "GET /wp-json/wp/v2/posts/1657 HTTP/1.1" 404 1251 "-" "Mozilla/5.0 (compatible; ImagesiftBot; +imagesift.com)"
64.124.8.134 - - [03/Apr/2025:19:06:55 -0400] "GET /search-engine-optimization-los-angeles/ HTTP/1.1" 404 1251 "-" "Mozilla/5.0 (compatible; ImagesiftBot; +imagesift.com)"
64.124.8.134 - - [03/Apr/2025:19:07:10 -0400] "GET /choosing-a-womens-cosmetic-bag/ HTTP/1.1" 404 1251 "-" "Mozilla/5.0 (compatible; ImagesiftBot; +imagesift.com)"
64.124.8.134 - - [03/Apr/2025:19:07:28 -0400] "GET /wp-json/wp/v2/posts/953 HTTP/1.1" 404 1251 "-" "Mozilla/5.0 (compatible; ImagesiftBot; +imagesift.com)"
64.124.8.134 - - [03/Apr/2025:19:07:43 -0400] "GET /wp-json/wp/v2/posts/900 HTTP/1.1" 404 1251 "-" "Mozilla/5.0 (compatible; ImagesiftBot; +imagesift.com)"
114.119.143.39 - - [03/Apr/2025:19:07:53 -0400] "GET /page/76/?ND HTTP/1.1" 404 1251 "https://alualufoil.com/page/76/?ND" "Mozilla/5.0 (Linux; Android 7.0;) AppleWebKit/537.36 (KHTML, like Gecko) Mobile Safari/537.36 (compatible; PetalBot;+https://webmaster.petalsearch.com/site/petalbot)"
64.124.8.134 - - [03/Apr/2025:19:08:00 -0400] "GET /seamless-file-transfer-ensuring-efficient-data-mobility/ HTTP/1.1" 404 1251 "-" "Mozilla/5.0 (compatible; ImagesiftBot; +imagesift.com)"
64.124.8.134 - - [03/Apr/2025:19:08:15 -0400] "GET /add-romance-to-your-marriage-anniversary-with-a-heart-shaped-cake/ HTTP/1.1" 404 1251 "-" "Mozilla/5.0 (compatible; ImagesiftBot; +imagesift.com)"
64.124.8.134 - - [03/Apr/2025:19:08:32 -0400] "GET /how-to-get-started-with-custom-apparel-embroidery/ HTTP/1.1" 404 1251 "-" "Mozilla/5.0 (compatible; ImagesiftBot; +imagesift.com)"
64.124.8.134 - - [03/Apr/2025:19:08:48 -0400] "GET /wp-json/wp/v2/posts/1459 HTTP/1.1" 404 1251 "-" "Mozilla/5.0 (compatible; ImagesiftBot; +imagesift.com)"
64.124.8.134 - - [03/Apr/2025:19:09:05 -0400] "GET /wp-json/wp/v2/posts/1531 HTTP/1.1" 404 1251 "-" "Mozilla/5.0 (compatible; ImagesiftBot; +imagesift.com)"
64.124.8.134 - - [03/Apr/2025:19:09:37 -0400] "GET /wp-json/wp/v2/posts/2181 HTTP/1.1" 404 1251 "-" "Mozilla/5.0 (compatible; ImagesiftBot; +imagesift.com)"
64.124.8.134 - - [03/Apr/2025:19:09:55 -0400] "GET /wp-json/wp/v2/posts/1001 HTTP/1.1" 404 1251 "-" "Mozilla/5.0 (compatible; ImagesiftBot; +imagesift.com)"
64.124.8.134 - - [03/Apr/2025:19:10:11 -0400] "GET /wp-json/wp/v2/posts/157 HTTP/1.1" 404 1251 "-" "Mozilla/5.0 (compatible; ImagesiftBot; +imagesift.com)"
64.124.8.134 - - [03/Apr/2025:19:10:27 -0400] "GET /wp-json/wp/v2/posts/707 HTTP/1.1" 404 1251 "-" "Mozilla/5.0 (compatible; ImagesiftBot; +imagesift.com)"
64.124.8.134 - - [03/Apr/2025:19:10:44 -0400] "GET /wp-json/wp/v2/posts/1135 HTTP/1.1" 404 1251 "-" "Mozilla/5.0 (compatible; ImagesiftBot; +imagesift.com)"
64.124.8.134 - - [03/Apr/2025:19:10:59 -0400] "GET /sport-betting-sites/ HTTP/1.1" 404 1251 "-" "Mozilla/5.0 (compatible; ImagesiftBot; +imagesift.com)"
64.124.8.134 - - [03/Apr/2025:19:11:15 -0400] "GET /custom-athletic-socks/ HTTP/1.1" 404 1251 "-" "Mozilla/5.0 (compatible; ImagesiftBot; +imagesift.com)"
64.124.8.134 - - [03/Apr/2025:19:11:32 -0400] "GET /rechtsanwalt/ HTTP/1.1" 404 1251 "-" "Mozilla/5.0 (compatible; ImagesiftBot; +imagesift.com)"
64.124.8.134 - - [03/Apr/2025:19:11:49 -0400] "GET /the-best-thermal-paste-for-the-playstation-5/ HTTP/1.1" 404 1251 "-" "Mozilla/5.0 (compatible; ImagesiftBot; +imagesift.com)"
64.124.8.134 - - [03/Apr/2025:19:12:07 -0400] "GET /3-facons-faciles-dobtenir-une-lecture-psychique-precise-pour-20-dollars-ou-moins-presque-a-chaque-fois/ HTTP/1.1" 404 1251 "-" "Mozilla/5.0 (compatible; ImagesiftBot; +imagesift.com)"
64.124.8.134 - - [03/Apr/2025:19:12:25 -0400] "GET /lake-garda-weddings/ HTTP/1.1" 404 1251 "-" "Mozilla/5.0 (compatible; ImagesiftBot; +imagesift.com)"
64.124.8.134 - - [03/Apr/2025:19:12:46 -0400] "GET /wp-json/wp/v2/posts/1799 HTTP/1.1" 404 1251 "-" "Mozilla/5.0 (compatible; ImagesiftBot; +imagesift.com)"
40.77.167.247 - - [03/Apr/2025:19:12:57 -0400] "GET /le-monde-des-paris-en-ligne/ HTTP/1.1" 404 1251 "-" "Mozilla/5.0 AppleWebKit/537.36 (KHTML, like Gecko; compatible; bingbot/2.0; +http://www.bing.com/bingbot.htm) Chrome/116.0.1938.76 Safari/537.36"
40.77.167.247 - - [03/Apr/2025:19:12:57 -0400] "GET /shuttle-mediation/ HTTP/1.1" 404 1251 "-" "Mozilla/5.0 AppleWebKit/537.36 (KHTML, like Gecko; compatible; bingbot/2.0; +http://www.bing.com/bingbot.htm) Chrome/116.0.1938.76 Safari/537.36"
64.124.8.134 - - [03/Apr/2025:19:13:04 -0400] "GET /real-estate-investing-for-beginners/ HTTP/1.1" 404 1251 "-" "Mozilla/5.0 (compatible; ImagesiftBot; +imagesift.com)"
64.124.8.134 - - [03/Apr/2025:19:13:21 -0400] "GET /sport-socks-football/ HTTP/1.1" 404 1251 "-" "Mozilla/5.0 (compatible; ImagesiftBot; +imagesift.com)"
64.124.8.134 - - [03/Apr/2025:19:13:38 -0400] "GET /wp-json/wp/v2/posts/1673 HTTP/1.1" 404 1251 "-" "Mozilla/5.0 (compatible; ImagesiftBot; +imagesift.com)"
64.124.8.134 - - [03/Apr/2025:19:13:55 -0400] "GET /wp-json/wp/v2/posts/676 HTTP/1.1" 404 1251 "-" "Mozilla/5.0 (compatible; ImagesiftBot; +imagesift.com)"
40.77.167.247 - - [03/Apr/2025:19:14:07 -0400] "GET /crafting-digital-identities-the-role-of-web-design-agencies/ HTTP/1.1" 404 1251 "-" "Mozilla/5.0 AppleWebKit/537.36 (KHTML, like Gecko; compatible; bingbot/2.0; +http://www.bing.com/bingbot.htm) Chrome/116.0.1938.76 Safari/537.36"
40.77.167.247 - - [03/Apr/2025:19:14:08 -0400] "GET /what-are-flat-head-screws/ HTTP/1.1" 404 1251 "-" "Mozilla/5.0 AppleWebKit/537.36 (KHTML, like Gecko; compatible; bingbot/2.0; +http://www.bing.com/bingbot.htm) Chrome/116.0.1938.76 Safari/537.36"
64.124.8.134 - - [03/Apr/2025:19:14:11 -0400] "GET /solvoreringe-er-en-stilfuld-og-overkommelig-tilfojelse-til-din-garderobe/ HTTP/1.1" 404 1251 "-" "Mozilla/5.0 (compatible; ImagesiftBot; +imagesift.com)"
64.124.8.134 - - [03/Apr/2025:19:14:28 -0400] "GET /what-is-the-best-cbd-vape-uk/ HTTP/1.1" 404 1251 "-" "Mozilla/5.0 (compatible; ImagesiftBot; +imagesift.com)"
64.124.8.134 - - [03/Apr/2025:19:14:45 -0400] "GET /creating-your-own-personality-with-a-customised-tumbler/ HTTP/1.1" 404 1251 "-" "Mozilla/5.0 (compatible; ImagesiftBot; +imagesift.com)"
64.124.8.134 - - [03/Apr/2025:19:15:02 -0400] "GET /wp-json/wp/v2/posts/623 HTTP/1.1" 404 1251 "-" "Mozilla/5.0 (compatible; ImagesiftBot; +imagesift.com)"
64.124.8.134 - - [03/Apr/2025:19:15:21 -0400] "GET /le-monde-des-paris-en-ligne/ HTTP/1.1" 404 1251 "-" "Mozilla/5.0 (compatible; ImagesiftBot; +imagesift.com)"
64.124.8.134 - - [03/Apr/2025:19:15:38 -0400] "GET /transforming-perspectives-one-day-at-a-time/ HTTP/1.1" 404 1251 "-" "Mozilla/5.0 (compatible; ImagesiftBot; +imagesift.com)"
64.124.8.134 - - [03/Apr/2025:19:15:56 -0400] "GET /custom-sports-socks/ HTTP/1.1" 404 1251 "-" "Mozilla/5.0 (compatible; ImagesiftBot; +imagesift.com)"
64.124.8.134 - - [03/Apr/2025:19:16:13 -0400] "GET /wp-json/wp/v2/posts/1277 HTTP/1.1" 404 1251 "-" "Mozilla/5.0 (compatible; ImagesiftBot; +imagesift.com)"
64.124.8.134 - - [03/Apr/2025:19:16:30 -0400] "GET /wp-json/wp/v2/posts/312 HTTP/1.1" 404 1251 "-" "Mozilla/5.0 (compatible; ImagesiftBot; +imagesift.com)"
64.124.8.134 - - [03/Apr/2025:19:16:49 -0400] "GET /page/105/ HTTP/1.1" 404 1251 "-" "Mozilla/5.0 (compatible; ImagesiftBot; +imagesift.com)"
64.124.8.134 - - [03/Apr/2025:19:17:06 -0400] "GET /wp-json/wp/v2/posts/2776 HTTP/1.1" 404 1251 "-" "Mozilla/5.0 (compatible; ImagesiftBot; +imagesift.com)"
64.124.8.134 - - [03/Apr/2025:19:17:26 -0400] "GET /wp-json/wp/v2/posts/850 HTTP/1.1" 404 1251 "-" "Mozilla/5.0 (compatible; ImagesiftBot; +imagesift.com)"
64.124.8.134 - - [03/Apr/2025:19:17:43 -0400] "GET /wp-json/wp/v2/posts/915 HTTP/1.1" 404 1251 "-" "Mozilla/5.0 (compatible; ImagesiftBot; +imagesift.com)"
64.124.8.134 - - [03/Apr/2025:19:18:00 -0400] "GET /buy-watch-time-hours-on-youtube/ HTTP/1.1" 404 1251 "-" "Mozilla/5.0 (compatible; ImagesiftBot; +imagesift.com)"
64.124.8.134 - - [03/Apr/2025:19:18:18 -0400] "GET /wp-json/wp/v2/posts/2578 HTTP/1.1" 404 1251 "-" "Mozilla/5.0 (compatible; ImagesiftBot; +imagesift.com)"
64.124.8.134 - - [03/Apr/2025:19:18:37 -0400] "GET /et1-templates-how-to-use-them-to-strengthen-your-employment-law-claim/ HTTP/1.1" 404 1251 "-" "Mozilla/5.0 (compatible; ImagesiftBot; +imagesift.com)"
64.124.8.134 - - [03/Apr/2025:19:18:58 -0400] "GET /wp-json/wp/v2/posts/119 HTTP/1.1" 404 1251 "-" "Mozilla/5.0 (compatible; ImagesiftBot; +imagesift.com)"
64.124.8.134 - - [03/Apr/2025:19:19:17 -0400] "GET /wp-json/wp/v2/posts/1483 HTTP/1.1" 404 1251 "-" "Mozilla/5.0 (compatible; ImagesiftBot; +imagesift.com)"
64.124.8.134 - - [03/Apr/2025:19:19:36 -0400] "GET /wp-json/wp/v2/posts/657 HTTP/1.1" 404 1251 "-" "Mozilla/5.0 (compatible; ImagesiftBot; +imagesift.com)"
64.124.8.134 - - [03/Apr/2025:19:19:53 -0400] "GET /wp-json/wp/v2/posts/1802 HTTP/1.1" 404 1251 "-" "Mozilla/5.0 (compatible; ImagesiftBot; +imagesift.com)"
64.124.8.134 - - [03/Apr/2025:19:20:11 -0400] "GET /gas-mask-for-sale/ HTTP/1.1" 404 1251 "-" "Mozilla/5.0 (compatible; ImagesiftBot; +imagesift.com)"
45.76.16.214 - - [03/Apr/2025:19:20:17 -0400] "GET /what-are-peptides-and-how-can-they-help-you HTTP/1.1" 404 1251 "https://alualufoil.com" "Mozilla/5.0 (Windows NT 10.0; Win64; x64) AppleWebKit/537.36 (KHTML, like Gecko) Chrome/62.0.3202.94 Safari/537.36"
45.76.16.214 - - [03/Apr/2025:19:20:17 -0400] "GET /what-are-peptides-and-how-can-they-help-you HTTP/1.1" 404 1251 "https://alualufoil.com" "Mozilla/5.0 (Windows NT 10.0; Win64; x64) AppleWebKit/537.36 (KHTML, like Gecko) Chrome/62.0.3202.94 Safari/537.36"
45.76.16.214 - - [03/Apr/2025:19:20:18 -0400] "GET /what-are-peptides-and-how-can-they-help-you HTTP/1.1" 404 1251 "https://alualufoil.com" "Mozilla/5.0 (Windows NT 10.0; Win64; x64) AppleWebKit/537.36 (KHTML, like Gecko) Chrome/62.0.3202.94 Safari/537.36"
45.76.16.214 - - [03/Apr/2025:19:20:18 -0400] "GET /what-are-peptides-and-how-can-they-help-you HTTP/1.1" 404 1251 "https://alualufoil.com" "Mozilla/5.0 (Windows NT 10.0; Win64; x64) AppleWebKit/537.36 (KHTML, like Gecko) Chrome/62.0.3202.94 Safari/537.36"
64.124.8.134 - - [03/Apr/2025:19:20:28 -0400] "GET /wp-json/wp/v2/posts/2784 HTTP/1.1" 404 1251 "-" "Mozilla/5.0 (compatible; ImagesiftBot; +imagesift.com)"
64.124.8.134 - - [03/Apr/2025:19:20:47 -0400] "GET /wp-json/wp/v2/posts/281 HTTP/1.1" 404 1251 "-" "Mozilla/5.0 (compatible; ImagesiftBot; +imagesift.com)"
64.124.8.134 - - [03/Apr/2025:19:21:04 -0400] "GET /what-is-the-difference-between-aseptic-and-sterile-conditions/ HTTP/1.1" 404 1251 "-" "Mozilla/5.0 (compatible; ImagesiftBot; +imagesift.com)"
64.124.8.134 - - [03/Apr/2025:19:21:22 -0400] "GET /wp-json/wp/v2/posts/884 HTTP/1.1" 404 1251 "-" "Mozilla/5.0 (compatible; ImagesiftBot; +imagesift.com)"
64.124.8.134 - - [03/Apr/2025:19:21:42 -0400] "GET /wp-json/wp/v2/posts/1087 HTTP/1.1" 404 1251 "-" "Mozilla/5.0 (compatible; ImagesiftBot; +imagesift.com)"
64.124.8.134 - - [03/Apr/2025:19:21:59 -0400] "GET /wp-json/wp/v2/posts/1936 HTTP/1.1" 404 1251 "-" "Mozilla/5.0 (compatible; ImagesiftBot; +imagesift.com)"
64.124.8.134 - - [03/Apr/2025:19:22:17 -0400] "GET /a-solid-conservatory-roof-can-make-your-conservatory-more-functional-and-attractive-all-year-round/ HTTP/1.1" 404 1251 "-" "Mozilla/5.0 (compatible; ImagesiftBot; +imagesift.com)"
64.124.8.134 - - [03/Apr/2025:19:22:35 -0400] "GET /understanding-the-rules-of-sports-betting/ HTTP/1.1" 404 1251 "-" "Mozilla/5.0 (compatible; ImagesiftBot; +imagesift.com)"
64.124.8.134 - - [03/Apr/2025:19:22:52 -0400] "GET /the-smart-way-to-purchase-youtube-subscribers/ HTTP/1.1" 404 1251 "-" "Mozilla/5.0 (compatible; ImagesiftBot; +imagesift.com)"
188.166.234.225 - - [03/Apr/2025:19:23:02 -0400] "GET /wp-login.php HTTP/1.1" 200 1711 "-" "python-requests/2.31.0"
188.166.234.225 - - [03/Apr/2025:19:23:02 -0400] "GET /wp-login.php HTTP/1.1" 200 1711 "-" "python-requests/2.31.0"
198.54.114.83 - - [03/Apr/2025:19:23:08 -0400] "POST /wp-cron.php?doing_wp_cron=1743722588.3449859619140625000000 HTTP/1.1" 200 0 "-" "WordPress/6.7.2; https://alualufoil.com"
188.166.234.225 - - [03/Apr/2025:19:23:02 -0400] "POST /wp-login.php HTTP/1.1" 200 1837 "-" "python-requests/2.31.0"
64.124.8.134 - - [03/Apr/2025:19:23:09 -0400] "GET /2023/04/ HTTP/1.1" 404 1251 "-" "Mozilla/5.0 (compatible; ImagesiftBot; +imagesift.com)"
198.54.114.83 - - [03/Apr/2025:19:23:09 -0400] "POST /wp-admin/admin-ajax.php?action=async_litespeed&nonce=4pqscStAh01IRtjw98hbaO9LOK8zHqqg&litespeed_type=imgoptm HTTP/1.1" 200 5 "-" "WordPress/6.7.2; https://alualufoil.com"
64.124.8.134 - - [03/Apr/2025:19:23:27 -0400] "GET /wp-json/wp/v2/posts/1810 HTTP/1.1" 404 1251 "-" "Mozilla/5.0 (compatible; ImagesiftBot; +imagesift.com)"
114.119.135.139 - - [03/Apr/2025:19:23:27 -0400] "GET /page/147/?SA HTTP/1.1" 404 1251 "https://alualufoil.com/page/148/?SA" "Mozilla/5.0 (Linux; Android 7.0;) AppleWebKit/537.36 (KHTML, like Gecko) Mobile Safari/537.36 (compatible; PetalBot;+https://webmaster.petalsearch.com/site/petalbot)"
64.124.8.134 - - [03/Apr/2025:19:23:46 -0400] "GET /how-to-get-more-followers-on-instagram/ HTTP/1.1" 404 1251 "-" "Mozilla/5.0 (compatible; ImagesiftBot; +imagesift.com)"
64.124.8.134 - - [03/Apr/2025:19:24:05 -0400] "GET /ally-customer-service/ HTTP/1.1" 404 1251 "-" "Mozilla/5.0 (compatible; ImagesiftBot; +imagesift.com)"
64.124.8.134 - - [03/Apr/2025:19:24:26 -0400] "GET /flathead-lake-boat-rentals-enjoy-the-beautiful-waters-of-flathead-lake/ HTTP/1.1" 404 1251 "-" "Mozilla/5.0 (compatible; ImagesiftBot; +imagesift.com)"
64.124.8.134 - - [03/Apr/2025:19:24:44 -0400] "GET /wp-json/wp/v2/posts/638 HTTP/1.1" 404 1251 "-" "Mozilla/5.0 (compatible; ImagesiftBot; +imagesift.com)"
64.124.8.134 - - [03/Apr/2025:19:25:02 -0400] "GET /take-a-break-and-enjoy-painting-by-numbers/ HTTP/1.1" 404 1251 "-" "Mozilla/5.0 (compatible; ImagesiftBot; +imagesift.com)"
114.119.157.245 - - [03/Apr/2025:19:25:16 -0400] "GET /category/activity/page/19/ HTTP/1.1" 404 1251 "https://alualufoil.com/category/activity/page/19/" "Mozilla/5.0 (Linux; Android 7.0;) AppleWebKit/537.36 (KHTML, like Gecko) Mobile Safari/537.36 (compatible; PetalBot;+https://webmaster.petalsearch.com/site/petalbot)"
64.124.8.134 - - [03/Apr/2025:19:25:20 -0400] "GET /the-nutritious-elixir-unraveling-the-wonders-of-talbina/ HTTP/1.1" 404 1251 "-" "Mozilla/5.0 (compatible; ImagesiftBot; +imagesift.com)"
64.124.8.134 - - [03/Apr/2025:19:25:39 -0400] "GET /wp-json/wp/v2/posts/1095 HTTP/1.1" 404 1251 "-" "Mozilla/5.0 (compatible; ImagesiftBot; +imagesift.com)"
64.124.8.134 - - [03/Apr/2025:19:25:57 -0400] "GET /wp-json/wp/v2/posts/1944 HTTP/1.1" 404 1251 "-" "Mozilla/5.0 (compatible; ImagesiftBot; +imagesift.com)"
64.124.8.134 - - [03/Apr/2025:19:26:16 -0400] "GET /page/113/ HTTP/1.1" 404 1251 "-" "Mozilla/5.0 (compatible; ImagesiftBot; +imagesift.com)"
64.124.8.134 - - [03/Apr/2025:19:26:35 -0400] "GET /ecolovibe-levolution-vers-un-mode-de-vie-respectueux-de-lenvironnement/ HTTP/1.1" 404 1251 "-" "Mozilla/5.0 (compatible; ImagesiftBot; +imagesift.com)"
198.54.114.83 - - [03/Apr/2025:19:26:44 -0400] "POST /wp-cron.php?doing_wp_cron=1743722804.1979639530181884765625 HTTP/1.1" 200 0 "-" "WordPress/6.7.2; https://alualufoil.com"
2602:fb54:313:: - - [03/Apr/2025:19:26:42 -0400] "POST /wp-login.php HTTP/1.1" 200 1837 "https://alualufoil.com/wp-admin/" "Mozilla/5.0 (Windows NT 10.0; Win64; x64) AppleWebKit/537.36 (KHTML, like Gecko) Chrome/90.0.4430.85 Safari/537.36"
2602:fb54:313:: - - [03/Apr/2025:19:26:44 -0400] "GET /wp-admin/ HTTP/1.1" 302 0 "https://www.google.com" "Mozilla/5.0 (Windows NT 10.0; Win64; x64) AppleWebKit/537.36 (KHTML, like Gecko) Chrome/90.0.4430.85 Safari/537.36"
