Server IP : 172.67.141.100 / Your IP : 3.142.201.19 Web Server : LiteSpeed System : Linux business31.web-hosting.com 4.18.0-553.16.1.lve.1.el8.x86_64 #1 SMP Mon Sep 23 20:16:18 UTC 2024 x86_64 User : varizmol ( 2121) PHP Version : 8.0.30 Disable Function : NONE MySQL : OFF | cURL : ON | WGET : ON | Perl : ON | Python : ON | Sudo : OFF | Pkexec : OFF Directory : /home/varizmol/access-logs/ |
Upload File : |
51.222.253.12 - - [29/Mar/2025:18:40:11 -0400] "GET /idees-faciles-de-renovation-de-salle-de-bain/feed/ HTTP/1.1" 404 1251 "-" "Mozilla/5.0 (compatible; AhrefsBot/7.0; +http://ahrefs.com/robot/)"
51.222.253.17 - - [29/Mar/2025:18:42:01 -0400] "GET /mastering-the-art-of-charm-unveiling-the-best-pick-up-lines/feed/ HTTP/1.1" 404 1251 "-" "Mozilla/5.0 (compatible; AhrefsBot/7.0; +http://ahrefs.com/robot/)"
51.222.253.4 - - [29/Mar/2025:18:43:52 -0400] "GET /hotels-lake-garda/feed/ HTTP/1.1" 404 1251 "-" "Mozilla/5.0 (compatible; AhrefsBot/7.0; +http://ahrefs.com/robot/)"
136.243.228.179 - - [29/Mar/2025:18:44:21 -0400] "GET /capital-landscaping/ HTTP/1.1" 404 1251 "-" "Mozilla/5.0 (compatible; DataForSeoBot/1.0; +https://dataforseo.com/dataforseo-bot)"
51.222.253.10 - - [29/Mar/2025:18:45:38 -0400] "GET /category/activity/page/128/ HTTP/1.1" 404 1251 "-" "Mozilla/5.0 (compatible; AhrefsBot/7.0; +http://ahrefs.com/robot/)"
51.222.253.16 - - [29/Mar/2025:18:47:23 -0400] "GET /glutathione-and-skin-whitening-injection/ HTTP/1.1" 404 1251 "-" "Mozilla/5.0 (compatible; AhrefsBot/7.0; +http://ahrefs.com/robot/)"
5.255.231.78 - - [29/Mar/2025:18:48:25 -0400] "GET /unlocking-financial-success-with-steuerberater-hattingens/ HTTP/1.1" 404 1251 "-" "Mozilla/5.0 (compatible; YandexBot/3.0; +http://yandex.com/bots)"
51.222.253.15 - - [29/Mar/2025:18:49:06 -0400] "GET /norcold-refrigerators-a-cool-companion-for-modern-living/ HTTP/1.1" 404 1251 "-" "Mozilla/5.0 (compatible; AhrefsBot/7.0; +http://ahrefs.com/robot/)"
51.222.253.2 - - [29/Mar/2025:18:50:53 -0400] "GET /can-i-buy-youtube-subscribers/ HTTP/1.1" 404 1251 "-" "Mozilla/5.0 (compatible; AhrefsBot/7.0; +http://ahrefs.com/robot/)"
87.250.224.102 - - [29/Mar/2025:18:51:47 -0400] "GET /steroidss-thailand/ HTTP/1.1" 404 1251 "-" "Mozilla/5.0 (compatible; YandexBot/3.0; +http://yandex.com/bots)"
185.191.171.5 - - [29/Mar/2025:18:51:49 -0400] "GET /relais-am-gardasee/ HTTP/1.1" 404 1251 "-" "Mozilla/5.0 (compatible; SemrushBot/7~bl; +http://www.semrush.com/bot.html)"
51.222.253.14 - - [29/Mar/2025:18:52:44 -0400] "GET /exquisite-elegance-exploring-the-ardor-residence-showflat/feed/ HTTP/1.1" 404 1251 "-" "Mozilla/5.0 (compatible; AhrefsBot/7.0; +http://ahrefs.com/robot/)"
51.222.253.12 - - [29/Mar/2025:18:54:27 -0400] "GET /online-store-costs/feed/ HTTP/1.1" 404 1251 "-" "Mozilla/5.0 (compatible; AhrefsBot/7.0; +http://ahrefs.com/robot/)"
51.222.253.10 - - [29/Mar/2025:18:56:12 -0400] "GET /fear-of-change/feed/ HTTP/1.1" 404 1251 "-" "Mozilla/5.0 (compatible; AhrefsBot/7.0; +http://ahrefs.com/robot/)"
51.222.253.5 - - [29/Mar/2025:18:57:54 -0400] "GET /et1-templates-how-to-use-them-to-strengthen-your-employment-law-claim/ HTTP/1.1" 404 1251 "-" "Mozilla/5.0 (compatible; AhrefsBot/7.0; +http://ahrefs.com/robot/)"
51.222.253.8 - - [29/Mar/2025:18:59:41 -0400] "GET /aktivitaten-gardasee/feed/ HTTP/1.1" 404 1251 "-" "Mozilla/5.0 (compatible; AhrefsBot/7.0; +http://ahrefs.com/robot/)"
95.108.213.105 - - [29/Mar/2025:19:00:49 -0400] "GET /page/132/ HTTP/1.1" 404 1251 "-" "Mozilla/5.0 (compatible; YandexBot/3.0; +http://yandex.com/bots)"
43.156.91.114 - - [29/Mar/2025:19:00:54 -0400] "GET /wp-content/plugins/WordPressCore/include.php HTTP/1.1" 404 1251 "-" "Mozlila/5.0 (Linux; Android 7.0; SM-G892A Bulid/NRD90M; wv) AppleWebKit/537.36 (KHTML, like Gecko) Version/4.0 Chrome/60.0.3112.107 Moblie Safari/537.36"
43.156.91.114 - - [29/Mar/2025:19:01:09 -0400] "GET /wp-content/plugins/WordPressCore/include.php HTTP/1.1" 404 1251 "-" "Mozlila/5.0 (Linux; Android 7.0; SM-G892A Bulid/NRD90M; wv) AppleWebKit/537.36 (KHTML, like Gecko) Version/4.0 Chrome/60.0.3112.107 Moblie Safari/537.36"
43.156.91.114 - - [29/Mar/2025:19:01:20 -0400] "GET /wp-content/themes/include.php HTTP/1.1" 404 1251 "-" "Mozlila/5.0 (Linux; Android 7.0; SM-G892A Bulid/NRD90M; wv) AppleWebKit/537.36 (KHTML, like Gecko) Version/4.0 Chrome/60.0.3112.107 Moblie Safari/537.36"
43.156.91.114 - - [29/Mar/2025:19:01:28 -0400] "GET /wp-content/themes/include.php HTTP/1.1" 404 1251 "-" "Mozlila/5.0 (Linux; Android 7.0; SM-G892A Bulid/NRD90M; wv) AppleWebKit/537.36 (KHTML, like Gecko) Version/4.0 Chrome/60.0.3112.107 Moblie Safari/537.36"
51.222.253.19 - - [29/Mar/2025:19:01:44 -0400] "GET /30-mg-vyvanse-side-effects/ HTTP/1.1" 404 1251 "-" "Mozilla/5.0 (compatible; AhrefsBot/7.0; +http://ahrefs.com/robot/)"
51.222.253.14 - - [29/Mar/2025:19:03:19 -0400] "GET /tips-for-selecting-the-best-online-gambling-site/feed/ HTTP/1.1" 404 1251 "-" "Mozilla/5.0 (compatible; AhrefsBot/7.0; +http://ahrefs.com/robot/)"
51.222.253.19 - - [29/Mar/2025:19:05:05 -0400] "GET /chicago-locksmith-car-keys/feed/ HTTP/1.1" 404 1251 "-" "Mozilla/5.0 (compatible; AhrefsBot/7.0; +http://ahrefs.com/robot/)"
185.107.57.65 - - [29/Mar/2025:19:06:32 -0400] "GET / HTTP/1.1" 200 156100 "https://alualufoil.com" "Mozilla/5.0 (Windows NT 6.1; WOW64) AppleWebKit/537.36 (KHTML, like Gecko) Chrome/41.0.2272.76 Safari/537.36 OPR/28.0.1750.40"
51.222.253.3 - - [29/Mar/2025:19:06:40 -0400] "GET /praxisreinigung-hamburg/feed/ HTTP/1.1" 404 1251 "-" "Mozilla/5.0 (compatible; AhrefsBot/7.0; +http://ahrefs.com/robot/)"
51.222.253.12 - - [29/Mar/2025:19:08:19 -0400] "GET /unveiling-the-controversial-trend-the-rise-of-skin-whitening-injections/ HTTP/1.1" 404 1251 "-" "Mozilla/5.0 (compatible; AhrefsBot/7.0; +http://ahrefs.com/robot/)"
2a03:2880:f800:2:: - - [29/Mar/2025:19:08:24 -0400] "GET /page/129/ HTTP/1.1" 404 1251 "-" "meta-externalagent/1.1 (+https://developers.facebook.com/docs/sharing/webmasters/crawler)"
51.222.253.19 - - [29/Mar/2025:19:10:06 -0400] "GET /chuckling-companions-dad-jokes-for-kids/feed/ HTTP/1.1" 404 1251 "-" "Mozilla/5.0 (compatible; AhrefsBot/7.0; +http://ahrefs.com/robot/)"
51.222.253.2 - - [29/Mar/2025:19:11:58 -0400] "GET /unveiling-psilocybin-spore-syringe/feed/ HTTP/1.1" 404 1251 "-" "Mozilla/5.0 (compatible; AhrefsBot/7.0; +http://ahrefs.com/robot/)"
51.222.253.15 - - [29/Mar/2025:19:13:45 -0400] "GET /stitch-style-must-have-clothings-for-lilo-and-stitch-fans/ HTTP/1.1" 404 1251 "-" "Mozilla/5.0 (compatible; AhrefsBot/7.0; +http://ahrefs.com/robot/)"
51.222.253.16 - - [29/Mar/2025:19:16:12 -0400] "GET /build-your-life-resume-with-jesse-itzler/feed/ HTTP/1.1" 404 1251 "-" "Mozilla/5.0 (compatible; AhrefsBot/7.0; +http://ahrefs.com/robot/)"
136.243.228.179 - - [29/Mar/2025:19:17:26 -0400] "GET /taking-cbd-oil-for-the-first-time/ HTTP/1.1" 404 1251 "-" "Mozilla/5.0 (compatible; DataForSeoBot/1.0; +https://dataforseo.com/dataforseo-bot)"
51.222.253.3 - - [29/Mar/2025:19:18:02 -0400] "GET /mortgage/feed/ HTTP/1.1" 404 1251 "-" "Mozilla/5.0 (compatible; AhrefsBot/7.0; +http://ahrefs.com/robot/)"
51.222.253.4 - - [29/Mar/2025:19:20:09 -0400] "GET /acid-alkaline-balance-is-the-ailment-the-disease-is-cancer-and-all-chronic-afflictions/feed/ HTTP/1.1" 404 1251 "-" "Mozilla/5.0 (compatible; AhrefsBot/7.0; +http://ahrefs.com/robot/)"
51.222.253.4 - - [29/Mar/2025:19:22:00 -0400] "GET /revolutionizing-your-daily-routine/feed/ HTTP/1.1" 404 1251 "-" "Mozilla/5.0 (compatible; AhrefsBot/7.0; +http://ahrefs.com/robot/)"
51.222.253.15 - - [29/Mar/2025:19:23:56 -0400] "GET /umzugsunternehmen-buchholz-in-der-nordheide/feed/ HTTP/1.1" 404 1251 "-" "Mozilla/5.0 (compatible; AhrefsBot/7.0; +http://ahrefs.com/robot/)"
65.21.113.196 - - [29/Mar/2025:19:24:08 -0400] "GET /robots.txt HTTP/1.1" 304 0 "-" "Mozilla/5.0 (compatible; AwarioBot/1.0; +https://awario.com/bots.html)"
65.21.113.196 - - [29/Mar/2025:19:24:08 -0400] "GET /category-sitemap.xml HTTP/1.1" 404 1251 "-" "Mozilla/5.0 (compatible; AwarioBot/1.0; +https://awario.com/bots.html)"
65.21.113.196 - - [29/Mar/2025:19:24:40 -0400] "GET /page-sitemap.xml HTTP/1.1" 404 1251 "-" "Mozilla/5.0 (compatible; AwarioBot/1.0; +https://awario.com/bots.html)"
65.21.113.196 - - [29/Mar/2025:19:24:43 -0400] "GET /post-sitemap.xml HTTP/1.1" 404 1251 "-" "Mozilla/5.0 (compatible; AwarioBot/1.0; +https://awario.com/bots.html)"
65.21.113.196 - - [29/Mar/2025:19:24:45 -0400] "GET /post-sitemap2.xml HTTP/1.1" 404 1251 "-" "Mozilla/5.0 (compatible; AwarioBot/1.0; +https://awario.com/bots.html)"
65.21.113.196 - - [29/Mar/2025:19:24:48 -0400] "GET /2024/10/ HTTP/1.1" 404 1251 "-" "Mozilla/5.0 (compatible; AwarioBot/1.0; +https://awario.com/bots.html)"
65.21.113.196 - - [29/Mar/2025:19:24:51 -0400] "GET /2025/01/ HTTP/1.1" 404 1251 "-" "Mozilla/5.0 (compatible; AwarioBot/1.0; +https://awario.com/bots.html)"
65.21.113.196 - - [29/Mar/2025:19:24:53 -0400] "GET /?p=3706 HTTP/1.1" 200 156100 "-" "Mozilla/5.0 (compatible; AwarioBot/1.0; +https://awario.com/bots.html)"
65.21.113.196 - - [29/Mar/2025:19:24:55 -0400] "GET /apprendre-a-jouer-de-la-guitare/feed/ HTTP/1.1" 404 1251 "-" "Mozilla/5.0 (compatible; AwarioBot/1.0; +https://awario.com/bots.html)"
65.21.113.196 - - [29/Mar/2025:19:24:59 -0400] "GET /best-bitcoin-mixer-how-to-choose-the-best-bitcoin-mixer/ HTTP/1.1" 404 1251 "-" "Mozilla/5.0 (compatible; AwarioBot/1.0; +https://awario.com/bots.html)"
65.21.113.196 - - [29/Mar/2025:19:25:01 -0400] "GET /best-bitcoin-mixer/feed/ HTTP/1.1" 404 1251 "-" "Mozilla/5.0 (compatible; AwarioBot/1.0; +https://awario.com/bots.html)"
65.21.113.196 - - [29/Mar/2025:19:25:04 -0400] "GET /bitcoin-tumbler/feed/ HTTP/1.1" 404 1251 "-" "Mozilla/5.0 (compatible; AwarioBot/1.0; +https://awario.com/bots.html)"
65.21.113.196 - - [29/Mar/2025:19:25:06 -0400] "GET /brisbane-airport-transport/ HTTP/1.1" 404 1251 "-" "Mozilla/5.0 (compatible; AwarioBot/1.0; +https://awario.com/bots.html)"
65.21.113.196 - - [29/Mar/2025:19:25:10 -0400] "GET /category/about-us/feed/ HTTP/1.1" 404 1251 "-" "Mozilla/5.0 (compatible; AwarioBot/1.0; +https://awario.com/bots.html)"
65.21.113.196 - - [29/Mar/2025:19:25:13 -0400] "GET /category/activity/feed/ HTTP/1.1" 404 1251 "-" "Mozilla/5.0 (compatible; AwarioBot/1.0; +https://awario.com/bots.html)"
65.21.113.196 - - [29/Mar/2025:19:25:16 -0400] "GET /category/activity/page/152/ HTTP/1.1" 404 1251 "-" "Mozilla/5.0 (compatible; AwarioBot/1.0; +https://awario.com/bots.html)"
65.21.113.196 - - [29/Mar/2025:19:25:19 -0400] "GET /category/activity/page/2/ HTTP/1.1" 404 1251 "-" "Mozilla/5.0 (compatible; AwarioBot/1.0; +https://awario.com/bots.html)"
65.21.113.196 - - [29/Mar/2025:19:25:23 -0400] "GET /category/contact-us/feed/ HTTP/1.1" 404 1251 "-" "Mozilla/5.0 (compatible; AwarioBot/1.0; +https://awario.com/bots.html)"
65.21.113.196 - - [29/Mar/2025:19:25:25 -0400] "GET /category/sign-in/feed/ HTTP/1.1" 404 1251 "-" "Mozilla/5.0 (compatible; AwarioBot/1.0; +https://awario.com/bots.html)"
65.21.113.196 - - [29/Mar/2025:19:25:28 -0400] "GET /category/sign-up/feed/ HTTP/1.1" 404 1251 "-" "Mozilla/5.0 (compatible; AwarioBot/1.0; +https://awario.com/bots.html)"
65.21.113.196 - - [29/Mar/2025:19:25:30 -0400] "GET /der-genuss-gerosteter-mandeln/ HTTP/1.1" 404 1251 "-" "Mozilla/5.0 (compatible; AwarioBot/1.0; +https://awario.com/bots.html)"
65.21.113.196 - - [29/Mar/2025:19:25:32 -0400] "GET /die-besten-orte-fur-gitarrenunterricht-in-dusseldorf-entdecken/ HTTP/1.1" 404 1251 "-" "Mozilla/5.0 (compatible; AwarioBot/1.0; +https://awario.com/bots.html)"
65.21.113.196 - - [29/Mar/2025:19:25:36 -0400] "GET /elegance-et-praticite-des-panneaux-pvc-immitant-le-marbre/ HTTP/1.1" 404 1251 "-" "Mozilla/5.0 (compatible; AwarioBot/1.0; +https://awario.com/bots.html)"
51.222.253.9 - - [29/Mar/2025:19:25:38 -0400] "GET /what-you-should-know-about-rv-awnings/ HTTP/1.1" 404 1251 "-" "Mozilla/5.0 (compatible; AhrefsBot/7.0; +http://ahrefs.com/robot/)"
65.21.113.196 - - [29/Mar/2025:19:25:38 -0400] "GET /epilation-au-laser-a-rouen-une-solution-efficace-et-durable/feed/ HTTP/1.1" 404 1251 "-" "Mozilla/5.0 (compatible; AwarioBot/1.0; +https://awario.com/bots.html)"
65.21.113.196 - - [29/Mar/2025:19:25:41 -0400] "GET /erstklassiger-gitarrenunterricht-mit-tilman-totzke-in-essen/feed/ HTTP/1.1" 404 1251 "-" "Mozilla/5.0 (compatible; AwarioBot/1.0; +https://awario.com/bots.html)"
65.21.113.196 - - [29/Mar/2025:19:25:43 -0400] "GET /michael-kors-bags-blue/ HTTP/1.1" 404 1251 "-" "Mozilla/5.0 (compatible; AwarioBot/1.0; +https://awario.com/bots.html)"
65.21.113.196 - - [29/Mar/2025:19:25:46 -0400] "GET /minecraft-survival-serveur-ultime-pour-une-experience-inoubliable/feed/ HTTP/1.1" 404 1251 "-" "Mozilla/5.0 (compatible; AwarioBot/1.0; +https://awario.com/bots.html)"
65.21.113.196 - - [29/Mar/2025:19:25:49 -0400] "GET /mk-bag-for-sales/feed/ HTTP/1.1" 404 1251 "-" "Mozilla/5.0 (compatible; AwarioBot/1.0; +https://awario.com/bots.html)"
65.21.113.196 - - [29/Mar/2025:19:25:52 -0400] "GET /mk-shoulder-bag/ HTTP/1.1" 404 1251 "-" "Mozilla/5.0 (compatible; AwarioBot/1.0; +https://awario.com/bots.html)"
65.21.113.196 - - [29/Mar/2025:19:25:54 -0400] "GET /page/152/ HTTP/1.1" 404 1251 "-" "Mozilla/5.0 (compatible; AwarioBot/1.0; +https://awario.com/bots.html)"
65.21.113.196 - - [29/Mar/2025:19:25:58 -0400] "GET /page/2/ HTTP/1.1" 404 1251 "-" "Mozilla/5.0 (compatible; AwarioBot/1.0; +https://awario.com/bots.html)"
65.21.113.196 - - [29/Mar/2025:19:26:00 -0400] "GET /ragdoll-archers-unblocked-game-features/feed/ HTTP/1.1" 404 1251 "-" "Mozilla/5.0 (compatible; AwarioBot/1.0; +https://awario.com/bots.html)"
65.21.113.196 - - [29/Mar/2025:19:26:04 -0400] "GET /stylish-nappy-bags-diaper-bags-come-into-their-own/feed/ HTTP/1.1" 404 1251 "-" "Mozilla/5.0 (compatible; AwarioBot/1.0; +https://awario.com/bots.html)"
65.21.113.196 - - [29/Mar/2025:19:26:08 -0400] "GET /the-path-to-becoming-a-skilled-author/feed/ HTTP/1.1" 404 1251 "-" "Mozilla/5.0 (compatible; AwarioBot/1.0; +https://awario.com/bots.html)"
65.21.113.196 - - [29/Mar/2025:19:26:11 -0400] "GET /this-is-why-india-should-not-ban-bitcoin/ HTTP/1.1" 404 1251 "-" "Mozilla/5.0 (compatible; AwarioBot/1.0; +https://awario.com/bots.html)"
65.21.113.196 - - [29/Mar/2025:19:26:14 -0400] "GET /flathead-lake-boat-rentals-enjoy-the-beautiful-waters-of-flathead-lake/ HTTP/1.1" 404 1251 "-" "Mozilla/5.0 (compatible; AwarioBot/1.0; +https://awario.com/bots.html)"
65.21.113.196 - - [29/Mar/2025:19:26:16 -0400] "GET /what-is-the-best-cbd-vape-uk/ HTTP/1.1" 404 1251 "-" "Mozilla/5.0 (compatible; AwarioBot/1.0; +https://awario.com/bots.html)"
51.222.253.12 - - [29/Mar/2025:19:27:16 -0400] "GET /types-of-silicone-rubber/ HTTP/1.1" 404 1251 "-" "Mozilla/5.0 (compatible; AhrefsBot/7.0; +http://ahrefs.com/robot/)"
27.33.60.146 - - [29/Mar/2025:19:28:41 -0400] "GET / HTTP/1.1" 200 156100 "-" "Mozilla/5.0 (Windows NT 10.0; Win64; x64) AppleWebKit/537.36 (KHTML, like Gecko) Chrome/99.0.4844.51 Safari/537.36 Edg/99.0.1150.30"
106.71.163.214 - - [29/Mar/2025:19:28:46 -0400] "GET / HTTP/1.1" 200 156100 "-" "Mozilla/5.0 (Windows NT 10.0; Win64; x64) AppleWebKit/537.36 (KHTML, like Gecko) Chrome/107.0.0.0 Safari/537.36"
51.222.253.12 - - [29/Mar/2025:19:29:00 -0400] "GET /the-evolution-of-modern-kitchen-cabinets/feed/ HTTP/1.1" 404 1251 "-" "Mozilla/5.0 (compatible; AhrefsBot/7.0; +http://ahrefs.com/robot/)"
51.222.253.9 - - [29/Mar/2025:19:30:56 -0400] "GET /leuchtende-eleganz-den-reiz-von-deckenleuchten-enthullen/feed/ HTTP/1.1" 404 1251 "-" "Mozilla/5.0 (compatible; AhrefsBot/7.0; +http://ahrefs.com/robot/)"
51.222.253.4 - - [29/Mar/2025:19:32:39 -0400] "GET /revolutionizing-comfort-the-modern-heater/feed/ HTTP/1.1" 404 1251 "-" "Mozilla/5.0 (compatible; AhrefsBot/7.0; +http://ahrefs.com/robot/)"
13.40.128.66 - - [29/Mar/2025:19:33:22 -0400] "GET /wp-login.php HTTP/1.1" 200 1711 "-" "Mozilla/5.0 (Windows NT 10.0; Win64; x64) AppleWebKit/537.36 (KHTML, like Gecko) Chrome/129.0.0.0 Safari/537.36"
13.40.128.66 - - [29/Mar/2025:19:33:22 -0400] "GET /wp-admin/js/password-strength-meter.min.js?ver=6.7.2 HTTP/1.1" 200 558 "https://alualufoil.com/wp-login.php" "Mozilla/5.0 (Windows NT 10.0; Win64; x64) AppleWebKit/537.36 (KHTML, like Gecko) Chrome/129.0.0.0 Safari/537.36"
13.40.128.66 - - [29/Mar/2025:19:33:22 -0400] "GET /wp-includes/js/wp-util.min.js?ver=6.7.2 HTTP/1.1" 200 690 "https://alualufoil.com/wp-login.php" "Mozilla/5.0 (Windows NT 10.0; Win64; x64) AppleWebKit/537.36 (KHTML, like Gecko) Chrome/129.0.0.0 Safari/537.36"
13.40.128.66 - - [29/Mar/2025:19:33:22 -0400] "GET /wp-admin/js/user-profile.min.js?ver=6.7.2 HTTP/1.1" 200 2388 "https://alualufoil.com/wp-login.php" "Mozilla/5.0 (Windows NT 10.0; Win64; x64) AppleWebKit/537.36 (KHTML, like Gecko) Chrome/129.0.0.0 Safari/537.36"
13.40.128.66 - - [29/Mar/2025:19:33:22 -0400] "GET /wp-admin/load-styles.php?c=1&dir=ltr&load%5Bchunk_0%5D=dashicons,buttons,forms,l10n,login&ver=6.7.2 HTTP/1.1" 200 45466 "https://alualufoil.com/wp-login.php" "Mozilla/5.0 (Windows NT 10.0; Win64; x64) AppleWebKit/537.36 (KHTML, like Gecko) Chrome/129.0.0.0 Safari/537.36"
13.40.128.66 - - [29/Mar/2025:19:33:22 -0400] "GET /wp-admin/load-scripts.php?c=1&load%5Bchunk_0%5D=clipboard,jquery-core,jquery-migrate,zxcvbn-async,wp-hooks&ver=6.7.2 HTTP/1.1" 200 39842 "https://alualufoil.com/wp-login.php" "Mozilla/5.0 (Windows NT 10.0; Win64; x64) AppleWebKit/537.36 (KHTML, like Gecko) Chrome/129.0.0.0 Safari/537.36"
13.40.128.66 - - [29/Mar/2025:19:33:22 -0400] "GET /wp-includes/js/dist/dom-ready.min.js?ver=f77871ff7694fffea381 HTTP/1.1" 200 275 "https://alualufoil.com/wp-login.php" "Mozilla/5.0 (Windows NT 10.0; Win64; x64) AppleWebKit/537.36 (KHTML, like Gecko) Chrome/129.0.0.0 Safari/537.36"
13.40.128.66 - - [29/Mar/2025:19:33:22 -0400] "GET /wp-includes/js/underscore.min.js?ver=1.13.7 HTTP/1.1" 200 7197 "https://alualufoil.com/wp-login.php" "Mozilla/5.0 (Windows NT 10.0; Win64; x64) AppleWebKit/537.36 (KHTML, like Gecko) Chrome/129.0.0.0 Safari/537.36"
13.40.128.66 - - [29/Mar/2025:19:33:22 -0400] "GET /wp-includes/js/dist/a11y.min.js?ver=3156534cc54473497e14 HTTP/1.1" 200 827 "https://alualufoil.com/wp-login.php" "Mozilla/5.0 (Windows NT 10.0; Win64; x64) AppleWebKit/537.36 (KHTML, like Gecko) Chrome/129.0.0.0 Safari/537.36"
13.40.128.66 - - [29/Mar/2025:19:33:22 -0400] "GET /wp-includes/js/dist/i18n.min.js?ver=5e580eb46a90c2b997e6 HTTP/1.1" 200 3542 "https://alualufoil.com/wp-login.php" "Mozilla/5.0 (Windows NT 10.0; Win64; x64) AppleWebKit/537.36 (KHTML, like Gecko) Chrome/129.0.0.0 Safari/537.36"
13.40.128.66 - - [29/Mar/2025:19:33:23 -0400] "GET /wp-admin/images/wordpress-logo.svg?ver=20131107 HTTP/1.1" 200 759 "https://alualufoil.com/wp-admin/load-styles.php?c=1&dir=ltr&load%5Bchunk_0%5D=dashicons,buttons,forms,l10n,login&ver=6.7.2" "Mozilla/5.0 (Windows NT 10.0; Win64; x64) AppleWebKit/537.36 (KHTML, like Gecko) Chrome/129.0.0.0 Safari/537.36"
13.40.128.66 - - [29/Mar/2025:19:33:24 -0400] "GET /favicon.ico HTTP/1.1" 404 1251 "https://alualufoil.com/wp-login.php" "Mozilla/5.0 (Windows NT 10.0; Win64; x64) AppleWebKit/537.36 (KHTML, like Gecko) Chrome/129.0.0.0 Safari/537.36"
13.40.128.66 - - [29/Mar/2025:19:33:24 -0400] "GET /wp-includes/js/zxcvbn.min.js HTTP/1.1" 200 389493 "https://alualufoil.com/wp-login.php" "Mozilla/5.0 (Windows NT 10.0; Win64; x64) AppleWebKit/537.36 (KHTML, like Gecko) Chrome/129.0.0.0 Safari/537.36"
198.54.114.83 - - [29/Mar/2025:19:33:42 -0400] "POST /wp-cron.php?doing_wp_cron=1743291221.9844689369201660156250 HTTP/1.1" 200 0 "-" "WordPress/6.7.2; https://alualufoil.com"
13.40.128.66 - - [29/Mar/2025:19:33:38 -0400] "POST /wp-login.php HTTP/1.1" 200 1838 "https://alualufoil.com/wp-login.php" "Mozilla/5.0 (Windows NT 10.0; Win64; x64) AppleWebKit/537.36 (KHTML, like Gecko) Chrome/129.0.0.0 Safari/537.36"
198.54.114.83 - - [29/Mar/2025:19:33:43 -0400] "POST /wp-admin/admin-ajax.php?action=async_litespeed&nonce=1IKqJV3RGS4asrbh31s1NyNwJw1rmh7K&litespeed_type=imgoptm HTTP/1.1" 200 5 "-" "WordPress/6.7.2; https://alualufoil.com"
34.127.29.78 - - [29/Mar/2025:19:34:00 -0400] "GET /convert-youtube-to-mp4-how-to-convert-youtube-to-mp4-safely-and-effectively/ HTTP/1.1" 404 1251 "-" "trafilatura/2.0.0 (+https://github.com/adbar/trafilatura)"
51.222.253.5 - - [29/Mar/2025:19:34:24 -0400] "GET /dometic-rv-fridge/feed/ HTTP/1.1" 404 1251 "-" "Mozilla/5.0 (compatible; AhrefsBot/7.0; +http://ahrefs.com/robot/)"
51.222.253.17 - - [29/Mar/2025:19:36:09 -0400] "GET /reviving-home-comfort-a-comprehensive-guide-to-household-appliance-repair/feed/ HTTP/1.1" 404 1251 "-" "Mozilla/5.0 (compatible; AhrefsBot/7.0; +http://ahrefs.com/robot/)"
51.222.253.17 - - [29/Mar/2025:19:37:52 -0400] "GET /unlocking-growth-a-strategic-guide-on-how-to-buy-youtube-subscribers/ HTTP/1.1" 404 1251 "-" "Mozilla/5.0 (compatible; AhrefsBot/7.0; +http://ahrefs.com/robot/)"
4.227.36.62 - - [29/Mar/2025:19:39:27 -0400] "GET /robots.txt HTTP/1.1" 304 0 "-" "Mozilla/5.0 AppleWebKit/537.36 (KHTML, like Gecko; compatible; GPTBot/1.2; +https://openai.com/gptbot)"
51.222.253.5 - - [29/Mar/2025:19:39:51 -0400] "GET /lusso-sul-lago-di-garda-a-luxurious-retreat/feed/ HTTP/1.1" 404 1251 "-" "Mozilla/5.0 (compatible; AhrefsBot/7.0; +http://ahrefs.com/robot/)"
51.222.253.10 - - [29/Mar/2025:19:41:47 -0400] "GET /betting-advice-how-betting-advice-can-help-you-win-big/feed/ HTTP/1.1" 404 1251 "-" "Mozilla/5.0 (compatible; AhrefsBot/7.0; +http://ahrefs.com/robot/)"
51.222.253.9 - - [29/Mar/2025:19:43:28 -0400] "GET /the-myths-and-rumors-about-playing-slots-at-gas-stations/feed/ HTTP/1.1" 404 1251 "-" "Mozilla/5.0 (compatible; AhrefsBot/7.0; +http://ahrefs.com/robot/)"
51.222.253.19 - - [29/Mar/2025:19:45:09 -0400] "GET /retaining-youtube-subscribers/feed/ HTTP/1.1" 404 1251 "-" "Mozilla/5.0 (compatible; AhrefsBot/7.0; +http://ahrefs.com/robot/)"
95.108.213.251 - - [29/Mar/2025:19:45:32 -0400] "GET /robots.txt HTTP/1.1" 200 23 "-" "Mozilla/5.0 (compatible; YandexBot/3.0; +http://yandex.com/bots)"
87.250.224.22 - - [29/Mar/2025:19:45:33 -0400] "GET /the-versatility-and-reliability-of-ppr-pipes-and-fittings/ HTTP/1.1" 404 1251 "-" "Mozilla/5.0 (compatible; YandexBot/3.0; +http://yandex.com/bots)"
51.222.253.5 - - [29/Mar/2025:19:47:18 -0400] "GET /fundraiser/feed/ HTTP/1.1" 404 1251 "-" "Mozilla/5.0 (compatible; AhrefsBot/7.0; +http://ahrefs.com/robot/)"
51.222.253.8 - - [29/Mar/2025:19:49:13 -0400] "GET /elevating-homes-enthullung-des-top-dachdecker-erlebnisses-in-hamburg/feed/ HTTP/1.1" 404 1251 "-" "Mozilla/5.0 (compatible; AhrefsBot/7.0; +http://ahrefs.com/robot/)"
51.222.253.3 - - [29/Mar/2025:19:51:11 -0400] "GET /raume-optimieren-die-kunst-der-wohnungsraumung-in-hamburg/feed/ HTTP/1.1" 404 1251 "-" "Mozilla/5.0 (compatible; AhrefsBot/7.0; +http://ahrefs.com/robot/)"
136.243.228.179 - - [29/Mar/2025:19:52:56 -0400] "GET /white-football-socks/ HTTP/1.1" 404 1251 "-" "Mozilla/5.0 (compatible; DataForSeoBot/1.0; +https://dataforseo.com/dataforseo-bot)"
51.222.253.16 - - [29/Mar/2025:19:52:56 -0400] "GET /category/activity/page/127/ HTTP/1.1" 404 1251 "-" "Mozilla/5.0 (compatible; AhrefsBot/7.0; +http://ahrefs.com/robot/)"
8.210.189.26 - - [29/Mar/2025:19:53:01 -0400] "HEAD /page/2 HTTP/1.1" 404 0 "-" "Mozilla/5.0 (Windows NT 10.0; Win64; x64) AppleWebKit/537.36 (KHTML, like Gecko) Chrome/77.0.2299.151 Safari/537.36"
8.210.189.26 - - [29/Mar/2025:19:53:01 -0400] "GET /page/2 HTTP/1.1" 404 1251 "-" "Mozilla/5.0 (Windows NT 10.0; Win64; x64) AppleWebKit/537.36 (KHTML, like Gecko) Chrome/77.0.2299.151 Safari/537.36"
51.222.253.6 - - [29/Mar/2025:19:54:34 -0400] "GET /erstklassiger-gitarrenunterricht-mit-tilman-totzke-in-essen/feed/ HTTP/1.1" 404 1251 "-" "Mozilla/5.0 (compatible; AhrefsBot/7.0; +http://ahrefs.com/robot/)"
111.225.149.15 - - [29/Mar/2025:19:54:47 -0400] "GET /hz/reviews-render/report-review?csrfT=hLqtVQgYy%2FI9YDyopdvMpjMSL3z2hjymwxiOhxxJtXHrAAAAAGcq7rEAAAAB&ie=UTF8&ref=cm_cr_dp_d_report&reviewId=RSOLMCOFAZGYC HTTP/1.1" 404 1251 "-" "Mozilla/5.0 (Linux; Android 5.0) AppleWebKit/537.36 (KHTML, like Gecko) Mobile Safari/537.36 (compatible; Bytespider; https://zhanzhang.toutiao.com/)"
51.222.253.8 - - [29/Mar/2025:19:56:26 -0400] "GET /navigating-the-digital-frontier-btc-to-paypal-exchange-unveiled/ HTTP/1.1" 404 1251 "-" "Mozilla/5.0 (compatible; AhrefsBot/7.0; +http://ahrefs.com/robot/)"
51.222.253.13 - - [29/Mar/2025:19:58:17 -0400] "GET /how-boudoir-photography-makes-you-feel-sexy-and-confident/feed/ HTTP/1.1" 404 1251 "-" "Mozilla/5.0 (compatible; AhrefsBot/7.0; +http://ahrefs.com/robot/)"
104.221.158.41 - - [29/Mar/2025:19:59:09 -0400] "GET /many-reasons-and-evolution-facts-about-the-keychain-pocket-watch/ HTTP/1.1" 404 1251 "-" "Mozilla/5.0 (Macintosh; Intel Mac OS X 10_15_7) AppleWebKit/537.36 (KHTML, like Gecko) Chrome/125.0.0.0 Safari/537.36"
51.222.253.17 - - [29/Mar/2025:20:00:06 -0400] "GET /taking-a-look-at-the-swingline-speed-grip-electric-stapler/feed/ HTTP/1.1" 404 1251 "-" "Mozilla/5.0 (compatible; AhrefsBot/7.0; +http://ahrefs.com/robot/)"
51.222.253.14 - - [29/Mar/2025:20:02:04 -0400] "GET /exploring-the-jervois-treasures-showflat/feed/ HTTP/1.1" 404 1251 "-" "Mozilla/5.0 (compatible; AhrefsBot/7.0; +http://ahrefs.com/robot/)"
51.222.253.20 - - [29/Mar/2025:20:03:40 -0400] "GET /embracing-tranquility-exploring-the-arcady-showflat/feed/ HTTP/1.1" 404 1251 "-" "Mozilla/5.0 (compatible; AhrefsBot/7.0; +http://ahrefs.com/robot/)"
103.131.71.86 - - [29/Mar/2025:20:04:39 -0400] "GET / HTTP/1.1" 200 156100 "-" "Mozilla/5.0 (compatible; coccocbot-web/1.0; +http://help.coccoc.com/searchengine)"
51.222.253.6 - - [29/Mar/2025:20:05:26 -0400] "GET /unveiling-the-hidden-world-mushroom-cultivation-supplies/feed/ HTTP/1.1" 404 1251 "-" "Mozilla/5.0 (compatible; AhrefsBot/7.0; +http://ahrefs.com/robot/)"
51.222.253.18 - - [29/Mar/2025:20:07:15 -0400] "GET /a-holistic-approach/feed/ HTTP/1.1" 404 1251 "-" "Mozilla/5.0 (compatible; AhrefsBot/7.0; +http://ahrefs.com/robot/)"
51.222.253.1 - - [29/Mar/2025:20:09:08 -0400] "GET /what-to-do-if-your-washer-wont-turn-on/feed/ HTTP/1.1" 404 1251 "-" "Mozilla/5.0 (compatible; AhrefsBot/7.0; +http://ahrefs.com/robot/)"
51.222.253.5 - - [29/Mar/2025:20:11:06 -0400] "GET /upload-big-files/feed/ HTTP/1.1" 404 1251 "-" "Mozilla/5.0 (compatible; AhrefsBot/7.0; +http://ahrefs.com/robot/)"
66.249.73.128 - - [29/Mar/2025:20:11:29 -0400] "GET /robots.txt HTTP/1.1" 304 0 "-" "Mozilla/5.0 (compatible; Googlebot/2.1; +http://www.google.com/bot.html)"
66.249.73.132 - - [29/Mar/2025:20:11:29 -0400] "GET /the-best-caregiver-agency-in-montreal/ HTTP/1.1" 404 1251 "-" "Mozilla/5.0 (Linux; Android 6.0.1; Nexus 5X Build/MMB29P) AppleWebKit/537.36 (KHTML, like Gecko) Chrome/134.0.6998.165 Mobile Safari/537.36 (compatible; Googlebot/2.1; +http://www.google.com/bot.html)"
51.222.253.14 - - [29/Mar/2025:20:13:04 -0400] "GET /casino-table-games/feed/ HTTP/1.1" 404 1251 "-" "Mozilla/5.0 (compatible; AhrefsBot/7.0; +http://ahrefs.com/robot/)"
51.222.253.9 - - [29/Mar/2025:20:14:54 -0400] "GET /page/126/ HTTP/1.1" 404 1251 "-" "Mozilla/5.0 (compatible; AhrefsBot/7.0; +http://ahrefs.com/robot/)"
110.249.201.158 - - [29/Mar/2025:20:15:11 -0400] "GET /page/67/ HTTP/1.1" 404 1251 "-" "Mozilla/5.0 (Linux; Android 5.0) AppleWebKit/537.36 (KHTML, like Gecko) Mobile Safari/537.36 (compatible; Bytespider; https://zhanzhang.toutiao.com/)"
110.249.202.165 - - [29/Mar/2025:20:15:37 -0400] "GET /page/66/ HTTP/1.1" 404 1251 "-" "Mozilla/5.0 (Linux; Android 5.0) AppleWebKit/537.36 (KHTML, like Gecko) Mobile Safari/537.36 (compatible; Bytespider; https://zhanzhang.toutiao.com/)"
51.222.253.1 - - [29/Mar/2025:20:16:34 -0400] "GET /category/activity/page/27/ HTTP/1.1" 404 1251 "-" "Mozilla/5.0 (compatible; AhrefsBot/7.0; +http://ahrefs.com/robot/)"
110.249.201.163 - - [29/Mar/2025:20:16:38 -0400] "GET /page/19/ HTTP/1.1" 404 1251 "-" "Mozilla/5.0 (Linux; Android 5.0) AppleWebKit/537.36 (KHTML, like Gecko) Mobile Safari/537.36 (compatible; Bytespider; https://zhanzhang.toutiao.com/)"
51.222.253.9 - - [29/Mar/2025:20:18:24 -0400] "GET /programs-that-enrich-the-experience/feed/ HTTP/1.1" 404 1251 "-" "Mozilla/5.0 (compatible; AhrefsBot/7.0; +http://ahrefs.com/robot/)"
108.62.116.175 - - [29/Mar/2025:20:19:15 -0400] "GET /what-is-the-smm-panel/ HTTP/1.1" 404 1251 "-" "Mozilla/5.0 (Windows NT 10.0) AppleWebKit/537.36 (KHTML, like Gecko) Chrome/114.0.0.0 Safari/537.36"
108.62.116.175 - - [29/Mar/2025:20:19:16 -0400] "GET / HTTP/1.1" 200 156100 "-" "Mozilla/5.0 (Windows NT 10.0) AppleWebKit/537.36 (KHTML, like Gecko) Chrome/114.0.0.0 Safari/537.36"
108.62.116.175 - - [29/Mar/2025:20:19:18 -0400] "GET /dp/B0D3RN5W37?ref=MarsFS_VICC_blinksqm HTTP/1.1" 404 1251 "https://alualufoil.com" "Mozilla/5.0 (Windows NT 10.0) AppleWebKit/537.36 (KHTML, like Gecko) Chrome/114.0.0.0 Safari/537.36"
108.62.116.175 - - [29/Mar/2025:20:19:19 -0400] "GET / HTTP/1.1" 200 156100 "https://alualufoil.com" "Mozilla/5.0 (Windows NT 10.0) AppleWebKit/537.36 (KHTML, like Gecko) Chrome/114.0.0.0 Safari/537.36"
51.222.253.7 - - [29/Mar/2025:20:20:12 -0400] "GET /page/35/ HTTP/1.1" 404 1251 "-" "Mozilla/5.0 (compatible; AhrefsBot/7.0; +http://ahrefs.com/robot/)"
51.222.253.5 - - [29/Mar/2025:20:22:09 -0400] "GET /page/127/ HTTP/1.1" 404 1251 "-" "Mozilla/5.0 (compatible; AhrefsBot/7.0; +http://ahrefs.com/robot/)"
111.225.148.233 - - [29/Mar/2025:20:22:11 -0400] "GET /dp/B08ZJVVMT4?ref=MarsFS_eero_en HTTP/1.1" 404 1251 "-" "Mozilla/5.0 (Linux; Android 5.0) AppleWebKit/537.36 (KHTML, like Gecko) Mobile Safari/537.36 (compatible; Bytespider; https://zhanzhang.toutiao.com/)"
51.222.253.17 - - [29/Mar/2025:20:24:01 -0400] "GET /atlanta-maids/feed/ HTTP/1.1" 404 1251 "-" "Mozilla/5.0 (compatible; AhrefsBot/7.0; +http://ahrefs.com/robot/)"
51.222.253.16 - - [29/Mar/2025:20:25:56 -0400] "GET /category/activity/page/125/ HTTP/1.1" 404 1251 "-" "Mozilla/5.0 (compatible; AhrefsBot/7.0; +http://ahrefs.com/robot/)"
136.243.228.179 - - [29/Mar/2025:20:27:16 -0400] "GET /developper-lestime-de-soi-bien-faire-les-choses/ HTTP/1.1" 404 1251 "-" "Mozilla/5.0 (compatible; DataForSeoBot/1.0; +https://dataforseo.com/dataforseo-bot)"
111.225.149.166 - - [29/Mar/2025:20:27:35 -0400] "GET /page/64/ HTTP/1.1" 404 1251 "-" "Mozilla/5.0 (Linux; Android 5.0) AppleWebKit/537.36 (KHTML, like Gecko) Mobile Safari/537.36 (compatible; Bytespider; https://zhanzhang.toutiao.com/)"
51.222.253.11 - - [29/Mar/2025:20:27:40 -0400] "GET /effortless-convenience-with-instant-hot-and-cold-water-dispensers/feed/ HTTP/1.1" 404 1251 "-" "Mozilla/5.0 (compatible; AhrefsBot/7.0; +http://ahrefs.com/robot/)"
110.249.201.139 - - [29/Mar/2025:20:28:26 -0400] "GET /page/11/ HTTP/1.1" 404 1251 "-" "Mozilla/5.0 (Linux; Android 5.0) AppleWebKit/537.36 (KHTML, like Gecko) Mobile Safari/537.36 (compatible; Bytespider; https://zhanzhang.toutiao.com/)"
111.225.148.225 - - [29/Mar/2025:20:28:52 -0400] "GET /category/activity/page/12/ HTTP/1.1" 404 1251 "-" "Mozilla/5.0 (Linux; Android 5.0) AppleWebKit/537.36 (KHTML, like Gecko) Mobile Safari/537.36 (compatible; Bytespider; https://zhanzhang.toutiao.com/)"
111.225.149.136 - - [29/Mar/2025:20:29:18 -0400] "GET /page/60/ HTTP/1.1" 404 1251 "-" "Mozilla/5.0 (Linux; Android 5.0) AppleWebKit/537.36 (KHTML, like Gecko) Mobile Safari/537.36 (compatible; Bytespider; https://zhanzhang.toutiao.com/)"
51.222.253.15 - - [29/Mar/2025:20:29:30 -0400] "GET /hiring-a-tax-consultant-in-hattingen/feed/ HTTP/1.1" 404 1251 "-" "Mozilla/5.0 (compatible; AhrefsBot/7.0; +http://ahrefs.com/robot/)"
212.34.146.152 - - [29/Mar/2025:20:30:45 -0400] "GET / HTTP/1.1" 200 156100 "-" "Mozilla/5.0 (Macintosh; Intel Mac OS X 10_15_7) AppleWebKit/537.36 (KHTML, like Gecko) Chrome/133.0.0.0 Safari/537.36"
212.34.146.152 - - [29/Mar/2025:20:30:46 -0400] "GET /gp/registry/wishlist/ HTTP/1.1" 404 1251 "-" "Mozilla/5.0 (Macintosh; Intel Mac OS X 10_15_7) AppleWebKit/537.36 (KHTML, like Gecko) Chrome/133.0.0.0 Safari/537.36"
212.34.146.152 - - [29/Mar/2025:20:30:47 -0400] "GET / HTTP/1.1" 200 156100 "-" "Mozilla/5.0 (Macintosh; Intel Mac OS X 10_15_7) AppleWebKit/537.36 (KHTML, like Gecko) Chrome/133.0.0.0 Safari/537.36"
212.34.146.152 - - [29/Mar/2025:20:30:48 -0400] "GET / HTTP/1.1" 200 156100 "-" "Mozilla/5.0 (Macintosh; Intel Mac OS X 10_15_7) AppleWebKit/537.36 (KHTML, like Gecko) Chrome/133.0.0.0 Safari/537.36"
212.34.146.152 - - [29/Mar/2025:20:30:49 -0400] "GET /product-reviews/B0DG4WZZPV/ref=acr_dp_hist_5?ie=UTF8&filterByStar=five_star&reviewerType=all_reviews HTTP/1.1" 404 1251 "-" "Mozilla/5.0 (Macintosh; Intel Mac OS X 10_15_7) AppleWebKit/537.36 (KHTML, like Gecko) Chrome/133.0.0.0 Safari/537.36"
212.34.146.152 - - [29/Mar/2025:20:30:50 -0400] "GET /product-reviews/B0DG4WZZPV/ref=acr_dp_hist_4?ie=UTF8&filterByStar=four_star&reviewerType=all_reviews HTTP/1.1" 404 1251 "-" "Mozilla/5.0 (Macintosh; Intel Mac OS X 10_15_7) AppleWebKit/537.36 (KHTML, like Gecko) Chrome/133.0.0.0 Safari/537.36"
212.34.146.152 - - [29/Mar/2025:20:30:50 -0400] "GET /product-reviews/B0DG4WZZPV/ref=acr_dp_hist_3?ie=UTF8&filterByStar=three_star&reviewerType=all_reviews HTTP/1.1" 404 1251 "-" "Mozilla/5.0 (Macintosh; Intel Mac OS X 10_15_7) AppleWebKit/537.36 (KHTML, like Gecko) Chrome/133.0.0.0 Safari/537.36"
212.34.146.152 - - [29/Mar/2025:20:30:51 -0400] "GET /product-reviews/B0DG4WZZPV/ref=acr_dp_hist_2?ie=UTF8&filterByStar=two_star&reviewerType=all_reviews HTTP/1.1" 404 1251 "-" "Mozilla/5.0 (Macintosh; Intel Mac OS X 10_15_7) AppleWebKit/537.36 (KHTML, like Gecko) Chrome/133.0.0.0 Safari/537.36"
212.34.146.152 - - [29/Mar/2025:20:30:51 -0400] "GET /product-reviews/B0DG4WZZPV/ref=acr_dp_hist_1?ie=UTF8&filterByStar=one_star&reviewerType=all_reviews HTTP/1.1" 404 1251 "-" "Mozilla/5.0 (Macintosh; Intel Mac OS X 10_15_7) AppleWebKit/537.36 (KHTML, like Gecko) Chrome/133.0.0.0 Safari/537.36"
212.34.146.152 - - [29/Mar/2025:20:30:52 -0400] "GET /review/create-review/ref=cm_cr_dp_d_wr_but_top?ie=UTF8&channel=glance-detail&asin=B0DG4WZZPV HTTP/1.1" 404 1251 "-" "Mozilla/5.0 (Macintosh; Intel Mac OS X 10_15_7) AppleWebKit/537.36 (KHTML, like Gecko) Chrome/133.0.0.0 Safari/537.36"
212.34.146.152 - - [29/Mar/2025:20:30:53 -0400] "GET /gp/profile/amzn1.account.AFXQP46YJ2XUKR4MYZFNG3H2CXBQ/ref=cm_cr_dp_d_gw_tr?ie=UTF8 HTTP/1.1" 404 1251 "-" "Mozilla/5.0 (Macintosh; Intel Mac OS X 10_15_7) AppleWebKit/537.36 (KHTML, like Gecko) Chrome/133.0.0.0 Safari/537.36"
212.34.146.152 - - [29/Mar/2025:20:30:53 -0400] "GET /gp/customer-reviews/R2DVCU4L2UJJBX/ref=cm_cr_dp_d_rvw_ttl?ie=UTF8&ASIN=B0DG4WZZPV HTTP/1.1" 404 1251 "-" "Mozilla/5.0 (Macintosh; Intel Mac OS X 10_15_7) AppleWebKit/537.36 (KHTML, like Gecko) Chrome/133.0.0.0 Safari/537.36"
212.34.146.152 - - [29/Mar/2025:20:30:54 -0400] "GET /gp/profile/amzn1.account.AF5FRYZXCS7TKUJBS42LJ5SIYFCQ/ref=cm_cr_dp_d_gw_tr?ie=UTF8 HTTP/1.1" 404 1251 "-" "Mozilla/5.0 (Macintosh; Intel Mac OS X 10_15_7) AppleWebKit/537.36 (KHTML, like Gecko) Chrome/133.0.0.0 Safari/537.36"
212.34.146.152 - - [29/Mar/2025:20:30:55 -0400] "GET /gp/customer-reviews/RSOLMCOFAZGYC/ref=cm_cr_dp_d_rvw_ttl?ie=UTF8&ASIN=B0DG4WZZPV HTTP/1.1" 404 1251 "-" "Mozilla/5.0 (Macintosh; Intel Mac OS X 10_15_7) AppleWebKit/537.36 (KHTML, like Gecko) Chrome/133.0.0.0 Safari/537.36"
212.34.146.152 - - [29/Mar/2025:20:30:55 -0400] "GET /gp/profile/amzn1.account.AEI6M6PK7YTYMMDYHFCY44VLPMYQ/ref=cm_cr_dp_d_gw_tr?ie=UTF8 HTTP/1.1" 404 1251 "-" "Mozilla/5.0 (Macintosh; Intel Mac OS X 10_15_7) AppleWebKit/537.36 (KHTML, like Gecko) Chrome/133.0.0.0 Safari/537.36"
212.34.146.152 - - [29/Mar/2025:20:30:56 -0400] "GET /gp/customer-reviews/R1PEI6HEVK2UIC/ref=cm_cr_dp_d_rvw_ttl?ie=UTF8&ASIN=B0DG4WZZPV HTTP/1.1" 404 1251 "-" "Mozilla/5.0 (Macintosh; Intel Mac OS X 10_15_7) AppleWebKit/537.36 (KHTML, like Gecko) Chrome/133.0.0.0 Safari/537.36"
212.34.146.152 - - [29/Mar/2025:20:30:56 -0400] "GET /hz/reviews-render/report-review?ie=UTF8&ref=cm_cr_dp_d_report&csrfT=hI7SZljMN8bG2ire57mKHlD4fY6c8uVTvZXytn4fYPolAAAAAGcq7rEAAAAB&reviewId=R1PEI6HEVK2UIC HTTP/1.1" 404 1251 "-" "Mozilla/5.0 (Macintosh; Intel Mac OS X 10_15_7) AppleWebKit/537.36 (KHTML, like Gecko) Chrome/133.0.0.0 Safari/537.36"
51.222.253.1 - - [29/Mar/2025:20:31:39 -0400] "GET /conservatory-roof-replacement/feed/ HTTP/1.1" 404 1251 "-" "Mozilla/5.0 (compatible; AhrefsBot/7.0; +http://ahrefs.com/robot/)"
51.222.253.12 - - [29/Mar/2025:20:33:31 -0400] "GET /category/activity/page/126/ HTTP/1.1" 404 1251 "-" "Mozilla/5.0 (compatible; AhrefsBot/7.0; +http://ahrefs.com/robot/)"
110.249.202.145 - - [29/Mar/2025:20:34:20 -0400] "GET /dp/B086PFKYVH?ref=MarsFS_eero_AG HTTP/1.1" 404 1251 "-" "Mozilla/5.0 (Linux; Android 5.0) AppleWebKit/537.36 (KHTML, like Gecko) Mobile Safari/537.36 (compatible; Bytespider; https://zhanzhang.toutiao.com/)"
51.222.253.14 - - [29/Mar/2025:20:35:22 -0400] "GET /page/36/ HTTP/1.1" 404 1251 "-" "Mozilla/5.0 (compatible; AhrefsBot/7.0; +http://ahrefs.com/robot/)"
51.222.253.1 - - [29/Mar/2025:20:37:05 -0400] "GET /what-are-peptides-and-how-can-they-help-you/feed/ HTTP/1.1" 404 1251 "-" "Mozilla/5.0 (compatible; AhrefsBot/7.0; +http://ahrefs.com/robot/)"
51.222.253.7 - - [29/Mar/2025:20:38:49 -0400] "GET /how-to-properly-use-a-blow-dryer/feed/ HTTP/1.1" 404 1251 "-" "Mozilla/5.0 (compatible; AhrefsBot/7.0; +http://ahrefs.com/robot/)"
51.222.253.18 - - [29/Mar/2025:20:40:39 -0400] "GET /category/activity/page/28/ HTTP/1.1" 404 1251 "-" "Mozilla/5.0 (compatible; AhrefsBot/7.0; +http://ahrefs.com/robot/)"
193.93.192.97 - - [29/Mar/2025:20:42:12 -0400] "GET /wp-login.php HTTP/1.1" 200 1710 "-" "Mozilla/5.0 (Windows NT 10.0; Win64; x64) AppleWebKit/537.36 (KHTML, like Gecko) Chrome/115.0.0.0 Safari/537.36 Edg/115.0.1901.203"
198.54.114.83 - - [29/Mar/2025:20:42:21 -0400] "POST /wp-cron.php?doing_wp_cron=1743295341.1545500755310058593750 HTTP/1.1" 200 0 "-" "WordPress/6.7.2; https://alualufoil.com"
193.93.192.97 - - [29/Mar/2025:20:42:13 -0400] "POST /wp-login.php HTTP/1.1" 200 1850 "https://alualufoil.com/wp-login.php" "Mozilla/5.0 (Windows NT 10.0; Win64; x64) AppleWebKit/537.36 (KHTML, like Gecko) Chrome/115.0.0.0 Safari/537.36 Edg/115.0.1901.203"
198.54.114.83 - - [29/Mar/2025:20:42:21 -0400] "POST /wp-admin/admin-ajax.php?action=async_litespeed&nonce=K1QDjKKKgEWTvp7T3zsNcYbbZdZ3Gut2&litespeed_type=imgoptm HTTP/1.1" 200 0 "-" "WordPress/6.7.2; https://alualufoil.com"
51.222.253.7 - - [29/Mar/2025:20:42:33 -0400] "GET /replacement-conservatory-roof/feed/ HTTP/1.1" 404 1251 "-" "Mozilla/5.0 (compatible; AhrefsBot/7.0; +http://ahrefs.com/robot/)"
51.222.253.7 - - [29/Mar/2025:20:44:21 -0400] "GET /page/125/ HTTP/1.1" 404 1251 "-" "Mozilla/5.0 (compatible; AhrefsBot/7.0; +http://ahrefs.com/robot/)"
51.222.253.18 - - [29/Mar/2025:20:46:06 -0400] "GET /redefining-innovation-in-consumer-electronics/feed/ HTTP/1.1" 404 1251 "-" "Mozilla/5.0 (compatible; AhrefsBot/7.0; +http://ahrefs.com/robot/)"
217.154.91.7 - - [29/Mar/2025:20:46:29 -0400] "GET /wp-login.php HTTP/1.1" 200 1711 "http://alualufoil.com/wp-admin/" "Mozilla/5.0 (Windows NT 10.0; Win64; x64) AppleWebKit/537.36 (KHTML, like Gecko) Chrome/90.0.4430.85 Safari/537.36"
217.154.91.7 - - [29/Mar/2025:20:46:30 -0400] "POST /wp-login.php HTTP/1.1" 200 1838 "http://alualufoil.com/wp-admin/" "Mozilla/5.0 (Windows NT 10.0; Win64; x64) AppleWebKit/537.36 (KHTML, like Gecko) Chrome/90.0.4430.85 Safari/537.36"
198.54.114.83 - - [29/Mar/2025:20:46:30 -0400] "POST /wp-admin/admin-ajax.php?action=async_litespeed&nonce=bQZf39QavLApxCTX54COd4c76avQvL8H&litespeed_type=imgoptm HTTP/1.1" 200 0 "-" "WordPress/6.7.2; https://alualufoil.com"
217.154.91.7 - - [29/Mar/2025:20:46:30 -0400] "GET /wp-admin/ HTTP/1.1" 302 0 "https://www.google.com" "Mozilla/5.0 (Windows NT 10.0; Win64; x64) AppleWebKit/537.36 (KHTML, like Gecko) Chrome/90.0.4430.85 Safari/537.36"
217.154.91.7 - - [29/Mar/2025:20:46:32 -0400] "GET /wp-login.php?redirect_to=https%3A%2F%2Falualufoil.com%2Fwp-admin%2F&reauth=1 HTTP/1.1" 200 1711 "https://www.google.com" "Mozilla/5.0 (Windows NT 10.0; Win64; x64) AppleWebKit/537.36 (KHTML, like Gecko) Chrome/90.0.4430.85 Safari/537.36"
193.202.16.188 - - [29/Mar/2025:20:47:04 -0400] "GET /wp-login.php HTTP/1.1" 200 1710 "-" "Mozilla/5.0 (Windows NT 10.0; Win64; x64) AppleWebKit/537.36 (KHTML, like Gecko) Chrome/115.0.0.0 Safari/537.36 Edg/115.0.1901.203"
198.54.114.83 - - [29/Mar/2025:20:47:06 -0400] "POST /wp-cron.php?doing_wp_cron=1743295625.8817470073699951171875 HTTP/1.1" 200 0 "-" "WordPress/6.7.2; https://alualufoil.com"
193.202.16.188 - - [29/Mar/2025:20:47:05 -0400] "POST /wp-login.php HTTP/1.1" 200 1850 "https://alualufoil.com/wp-login.php" "Mozilla/5.0 (Windows NT 10.0; Win64; x64) AppleWebKit/537.36 (KHTML, like Gecko) Chrome/115.0.0.0 Safari/537.36 Edg/115.0.1901.203"
198.54.114.83 - - [29/Mar/2025:20:47:07 -0400] "POST /wp-admin/admin-ajax.php?action=async_litespeed&nonce=YE1OXe1H5QOdsC3NWqvvmjkwXPLB93xr&litespeed_type=imgoptm HTTP/1.1" 200 5 "-" "WordPress/6.7.2; https://alualufoil.com"
51.222.253.13 - - [29/Mar/2025:20:47:44 -0400] "GET /home-theater-systems-canada/feed/ HTTP/1.1" 404 1251 "-" "Mozilla/5.0 (compatible; AhrefsBot/7.0; +http://ahrefs.com/robot/)"
51.222.253.15 - - [29/Mar/2025:20:49:26 -0400] "GET /kitchen-cabinet-design-ideas/feed/ HTTP/1.1" 404 1251 "-" "Mozilla/5.0 (compatible; AhrefsBot/7.0; +http://ahrefs.com/robot/)"
51.222.253.5 - - [29/Mar/2025:20:51:19 -0400] "GET /stitch-style-must-have-clothings-for-lilo-and-stitch-fans/feed/ HTTP/1.1" 404 1251 "-" "Mozilla/5.0 (compatible; AhrefsBot/7.0; +http://ahrefs.com/robot/)"
51.222.253.11 - - [29/Mar/2025:20:52:51 -0400] "GET /custom-wardrobe-closet/feed/ HTTP/1.1" 404 1251 "-" "Mozilla/5.0 (compatible; AhrefsBot/7.0; +http://ahrefs.com/robot/)"
51.222.253.17 - - [29/Mar/2025:20:54:22 -0400] "GET /mens-wash-bag-essentials/ HTTP/1.1" 404 1251 "-" "Mozilla/5.0 (compatible; AhrefsBot/7.0; +http://ahrefs.com/robot/)"
185.220.100.249 - - [29/Mar/2025:20:55:08 -0400] "GET / HTTP/1.1" 200 156100 "https://alualufoil.com" "Mozilla/5.0 (Windows NT 6.1; Win64; x64) AppleWebKit/537.36 (KHTML, like Gecko) Chrome/48.0.2564.109 Safari/537.36"
51.222.253.3 - - [29/Mar/2025:20:55:51 -0400] "GET /how-to-find-an-mk-bag-for-sale/ HTTP/1.1" 404 1251 "-" "Mozilla/5.0 (compatible; AhrefsBot/7.0; +http://ahrefs.com/robot/)"
51.222.253.8 - - [29/Mar/2025:20:57:37 -0400] "GET /how-to-face-swap-a-photo/feed/ HTTP/1.1" 404 1251 "-" "Mozilla/5.0 (compatible; AhrefsBot/7.0; +http://ahrefs.com/robot/)"
40.77.167.54 - - [29/Mar/2025:20:57:58 -0400] "GET /good-physical-properties-of-medicinal-ptp-aluminum-foil.html?lang=ko HTTP/1.1" 404 1251 "-" "Mozilla/5.0 AppleWebKit/537.36 (KHTML, like Gecko; compatible; bingbot/2.0; +http://www.bing.com/bingbot.htm) Chrome/116.0.1938.76 Safari/537.36"
51.222.253.7 - - [29/Mar/2025:20:59:08 -0400] "GET /promouvoir-le-bien-etre-bucco-dentaire-dans-le-domaine-dune-clinique-dhygiene-dentaire/feed/ HTTP/1.1" 404 1251 "-" "Mozilla/5.0 (compatible; AhrefsBot/7.0; +http://ahrefs.com/robot/)"
51.222.253.8 - - [29/Mar/2025:21:00:55 -0400] "GET /choosing-the-best-british-male-voiceover/feed/ HTTP/1.1" 404 1251 "-" "Mozilla/5.0 (compatible; AhrefsBot/7.0; +http://ahrefs.com/robot/)"
51.222.253.7 - - [29/Mar/2025:21:02:46 -0400] "GET /potential-issues-with-peek-injection/feed/ HTTP/1.1" 404 1251 "-" "Mozilla/5.0 (compatible; AhrefsBot/7.0; +http://ahrefs.com/robot/)"
195.114.14.101 - - [29/Mar/2025:21:03:24 -0400] "GET /wp-login.php HTTP/1.1" 200 1710 "-" "Mozilla/5.0 (Windows NT 10.0; Win64; x64) AppleWebKit/537.36 (KHTML, like Gecko) Chrome/87.0.4280.141 Safari/537.36"
198.54.114.83 - - [29/Mar/2025:21:03:24 -0400] "POST /wp-admin/admin-ajax.php?action=async_litespeed&nonce=V9k76F5GpaWAFVKIzwOpF1vI1M2i78HG&litespeed_type=imgoptm HTTP/1.1" 200 5 "-" "WordPress/6.7.2; https://alualufoil.com"
195.114.14.101 - - [29/Mar/2025:21:03:25 -0400] "GET /wp-login.php HTTP/1.1" 200 1710 "-" "Mozilla/5.0 (Windows NT 10.0; Win64; x64) AppleWebKit/537.36 (KHTML, like Gecko) Chrome/87.0.4280.141 Safari/537.36"
136.243.228.179 - - [29/Mar/2025:21:03:29 -0400] "GET /yves-saint-laurent-libre-intense-damen-edt-100-ml/ HTTP/1.1" 404 1251 "-" "Mozilla/5.0 (compatible; DataForSeoBot/1.0; +https://dataforseo.com/dataforseo-bot)"
51.222.253.13 - - [29/Mar/2025:21:04:24 -0400] "GET /instant-hot-and-cold-water-dispensers/feed/ HTTP/1.1" 404 1251 "-" "Mozilla/5.0 (compatible; AhrefsBot/7.0; +http://ahrefs.com/robot/)"
198.54.114.83 - - [29/Mar/2025:21:04:52 -0400] "POST /wp-cron.php?doing_wp_cron=1743296692.5511419773101806640625 HTTP/1.1" 200 0 "-" "WordPress/6.7.2; https://alualufoil.com"
217.154.91.7 - - [29/Mar/2025:21:04:47 -0400] "POST /wp-login.php HTTP/1.1" 200 1838 "https://alualufoil.com/wp-admin/" "Mozilla/5.0 (Windows NT 10.0; Win64; x64) AppleWebKit/537.36 (KHTML, like Gecko) Chrome/90.0.4430.85 Safari/537.36"
217.154.91.7 - - [29/Mar/2025:21:04:53 -0400] "GET /wp-admin/ HTTP/1.1" 302 0 "https://www.google.com" "Mozilla/5.0 (Windows NT 10.0; Win64; x64) AppleWebKit/537.36 (KHTML, like Gecko) Chrome/90.0.4430.85 Safari/537.36"
198.54.114.83 - - [29/Mar/2025:21:04:53 -0400] "POST /wp-admin/admin-ajax.php?action=async_litespeed&nonce=JTR7J52Dg5GiNnB0fi0p8FysGwGdMBSj&litespeed_type=imgoptm HTTP/1.1" 200 5 "-" "WordPress/6.7.2; https://alualufoil.com"
217.154.91.7 - - [29/Mar/2025:21:04:54 -0400] "GET /wp-login.php?redirect_to=https%3A%2F%2Falualufoil.com%2Fwp-admin%2F&reauth=1 HTTP/1.1" 200 1711 "https://www.google.com" "Mozilla/5.0 (Windows NT 10.0; Win64; x64) AppleWebKit/537.36 (KHTML, like Gecko) Chrome/90.0.4430.85 Safari/537.36"
51.222.253.10 - - [29/Mar/2025:21:05:59 -0400] "GET /page/131/ HTTP/1.1" 404 1251 "-" "Mozilla/5.0 (compatible; AhrefsBot/7.0; +http://ahrefs.com/robot/)"
51.222.253.8 - - [29/Mar/2025:21:07:41 -0400] "GET /face-swap/feed/ HTTP/1.1" 404 1251 "-" "Mozilla/5.0 (compatible; AhrefsBot/7.0; +http://ahrefs.com/robot/)"
51.222.253.9 - - [29/Mar/2025:21:09:13 -0400] "GET /types-of-conservatory-roofs-and-their-benefits/feed/ HTTP/1.1" 404 1251 "-" "Mozilla/5.0 (compatible; AhrefsBot/7.0; +http://ahrefs.com/robot/)"
54.91.122.193 - - [29/Mar/2025:21:10:47 -0400] "GET /the-importance-of-an-attorney-bio/ HTTP/1.1" 404 1251 "-" "Mozilla/5.0 AppleWebKit/537.36 (KHTML, like Gecko; compatible; Amazonbot/0.1; +https://developer.amazon.com/support/amazonbot) Chrome/119.0.6045.214 Safari/537.36"
51.222.253.16 - - [29/Mar/2025:21:11:01 -0400] "GET /revolutionizing-workplace-interaction-the-employee-communication-app/feed/ HTTP/1.1" 404 1251 "-" "Mozilla/5.0 (compatible; AhrefsBot/7.0; +http://ahrefs.com/robot/)"
52.167.144.215 - - [29/Mar/2025:21:12:10 -0400] "GET /vacation-cartagena-colombia/ HTTP/1.1" 404 1251 "-" "Mozilla/5.0 AppleWebKit/537.36 (KHTML, like Gecko; compatible; bingbot/2.0; +http://www.bing.com/bingbot.htm) Chrome/116.0.1938.76 Safari/537.36"
51.222.253.19 - - [29/Mar/2025:21:12:39 -0400] "GET /best-hairdryers/feed/ HTTP/1.1" 404 1251 "-" "Mozilla/5.0 (compatible; AhrefsBot/7.0; +http://ahrefs.com/robot/)"
51.222.253.13 - - [29/Mar/2025:21:14:15 -0400] "GET /category/activity/page/124/ HTTP/1.1" 404 1251 "-" "Mozilla/5.0 (compatible; AhrefsBot/7.0; +http://ahrefs.com/robot/)"
51.222.253.19 - - [29/Mar/2025:21:15:59 -0400] "GET /nostalgie-eclairante-le-monde-fascinant-des-lampes-a-lave/feed/ HTTP/1.1" 404 1251 "-" "Mozilla/5.0 (compatible; AhrefsBot/7.0; +http://ahrefs.com/robot/)"
51.222.253.16 - - [29/Mar/2025:21:17:37 -0400] "GET /category/activity/page/123/ HTTP/1.1" 404 1251 "-" "Mozilla/5.0 (compatible; AhrefsBot/7.0; +http://ahrefs.com/robot/)"
51.222.253.14 - - [29/Mar/2025:21:19:19 -0400] "GET /dog-dewormer-for-cancer/feed/ HTTP/1.1" 404 1251 "-" "Mozilla/5.0 (compatible; AhrefsBot/7.0; +http://ahrefs.com/robot/)"
2001:4ca0:108:42::24 - - [29/Mar/2025:21:20:17 -0400] "GET /robots.txt HTTP/1.1" 304 0 "-" "Mozilla/5.0 (Windows NT 10.0; Win64; x64) AppleWebKit/537.36 (KHTML, like Gecko) Chrome/103.0.5060.134 Safari/537.36"
51.222.253.1 - - [29/Mar/2025:21:21:05 -0400] "GET /british-aikido-board-national-nepotism-seminar/feed/ HTTP/1.1" 404 1251 "-" "Mozilla/5.0 (compatible; AhrefsBot/7.0; +http://ahrefs.com/robot/)"
51.222.253.14 - - [29/Mar/2025:21:22:44 -0400] "GET /unlocking-success-the-power-of-programmatic-marketing-in-dubai/feed/ HTTP/1.1" 404 1251 "-" "Mozilla/5.0 (compatible; AhrefsBot/7.0; +http://ahrefs.com/robot/)"
51.222.253.7 - - [29/Mar/2025:21:24:26 -0400] "GET /page/38/ HTTP/1.1" 404 1251 "-" "Mozilla/5.0 (compatible; AhrefsBot/7.0; +http://ahrefs.com/robot/)"
172.245.168.36 - - [29/Mar/2025:21:25:15 -0400] "POST /index.php/wp-json/litespeed/v1/cdn_status HTTP/1.1" 404 1251 "https://alualufoil.com/wp-admin/update.php?action=upload-plugin" "Mozilla/5.0 (Windows NT 10.0; Win64; x64; rv:128.0) Gecko/20100101 Firefox/128.0"
51.222.253.2 - - [29/Mar/2025:21:25:59 -0400] "GET /page/39/ HTTP/1.1" 404 1251 "-" "Mozilla/5.0 (compatible; AhrefsBot/7.0; +http://ahrefs.com/robot/)"
51.222.253.12 - - [29/Mar/2025:21:27:24 -0400] "GET /curly-hairdresser-melbourne/feed/ HTTP/1.1" 404 1251 "-" "Mozilla/5.0 (compatible; AhrefsBot/7.0; +http://ahrefs.com/robot/)"
51.222.253.15 - - [29/Mar/2025:21:29:05 -0400] "GET /category/activity/page/122/ HTTP/1.1" 404 1251 "-" "Mozilla/5.0 (compatible; AhrefsBot/7.0; +http://ahrefs.com/robot/)"
51.222.253.14 - - [29/Mar/2025:21:30:52 -0400] "GET /custom-dress-socks/feed/ HTTP/1.1" 404 1251 "-" "Mozilla/5.0 (compatible; AhrefsBot/7.0; +http://ahrefs.com/robot/)"
51.222.253.19 - - [29/Mar/2025:21:32:26 -0400] "GET /how-to-fix-my-credit-score-5-steps-you-can-take-to-improve-your-score/feed/ HTTP/1.1" 404 1251 "-" "Mozilla/5.0 (compatible; AhrefsBot/7.0; +http://ahrefs.com/robot/)"
136.243.228.179 - - [29/Mar/2025:21:33:31 -0400] "GET /how-to-select-a-moonstone-ring/ HTTP/1.1" 404 1251 "-" "Mozilla/5.0 (compatible; DataForSeoBot/1.0; +https://dataforseo.com/dataforseo-bot)"
51.222.253.15 - - [29/Mar/2025:21:33:57 -0400] "GET /page/123/ HTTP/1.1" 404 1251 "-" "Mozilla/5.0 (compatible; AhrefsBot/7.0; +http://ahrefs.com/robot/)"
