51.222.253.3 - - [30/Mar/2025:01:24:05 -0400] "GET /custom-logo-socks/feed/ HTTP/1.1" 404 1251 "-" "Mozilla/5.0 (compatible; AhrefsBot/7.0; +http://ahrefs.com/robot/)"
42.236.101.199 - - [30/Mar/2025:01:24:05 -0400] "GET / HTTP/1.1" 200 156100 "https://alualufoil.com/" "Mozilla/5.0 (Windows NT 6.1; WOW64) AppleWebKit/537.36 (KHTML, like Gecko) Chrome/50.0.2661.102 Safari/537.36; 360Spider"
51.222.253.14 - - [30/Mar/2025:01:25:29 -0400] "GET /pilot-hole-for-1-4-lag-screw/feed/ HTTP/1.1" 404 1251 "-" "Mozilla/5.0 (compatible; AhrefsBot/7.0; +http://ahrefs.com/robot/)"
51.222.253.2 - - [30/Mar/2025:01:26:50 -0400] "GET /rock-solid-sports-betting-tips-you-ought-to-know-before-you-place-your-wagers/feed/ HTTP/1.1" 404 1251 "-" "Mozilla/5.0 (compatible; AhrefsBot/7.0; +http://ahrefs.com/robot/)"
51.222.253.6 - - [30/Mar/2025:01:28:11 -0400] "GET /weddings-in-lake-garda/feed/ HTTP/1.1" 404 1251 "-" "Mozilla/5.0 (compatible; AhrefsBot/7.0; +http://ahrefs.com/robot/)"
51.222.253.8 - - [30/Mar/2025:01:29:47 -0400] "GET /custom-football-socks/feed/ HTTP/1.1" 404 1251 "-" "Mozilla/5.0 (compatible; AhrefsBot/7.0; +http://ahrefs.com/robot/)"
51.222.253.12 - - [30/Mar/2025:01:31:16 -0400] "GET /facing-a-rent-increase-know-your-rights-and-options-legally/feed/ HTTP/1.1" 404 1251 "-" "Mozilla/5.0 (compatible; AhrefsBot/7.0; +http://ahrefs.com/robot/)"
51.222.253.2 - - [30/Mar/2025:01:32:43 -0400] "GET /category/activity/page/151/ HTTP/1.1" 404 1251 "-" "Mozilla/5.0 (compatible; AhrefsBot/7.0; +http://ahrefs.com/robot/)"
42.236.17.83 - - [30/Mar/2025:01:32:44 -0400] "GET / HTTP/1.1" 200 156100 "https://alualufoil.com/" "Mozilla/5.0 (Windows NT 6.1; WOW64) AppleWebKit/537.36 (KHTML, like Gecko) Chrome/50.0.2661.102 Safari/537.36; 360Spider"
51.222.253.11 - - [30/Mar/2025:01:34:04 -0400] "GET /unveiling-distinctive-symbols-exploring-the-allure-of-car-badges-for-sale/feed/ HTTP/1.1" 404 1251 "-" "Mozilla/5.0 (compatible; AhrefsBot/7.0; +http://ahrefs.com/robot/)"
51.222.253.1 - - [30/Mar/2025:01:35:18 -0400] "GET /innovative-living-california-prefab-homes/feed/ HTTP/1.1" 404 1251 "-" "Mozilla/5.0 (compatible; AhrefsBot/7.0; +http://ahrefs.com/robot/)"
51.222.253.1 - - [30/Mar/2025:01:36:39 -0400] "GET /the-rise-of-online-lottery-games/feed/ HTTP/1.1" 404 1251 "-" "Mozilla/5.0 (compatible; AhrefsBot/7.0; +http://ahrefs.com/robot/)"
51.222.253.18 - - [30/Mar/2025:01:38:01 -0400] "GET /concrete-tank-repairs/feed/ HTTP/1.1" 404 1251 "-" "Mozilla/5.0 (compatible; AhrefsBot/7.0; +http://ahrefs.com/robot/)"
51.222.253.5 - - [30/Mar/2025:01:39:24 -0400] "GET /the-power-of-massage-a-path-to-relaxation-and-wellness/feed/ HTTP/1.1" 404 1251 "-" "Mozilla/5.0 (compatible; AhrefsBot/7.0; +http://ahrefs.com/robot/)"
51.222.253.17 - - [30/Mar/2025:01:40:45 -0400] "GET /getting-attached-what-it-means-part-two/feed/ HTTP/1.1" 404 1251 "-" "Mozilla/5.0 (compatible; AhrefsBot/7.0; +http://ahrefs.com/robot/)"
51.222.253.15 - - [30/Mar/2025:01:42:13 -0400] "GET /unlocking-financial-success-with-steuerberater-hattingens/feed/ HTTP/1.1" 404 1251 "-" "Mozilla/5.0 (compatible; AhrefsBot/7.0; +http://ahrefs.com/robot/)"
51.222.253.1 - - [30/Mar/2025:01:43:33 -0400] "GET /removing-old-aluminum-windows/feed/ HTTP/1.1" 404 1251 "-" "Mozilla/5.0 (compatible; AhrefsBot/7.0; +http://ahrefs.com/robot/)"
51.222.253.8 - - [30/Mar/2025:01:44:52 -0400] "GET /manage-rentals/feed/ HTTP/1.1" 404 1251 "-" "Mozilla/5.0 (compatible; AhrefsBot/7.0; +http://ahrefs.com/robot/)"
51.222.253.5 - - [30/Mar/2025:01:46:00 -0400] "GET /norcold-replacement-cooling-unit/feed/ HTTP/1.1" 404 1251 "-" "Mozilla/5.0 (compatible; AhrefsBot/7.0; +http://ahrefs.com/robot/)"
51.222.253.8 - - [30/Mar/2025:01:47:26 -0400] "GET /bar/feed/ HTTP/1.1" 404 1251 "-" "Mozilla/5.0 (compatible; AhrefsBot/7.0; +http://ahrefs.com/robot/)"
51.222.253.11 - - [30/Mar/2025:01:48:45 -0400] "GET /the-electrical-panel-is-a-vital-component-of-your-home/feed/ HTTP/1.1" 404 1251 "-" "Mozilla/5.0 (compatible; AhrefsBot/7.0; +http://ahrefs.com/robot/)"
51.222.253.17 - - [30/Mar/2025:01:50:07 -0400] "GET /recrutement-dans-le-secteur-de-la-restauration-une-necessite-croissante/feed/ HTTP/1.1" 404 1251 "-" "Mozilla/5.0 (compatible; AhrefsBot/7.0; +http://ahrefs.com/robot/)"
51.222.253.2 - - [30/Mar/2025:01:51:37 -0400] "GET /popular-games-and-innovations-virtual-casino-gaming/feed/ HTTP/1.1" 404 1251 "-" "Mozilla/5.0 (compatible; AhrefsBot/7.0; +http://ahrefs.com/robot/)"
51.222.253.1 - - [30/Mar/2025:01:52:47 -0400] "GET /convertidores-de-unidad-de-torque-una-guia-completa/feed/ HTTP/1.1" 404 1251 "-" "Mozilla/5.0 (compatible; AhrefsBot/7.0; +http://ahrefs.com/robot/)"
51.222.253.12 - - [30/Mar/2025:01:53:53 -0400] "GET /the-myst-facilities-in-ho-chi-minh-city/feed/ HTTP/1.1" 404 1251 "-" "Mozilla/5.0 (compatible; AhrefsBot/7.0; +http://ahrefs.com/robot/)"
51.222.253.11 - - [30/Mar/2025:01:55:08 -0400] "GET /creative-agencies-in-mumbai/feed/ HTTP/1.1" 404 1251 "-" "Mozilla/5.0 (compatible; AhrefsBot/7.0; +http://ahrefs.com/robot/)"
98.83.73.139 - - [30/Mar/2025:01:55:35 -0400] "GET /is-bimatoprost-available-in-the-uk/ HTTP/1.1" 404 1251 "-" "Grammarly/1.0 (http://www.grammarly.com)"
51.222.253.16 - - [30/Mar/2025:01:56:19 -0400] "GET /luniverso-affascinante-delle-carte-magic-the-gathering/feed/ HTTP/1.1" 404 1251 "-" "Mozilla/5.0 (compatible; AhrefsBot/7.0; +http://ahrefs.com/robot/)"
51.222.253.17 - - [30/Mar/2025:01:57:37 -0400] "GET /5-8-to-mm/feed/ HTTP/1.1" 404 1251 "-" "Mozilla/5.0 (compatible; AhrefsBot/7.0; +http://ahrefs.com/robot/)"
66.249.73.132 - - [30/Mar/2025:01:57:43 -0400] "GET /hourly-care-dorchester-a-great-option-for-families-looking-for-safe-and-trusted-child-care/ HTTP/1.1" 404 1251 "-" "Mozilla/5.0 (Linux; Android 6.0.1; Nexus 5X Build/MMB29P) AppleWebKit/537.36 (KHTML, like Gecko) Chrome/134.0.6998.165 Mobile Safari/537.36 (compatible; Googlebot/2.1; +http://www.google.com/bot.html)"
47.128.96.130 - - [30/Mar/2025:01:58:30 -0400] "GET /shuttle-mediation/ HTTP/1.1" 404 1251 "-" "Mozilla/5.0 (Linux; Android 5.0) AppleWebKit/537.36 (KHTML, like Gecko) Mobile Safari/537.36 (compatible; TikTokSpider; ttspider-feedback@tiktok.com)"
51.222.253.18 - - [30/Mar/2025:01:58:55 -0400] "GET /what-are-flat-head-screws/feed/ HTTP/1.1" 404 1251 "-" "Mozilla/5.0 (compatible; AhrefsBot/7.0; +http://ahrefs.com/robot/)"
5.255.231.162 - - [30/Mar/2025:01:59:10 -0400] "GET /robots.txt HTTP/1.1" 304 0 "-" "Mozilla/5.0 (compatible; YandexBot/3.0; +http://yandex.com/bots)"
5.255.231.100 - - [30/Mar/2025:01:59:11 -0400] "GET / HTTP/1.1" 200 156100 "-" "Mozilla/5.0 (compatible; YandexBot/3.0; +http://yandex.com/bots)"
51.222.253.20 - - [30/Mar/2025:02:00:11 -0400] "GET /ein-uberblick/ HTTP/1.1" 404 1251 "-" "Mozilla/5.0 (compatible; AhrefsBot/7.0; +http://ahrefs.com/robot/)"
196.251.71.229 - - [30/Mar/2025:02:01:08 -0400] "GET /wp-content/themes/seotheme/db.php?u HTTP/1.1" 404 1251 "www.google.com" "Mozlila/5.0 (Linux; Android 7.0; SM-G892A Bulid/NRD90M; wv) AppleWebKit/537.36 (KHTML, like Gecko) Version/4.0 Chrome/60.0.3112.107 Moblie Safari/537.36"
196.251.71.229 - - [30/Mar/2025:02:01:09 -0400] "POST /wp-plain.php HTTP/1.1" 404 1251 "www.google.com" "Mozilla/5.0 (Linux; Android 7.0; SM-G892A Bulid/NRD90M; wv) AppleWebKit/537.36 (KHTML, like Gecko) Version/4.0 Chrome/60.0.3112.107 Moblie Safari/537.36"
196.251.71.229 - - [30/Mar/2025:02:01:09 -0400] "GET /bkreqyhw.php?Fox=d3wL7 HTTP/1.1" 404 1251 "www.google.com" "Mozilla/5.0 (Linux; Android 7.0; SM-G892A Bulid/NRD90M; wv) AppleWebKit/537.36 (KHTML, like Gecko) Version/4.0 Chrome/60.0.3112.107 Moblie Safari/537.36"
51.222.253.5 - - [30/Mar/2025:02:01:40 -0400] "GET /exterior-house-wash/feed/ HTTP/1.1" 404 1251 "-" "Mozilla/5.0 (compatible; AhrefsBot/7.0; +http://ahrefs.com/robot/)"
51.222.253.14 - - [30/Mar/2025:02:02:56 -0400] "GET /bamboo-products-building-materials-weapons-musical-instruments-and-many-more/feed/ HTTP/1.1" 404 1251 "-" "Mozilla/5.0 (compatible; AhrefsBot/7.0; +http://ahrefs.com/robot/)"
51.222.253.4 - - [30/Mar/2025:02:04:11 -0400] "GET /how-does-webseite-uebersetzen-determine-its-translation-cost/feed/ HTTP/1.1" 404 1251 "-" "Mozilla/5.0 (compatible; AhrefsBot/7.0; +http://ahrefs.com/robot/)"
51.222.253.8 - - [30/Mar/2025:02:05:21 -0400] "GET /the-power-of-house-washing-transforming-homes-with-renewed-brilliance/feed/ HTTP/1.1" 404 1251 "-" "Mozilla/5.0 (compatible; AhrefsBot/7.0; +http://ahrefs.com/robot/)"
98.83.73.139 - - [30/Mar/2025:02:05:39 -0400] "GET /is-bimatoprost-available-in-the-uk/ HTTP/1.1" 404 1251 "-" "Grammarly/1.0 (http://www.grammarly.com)"
136.243.228.179 - - [30/Mar/2025:02:06:24 -0400] "GET /talbina/ HTTP/1.1" 404 1251 "-" "Mozilla/5.0 (compatible; DataForSeoBot/1.0; +https://dataforseo.com/dataforseo-bot)"
51.222.253.9 - - [30/Mar/2025:02:06:38 -0400] "GET /mens-boxershorts/feed/ HTTP/1.1" 404 1251 "-" "Mozilla/5.0 (compatible; AhrefsBot/7.0; +http://ahrefs.com/robot/)"
85.208.98.31 - - [30/Mar/2025:02:07:03 -0400] "GET /ultimate-convenience-the-instant-hot-cold-water-dispenser/ HTTP/1.1" 404 1251 "-" "Mozilla/5.0 (compatible; SemrushBot-BA; +http://www.semrush.com/bot.html)"
85.208.98.19 - - [30/Mar/2025:02:07:04 -0400] "GET /instant-hot-water-dispensers/ HTTP/1.1" 404 1251 "-" "Mozilla/5.0 (compatible; SemrushBot-BA; +http://www.semrush.com/bot.html)"
85.208.98.16 - - [30/Mar/2025:02:07:05 -0400] "GET /water-filter-taps-kitchen/ HTTP/1.1" 404 1251 "-" "Mozilla/5.0 (compatible; SemrushBot-BA; +http://www.semrush.com/bot.html)"
51.222.253.11 - - [30/Mar/2025:02:08:05 -0400] "GET /laminate-cabinet/feed/ HTTP/1.1" 404 1251 "-" "Mozilla/5.0 (compatible; AhrefsBot/7.0; +http://ahrefs.com/robot/)"
85.208.98.16 - - [30/Mar/2025:02:08:48 -0400] "GET /the-ultimate-convenience-instant-hot-and-cold-water-tap/ HTTP/1.1" 404 1251 "-" "Mozilla/5.0 (compatible; SemrushBot-BA; +http://www.semrush.com/bot.html)"
85.208.98.31 - - [30/Mar/2025:02:08:49 -0400] "GET /effortless-convenience-with-instant-hot-and-cold-water-dispensers/ HTTP/1.1" 404 1251 "-" "Mozilla/5.0 (compatible; SemrushBot-BA; +http://www.semrush.com/bot.html)"
85.208.98.16 - - [30/Mar/2025:02:08:51 -0400] "GET /instant-hot-water-dispenser/ HTTP/1.1" 404 1251 "-" "Mozilla/5.0 (compatible; SemrushBot-BA; +http://www.semrush.com/bot.html)"
51.222.253.3 - - [30/Mar/2025:02:09:22 -0400] "GET /design-your-kitchen-remodeling-on-a-budget/feed/ HTTP/1.1" 404 1251 "-" "Mozilla/5.0 (compatible; AhrefsBot/7.0; +http://ahrefs.com/robot/)"
51.222.253.18 - - [30/Mar/2025:02:10:56 -0400] "GET /how-tilt-sensors-function/feed/ HTTP/1.1" 404 1251 "-" "Mozilla/5.0 (compatible; AhrefsBot/7.0; +http://ahrefs.com/robot/)"
51.222.253.5 - - [30/Mar/2025:02:12:07 -0400] "GET /curly-hair-specialist-melbourne/feed/ HTTP/1.1" 404 1251 "-" "Mozilla/5.0 (compatible; AhrefsBot/7.0; +http://ahrefs.com/robot/)"
51.222.253.9 - - [30/Mar/2025:02:13:19 -0400] "GET /a-modern-perspective/feed/ HTTP/1.1" 404 1251 "-" "Mozilla/5.0 (compatible; AhrefsBot/7.0; +http://ahrefs.com/robot/)"
51.222.253.12 - - [30/Mar/2025:02:14:39 -0400] "GET /transform-your-outdoors-with-fort-collins-stamped-concrete/feed/ HTTP/1.1" 404 1251 "-" "Mozilla/5.0 (compatible; AhrefsBot/7.0; +http://ahrefs.com/robot/)"
51.222.253.18 - - [30/Mar/2025:02:16:17 -0400] "GET /wholesale-plumbing-supplies-distributors-in-houston-indicted/feed/ HTTP/1.1" 404 1251 "-" "Mozilla/5.0 (compatible; AhrefsBot/7.0; +http://ahrefs.com/robot/)"
51.222.253.10 - - [30/Mar/2025:02:17:35 -0400] "GET /cbd-oil-uk-2/feed/ HTTP/1.1" 404 1251 "-" "Mozilla/5.0 (compatible; AhrefsBot/7.0; +http://ahrefs.com/robot/)"
51.222.253.20 - - [30/Mar/2025:02:18:55 -0400] "GET /designer-handbag-sales-in-the-20th-century/feed/ HTTP/1.1" 404 1251 "-" "Mozilla/5.0 (compatible; AhrefsBot/7.0; +http://ahrefs.com/robot/)"
51.222.253.11 - - [30/Mar/2025:02:20:22 -0400] "GET /what-does-the-thermostat-mean-on-iphone-weather/feed/ HTTP/1.1" 404 1251 "-" "Mozilla/5.0 (compatible; AhrefsBot/7.0; +http://ahrefs.com/robot/)"
51.222.253.3 - - [30/Mar/2025:02:21:45 -0400] "GET /significance-of-plumbing-supplies-and-products/feed/ HTTP/1.1" 404 1251 "-" "Mozilla/5.0 (compatible; AhrefsBot/7.0; +http://ahrefs.com/robot/)"
51.222.253.7 - - [30/Mar/2025:02:22:59 -0400] "GET /the-rise-of-online-casinos-a-modern-gaming-revolution/feed/ HTTP/1.1" 404 1251 "-" "Mozilla/5.0 (compatible; AhrefsBot/7.0; +http://ahrefs.com/robot/)"
103.122.177.157 - - [30/Mar/2025:02:23:10 -0400] "GET /many-reasons-and-evolution-facts-about-the-keychain-pocket-watch/ HTTP/1.1" 404 1251 "-" "Mozilla/5.0 (Macintosh; Intel Mac OS X 10_15_7) AppleWebKit/537.36 (KHTML, like Gecko) Chrome/125.0.0.0 Safari/537.36"
52.167.144.214 - - [30/Mar/2025:02:23:14 -0400] "GET /discover-the-charm-of-resort-lake-garda/feed/ HTTP/1.1" 404 1251 "-" "Mozilla/5.0 AppleWebKit/537.36 (KHTML, like Gecko; compatible; bingbot/2.0; +http://www.bing.com/bingbot.htm) Chrome/116.0.1938.76 Safari/537.36"
51.222.253.11 - - [30/Mar/2025:02:24:25 -0400] "GET /prenoms-bebes-quebec/feed/ HTTP/1.1" 404 1251 "-" "Mozilla/5.0 (compatible; AhrefsBot/7.0; +http://ahrefs.com/robot/)"
51.222.253.12 - - [30/Mar/2025:02:25:42 -0400] "GET /mens-bamboo-t-shirts/feed/ HTTP/1.1" 404 1251 "-" "Mozilla/5.0 (compatible; AhrefsBot/7.0; +http://ahrefs.com/robot/)"
51.222.253.20 - - [30/Mar/2025:02:27:11 -0400] "GET /used-casino-slot-machines-how-to-pick-the-right-one-for-your-home-game-room/feed/ HTTP/1.1" 404 1251 "-" "Mozilla/5.0 (compatible; AhrefsBot/7.0; +http://ahrefs.com/robot/)"
51.222.253.8 - - [30/Mar/2025:02:28:34 -0400] "GET /iptv-and-itv-killers-of-free-tv-shows/feed/ HTTP/1.1" 404 1251 "-" "Mozilla/5.0 (compatible; AhrefsBot/7.0; +http://ahrefs.com/robot/)"
51.222.253.11 - - [30/Mar/2025:02:29:57 -0400] "GET /vita-glow-cream/feed/ HTTP/1.1" 404 1251 "-" "Mozilla/5.0 (compatible; AhrefsBot/7.0; +http://ahrefs.com/robot/)"
51.222.253.19 - - [30/Mar/2025:02:31:21 -0400] "GET /the-ultimate-guide-to-deleting-your-instagram-account/feed/ HTTP/1.1" 404 1251 "-" "Mozilla/5.0 (compatible; AhrefsBot/7.0; +http://ahrefs.com/robot/)"
51.222.253.16 - - [30/Mar/2025:02:32:56 -0400] "GET /la-revolution-mobile-decouvrez-la-mini-imprimante/feed/ HTTP/1.1" 404 1251 "-" "Mozilla/5.0 (compatible; AhrefsBot/7.0; +http://ahrefs.com/robot/)"
51.222.253.9 - - [30/Mar/2025:02:34:29 -0400] "GET /distinct-uses-of-postcards/feed/ HTTP/1.1" 404 1251 "-" "Mozilla/5.0 (compatible; AhrefsBot/7.0; +http://ahrefs.com/robot/)"
51.222.253.4 - - [30/Mar/2025:02:35:56 -0400] "GET /beste-rechtsanwalte-fur-scheidungen-in-hattingen-ihre-experten-vor-ort/feed/ HTTP/1.1" 404 1251 "-" "Mozilla/5.0 (compatible; AhrefsBot/7.0; +http://ahrefs.com/robot/)"
51.222.253.8 - - [30/Mar/2025:02:37:23 -0400] "GET /what-is-an-igaming-casino/feed/ HTTP/1.1" 404 1251 "-" "Mozilla/5.0 (compatible; AhrefsBot/7.0; +http://ahrefs.com/robot/)"
51.222.253.3 - - [30/Mar/2025:02:38:40 -0400] "GET /butt-connectors/feed/ HTTP/1.1" 404 1251 "-" "Mozilla/5.0 (compatible; AhrefsBot/7.0; +http://ahrefs.com/robot/)"
136.243.228.179 - - [30/Mar/2025:02:39:34 -0400] "GET /the-history-of-jewelry-rings/ HTTP/1.1" 404 1251 "-" "Mozilla/5.0 (compatible; DataForSeoBot/1.0; +https://dataforseo.com/dataforseo-bot)"
51.222.253.10 - - [30/Mar/2025:02:40:16 -0400] "GET /wie-sie-beim-gitarrenunterricht-erfolgreich-sind-indem-sie-ihren-schulern-zeigen-wie-man-ubt/feed/ HTTP/1.1" 404 1251 "-" "Mozilla/5.0 (compatible; AhrefsBot/7.0; +http://ahrefs.com/robot/)"
198.54.114.83 - - [30/Mar/2025:02:41:04 -0400] "POST /wp-cron.php?doing_wp_cron=1743316864.7136199474334716796875 HTTP/1.1" 200 0 "-" "WordPress/6.7.2; https://alualufoil.com"
103.77.242.185 - - [30/Mar/2025:02:41:01 -0400] "POST /wp-login.php?wc-ajax=1 HTTP/1.1" 200 1848 "https://alualufoil.com/wp-admin/" "Mozilla/5.0 (Windows NT 10.0; Win64; x64) AppleWebKit/537.36 (KHTML, like Gecko) Chrome/90.0.4430.85 Safari/537.36"
103.77.242.185 - - [30/Mar/2025:02:41:05 -0400] "GET /wp-admin/?wc-ajax=1 HTTP/1.1" 302 0 "www.google.com" "Mozilla/5.0 (Windows NT 10.0; Win64; x64) AppleWebKit/537.36 (KHTML, like Gecko) Chrome/90.0.4430.85 Safari/537.36"
198.54.114.83 - - [30/Mar/2025:02:41:05 -0400] "POST /wp-admin/admin-ajax.php?action=async_litespeed&nonce=qwH2Upco7FH8MfDgHkVqQh68GQz7briF&litespeed_type=imgoptm HTTP/1.1" 200 5 "-" "WordPress/6.7.2; https://alualufoil.com"
103.77.242.185 - - [30/Mar/2025:02:41:06 -0400] "GET /wp-login.php?redirect_to=https%3A%2F%2Falualufoil.com%2Fwp-admin%2F%3Fwc-ajax%3D1&reauth=1 HTTP/1.1" 200 1719 "www.google.com" "Mozilla/5.0 (Windows NT 10.0; Win64; x64) AppleWebKit/537.36 (KHTML, like Gecko) Chrome/90.0.4430.85 Safari/537.36"
66.249.73.132 - - [30/Mar/2025:02:41:48 -0400] "GET /page-sitemap.xml HTTP/1.1" 404 1251 "-" "Mozilla/5.0 (compatible; Googlebot/2.1; +http://www.google.com/bot.html)"
51.222.253.14 - - [30/Mar/2025:02:41:54 -0400] "GET /home-insulation-batts/feed/ HTTP/1.1" 404 1251 "-" "Mozilla/5.0 (compatible; AhrefsBot/7.0; +http://ahrefs.com/robot/)"
51.222.253.1 - - [30/Mar/2025:02:43:26 -0400] "GET /a-dewormer-for-cancer-may-be-your-dogs-best-friend/feed/ HTTP/1.1" 404 1251 "-" "Mozilla/5.0 (compatible; AhrefsBot/7.0; +http://ahrefs.com/robot/)"
51.222.253.12 - - [30/Mar/2025:02:44:50 -0400] "GET /the-right-way-to-get-video-clip-through-youtube-com-regarding-mac-pc/feed/ HTTP/1.1" 404 1251 "-" "Mozilla/5.0 (compatible; AhrefsBot/7.0; +http://ahrefs.com/robot/)"
51.222.253.1 - - [30/Mar/2025:02:46:18 -0400] "GET /comment-utiliser-un-pendule-pour-obtenir-des-reponses-par-oui-et-par-non/feed/ HTTP/1.1" 404 1251 "-" "Mozilla/5.0 (compatible; AhrefsBot/7.0; +http://ahrefs.com/robot/)"
167.71.219.42 - - [30/Mar/2025:02:46:52 -0400] "GET /wp-login.php HTTP/1.1" 200 1710 "-" "Mozilla/5.0 (X11; Linux x86_64; rv:121.0) Gecko/20100101 Firefox/121.0"
167.71.219.42 - - [30/Mar/2025:02:46:52 -0400] "GET /wp-login.php HTTP/1.1" 200 1710 "-" "Mozilla/5.0 (X11; Linux x86_64; rv:121.0) Gecko/20100101 Firefox/121.0"
167.71.219.42 - - [30/Mar/2025:02:46:52 -0400] "GET /wp-login.php HTTP/1.1" 200 1710 "-" "Mozilla/5.0 (X11; Linux x86_64; rv:121.0) Gecko/20100101 Firefox/121.0"
167.71.219.42 - - [30/Mar/2025:02:46:52 -0400] "GET /wp-login.php HTTP/1.1" 200 1710 "-" "Mozilla/5.0 (X11; Linux x86_64; rv:121.0) Gecko/20100101 Firefox/121.0"
167.71.219.42 - - [30/Mar/2025:02:46:52 -0400] "GET /wp-login.php HTTP/1.1" 200 1710 "-" "Mozilla/5.0 (X11; Linux x86_64; rv:121.0) Gecko/20100101 Firefox/121.0"
167.71.219.42 - - [30/Mar/2025:02:46:53 -0400] "GET /wp-login.php HTTP/1.1" 200 1710 "-" "Mozilla/5.0 (X11; Linux x86_64; rv:121.0) Gecko/20100101 Firefox/121.0"
167.71.219.42 - - [30/Mar/2025:02:46:52 -0400] "POST /wp-login.php HTTP/1.1" 200 0 "-" "Mozilla/5.0 (X11; Linux x86_64; rv:121.0) Gecko/20100101 Firefox/121.0"
167.71.219.42 - - [30/Mar/2025:02:46:52 -0400] "POST /wp-login.php HTTP/1.1" 200 0 "-" "Mozilla/5.0 (X11; Linux x86_64; rv:121.0) Gecko/20100101 Firefox/121.0"
167.71.219.42 - - [30/Mar/2025:02:46:52 -0400] "POST /wp-login.php HTTP/1.1" 200 0 "-" "Mozilla/5.0 (X11; Linux x86_64; rv:121.0) Gecko/20100101 Firefox/121.0"
167.71.219.42 - - [30/Mar/2025:02:46:52 -0400] "POST /wp-login.php HTTP/1.1" 200 0 "-" "Mozilla/5.0 (X11; Linux x86_64; rv:121.0) Gecko/20100101 Firefox/121.0"
167.71.219.42 - - [30/Mar/2025:02:46:52 -0400] "POST /wp-login.php HTTP/1.1" 200 0 "-" "Mozilla/5.0 (X11; Linux x86_64; rv:121.0) Gecko/20100101 Firefox/121.0"
167.71.219.42 - - [30/Mar/2025:02:46:53 -0400] "POST /wp-login.php HTTP/1.1" 200 0 "-" "Mozilla/5.0 (X11; Linux x86_64; rv:121.0) Gecko/20100101 Firefox/121.0"
51.222.253.11 - - [30/Mar/2025:02:47:45 -0400] "GET /connectez-vous-avec-le-jeu-captivant-dragonica/feed/ HTTP/1.1" 404 1251 "-" "Mozilla/5.0 (compatible; AhrefsBot/7.0; +http://ahrefs.com/robot/)"
51.222.253.5 - - [30/Mar/2025:02:49:22 -0400] "GET /gestion-google-ads-pourquoi-avez-vous-besoin-dune-agence-parisienne-specialisee-dans-google-ads/feed/ HTTP/1.1" 404 1251 "-" "Mozilla/5.0 (compatible; AhrefsBot/7.0; +http://ahrefs.com/robot/)"
154.94.13.225 - - [30/Mar/2025:02:49:58 -0400] "GET /wp-json/wp/v2/users HTTP/1.1" 404 1251 "https://www.google.com" "Mozilla/5.0 (X11; Linux x86_64) AppleWebKit/537.36 (KHTML, like Gecko) Chrome/119.0.0.0 Safari/537.36"
154.94.13.225 - - [30/Mar/2025:02:49:59 -0400] "GET /?author=1 HTTP/1.1" 200 156100 "https://www.google.com" "Mozilla/5.0 (X11; Linux x86_64) AppleWebKit/537.36 (KHTML, like Gecko) Chrome/119.0.0.0 Safari/537.36"
154.94.13.225 - - [30/Mar/2025:02:50:00 -0400] "GET /wp-login.php HTTP/1.1" 200 1710 "https://www.google.com" "Mozilla/5.0 (X11; Linux x86_64) AppleWebKit/537.36 (KHTML, like Gecko) Chrome/119.0.0.0 Safari/537.36"
198.54.114.83 - - [30/Mar/2025:02:50:07 -0400] "POST /wp-cron.php?doing_wp_cron=1743317406.9238679409027099609375 HTTP/1.1" 200 0 "-" "WordPress/6.7.2; https://alualufoil.com"
154.94.13.225 - - [30/Mar/2025:02:50:01 -0400] "POST /wp-login.php HTTP/1.1" 200 1838 "https://alualufoil.com/wp-login.php" "Mozilla/5.0 (X11; Linux x86_64) AppleWebKit/537.36 (KHTML, like Gecko) Chrome/119.0.0.0 Safari/537.36"
198.54.114.83 - - [30/Mar/2025:02:50:08 -0400] "POST /wp-admin/admin-ajax.php?action=async_litespeed&nonce=yJ1zmFLIow1E1xuz3aQ2yVQIH5fLkFkg&litespeed_type=imgoptm HTTP/1.1" 200 0 "-" "WordPress/6.7.2; https://alualufoil.com"
154.94.13.225 - - [30/Mar/2025:02:50:08 -0400] "GET /wp-admin/ HTTP/1.1" 302 0 "https://alualufoil.com/wp-login.php" "Mozilla/5.0 (X11; Linux x86_64) AppleWebKit/537.36 (KHTML, like Gecko) Chrome/119.0.0.0 Safari/537.36"
154.94.13.225 - - [30/Mar/2025:02:50:11 -0400] "GET /wp-login.php?redirect_to=https%3A%2F%2Falualufoil.com%2Fwp-admin%2F&reauth=1 HTTP/1.1" 200 1711 "https://alualufoil.com/wp-login.php" "Mozilla/5.0 (X11; Linux x86_64) AppleWebKit/537.36 (KHTML, like Gecko) Chrome/119.0.0.0 Safari/537.36"
154.94.13.225 - - [30/Mar/2025:02:50:13 -0400] "GET /wp-login.php HTTP/1.1" 200 1710 "https://www.google.com" "Mozilla/5.0 (X11; Linux x86_64) AppleWebKit/537.36 (KHTML, like Gecko) Chrome/119.0.0.0 Safari/537.36"
154.94.13.225 - - [30/Mar/2025:02:50:14 -0400] "GET /admin HTTP/1.1" 404 1251 "https://www.google.com" "Mozilla/5.0 (X11; Linux x86_64) AppleWebKit/537.36 (KHTML, like Gecko) Chrome/119.0.0.0 Safari/537.36"
154.94.13.225 - - [30/Mar/2025:02:50:16 -0400] "GET /wp-login.php/ HTTP/1.1" 200 1711 "https://www.google.com" "Mozilla/5.0 (X11; Linux x86_64) AppleWebKit/537.36 (KHTML, like Gecko) Chrome/119.0.0.0 Safari/537.36"
154.94.13.225 - - [30/Mar/2025:02:50:18 -0400] "GET /admin/ HTTP/1.1" 404 1251 "https://www.google.com" "Mozilla/5.0 (X11; Linux x86_64) AppleWebKit/537.36 (KHTML, like Gecko) Chrome/119.0.0.0 Safari/537.36"
154.94.13.225 - - [30/Mar/2025:02:50:19 -0400] "GET /wp-login.php HTTP/1.1" 200 1710 "https://www.google.com" "Mozilla/5.0 (X11; Linux x86_64) AppleWebKit/537.36 (KHTML, like Gecko) Chrome/119.0.0.0 Safari/537.36"
154.94.13.225 - - [30/Mar/2025:02:50:20 -0400] "GET /administrator HTTP/1.1" 404 1251 "https://www.google.com" "Mozilla/5.0 (X11; Linux x86_64) AppleWebKit/537.36 (KHTML, like Gecko) Chrome/119.0.0.0 Safari/537.36"
154.94.13.225 - - [30/Mar/2025:02:50:21 -0400] "GET /wp-login.php HTTP/1.1" 200 1710 "https://www.google.com" "Mozilla/5.0 (X11; Linux x86_64) AppleWebKit/537.36 (KHTML, like Gecko) Chrome/119.0.0.0 Safari/537.36"
154.94.13.225 - - [30/Mar/2025:02:50:23 -0400] "GET /admin HTTP/1.1" 404 1251 "https://www.google.com" "Mozilla/5.0 (X11; Linux x86_64) AppleWebKit/537.36 (KHTML, like Gecko) Chrome/119.0.0.0 Safari/537.36"
51.222.253.15 - - [30/Mar/2025:02:51:14 -0400] "GET /get-thyself-a-mentor/feed/ HTTP/1.1" 404 1251 "-" "Mozilla/5.0 (compatible; AhrefsBot/7.0; +http://ahrefs.com/robot/)"
192.42.116.214 - - [30/Mar/2025:02:51:58 -0400] "GET / HTTP/1.1" 200 156100 "https://alualufoil.com" "Mozilla/5.0 (Windows NT 10.0; Win64; x64) AppleWebKit/537.36 (KHTML, like Gecko) Chrome/90.0.4430.212 Safari/537.36"
51.222.253.7 - - [30/Mar/2025:02:52:41 -0400] "GET /power-washing-is-best-left-to-the-pros-for-exterior-house-cleaning/feed/ HTTP/1.1" 404 1251 "-" "Mozilla/5.0 (compatible; AhrefsBot/7.0; +http://ahrefs.com/robot/)"
51.222.253.10 - - [30/Mar/2025:02:54:15 -0400] "GET /vorteile-der-verwendung-von-cbd-ol/feed/ HTTP/1.1" 404 1251 "-" "Mozilla/5.0 (compatible; AhrefsBot/7.0; +http://ahrefs.com/robot/)"
51.222.253.15 - - [30/Mar/2025:02:55:45 -0400] "GET /the-hill-at-one-north-condo/feed/ HTTP/1.1" 404 1251 "-" "Mozilla/5.0 (compatible; AhrefsBot/7.0; +http://ahrefs.com/robot/)"
51.222.253.1 - - [30/Mar/2025:02:57:11 -0400] "GET /coffres-de-couverture-avec-menuiserie-en-queue-daronde/feed/ HTTP/1.1" 404 1251 "-" "Mozilla/5.0 (compatible; AhrefsBot/7.0; +http://ahrefs.com/robot/)"
51.222.253.13 - - [30/Mar/2025:02:58:29 -0400] "GET /health-and-safety-awareness-course-2/feed/ HTTP/1.1" 404 1251 "-" "Mozilla/5.0 (compatible; AhrefsBot/7.0; +http://ahrefs.com/robot/)"
51.222.253.2 - - [30/Mar/2025:02:59:53 -0400] "GET /8-get-100/feed/ HTTP/1.1" 404 1251 "-" "Mozilla/5.0 (compatible; AhrefsBot/7.0; +http://ahrefs.com/robot/)"
51.222.253.3 - - [30/Mar/2025:03:01:26 -0400] "GET /the-most-popular-gambling-superstitions/feed/ HTTP/1.1" 404 1251 "-" "Mozilla/5.0 (compatible; AhrefsBot/7.0; +http://ahrefs.com/robot/)"
51.222.253.10 - - [30/Mar/2025:03:02:49 -0400] "GET /thailand-elite-programs/feed/ HTTP/1.1" 404 1251 "-" "Mozilla/5.0 (compatible; AhrefsBot/7.0; +http://ahrefs.com/robot/)"
51.222.253.3 - - [30/Mar/2025:03:04:16 -0400] "GET /flores-dominicana/feed/ HTTP/1.1" 404 1251 "-" "Mozilla/5.0 (compatible; AhrefsBot/7.0; +http://ahrefs.com/robot/)"
51.222.253.15 - - [30/Mar/2025:03:05:40 -0400] "GET /vietnam-motorbike-tours-the-iti-holiday-prize-draw/feed/ HTTP/1.1" 404 1251 "-" "Mozilla/5.0 (compatible; AhrefsBot/7.0; +http://ahrefs.com/robot/)"
51.222.253.8 - - [30/Mar/2025:03:06:53 -0400] "GET /stylish-nappy-bags-diaper-bags-come-into-their-own/feed/ HTTP/1.1" 404 1251 "-" "Mozilla/5.0 (compatible; AhrefsBot/7.0; +http://ahrefs.com/robot/)"
51.222.253.17 - - [30/Mar/2025:03:08:08 -0400] "GET /djarumtoto-slot/feed/ HTTP/1.1" 404 1251 "-" "Mozilla/5.0 (compatible; AhrefsBot/7.0; +http://ahrefs.com/robot/)"
51.222.253.10 - - [30/Mar/2025:03:09:36 -0400] "GET /underfloor-insulation/feed/ HTTP/1.1" 404 1251 "-" "Mozilla/5.0 (compatible; AhrefsBot/7.0; +http://ahrefs.com/robot/)"
51.222.253.12 - - [30/Mar/2025:03:11:20 -0400] "GET /sports-nutrition-near-me/feed/ HTTP/1.1" 404 1251 "-" "Mozilla/5.0 (compatible; AhrefsBot/7.0; +http://ahrefs.com/robot/)"
136.243.228.179 - - [30/Mar/2025:03:12:04 -0400] "GET /unlocking-success-the-legitimate-path-to-buying-youtube-subscribers/ HTTP/1.1" 404 1251 "-" "Mozilla/5.0 (compatible; DataForSeoBot/1.0; +https://dataforseo.com/dataforseo-bot)"
51.222.253.18 - - [30/Mar/2025:03:12:37 -0400] "GET /gitarrenkurs-fdr-anfdnge/feed/ HTTP/1.1" 404 1251 "-" "Mozilla/5.0 (compatible; AhrefsBot/7.0; +http://ahrefs.com/robot/)"
51.222.253.19 - - [30/Mar/2025:03:14:01 -0400] "GET /white-football-socks/feed/ HTTP/1.1" 404 1251 "-" "Mozilla/5.0 (compatible; AhrefsBot/7.0; +http://ahrefs.com/robot/)"
51.222.253.8 - - [30/Mar/2025:03:15:25 -0400] "GET /plaid-gris/feed/ HTTP/1.1" 404 1251 "-" "Mozilla/5.0 (compatible; AhrefsBot/7.0; +http://ahrefs.com/robot/)"
51.222.253.3 - - [30/Mar/2025:03:16:39 -0400] "GET /expert-concrete-driveway-replacement-in-fort-collins/feed/ HTTP/1.1" 404 1251 "-" "Mozilla/5.0 (compatible; AhrefsBot/7.0; +http://ahrefs.com/robot/)"
51.222.253.1 - - [30/Mar/2025:03:18:00 -0400] "GET /talbina-a-sunnah-food-recommendation/feed/ HTTP/1.1" 404 1251 "-" "Mozilla/5.0 (compatible; AhrefsBot/7.0; +http://ahrefs.com/robot/)"
51.222.253.2 - - [30/Mar/2025:03:19:24 -0400] "GET /ideal-destinations-in-vietnam-this-hot-summer/feed/ HTTP/1.1" 404 1251 "-" "Mozilla/5.0 (compatible; AhrefsBot/7.0; +http://ahrefs.com/robot/)"
51.222.253.2 - - [30/Mar/2025:03:20:58 -0400] "GET /explosion-proof-stainless-3-way-ball-valves/feed/ HTTP/1.1" 404 1251 "-" "Mozilla/5.0 (compatible; AhrefsBot/7.0; +http://ahrefs.com/robot/)"
51.222.253.4 - - [30/Mar/2025:03:22:34 -0400] "GET /cbd-fleur/feed/ HTTP/1.1" 404 1251 "-" "Mozilla/5.0 (compatible; AhrefsBot/7.0; +http://ahrefs.com/robot/)"
85.208.98.29 - - [30/Mar/2025:03:22:50 -0400] "GET /wetransfer-alternatives-to-wetransfer/ HTTP/1.1" 404 1251 "-" "Mozilla/5.0 (compatible; SemrushBot-BA; +http://www.semrush.com/bot.html)"
85.208.98.19 - - [30/Mar/2025:03:22:52 -0400] "GET /alternative-to-wetransfer/ HTTP/1.1" 404 1251 "-" "Mozilla/5.0 (compatible; SemrushBot-BA; +http://www.semrush.com/bot.html)"
85.208.98.19 - - [30/Mar/2025:03:22:53 -0400] "GET /upload-big-files/ HTTP/1.1" 404 1251 "-" "Mozilla/5.0 (compatible; SemrushBot-BA; +http://www.semrush.com/bot.html)"
198.54.114.83 - - [30/Mar/2025:03:23:31 -0400] "POST /wp-cron.php?doing_wp_cron=1743319411.1384599208831787109375 HTTP/1.1" 200 0 "-" "WordPress/6.7.2; https://alualufoil.com"
103.77.242.185 - - [30/Mar/2025:03:23:27 -0400] "POST /wp-login.php?wc-ajax=1 HTTP/1.1" 200 1847 "https://alualufoil.com/wp-admin/" "Mozilla/5.0 (Windows NT 10.0; Win64; x64) AppleWebKit/537.36 (KHTML, like Gecko) Chrome/90.0.4430.85 Safari/537.36"
103.77.242.185 - - [30/Mar/2025:03:23:31 -0400] "GET /wp-admin/?wc-ajax=1 HTTP/1.1" 302 0 "www.google.com" "Mozilla/5.0 (Windows NT 10.0; Win64; x64) AppleWebKit/537.36 (KHTML, like Gecko) Chrome/90.0.4430.85 Safari/537.36"
103.77.242.185 - - [30/Mar/2025:03:23:32 -0400] "GET /wp-login.php?redirect_to=https%3A%2F%2Falualufoil.com%2Fwp-admin%2F%3Fwc-ajax%3D1&reauth=1 HTTP/1.1" 200 1719 "www.google.com" "Mozilla/5.0 (Windows NT 10.0; Win64; x64) AppleWebKit/537.36 (KHTML, like Gecko) Chrome/90.0.4430.85 Safari/537.36"
198.54.114.83 - - [30/Mar/2025:03:23:37 -0400] "POST /wp-admin/admin-ajax.php?action=async_litespeed&nonce=AvkGF49GYBfWOcTWD3xgRenq74BaWAJ7&litespeed_type=imgoptm HTTP/1.1" 200 5 "-" "WordPress/6.7.2; https://alualufoil.com"
51.222.253.9 - - [30/Mar/2025:03:23:52 -0400] "GET /avantages-pour-la-sante-de-lhuile-de-cbd-a-spectre-complet/feed/ HTTP/1.1" 404 1251 "-" "Mozilla/5.0 (compatible; AhrefsBot/7.0; +http://ahrefs.com/robot/)"
51.222.253.18 - - [30/Mar/2025:03:25:12 -0400] "GET /dometic-rv-fridges/feed/ HTTP/1.1" 404 1251 "-" "Mozilla/5.0 (compatible; AhrefsBot/7.0; +http://ahrefs.com/robot/)"
111.225.148.20 - - [30/Mar/2025:03:25:24 -0400] "GET /robots.txt HTTP/1.1" 304 0 "-" "Mozilla/5.0 (Linux; Android 5.0) AppleWebKit/537.36 (KHTML, like Gecko) Mobile Safari/537.36 (compatible; Bytespider; https://zhanzhang.toutiao.com/)"
110.249.201.70 - - [30/Mar/2025:03:25:46 -0400] "GET /dp/B0D483WX7X?ref=MarsFS_VICC_blinksed HTTP/1.1" 404 1251 "-" "Mozilla/5.0 (Linux; Android 5.0) AppleWebKit/537.36 (KHTML, like Gecko) Mobile Safari/537.36 (compatible; Bytespider; https://zhanzhang.toutiao.com/)"
51.222.253.6 - - [30/Mar/2025:03:26:35 -0400] "GET /cbd-bluten/feed/ HTTP/1.1" 404 1251 "-" "Mozilla/5.0 (compatible; AhrefsBot/7.0; +http://ahrefs.com/robot/)"
51.222.253.19 - - [30/Mar/2025:03:28:00 -0400] "GET /brisbane-airport-transport/feed/ HTTP/1.1" 404 1251 "-" "Mozilla/5.0 (compatible; AhrefsBot/7.0; +http://ahrefs.com/robot/)"
66.249.73.131 - - [30/Mar/2025:03:28:43 -0400] "GET /the-art-of-small-bathroom-renovation/ HTTP/1.1" 404 1251 "-" "Mozilla/5.0 (Linux; Android 6.0.1; Nexus 5X Build/MMB29P) AppleWebKit/537.36 (KHTML, like Gecko) Chrome/134.0.6998.165 Mobile Safari/537.36 (compatible; Googlebot/2.1; +http://www.google.com/bot.html)"
51.222.253.1 - - [30/Mar/2025:03:29:19 -0400] "GET /hourly-care-dorchester-a-great-option-for-families-looking-for-safe-and-trusted-child-care/feed/ HTTP/1.1" 404 1251 "-" "Mozilla/5.0 (compatible; AhrefsBot/7.0; +http://ahrefs.com/robot/)"
51.222.253.10 - - [30/Mar/2025:03:30:44 -0400] "GET /the-thrills-and-risks-of-online-lottery-games/feed/ HTTP/1.1" 404 1251 "-" "Mozilla/5.0 (compatible; AhrefsBot/7.0; +http://ahrefs.com/robot/)"
51.222.253.8 - - [30/Mar/2025:03:32:03 -0400] "GET /unlocking-the-potential-london-ontario-property-management/feed/ HTTP/1.1" 404 1251 "-" "Mozilla/5.0 (compatible; AhrefsBot/7.0; +http://ahrefs.com/robot/)"
51.222.253.11 - - [30/Mar/2025:03:33:17 -0400] "GET /how-to-generate-personal-trainer-business-wealth/feed/ HTTP/1.1" 404 1251 "-" "Mozilla/5.0 (compatible; AhrefsBot/7.0; +http://ahrefs.com/robot/)"
51.222.253.3 - - [30/Mar/2025:03:34:33 -0400] "GET /revitalizing-surfaces-the-power-of-high-pressure-cleaning-on-the-gold-coast/feed/ HTTP/1.1" 404 1251 "-" "Mozilla/5.0 (compatible; AhrefsBot/7.0; +http://ahrefs.com/robot/)"
185.191.171.3 - - [30/Mar/2025:03:34:43 -0400] "GET /robots.txt HTTP/1.1" 304 0 "-" "Mozilla/5.0 (compatible; SemrushBot/7~bl; +http://www.semrush.com/bot.html)"
185.191.171.6 - - [30/Mar/2025:03:34:44 -0400] "GET /crafting-the-perfect-hotel-room-furniture-essentials/ HTTP/1.1" 404 1251 "-" "Mozilla/5.0 (compatible; SemrushBot/7~bl; +http://www.semrush.com/bot.html)"
66.249.73.130 - - [30/Mar/2025:03:34:48 -0400] "GET /sitemap_index.xml HTTP/1.1" 404 1251 "-" "Mozilla/5.0 (compatible; Googlebot/2.1; +http://www.google.com/bot.html)"
51.222.253.4 - - [30/Mar/2025:03:35:56 -0400] "GET /amazing-places-for-your-vietnam-tours-2015/feed/ HTTP/1.1" 404 1251 "-" "Mozilla/5.0 (compatible; AhrefsBot/7.0; +http://ahrefs.com/robot/)"
51.222.253.18 - - [30/Mar/2025:03:37:13 -0400] "GET /floating-pumps-for-waters/feed/ HTTP/1.1" 404 1251 "-" "Mozilla/5.0 (compatible; AhrefsBot/7.0; +http://ahrefs.com/robot/)"
51.222.253.12 - - [30/Mar/2025:03:38:36 -0400] "GET /frequently-asked-questions-to-a-new-jersey-drunk-driving-lawyer/feed/ HTTP/1.1" 404 1251 "-" "Mozilla/5.0 (compatible; AhrefsBot/7.0; +http://ahrefs.com/robot/)"
51.222.253.18 - - [30/Mar/2025:03:39:56 -0400] "GET /unveiling-the-gleam-gold-coast-pressure-washing/feed/ HTTP/1.1" 404 1251 "-" "Mozilla/5.0 (compatible; AhrefsBot/7.0; +http://ahrefs.com/robot/)"
51.222.253.2 - - [30/Mar/2025:03:41:18 -0400] "GET /photo-cutout-service/feed/ HTTP/1.1" 404 1251 "-" "Mozilla/5.0 (compatible; AhrefsBot/7.0; +http://ahrefs.com/robot/)"
51.222.253.6 - - [30/Mar/2025:03:42:43 -0400] "GET /mk-shoulder-bag/feed/ HTTP/1.1" 404 1251 "-" "Mozilla/5.0 (compatible; AhrefsBot/7.0; +http://ahrefs.com/robot/)"
51.222.253.18 - - [30/Mar/2025:03:44:04 -0400] "GET /caregiver-agency-near-me/feed/ HTTP/1.1" 404 1251 "-" "Mozilla/5.0 (compatible; AhrefsBot/7.0; +http://ahrefs.com/robot/)"
51.222.253.2 - - [30/Mar/2025:03:45:19 -0400] "GET /sanare-lab-fenbendazole-and-fentanyl/feed/ HTTP/1.1" 404 1251 "-" "Mozilla/5.0 (compatible; AhrefsBot/7.0; +http://ahrefs.com/robot/)"
136.243.228.179 - - [30/Mar/2025:03:45:28 -0400] "GET /comment-nettoyer-les-bijoux-en-argent/ HTTP/1.1" 404 1251 "-" "Mozilla/5.0 (compatible; DataForSeoBot/1.0; +https://dataforseo.com/dataforseo-bot)"
51.222.253.16 - - [30/Mar/2025:03:46:44 -0400] "GET /vita-glow-night-cream-review/feed/ HTTP/1.1" 404 1251 "-" "Mozilla/5.0 (compatible; AhrefsBot/7.0; +http://ahrefs.com/robot/)"
51.222.253.3 - - [30/Mar/2025:03:48:03 -0400] "GET /transformer-votre-salle-de-bain-conseils-pour-une-renovation-reussie/feed/ HTTP/1.1" 404 1251 "-" "Mozilla/5.0 (compatible; AhrefsBot/7.0; +http://ahrefs.com/robot/)"
51.222.253.20 - - [30/Mar/2025:03:49:24 -0400] "GET /sports-grip-socks/feed/ HTTP/1.1" 404 1251 "-" "Mozilla/5.0 (compatible; AhrefsBot/7.0; +http://ahrefs.com/robot/)"
51.222.253.19 - - [30/Mar/2025:03:50:44 -0400] "GET /dog-dewormer-for-cancers/feed/ HTTP/1.1" 404 1251 "-" "Mozilla/5.0 (compatible; AhrefsBot/7.0; +http://ahrefs.com/robot/)"
51.222.253.10 - - [30/Mar/2025:03:52:20 -0400] "GET /expert-concrete-services-for-northern-colorado-affordable-and-reliable/feed/ HTTP/1.1" 404 1251 "-" "Mozilla/5.0 (compatible; AhrefsBot/7.0; +http://ahrefs.com/robot/)"
110.249.201.140 - - [30/Mar/2025:03:53:32 -0400] "GET /dp/B0BTG4S29L?ref=MarsFS_SMP_B0BTG4S29L HTTP/1.1" 404 1251 "-" "Mozilla/5.0 (Linux; Android 5.0) AppleWebKit/537.36 (KHTML, like Gecko) Mobile Safari/537.36 (compatible; Bytespider; https://zhanzhang.toutiao.com/)"
51.222.253.11 - - [30/Mar/2025:03:53:43 -0400] "GET /how-to-find-a-respectful-san-diego-locksmith/feed/ HTTP/1.1" 404 1251 "-" "Mozilla/5.0 (compatible; AhrefsBot/7.0; +http://ahrefs.com/robot/)"
51.222.253.5 - - [30/Mar/2025:03:55:09 -0400] "GET /personlig-tranare/feed/ HTTP/1.1" 404 1251 "-" "Mozilla/5.0 (compatible; AhrefsBot/7.0; +http://ahrefs.com/robot/)"
111.225.148.200 - - [30/Mar/2025:03:55:34 -0400] "GET /dp/B09BS5XWNS?ref=MarsFS_KINDLE_br HTTP/1.1" 404 1251 "-" "Mozilla/5.0 (Linux; Android 5.0) AppleWebKit/537.36 (KHTML, like Gecko) Mobile Safari/537.36 (compatible; Bytespider; https://zhanzhang.toutiao.com/)"
51.222.253.4 - - [30/Mar/2025:03:56:34 -0400] "GET /car-key-replacement-locksmith/feed/ HTTP/1.1" 404 1251 "-" "Mozilla/5.0 (compatible; AhrefsBot/7.0; +http://ahrefs.com/robot/)"
51.222.253.20 - - [30/Mar/2025:03:58:02 -0400] "GET /why-investing-in-premium-domains-can-elevate-your-online-presence/feed/ HTTP/1.1" 404 1251 "-" "Mozilla/5.0 (compatible; AhrefsBot/7.0; +http://ahrefs.com/robot/)"
51.222.253.15 - - [30/Mar/2025:03:59:31 -0400] "GET /dog-dewormer-cancer/feed/ HTTP/1.1" 404 1251 "-" "Mozilla/5.0 (compatible; AhrefsBot/7.0; +http://ahrefs.com/robot/)"
51.222.253.10 - - [30/Mar/2025:04:01:00 -0400] "GET /a-glimpse-into-their-magic/feed/ HTTP/1.1" 404 1251 "-" "Mozilla/5.0 (compatible; AhrefsBot/7.0; +http://ahrefs.com/robot/)"
51.222.253.2 - - [30/Mar/2025:04:02:17 -0400] "GET /un-apercu-les-couvertures-electriques-sunbeam/feed/ HTTP/1.1" 404 1251 "-" "Mozilla/5.0 (compatible; AhrefsBot/7.0; +http://ahrefs.com/robot/)"
65.21.113.196 - - [30/Mar/2025:04:03:38 -0400] "GET /category-sitemap.xml HTTP/1.1" 404 1251 "-" "Mozilla/5.0 (compatible; AwarioBot/1.0; +https://awario.com/bots.html)"
51.222.253.6 - - [30/Mar/2025:04:03:38 -0400] "GET /cream-cheese-manufacturers-in-india/feed/ HTTP/1.1" 404 1251 "-" "Mozilla/5.0 (compatible; AhrefsBot/7.0; +http://ahrefs.com/robot/)"
65.21.113.196 - - [30/Mar/2025:04:03:40 -0400] "GET /page-sitemap.xml HTTP/1.1" 404 1251 "-" "Mozilla/5.0 (compatible; AwarioBot/1.0; +https://awario.com/bots.html)"
65.21.113.196 - - [30/Mar/2025:04:03:42 -0400] "GET /post-sitemap.xml HTTP/1.1" 404 1251 "-" "Mozilla/5.0 (compatible; AwarioBot/1.0; +https://awario.com/bots.html)"
65.21.113.196 - - [30/Mar/2025:04:03:44 -0400] "GET /post-sitemap2.xml HTTP/1.1" 404 1251 "-" "Mozilla/5.0 (compatible; AwarioBot/1.0; +https://awario.com/bots.html)"
65.21.113.196 - - [30/Mar/2025:04:03:46 -0400] "GET /2024/10/ HTTP/1.1" 404 1251 "-" "Mozilla/5.0 (compatible; AwarioBot/1.0; +https://awario.com/bots.html)"
65.21.113.196 - - [30/Mar/2025:04:03:48 -0400] "GET /2025/01/ HTTP/1.1" 404 1251 "-" "Mozilla/5.0 (compatible; AwarioBot/1.0; +https://awario.com/bots.html)"
65.21.113.196 - - [30/Mar/2025:04:03:51 -0400] "GET /?p=3706 HTTP/1.1" 200 156100 "-" "Mozilla/5.0 (compatible; AwarioBot/1.0; +https://awario.com/bots.html)"
65.21.113.196 - - [30/Mar/2025:04:03:53 -0400] "GET /apprendre-a-jouer-de-la-guitare/feed/ HTTP/1.1" 404 1251 "-" "Mozilla/5.0 (compatible; AwarioBot/1.0; +https://awario.com/bots.html)"
65.21.113.196 - - [30/Mar/2025:04:03:55 -0400] "GET /best-bitcoin-mixer-how-to-choose-the-best-bitcoin-mixer/ HTTP/1.1" 404 1251 "-" "Mozilla/5.0 (compatible; AwarioBot/1.0; +https://awario.com/bots.html)"
65.21.113.196 - - [30/Mar/2025:04:03:57 -0400] "GET /best-bitcoin-mixer/feed/ HTTP/1.1" 404 1251 "-" "Mozilla/5.0 (compatible; AwarioBot/1.0; +https://awario.com/bots.html)"
65.21.113.196 - - [30/Mar/2025:04:04:02 -0400] "GET /bitcoin-tumbler/feed/ HTTP/1.1" 404 1251 "-" "Mozilla/5.0 (compatible; AwarioBot/1.0; +https://awario.com/bots.html)"
65.21.113.196 - - [30/Mar/2025:04:04:05 -0400] "GET /brisbane-airport-transport/ HTTP/1.1" 404 1251 "-" "Mozilla/5.0 (compatible; AwarioBot/1.0; +https://awario.com/bots.html)"
65.21.113.196 - - [30/Mar/2025:04:04:08 -0400] "GET /category/about-us/feed/ HTTP/1.1" 404 1251 "-" "Mozilla/5.0 (compatible; AwarioBot/1.0; +https://awario.com/bots.html)"
65.21.113.196 - - [30/Mar/2025:04:04:12 -0400] "GET /category/activity/feed/ HTTP/1.1" 404 1251 "-" "Mozilla/5.0 (compatible; AwarioBot/1.0; +https://awario.com/bots.html)"
65.21.113.196 - - [30/Mar/2025:04:04:15 -0400] "GET /category/activity/page/152/ HTTP/1.1" 404 1251 "-" "Mozilla/5.0 (compatible; AwarioBot/1.0; +https://awario.com/bots.html)"
65.21.113.196 - - [30/Mar/2025:04:04:17 -0400] "GET /category/activity/page/2/ HTTP/1.1" 404 1251 "-" "Mozilla/5.0 (compatible; AwarioBot/1.0; +https://awario.com/bots.html)"
65.21.113.196 - - [30/Mar/2025:04:04:21 -0400] "GET /category/contact-us/feed/ HTTP/1.1" 404 1251 "-" "Mozilla/5.0 (compatible; AwarioBot/1.0; +https://awario.com/bots.html)"
65.21.113.196 - - [30/Mar/2025:04:04:23 -0400] "GET /category/sign-in/feed/ HTTP/1.1" 404 1251 "-" "Mozilla/5.0 (compatible; AwarioBot/1.0; +https://awario.com/bots.html)"
65.21.113.196 - - [30/Mar/2025:04:04:25 -0400] "GET /category/sign-up/feed/ HTTP/1.1" 404 1251 "-" "Mozilla/5.0 (compatible; AwarioBot/1.0; +https://awario.com/bots.html)"
65.21.113.196 - - [30/Mar/2025:04:04:28 -0400] "GET /der-genuss-gerosteter-mandeln/ HTTP/1.1" 404 1251 "-" "Mozilla/5.0 (compatible; AwarioBot/1.0; +https://awario.com/bots.html)"
65.21.113.196 - - [30/Mar/2025:04:04:30 -0400] "GET /die-besten-orte-fur-gitarrenunterricht-in-dusseldorf-entdecken/ HTTP/1.1" 404 1251 "-" "Mozilla/5.0 (compatible; AwarioBot/1.0; +https://awario.com/bots.html)"
65.21.113.196 - - [30/Mar/2025:04:04:32 -0400] "GET /elegance-et-praticite-des-panneaux-pvc-immitant-le-marbre/ HTTP/1.1" 404 1251 "-" "Mozilla/5.0 (compatible; AwarioBot/1.0; +https://awario.com/bots.html)"
65.21.113.196 - - [30/Mar/2025:04:04:35 -0400] "GET /epilation-au-laser-a-rouen-une-solution-efficace-et-durable/feed/ HTTP/1.1" 404 1251 "-" "Mozilla/5.0 (compatible; AwarioBot/1.0; +https://awario.com/bots.html)"
65.21.113.196 - - [30/Mar/2025:04:04:37 -0400] "GET /erstklassiger-gitarrenunterricht-mit-tilman-totzke-in-essen/feed/ HTTP/1.1" 404 1251 "-" "Mozilla/5.0 (compatible; AwarioBot/1.0; +https://awario.com/bots.html)"
65.21.113.196 - - [30/Mar/2025:04:04:40 -0400] "GET /michael-kors-bags-blue/ HTTP/1.1" 404 1251 "-" "Mozilla/5.0 (compatible; AwarioBot/1.0; +https://awario.com/bots.html)"
65.21.113.196 - - [30/Mar/2025:04:04:42 -0400] "GET /minecraft-survival-serveur-ultime-pour-une-experience-inoubliable/feed/ HTTP/1.1" 404 1251 "-" "Mozilla/5.0 (compatible; AwarioBot/1.0; +https://awario.com/bots.html)"
65.21.113.196 - - [30/Mar/2025:04:04:44 -0400] "GET /mk-bag-for-sales/feed/ HTTP/1.1" 404 1251 "-" "Mozilla/5.0 (compatible; AwarioBot/1.0; +https://awario.com/bots.html)"
65.21.113.196 - - [30/Mar/2025:04:04:47 -0400] "GET /mk-shoulder-bag/ HTTP/1.1" 404 1251 "-" "Mozilla/5.0 (compatible; AwarioBot/1.0; +https://awario.com/bots.html)"
65.21.113.196 - - [30/Mar/2025:04:04:50 -0400] "GET /page/152/ HTTP/1.1" 404 1251 "-" "Mozilla/5.0 (compatible; AwarioBot/1.0; +https://awario.com/bots.html)"
65.21.113.196 - - [30/Mar/2025:04:04:52 -0400] "GET /page/2/ HTTP/1.1" 404 1251 "-" "Mozilla/5.0 (compatible; AwarioBot/1.0; +https://awario.com/bots.html)"
65.21.113.196 - - [30/Mar/2025:04:04:55 -0400] "GET /ragdoll-archers-unblocked-game-features/feed/ HTTP/1.1" 404 1251 "-" "Mozilla/5.0 (compatible; AwarioBot/1.0; +https://awario.com/bots.html)"
65.21.113.196 - - [30/Mar/2025:04:04:58 -0400] "GET /stylish-nappy-bags-diaper-bags-come-into-their-own/feed/ HTTP/1.1" 404 1251 "-" "Mozilla/5.0 (compatible; AwarioBot/1.0; +https://awario.com/bots.html)"
51.222.253.9 - - [30/Mar/2025:04:05:01 -0400] "GET /buy-youtube-live-stream-viewers/feed/ HTTP/1.1" 404 1251 "-" "Mozilla/5.0 (compatible; AhrefsBot/7.0; +http://ahrefs.com/robot/)"
65.21.113.196 - - [30/Mar/2025:04:05:01 -0400] "GET /the-path-to-becoming-a-skilled-author/feed/ HTTP/1.1" 404 1251 "-" "Mozilla/5.0 (compatible; AwarioBot/1.0; +https://awario.com/bots.html)"
65.21.113.196 - - [30/Mar/2025:04:05:04 -0400] "GET /this-is-why-india-should-not-ban-bitcoin/ HTTP/1.1" 404 1251 "-" "Mozilla/5.0 (compatible; AwarioBot/1.0; +https://awario.com/bots.html)"
65.21.113.196 - - [30/Mar/2025:04:05:06 -0400] "GET /flathead-lake-boat-rentals-enjoy-the-beautiful-waters-of-flathead-lake/ HTTP/1.1" 404 1251 "-" "Mozilla/5.0 (compatible; AwarioBot/1.0; +https://awario.com/bots.html)"
65.21.113.196 - - [30/Mar/2025:04:05:08 -0400] "GET /what-is-the-best-cbd-vape-uk/ HTTP/1.1" 404 1251 "-" "Mozilla/5.0 (compatible; AwarioBot/1.0; +https://awario.com/bots.html)"
51.222.253.17 - - [30/Mar/2025:04:06:21 -0400] "GET /buy-instant-youtube-views/feed/ HTTP/1.1" 404 1251 "-" "Mozilla/5.0 (compatible; AhrefsBot/7.0; +http://ahrefs.com/robot/)"
51.222.253.13 - - [30/Mar/2025:04:07:47 -0400] "GET /what-does-standby-mean-on-iphone/feed/ HTTP/1.1" 404 1251 "-" "Mozilla/5.0 (compatible; AhrefsBot/7.0; +http://ahrefs.com/robot/)"
51.222.253.16 - - [30/Mar/2025:04:09:19 -0400] "GET /lawyer-hattingen/feed/ HTTP/1.1" 404 1251 "-" "Mozilla/5.0 (compatible; AhrefsBot/7.0; +http://ahrefs.com/robot/)"
51.222.253.20 - - [30/Mar/2025:04:10:40 -0400] "GET /look-before-you-leap-request-a-pay-per-head-free-trial/feed/ HTTP/1.1" 404 1251 "-" "Mozilla/5.0 (compatible; AhrefsBot/7.0; +http://ahrefs.com/robot/)"
51.222.253.9 - - [30/Mar/2025:04:12:02 -0400] "GET /electrical-contractor/feed/ HTTP/1.1" 404 1251 "-" "Mozilla/5.0 (compatible; AhrefsBot/7.0; +http://ahrefs.com/robot/)"
49.236.209.169 - - [30/Mar/2025:04:12:44 -0400] "GET /how-new-food-labels-make-it-easier-to-read/ HTTP/1.1" 404 1251 "-" "Mozilla/5.0 (X11; Ubuntu; Linux i686; rv:114.0) Gecko/20100101 Firefox/114.0"
49.236.209.169 - - [30/Mar/2025:04:12:46 -0400] "GET / HTTP/1.1" 200 156100 "-" "Mozilla/5.0 (X11; Ubuntu; Linux i686; rv:114.0) Gecko/20100101 Firefox/114.0"
49.236.209.169 - - [30/Mar/2025:04:13:04 -0400] "GET /dp/B0D3RN5W37?ref=MarsFS_VICC_blinksqm HTTP/1.1" 404 1251 "https://alualufoil.com" "Mozilla/5.0 (X11; Ubuntu; Linux i686; rv:114.0) Gecko/20100101 Firefox/114.0"
49.236.209.169 - - [30/Mar/2025:04:13:05 -0400] "GET / HTTP/1.1" 200 156100 "https://alualufoil.com" "Mozilla/5.0 (X11; Ubuntu; Linux i686; rv:114.0) Gecko/20100101 Firefox/114.0"
51.222.253.12 - - [30/Mar/2025:04:13:29 -0400] "GET /jewelry-photo-retouching-service/feed/ HTTP/1.1" 404 1251 "-" "Mozilla/5.0 (compatible; AhrefsBot/7.0; +http://ahrefs.com/robot/)"
51.222.253.13 - - [30/Mar/2025:04:14:50 -0400] "GET /a-modern-housing-solution/feed/ HTTP/1.1" 404 1251 "-" "Mozilla/5.0 (compatible; AhrefsBot/7.0; +http://ahrefs.com/robot/)"
51.222.253.12 - - [30/Mar/2025:04:16:14 -0400] "GET /developper-lestime-de-soi-bien-faire-les-choses/feed/ HTTP/1.1" 404 1251 "-" "Mozilla/5.0 (compatible; AhrefsBot/7.0; +http://ahrefs.com/robot/)"
136.243.228.179 - - [30/Mar/2025:04:17:54 -0400] "GET /specific-knowledge-about-motorbike-luggage/ HTTP/1.1" 404 1251 "-" "Mozilla/5.0 (compatible; DataForSeoBot/1.0; +https://dataforseo.com/dataforseo-bot)"
51.222.253.9 - - [30/Mar/2025:04:18:05 -0400] "GET /video-merchandise-and-what-is-involved/feed/ HTTP/1.1" 404 1251 "-" "Mozilla/5.0 (compatible; AhrefsBot/7.0; +http://ahrefs.com/robot/)"
51.222.253.20 - - [30/Mar/2025:04:19:38 -0400] "GET /pendule-quartz-rose/feed/ HTTP/1.1" 404 1251 "-" "Mozilla/5.0 (compatible; AhrefsBot/7.0; +http://ahrefs.com/robot/)"
51.222.253.15 - - [30/Mar/2025:04:21:21 -0400] "GET /this-is-why-india-should-not-ban-bitcoin/feed/ HTTP/1.1" 404 1251 "-" "Mozilla/5.0 (compatible; AhrefsBot/7.0; +http://ahrefs.com/robot/)"
51.222.253.13 - - [30/Mar/2025:04:22:47 -0400] "GET /best-bitcoin-mixer/feed/ HTTP/1.1" 404 1251 "-" "Mozilla/5.0 (compatible; AhrefsBot/7.0; +http://ahrefs.com/robot/)"
51.222.253.5 - - [30/Mar/2025:04:24:09 -0400] "GET /best-bitcoin-mixer-how-to-choose-the-best-bitcoin-mixer/feed/ HTTP/1.1" 404 1251 "-" "Mozilla/5.0 (compatible; AhrefsBot/7.0; +http://ahrefs.com/robot/)"
40.77.167.72 - - [30/Mar/2025:04:24:13 -0400] "GET /california-prefab-homes-the-future-of-sustainable-living/ HTTP/1.1" 404 1251 "-" "Mozilla/5.0 AppleWebKit/537.36 (KHTML, like Gecko; compatible; bingbot/2.0; +http://www.bing.com/bingbot.htm) Chrome/116.0.1938.76 Safari/537.36"
198.54.114.83 - - [30/Mar/2025:04:24:48 -0400] "POST /wp-cron.php?doing_wp_cron=1743323088.5075759887695312500000 HTTP/1.1" 200 0 "-" "WordPress/6.7.2; https://alualufoil.com"
13.214.35.67 - - [30/Mar/2025:04:24:40 -0400] "POST /wp-login.php HTTP/1.1" 200 1838 "-" "Mozlila/5.0 (Linux; Android 7.0; SM-G892A Bulid/NRD90M; wv) AppleWebKit/537.36 (KHTML, like Gecko) Version/4.0 Chrome/60.0.3112.107 Moblie Safari/537.36"
13.214.35.67 - - [30/Mar/2025:04:24:49 -0400] "GET /wp-admin/plugin-install.php?tab=upload HTTP/1.1" 302 0 "-" "Mozlila/5.0 (Linux; Android 7.0; SM-G892A Bulid/NRD90M; wv) AppleWebKit/537.36 (KHTML, like Gecko) Version/4.0 Chrome/60.0.3112.107 Moblie Safari/537.36"
198.54.114.83 - - [30/Mar/2025:04:24:50 -0400] "POST /wp-admin/admin-ajax.php?action=async_litespeed&nonce=2H7rzk860kXDfUzAB4wjq4ctsdA7hrab&litespeed_type=imgoptm HTTP/1.1" 200 5 "-" "WordPress/6.7.2; https://alualufoil.com"
13.214.35.67 - - [30/Mar/2025:04:24:50 -0400] "GET /wp-login.php?redirect_to=https%3A%2F%2Falualufoil.com%2Fwp-admin%2Fplugin-install.php%3Ftab%3Dupload&reauth=1 HTTP/1.1" 200 1735 "-" "Mozlila/5.0 (Linux; Android 7.0; SM-G892A Bulid/NRD90M; wv) AppleWebKit/537.36 (KHTML, like Gecko) Version/4.0 Chrome/60.0.3112.107 Moblie Safari/537.36"
51.222.253.19 - - [30/Mar/2025:04:25:36 -0400] "GET /mk-bag-for-sales/feed/ HTTP/1.1" 404 1251 "-" "Mozilla/5.0 (compatible; AhrefsBot/7.0; +http://ahrefs.com/robot/)"
51.222.253.15 - - [30/Mar/2025:04:27:07 -0400] "GET /when-to-hire-an-electrician/feed/ HTTP/1.1" 404 1251 "-" "Mozilla/5.0 (compatible; AhrefsBot/7.0; +http://ahrefs.com/robot/)"
51.222.253.10 - - [30/Mar/2025:04:28:37 -0400] "GET /fenben/feed/ HTTP/1.1" 404 1251 "-" "Mozilla/5.0 (compatible; AhrefsBot/7.0; +http://ahrefs.com/robot/)"
51.222.253.4 - - [30/Mar/2025:04:30:05 -0400] "GET /custom-logo-socks-no-minimum/feed/ HTTP/1.1" 404 1251 "-" "Mozilla/5.0 (compatible; AhrefsBot/7.0; +http://ahrefs.com/robot/)"
