198.54.114.83 - - [01/Apr/2025:15:04:51 -0400] "POST /wp-admin/admin-ajax.php?action=async_litespeed&nonce=mxkaAIulja8ln2fXKvFzQeW8Em2FKASz&litespeed_type=imgoptm HTTP/1.1" 200 0 "-" "WordPress/6.7.2; https://alualufoil.com"
51.222.253.2 - - [01/Apr/2025:15:05:36 -0400] "GET /introduction-2/ HTTP/1.1" 404 1251 "-" "Mozilla/5.0 (compatible; AhrefsBot/7.0; +http://ahrefs.com/robot/)"
51.222.253.9 - - [01/Apr/2025:15:07:33 -0400] "GET /tembusu-grand-an-exciting-yet-majestic-palace/ HTTP/1.1" 404 1251 "-" "Mozilla/5.0 (compatible; AhrefsBot/7.0; +http://ahrefs.com/robot/)"
185.191.171.9 - - [01/Apr/2025:15:08:40 -0400] "GET /cake-order/ HTTP/1.1" 404 1251 "-" "Mozilla/5.0 (compatible; SemrushBot/7~bl; +http://www.semrush.com/bot.html)"
51.222.253.18 - - [01/Apr/2025:15:09:37 -0400] "GET /discover-the-magic-of-rainbow-riches-casino-a-comprehensive-guide/ HTTP/1.1" 404 1251 "-" "Mozilla/5.0 (compatible; AhrefsBot/7.0; +http://ahrefs.com/robot/)"
51.222.253.5 - - [01/Apr/2025:15:11:43 -0400] "GET /maximizing-savings-at-baha-mar-smart-tips-for-your-vacation/ HTTP/1.1" 404 1251 "-" "Mozilla/5.0 (compatible; AhrefsBot/7.0; +http://ahrefs.com/robot/)"
136.243.228.179 - - [01/Apr/2025:15:13:36 -0400] "GET /die-rolle-eines-rechtsanwalts-in-deutschland/ HTTP/1.1" 404 1251 "-" "Mozilla/5.0 (compatible; DataForSeoBot/1.0; +https://dataforseo.com/dataforseo-bot)"
51.222.253.9 - - [01/Apr/2025:15:13:52 -0400] "GET /buy-mk-bags-in-the-uk-at-tk-maxx/ HTTP/1.1" 404 1251 "-" "Mozilla/5.0 (compatible; AhrefsBot/7.0; +http://ahrefs.com/robot/)"
105.161.238.139 - - [01/Apr/2025:15:14:26 -0400] "GET /empowering-individuals-the-value-of-free-employment-law-advice/ HTTP/1.1" 404 1251 "-" "Mozilla/5.0 (Macintosh; Intel Mac OS X 10_15_7) AppleWebKit/537.36 (KHTML, like Gecko) Chrome/125.0.0.0 Safari/537.36"
51.222.253.10 - - [01/Apr/2025:15:16:02 -0400] "GET /signification-de-lheure-miroir-decouvrez-ce-que-ce-nombre-signifie/ HTTP/1.1" 404 1251 "-" "Mozilla/5.0 (compatible; AhrefsBot/7.0; +http://ahrefs.com/robot/)"
198.54.114.83 - - [01/Apr/2025:15:17:03 -0400] "POST /wp-cron.php?doing_wp_cron=1743535022.9709179401397705078125 HTTP/1.1" 200 0 "-" "WordPress/6.7.2; https://alualufoil.com"
240e:350:8003:af6a:4ecc:6a88:16f7:5ca9 - - [01/Apr/2025:15:16:58 -0400] "POST /wp-comments-post.php HTTP/1.1" 302 0 "-" "Mozilla/5.0 (Windows NT 10.0; Win64; x64) AppleWebKit/537.36 (KHTML, like Gecko) Chrome/108.0.0.0 Safari/537.36 Edg/108.0.1462.46"
198.54.114.83 - - [01/Apr/2025:15:17:04 -0400] "POST /wp-admin/admin-ajax.php?action=async_litespeed&nonce=gZdJeI66OqjTOqqgr3jZLUPiqE8cjtRf&litespeed_type=imgoptm HTTP/1.1" 200 0 "-" "WordPress/6.7.2; https://alualufoil.com"
240e:350:8003:af6a:4ecc:6a88:16f7:5ca9 - - [01/Apr/2025:15:17:05 -0400] "GET /brisbane-airport-transport/?unapproved=11049&moderation-hash=01777f2bddfb59998ea550dac64b5e3d HTTP/1.1" 404 1251 "-" "Mozilla/5.0 (Windows NT 10.0; Win64; x64) AppleWebKit/537.36 (KHTML, like Gecko) Chrome/108.0.0.0 Safari/537.36 Edg/108.0.1462.46"
51.222.253.16 - - [01/Apr/2025:15:17:59 -0400] "GET /valg-af-bamser-til-born/ HTTP/1.1" 404 1251 "-" "Mozilla/5.0 (compatible; AhrefsBot/7.0; +http://ahrefs.com/robot/)"
51.222.253.9 - - [01/Apr/2025:15:20:01 -0400] "GET /commercial-real-estate-four-crucial-steps-to-ensure-a-profitable-investment/ HTTP/1.1" 404 1251 "-" "Mozilla/5.0 (compatible; AhrefsBot/7.0; +http://ahrefs.com/robot/)"
88.80.26.4 - - [01/Apr/2025:15:20:17 -0400] "GET / HTTP/1.1" 200 156100 "https://alualufoil.com" "Mozilla/5.0 (Macintosh; Intel Mac OS X 10_6_2) AppleWebKit/535.1 (KHTML, like Gecko) Chrome/13.0.782.41 Safari/535.1"
51.222.253.15 - - [01/Apr/2025:15:22:01 -0400] "GET /the-enchanting-world-of-rainbow-riches-casino/ HTTP/1.1" 404 1251 "-" "Mozilla/5.0 (compatible; AhrefsBot/7.0; +http://ahrefs.com/robot/)"
51.222.253.3 - - [01/Apr/2025:15:23:57 -0400] "GET /exploring-the-magic-of-rainbow-riches-casino/ HTTP/1.1" 404 1251 "-" "Mozilla/5.0 (compatible; AhrefsBot/7.0; +http://ahrefs.com/robot/)"
51.222.253.14 - - [01/Apr/2025:15:26:00 -0400] "GET /the-ultimate-guide-to-football-betting-sites/ HTTP/1.1" 404 1251 "-" "Mozilla/5.0 (compatible; AhrefsBot/7.0; +http://ahrefs.com/robot/)"
51.222.253.9 - - [01/Apr/2025:15:27:54 -0400] "GET /natures-secret-for-wellness/ HTTP/1.1" 404 1251 "-" "Mozilla/5.0 (compatible; AhrefsBot/7.0; +http://ahrefs.com/robot/)"
198.54.114.83 - - [01/Apr/2025:15:29:36 -0400] "POST /wp-admin/admin-ajax.php?action=async_litespeed&nonce=xP4Td55jikS8DSGEMBtXUMuxtHXCbaHu&litespeed_type=imgoptm HTTP/1.1" 200 0 "-" "WordPress/6.7.2; https://alualufoil.com"
51.222.253.7 - - [01/Apr/2025:15:29:56 -0400] "GET /harnessing-the-power-of-gpu-cloud-services/ HTTP/1.1" 404 1251 "-" "Mozilla/5.0 (compatible; AhrefsBot/7.0; +http://ahrefs.com/robot/)"
52.167.144.203 - - [01/Apr/2025:15:31:24 -0400] "GET /top-5-apps-that-let-you-try-makeup-online/ HTTP/1.1" 404 1251 "-" "Mozilla/5.0 AppleWebKit/537.36 (KHTML, like Gecko; compatible; bingbot/2.0; +http://www.bing.com/bingbot.htm) Chrome/116.0.1938.76 Safari/537.36"
51.222.253.8 - - [01/Apr/2025:15:31:53 -0400] "GET /solvoreringe-er-en-stilfuld-og-overkommelig-tilfojelse-til-din-garderobe/ HTTP/1.1" 404 1251 "-" "Mozilla/5.0 (compatible; AhrefsBot/7.0; +http://ahrefs.com/robot/)"
51.222.253.10 - - [01/Apr/2025:15:34:01 -0400] "GET /comments/feed/ HTTP/1.1" 404 1251 "-" "Mozilla/5.0 (compatible; AhrefsBot/7.0; +http://ahrefs.com/robot/)"
185.191.171.5 - - [01/Apr/2025:15:34:46 -0400] "GET /robots.txt HTTP/1.1" 304 0 "-" "Mozilla/5.0 (compatible; SemrushBot/7~bl; +http://www.semrush.com/bot.html)"
85.208.96.212 - - [01/Apr/2025:15:34:47 -0400] "GET /dog-dewormer-cancer-and-fenbendazole/ HTTP/1.1" 404 1251 "-" "Mozilla/5.0 (compatible; SemrushBot/7~bl; +http://www.semrush.com/bot.html)"
51.222.253.15 - - [01/Apr/2025:15:36:07 -0400] "GET /the-evolution-and-appeal-of-online-casinos/ HTTP/1.1" 404 1251 "-" "Mozilla/5.0 (compatible; AhrefsBot/7.0; +http://ahrefs.com/robot/)"
223.184.234.77 - - [01/Apr/2025:15:36:35 -0400] "GET /british-aikido-board-national-nepotism-seminar/ HTTP/1.1" 404 1251 "-" "Mozilla/5.0 (Macintosh; Intel Mac OS X 10_15_7) AppleWebKit/537.36 (KHTML, like Gecko) Chrome/125.0.0.0 Safari/537.36"
51.222.253.17 - - [01/Apr/2025:15:38:18 -0400] "GET /elevating-home-interiors-with-modern-kitchen-cabinets/ HTTP/1.1" 404 1251 "-" "Mozilla/5.0 (compatible; AhrefsBot/7.0; +http://ahrefs.com/robot/)"
51.222.253.2 - - [01/Apr/2025:15:40:08 -0400] "GET /choosing-colors-for-premium-bags/ HTTP/1.1" 404 1251 "-" "Mozilla/5.0 (compatible; AhrefsBot/7.0; +http://ahrefs.com/robot/)"
51.222.253.14 - - [01/Apr/2025:15:42:06 -0400] "GET /buying-the-right-spa-massage-equipment-for-your-business/ HTTP/1.1" 404 1251 "-" "Mozilla/5.0 (compatible; AhrefsBot/7.0; +http://ahrefs.com/robot/)"
51.222.253.3 - - [01/Apr/2025:15:44:07 -0400] "GET /the-thriving-world-of-online-casinos/ HTTP/1.1" 404 1251 "-" "Mozilla/5.0 (compatible; AhrefsBot/7.0; +http://ahrefs.com/robot/)"
85.208.96.195 - - [01/Apr/2025:15:45:57 -0400] "GET /category/activity/page/80/ HTTP/1.1" 404 1251 "-" "Mozilla/5.0 (compatible; SemrushBot/7~bl; +http://www.semrush.com/bot.html)"
51.222.253.13 - - [01/Apr/2025:15:46:22 -0400] "GET /buy-likes-for-youtube-what-you-need-to-know-before-you-buy-likes-for-youtube/ HTTP/1.1" 404 1251 "-" "Mozilla/5.0 (compatible; AhrefsBot/7.0; +http://ahrefs.com/robot/)"
51.222.253.13 - - [01/Apr/2025:15:48:26 -0400] "GET /the-best-retin-a-creams-and-serums-for-anti-ageing-skin/ HTTP/1.1" 404 1251 "-" "Mozilla/5.0 (compatible; AhrefsBot/7.0; +http://ahrefs.com/robot/)"
51.222.253.8 - - [01/Apr/2025:15:50:35 -0400] "GET /football-betting-understanding-the-different-types-of-odds/ HTTP/1.1" 404 1251 "-" "Mozilla/5.0 (compatible; AhrefsBot/7.0; +http://ahrefs.com/robot/)"
51.222.253.6 - - [01/Apr/2025:15:52:35 -0400] "GET /wild-horse-island-on-flathead-lake/ HTTP/1.1" 404 1251 "-" "Mozilla/5.0 (compatible; AhrefsBot/7.0; +http://ahrefs.com/robot/)"
198.54.114.83 - - [01/Apr/2025:15:53:19 -0400] "POST /wp-admin/admin-ajax.php?action=async_litespeed&nonce=KQjlASP5LUP6qBaNXlWzio4JWHTclIPB&litespeed_type=imgoptm HTTP/1.1" 200 0 "-" "WordPress/6.7.2; https://alualufoil.com"
51.222.253.15 - - [01/Apr/2025:15:54:52 -0400] "GET /youtube-and-the-classroom/ HTTP/1.1" 404 1251 "-" "Mozilla/5.0 (compatible; AhrefsBot/7.0; +http://ahrefs.com/robot/)"
185.191.171.2 - - [01/Apr/2025:15:55:31 -0400] "GET /vorteile-der-verwendung-von-cbd-ol/ HTTP/1.1" 404 1251 "-" "Mozilla/5.0 (compatible; SemrushBot/7~bl; +http://www.semrush.com/bot.html)"
198.54.114.83 - - [01/Apr/2025:15:56:38 -0400] "POST /wp-admin/admin-ajax.php?action=async_litespeed&nonce=w2DSEA1ChJkGZEXq2bjwNurCETc6pCXH&litespeed_type=imgoptm HTTP/1.1" 200 0 "-" "WordPress/6.7.2; https://alualufoil.com"
13.229.78.155 - - [01/Apr/2025:15:56:38 -0400] "GET /wp-admin/network/index.php HTTP/1.1" 302 0 "-" "Mozlila/5.0 (Linux; Android 7.0; SM-G892A Bulid/NRD90M; wv) AppleWebKit/537.36 (KHTML, like Gecko) Version/4.0 Chrome/60.0.3112.107 Moblie Safari/537.36"
13.229.78.155 - - [01/Apr/2025:15:56:40 -0400] "GET /wp-login.php?redirect_to=https%3A%2F%2Falualufoil.com%2Fwp-admin%2Fnetwork%2Findex.php&reauth=1 HTTP/1.1" 200 1724 "-" "Mozlila/5.0 (Linux; Android 7.0; SM-G892A Bulid/NRD90M; wv) AppleWebKit/537.36 (KHTML, like Gecko) Version/4.0 Chrome/60.0.3112.107 Moblie Safari/537.36"
13.229.78.155 - - [01/Apr/2025:15:56:46 -0400] "GET /wp-login.php HTTP/1.1" 200 1711 "-" "Mozlila/5.0 (Linux; Android 7.0; SM-G892A Bulid/NRD90M; wv) AppleWebKit/537.36 (KHTML, like Gecko) Version/4.0 Chrome/60.0.3112.107 Moblie Safari/537.36"
198.54.114.83 - - [01/Apr/2025:15:56:49 -0400] "POST /wp-admin/admin-ajax.php?action=async_litespeed&nonce=74YoH0Rpz40rrNkyBZ3UJ3PJ0Qmv5ClY&litespeed_type=imgoptm HTTP/1.1" 200 0 "-" "WordPress/6.7.2; https://alualufoil.com"
51.222.253.12 - - [01/Apr/2025:15:57:07 -0400] "GET /what-does-iphone-not-backed-up-mean/ HTTP/1.1" 404 1251 "-" "Mozilla/5.0 (compatible; AhrefsBot/7.0; +http://ahrefs.com/robot/)"
51.222.253.2 - - [01/Apr/2025:15:59:05 -0400] "GET /the-ncaa-college-football-betting-odds/ HTTP/1.1" 404 1251 "-" "Mozilla/5.0 (compatible; AhrefsBot/7.0; +http://ahrefs.com/robot/)"
51.222.253.12 - - [01/Apr/2025:16:01:00 -0400] "GET /top-interior-designers-in-boston/feed/ HTTP/1.1" 404 1251 "-" "Mozilla/5.0 (compatible; AhrefsBot/7.0; +http://ahrefs.com/robot/)"
185.61.218.144 - - [01/Apr/2025:16:02:39 -0400] "GET /how-to-clean-gold-jewellery/ HTTP/1.1" 404 1251 "https://alualufoil.com/how-to-clean-gold-jewellery/" "Mozilla/5.0 (Windows NT 10.0; Win64; x64) AppleWebKit/537.36 (KHTML, like Gecko) Chrome/130.0.0.0 Safari/537.36"
185.61.218.144 - - [01/Apr/2025:16:02:41 -0400] "GET / HTTP/1.1" 200 156100 "https://alualufoil.com/" "Mozilla/5.0 (Windows NT 10.0; Win64; x64) AppleWebKit/537.36 (KHTML, like Gecko) Chrome/130.0.0.0 Safari/537.36"
51.222.253.10 - - [01/Apr/2025:16:02:52 -0400] "GET /simplifica-tus-calculos/feed/ HTTP/1.1" 404 1251 "-" "Mozilla/5.0 (compatible; AhrefsBot/7.0; +http://ahrefs.com/robot/)"
51.222.253.14 - - [01/Apr/2025:16:04:50 -0400] "GET /your-ultimate-guide-to-car-rentals/feed/ HTTP/1.1" 404 1251 "-" "Mozilla/5.0 (compatible; AhrefsBot/7.0; +http://ahrefs.com/robot/)"
209.195.9.10 - - [01/Apr/2025:16:05:29 -0400] "GET / HTTP/1.1" 200 156100 "-" "Mozilla/5.0 (iPhone; CPU iPhone OS 17_7_2 like Mac OS X) AppleWebKit/605.1.15 (KHTML, like Gecko) CriOS/131.0.6778.73 Mobile/15E148 Safari/604.1"
209.195.9.10 - - [01/Apr/2025:16:05:32 -0400] "GET /feed HTTP/1.1" 404 1251 "-" "-"
209.195.9.10 - - [01/Apr/2025:16:05:33 -0400] "GET /feeds HTTP/1.1" 404 1251 "-" "-"
209.195.9.10 - - [01/Apr/2025:16:05:34 -0400] "GET /rss HTTP/1.1" 404 1251 "-" "-"
209.195.9.10 - - [01/Apr/2025:16:05:35 -0400] "GET /rss-feeds HTTP/1.1" 404 1251 "-" "-"
209.195.9.10 - - [01/Apr/2025:16:05:36 -0400] "GET /rss/default.xml HTTP/1.1" 404 1251 "-" "-"
209.195.9.10 - - [01/Apr/2025:16:05:37 -0400] "GET /rss.xml HTTP/1.1" 404 1251 "-" "-"
209.195.9.10 - - [01/Apr/2025:16:05:37 -0400] "GET /feed.xml HTTP/1.1" 404 1251 "-" "-"
209.195.9.10 - - [01/Apr/2025:16:05:38 -0400] "GET /atom.xml HTTP/1.1" 404 1251 "-" "-"
13.229.78.155 - - [01/Apr/2025:16:06:25 -0400] "GET /wp-content/plugins/background-image-cropper/classwithtostring.php HTTP/1.1" 404 1251 "www.google.com" "Mozlila/5.0 (Linux; Android 7.0; SM-G892A Bulid/NRD90M; wv) AppleWebKit/537.36 (KHTML, like Gecko) Version/4.0 Chrome/60.0.3112.107 Moblie Safari/537.36"
85.208.96.209 - - [01/Apr/2025:16:06:34 -0400] "GET /convertidores-de-unidad-de-torque-una-guia-completa/ HTTP/1.1" 404 1251 "-" "Mozilla/5.0 (compatible; SemrushBot/7~bl; +http://www.semrush.com/bot.html)"
51.222.253.10 - - [01/Apr/2025:16:06:54 -0400] "GET /cadeaux-pour-les-militaires-a-letranger/ HTTP/1.1" 404 1251 "-" "Mozilla/5.0 (compatible; AhrefsBot/7.0; +http://ahrefs.com/robot/)"
185.220.101.66 - - [01/Apr/2025:16:07:27 -0400] "GET / HTTP/1.1" 200 156100 "https://alualufoil.com" "Mozilla/5.0 (Windows NT 6.1; WOW64) AppleWebKit/537.36 (KHTML, like Gecko) Chrome/87.0.4280.60 YaBrowser/20.12.0.966 Yowser/2.5 Safari/537.36"
51.222.253.9 - - [01/Apr/2025:16:08:51 -0400] "GET /un-viaggio-avventuroso-nel-collezionismo/feed/ HTTP/1.1" 404 1251 "-" "Mozilla/5.0 (compatible; AhrefsBot/7.0; +http://ahrefs.com/robot/)"
51.222.253.7 - - [01/Apr/2025:16:10:52 -0400] "GET /5-tips-for-online-betting/feed/ HTTP/1.1" 404 1251 "-" "Mozilla/5.0 (compatible; AhrefsBot/7.0; +http://ahrefs.com/robot/)"
51.222.253.14 - - [01/Apr/2025:16:12:42 -0400] "GET /dragon-ball-characters-majin/ HTTP/1.1" 404 1251 "-" "Mozilla/5.0 (compatible; AhrefsBot/7.0; +http://ahrefs.com/robot/)"
51.222.253.18 - - [01/Apr/2025:16:14:38 -0400] "GET /portable-gas-heater-why-propane-heaters-are-preferrable/feed/ HTTP/1.1" 404 1251 "-" "Mozilla/5.0 (compatible; AhrefsBot/7.0; +http://ahrefs.com/robot/)"
85.208.98.19 - - [01/Apr/2025:16:16:00 -0400] "GET /heathrow-airport-taxi/ HTTP/1.1" 404 1251 "-" "Mozilla/5.0 (compatible; SemrushBot-BA; +http://www.semrush.com/bot.html)"
136.243.228.179 - - [01/Apr/2025:16:16:19 -0400] "GET /how-to-create-your-own-custom-brand-socks/ HTTP/1.1" 404 1251 "-" "Mozilla/5.0 (compatible; DataForSeoBot/1.0; +https://dataforseo.com/dataforseo-bot)"
198.54.114.83 - - [01/Apr/2025:16:16:34 -0400] "POST /wp-admin/admin-ajax.php?action=async_litespeed&nonce=1eVyDooWMGsXZUpHpfiHjLlsIDJN4Lrn&litespeed_type=imgoptm HTTP/1.1" 200 0 "-" "WordPress/6.7.2; https://alualufoil.com"
51.222.253.13 - - [01/Apr/2025:16:16:41 -0400] "GET /how-to-make-salads-more-nutritious/feed/ HTTP/1.1" 404 1251 "-" "Mozilla/5.0 (compatible; AhrefsBot/7.0; +http://ahrefs.com/robot/)"
207.46.13.64 - - [01/Apr/2025:16:17:25 -0400] "GET /the-rise-of-the-ai-girlfriend/ HTTP/1.1" 404 1251 "-" "Mozilla/5.0 AppleWebKit/537.36 (KHTML, like Gecko; compatible; bingbot/2.0; +http://www.bing.com/bingbot.htm) Chrome/116.0.1938.76 Safari/537.36"
66.249.73.130 - - [01/Apr/2025:16:17:44 -0400] "GET /levolution-des-enseignes-lumineuses-a-geneve/ HTTP/1.1" 404 1251 "-" "Mozilla/5.0 (Linux; Android 6.0.1; Nexus 5X Build/MMB29P) AppleWebKit/537.36 (KHTML, like Gecko) Chrome/134.0.6998.165 Mobile Safari/537.36 (compatible; Googlebot/2.1; +http://www.google.com/bot.html)"
51.222.253.9 - - [01/Apr/2025:16:18:38 -0400] "GET /nappes-publicitaires/feed/ HTTP/1.1" 404 1251 "-" "Mozilla/5.0 (compatible; AhrefsBot/7.0; +http://ahrefs.com/robot/)"
85.208.98.20 - - [01/Apr/2025:16:20:16 -0400] "GET /the-ultimate-guide-to-london-airport-taxi-services/ HTTP/1.1" 404 1251 "-" "Mozilla/5.0 (compatible; SemrushBot-BA; +http://www.semrush.com/bot.html)"
51.222.253.4 - - [01/Apr/2025:16:20:30 -0400] "GET /exploring-the-features-of-the-anyone-protocol-staking-dashboard/feed/ HTTP/1.1" 404 1251 "-" "Mozilla/5.0 (compatible; AhrefsBot/7.0; +http://ahrefs.com/robot/)"
51.222.253.4 - - [01/Apr/2025:16:22:29 -0400] "GET /steuerberatung-hattingen-your-ideal-partner-in-all-areas-of-business/feed/ HTTP/1.1" 404 1251 "-" "Mozilla/5.0 (compatible; AhrefsBot/7.0; +http://ahrefs.com/robot/)"
13.229.78.155 - - [01/Apr/2025:16:23:16 -0400] "GET / HTTP/1.1" 200 156100 "-" "Mozilla/5.0 (Windows NT 10.0; Win64; x64; rv:122.0) Gecko/20100101 Firefox/122.0"
198.54.114.83 - - [01/Apr/2025:16:23:27 -0400] "POST /wp-cron.php?doing_wp_cron=1743539006.2778921127319335937500 HTTP/1.1" 200 0 "-" "WordPress/6.7.2; https://alualufoil.com"
13.229.78.155 - - [01/Apr/2025:16:23:18 -0400] "GET /xmlrpc.php HTTP/1.1" 405 46 "-" "Mozilla/5.0 (Windows NT 10.0; Win64; x64; rv:122.0) Gecko/20100101 Firefox/122.0"
13.229.78.155 - - [01/Apr/2025:16:23:28 -0400] "GET /wp-json/wp/v2/users HTTP/1.1" 404 1251 "-" "Mozilla/5.0 (Windows NT 10.0; Win64; x64; rv:122.0) Gecko/20100101 Firefox/122.0"
198.54.114.83 - - [01/Apr/2025:16:23:29 -0400] "POST /wp-admin/admin-ajax.php?action=async_litespeed&nonce=iYo081X9TSXcaCPx9yh5YdPLJd7smrO7&litespeed_type=imgoptm HTTP/1.1" 200 0 "-" "WordPress/6.7.2; https://alualufoil.com"
13.229.78.155 - - [01/Apr/2025:16:23:30 -0400] "POST /xmlrpc.php HTTP/1.1" 200 0 "-" "python-httpx/0.22.0"
51.222.253.6 - - [01/Apr/2025:16:24:19 -0400] "GET /optimiser-la-croissance-des-petites-entreprises-limportance-dune-agence-de-marketing-digital/feed/ HTTP/1.1" 404 1251 "-" "Mozilla/5.0 (compatible; AhrefsBot/7.0; +http://ahrefs.com/robot/)"
13.229.78.155 - - [01/Apr/2025:16:23:50 -0400] "POST /xmlrpc.php HTTP/1.1" 200 0 "-" "python-httpx/0.22.0"
13.229.78.155 - - [01/Apr/2025:16:24:10 -0400] "POST /xmlrpc.php HTTP/1.1" 200 0 "-" "python-httpx/0.22.0"
13.229.78.155 - - [01/Apr/2025:16:24:30 -0400] "POST /xmlrpc.php HTTP/1.1" 200 0 "-" "python-httpx/0.22.0"
13.229.78.155 - - [01/Apr/2025:16:24:50 -0400] "POST /xmlrpc.php HTTP/1.1" 200 0 "-" "python-httpx/0.22.0"
13.229.78.155 - - [01/Apr/2025:16:25:11 -0400] "POST /xmlrpc.php HTTP/1.1" 200 0 "-" "python-httpx/0.22.0"
13.229.78.155 - - [01/Apr/2025:16:25:30 -0400] "POST /xmlrpc.php HTTP/1.1" 200 0 "-" "python-httpx/0.22.0"
51.222.253.3 - - [01/Apr/2025:16:26:20 -0400] "GET /eight-tips-for-launching-your-real-estate-investing-career/feed/ HTTP/1.1" 404 1251 "-" "Mozilla/5.0 (compatible; AhrefsBot/7.0; +http://ahrefs.com/robot/)"
13.229.78.155 - - [01/Apr/2025:16:25:50 -0400] "POST /xmlrpc.php HTTP/1.1" 200 0 "-" "python-httpx/0.22.0"
13.229.78.155 - - [01/Apr/2025:16:26:10 -0400] "POST /xmlrpc.php HTTP/1.1" 200 0 "-" "python-httpx/0.22.0"
13.229.78.155 - - [01/Apr/2025:16:26:30 -0400] "POST /xmlrpc.php HTTP/1.1" 200 0 "-" "python-httpx/0.22.0"
13.229.78.155 - - [01/Apr/2025:16:26:50 -0400] "POST /xmlrpc.php HTTP/1.1" 200 0 "-" "python-httpx/0.22.0"
13.229.78.155 - - [01/Apr/2025:16:27:10 -0400] "POST /xmlrpc.php HTTP/1.1" 200 0 "-" "python-httpx/0.22.0"
51.222.253.9 - - [01/Apr/2025:16:28:06 -0400] "GET /navigating-parenthood-inside-dubais-premier-fertility-clinic/feed/ HTTP/1.1" 404 1251 "-" "Mozilla/5.0 (compatible; AhrefsBot/7.0; +http://ahrefs.com/robot/)"
13.229.78.155 - - [01/Apr/2025:16:27:30 -0400] "POST /xmlrpc.php HTTP/1.1" 200 0 "-" "python-httpx/0.22.0"
13.229.78.155 - - [01/Apr/2025:16:27:50 -0400] "POST /xmlrpc.php HTTP/1.1" 200 0 "-" "python-httpx/0.22.0"
13.229.78.155 - - [01/Apr/2025:16:28:11 -0400] "POST /xmlrpc.php HTTP/1.1" 200 0 "-" "python-httpx/0.22.0"
13.229.78.155 - - [01/Apr/2025:16:28:30 -0400] "POST /xmlrpc.php HTTP/1.1" 200 0 "-" "python-httpx/0.22.0"
13.229.78.155 - - [01/Apr/2025:16:28:50 -0400] "POST /xmlrpc.php HTTP/1.1" 200 0 "-" "python-httpx/0.22.0"
13.229.78.155 - - [01/Apr/2025:16:29:10 -0400] "POST /xmlrpc.php HTTP/1.1" 200 0 "-" "python-httpx/0.22.0"
51.222.253.6 - - [01/Apr/2025:16:29:59 -0400] "GET /how-to-be-a-successful-investor-in-sarasota-real-estate-investing/feed/ HTTP/1.1" 404 1251 "-" "Mozilla/5.0 (compatible; AhrefsBot/7.0; +http://ahrefs.com/robot/)"
13.229.78.155 - - [01/Apr/2025:16:29:30 -0400] "POST /xmlrpc.php HTTP/1.1" 200 0 "-" "python-httpx/0.22.0"
13.229.78.155 - - [01/Apr/2025:16:29:50 -0400] "POST /xmlrpc.php HTTP/1.1" 200 0 "-" "python-httpx/0.22.0"
13.229.78.155 - - [01/Apr/2025:16:30:10 -0400] "POST /xmlrpc.php HTTP/1.1" 200 0 "-" "python-httpx/0.22.0"
13.229.78.155 - - [01/Apr/2025:16:30:31 -0400] "POST /xmlrpc.php HTTP/1.1" 200 0 "-" "python-httpx/0.22.0"
13.229.78.155 - - [01/Apr/2025:16:30:50 -0400] "POST /xmlrpc.php HTTP/1.1" 200 0 "-" "python-httpx/0.22.0"
13.229.78.155 - - [01/Apr/2025:16:31:10 -0400] "POST /xmlrpc.php HTTP/1.1" 200 0 "-" "python-httpx/0.22.0"
51.222.253.7 - - [01/Apr/2025:16:31:58 -0400] "GET /la-puissance-des-objets-publicitaires/feed/ HTTP/1.1" 404 1251 "-" "Mozilla/5.0 (compatible; AhrefsBot/7.0; +http://ahrefs.com/robot/)"
13.229.78.155 - - [01/Apr/2025:16:31:30 -0400] "POST /xmlrpc.php HTTP/1.1" 200 0 "-" "python-httpx/0.22.0"
13.229.78.155 - - [01/Apr/2025:16:31:50 -0400] "POST /xmlrpc.php HTTP/1.1" 200 0 "-" "python-httpx/0.22.0"
85.208.96.199 - - [01/Apr/2025:16:32:34 -0400] "GET /how-to-be-a-successful-investor-in-sarasota-real-estate-investing/ HTTP/1.1" 404 1251 "-" "Mozilla/5.0 (compatible; SemrushBot/7~bl; +http://www.semrush.com/bot.html)"
13.229.78.155 - - [01/Apr/2025:16:32:11 -0400] "POST /xmlrpc.php HTTP/1.1" 200 0 "-" "python-httpx/0.22.0"
13.229.78.155 - - [01/Apr/2025:16:32:31 -0400] "POST /xmlrpc.php HTTP/1.1" 200 0 "-" "python-httpx/0.22.0"
13.229.78.155 - - [01/Apr/2025:16:32:51 -0400] "POST /xmlrpc.php HTTP/1.1" 200 0 "-" "python-httpx/0.22.0"
51.222.253.2 - - [01/Apr/2025:16:33:44 -0400] "GET /un-support-ideal-pour-la-publicite/feed/ HTTP/1.1" 404 1251 "-" "Mozilla/5.0 (compatible; AhrefsBot/7.0; +http://ahrefs.com/robot/)"
13.229.78.155 - - [01/Apr/2025:16:33:11 -0400] "POST /xmlrpc.php HTTP/1.1" 200 0 "-" "python-httpx/0.22.0"
13.229.78.155 - - [01/Apr/2025:16:33:31 -0400] "POST /xmlrpc.php HTTP/1.1" 200 0 "-" "python-httpx/0.22.0"
13.229.78.155 - - [01/Apr/2025:16:33:50 -0400] "POST /xmlrpc.php HTTP/1.1" 200 0 "-" "python-httpx/0.22.0"
13.229.78.155 - - [01/Apr/2025:16:34:10 -0400] "POST /xmlrpc.php HTTP/1.1" 200 0 "-" "python-httpx/0.22.0"
13.229.78.155 - - [01/Apr/2025:16:34:31 -0400] "POST /xmlrpc.php HTTP/1.1" 200 0 "-" "python-httpx/0.22.0"
13.229.78.155 - - [01/Apr/2025:16:34:51 -0400] "POST /xmlrpc.php HTTP/1.1" 200 0 "-" "python-httpx/0.22.0"
51.222.253.8 - - [01/Apr/2025:16:35:50 -0400] "GET /how-to-win-big-at-the-powerball-site/feed/ HTTP/1.1" 404 1251 "-" "Mozilla/5.0 (compatible; AhrefsBot/7.0; +http://ahrefs.com/robot/)"
13.229.78.155 - - [01/Apr/2025:16:35:10 -0400] "POST /xmlrpc.php HTTP/1.1" 200 0 "-" "python-httpx/0.22.0"
13.229.78.155 - - [01/Apr/2025:16:35:30 -0400] "POST /xmlrpc.php HTTP/1.1" 200 0 "-" "python-httpx/0.22.0"
13.229.78.155 - - [01/Apr/2025:16:35:50 -0400] "POST /xmlrpc.php HTTP/1.1" 200 0 "-" "python-httpx/0.22.0"
13.229.78.155 - - [01/Apr/2025:16:36:11 -0400] "POST /xmlrpc.php HTTP/1.1" 200 0 "-" "python-httpx/0.22.0"
13.229.78.155 - - [01/Apr/2025:16:36:30 -0400] "POST /xmlrpc.php HTTP/1.1" 200 0 "-" "python-httpx/0.22.0"
13.229.78.155 - - [01/Apr/2025:16:36:52 -0400] "POST /xmlrpc.php HTTP/1.1" 200 0 "-" "python-httpx/0.22.0"
51.222.253.4 - - [01/Apr/2025:16:37:49 -0400] "GET /the-power-of-cluster-and-financing-management/feed/ HTTP/1.1" 404 1251 "-" "Mozilla/5.0 (compatible; AhrefsBot/7.0; +http://ahrefs.com/robot/)"
13.229.78.155 - - [01/Apr/2025:16:37:11 -0400] "POST /xmlrpc.php HTTP/1.1" 200 0 "-" "python-httpx/0.22.0"
13.229.78.155 - - [01/Apr/2025:16:37:32 -0400] "POST /xmlrpc.php HTTP/1.1" 200 0 "-" "python-httpx/0.22.0"
13.229.78.155 - - [01/Apr/2025:16:37:52 -0400] "POST /xmlrpc.php HTTP/1.1" 200 0 "-" "python-httpx/0.22.0"
13.229.78.155 - - [01/Apr/2025:16:38:11 -0400] "POST /xmlrpc.php HTTP/1.1" 200 0 "-" "python-httpx/0.22.0"
13.229.78.155 - - [01/Apr/2025:16:38:32 -0400] "POST /xmlrpc.php HTTP/1.1" 200 0 "-" "python-httpx/0.22.0"
198.54.114.83 - - [01/Apr/2025:16:39:24 -0400] "POST /wp-admin/admin-ajax.php?action=async_litespeed&nonce=CaXVdghbScvzVse09ikUPeiLfiSM9RpK&litespeed_type=imgoptm HTTP/1.1" 200 5 "-" "WordPress/6.7.2; https://alualufoil.com"
13.229.78.155 - - [01/Apr/2025:16:38:52 -0400] "POST /xmlrpc.php HTTP/1.1" 200 0 "-" "python-httpx/0.22.0"
51.222.253.18 - - [01/Apr/2025:16:39:37 -0400] "GET /stickers-publicitaire/feed/ HTTP/1.1" 404 1251 "-" "Mozilla/5.0 (compatible; AhrefsBot/7.0; +http://ahrefs.com/robot/)"
13.229.78.155 - - [01/Apr/2025:16:39:12 -0400] "POST /xmlrpc.php HTTP/1.1" 200 0 "-" "python-httpx/0.22.0"
13.229.78.155 - - [01/Apr/2025:16:39:32 -0400] "POST /xmlrpc.php HTTP/1.1" 200 0 "-" "python-httpx/0.22.0"
13.229.78.155 - - [01/Apr/2025:16:39:52 -0400] "POST /xmlrpc.php HTTP/1.1" 200 0 "-" "python-httpx/0.22.0"
13.229.78.155 - - [01/Apr/2025:16:40:12 -0400] "POST /xmlrpc.php HTTP/1.1" 200 0 "-" "python-httpx/0.22.0"
13.229.78.155 - - [01/Apr/2025:16:40:32 -0400] "POST /xmlrpc.php HTTP/1.1" 200 0 "-" "python-httpx/0.22.0"
2a03:2880:f800:12:: - - [01/Apr/2025:16:41:24 -0400] "GET /vita-glow-cream-2/ HTTP/1.1" 404 1251 "-" "meta-externalagent/1.1 (+https://developers.facebook.com/docs/sharing/webmasters/crawler)"
13.229.78.155 - - [01/Apr/2025:16:40:52 -0400] "POST /xmlrpc.php HTTP/1.1" 200 0 "-" "python-httpx/0.22.0"
51.222.253.15 - - [01/Apr/2025:16:41:32 -0400] "GET /relais-am-gardasee/feed/ HTTP/1.1" 404 1251 "-" "Mozilla/5.0 (compatible; AhrefsBot/7.0; +http://ahrefs.com/robot/)"
13.229.78.155 - - [01/Apr/2025:16:41:12 -0400] "POST /xmlrpc.php HTTP/1.1" 200 0 "-" "python-httpx/0.22.0"
13.229.78.155 - - [01/Apr/2025:16:41:32 -0400] "POST /xmlrpc.php HTTP/1.1" 200 0 "-" "python-httpx/0.22.0"
13.229.78.155 - - [01/Apr/2025:16:41:52 -0400] "POST /xmlrpc.php HTTP/1.1" 200 0 "-" "python-httpx/0.22.0"
13.229.78.155 - - [01/Apr/2025:16:42:13 -0400] "POST /xmlrpc.php HTTP/1.1" 200 0 "-" "python-httpx/0.22.0"
13.229.78.155 - - [01/Apr/2025:16:42:33 -0400] "POST /xmlrpc.php HTTP/1.1" 200 0 "-" "python-httpx/0.22.0"
51.222.253.4 - - [01/Apr/2025:16:43:20 -0400] "GET /healthy-baked-bars/feed/ HTTP/1.1" 404 1251 "-" "Mozilla/5.0 (compatible; AhrefsBot/7.0; +http://ahrefs.com/robot/)"
13.229.78.155 - - [01/Apr/2025:16:42:53 -0400] "POST /xmlrpc.php HTTP/1.1" 200 0 "-" "python-httpx/0.22.0"
13.229.78.155 - - [01/Apr/2025:16:43:13 -0400] "POST /xmlrpc.php HTTP/1.1" 200 0 "-" "python-httpx/0.22.0"
13.229.78.155 - - [01/Apr/2025:16:43:33 -0400] "POST /xmlrpc.php HTTP/1.1" 200 0 "-" "python-httpx/0.22.0"
13.229.78.155 - - [01/Apr/2025:16:43:53 -0400] "POST /xmlrpc.php HTTP/1.1" 200 0 "-" "python-httpx/0.22.0"
13.229.78.155 - - [01/Apr/2025:16:44:13 -0400] "POST /xmlrpc.php HTTP/1.1" 200 0 "-" "python-httpx/0.22.0"
13.229.78.155 - - [01/Apr/2025:16:44:33 -0400] "POST /xmlrpc.php HTTP/1.1" 200 0 "-" "python-httpx/0.22.0"
51.222.253.11 - - [01/Apr/2025:16:45:31 -0400] "GET /the-advantages-and-disadvantages-of-betting-shops/feed/ HTTP/1.1" 404 1251 "-" "Mozilla/5.0 (compatible; AhrefsBot/7.0; +http://ahrefs.com/robot/)"
13.229.78.155 - - [01/Apr/2025:16:44:53 -0400] "POST /xmlrpc.php HTTP/1.1" 200 0 "-" "python-httpx/0.22.0"
13.229.78.155 - - [01/Apr/2025:16:45:13 -0400] "POST /xmlrpc.php HTTP/1.1" 200 0 "-" "python-httpx/0.22.0"
13.229.78.155 - - [01/Apr/2025:16:45:33 -0400] "POST /xmlrpc.php HTTP/1.1" 200 0 "-" "python-httpx/0.22.0"
13.229.78.155 - - [01/Apr/2025:16:45:53 -0400] "POST /xmlrpc.php HTTP/1.1" 200 0 "-" "python-httpx/0.22.0"
13.229.78.155 - - [01/Apr/2025:16:46:13 -0400] "POST /xmlrpc.php HTTP/1.1" 200 0 "-" "python-httpx/0.22.0"
13.229.78.155 - - [01/Apr/2025:16:46:33 -0400] "POST /xmlrpc.php HTTP/1.1" 200 0 "-" "python-httpx/0.22.0"
51.222.253.5 - - [01/Apr/2025:16:47:27 -0400] "GET /the-best-retin-a-creams-and-serums-for-anti-ageing-skin/feed/ HTTP/1.1" 404 1251 "-" "Mozilla/5.0 (compatible; AhrefsBot/7.0; +http://ahrefs.com/robot/)"
13.229.78.155 - - [01/Apr/2025:16:46:53 -0400] "POST /xmlrpc.php HTTP/1.1" 200 0 "-" "python-httpx/0.22.0"
43.132.123.157 - - [01/Apr/2025:16:47:43 -0400] "GET /a-dewormer-for-cancer-may-be-your-dogs-best-friend/ HTTP/1.1" 404 1251 "-" "Python/3.10 aiohttp/3.10.5"
13.229.78.155 - - [01/Apr/2025:16:47:13 -0400] "POST /xmlrpc.php HTTP/1.1" 200 0 "-" "python-httpx/0.22.0"
13.229.78.155 - - [01/Apr/2025:16:47:33 -0400] "POST /xmlrpc.php HTTP/1.1" 200 0 "-" "python-httpx/0.22.0"
13.229.78.155 - - [01/Apr/2025:16:47:53 -0400] "POST /xmlrpc.php HTTP/1.1" 200 0 "-" "python-httpx/0.22.0"
13.229.78.155 - - [01/Apr/2025:16:48:13 -0400] "POST /xmlrpc.php HTTP/1.1" 200 0 "-" "python-httpx/0.22.0"
13.229.78.155 - - [01/Apr/2025:16:48:33 -0400] "POST /xmlrpc.php HTTP/1.1" 200 0 "-" "python-httpx/0.22.0"
51.222.253.11 - - [01/Apr/2025:16:49:29 -0400] "GET /becoming-the-greatest-real-estate-agent-in-the-world/feed/ HTTP/1.1" 404 1251 "-" "Mozilla/5.0 (compatible; AhrefsBot/7.0; +http://ahrefs.com/robot/)"
13.229.78.155 - - [01/Apr/2025:16:48:53 -0400] "POST /xmlrpc.php HTTP/1.1" 200 0 "-" "python-httpx/0.22.0"
13.229.78.155 - - [01/Apr/2025:16:49:14 -0400] "POST /xmlrpc.php HTTP/1.1" 200 0 "-" "python-httpx/0.22.0"
13.229.78.155 - - [01/Apr/2025:16:49:34 -0400] "POST /xmlrpc.php HTTP/1.1" 200 0 "-" "python-httpx/0.22.0"
13.229.78.155 - - [01/Apr/2025:16:49:54 -0400] "POST /xmlrpc.php HTTP/1.1" 200 0 "-" "python-httpx/0.22.0"
13.229.78.155 - - [01/Apr/2025:16:50:14 -0400] "POST /xmlrpc.php HTTP/1.1" 200 0 "-" "python-httpx/0.22.0"
13.229.78.155 - - [01/Apr/2025:16:50:34 -0400] "POST /xmlrpc.php HTTP/1.1" 200 0 "-" "python-httpx/0.22.0"
51.222.253.8 - - [01/Apr/2025:16:51:22 -0400] "GET /wed-design-company-abu-dhabi/feed/ HTTP/1.1" 404 1251 "-" "Mozilla/5.0 (compatible; AhrefsBot/7.0; +http://ahrefs.com/robot/)"
13.229.78.155 - - [01/Apr/2025:16:50:54 -0400] "POST /xmlrpc.php HTTP/1.1" 200 0 "-" "python-httpx/0.22.0"
13.229.78.155 - - [01/Apr/2025:16:51:14 -0400] "POST /xmlrpc.php HTTP/1.1" 200 0 "-" "python-httpx/0.22.0"
13.229.78.155 - - [01/Apr/2025:16:51:35 -0400] "POST /xmlrpc.php HTTP/1.1" 200 0 "-" "python-httpx/0.22.0"
13.229.78.155 - - [01/Apr/2025:16:51:55 -0400] "POST /xmlrpc.php HTTP/1.1" 200 0 "-" "python-httpx/0.22.0"
13.229.78.155 - - [01/Apr/2025:16:52:15 -0400] "POST /xmlrpc.php HTTP/1.1" 200 0 "-" "python-httpx/0.22.0"
13.229.78.155 - - [01/Apr/2025:16:52:35 -0400] "POST /xmlrpc.php HTTP/1.1" 200 0 "-" "python-httpx/0.22.0"
51.222.253.9 - - [01/Apr/2025:16:53:22 -0400] "GET /revolutionizing-cryptocurrency-management-the-anyone-protocol-staking-dashboard/feed/ HTTP/1.1" 404 1251 "-" "Mozilla/5.0 (compatible; AhrefsBot/7.0; +http://ahrefs.com/robot/)"
13.229.78.155 - - [01/Apr/2025:16:52:56 -0400] "POST /xmlrpc.php HTTP/1.1" 200 0 "-" "python-httpx/0.22.0"
13.229.78.155 - - [01/Apr/2025:16:53:15 -0400] "POST /xmlrpc.php HTTP/1.1" 200 0 "-" "python-httpx/0.22.0"
13.229.78.155 - - [01/Apr/2025:16:53:35 -0400] "POST /xmlrpc.php HTTP/1.1" 200 0 "-" "python-httpx/0.22.0"
13.229.78.155 - - [01/Apr/2025:16:53:56 -0400] "POST /xmlrpc.php HTTP/1.1" 200 0 "-" "python-httpx/0.22.0"
198.54.114.83 - - [01/Apr/2025:16:54:38 -0400] "POST /wp-admin/admin-ajax.php?action=async_litespeed&nonce=o3e5GbGZkUyBcPTMgi3so1l2DuAUHups&litespeed_type=imgoptm HTTP/1.1" 200 5 "-" "WordPress/6.7.2; https://alualufoil.com"
13.229.78.155 - - [01/Apr/2025:16:54:38 -0400] "GET /wp-admin/ HTTP/1.1" 302 0 "-" "Mozilla/5.0 (X11; Linux x86_64; rv:52.0) Gecko/20100101 Firefox/52.0"
13.229.78.155 - - [01/Apr/2025:16:54:39 -0400] "GET /wp-login.php?redirect_to=https%3A%2F%2Falualufoil.com%2Fwp-admin%2F&reauth=1 HTTP/1.1" 200 1711 "-" "Mozilla/5.0 (X11; Linux x86_64; rv:52.0) Gecko/20100101 Firefox/52.0"
13.229.78.155 - - [01/Apr/2025:16:54:16 -0400] "POST /xmlrpc.php HTTP/1.1" 200 0 "-" "python-httpx/0.22.0"
13.229.78.155 - - [01/Apr/2025:16:54:36 -0400] "POST /xmlrpc.php HTTP/1.1" 200 0 "-" "python-httpx/0.22.0"
51.222.253.1 - - [01/Apr/2025:16:55:34 -0400] "GET /lusso-e-relax-sul-lago-di-garda-il-resort-ideale/feed/ HTTP/1.1" 404 1251 "-" "Mozilla/5.0 (compatible; AhrefsBot/7.0; +http://ahrefs.com/robot/)"
13.229.78.155 - - [01/Apr/2025:16:54:56 -0400] "POST /xmlrpc.php HTTP/1.1" 200 0 "-" "python-httpx/0.22.0"
13.229.78.155 - - [01/Apr/2025:16:55:16 -0400] "POST /xmlrpc.php HTTP/1.1" 200 0 "-" "python-httpx/0.22.0"
13.229.78.155 - - [01/Apr/2025:16:55:57 -0400] "POST /xmlrpc.php HTTP/1.1" 200 0 "-" "python-httpx/0.22.0"
13.229.78.155 - - [01/Apr/2025:16:55:37 -0400] "POST /xmlrpc.php HTTP/1.1" 200 0 "-" "python-httpx/0.22.0"
85.208.96.212 - - [01/Apr/2025:16:57:18 -0400] "GET /customer-service-where-did-it-go/ HTTP/1.1" 404 1251 "-" "Mozilla/5.0 (compatible; SemrushBot/7~bl; +http://www.semrush.com/bot.html)"
51.222.253.6 - - [01/Apr/2025:16:57:32 -0400] "GET /efficient-organization-with-printable-planner-stickers/feed/ HTTP/1.1" 404 1251 "-" "Mozilla/5.0 (compatible; AhrefsBot/7.0; +http://ahrefs.com/robot/)"
161.142.148.130 - - [01/Apr/2025:16:58:46 -0400] "GET /how-new-food-labels-make-it-easier-to-read/ HTTP/1.1" 404 1251 "-" "Mozilla/5.0 (Windows NT 10.0) AppleWebKit/537.36 (KHTML, like Gecko) Chrome/114.0.0.0 Safari/537.36"
161.142.148.130 - - [01/Apr/2025:16:58:47 -0400] "GET / HTTP/1.1" 200 156100 "-" "Mozilla/5.0 (Windows NT 10.0) AppleWebKit/537.36 (KHTML, like Gecko) Chrome/114.0.0.0 Safari/537.36"
161.142.148.130 - - [01/Apr/2025:16:58:50 -0400] "GET /dp/B0D3RN5W37?ref=MarsFS_VICC_blinksqm HTTP/1.1" 404 1251 "https://alualufoil.com" "Mozilla/5.0 (Windows NT 10.0) AppleWebKit/537.36 (KHTML, like Gecko) Chrome/114.0.0.0 Safari/537.36"
161.142.148.130 - - [01/Apr/2025:16:58:50 -0400] "GET / HTTP/1.1" 200 156100 "https://alualufoil.com" "Mozilla/5.0 (Windows NT 10.0) AppleWebKit/537.36 (KHTML, like Gecko) Chrome/114.0.0.0 Safari/537.36"
51.222.253.19 - - [01/Apr/2025:16:59:45 -0400] "GET /liquid-and-air-cooling-systems/ HTTP/1.1" 404 1251 "-" "Mozilla/5.0 (compatible; AhrefsBot/7.0; +http://ahrefs.com/robot/)"
185.3.145.100 - - [01/Apr/2025:16:59:52 -0400] "GET /lawn-care-tips/ HTTP/1.1" 404 1251 "-" "Mozilla/5.0 (Macintosh; Intel Mac OS X 10_15_7) AppleWebKit/537.36 (KHTML, like Gecko) Chrome/125.0.0.0 Safari/537.36"
51.222.253.11 - - [01/Apr/2025:17:01:21 -0400] "GET /ultimate-fun-exploring-unblocked-games-6x/feed/ HTTP/1.1" 404 1251 "-" "Mozilla/5.0 (compatible; AhrefsBot/7.0; +http://ahrefs.com/robot/)"
51.222.253.1 - - [01/Apr/2025:17:03:03 -0400] "GET /reusable-cotton-rounds-and-balls/feed/ HTTP/1.1" 404 1251 "-" "Mozilla/5.0 (compatible; AhrefsBot/7.0; +http://ahrefs.com/robot/)"
170.0.70.128 - - [01/Apr/2025:17:04:25 -0400] "GET /wp-content/uploads/2023/04/Rechtsanwalt-Hattingen-Zivilrecht-200x133-1.jpg HTTP/1.1" 200 3408 "-" "Mozilla/5.0 (Macintosh; Intel Mac OS X 10_8_6) AppleWebKit/565.10 (KHTML, like Gecko) Chrome/105.0.0.0 Safari/565.10 Edg/105.0.3941.49"
198.54.114.83 - - [01/Apr/2025:17:04:29 -0400] "POST /wp-admin/admin-ajax.php?action=async_litespeed&nonce=cH7AU7vJElVxWqTrTT7G2TjzN5Vwek65&litespeed_type=imgoptm HTTP/1.1" 200 5 "-" "WordPress/6.7.2; https://alualufoil.com"
51.222.253.19 - - [01/Apr/2025:17:05:12 -0400] "GET /ray-ban-sunglasses/feed/ HTTP/1.1" 404 1251 "-" "Mozilla/5.0 (compatible; AhrefsBot/7.0; +http://ahrefs.com/robot/)"
51.222.253.8 - - [01/Apr/2025:17:07:08 -0400] "GET /carte-dragon-ball/feed/ HTTP/1.1" 404 1251 "-" "Mozilla/5.0 (compatible; AhrefsBot/7.0; +http://ahrefs.com/robot/)"
51.222.253.19 - - [01/Apr/2025:17:09:21 -0400] "GET /san-rafael-ca-homes-for-sale/feed/ HTTP/1.1" 404 1251 "-" "Mozilla/5.0 (compatible; AhrefsBot/7.0; +http://ahrefs.com/robot/)"
185.191.171.10 - - [01/Apr/2025:17:09:47 -0400] "GET /bamboo-pajamas-womens/ HTTP/1.1" 404 1251 "-" "Mozilla/5.0 (compatible; SemrushBot/7~bl; +http://www.semrush.com/bot.html)"
51.222.253.19 - - [01/Apr/2025:17:11:13 -0400] "GET /essential-insights-into-free-employment-law-advice/feed/ HTTP/1.1" 404 1251 "-" "Mozilla/5.0 (compatible; AhrefsBot/7.0; +http://ahrefs.com/robot/)"
85.208.96.197 - - [01/Apr/2025:17:11:31 -0400] "GET /womens-bamboo-underwear/ HTTP/1.1" 404 1251 "-" "Mozilla/5.0 (compatible; SemrushBot/7~bl; +http://www.semrush.com/bot.html)"
51.222.253.19 - - [01/Apr/2025:17:13:13 -0400] "GET /fachanwalt-fur-scheidungsrecht-in-hattingen-expertise-und-unterstutzung/feed/ HTTP/1.1" 404 1251 "-" "Mozilla/5.0 (compatible; AhrefsBot/7.0; +http://ahrefs.com/robot/)"
17.241.219.131 - - [01/Apr/2025:17:13:42 -0400] "GET /orchard-sophia/ HTTP/1.1" 404 1251 "-" "Mozilla/5.0 (Macintosh; Intel Mac OS X 10_15_7) AppleWebKit/605.1.15 (KHTML, like Gecko) Version/17.4 Safari/605.1.15 (Applebot/0.1; +http://www.apple.com/go/applebot)"
51.222.253.17 - - [01/Apr/2025:17:15:26 -0400] "GET /in-home-nursing-care-toronto/feed/ HTTP/1.1" 404 1251 "-" "Mozilla/5.0 (compatible; AhrefsBot/7.0; +http://ahrefs.com/robot/)"
51.222.253.12 - - [01/Apr/2025:17:17:19 -0400] "GET /navigating-the-real-estate-landscape-in-sonoma-county/feed/ HTTP/1.1" 404 1251 "-" "Mozilla/5.0 (compatible; AhrefsBot/7.0; +http://ahrefs.com/robot/)"
136.243.228.179 - - [01/Apr/2025:17:19:08 -0400] "GET /mk-shoulder-bag/ HTTP/1.1" 404 1251 "-" "Mozilla/5.0 (compatible; DataForSeoBot/1.0; +https://dataforseo.com/dataforseo-bot)"
51.222.253.16 - - [01/Apr/2025:17:19:13 -0400] "GET /stehlampe-modern-buynblues/feed/ HTTP/1.1" 404 1251 "-" "Mozilla/5.0 (compatible; AhrefsBot/7.0; +http://ahrefs.com/robot/)"
51.222.253.18 - - [01/Apr/2025:17:21:08 -0400] "GET /a-comprehensive-tier-list-analysis/feed/ HTTP/1.1" 404 1251 "-" "Mozilla/5.0 (compatible; AhrefsBot/7.0; +http://ahrefs.com/robot/)"
156.231.83.53 - - [01/Apr/2025:17:22:45 -0400] "GET /many-reasons-and-evolution-facts-about-the-keychain-pocket-watch/ HTTP/1.1" 404 1251 "-" "Mozilla/5.0 (Macintosh; Intel Mac OS X 10_15_7) AppleWebKit/537.36 (KHTML, like Gecko) Chrome/125.0.0.0 Safari/537.36"
51.222.253.20 - - [01/Apr/2025:17:23:12 -0400] "GET /discovering-tranquility-a-resort-on-lake-garda/feed/ HTTP/1.1" 404 1251 "-" "Mozilla/5.0 (compatible; AhrefsBot/7.0; +http://ahrefs.com/robot/)"
51.222.253.7 - - [01/Apr/2025:17:25:44 -0400] "GET /die-besten-helden-in-watcher-of-realms/feed/ HTTP/1.1" 404 1251 "-" "Mozilla/5.0 (compatible; AhrefsBot/7.0; +http://ahrefs.com/robot/)"
51.222.253.9 - - [01/Apr/2025:17:27:51 -0400] "GET /buy-mk-bags-in-the-uk-at-tk-maxx/feed/ HTTP/1.1" 404 1251 "-" "Mozilla/5.0 (compatible; AhrefsBot/7.0; +http://ahrefs.com/robot/)"
34.145.20.211 - - [01/Apr/2025:17:28:05 -0400] "GET /what-to-do-if-your-washer-wont-turn-on/ HTTP/1.1" 404 1251 "-" "Mozilla/5.0 (Macintosh; Intel Mac OS X 10_15_7) AppleWebKit/605.1.15 (KHTML, like Gecko) Version/17.0 Safari/605.1.15"
198.54.114.83 - - [01/Apr/2025:17:28:34 -0400] "POST /wp-admin/admin-ajax.php?action=async_litespeed&nonce=PWNDHG73kquAq4jvMqGCEvV4qoi3kVJh&litespeed_type=imgoptm HTTP/1.1" 200 5 "-" "WordPress/6.7.2; https://alualufoil.com"
51.222.253.1 - - [01/Apr/2025:17:29:54 -0400] "GET /style-meets-functionality/feed/ HTTP/1.1" 404 1251 "-" "Mozilla/5.0 (compatible; AhrefsBot/7.0; +http://ahrefs.com/robot/)"
85.208.96.205 - - [01/Apr/2025:17:31:28 -0400] "GET /custom-fuzzy-socks-bulk/ HTTP/1.1" 404 1251 "-" "Mozilla/5.0 (compatible; SemrushBot/7~bl; +http://www.semrush.com/bot.html)"
51.222.253.20 - - [01/Apr/2025:17:31:51 -0400] "GET /les-materiaux-publicitaires-un-guide-complet/feed/ HTTP/1.1" 404 1251 "-" "Mozilla/5.0 (compatible; AhrefsBot/7.0; +http://ahrefs.com/robot/)"
154.41.95.1 - - [01/Apr/2025:17:32:57 -0400] "GET / HTTP/1.1" 200 156100 "https://alualufoil.com" "Mozilla/5.0 (Windows NT 6.1) AppleWebKit/537.36 (KHTML, like Gecko) Chrome/46.0.2490.86 YaBrowser/15.12.1.6475 Yowser/2.5 Safari/537.36"
51.222.253.14 - - [01/Apr/2025:17:33:52 -0400] "GET /tips-for-buying-rv-ac-units/ HTTP/1.1" 404 1251 "-" "Mozilla/5.0 (compatible; AhrefsBot/7.0; +http://ahrefs.com/robot/)"
51.222.253.18 - - [01/Apr/2025:17:35:52 -0400] "GET /esplorando-il-resort-sul-lago-di-garda-un-paradiso-di-relax/feed/ HTTP/1.1" 404 1251 "-" "Mozilla/5.0 (compatible; AhrefsBot/7.0; +http://ahrefs.com/robot/)"
98.85.82.111 - - [01/Apr/2025:17:37:30 -0400] "GET /understanding-pricing-factors/ HTTP/1.1" 404 1251 "-" "Grammarly/1.0 (http://www.grammarly.com)"
51.222.253.13 - - [01/Apr/2025:17:37:51 -0400] "GET /la-magia-del-lago-di-garda/feed/ HTTP/1.1" 404 1251 "-" "Mozilla/5.0 (compatible; AhrefsBot/7.0; +http://ahrefs.com/robot/)"
51.222.253.5 - - [01/Apr/2025:17:39:42 -0400] "GET /playing-retro-bowl-unblocked/feed/ HTTP/1.1" 404 1251 "-" "Mozilla/5.0 (compatible; AhrefsBot/7.0; +http://ahrefs.com/robot/)"
85.208.96.208 - - [01/Apr/2025:17:40:19 -0400] "GET /category/activity/page/71/ HTTP/1.1" 404 1251 "-" "Mozilla/5.0 (compatible; SemrushBot/7~bl; +http://www.semrush.com/bot.html)"
51.222.253.18 - - [01/Apr/2025:17:41:26 -0400] "GET /youtube-and-the-classroom/feed/ HTTP/1.1" 404 1251 "-" "Mozilla/5.0 (compatible; AhrefsBot/7.0; +http://ahrefs.com/robot/)"
51.222.253.8 - - [01/Apr/2025:17:43:23 -0400] "GET /tenis-prediction/feed/ HTTP/1.1" 404 1251 "-" "Mozilla/5.0 (compatible; AhrefsBot/7.0; +http://ahrefs.com/robot/)"
40.77.167.55 - - [01/Apr/2025:17:44:58 -0400] "GET /cbd-oil-uk/ HTTP/1.1" 404 1251 "-" "Mozilla/5.0 AppleWebKit/537.36 (KHTML, like Gecko; compatible; bingbot/2.0; +http://www.bing.com/bingbot.htm) Chrome/116.0.1938.76 Safari/537.36"
51.222.253.2 - - [01/Apr/2025:17:45:14 -0400] "GET /commercial-real-estate-four-crucial-steps-to-ensure-a-profitable-investment/feed/ HTTP/1.1" 404 1251 "-" "Mozilla/5.0 (compatible; AhrefsBot/7.0; +http://ahrefs.com/robot/)"
51.222.253.19 - - [01/Apr/2025:17:47:12 -0400] "GET /tembusu-grand-an-exciting-yet-majestic-palace/feed/ HTTP/1.1" 404 1251 "-" "Mozilla/5.0 (compatible; AhrefsBot/7.0; +http://ahrefs.com/robot/)"
51.222.253.11 - - [01/Apr/2025:17:49:02 -0400] "GET /valg-af-bamser-til-born/feed/ HTTP/1.1" 404 1251 "-" "Mozilla/5.0 (compatible; AhrefsBot/7.0; +http://ahrefs.com/robot/)"
185.220.100.255 - - [01/Apr/2025:17:49:24 -0400] "GET / HTTP/1.1" 200 156100 "https://alualufoil.com" "Mozilla/5.0 (Windows NT 6.1; rv:24.0) Gecko/20100101 Firefox/24.0"
139.59.100.51 - - [01/Apr/2025:17:50:47 -0400] "GET /wp-login.php HTTP/1.1" 200 1711 "-" "Mozila/5.0"
198.54.114.83 - - [01/Apr/2025:17:50:51 -0400] "POST /wp-cron.php?doing_wp_cron=1743544251.7747120857238769531250 HTTP/1.1" 200 0 "-" "WordPress/6.7.2; https://alualufoil.com"
139.59.100.51 - - [01/Apr/2025:17:50:47 -0400] "POST /wp-login.php HTTP/1.1" 200 1850 "-" "Mozila/5.0"
139.59.100.51 - - [01/Apr/2025:17:50:52 -0400] "GET /wp-admin/ HTTP/1.1" 302 0 "-" "Mozila/5.0"
198.54.114.83 - - [01/Apr/2025:17:50:53 -0400] "POST /wp-admin/admin-ajax.php?action=async_litespeed&nonce=Vz2MOGCx9MK9PThtRVBCeiisVRpgVyfc&litespeed_type=imgoptm HTTP/1.1" 200 5 "-" "WordPress/6.7.2; https://alualufoil.com"
139.59.100.51 - - [01/Apr/2025:17:50:53 -0400] "GET /wp-login.php?redirect_to=https%3A%2F%2Falualufoil.com%2Fwp-admin%2F&reauth=1 HTTP/1.1" 200 1711 "-" "Mozila/5.0"
51.222.253.4 - - [01/Apr/2025:17:50:54 -0400] "GET /solvoreringe-er-en-stilfuld-og-overkommelig-tilfojelse-til-din-garderobe/feed/ HTTP/1.1" 404 1251 "-" "Mozilla/5.0 (compatible; AhrefsBot/7.0; +http://ahrefs.com/robot/)"
51.222.253.12 - - [01/Apr/2025:17:52:55 -0400] "GET /the-benefits-of-managed-investing/ HTTP/1.1" 404 1251 "-" "Mozilla/5.0 (compatible; AhrefsBot/7.0; +http://ahrefs.com/robot/)"
51.222.253.18 - - [01/Apr/2025:17:54:53 -0400] "GET /how-to-find-a-lost-car-key/ HTTP/1.1" 404 1251 "-" "Mozilla/5.0 (compatible; AhrefsBot/7.0; +http://ahrefs.com/robot/)"
34.205.170.13 - - [01/Apr/2025:17:56:18 -0400] "GET /robots.txt HTTP/1.1" 304 0 "-" "Mozilla/5.0 AppleWebKit/537.36 (KHTML, like Gecko; compatible; Amazonbot/0.1; +https://developer.amazon.com/support/amazonbot) Chrome/119.0.6045.214 Safari/537.36"
54.204.12.115 - - [01/Apr/2025:17:56:19 -0400] "GET /whats-a-skinny-bbl/ HTTP/1.1" 404 1251 "-" "Mozilla/5.0 AppleWebKit/537.36 (KHTML, like Gecko; compatible; Amazonbot/0.1; +https://developer.amazon.com/support/amazonbot) Chrome/119.0.6045.214 Safari/537.36"
51.222.253.11 - - [01/Apr/2025:17:56:46 -0400] "GET /the-ultimate-suite-with-spa-experience/feed/ HTTP/1.1" 404 1251 "-" "Mozilla/5.0 (compatible; AhrefsBot/7.0; +http://ahrefs.com/robot/)"
51.222.253.15 - - [01/Apr/2025:17:58:37 -0400] "GET /sports-betting-systems-explained/feed/ HTTP/1.1" 404 1251 "-" "Mozilla/5.0 (compatible; AhrefsBot/7.0; +http://ahrefs.com/robot/)"
85.208.96.194 - - [01/Apr/2025:18:00:18 -0400] "GET /page/36/ HTTP/1.1" 404 1251 "-" "Mozilla/5.0 (compatible; SemrushBot/7~bl; +http://www.semrush.com/bot.html)"
51.222.253.3 - - [01/Apr/2025:18:00:24 -0400] "GET /exploring-the-realm-of-money-lenders-in-singapore/feed/ HTTP/1.1" 404 1251 "-" "Mozilla/5.0 (compatible; AhrefsBot/7.0; +http://ahrefs.com/robot/)"
51.222.253.3 - - [01/Apr/2025:18:02:18 -0400] "GET /custom-invitations-for-a-totally-unique-wedding-suite/feed/ HTTP/1.1" 404 1251 "-" "Mozilla/5.0 (compatible; AhrefsBot/7.0; +http://ahrefs.com/robot/)"
51.222.253.18 - - [01/Apr/2025:18:03:53 -0400] "GET /a-convenient-way-to-purchase-prescription-glasses/feed/ HTTP/1.1" 404 1251 "-" "Mozilla/5.0 (compatible; AhrefsBot/7.0; +http://ahrefs.com/robot/)"
51.222.253.5 - - [01/Apr/2025:18:05:38 -0400] "GET /essential-guide-to-breast-pumps-choosing-the-best-for-you/feed/ HTTP/1.1" 404 1251 "-" "Mozilla/5.0 (compatible; AhrefsBot/7.0; +http://ahrefs.com/robot/)"
65.21.113.196 - - [01/Apr/2025:18:05:45 -0400] "GET /robots.txt HTTP/1.1" 304 0 "-" "Mozilla/5.0 (compatible; AwarioBot/1.0; +https://awario.com/bots.html)"
65.21.113.196 - - [01/Apr/2025:18:05:46 -0400] "GET / HTTP/1.1" 200 156100 "-" "Mozilla/5.0 (compatible; AwarioBot/1.0; +https://awario.com/bots.html)"
198.54.114.83 - - [01/Apr/2025:18:06:25 -0400] "POST /wp-cron.php?doing_wp_cron=1743545184.8903720378875732421875 HTTP/1.1" 200 0 "-" "WordPress/6.7.2; https://alualufoil.com"
3.220.159.34 - - [01/Apr/2025:18:06:19 -0400] "POST /wp-login.php HTTP/1.1" 200 1838 "-" "Mozilla/5.0 (X11; Linux x86_64; rv:122.0) Gecko/20100101 Firefox/122.0"
198.54.114.83 - - [01/Apr/2025:18:06:26 -0400] "POST /wp-admin/admin-ajax.php?action=async_litespeed&nonce=HkzzkTV795MzY2JxSYrgDQCSx3awu49i&litespeed_type=imgoptm HTTP/1.1" 200 0 "-" "WordPress/6.7.2; https://alualufoil.com"
51.222.253.7 - - [01/Apr/2025:18:07:21 -0400] "GET /elektrisch-kolfapparaat/feed/ HTTP/1.1" 404 1251 "-" "Mozilla/5.0 (compatible; AhrefsBot/7.0; +http://ahrefs.com/robot/)"
51.222.253.15 - - [01/Apr/2025:18:09:12 -0400] "GET /unlocking-the-potential-of-protocol-staking-a-comprehensive-look-at-the-anyone-dashboard/feed/ HTTP/1.1" 404 1251 "-" "Mozilla/5.0 (compatible; AhrefsBot/7.0; +http://ahrefs.com/robot/)"
47.128.121.97 - - [01/Apr/2025:18:10:46 -0400] "GET / HTTP/1.1" 200 156100 "-" "Mozilla/5.0 (Linux; Android 5.0) AppleWebKit/537.36 (KHTML, like Gecko) Mobile Safari/537.36 (compatible; TikTokSpider; ttspider-feedback@tiktok.com)"
47.128.121.97 - - [01/Apr/2025:18:10:51 -0400] "GET /rd/uedata?ld&v=0.300369.0&id=90G9DFKSFRKCQZ4KHD88&sw=375&sh=812&vw=375&vh=812&m=1&sc=90G9DFKSFRKCQZ4KHD88&ue=2&bb=615&ns=621&x1=714&cf=1651&af=1712&be=1731&fp=645&fcp=645&pc=2705&tc=-2197&na_=-2197&ul_=-1743545446652&_ul=-1743545446652&rd_=-1743545446652&_rd=-1743545446652&fe_=-2197&lk_=-2197&_lk=-2197&co_=-1691&_co=-1665&sc_=-1674&rq_=-1665&rs_=-99&_rs=783&dl_=-17&di_=1761&de_=1761&_de=1761&_dc=2705&ld_=2705&_ld=-1743545446652&ntd=-1&ty=0&rc=0&hob=1&hoe=2&ld=2705&t=1743545449357&ctb=1&rt=cf:92-13-74-5-4-6-1_af:93-13-74-6-4-6-1_ld:144-54-83-7-5-9-1&ec=33&ecf=2&csmtags=aui|aui:aui_build_date:3.24.9-2024-10-31|mutObsYes|aui:sw:page_proxy:no_ctrl|DetailPageMetaAssetFixedCached|DetailPageEverywhereMetaAssetCached|DetailPagePriceTrackerAssetsNotCached|DetailPageProductSpecDepthAssetNotCached|DetailPagePQVAssetsNotCached|DetailPageTwisterPlusSubAssetsNotCached|AmazonDevicesDetailPageCriticalAssetsCached|DetailPagePostPurchaseAssetsNotCached|DetailPageTurboCheckoutDesktopAssetsNotCached|DetailPageNostosAssetsNotCached|auiCached|desktop-image-atf-marker|FWCIMEnabled|fls-fe-amazon-com-au|perfYes&viz=visible:2&pty=Detail&spty=Kindle_HW&pti=B0BF75VM4T&tid=90G9DFKSFRKCQZ4KHD88&aftb=1&lob=1 HTTP/1.1" 404 1251 "https://alualufoil.com/" "Mozilla/5.0 (Linux; Android 5.0) AppleWebKit/537.36 (KHTML, like Gecko) Mobile Safari/537.36 (compatible; TikTokSpider; ttspider-feedback@tiktok.com)"
47.128.121.97 - - [01/Apr/2025:18:10:52 -0400] "GET /rd/uedata?at&v=0.300369.0&id=90G9DFKSFRKCQZ4KHD88&m=1&sc=adblk_no&pc=2744&at=2744&t=1743545449396&csmtags=adblk_no&pty=Detail&spty=Kindle_HW&pti=B0BF75VM4T&tid=90G9DFKSFRKCQZ4KHD88&aftb=1&lob=1 HTTP/1.1" 404 1251 "https://alualufoil.com/" "Mozilla/5.0 (Linux; Android 5.0) AppleWebKit/537.36 (KHTML, like Gecko) Mobile Safari/537.36 (compatible; TikTokSpider; ttspider-feedback@tiktok.com)"
47.128.121.97 - - [01/Apr/2025:18:10:57 -0400] "GET /rd/uedata?rid=90G9DFKSFRKCQZ4KHD88&sid=356-1077062-4831846&rx=CG1nupYChPzeLyz6a6vgcg HTTP/1.1" 404 1251 "https://alualufoil.com/" "Mozilla/5.0 (Linux; Android 5.0) AppleWebKit/537.36 (KHTML, like Gecko) Mobile Safari/537.36 (compatible; TikTokSpider; ttspider-feedback@tiktok.com)"
51.222.253.7 - - [01/Apr/2025:18:10:59 -0400] "GET /careprost/feed/ HTTP/1.1" 404 1251 "-" "Mozilla/5.0 (compatible; AhrefsBot/7.0; +http://ahrefs.com/robot/)"
51.222.253.16 - - [01/Apr/2025:18:12:52 -0400] "GET /maca-pour-femme/feed/ HTTP/1.1" 404 1251 "-" "Mozilla/5.0 (compatible; AhrefsBot/7.0; +http://ahrefs.com/robot/)"
51.222.253.7 - - [01/Apr/2025:18:14:41 -0400] "GET /piccadilly-grand-singapores-newest-condo-development/feed/ HTTP/1.1" 404 1251 "-" "Mozilla/5.0 (compatible; AhrefsBot/7.0; +http://ahrefs.com/robot/)"
185.191.171.11 - - [01/Apr/2025:18:16:12 -0400] "GET /how-to-add-videos-to-your-youtube-favorites/ HTTP/1.1" 404 1251 "-" "Mozilla/5.0 (compatible; SemrushBot/7~bl; +http://www.semrush.com/bot.html)"
51.222.253.14 - - [01/Apr/2025:18:16:33 -0400] "GET /how-to-make-a-diamond-paintings-from-your-own-picture/feed/ HTTP/1.1" 404 1251 "-" "Mozilla/5.0 (compatible; AhrefsBot/7.0; +http://ahrefs.com/robot/)"
198.54.114.83 - - [01/Apr/2025:18:17:01 -0400] "POST /wp-admin/admin-ajax.php?action=async_litespeed&nonce=sTP7KvNwtJlM2PhoCHTA7pYNxZ9GUH6H&litespeed_type=imgoptm HTTP/1.1" 200 5 "-" "WordPress/6.7.2; https://alualufoil.com"
