4.227.36.91 - - [03/Apr/2025:11:28:44 -0400] "GET /robots.txt HTTP/1.1" 304 0 "-" "Mozilla/5.0 AppleWebKit/537.36 (KHTML, like Gecko; compatible; GPTBot/1.2; +https://openai.com/gptbot)"
114.119.155.81 - - [03/Apr/2025:11:29:03 -0400] "GET /review/create-review/ref=cm_cr_dp_d_wr_but_top?ie=UTF8&channel=glance-detail&asin=B0DG4WZZPV HTTP/1.1" 404 1251 "https://alualufoil.com/?MA" "Mozilla/5.0 (Linux; Android 7.0;) AppleWebKit/537.36 (KHTML, like Gecko) Mobile Safari/537.36 (compatible; PetalBot;+https://webmaster.petalsearch.com/site/petalbot)"
74.208.42.172 - - [03/Apr/2025:11:29:30 -0400] "HEAD / HTTP/1.1" 200 0 "-" "www.deadlinkchecker.com Mozilla/5.0 (Windows NT 10.0; Win64; x64) AppleWebKit/537.36 (KHTML, like Gecko) Chrome/108.0.0.0 Safari/537.36"
79.127.224.104 - - [03/Apr/2025:11:30:05 -0400] "GET /wp-login.php HTTP/1.1" 200 1711 "https://alualufoil.com" "Mozilla/5.0 (X11; Linux x86_64) AppleWebKit/537.36 (KHTML, like Gecko) Chrome/43.0.2357.130 Safari/537.36"
198.54.114.83 - - [03/Apr/2025:11:30:14 -0400] "POST /wp-cron.php?doing_wp_cron=1743694213.9859418869018554687500 HTTP/1.1" 200 0 "-" "WordPress/6.7.2; https://alualufoil.com"
79.127.224.104 - - [03/Apr/2025:11:30:09 -0400] "POST /wp-login.php HTTP/1.1" 200 1849 "https://alualufoil.com" "Mozilla/5.0 (X11; Linux x86_64) AppleWebKit/537.36 (KHTML, like Gecko) Chrome/43.0.2357.130 Safari/537.36"
198.54.114.83 - - [03/Apr/2025:11:30:16 -0400] "POST /wp-admin/admin-ajax.php?action=async_litespeed&nonce=MlDblVkjb7TYqX3lYuCt7Fp1z2vKWgYe&litespeed_type=imgoptm HTTP/1.1" 200 0 "-" "WordPress/6.7.2; https://alualufoil.com"
114.119.157.245 - - [03/Apr/2025:11:30:26 -0400] "GET /page/87/?MA HTTP/1.1" 404 1251 "https://alualufoil.com/page/87/?MA" "Mozilla/5.0 (Linux; Android 7.0;) AppleWebKit/537.36 (KHTML, like Gecko) Mobile Safari/537.36 (compatible; PetalBot;+https://webmaster.petalsearch.com/site/petalbot)"
40.77.167.159 - - [03/Apr/2025:11:31:44 -0400] "GET /page/49/ HTTP/1.1" 404 1251 "-" "Mozilla/5.0 AppleWebKit/537.36 (KHTML, like Gecko; compatible; bingbot/2.0; +http://www.bing.com/bingbot.htm) Chrome/116.0.1938.76 Safari/537.36"
114.119.133.42 - - [03/Apr/2025:11:31:49 -0400] "GET /page/150/?NA HTTP/1.1" 404 1251 "https://alualufoil.com/page/149/?NA" "Mozilla/5.0 (Linux; Android 7.0;) AppleWebKit/537.36 (KHTML, like Gecko) Mobile Safari/537.36 (compatible; PetalBot;+https://webmaster.petalsearch.com/site/petalbot)"
114.119.155.81 - - [03/Apr/2025:11:33:14 -0400] "GET /page/140/ HTTP/1.1" 404 1251 "https://alualufoil.com/page/141/" "Mozilla/5.0 (Linux; Android 7.0;) AppleWebKit/537.36 (KHTML, like Gecko) Mobile Safari/537.36 (compatible; PetalBot;+https://webmaster.petalsearch.com/site/petalbot)"
198.54.114.83 - - [03/Apr/2025:11:33:22 -0400] "POST /wp-cron.php?doing_wp_cron=1743694401.6752910614013671875000 HTTP/1.1" 200 0 "-" "WordPress/6.7.2; https://alualufoil.com"
196.251.87.2 - - [03/Apr/2025:11:33:18 -0400] "POST /wp-login.php?wc-ajax=1 HTTP/1.1" 200 1847 "https://alualufoil.com/wp-admin/" "Mozilla/5.0 (Windows NT 10.0; Win64; x64) AppleWebKit/537.36 (KHTML, like Gecko) Chrome/90.0.4430.85 Safari/537.36"
196.251.87.2 - - [03/Apr/2025:11:33:23 -0400] "GET /wp-admin/?wc-ajax=1 HTTP/1.1" 302 0 "www.google.com" "Mozilla/5.0 (Windows NT 10.0; Win64; x64) AppleWebKit/537.36 (KHTML, like Gecko) Chrome/90.0.4430.85 Safari/537.36"
196.251.87.2 - - [03/Apr/2025:11:33:23 -0400] "GET /wp-login.php?redirect_to=https%3A%2F%2Falualufoil.com%2Fwp-admin%2F%3Fwc-ajax%3D1&reauth=1 HTTP/1.1" 200 1718 "www.google.com" "Mozilla/5.0 (Windows NT 10.0; Win64; x64) AppleWebKit/537.36 (KHTML, like Gecko) Chrome/90.0.4430.85 Safari/537.36"
198.54.114.83 - - [03/Apr/2025:11:33:23 -0400] "POST /wp-admin/admin-ajax.php?action=async_litespeed&nonce=OJQyvfLRZ9aL09TTlDKTeH8fzqGJQWm7&litespeed_type=imgoptm HTTP/1.1" 200 5 "-" "WordPress/6.7.2; https://alualufoil.com"
114.119.143.39 - - [03/Apr/2025:11:34:37 -0400] "GET /page/150/?MA HTTP/1.1" 404 1251 "https://alualufoil.com/page/151/?MA" "Mozilla/5.0 (Linux; Android 7.0;) AppleWebKit/537.36 (KHTML, like Gecko) Mobile Safari/537.36 (compatible; PetalBot;+https://webmaster.petalsearch.com/site/petalbot)"
114.119.155.81 - - [03/Apr/2025:11:36:04 -0400] "GET /gp/customer-reviews/RSOLMCOFAZGYC/ref=cm_cr_dp_d_rvw_ttl?ie=UTF8&ASIN=B0DG4WZZPV HTTP/1.1" 404 1251 "https://alualufoil.com/?MA" "Mozilla/5.0 (Linux; Android 7.0;) AppleWebKit/537.36 (KHTML, like Gecko) Mobile Safari/537.36 (compatible; PetalBot;+https://webmaster.petalsearch.com/site/petalbot)"
114.119.133.234 - - [03/Apr/2025:11:37:24 -0400] "GET /dp/B091D9R5XX?ref=MarsFS_VICC_rvdwired HTTP/1.1" 404 1251 "https://alualufoil.com/?MA" "Mozilla/5.0 (Linux; Android 7.0;) AppleWebKit/537.36 (KHTML, like Gecko) Mobile Safari/537.36 (compatible; PetalBot;+https://webmaster.petalsearch.com/site/petalbot)"
52.167.144.236 - - [03/Apr/2025:11:38:05 -0400] "GET /how-to-create-your-own-custom-brand-socks/ HTTP/1.1" 404 1251 "-" "Mozilla/5.0 AppleWebKit/537.36 (KHTML, like Gecko; compatible; bingbot/2.0; +http://www.bing.com/bingbot.htm) Chrome/116.0.1938.76 Safari/537.36"
198.54.114.83 - - [03/Apr/2025:11:38:39 -0400] "POST /wp-cron.php?doing_wp_cron=1743694719.5688049793243408203125 HTTP/1.1" 200 0 "-" "WordPress/6.7.2; https://alualufoil.com"
240e:350:8003:153e:4ecc:6a89:b8f7:5ca9 - - [03/Apr/2025:11:38:34 -0400] "POST /wp-comments-post.php HTTP/1.1" 302 0 "-" "Mozilla/5.0 (Windows NT 10.0; Win64; x64) AppleWebKit/537.36 (KHTML, like Gecko) Chrome/108.0.0.0 Safari/537.36 Edg/108.0.1462.46"
198.54.114.83 - - [03/Apr/2025:11:38:41 -0400] "POST /wp-admin/admin-ajax.php?action=async_litespeed&nonce=yBO1e85cjG10FSeucfWKkMB5fr08jBw9&litespeed_type=imgoptm HTTP/1.1" 200 0 "-" "WordPress/6.7.2; https://alualufoil.com"
240e:350:8003:153e:4ecc:6a89:b8f7:5ca9 - - [03/Apr/2025:11:38:41 -0400] "GET /choosing-an-rv-fridge/?unapproved=11054&moderation-hash=2b66fde10163a78a85467859c83a5de4 HTTP/1.1" 404 1251 "-" "Mozilla/5.0 (Windows NT 10.0; Win64; x64) AppleWebKit/537.36 (KHTML, like Gecko) Chrome/108.0.0.0 Safari/537.36 Edg/108.0.1462.46"
110.249.202.68 - - [03/Apr/2025:11:38:52 -0400] "GET /dp/B085PVB5BP?ref=MarsFS_eero_c HTTP/1.1" 404 1251 "-" "Mozilla/5.0 (Linux; Android 5.0) AppleWebKit/537.36 (KHTML, like Gecko) Mobile Safari/537.36 (compatible; Bytespider; https://zhanzhang.toutiao.com/)"
193.32.126.224 - - [03/Apr/2025:11:40:13 -0400] "GET /wp-login.php HTTP/1.1" 200 1710 "http://alualufoil.com/wp-admin/" "Mozilla/5.0 (Windows NT 10.0; Win64; x64) AppleWebKit/537.36 (KHTML, like Gecko) Chrome/90.0.4430.85 Safari/537.36"
193.32.126.224 - - [03/Apr/2025:11:40:14 -0400] "POST /wp-login.php HTTP/1.1" 200 1837 "http://alualufoil.com/wp-admin/" "Mozilla/5.0 (Windows NT 10.0; Win64; x64) AppleWebKit/537.36 (KHTML, like Gecko) Chrome/90.0.4430.85 Safari/537.36"
193.32.126.224 - - [03/Apr/2025:11:40:16 -0400] "GET /wp-admin/ HTTP/1.1" 302 0 "www.google.com" "Mozilla/5.0 (Windows NT 10.0; Win64; x64) AppleWebKit/537.36 (KHTML, like Gecko) Chrome/90.0.4430.85 Safari/537.36"
193.32.126.224 - - [03/Apr/2025:11:40:18 -0400] "GET /wp-login.php?redirect_to=https%3A%2F%2Falualufoil.com%2Fwp-admin%2F&reauth=1 HTTP/1.1" 200 1710 "www.google.com" "Mozilla/5.0 (Windows NT 10.0; Win64; x64) AppleWebKit/537.36 (KHTML, like Gecko) Chrome/90.0.4430.85 Safari/537.36"
114.119.133.234 - - [03/Apr/2025:11:45:16 -0400] "GET /page/18/ HTTP/1.1" 404 1251 "https://alualufoil.com/page/18/" "Mozilla/5.0 (Linux; Android 7.0;) AppleWebKit/537.36 (KHTML, like Gecko) Mobile Safari/537.36 (compatible; PetalBot;+https://webmaster.petalsearch.com/site/petalbot)"
114.119.144.55 - - [03/Apr/2025:11:46:39 -0400] "GET /dp/B0C5QRZ47P?ref=MarsFS_VICC_STUC HTTP/1.1" 404 1251 "https://alualufoil.com/?MA" "Mozilla/5.0 (Linux; Android 7.0;) AppleWebKit/537.36 (KHTML, like Gecko) Mobile Safari/537.36 (compatible; PetalBot;+https://webmaster.petalsearch.com/site/petalbot)"
2a03:2880:f800:1d:: - - [03/Apr/2025:11:56:02 -0400] "GET /significance-of-plumbing-supplies-and-products/ HTTP/1.1" 404 1251 "-" "meta-externalagent/1.1 (+https://developers.facebook.com/docs/sharing/webmasters/crawler)"
66.249.66.9 - - [03/Apr/2025:11:58:04 -0400] "GET /experience-luxury-living-at-sora-condo-showflat/ HTTP/1.1" 404 1251 "-" "Mozilla/5.0 (Linux; Android 6.0.1; Nexus 5X Build/MMB29P) AppleWebKit/537.36 (KHTML, like Gecko) Chrome/134.0.6998.165 Mobile Safari/537.36 (compatible; Googlebot/2.1; +http://www.google.com/bot.html)"
5.102.173.71 - - [03/Apr/2025:12:04:37 -0400] "GET /robots.txt HTTP/1.1" 304 0 "-" "Mozilla/5.0 (compatible; MojeekBot/0.11; +https://www.mojeek.com/bot.html)"
5.102.173.71 - - [03/Apr/2025:12:04:37 -0400] "GET /lost-car-key/ HTTP/1.1" 404 1251 "-" "Mozilla/5.0 (compatible; MojeekBot/0.11; +https://www.mojeek.com/bot.html)"
114.119.157.245 - - [03/Apr/2025:12:10:06 -0400] "GET /page/34/?SA HTTP/1.1" 404 1251 "https://alualufoil.com/page/34/?SA" "Mozilla/5.0 (Linux; Android 7.0;) AppleWebKit/537.36 (KHTML, like Gecko) Mobile Safari/537.36 (compatible; PetalBot;+https://webmaster.petalsearch.com/site/petalbot)"
47.128.16.166 - - [03/Apr/2025:12:10:28 -0400] "GET /robots.txt HTTP/1.1" 200 23 "-" "Go-http-client/2.0"
114.119.144.55 - - [03/Apr/2025:12:11:29 -0400] "GET /page/142/?NA HTTP/1.1" 404 1251 "https://alualufoil.com/page/143/?NA" "Mozilla/5.0 (Linux; Android 7.0;) AppleWebKit/537.36 (KHTML, like Gecko) Mobile Safari/537.36 (compatible; PetalBot;+https://webmaster.petalsearch.com/site/petalbot)"
66.249.66.13 - - [03/Apr/2025:12:12:05 -0400] "GET /hourly-care-dorchester-a-great-option-for-families-looking-for-safe-and-trusted-child-care/ HTTP/1.1" 404 1251 "-" "Mozilla/5.0 (Linux; Android 6.0.1; Nexus 5X Build/MMB29P) AppleWebKit/537.36 (KHTML, like Gecko) Chrome/134.0.6998.165 Mobile Safari/537.36 (compatible; Googlebot/2.1; +http://www.google.com/bot.html)"
114.119.155.81 - - [03/Apr/2025:12:12:53 -0400] "GET /dp/B09DRX62ZV?ref=MarsFS_VICC_spotlight HTTP/1.1" 404 1251 "https://alualufoil.com/?MA" "Mozilla/5.0 (Linux; Android 7.0;) AppleWebKit/537.36 (KHTML, like Gecko) Mobile Safari/537.36 (compatible; PetalBot;+https://webmaster.petalsearch.com/site/petalbot)"
207.46.13.18 - - [03/Apr/2025:12:13:23 -0400] "GET /understanding-aba-therapy-for-kids-in-dubai/ HTTP/1.1" 404 1251 "-" "Mozilla/5.0 AppleWebKit/537.36 (KHTML, like Gecko; compatible; bingbot/2.0; +http://www.bing.com/bingbot.htm) Chrome/116.0.1938.76 Safari/537.36"
40.77.167.52 - - [03/Apr/2025:12:13:26 -0400] "GET /page/67/ HTTP/1.1" 404 1251 "-" "Mozilla/5.0 AppleWebKit/537.36 (KHTML, like Gecko; compatible; bingbot/2.0; +http://www.bing.com/bingbot.htm) Chrome/116.0.1938.76 Safari/537.36"
47.128.96.127 - - [03/Apr/2025:12:14:05 -0400] "GET /unveiling-the-secrets-of-microbial-diversity-a-comprehensive-analysis/ HTTP/1.1" 404 1251 "-" "Mozilla/5.0 (Linux; Android 5.0) AppleWebKit/537.36 (KHTML, like Gecko) Mobile Safari/537.36 (compatible; TikTokSpider; ttspider-feedback@tiktok.com)"
114.119.135.139 - - [03/Apr/2025:12:14:17 -0400] "GET /category/activity/page/146/ HTTP/1.1" 404 1251 "https://alualufoil.com/category/activity/page/147/" "Mozilla/5.0 (Linux; Android 7.0;) AppleWebKit/537.36 (KHTML, like Gecko) Mobile Safari/537.36 (compatible; PetalBot;+https://webmaster.petalsearch.com/site/petalbot)"
207.46.13.18 - - [03/Apr/2025:12:15:23 -0400] "GET /how-to-get-a-spain-golden-visa/ HTTP/1.1" 404 1251 "-" "Mozilla/5.0 AppleWebKit/537.36 (KHTML, like Gecko; compatible; bingbot/2.0; +http://www.bing.com/bingbot.htm) Chrome/116.0.1938.76 Safari/537.36"
54.236.119.214 - - [03/Apr/2025:12:17:01 -0400] "GET /ultimate-convenience-the-instant-hot-cold-water-dispenser/ HTTP/1.1" 404 1251 "-" "Grammarly/1.0 (http://www.grammarly.com)"
52.167.144.138 - - [03/Apr/2025:12:21:44 -0400] "GET /betting-money-site/ HTTP/1.1" 404 1251 "-" "Mozilla/5.0 AppleWebKit/537.36 (KHTML, like Gecko; compatible; bingbot/2.0; +http://www.bing.com/bingbot.htm) Chrome/116.0.1938.76 Safari/537.36"
54.161.167.20 - - [03/Apr/2025:12:23:51 -0400] "GET /empowering-independence-the-significance-of-hourly-care-in-personalized-support/ HTTP/1.1" 404 1251 "-" "Grammarly/1.0 (http://www.grammarly.com)"
193.32.126.224 - - [03/Apr/2025:12:28:01 -0400] "GET /wp-login.php HTTP/1.1" 200 1710 "http://alualufoil.com/wp-admin/" "Mozilla/5.0 (Windows NT 10.0; Win64; x64) AppleWebKit/537.36 (KHTML, like Gecko) Chrome/90.0.4430.85 Safari/537.36"
198.54.114.83 - - [03/Apr/2025:12:28:01 -0400] "POST /wp-admin/admin-ajax.php?action=async_litespeed&nonce=tuNSy7lehVBUnoqzSdUX9gwvF96K8q1e&litespeed_type=imgoptm HTTP/1.1" 200 0 "-" "WordPress/6.7.2; https://alualufoil.com"
193.32.126.224 - - [03/Apr/2025:12:28:02 -0400] "POST /wp-login.php HTTP/1.1" 200 1837 "http://alualufoil.com/wp-admin/" "Mozilla/5.0 (Windows NT 10.0; Win64; x64) AppleWebKit/537.36 (KHTML, like Gecko) Chrome/90.0.4430.85 Safari/537.36"
193.32.126.224 - - [03/Apr/2025:12:28:03 -0400] "GET /wp-admin/ HTTP/1.1" 302 0 "www.google.com" "Mozilla/5.0 (Windows NT 10.0; Win64; x64) AppleWebKit/537.36 (KHTML, like Gecko) Chrome/90.0.4430.85 Safari/537.36"
193.32.126.224 - - [03/Apr/2025:12:28:03 -0400] "GET /wp-login.php?redirect_to=https%3A%2F%2Falualufoil.com%2Fwp-admin%2F&reauth=1 HTTP/1.1" 200 1710 "www.google.com" "Mozilla/5.0 (Windows NT 10.0; Win64; x64) AppleWebKit/537.36 (KHTML, like Gecko) Chrome/90.0.4430.85 Safari/537.36"
3.213.213.161 - - [03/Apr/2025:12:28:10 -0400] "GET /robots.txt HTTP/1.1" 304 0 "-" "Mozilla/5.0 AppleWebKit/537.36 (KHTML, like Gecko; compatible; Amazonbot/0.1; +https://developer.amazon.com/support/amazonbot) Chrome/119.0.6045.214 Safari/537.36"
44.195.145.102 - - [03/Apr/2025:12:28:11 -0400] "GET /unveiling-the-top-heroes-in-watcher-of-realms/ HTTP/1.1" 404 1251 "-" "Mozilla/5.0 AppleWebKit/537.36 (KHTML, like Gecko; compatible; Amazonbot/0.1; +https://developer.amazon.com/support/amazonbot) Chrome/119.0.6045.214 Safari/537.36"
114.119.144.55 - - [03/Apr/2025:12:40:22 -0400] "GET /page/49/ HTTP/1.1" 404 1251 "https://alualufoil.com/page/49/" "Mozilla/5.0 (Linux; Android 7.0;) AppleWebKit/537.36 (KHTML, like Gecko) Mobile Safari/537.36 (compatible; PetalBot;+https://webmaster.petalsearch.com/site/petalbot)"
54.86.177.224 - - [03/Apr/2025:12:41:14 -0400] "GET /5-tips-for-online-betting/ HTTP/1.1" 404 1251 "-" "Grammarly/1.0 (http://www.grammarly.com)"
114.119.146.251 - - [03/Apr/2025:12:41:45 -0400] "GET /page/148/?NA HTTP/1.1" 404 1251 "https://alualufoil.com/page/149/?NA" "Mozilla/5.0 (Linux; Android 7.0;) AppleWebKit/537.36 (KHTML, like Gecko) Mobile Safari/537.36 (compatible; PetalBot;+https://webmaster.petalsearch.com/site/petalbot)"
114.119.144.55 - - [03/Apr/2025:12:43:11 -0400] "GET /dp/B0CQMZ24LR?ref=MarsFS_SMP_B0CQMZ24LR HTTP/1.1" 404 1251 "https://alualufoil.com/?MA" "Mozilla/5.0 (Linux; Android 7.0;) AppleWebKit/537.36 (KHTML, like Gecko) Mobile Safari/537.36 (compatible; PetalBot;+https://webmaster.petalsearch.com/site/petalbot)"
52.167.144.172 - - [03/Apr/2025:12:43:26 -0400] "GET /es HTTP/1.1" 404 1251 "-" "Mozilla/5.0 AppleWebKit/537.36 (KHTML, like Gecko; compatible; bingbot/2.0; +http://www.bing.com/bingbot.htm) Chrome/116.0.1938.76 Safari/537.36"
195.2.67.184 - - [03/Apr/2025:12:49:51 -0400] "GET /the-best-cbd-uk-brands-and-products/ HTTP/1.1" 404 1251 "https://alualufoil.com/the-best-cbd-uk-brands-and-products/#comment-10861/" "Mozilla/5.0 (Windows NT 10.0; Win64; x64) AppleWebKit/537.36 (KHTML, like Gecko) Chrome/131.0.0.0 Safari/537.36 Avast/131.0.0.0"
195.2.67.184 - - [03/Apr/2025:12:49:51 -0400] "GET /the-best-cbd-uk-brands-and-products/ HTTP/1.1" 404 1251 "https://alualufoil.com/the-best-cbd-uk-brands-and-products/#comment-10861/" "Mozilla/5.0 (Windows NT 10.0; Win64; x64) AppleWebKit/537.36 (KHTML, like Gecko) Chrome/130.0.0.0 Safari/537.36"
195.2.67.184 - - [03/Apr/2025:12:49:52 -0400] "GET /the-best-cbd-uk-brands-and-products/ HTTP/1.1" 404 1251 "https://alualufoil.com/the-best-cbd-uk-brands-and-products/#comment-10861/" "Mozilla/5.0 (Windows NT 10.0; Win64; x64) AppleWebKit/537.36 (KHTML, like Gecko) Chrome/130.0.0.0 Safari/537.36"
195.2.67.184 - - [03/Apr/2025:12:49:52 -0400] "GET / HTTP/1.1" 200 156100 "https://alualufoil.com/" "Mozilla/5.0 (Windows NT 10.0; Win64; x64) AppleWebKit/537.36 (KHTML, like Gecko) Chrome/131.0.0.0 Safari/537.36 Avast/131.0.0.0"
195.2.67.184 - - [03/Apr/2025:12:49:52 -0400] "GET / HTTP/1.1" 200 156100 "https://alualufoil.com/" "Mozilla/5.0 (Windows NT 10.0; Win64; x64) AppleWebKit/537.36 (KHTML, like Gecko) Chrome/130.0.0.0 Safari/537.36"
195.2.67.184 - - [03/Apr/2025:12:49:54 -0400] "GET / HTTP/1.1" 200 156100 "https://alualufoil.com/" "Mozilla/5.0 (Windows NT 10.0; Win64; x64) AppleWebKit/537.36 (KHTML, like Gecko) Chrome/130.0.0.0 Safari/537.36"
3.232.39.98 - - [03/Apr/2025:12:54:26 -0400] "GET /the-king-plus-casinos/ HTTP/1.1" 404 1251 "-" "Mozilla/5.0 AppleWebKit/537.36 (KHTML, like Gecko; compatible; Amazonbot/0.1; +https://developer.amazon.com/support/amazonbot) Chrome/119.0.6045.214 Safari/537.36"
66.249.66.13 - - [03/Apr/2025:12:57:05 -0400] "GET /the-art-of-small-bathroom-renovation/ HTTP/1.1" 404 1251 "-" "Mozilla/5.0 (Linux; Android 6.0.1; Nexus 5X Build/MMB29P) AppleWebKit/537.36 (KHTML, like Gecko) Chrome/134.0.6998.165 Mobile Safari/537.36 (compatible; Googlebot/2.1; +http://www.google.com/bot.html)"
188.166.234.225 - - [03/Apr/2025:13:00:00 -0400] "GET /wp-login.php HTTP/1.1" 200 1711 "-" "python-requests/2.31.0"
188.166.234.225 - - [03/Apr/2025:13:00:01 -0400] "GET /wp-login.php HTTP/1.1" 200 1711 "-" "python-requests/2.31.0"
198.54.114.83 - - [03/Apr/2025:13:00:07 -0400] "POST /wp-cron.php?doing_wp_cron=1743699606.8971159458160400390625 HTTP/1.1" 200 0 "-" "WordPress/6.7.2; https://alualufoil.com"
188.166.234.225 - - [03/Apr/2025:13:00:01 -0400] "POST /wp-login.php HTTP/1.1" 200 1837 "-" "python-requests/2.31.0"
198.54.114.83 - - [03/Apr/2025:13:00:08 -0400] "POST /wp-admin/admin-ajax.php?action=async_litespeed&nonce=k8xr3uB88il6KiF2NBZeIh2TH6RZh0lj&litespeed_type=imgoptm HTTP/1.1" 200 5 "-" "WordPress/6.7.2; https://alualufoil.com"
114.119.155.81 - - [03/Apr/2025:13:03:59 -0400] "GET /page/31/?ND HTTP/1.1" 404 1251 "https://alualufoil.com/page/30/?ND" "Mozilla/5.0 (Linux; Android 7.0;) AppleWebKit/537.36 (KHTML, like Gecko) Mobile Safari/537.36 (compatible; PetalBot;+https://webmaster.petalsearch.com/site/petalbot)"
110.249.202.163 - - [03/Apr/2025:13:04:20 -0400] "GET /page/11/ HTTP/1.1" 404 1251 "-" "Mozilla/5.0 (Linux; Android 5.0) AppleWebKit/537.36 (KHTML, like Gecko) Mobile Safari/537.36 (compatible; Bytespider; https://zhanzhang.toutiao.com/)"
111.225.149.192 - - [03/Apr/2025:13:05:37 -0400] "GET /page/26/ HTTP/1.1" 404 1251 "-" "Mozilla/5.0 (Linux; Android 5.0) AppleWebKit/537.36 (KHTML, like Gecko) Mobile Safari/537.36 (compatible; Bytespider; https://zhanzhang.toutiao.com/)"
2600:1900:0:3d03::f01 - - [03/Apr/2025:13:08:59 -0400] "GET /robots.txt HTTP/1.1" 304 0 "-" "Mozilla/5.0 AppleWebKit/537.36 (KHTML, like Gecko; compatible; web_fetcher/1.0)"
2600:1900:0:3d03::f01 - - [03/Apr/2025:13:08:59 -0400] "GET /exploring-the-realm-of-money-lenders-in-singapore HTTP/1.1" 404 1251 "-" "Mozilla/5.0 AppleWebKit/537.36 (KHTML, like Gecko; compatible; web_fetcher/1.0)"
45.76.16.214 - - [03/Apr/2025:13:09:32 -0400] "GET /what-are-peptides-and-how-can-they-help-you HTTP/1.1" 404 1251 "https://alualufoil.com" "Mozilla/5.0 (Windows NT 10.0; Win64; x64) AppleWebKit/537.36 (KHTML, like Gecko) Chrome/62.0.3202.94 Safari/537.36"
45.76.16.214 - - [03/Apr/2025:13:09:33 -0400] "GET /what-are-peptides-and-how-can-they-help-you HTTP/1.1" 404 1251 "https://alualufoil.com" "Mozilla/5.0 (Windows NT 10.0; Win64; x64) AppleWebKit/537.36 (KHTML, like Gecko) Chrome/62.0.3202.94 Safari/537.36"
45.76.16.214 - - [03/Apr/2025:13:09:33 -0400] "GET /what-are-peptides-and-how-can-they-help-you HTTP/1.1" 404 1251 "https://alualufoil.com" "Mozilla/5.0 (Windows NT 10.0; Win64; x64) AppleWebKit/537.36 (KHTML, like Gecko) Chrome/62.0.3202.94 Safari/537.36"
45.76.16.214 - - [03/Apr/2025:13:09:34 -0400] "GET /what-are-peptides-and-how-can-they-help-you HTTP/1.1" 404 1251 "https://alualufoil.com" "Mozilla/5.0 (Windows NT 10.0; Win64; x64) AppleWebKit/537.36 (KHTML, like Gecko) Chrome/62.0.3202.94 Safari/537.36"
23.94.73.156 - - [03/Apr/2025:13:09:51 -0400] "GET / HTTP/1.1" 200 156100 "-" "Mozilla/5.0 (Windows NT 10.0; Win64; x64; rv:88.0) Gecko/20100101 Firefox/88.0"
195.2.67.184 - - [03/Apr/2025:13:13:32 -0400] "GET /the-best-cbd-uk-brands-and-products/ HTTP/1.1" 404 1251 "https://alualufoil.com/the-best-cbd-uk-brands-and-products/#comment-10861/" "Mozilla/5.0 (Windows NT 10.0; Win64; x64) AppleWebKit/537.36 (KHTML, like Gecko) Chrome/130.0.0.0 Safari/537.36"
195.2.67.184 - - [03/Apr/2025:13:13:32 -0400] "GET /the-best-cbd-uk-brands-and-products/ HTTP/1.1" 404 1251 "https://alualufoil.com/the-best-cbd-uk-brands-and-products/#comment-10861/" "Mozilla/5.0 (Windows NT 10.0; Win64; x64) AppleWebKit/537.36 (KHTML, like Gecko) Chrome/130.0.0.0 Safari/537.36"
195.2.67.184 - - [03/Apr/2025:13:13:33 -0400] "GET / HTTP/1.1" 200 156100 "https://alualufoil.com/" "Mozilla/5.0 (Windows NT 10.0; Win64; x64) AppleWebKit/537.36 (KHTML, like Gecko) Chrome/130.0.0.0 Safari/537.36"
195.2.67.184 - - [03/Apr/2025:13:13:33 -0400] "GET / HTTP/1.1" 200 156100 "https://alualufoil.com/" "Mozilla/5.0 (Windows NT 10.0; Win64; x64) AppleWebKit/537.36 (KHTML, like Gecko) Chrome/130.0.0.0 Safari/537.36"
207.46.13.124 - - [03/Apr/2025:13:13:51 -0400] "GET /pendule-quartz-rose/ HTTP/1.1" 404 1251 "-" "Mozilla/5.0 AppleWebKit/537.36 (KHTML, like Gecko; compatible; bingbot/2.0; +http://www.bing.com/bingbot.htm) Chrome/116.0.1938.76 Safari/537.36"
52.167.144.138 - - [03/Apr/2025:13:14:11 -0400] "GET /unlocking-financial-success-with-steuerberater-hattingen/ HTTP/1.1" 404 1251 "-" "Mozilla/5.0 AppleWebKit/537.36 (KHTML, like Gecko; compatible; bingbot/2.0; +http://www.bing.com/bingbot.htm) Chrome/116.0.1938.76 Safari/537.36"
188.166.234.225 - - [03/Apr/2025:13:15:34 -0400] "GET /wp-admin HTTP/1.1" 301 795 "-" "python-requests/2.31.0"
198.54.114.83 - - [03/Apr/2025:13:15:37 -0400] "POST /wp-cron.php?doing_wp_cron=1743700537.2130041122436523437500 HTTP/1.1" 200 0 "-" "WordPress/6.7.2; https://alualufoil.com"
188.166.234.225 - - [03/Apr/2025:13:15:34 -0400] "GET /wp-admin/ HTTP/1.1" 302 0 "-" "python-requests/2.31.0"
188.166.234.225 - - [03/Apr/2025:13:15:38 -0400] "GET /wp-login.php?redirect_to=https%3A%2F%2Falualufoil.com%2Fwp-admin%2F&reauth=1 HTTP/1.1" 200 1710 "-" "python-requests/2.31.0"
188.166.234.225 - - [03/Apr/2025:13:15:39 -0400] "GET /?cffaction=get_data_from_database&query=show%20tables HTTP/1.1" 200 156100 "-" "python-requests/2.31.0"
198.54.114.83 - - [03/Apr/2025:13:15:38 -0400] "POST /wp-admin/admin-ajax.php?action=async_litespeed&nonce=RoZf9aiVXJQW7XWBtvNJrYjijuMqX2YO&litespeed_type=imgoptm HTTP/1.1" 200 5 "-" "WordPress/6.7.2; https://alualufoil.com"
52.167.144.138 - - [03/Apr/2025:13:16:50 -0400] "GET /how-to-win-big-at-the-powerball-site/ HTTP/1.1" 404 1251 "-" "Mozilla/5.0 AppleWebKit/537.36 (KHTML, like Gecko; compatible; bingbot/2.0; +http://www.bing.com/bingbot.htm) Chrome/116.0.1938.76 Safari/537.36"
52.167.144.140 - - [03/Apr/2025:13:16:55 -0400] "GET /bola168/ HTTP/1.1" 404 1251 "-" "Mozilla/5.0 AppleWebKit/537.36 (KHTML, like Gecko; compatible; bingbot/2.0; +http://www.bing.com/bingbot.htm) Chrome/116.0.1938.76 Safari/537.36"
198.54.114.83 - - [03/Apr/2025:13:17:51 -0400] "POST /wp-cron.php?doing_wp_cron=1743700670.8390109539031982421875 HTTP/1.1" 200 0 "-" "WordPress/6.7.2; https://alualufoil.com"
54.254.137.198 - - [03/Apr/2025:13:17:48 -0400] "POST /wp-login.php HTTP/1.1" 200 1837 "-" "Mozlila/5.0 (Linux; Android 7.0; SM-G892A Bulid/NRD90M; wv) AppleWebKit/537.36 (KHTML, like Gecko) Version/4.0 Chrome/60.0.3112.107 Moblie Safari/537.36"
54.254.137.198 - - [03/Apr/2025:13:17:51 -0400] "GET /wp-admin/plugin-install.php?tab=upload HTTP/1.1" 302 0 "-" "Mozlila/5.0 (Linux; Android 7.0; SM-G892A Bulid/NRD90M; wv) AppleWebKit/537.36 (KHTML, like Gecko) Version/4.0 Chrome/60.0.3112.107 Moblie Safari/537.36"
198.54.114.83 - - [03/Apr/2025:13:17:52 -0400] "POST /wp-admin/admin-ajax.php?action=async_litespeed&nonce=4dY3a5e8n5wH9FVV9dI5dTQiTALN4gln&litespeed_type=imgoptm HTTP/1.1" 200 5 "-" "WordPress/6.7.2; https://alualufoil.com"
54.254.137.198 - - [03/Apr/2025:13:17:52 -0400] "GET /wp-login.php?redirect_to=https%3A%2F%2Falualufoil.com%2Fwp-admin%2Fplugin-install.php%3Ftab%3Dupload&reauth=1 HTTP/1.1" 200 1734 "-" "Mozlila/5.0 (Linux; Android 7.0; SM-G892A Bulid/NRD90M; wv) AppleWebKit/537.36 (KHTML, like Gecko) Version/4.0 Chrome/60.0.3112.107 Moblie Safari/537.36"
18.208.11.93 - - [03/Apr/2025:13:20:10 -0400] "GET /unlocking-the-beauty-of-curls-finding-the-best-hairdresser-for-curly-hair-in-melbourne/ HTTP/1.1" 404 1251 "-" "Mozilla/5.0 AppleWebKit/537.36 (KHTML, like Gecko; compatible; Amazonbot/0.1; +https://developer.amazon.com/support/amazonbot) Chrome/119.0.6045.214 Safari/537.36"
54.152.163.42 - - [03/Apr/2025:13:20:35 -0400] "GET /composite-doors-swansea/ HTTP/1.1" 404 1251 "-" "Mozilla/5.0 AppleWebKit/537.36 (KHTML, like Gecko; compatible; Amazonbot/0.1; +https://developer.amazon.com/support/amazonbot) Chrome/119.0.6045.214 Safari/537.36"
114.119.143.39 - - [03/Apr/2025:13:25:09 -0400] "GET /page/90/?SA HTTP/1.1" 404 1251 "https://alualufoil.com/page/90/?SA" "Mozilla/5.0 (Linux; Android 7.0;) AppleWebKit/537.36 (KHTML, like Gecko) Mobile Safari/537.36 (compatible; PetalBot;+https://webmaster.petalsearch.com/site/petalbot)"
114.119.146.251 - - [03/Apr/2025:13:26:35 -0400] "GET /page/152/?SA HTTP/1.1" 404 1251 "https://alualufoil.com/page/148/?SA" "Mozilla/5.0 (Linux; Android 7.0;) AppleWebKit/537.36 (KHTML, like Gecko) Mobile Safari/537.36 (compatible; PetalBot;+https://webmaster.petalsearch.com/site/petalbot)"
114.119.143.39 - - [03/Apr/2025:13:27:59 -0400] "GET /dp/B0B2BY4ZG7?ref=MarsFS_VICC_rvdw HTTP/1.1" 404 1251 "https://alualufoil.com/?MA" "Mozilla/5.0 (Linux; Android 7.0;) AppleWebKit/537.36 (KHTML, like Gecko) Mobile Safari/537.36 (compatible; PetalBot;+https://webmaster.petalsearch.com/site/petalbot)"
54.236.119.214 - - [03/Apr/2025:13:29:11 -0400] "GET /maximizing-accessibility-the-casino-solution-distribution/ HTTP/1.1" 404 1251 "-" "Grammarly/1.0 (http://www.grammarly.com)"
114.119.146.251 - - [03/Apr/2025:13:29:20 -0400] "GET /dp/B0BLS3H65Z?ref=MarsFS_AUCC_ath HTTP/1.1" 404 1251 "https://alualufoil.com/?MA" "Mozilla/5.0 (Linux; Android 7.0;) AppleWebKit/537.36 (KHTML, like Gecko) Mobile Safari/537.36 (compatible; PetalBot;+https://webmaster.petalsearch.com/site/petalbot)"
34.224.9.144 - - [03/Apr/2025:13:29:55 -0400] "GET /choosing-a-baby-night-light/ HTTP/1.1" 404 1251 "-" "Mozilla/5.0 AppleWebKit/537.36 (KHTML, like Gecko; compatible; Amazonbot/0.1; +https://developer.amazon.com/support/amazonbot) Chrome/119.0.6045.214 Safari/537.36"
45.148.10.80 - - [03/Apr/2025:13:40:33 -0400] "GET /.git/config HTTP/1.1" 403 1242 "-" "Mozilla/5.0 (Macintosh; Intel Mac OS X 10_15_7) AppleWebKit/605.1.15 (KHTML, like Gecko) Version/17.4.1 Safari/605.4.18"
4.227.36.44 - - [03/Apr/2025:13:51:44 -0400] "GET /robots.txt HTTP/1.1" 200 23 "-" "Mozilla/5.0 AppleWebKit/537.36 (KHTML, like Gecko; compatible; GPTBot/1.2; +https://openai.com/gptbot)"
3.232.82.72 - - [03/Apr/2025:14:02:57 -0400] "GET /navigating-parenthood-inside-dubais-premier-fertility-clinic/ HTTP/1.1" 404 1251 "-" "Mozilla/5.0 AppleWebKit/537.36 (KHTML, like Gecko; compatible; Amazonbot/0.1; +https://developer.amazon.com/support/amazonbot) Chrome/119.0.6045.214 Safari/537.36"
2a02:598:128:8a00::b00:5 - - [03/Apr/2025:14:07:29 -0400] "GET /stehlampe-modern-buynblue/ HTTP/1.1" 404 1251 "-" "Mozilla/5.0 (compatible; SeznamBot/4.0; +https://o-seznam.cz/napoveda/vyhledavani/en/seznambot-crawler/)"
159.89.124.8 - - [03/Apr/2025:14:10:08 -0400] "GET / HTTP/1.1" 200 156100 "-" "Mozilla/5.0 (compatible)"
40.77.167.48 - - [03/Apr/2025:14:14:17 -0400] "GET /caregiver-jobs-near-me/ HTTP/1.1" 404 1251 "-" "Mozilla/5.0 AppleWebKit/537.36 (KHTML, like Gecko; compatible; bingbot/2.0; +http://www.bing.com/bingbot.htm) Chrome/116.0.1938.76 Safari/537.36"
40.77.167.48 - - [03/Apr/2025:14:14:17 -0400] "GET /pg-slot-gaming-center/ HTTP/1.1" 404 1251 "-" "Mozilla/5.0 AppleWebKit/537.36 (KHTML, like Gecko; compatible; bingbot/2.0; +http://www.bing.com/bingbot.htm) Chrome/116.0.1938.76 Safari/537.36"
40.77.167.48 - - [03/Apr/2025:14:14:18 -0400] "GET /unveiling-the-secrets-of-microbial-diversity-a-comprehensive-analysis/ HTTP/1.1" 404 1251 "-" "Mozilla/5.0 AppleWebKit/537.36 (KHTML, like Gecko; compatible; bingbot/2.0; +http://www.bing.com/bingbot.htm) Chrome/116.0.1938.76 Safari/537.36"
66.249.66.11 - - [03/Apr/2025:14:16:48 -0400] "GET /divvyup-review-custom-made-socks/ HTTP/1.1" 404 1251 "-" "Mozilla/5.0 (Linux; Android 6.0.1; Nexus 5X Build/MMB29P) AppleWebKit/537.36 (KHTML, like Gecko) Chrome/134.0.6998.165 Mobile Safari/537.36 (compatible; Googlebot/2.1; +http://www.google.com/bot.html)"
157.55.39.55 - - [03/Apr/2025:14:23:47 -0400] "GET /hydraulic-cutting-machine/ HTTP/1.1" 404 1251 "-" "Mozilla/5.0 AppleWebKit/537.36 (KHTML, like Gecko; compatible; bingbot/2.0; +http://www.bing.com/bingbot.htm) Chrome/116.0.1938.76 Safari/537.36"
81.167.26.57 - - [03/Apr/2025:14:36:54 -0400] "GET /robots.txt HTTP/1.1" 304 0 "-" "Mozilla/5.0 (compatible; MJ12bot/v1.4.8; http://mj12bot.com/)"
81.167.26.57 - - [03/Apr/2025:14:36:56 -0400] "GET /%E0%B8%AA%E0%B8%A5%E0%B9%87%E0%B8%AD%E0%B8%95888%E0%B8%97%E0%B8%94%E0%B8%A5%E0%B8%AD%E0%B8%87%E0%B9%80%E0%B8%A5%E0%B9%88%E0%B8%99%E0%B8%A1%E0%B8%B2%E0%B8%95%E0%B8%A3%E0%B8%90%E0%B8%B2%E0%B8%99/ HTTP/1.1" 404 1251 "-" "Mozilla/5.0 (compatible; MJ12bot/v1.4.8; http://mj12bot.com/)"
81.167.26.57 - - [03/Apr/2025:14:36:58 -0400] "GET /%E0%B8%AA%E0%B8%A5%E0%B9%87%E0%B8%AD%E0%B8%95888%E0%B8%97%E0%B8%94%E0%B8%A5%E0%B8%AD%E0%B8%87%E0%B9%80%E0%B8%A5%E0%B9%88%E0%B8%99%E0%B8%A1%E0%B8%B2%E0%B8%95%E0%B8%A3%E0%B8%90%E0%B8%B2%E0%B8%99/feed/ HTTP/1.1" 404 1251 "-" "Mozilla/5.0 (compatible; MJ12bot/v1.4.8; http://mj12bot.com/)"
81.167.26.57 - - [03/Apr/2025:14:37:00 -0400] "GET /%E0%B8%AA%E0%B8%B3%E0%B8%A3%E0%B8%A7%E0%B8%88%E0%B8%84%E0%B8%A7%E0%B8%B2%E0%B8%A1%E0%B8%95%E0%B8%B7%E0%B9%88%E0%B8%99%E0%B9%80%E0%B8%95%E0%B9%89%E0%B8%99%E0%B8%82%E0%B8%AD%E0%B8%87%E0%B8%81%E0%B8%B2/ HTTP/1.1" 404 1251 "-" "Mozilla/5.0 (compatible; MJ12bot/v1.4.8; http://mj12bot.com/)"
81.167.26.57 - - [03/Apr/2025:14:37:02 -0400] "GET /%E0%B8%AA%E0%B8%B3%E0%B8%A3%E0%B8%A7%E0%B8%88%E0%B8%84%E0%B8%A7%E0%B8%B2%E0%B8%A1%E0%B8%95%E0%B8%B7%E0%B9%88%E0%B8%99%E0%B9%80%E0%B8%95%E0%B9%89%E0%B8%99%E0%B8%82%E0%B8%AD%E0%B8%87%E0%B8%81%E0%B8%B2/feed/ HTTP/1.1" 404 1251 "-" "Mozilla/5.0 (compatible; MJ12bot/v1.4.8; http://mj12bot.com/)"
114.119.133.234 - - [03/Apr/2025:14:39:14 -0400] "GET /hz/reviews-render/report-review?ie=UTF8&ref=cm_cr_dp_d_report&csrfT=hI7SZljMN8bG2ire57mKHlD4fY6c8uVTvZXytn4fYPolAAAAAGcq7rEAAAAB&reviewId=R1PEI6HEVK2UIC HTTP/1.1" 404 1251 "https://alualufoil.com/?MA" "Mozilla/5.0 (Linux; Android 7.0;) AppleWebKit/537.36 (KHTML, like Gecko) Mobile Safari/537.36 (compatible; PetalBot;+https://webmaster.petalsearch.com/site/petalbot)"
114.119.135.139 - - [03/Apr/2025:14:40:34 -0400] "GET /dp/B084NTF5ZY?ref=MarsFS_AUCC_ta HTTP/1.1" 404 1251 "https://alualufoil.com/?MA" "Mozilla/5.0 (Linux; Android 7.0;) AppleWebKit/537.36 (KHTML, like Gecko) Mobile Safari/537.36 (compatible; PetalBot;+https://webmaster.petalsearch.com/site/petalbot)"
66.249.66.10 - - [03/Apr/2025:14:47:10 -0400] "GET /page/8/?lang=ur HTTP/1.1" 404 1251 "-" "Mozilla/5.0 (Linux; Android 6.0.1; Nexus 5X Build/MMB29P) AppleWebKit/537.36 (KHTML, like Gecko) Chrome/134.0.6998.165 Mobile Safari/537.36 (compatible; Googlebot/2.1; +http://www.google.com/bot.html)"
64.124.8.134 - - [03/Apr/2025:14:50:17 -0400] "GET /robots.txt HTTP/1.1" 304 0 "-" "Mozilla/5.0 (compatible; ImagesiftBot; +imagesift.com)"
64.124.8.134 - - [03/Apr/2025:14:50:17 -0400] "GET /kids-educational-craft-ideas-alternatives-to-using-a-paint-brush/ HTTP/1.1" 404 1251 "-" "Mozilla/5.0 (compatible; ImagesiftBot; +imagesift.com)"
64.124.8.134 - - [03/Apr/2025:14:50:28 -0400] "GET /yarra-valley-to-melbourne-airport/ HTTP/1.1" 404 1251 "-" "Mozilla/5.0 (compatible; ImagesiftBot; +imagesift.com)"
64.124.8.134 - - [03/Apr/2025:14:50:38 -0400] "GET /cozy-bliss-for-your-feet-the-allure-of-customized-fuzzy-socks/ HTTP/1.1" 404 1251 "-" "Mozilla/5.0 (compatible; ImagesiftBot; +imagesift.com)"
64.124.8.134 - - [03/Apr/2025:14:50:46 -0400] "GET /wp-json/wp/v2/posts/1014 HTTP/1.1" 404 1251 "-" "Mozilla/5.0 (compatible; ImagesiftBot; +imagesift.com)"
64.124.8.134 - - [03/Apr/2025:14:50:49 -0400] "GET /cbd-oil-uk/ HTTP/1.1" 404 1251 "-" "Mozilla/5.0 (compatible; ImagesiftBot; +imagesift.com)"
64.124.8.134 - - [03/Apr/2025:14:50:51 -0400] "GET /wp-json/wp/v2/posts/222 HTTP/1.1" 404 1251 "-" "Mozilla/5.0 (compatible; ImagesiftBot; +imagesift.com)"
64.124.8.134 - - [03/Apr/2025:14:50:54 -0400] "GET /wp-json/wp/v2/posts/1876 HTTP/1.1" 404 1251 "-" "Mozilla/5.0 (compatible; ImagesiftBot; +imagesift.com)"
64.124.8.134 - - [03/Apr/2025:14:50:58 -0400] "GET /wp-json/wp/v2/posts/825 HTTP/1.1" 404 1251 "-" "Mozilla/5.0 (compatible; ImagesiftBot; +imagesift.com)"
64.124.8.134 - - [03/Apr/2025:14:51:01 -0400] "GET /dog-dewormer-for-cancers/ HTTP/1.1" 404 1251 "-" "Mozilla/5.0 (compatible; ImagesiftBot; +imagesift.com)"
64.124.8.134 - - [03/Apr/2025:14:51:03 -0400] "GET /unlocking-financial-success-with-steuerberater-hattingens/ HTTP/1.1" 404 1251 "-" "Mozilla/5.0 (compatible; ImagesiftBot; +imagesift.com)"
64.124.8.134 - - [03/Apr/2025:14:51:05 -0400] "GET /buy-youtube-likes/ HTTP/1.1" 404 1251 "-" "Mozilla/5.0 (compatible; ImagesiftBot; +imagesift.com)"
64.124.8.134 - - [03/Apr/2025:14:51:06 -0400] "GET /lelegance-fonctionnelle-revolutionner-lamenagement-de-bureau/ HTTP/1.1" 404 1251 "-" "Mozilla/5.0 (compatible; ImagesiftBot; +imagesift.com)"
64.124.8.134 - - [03/Apr/2025:14:51:08 -0400] "GET /how-to-clean-tarnished-silver-oxidiertes-silber-reinigen/ HTTP/1.1" 404 1251 "-" "Mozilla/5.0 (compatible; ImagesiftBot; +imagesift.com)"
64.124.8.134 - - [03/Apr/2025:14:51:09 -0400] "GET /wp-json/wp/v2/posts/1678 HTTP/1.1" 404 1251 "-" "Mozilla/5.0 (compatible; ImagesiftBot; +imagesift.com)"
64.124.8.134 - - [03/Apr/2025:14:51:17 -0400] "GET /how-to-find-emergency-plumbers-near-me/ HTTP/1.1" 404 1251 "-" "Mozilla/5.0 (compatible; ImagesiftBot; +imagesift.com)"
64.124.8.134 - - [03/Apr/2025:14:51:20 -0400] "GET /wp-json/wp/v2/posts/1148 HTTP/1.1" 404 1251 "-" "Mozilla/5.0 (compatible; ImagesiftBot; +imagesift.com)"
64.124.8.134 - - [03/Apr/2025:14:51:27 -0400] "GET /workout-app/ HTTP/1.1" 404 1251 "-" "Mozilla/5.0 (compatible; ImagesiftBot; +imagesift.com)"
64.124.8.134 - - [03/Apr/2025:14:51:30 -0400] "GET /navigating-the-world-of-online-gambling-the-thrills-risks-and-responsibility/ HTTP/1.1" 404 1251 "-" "Mozilla/5.0 (compatible; ImagesiftBot; +imagesift.com)"
64.124.8.134 - - [03/Apr/2025:14:51:37 -0400] "GET /sm-casino-the-underdog-in-cebu/ HTTP/1.1" 404 1251 "-" "Mozilla/5.0 (compatible; ImagesiftBot; +imagesift.com)"
64.124.8.134 - - [03/Apr/2025:14:51:39 -0400] "GET /wp-json/wp/v2/posts/514 HTTP/1.1" 404 1251 "-" "Mozilla/5.0 (compatible; ImagesiftBot; +imagesift.com)"
64.124.8.134 - - [03/Apr/2025:14:51:45 -0400] "GET /barber-shop-furniture/ HTTP/1.1" 404 1251 "-" "Mozilla/5.0 (compatible; ImagesiftBot; +imagesift.com)"
64.124.8.134 - - [03/Apr/2025:14:51:48 -0400] "GET /swaging-machine/ HTTP/1.1" 404 1251 "-" "Mozilla/5.0 (compatible; ImagesiftBot; +imagesift.com)"
64.124.8.134 - - [03/Apr/2025:14:51:53 -0400] "GET /wp-json/wp/v2/posts/1552 HTTP/1.1" 404 1251 "-" "Mozilla/5.0 (compatible; ImagesiftBot; +imagesift.com)"
64.124.8.134 - - [03/Apr/2025:14:51:57 -0400] "GET /die-kunst-menschen-zu-erfreuen-auf-dem-schmalen-grat-der-zustimmung-navigieren/ HTTP/1.1" 404 1251 "-" "Mozilla/5.0 (compatible; ImagesiftBot; +imagesift.com)"
64.124.8.134 - - [03/Apr/2025:14:52:00 -0400] "GET /wp-json/wp/v2/posts/2449 HTTP/1.1" 404 1251 "-" "Mozilla/5.0 (compatible; ImagesiftBot; +imagesift.com)"
64.124.8.134 - - [03/Apr/2025:14:52:02 -0400] "GET /page/109/ HTTP/1.1" 404 1251 "-" "Mozilla/5.0 (compatible; ImagesiftBot; +imagesift.com)"
64.124.8.134 - - [03/Apr/2025:14:52:04 -0400] "GET /lawyer/ HTTP/1.1" 404 1251 "-" "Mozilla/5.0 (compatible; ImagesiftBot; +imagesift.com)"
64.124.8.134 - - [03/Apr/2025:14:52:10 -0400] "GET /sports-clothing-wholesale-sports-clothing-in-australia/ HTTP/1.1" 404 1251 "-" "Mozilla/5.0 (compatible; ImagesiftBot; +imagesift.com)"
64.124.8.134 - - [03/Apr/2025:14:52:13 -0400] "GET /wp-json/wp/v2/posts/191 HTTP/1.1" 404 1251 "-" "Mozilla/5.0 (compatible; ImagesiftBot; +imagesift.com)"
64.124.8.134 - - [03/Apr/2025:14:52:18 -0400] "GET /wp-json/wp/v2/posts/2853 HTTP/1.1" 404 1251 "-" "Mozilla/5.0 (compatible; ImagesiftBot; +imagesift.com)"
64.124.8.134 - - [03/Apr/2025:14:52:20 -0400] "GET /custom-stirrup-socks/ HTTP/1.1" 404 1251 "-" "Mozilla/5.0 (compatible; ImagesiftBot; +imagesift.com)"
64.124.8.134 - - [03/Apr/2025:14:52:22 -0400] "GET /wp-json/wp/v2/posts/2323 HTTP/1.1" 404 1251 "-" "Mozilla/5.0 (compatible; ImagesiftBot; +imagesift.com)"
64.124.8.134 - - [03/Apr/2025:14:52:25 -0400] "GET /wp-json/wp/v2/posts/741 HTTP/1.1" 404 1251 "-" "Mozilla/5.0 (compatible; ImagesiftBot; +imagesift.com)"
64.124.8.134 - - [03/Apr/2025:14:52:28 -0400] "GET /moving-quotes-out-of-state/ HTTP/1.1" 404 1251 "-" "Mozilla/5.0 (compatible; ImagesiftBot; +imagesift.com)"
64.124.8.134 - - [03/Apr/2025:14:52:34 -0400] "GET /sports-betting-basics-to-remember/ HTTP/1.1" 404 1251 "-" "Mozilla/5.0 (compatible; ImagesiftBot; +imagesift.com)"
64.124.8.134 - - [03/Apr/2025:14:52:40 -0400] "GET /wp-json/wp/v2/posts/1156 HTTP/1.1" 404 1251 "-" "Mozilla/5.0 (compatible; ImagesiftBot; +imagesift.com)"
64.124.8.134 - - [03/Apr/2025:14:52:53 -0400] "GET /unlocking-the-hidden-potential-of-part-time-employment/ HTTP/1.1" 404 1251 "-" "Mozilla/5.0 (compatible; ImagesiftBot; +imagesift.com)"
64.124.8.134 - - [03/Apr/2025:14:52:54 -0400] "GET /car-transport-near-me/ HTTP/1.1" 404 1251 "-" "Mozilla/5.0 (compatible; ImagesiftBot; +imagesift.com)"
64.124.8.134 - - [03/Apr/2025:14:53:00 -0400] "GET /strategies-for-outperforming-in-youtube-views/ HTTP/1.1" 404 1251 "-" "Mozilla/5.0 (compatible; ImagesiftBot; +imagesift.com)"
64.124.8.134 - - [03/Apr/2025:14:53:04 -0400] "GET /page/62/ HTTP/1.1" 404 1251 "-" "Mozilla/5.0 (compatible; ImagesiftBot; +imagesift.com)"
64.124.8.134 - - [03/Apr/2025:14:53:07 -0400] "GET /choisir-un-grand-vase-design/ HTTP/1.1" 404 1251 "-" "Mozilla/5.0 (compatible; ImagesiftBot; +imagesift.com)"
64.124.8.134 - - [03/Apr/2025:14:53:10 -0400] "GET /exploring-toa-payoh-grand-showflat/ HTTP/1.1" 404 1251 "-" "Mozilla/5.0 (compatible; ImagesiftBot; +imagesift.com)"
64.124.8.134 - - [03/Apr/2025:14:53:17 -0400] "GET /wp-json/wp/v2/posts/483 HTTP/1.1" 404 1251 "-" "Mozilla/5.0 (compatible; ImagesiftBot; +imagesift.com)"
64.124.8.134 - - [03/Apr/2025:14:53:20 -0400] "GET /wp-json/wp/v2/posts/1030 HTTP/1.1" 404 1251 "-" "Mozilla/5.0 (compatible; ImagesiftBot; +imagesift.com)"
64.124.8.134 - - [03/Apr/2025:14:53:25 -0400] "GET /page/72/ HTTP/1.1" 404 1251 "-" "Mozilla/5.0 (compatible; ImagesiftBot; +imagesift.com)"
198.54.114.83 - - [03/Apr/2025:14:53:25 -0400] "POST /wp-cron.php?doing_wp_cron=1743706405.1245789527893066406250 HTTP/1.1" 200 0 "-" "WordPress/6.7.2; https://alualufoil.com"
54.254.137.198 - - [03/Apr/2025:14:53:21 -0400] "POST /wp-login.php HTTP/1.1" 200 1837 "-" "Mozlila/5.0 (Linux; Android 7.0; SM-G892A Bulid/NRD90M; wv) AppleWebKit/537.36 (KHTML, like Gecko) Version/4.0 Chrome/60.0.3112.107 Moblie Safari/537.36"
54.254.137.198 - - [03/Apr/2025:14:53:26 -0400] "GET /wp-admin/plugin-install.php?tab=upload HTTP/1.1" 302 0 "-" "Mozlila/5.0 (Linux; Android 7.0; SM-G892A Bulid/NRD90M; wv) AppleWebKit/537.36 (KHTML, like Gecko) Version/4.0 Chrome/60.0.3112.107 Moblie Safari/537.36"
54.254.137.198 - - [03/Apr/2025:14:53:26 -0400] "GET /wp-login.php?redirect_to=https%3A%2F%2Falualufoil.com%2Fwp-admin%2Fplugin-install.php%3Ftab%3Dupload&reauth=1 HTTP/1.1" 200 1734 "-" "Mozlila/5.0 (Linux; Android 7.0; SM-G892A Bulid/NRD90M; wv) AppleWebKit/537.36 (KHTML, like Gecko) Version/4.0 Chrome/60.0.3112.107 Moblie Safari/537.36"
198.54.114.83 - - [03/Apr/2025:14:53:26 -0400] "POST /wp-admin/admin-ajax.php?action=async_litespeed&nonce=cmCROhhF8yCFzUsKsNMRl1rOVXPwzYHc&litespeed_type=imgoptm HTTP/1.1" 200 5 "-" "WordPress/6.7.2; https://alualufoil.com"
64.124.8.134 - - [03/Apr/2025:14:53:32 -0400] "GET /wp-json/wp/v2/posts/2789 HTTP/1.1" 404 1251 "-" "Mozilla/5.0 (compatible; ImagesiftBot; +imagesift.com)"
64.124.8.134 - - [03/Apr/2025:14:53:34 -0400] "GET /wp-json/wp/v2/posts/1362 HTTP/1.1" 404 1251 "-" "Mozilla/5.0 (compatible; ImagesiftBot; +imagesift.com)"
64.124.8.134 - - [03/Apr/2025:14:53:37 -0400] "GET /wp-json/wp/v2/posts/2861 HTTP/1.1" 404 1251 "-" "Mozilla/5.0 (compatible; ImagesiftBot; +imagesift.com)"
64.124.8.134 - - [03/Apr/2025:14:53:39 -0400] "GET /wp-json/wp/v2/posts/2331 HTTP/1.1" 404 1251 "-" "Mozilla/5.0 (compatible; ImagesiftBot; +imagesift.com)"
64.124.8.134 - - [03/Apr/2025:14:53:41 -0400] "GET /making-an-interesting-and-famous-video-for-youtube/ HTTP/1.1" 404 1251 "-" "Mozilla/5.0 (compatible; ImagesiftBot; +imagesift.com)"
64.124.8.134 - - [03/Apr/2025:14:53:51 -0400] "GET /wp-json/wp/v2/posts/1694 HTTP/1.1" 404 1251 "-" "Mozilla/5.0 (compatible; ImagesiftBot; +imagesift.com)"
64.124.8.134 - - [03/Apr/2025:14:53:55 -0400] "GET /page/82/ HTTP/1.1" 404 1251 "-" "Mozilla/5.0 (compatible; ImagesiftBot; +imagesift.com)"
64.124.8.134 - - [03/Apr/2025:14:53:59 -0400] "GET /wp-json/wp/v2/posts/237 HTTP/1.1" 404 1251 "-" "Mozilla/5.0 (compatible; ImagesiftBot; +imagesift.com)"
64.124.8.134 - - [03/Apr/2025:14:54:01 -0400] "GET /lawn-care-tips/ HTTP/1.1" 404 1251 "-" "Mozilla/5.0 (compatible; ImagesiftBot; +imagesift.com)"
64.124.8.134 - - [03/Apr/2025:14:54:03 -0400] "GET /how-to-spot-authentic-mk-handbags/ HTTP/1.1" 404 1251 "-" "Mozilla/5.0 (compatible; ImagesiftBot; +imagesift.com)"
64.124.8.134 - - [03/Apr/2025:14:54:07 -0400] "GET /alla-scoperta-di-un-antico-casale/ HTTP/1.1" 404 1251 "-" "Mozilla/5.0 (compatible; ImagesiftBot; +imagesift.com)"
198.54.114.83 - - [03/Apr/2025:14:54:12 -0400] "POST /wp-cron.php?doing_wp_cron=1743706451.7731480598449707031250 HTTP/1.1" 200 0 "-" "WordPress/6.7.2; https://alualufoil.com"
54.254.137.198 - - [03/Apr/2025:14:54:11 -0400] "POST /wp-login.php HTTP/1.1" 200 1837 "-" "Mozlila/5.0 (Linux; Android 7.0; SM-G892A Bulid/NRD90M; wv) AppleWebKit/537.36 (KHTML, like Gecko) Version/4.0 Chrome/60.0.3112.107 Moblie Safari/537.36"
54.254.137.198 - - [03/Apr/2025:14:54:12 -0400] "GET /wp-admin/plugin-install.php?tab=upload HTTP/1.1" 302 0 "-" "Mozlila/5.0 (Linux; Android 7.0; SM-G892A Bulid/NRD90M; wv) AppleWebKit/537.36 (KHTML, like Gecko) Version/4.0 Chrome/60.0.3112.107 Moblie Safari/537.36"
198.54.114.83 - - [03/Apr/2025:14:54:13 -0400] "POST /wp-admin/admin-ajax.php?action=async_litespeed&nonce=eqljeQXNF6Uyb7FzajTIC3vi9VwzvIyA&litespeed_type=imgoptm HTTP/1.1" 200 5 "-" "WordPress/6.7.2; https://alualufoil.com"
54.254.137.198 - - [03/Apr/2025:14:54:13 -0400] "GET /wp-login.php?redirect_to=https%3A%2F%2Falualufoil.com%2Fwp-admin%2Fplugin-install.php%3Ftab%3Dupload&reauth=1 HTTP/1.1" 200 1734 "-" "Mozlila/5.0 (Linux; Android 7.0; SM-G892A Bulid/NRD90M; wv) AppleWebKit/537.36 (KHTML, like Gecko) Version/4.0 Chrome/60.0.3112.107 Moblie Safari/537.36"
64.124.8.134 - - [03/Apr/2025:14:54:15 -0400] "GET /photo-cutout-service/ HTTP/1.1" 404 1251 "-" "Mozilla/5.0 (compatible; ImagesiftBot; +imagesift.com)"
64.124.8.134 - - [03/Apr/2025:14:54:17 -0400] "GET /wp-json/wp/v2/posts/1815 HTTP/1.1" 404 1251 "-" "Mozilla/5.0 (compatible; ImagesiftBot; +imagesift.com)"
64.124.8.134 - - [03/Apr/2025:14:54:21 -0400] "GET /page/92/ HTTP/1.1" 404 1251 "-" "Mozilla/5.0 (compatible; ImagesiftBot; +imagesift.com)"
64.124.8.134 - - [03/Apr/2025:14:54:24 -0400] "GET /how-to-get-started-diamond-painting-your-own-picture/ HTTP/1.1" 404 1251 "-" "Mozilla/5.0 (compatible; ImagesiftBot; +imagesift.com)"
40.77.167.131 - - [03/Apr/2025:14:54:24 -0400] "GET /safe-online-gambling HTTP/1.1" 404 1251 "-" "Mozilla/5.0 AppleWebKit/537.36 (KHTML, like Gecko; compatible; bingbot/2.0; +http://www.bing.com/bingbot.htm) Chrome/116.0.1938.76 Safari/537.36"
64.124.8.134 - - [03/Apr/2025:14:54:26 -0400] "GET /what-is-the-best-herbal-remedies-for-cancer-treatment/ HTTP/1.1" 404 1251 "-" "Mozilla/5.0 (compatible; ImagesiftBot; +imagesift.com)"
64.124.8.134 - - [03/Apr/2025:14:54:28 -0400] "GET /how-to-incorporate-a-company-in-singapore/ HTTP/1.1" 404 1251 "-" "Mozilla/5.0 (compatible; ImagesiftBot; +imagesift.com)"
64.124.8.134 - - [03/Apr/2025:14:54:32 -0400] "GET /benefits-of-different-types-of-baby-strollers/ HTTP/1.1" 404 1251 "-" "Mozilla/5.0 (compatible; ImagesiftBot; +imagesift.com)"
64.124.8.134 - - [03/Apr/2025:14:54:37 -0400] "GET /wp-json/wp/v2/posts/1370 HTTP/1.1" 404 1251 "-" "Mozilla/5.0 (compatible; ImagesiftBot; +imagesift.com)"
64.124.8.134 - - [03/Apr/2025:14:54:42 -0400] "GET /wp-json/wp/v2/posts/2267 HTTP/1.1" 404 1251 "-" "Mozilla/5.0 (compatible; ImagesiftBot; +imagesift.com)"
64.124.8.134 - - [03/Apr/2025:14:54:44 -0400] "GET /wp-json/wp/v2/posts/529 HTTP/1.1" 404 1251 "-" "Mozilla/5.0 (compatible; ImagesiftBot; +imagesift.com)"
64.124.8.134 - - [03/Apr/2025:14:54:45 -0400] "GET /pizza-conneaut-lake/ HTTP/1.1" 404 1251 "-" "Mozilla/5.0 (compatible; ImagesiftBot; +imagesift.com)"
64.124.8.134 - - [03/Apr/2025:14:54:48 -0400] "GET /the-versatility-of-the-call-center-headset/ HTTP/1.1" 404 1251 "-" "Mozilla/5.0 (compatible; ImagesiftBot; +imagesift.com)"
64.124.8.134 - - [03/Apr/2025:14:55:04 -0400] "GET /unveiling-the-gleam-gold-coast-pressure-washing/ HTTP/1.1" 404 1251 "-" "Mozilla/5.0 (compatible; ImagesiftBot; +imagesift.com)"
64.124.8.134 - - [03/Apr/2025:14:55:07 -0400] "GET /page/117/ HTTP/1.1" 404 1251 "-" "Mozilla/5.0 (compatible; ImagesiftBot; +imagesift.com)"
64.124.8.134 - - [03/Apr/2025:14:55:10 -0400] "GET /wp-json/wp/v2/posts/2599 HTTP/1.1" 404 1251 "-" "Mozilla/5.0 (compatible; ImagesiftBot; +imagesift.com)"
64.124.8.134 - - [03/Apr/2025:14:55:12 -0400] "GET /the-ultimate-guide-to-deleting-your-instagram-account/ HTTP/1.1" 404 1251 "-" "Mozilla/5.0 (compatible; ImagesiftBot; +imagesift.com)"
64.124.8.134 - - [03/Apr/2025:14:55:17 -0400] "GET /wp-json/wp/v2/posts/2671 HTTP/1.1" 404 1251 "-" "Mozilla/5.0 (compatible; ImagesiftBot; +imagesift.com)"
64.124.8.134 - - [03/Apr/2025:14:55:19 -0400] "GET /where-to-buy-youtube-live-views/ HTTP/1.1" 404 1251 "-" "Mozilla/5.0 (compatible; ImagesiftBot; +imagesift.com)"
64.124.8.134 - - [03/Apr/2025:14:55:23 -0400] "GET /wp-json/wp/v2/posts/153 HTTP/1.1" 404 1251 "-" "Mozilla/5.0 (compatible; ImagesiftBot; +imagesift.com)"
64.124.8.134 - - [03/Apr/2025:14:55:29 -0400] "GET /wp-json/wp/v2/posts/1823 HTTP/1.1" 404 1251 "-" "Mozilla/5.0 (compatible; ImagesiftBot; +imagesift.com)"
64.124.8.134 - - [03/Apr/2025:14:55:35 -0400] "GET /wp-json/wp/v2/posts/1625 HTTP/1.1" 404 1251 "-" "Mozilla/5.0 (compatible; ImagesiftBot; +imagesift.com)"
64.124.8.134 - - [03/Apr/2025:14:55:37 -0400] "GET /buying-the-right-spa-massage-equipment-for-your-business/ HTTP/1.1" 404 1251 "-" "Mozilla/5.0 (compatible; ImagesiftBot; +imagesift.com)"
64.124.8.134 - - [03/Apr/2025:14:55:39 -0400] "GET /how-artificial-intelligence-is-being-used-in-business-today/ HTTP/1.1" 404 1251 "-" "Mozilla/5.0 (compatible; ImagesiftBot; +imagesift.com)"
64.124.8.134 - - [03/Apr/2025:14:55:41 -0400] "GET /cosa-vedere-sul-lago-di-garda/ HTTP/1.1" 404 1251 "-" "Mozilla/5.0 (compatible; ImagesiftBot; +imagesift.com)"
64.124.8.134 - - [03/Apr/2025:14:55:47 -0400] "GET /wp-json/wp/v2/posts/498 HTTP/1.1" 404 1251 "-" "Mozilla/5.0 (compatible; ImagesiftBot; +imagesift.com)"
64.124.8.134 - - [03/Apr/2025:14:55:53 -0400] "GET /wp-json/wp/v2/posts/380 HTTP/1.1" 404 1251 "-" "Mozilla/5.0 (compatible; ImagesiftBot; +imagesift.com)"
64.124.8.134 - - [03/Apr/2025:14:55:59 -0400] "GET /wp-json/wp/v2/posts/983 HTTP/1.1" 404 1251 "-" "Mozilla/5.0 (compatible; ImagesiftBot; +imagesift.com)"
64.124.8.134 - - [03/Apr/2025:14:56:01 -0400] "GET /terra-hill-the-newest-development-in-the-rcr/ HTTP/1.1" 404 1251 "-" "Mozilla/5.0 (compatible; ImagesiftBot; +imagesift.com)"
64.124.8.134 - - [03/Apr/2025:14:56:03 -0400] "GET /fertility-centre-dubai-fulfilling-dreams-of-parenthood/ HTTP/1.1" 404 1251 "-" "Mozilla/5.0 (compatible; ImagesiftBot; +imagesift.com)"
64.124.8.134 - - [03/Apr/2025:14:56:06 -0400] "GET /category/activity/page/6/ HTTP/1.1" 404 1251 "-" "Mozilla/5.0 (compatible; ImagesiftBot; +imagesift.com)"
64.124.8.134 - - [03/Apr/2025:14:56:08 -0400] "GET /wp-json/wp/v2/categories/4 HTTP/1.1" 404 1251 "-" "Mozilla/5.0 (compatible; ImagesiftBot; +imagesift.com)"
64.124.8.134 - - [03/Apr/2025:14:56:19 -0400] "GET /finding-the-best-german-lessons-near-you/ HTTP/1.1" 404 1251 "-" "Mozilla/5.0 (compatible; ImagesiftBot; +imagesift.com)"
64.124.8.134 - - [03/Apr/2025:14:56:21 -0400] "GET /wp-json/wp/v2/posts/1633 HTTP/1.1" 404 1251 "-" "Mozilla/5.0 (compatible; ImagesiftBot; +imagesift.com)"
64.124.8.134 - - [03/Apr/2025:14:56:26 -0400] "GET /wp-json/wp/v2/posts/737 HTTP/1.1" 404 1251 "-" "Mozilla/5.0 (compatible; ImagesiftBot; +imagesift.com)"
64.124.8.134 - - [03/Apr/2025:14:56:28 -0400] "GET /top-10-leak-detectors/ HTTP/1.1" 404 1251 "-" "Mozilla/5.0 (compatible; ImagesiftBot; +imagesift.com)"
64.124.8.134 - - [03/Apr/2025:14:56:30 -0400] "GET /wp-json/wp/v2/posts/1965 HTTP/1.1" 404 1251 "-" "Mozilla/5.0 (compatible; ImagesiftBot; +imagesift.com)"
64.124.8.134 - - [03/Apr/2025:14:56:32 -0400] "GET /pex-tubings/ HTTP/1.1" 404 1251 "-" "Mozilla/5.0 (compatible; ImagesiftBot; +imagesift.com)"
