2602:fb54:313:: - - [03/Apr/2025:19:26:45 -0400] "GET /wp-login.php?redirect_to=https%3A%2F%2Falualufoil.com%2Fwp-admin%2F&reauth=1 HTTP/1.1" 200 1710 "https://www.google.com" "Mozilla/5.0 (Windows NT 10.0; Win64; x64) AppleWebKit/537.36 (KHTML, like Gecko) Chrome/90.0.4430.85 Safari/537.36"
198.54.114.83 - - [03/Apr/2025:19:26:45 -0400] "POST /wp-admin/admin-ajax.php?action=async_litespeed&nonce=QX2FIoe14EfWsIM5xJv1FJiDqvx85lAv&litespeed_type=imgoptm HTTP/1.1" 200 5 "-" "WordPress/6.7.2; https://alualufoil.com"
64.124.8.134 - - [03/Apr/2025:19:26:54 -0400] "GET /moving-company-berlin/ HTTP/1.1" 404 1251 "-" "Mozilla/5.0 (compatible; ImagesiftBot; +imagesift.com)"
17.241.75.204 - - [03/Apr/2025:19:27:04 -0400] "GET /buying-the-right-spa-massage-equipment-for-your-business/ HTTP/1.1" 404 1251 "-" "Mozilla/5.0 (Macintosh; Intel Mac OS X 10_15_7) AppleWebKit/605.1.15 (KHTML, like Gecko) Version/17.4 Safari/605.1.15 (Applebot/0.1; +http://www.apple.com/go/applebot)"
64.124.8.134 - - [03/Apr/2025:19:27:15 -0400] "GET /wp-json/wp/v2/posts/262 HTTP/1.1" 404 1251 "-" "Mozilla/5.0 (compatible; ImagesiftBot; +imagesift.com)"
64.124.8.134 - - [03/Apr/2025:19:27:34 -0400] "GET /cabo-san-lucas-tourist-destination-a-detailed-travel-guide-for-a-potential-tourist/ HTTP/1.1" 404 1251 "-" "Mozilla/5.0 (compatible; ImagesiftBot; +imagesift.com)"
64.124.8.134 - - [03/Apr/2025:19:27:55 -0400] "GET /wp-json/wp/v2/posts/327 HTTP/1.1" 404 1251 "-" "Mozilla/5.0 (compatible; ImagesiftBot; +imagesift.com)"
64.124.8.134 - - [03/Apr/2025:19:28:14 -0400] "GET /wp-json/wp/v2/posts/865 HTTP/1.1" 404 1251 "-" "Mozilla/5.0 (compatible; ImagesiftBot; +imagesift.com)"
64.124.8.134 - - [03/Apr/2025:19:28:33 -0400] "GET /floating-pumps-for-water/ HTTP/1.1" 404 1251 "-" "Mozilla/5.0 (compatible; ImagesiftBot; +imagesift.com)"
64.124.8.134 - - [03/Apr/2025:19:28:52 -0400] "GET /vita-glow-cream-review/ HTTP/1.1" 404 1251 "-" "Mozilla/5.0 (compatible; ImagesiftBot; +imagesift.com)"
64.124.8.134 - - [03/Apr/2025:19:29:12 -0400] "GET /wp-json/wp/v2/posts/1018 HTTP/1.1" 404 1251 "-" "Mozilla/5.0 (compatible; ImagesiftBot; +imagesift.com)"
64.124.8.134 - - [03/Apr/2025:19:29:30 -0400] "GET /you-dont-have-to-be-ruined-financially-or-emotionally-in-a-divorce/ HTTP/1.1" 404 1251 "-" "Mozilla/5.0 (compatible; ImagesiftBot; +imagesift.com)"
64.124.8.134 - - [03/Apr/2025:19:29:49 -0400] "GET /find-a-window-installer-in-treharris-merthyr-tydfil-uk-on-houzz/ HTTP/1.1" 404 1251 "-" "Mozilla/5.0 (compatible; ImagesiftBot; +imagesift.com)"
64.124.8.134 - - [03/Apr/2025:19:30:27 -0400] "GET /wp-json/wp/v2/posts/619 HTTP/1.1" 404 1251 "-" "Mozilla/5.0 (compatible; ImagesiftBot; +imagesift.com)"
64.124.8.134 - - [03/Apr/2025:19:30:47 -0400] "GET /wp-json/wp/v2/posts/1952 HTTP/1.1" 404 1251 "-" "Mozilla/5.0 (compatible; ImagesiftBot; +imagesift.com)"
64.124.8.134 - - [03/Apr/2025:19:31:08 -0400] "GET /wp-json/wp/v2/posts/501 HTTP/1.1" 404 1251 "-" "Mozilla/5.0 (compatible; ImagesiftBot; +imagesift.com)"
64.124.8.134 - - [03/Apr/2025:19:31:27 -0400] "GET /apparel-finishing/ HTTP/1.1" 404 1251 "-" "Mozilla/5.0 (compatible; ImagesiftBot; +imagesift.com)"
64.124.8.134 - - [03/Apr/2025:19:31:43 -0400] "GET /finding-the-best-vehicle-transport-companies-nearby/ HTTP/1.1" 404 1251 "-" "Mozilla/5.0 (compatible; ImagesiftBot; +imagesift.com)"
64.124.8.134 - - [03/Apr/2025:19:32:01 -0400] "GET /wp-json/wp/v2/posts/1754 HTTP/1.1" 404 1251 "-" "Mozilla/5.0 (compatible; ImagesiftBot; +imagesift.com)"
64.124.8.134 - - [03/Apr/2025:19:32:20 -0400] "GET /why-your-business-should-upgrade-to-a-responsive-web-design-sooner-rather-than-later/ HTTP/1.1" 404 1251 "-" "Mozilla/5.0 (compatible; ImagesiftBot; +imagesift.com)"
64.124.8.134 - - [03/Apr/2025:19:32:38 -0400] "GET /check-out-the-locksmith-services/ HTTP/1.1" 404 1251 "-" "Mozilla/5.0 (compatible; ImagesiftBot; +imagesift.com)"
64.124.8.134 - - [03/Apr/2025:19:32:58 -0400] "GET /wp-json/wp/v2/posts/1224 HTTP/1.1" 404 1251 "-" "Mozilla/5.0 (compatible; ImagesiftBot; +imagesift.com)"
64.124.8.134 - - [03/Apr/2025:19:33:17 -0400] "GET /chicago-locksmith-car-keys/ HTTP/1.1" 404 1251 "-" "Mozilla/5.0 (compatible; ImagesiftBot; +imagesift.com)"
104.155.43.195 - - [03/Apr/2025:19:33:35 -0400] "GET / HTTP/1.1" 200 156100 "-" "python-requests/2.32.3"
64.124.8.134 - - [03/Apr/2025:19:33:37 -0400] "GET /wp-json/wp/v2/posts/781 HTTP/1.1" 404 1251 "-" "Mozilla/5.0 (compatible; ImagesiftBot; +imagesift.com)"
64.124.8.134 - - [03/Apr/2025:19:34:00 -0400] "GET /wp-json/wp/v2/posts/1556 HTTP/1.1" 404 1251 "-" "Mozilla/5.0 (compatible; ImagesiftBot; +imagesift.com)"
114.119.144.55 - - [03/Apr/2025:19:34:12 -0400] "GET /page/81/?SA HTTP/1.1" 404 1251 "https://alualufoil.com/page/81/?SA" "Mozilla/5.0 (Linux; Android 7.0;) AppleWebKit/537.36 (KHTML, like Gecko) Mobile Safari/537.36 (compatible; PetalBot;+https://webmaster.petalsearch.com/site/petalbot)"
64.124.8.134 - - [03/Apr/2025:19:34:19 -0400] "GET /wp-json/wp/v2/posts/1888 HTTP/1.1" 404 1251 "-" "Mozilla/5.0 (compatible; ImagesiftBot; +imagesift.com)"
64.124.8.134 - - [03/Apr/2025:19:34:42 -0400] "GET /discovering-nusa-penida-a-hidden-gem-of-indonesia/ HTTP/1.1" 404 1251 "-" "Mozilla/5.0 (compatible; ImagesiftBot; +imagesift.com)"
64.124.8.134 - - [03/Apr/2025:19:35:01 -0400] "GET /elevating-homes-enthullung-des-top-dachdecker-erlebnisses-in-hamburg/ HTTP/1.1" 404 1251 "-" "Mozilla/5.0 (compatible; ImagesiftBot; +imagesift.com)"
64.124.8.134 - - [03/Apr/2025:19:35:21 -0400] "GET /wp-json/wp/v2/posts/2857 HTTP/1.1" 404 1251 "-" "Mozilla/5.0 (compatible; ImagesiftBot; +imagesift.com)"
64.124.8.134 - - [03/Apr/2025:19:35:41 -0400] "GET /wp-json/wp/v2/posts/588 HTTP/1.1" 404 1251 "-" "Mozilla/5.0 (compatible; ImagesiftBot; +imagesift.com)"
64.124.8.134 - - [03/Apr/2025:19:35:59 -0400] "GET /wp-json/wp/v2/posts/82 HTTP/1.1" 404 1251 "-" "Mozilla/5.0 (compatible; ImagesiftBot; +imagesift.com)"
64.124.8.134 - - [03/Apr/2025:19:36:17 -0400] "GET /wp-json/wp/v2/posts/535 HTTP/1.1" 404 1251 "-" "Mozilla/5.0 (compatible; ImagesiftBot; +imagesift.com)"
64.124.8.134 - - [03/Apr/2025:19:36:38 -0400] "GET /comment-decorer-avec-un-grand-vase-design/ HTTP/1.1" 404 1251 "-" "Mozilla/5.0 (compatible; ImagesiftBot; +imagesift.com)"
64.124.8.134 - - [03/Apr/2025:19:36:57 -0400] "GET /best-curly-hair-salon-melbourne/ HTTP/1.1" 404 1251 "-" "Mozilla/5.0 (compatible; ImagesiftBot; +imagesift.com)"
64.124.8.134 - - [03/Apr/2025:19:37:17 -0400] "GET /wp-json/wp/v2/posts/1232 HTTP/1.1" 404 1251 "-" "Mozilla/5.0 (compatible; ImagesiftBot; +imagesift.com)"
64.124.8.134 - - [03/Apr/2025:19:37:38 -0400] "GET /tembusu-grand-an-exciting-yet-majestic-palace/ HTTP/1.1" 404 1251 "-" "Mozilla/5.0 (compatible; ImagesiftBot; +imagesift.com)"
64.124.8.134 - - [03/Apr/2025:19:37:57 -0400] "GET /wp-json/wp/v2/posts/2731 HTTP/1.1" 404 1251 "-" "Mozilla/5.0 (compatible; ImagesiftBot; +imagesift.com)"
64.124.8.134 - - [03/Apr/2025:19:38:16 -0400] "GET /no-credit-check-loans-for-business/ HTTP/1.1" 404 1251 "-" "Mozilla/5.0 (compatible; ImagesiftBot; +imagesift.com)"
64.124.8.134 - - [03/Apr/2025:19:38:35 -0400] "GET /wp-json/wp/v2/posts/1034 HTTP/1.1" 404 1251 "-" "Mozilla/5.0 (compatible; ImagesiftBot; +imagesift.com)"
64.124.8.134 - - [03/Apr/2025:19:38:55 -0400] "GET /wp-json/wp/v2/posts/2533 HTTP/1.1" 404 1251 "-" "Mozilla/5.0 (compatible; ImagesiftBot; +imagesift.com)"
64.124.8.134 - - [03/Apr/2025:19:39:14 -0400] "GET /wp-json/wp/v2/posts/1896 HTTP/1.1" 404 1251 "-" "Mozilla/5.0 (compatible; ImagesiftBot; +imagesift.com)"
64.124.8.134 - - [03/Apr/2025:19:39:34 -0400] "GET /how-much-money-do-youtubers-make-from-their-channel/ HTTP/1.1" 404 1251 "-" "Mozilla/5.0 (compatible; ImagesiftBot; +imagesift.com)"
64.124.8.134 - - [03/Apr/2025:19:39:51 -0400] "GET /buy-instant-youtube-views/ HTTP/1.1" 404 1251 "-" "Mozilla/5.0 (compatible; ImagesiftBot; +imagesift.com)"
64.124.8.134 - - [03/Apr/2025:19:40:31 -0400] "GET /wp-json/wp/v2/posts/1366 HTTP/1.1" 404 1251 "-" "Mozilla/5.0 (compatible; ImagesiftBot; +imagesift.com)"
64.124.8.134 - - [03/Apr/2025:19:40:50 -0400] "GET /wp-json/wp/v2/posts/1698 HTTP/1.1" 404 1251 "-" "Mozilla/5.0 (compatible; ImagesiftBot; +imagesift.com)"
64.124.8.134 - - [03/Apr/2025:19:41:10 -0400] "GET /buy-youtube-comments-to-boost-the-appeal-of-your-videos/ HTTP/1.1" 404 1251 "-" "Mozilla/5.0 (compatible; ImagesiftBot; +imagesift.com)"
64.124.8.134 - - [03/Apr/2025:19:41:30 -0400] "GET /the-benefits-of-diet-planning/ HTTP/1.1" 404 1251 "-" "Mozilla/5.0 (compatible; ImagesiftBot; +imagesift.com)"
64.124.8.134 - - [03/Apr/2025:19:41:50 -0400] "GET /asperger-syndrom/ HTTP/1.1" 404 1251 "-" "Mozilla/5.0 (compatible; ImagesiftBot; +imagesift.com)"
64.124.8.134 - - [03/Apr/2025:19:42:11 -0400] "GET /unveiling-the-art-of-swift-fingertips-the-typing-speed-test/ HTTP/1.1" 404 1251 "-" "Mozilla/5.0 (compatible; ImagesiftBot; +imagesift.com)"
64.124.8.134 - - [03/Apr/2025:19:42:31 -0400] "GET /wp-json/wp/v2/posts/2667 HTTP/1.1" 404 1251 "-" "Mozilla/5.0 (compatible; ImagesiftBot; +imagesift.com)"
64.124.8.134 - - [03/Apr/2025:19:42:54 -0400] "GET /wp-json/wp/v2/posts/516 HTTP/1.1" 404 1251 "-" "Mozilla/5.0 (compatible; ImagesiftBot; +imagesift.com)"
64.124.8.134 - - [03/Apr/2025:19:43:15 -0400] "GET /wp-json/wp/v2/posts/1572 HTTP/1.1" 404 1251 "-" "Mozilla/5.0 (compatible; ImagesiftBot; +imagesift.com)"
64.124.8.134 - - [03/Apr/2025:19:43:34 -0400] "GET /wp-json/wp/v2/posts/1819 HTTP/1.1" 404 1251 "-" "Mozilla/5.0 (compatible; ImagesiftBot; +imagesift.com)"
64.124.8.134 - - [03/Apr/2025:19:43:55 -0400] "GET /wp-json/wp/v2/posts/2469 HTTP/1.1" 404 1251 "-" "Mozilla/5.0 (compatible; ImagesiftBot; +imagesift.com)"
64.124.8.134 - - [03/Apr/2025:19:44:16 -0400] "GET /wp-json/wp/v2/posts/1042 HTTP/1.1" 404 1251 "-" "Mozilla/5.0 (compatible; ImagesiftBot; +imagesift.com)"
64.124.8.134 - - [03/Apr/2025:19:44:36 -0400] "GET /diet-for-fatty-liver-2-conventional-and-1-unconventional-tip-for-combating-fld/ HTTP/1.1" 404 1251 "-" "Mozilla/5.0 (compatible; ImagesiftBot; +imagesift.com)"
64.124.8.134 - - [03/Apr/2025:19:44:57 -0400] "GET /led-cylinder-light/ HTTP/1.1" 404 1251 "-" "Mozilla/5.0 (compatible; ImagesiftBot; +imagesift.com)"
64.124.8.134 - - [03/Apr/2025:19:45:37 -0400] "GET /wp-json/wp/v2/posts/193 HTTP/1.1" 404 1251 "-" "Mozilla/5.0 (compatible; ImagesiftBot; +imagesift.com)"
64.124.8.134 - - [03/Apr/2025:19:45:58 -0400] "GET /the-rise-of-youtube-channels/ HTTP/1.1" 404 1251 "-" "Mozilla/5.0 (compatible; ImagesiftBot; +imagesift.com)"
64.124.8.134 - - [03/Apr/2025:19:46:18 -0400] "GET /wp-json/wp/v2/posts/1374 HTTP/1.1" 404 1251 "-" "Mozilla/5.0 (compatible; ImagesiftBot; +imagesift.com)"
64.124.8.134 - - [03/Apr/2025:19:46:39 -0400] "GET /wp-json/wp/v2/posts/140 HTTP/1.1" 404 1251 "-" "Mozilla/5.0 (compatible; ImagesiftBot; +imagesift.com)"
64.124.8.134 - - [03/Apr/2025:19:46:59 -0400] "GET /wp-json/wp/v2/posts/2343 HTTP/1.1" 404 1251 "-" "Mozilla/5.0 (compatible; ImagesiftBot; +imagesift.com)"
64.124.8.134 - - [03/Apr/2025:19:47:19 -0400] "GET /wp-json/wp/v2/posts/743 HTTP/1.1" 404 1251 "-" "Mozilla/5.0 (compatible; ImagesiftBot; +imagesift.com)"
64.124.8.134 - - [03/Apr/2025:19:47:41 -0400] "GET /get-likes-on-youtube-comment/ HTTP/1.1" 404 1251 "-" "Mozilla/5.0 (compatible; ImagesiftBot; +imagesift.com)"
64.124.8.134 - - [03/Apr/2025:19:48:03 -0400] "GET /wp-json/wp/v2/posts/808 HTTP/1.1" 404 1251 "-" "Mozilla/5.0 (compatible; ImagesiftBot; +imagesift.com)"
64.124.8.134 - - [03/Apr/2025:19:48:25 -0400] "GET /2021/03/ HTTP/1.1" 404 1251 "-" "Mozilla/5.0 (compatible; ImagesiftBot; +imagesift.com)"
64.124.8.134 - - [03/Apr/2025:19:48:47 -0400] "GET /skin-whitening-injection/ HTTP/1.1" 404 1251 "-" "Mozilla/5.0 (compatible; ImagesiftBot; +imagesift.com)"
85.208.96.204 - - [03/Apr/2025:19:48:52 -0400] "GET /online-dating-photography/ HTTP/1.1" 404 1251 "-" "Mozilla/5.0 (compatible; SemrushBot/7~bl; +http://www.semrush.com/bot.html)"
64.124.8.134 - - [03/Apr/2025:19:49:07 -0400] "GET /how-will-voice-technology-change-the-gambling-industry/ HTTP/1.1" 404 1251 "-" "Mozilla/5.0 (compatible; ImagesiftBot; +imagesift.com)"
64.124.8.134 - - [03/Apr/2025:19:49:27 -0400] "GET /wp-json/wp/v2/posts/2675 HTTP/1.1" 404 1251 "-" "Mozilla/5.0 (compatible; ImagesiftBot; +imagesift.com)"
64.124.8.134 - - [03/Apr/2025:19:49:48 -0400] "GET /vietnam-motorbike-tours-the-iti-holiday-prize-draw/ HTTP/1.1" 404 1251 "-" "Mozilla/5.0 (compatible; ImagesiftBot; +imagesift.com)"
64.124.8.134 - - [03/Apr/2025:19:50:10 -0400] "GET /wp-json/wp/v2/posts/77 HTTP/1.1" 404 1251 "-" "Mozilla/5.0 (compatible; ImagesiftBot; +imagesift.com)"
64.124.8.134 - - [03/Apr/2025:19:50:32 -0400] "GET /plaid-gris/ HTTP/1.1" 404 1251 "-" "Mozilla/5.0 (compatible; ImagesiftBot; +imagesift.com)"
64.124.8.134 - - [03/Apr/2025:19:50:52 -0400] "GET /wp-json/wp/v2/posts/1580 HTTP/1.1" 404 1251 "-" "Mozilla/5.0 (compatible; ImagesiftBot; +imagesift.com)"
64.124.8.134 - - [03/Apr/2025:19:51:15 -0400] "GET /michael-kors/ HTTP/1.1" 404 1251 "-" "Mozilla/5.0 (compatible; ImagesiftBot; +imagesift.com)"
64.124.8.134 - - [03/Apr/2025:19:51:37 -0400] "GET /what-does-a-loan-agency-career-involve/ HTTP/1.1" 404 1251 "-" "Mozilla/5.0 (compatible; ImagesiftBot; +imagesift.com)"
64.124.8.134 - - [03/Apr/2025:19:51:59 -0400] "GET /category/activity/page/79/ HTTP/1.1" 404 1251 "-" "Mozilla/5.0 (compatible; ImagesiftBot; +imagesift.com)"
64.124.8.134 - - [03/Apr/2025:19:52:22 -0400] "GET /wp-json/wp/v2/posts/1629 HTTP/1.1" 404 1251 "-" "Mozilla/5.0 (compatible; ImagesiftBot; +imagesift.com)"
64.124.8.134 - - [03/Apr/2025:19:52:42 -0400] "GET /page/71/ HTTP/1.1" 404 1251 "-" "Mozilla/5.0 (compatible; ImagesiftBot; +imagesift.com)"
64.124.8.134 - - [03/Apr/2025:19:53:05 -0400] "GET /online-gambling-is-more-harmful-than-land-based-gaming/ HTTP/1.1" 404 1251 "-" "Mozilla/5.0 (compatible; ImagesiftBot; +imagesift.com)"
64.124.8.134 - - [03/Apr/2025:19:53:25 -0400] "GET /wp-json/wp/v2/posts/2279 HTTP/1.1" 404 1251 "-" "Mozilla/5.0 (compatible; ImagesiftBot; +imagesift.com)"
64.124.8.134 - - [03/Apr/2025:19:53:49 -0400] "GET /hiring-a-tax-consultant-in-hattingen/ HTTP/1.1" 404 1251 "-" "Mozilla/5.0 (compatible; ImagesiftBot; +imagesift.com)"
64.124.8.134 - - [03/Apr/2025:19:54:10 -0400] "GET /category/activity/page/78/ HTTP/1.1" 404 1251 "-" "Mozilla/5.0 (compatible; ImagesiftBot; +imagesift.com)"
64.124.8.134 - - [03/Apr/2025:19:54:32 -0400] "GET /watch-hours-youtube/ HTTP/1.1" 404 1251 "-" "Mozilla/5.0 (compatible; ImagesiftBot; +imagesift.com)"
64.124.8.134 - - [03/Apr/2025:19:54:55 -0400] "GET /wp-json/wp/v2/posts/2351 HTTP/1.1" 404 1251 "-" "Mozilla/5.0 (compatible; ImagesiftBot; +imagesift.com)"
64.124.8.134 - - [03/Apr/2025:19:55:15 -0400] "GET /zeitlose-eleganz-fur-ihr-zuhause/ HTTP/1.1" 404 1251 "-" "Mozilla/5.0 (compatible; ImagesiftBot; +imagesift.com)"
17.241.219.177 - - [03/Apr/2025:19:55:27 -0400] "GET /laminate-cabinet/ HTTP/1.1" 404 1251 "-" "Mozilla/5.0 (Macintosh; Intel Mac OS X 10_15_7) AppleWebKit/605.1.15 (KHTML, like Gecko) Version/17.4 Safari/605.1.15 (Applebot/0.1; +http://www.apple.com/go/applebot)"
64.124.8.134 - - [03/Apr/2025:19:55:37 -0400] "GET /experiencing-elegance-exploring-the-pinetree-hill-showflat/ HTTP/1.1" 404 1251 "-" "Mozilla/5.0 (compatible; ImagesiftBot; +imagesift.com)"
64.124.8.134 - - [03/Apr/2025:19:55:58 -0400] "GET /category/activity/page/77/ HTTP/1.1" 404 1251 "-" "Mozilla/5.0 (compatible; ImagesiftBot; +imagesift.com)"
64.124.8.134 - - [03/Apr/2025:19:56:20 -0400] "GET /page/81/ HTTP/1.1" 404 1251 "-" "Mozilla/5.0 (compatible; ImagesiftBot; +imagesift.com)"
17.241.75.250 - - [03/Apr/2025:19:56:25 -0400] "GET /rhinoplasty-cyprus/ HTTP/1.1" 404 1251 "-" "Mozilla/5.0 (Macintosh; Intel Mac OS X 10_15_7) AppleWebKit/605.1.15 (KHTML, like Gecko) Version/17.4 Safari/605.1.15 (Applebot/0.1; +http://www.apple.com/go/applebot)"
64.124.8.134 - - [03/Apr/2025:19:56:40 -0400] "GET /wp-json/wp/v2/posts/777 HTTP/1.1" 404 1251 "-" "Mozilla/5.0 (compatible; ImagesiftBot; +imagesift.com)"
64.124.8.134 - - [03/Apr/2025:19:57:01 -0400] "GET /the-basics-of-mixed-martial-arts/ HTTP/1.1" 404 1251 "-" "Mozilla/5.0 (compatible; ImagesiftBot; +imagesift.com)"
64.124.8.134 - - [03/Apr/2025:19:57:23 -0400] "GET /wp-json/wp/v2/posts/121 HTTP/1.1" 404 1251 "-" "Mozilla/5.0 (compatible; ImagesiftBot; +imagesift.com)"
64.124.8.134 - - [03/Apr/2025:19:57:45 -0400] "GET /a-closer-look-at-hydraulic-cutting-machines/ HTTP/1.1" 404 1251 "-" "Mozilla/5.0 (compatible; ImagesiftBot; +imagesift.com)"
64.124.8.134 - - [03/Apr/2025:19:58:07 -0400] "GET /explosion-proof-stainless-3-way-ball-valves/ HTTP/1.1" 404 1251 "-" "Mozilla/5.0 (compatible; ImagesiftBot; +imagesift.com)"
172.245.168.36 - - [03/Apr/2025:19:58:15 -0400] "POST /index.php/wp-json/litespeed/v1/cdn_status HTTP/1.1" 404 1251 "https://alualufoil.com/wp-admin/update.php?action=upload-plugin" "Mozilla/5.0 (Windows NT 10.0; Win64; x64; rv:128.0) Gecko/20100101 Firefox/128.0"
64.124.8.134 - - [03/Apr/2025:19:58:29 -0400] "GET /finding-the-right-caregiver-for-your-loved-one/ HTTP/1.1" 404 1251 "-" "Mozilla/5.0 (compatible; ImagesiftBot; +imagesift.com)"
64.124.8.134 - - [03/Apr/2025:19:58:51 -0400] "GET /category/activity/page/76/ HTTP/1.1" 404 1251 "-" "Mozilla/5.0 (compatible; ImagesiftBot; +imagesift.com)"
213.136.68.157 - - [03/Apr/2025:19:59:07 -0400] "GET /wp-content/themes/include.php HTTP/1.1" 404 1251 "www.google.com" "Mozilla/5.0 (Linux; Android 7.0; SM-G892A Build/NRD90M; wv) AppleWebKit/537.36 (KHTML, like Gecko) Version/4.0 Chrome/60.0.3112.107 Mobile Safari/537.36"
64.124.8.134 - - [03/Apr/2025:19:59:15 -0400] "GET /how-to-start-a-home-based-cbd-business/ HTTP/1.1" 404 1251 "-" "Mozilla/5.0 (compatible; ImagesiftBot; +imagesift.com)"
213.136.68.157 - - [03/Apr/2025:19:59:21 -0400] "GET /file2.php HTTP/1.1" 404 1251 "www.google.com" "Mozilla/5.0 (Linux; Android 7.0; SM-G892A Build/NRD90M; wv) AppleWebKit/537.36 (KHTML, like Gecko) Version/4.0 Chrome/60.0.3112.107 Mobile Safari/537.36"
213.136.68.157 - - [03/Apr/2025:19:59:27 -0400] "GET /file.php HTTP/1.1" 404 1251 "www.google.com" "Mozilla/5.0 (Linux; Android 7.0; SM-G892A Build/NRD90M; wv) AppleWebKit/537.36 (KHTML, like Gecko) Version/4.0 Chrome/60.0.3112.107 Mobile Safari/537.36"
64.124.8.134 - - [03/Apr/2025:19:59:38 -0400] "GET /wp-json/wp/v2/posts/1835 HTTP/1.1" 404 1251 "-" "Mozilla/5.0 (compatible; ImagesiftBot; +imagesift.com)"
64.124.8.134 - - [03/Apr/2025:20:00:02 -0400] "GET /page/91/ HTTP/1.1" 404 1251 "-" "Mozilla/5.0 (compatible; ImagesiftBot; +imagesift.com)"
64.124.8.134 - - [03/Apr/2025:20:00:26 -0400] "GET /category/activity/page/75/ HTTP/1.1" 404 1251 "-" "Mozilla/5.0 (compatible; ImagesiftBot; +imagesift.com)"
64.124.8.134 - - [03/Apr/2025:20:00:51 -0400] "GET /the-best-cbd-uk-brands/ HTTP/1.1" 404 1251 "-" "Mozilla/5.0 (compatible; ImagesiftBot; +imagesift.com)"
64.124.8.134 - - [03/Apr/2025:20:01:14 -0400] "GET /wp-json/wp/v2/posts/2287 HTTP/1.1" 404 1251 "-" "Mozilla/5.0 (compatible; ImagesiftBot; +imagesift.com)"
64.124.8.134 - - [03/Apr/2025:20:01:37 -0400] "GET /boost-your-trampoline-park-business-with-custom-grip-socks/ HTTP/1.1" 404 1251 "-" "Mozilla/5.0 (compatible; ImagesiftBot; +imagesift.com)"
64.124.8.134 - - [03/Apr/2025:20:02:01 -0400] "GET /category/activity/page/74/ HTTP/1.1" 404 1251 "-" "Mozilla/5.0 (compatible; ImagesiftBot; +imagesift.com)"
64.124.8.134 - - [03/Apr/2025:20:02:24 -0400] "GET /organizza-il-tuo-matrimonio-sul-lago-di-garda-in-paradiso/ HTTP/1.1" 404 1251 "-" "Mozilla/5.0 (compatible; ImagesiftBot; +imagesift.com)"
64.124.8.134 - - [03/Apr/2025:20:02:49 -0400] "GET /wp-json/wp/v2/posts/1107 HTTP/1.1" 404 1251 "-" "Mozilla/5.0 (compatible; ImagesiftBot; +imagesift.com)"
64.124.8.134 - - [03/Apr/2025:20:03:15 -0400] "GET /page/107/ HTTP/1.1" 404 1251 "-" "Mozilla/5.0 (compatible; ImagesiftBot; +imagesift.com)"
64.124.8.134 - - [03/Apr/2025:20:03:39 -0400] "GET /exploring-the-green-haven-a-botany-showflat-experience/ HTTP/1.1" 404 1251 "-" "Mozilla/5.0 (compatible; ImagesiftBot; +imagesift.com)"
64.124.8.134 - - [03/Apr/2025:20:04:05 -0400] "GET /category/activity/page/73/ HTTP/1.1" 404 1251 "-" "Mozilla/5.0 (compatible; ImagesiftBot; +imagesift.com)"
64.124.8.134 - - [03/Apr/2025:20:04:30 -0400] "GET /part-time-entertainment-job/ HTTP/1.1" 404 1251 "-" "Mozilla/5.0 (compatible; ImagesiftBot; +imagesift.com)"
64.124.8.134 - - [03/Apr/2025:20:04:56 -0400] "GET /wp-json/wp/v2/posts/2691 HTTP/1.1" 404 1251 "-" "Mozilla/5.0 (compatible; ImagesiftBot; +imagesift.com)"
64.124.8.134 - - [03/Apr/2025:20:05:23 -0400] "GET /unveiling-the-hidden-world-mushroom-cultivation-supplies/ HTTP/1.1" 404 1251 "-" "Mozilla/5.0 (compatible; ImagesiftBot; +imagesift.com)"
64.124.8.134 - - [03/Apr/2025:20:05:47 -0400] "GET /unlocking-the-secrets-of-buying-instagram-followers/ HTTP/1.1" 404 1251 "-" "Mozilla/5.0 (compatible; ImagesiftBot; +imagesift.com)"
64.124.8.134 - - [03/Apr/2025:20:06:14 -0400] "GET /online-gambling-provides-higher-rates-of-return/ HTTP/1.1" 404 1251 "-" "Mozilla/5.0 (compatible; ImagesiftBot; +imagesift.com)"
64.124.8.134 - - [03/Apr/2025:20:06:39 -0400] "GET /category/activity/page/72/ HTTP/1.1" 404 1251 "-" "Mozilla/5.0 (compatible; ImagesiftBot; +imagesift.com)"
64.124.8.134 - - [03/Apr/2025:20:07:05 -0400] "GET /wp-json/wp/v2/posts/155 HTTP/1.1" 404 1251 "-" "Mozilla/5.0 (compatible; ImagesiftBot; +imagesift.com)"
64.124.8.134 - - [03/Apr/2025:20:07:31 -0400] "GET /wp-json/wp/v2/posts/102 HTTP/1.1" 404 1251 "-" "Mozilla/5.0 (compatible; ImagesiftBot; +imagesift.com)"
64.124.8.134 - - [03/Apr/2025:20:07:58 -0400] "GET /what-does-iphone-not-backed-up-mean/ HTTP/1.1" 404 1251 "-" "Mozilla/5.0 (compatible; ImagesiftBot; +imagesift.com)"
64.124.8.134 - - [03/Apr/2025:20:08:25 -0400] "GET /category/activity/page/71/ HTTP/1.1" 404 1251 "-" "Mozilla/5.0 (compatible; ImagesiftBot; +imagesift.com)"
64.124.8.134 - - [03/Apr/2025:20:08:50 -0400] "GET /how-to-create-your-own-custom-brand-socks/ HTTP/1.1" 404 1251 "-" "Mozilla/5.0 (compatible; ImagesiftBot; +imagesift.com)"
52.167.144.210 - - [03/Apr/2025:20:09:14 -0400] "GET /how-to-buy-youtube-watch-hours/ HTTP/1.1" 404 1251 "-" "Mozilla/5.0 AppleWebKit/537.36 (KHTML, like Gecko; compatible; bingbot/2.0; +http://www.bing.com/bingbot.htm) Chrome/116.0.1938.76 Safari/537.36"
64.124.8.134 - - [03/Apr/2025:20:09:15 -0400] "GET /caregiver-jobs-near-me/ HTTP/1.1" 404 1251 "-" "Mozilla/5.0 (compatible; ImagesiftBot; +imagesift.com)"
64.124.8.134 - - [03/Apr/2025:20:09:40 -0400] "GET /unlock-endless-entertainment-with-itunes-gift-cards/ HTTP/1.1" 404 1251 "-" "Mozilla/5.0 (compatible; ImagesiftBot; +imagesift.com)"
64.124.8.134 - - [03/Apr/2025:20:10:08 -0400] "GET /lessence-de-la-confiance/ HTTP/1.1" 404 1251 "-" "Mozilla/5.0 (compatible; ImagesiftBot; +imagesift.com)"
64.124.8.134 - - [03/Apr/2025:20:10:34 -0400] "GET /category/activity/page/70/ HTTP/1.1" 404 1251 "-" "Mozilla/5.0 (compatible; ImagesiftBot; +imagesift.com)"
64.124.8.134 - - [03/Apr/2025:20:11:00 -0400] "GET /wp-json/wp/v2/posts/985 HTTP/1.1" 404 1251 "-" "Mozilla/5.0 (compatible; ImagesiftBot; +imagesift.com)"
2a02:598:64:8a00::3100:8 - - [03/Apr/2025:20:11:12 -0400] "GET /navigating-fda-otc-registration/ HTTP/1.1" 404 1251 "-" "Mozilla/5.0 (compatible; SeznamBot/4.0; +https://o-seznam.cz/napoveda/vyhledavani/en/seznambot-crawler/)"
64.124.8.134 - - [03/Apr/2025:20:11:25 -0400] "GET /personlig-tranare/ HTTP/1.1" 404 1251 "-" "Mozilla/5.0 (compatible; ImagesiftBot; +imagesift.com)"
64.124.8.134 - - [03/Apr/2025:20:11:52 -0400] "GET /advertising-agency-mumbai/ HTTP/1.1" 404 1251 "-" "Mozilla/5.0 (compatible; ImagesiftBot; +imagesift.com)"
64.124.8.134 - - [03/Apr/2025:20:12:19 -0400] "GET /wp-json/wp/v2/posts/1851 HTTP/1.1" 404 1251 "-" "Mozilla/5.0 (compatible; ImagesiftBot; +imagesift.com)"
64.124.8.134 - - [03/Apr/2025:20:12:46 -0400] "GET /wp-json/wp/v2/posts/8 HTTP/1.1" 404 1251 "-" "Mozilla/5.0 (compatible; ImagesiftBot; +imagesift.com)"
64.124.8.134 - - [03/Apr/2025:20:13:14 -0400] "GET /a-new-era-of-gaming-entertainment/ HTTP/1.1" 404 1251 "-" "Mozilla/5.0 (compatible; ImagesiftBot; +imagesift.com)"
64.124.8.134 - - [03/Apr/2025:20:13:40 -0400] "GET /choosing-the-best-british-male-voiceover/ HTTP/1.1" 404 1251 "-" "Mozilla/5.0 (compatible; ImagesiftBot; +imagesift.com)"
64.124.8.134 - - [03/Apr/2025:20:14:07 -0400] "GET /wp-json/wp/v2/posts/1321 HTTP/1.1" 404 1251 "-" "Mozilla/5.0 (compatible; ImagesiftBot; +imagesift.com)"
64.124.8.134 - - [03/Apr/2025:20:14:34 -0400] "GET /how-to-find-a-lost-car-key/ HTTP/1.1" 404 1251 "-" "Mozilla/5.0 (compatible; ImagesiftBot; +imagesift.com)"
64.124.8.134 - - [03/Apr/2025:20:15:02 -0400] "GET /vita-glow-cream/ HTTP/1.1" 404 1251 "-" "Mozilla/5.0 (compatible; ImagesiftBot; +imagesift.com)"
64.124.8.134 - - [03/Apr/2025:20:15:28 -0400] "GET /wp-json/wp/v2/posts/2218 HTTP/1.1" 404 1251 "-" "Mozilla/5.0 (compatible; ImagesiftBot; +imagesift.com)"
64.124.8.134 - - [03/Apr/2025:20:15:54 -0400] "GET /betting-shops-bank-holiday-opening/ HTTP/1.1" 404 1251 "-" "Mozilla/5.0 (compatible; ImagesiftBot; +imagesift.com)"
64.124.8.134 - - [03/Apr/2025:20:16:21 -0400] "GET /wp-json/wp/v2/posts/1653 HTTP/1.1" 404 1251 "-" "Mozilla/5.0 (compatible; ImagesiftBot; +imagesift.com)"
157.55.39.15 - - [03/Apr/2025:20:16:33 -0400] "GET /cream-cheese-manufacturers-in-india/ HTTP/1.1" 404 1251 "-" "Mozilla/5.0 AppleWebKit/537.36 (KHTML, like Gecko; compatible; bingbot/2.0; +http://www.bing.com/bingbot.htm) Chrome/116.0.1938.76 Safari/537.36"
64.124.8.134 - - [03/Apr/2025:20:16:51 -0400] "GET /wp-json/wp/v2/posts/739 HTTP/1.1" 404 1251 "-" "Mozilla/5.0 (compatible; ImagesiftBot; +imagesift.com)"
40.77.167.4 - - [03/Apr/2025:20:17:13 -0400] "GET /le-tour-de-lit-crocodile-un-voyage-imaginaire-dans-la-chambre-des-reves/ HTTP/1.1" 404 1251 "-" "Mozilla/5.0 AppleWebKit/537.36 (KHTML, like Gecko; compatible; bingbot/2.0; +http://www.bing.com/bingbot.htm) Chrome/116.0.1938.76 Safari/537.36"
64.124.8.134 - - [03/Apr/2025:20:17:17 -0400] "GET /wp-json/wp/v2/posts/621 HTTP/1.1" 404 1251 "-" "Mozilla/5.0 (compatible; ImagesiftBot; +imagesift.com)"
157.55.39.15 - - [03/Apr/2025:20:17:35 -0400] "GET /what-are-peptides-and-how-can-they-help-you/ HTTP/1.1" 404 1251 "-" "Mozilla/5.0 AppleWebKit/537.36 (KHTML, like Gecko; compatible; bingbot/2.0; +http://www.bing.com/bingbot.htm) Chrome/116.0.1938.76 Safari/537.36"
64.124.8.134 - - [03/Apr/2025:20:17:45 -0400] "GET /wp-json/wp/v2/posts/2622 HTTP/1.1" 404 1251 "-" "Mozilla/5.0 (compatible; ImagesiftBot; +imagesift.com)"
64.124.8.134 - - [03/Apr/2025:20:18:12 -0400] "GET /die-asthetik-moderner-hangelampen/ HTTP/1.1" 404 1251 "-" "Mozilla/5.0 (compatible; ImagesiftBot; +imagesift.com)"
64.124.8.134 - - [03/Apr/2025:20:18:41 -0400] "GET /how-to-clean-gold-jewellery/ HTTP/1.1" 404 1251 "-" "Mozilla/5.0 (compatible; ImagesiftBot; +imagesift.com)"
157.55.39.15 - - [03/Apr/2025:20:18:55 -0400] "GET /skin-whitening-injection/ HTTP/1.1" 404 1251 "-" "Mozilla/5.0 AppleWebKit/537.36 (KHTML, like Gecko; compatible; bingbot/2.0; +http://www.bing.com/bingbot.htm) Chrome/116.0.1938.76 Safari/537.36"
64.124.8.134 - - [03/Apr/2025:20:19:09 -0400] "GET /wp-json/wp/v2/posts/1455 HTTP/1.1" 404 1251 "-" "Mozilla/5.0 (compatible; ImagesiftBot; +imagesift.com)"
64.124.8.134 - - [03/Apr/2025:20:19:37 -0400] "GET /wp-json/wp/v2/posts/11 HTTP/1.1" 404 1251 "-" "Mozilla/5.0 (compatible; ImagesiftBot; +imagesift.com)"
64.124.8.134 - - [03/Apr/2025:20:20:04 -0400] "GET /wp-json/wp/v2/posts/1787 HTTP/1.1" 404 1251 "-" "Mozilla/5.0 (compatible; ImagesiftBot; +imagesift.com)"
64.124.8.134 - - [03/Apr/2025:20:20:32 -0400] "GET /local-central-heating-services/ HTTP/1.1" 404 1251 "-" "Mozilla/5.0 (compatible; ImagesiftBot; +imagesift.com)"
64.124.8.134 - - [03/Apr/2025:20:21:01 -0400] "GET /wp-json/wp/v2/posts/363 HTTP/1.1" 404 1251 "-" "Mozilla/5.0 (compatible; ImagesiftBot; +imagesift.com)"
64.124.8.134 - - [03/Apr/2025:20:21:33 -0400] "GET /page/115/ HTTP/1.1" 404 1251 "-" "Mozilla/5.0 (compatible; ImagesiftBot; +imagesift.com)"
64.124.8.134 - - [03/Apr/2025:20:22:01 -0400] "GET /credit-repair-specialist/ HTTP/1.1" 404 1251 "-" "Mozilla/5.0 (compatible; ImagesiftBot; +imagesift.com)"
64.124.8.134 - - [03/Apr/2025:20:22:31 -0400] "GET /the-most-popular-gambling-superstitions/ HTTP/1.1" 404 1251 "-" "Mozilla/5.0 (compatible; ImagesiftBot; +imagesift.com)"
64.124.8.134 - - [03/Apr/2025:20:23:00 -0400] "GET /wp-json/wp/v2/posts/2756 HTTP/1.1" 404 1251 "-" "Mozilla/5.0 (compatible; ImagesiftBot; +imagesift.com)"
64.124.8.134 - - [03/Apr/2025:20:23:28 -0400] "GET /wp-json/wp/v2/posts/913 HTTP/1.1" 404 1251 "-" "Mozilla/5.0 (compatible; ImagesiftBot; +imagesift.com)"
64.124.8.134 - - [03/Apr/2025:20:23:59 -0400] "GET /wp-json/wp/v2/posts/1589 HTTP/1.1" 404 1251 "-" "Mozilla/5.0 (compatible; ImagesiftBot; +imagesift.com)"
64.124.8.134 - - [03/Apr/2025:20:24:29 -0400] "GET /wp-json/wp/v2/posts/1661 HTTP/1.1" 404 1251 "-" "Mozilla/5.0 (compatible; ImagesiftBot; +imagesift.com)"
64.124.8.134 - - [03/Apr/2025:20:25:00 -0400] "GET /wp-json/wp/v2/posts/1908 HTTP/1.1" 404 1251 "-" "Mozilla/5.0 (compatible; ImagesiftBot; +imagesift.com)"
64.124.8.134 - - [03/Apr/2025:20:25:34 -0400] "GET /wp-json/wp/v2/posts/2558 HTTP/1.1" 404 1251 "-" "Mozilla/5.0 (compatible; ImagesiftBot; +imagesift.com)"
64.124.8.134 - - [03/Apr/2025:20:26:18 -0400] "GET /eine-analyse-narzisstischer-personlichkeitsmerkmale/ HTTP/1.1" 404 1251 "-" "Mozilla/5.0 (compatible; ImagesiftBot; +imagesift.com)"
64.124.8.134 - - [03/Apr/2025:20:27:00 -0400] "GET /wp-json/wp/v2/posts/590 HTTP/1.1" 404 1251 "-" "Mozilla/5.0 (compatible; ImagesiftBot; +imagesift.com)"
20.15.133.164 - - [03/Apr/2025:20:27:29 -0400] "GET /robots.txt HTTP/1.1" 304 0 "-" "Mozilla/5.0 AppleWebKit/537.36 (KHTML, like Gecko; compatible; bingbot/2.0; +http://www.bing.com/bingbot.htm) Chrome/116.0.1938.76 Safari/537.36"
64.124.8.134 - - [03/Apr/2025:20:27:36 -0400] "GET /prime-villa-rentals-in-cartagena/ HTTP/1.1" 404 1251 "-" "Mozilla/5.0 (compatible; ImagesiftBot; +imagesift.com)"
64.124.8.134 - - [03/Apr/2025:20:28:11 -0400] "GET /wp-json/wp/v2/posts/655 HTTP/1.1" 404 1251 "-" "Mozilla/5.0 (compatible; ImagesiftBot; +imagesift.com)"
64.124.8.134 - - [03/Apr/2025:20:28:49 -0400] "GET /deepfake-nude-telegram-bots/ HTTP/1.1" 404 1251 "-" "Mozilla/5.0 (compatible; ImagesiftBot; +imagesift.com)"
20.15.133.191 - - [03/Apr/2025:20:28:55 -0400] "GET /th/application-and-specification-of-aluminum-foil-in-the-pharmaceutical-industry.html HTTP/1.1" 404 1251 "-" "Mozilla/5.0 AppleWebKit/537.36 (KHTML, like Gecko; compatible; bingbot/2.0; +http://www.bing.com/bingbot.htm) Chrome/116.0.1938.76 Safari/537.36"
64.124.8.134 - - [03/Apr/2025:20:29:20 -0400] "GET /unveiling-the-strategic-role-of-salesforce-recruiters/ HTTP/1.1" 404 1251 "-" "Mozilla/5.0 (compatible; ImagesiftBot; +imagesift.com)"
64.124.8.134 - - [03/Apr/2025:20:29:52 -0400] "GET /wp-json/wp/v2/posts/1795 HTTP/1.1" 404 1251 "-" "Mozilla/5.0 (compatible; ImagesiftBot; +imagesift.com)"
64.124.8.134 - - [03/Apr/2025:20:30:25 -0400] "GET /wp-json/wp/v2/posts/1265 HTTP/1.1" 404 1251 "-" "Mozilla/5.0 (compatible; ImagesiftBot; +imagesift.com)"
64.124.8.134 - - [03/Apr/2025:20:30:58 -0400] "GET /youtube-subscribers/ HTTP/1.1" 404 1251 "-" "Mozilla/5.0 (compatible; ImagesiftBot; +imagesift.com)"
64.124.8.134 - - [03/Apr/2025:20:31:31 -0400] "GET /wp-json/wp/v2/posts/2234 HTTP/1.1" 404 1251 "-" "Mozilla/5.0 (compatible; ImagesiftBot; +imagesift.com)"
64.124.8.134 - - [03/Apr/2025:20:32:06 -0400] "GET /wp-json/wp/v2/posts/1597 HTTP/1.1" 404 1251 "-" "Mozilla/5.0 (compatible; ImagesiftBot; +imagesift.com)"
64.124.8.134 - - [03/Apr/2025:20:32:39 -0400] "GET /michael-kors-bags-blue/ HTTP/1.1" 404 1251 "-" "Mozilla/5.0 (compatible; ImagesiftBot; +imagesift.com)"
64.124.8.134 - - [03/Apr/2025:20:33:13 -0400] "GET /wp-json/wp/v2/posts/1916 HTTP/1.1" 404 1251 "-" "Mozilla/5.0 (compatible; ImagesiftBot; +imagesift.com)"
64.124.8.134 - - [03/Apr/2025:20:33:49 -0400] "GET /wp-json/wp/v2/posts/409 HTTP/1.1" 404 1251 "-" "Mozilla/5.0 (compatible; ImagesiftBot; +imagesift.com)"
64.124.8.134 - - [03/Apr/2025:20:34:23 -0400] "GET /what-is-flutter/ HTTP/1.1" 404 1251 "-" "Mozilla/5.0 (compatible; ImagesiftBot; +imagesift.com)"
64.124.8.134 - - [03/Apr/2025:20:34:59 -0400] "GET /thailand-elite-programs/ HTTP/1.1" 404 1251 "-" "Mozilla/5.0 (compatible; ImagesiftBot; +imagesift.com)"
64.124.8.134 - - [03/Apr/2025:20:35:34 -0400] "GET /mastering-the-digital-job-hunt-strategies-for-success/ HTTP/1.1" 404 1251 "-" "Mozilla/5.0 (compatible; ImagesiftBot; +imagesift.com)"
157.55.39.63 - - [03/Apr/2025:20:35:39 -0400] "GET /the-rise-of-ai-in-marketing-revolutionizing-strategies-for-success/ HTTP/1.1" 404 1251 "-" "Mozilla/5.0 AppleWebKit/537.36 (KHTML, like Gecko; compatible; bingbot/2.0; +http://www.bing.com/bingbot.htm) Chrome/116.0.1938.76 Safari/537.36"
64.124.8.134 - - [03/Apr/2025:20:36:09 -0400] "GET /wp-json/wp/v2/posts/2440 HTTP/1.1" 404 1251 "-" "Mozilla/5.0 (compatible; ImagesiftBot; +imagesift.com)"
64.124.8.134 - - [03/Apr/2025:20:36:46 -0400] "GET /jobs-that-require-a-high-degree-of-schooling/ HTTP/1.1" 404 1251 "-" "Mozilla/5.0 (compatible; ImagesiftBot; +imagesift.com)"
64.124.8.134 - - [03/Apr/2025:20:37:23 -0400] "GET /the-benefits-of-online-gambling/ HTTP/1.1" 404 1251 "-" "Mozilla/5.0 (compatible; ImagesiftBot; +imagesift.com)"
185.191.171.1 - - [03/Apr/2025:20:37:52 -0400] "GET /2024/01/ HTTP/1.1" 404 1251 "-" "Mozilla/5.0 (compatible; SemrushBot/7~bl; +http://www.semrush.com/bot.html)"
64.124.8.134 - - [03/Apr/2025:20:38:01 -0400] "GET /choosing-new-bi-fold-doors/ HTTP/1.1" 404 1251 "-" "Mozilla/5.0 (compatible; ImagesiftBot; +imagesift.com)"
64.124.8.134 - - [03/Apr/2025:20:38:39 -0400] "GET /wp-json/wp/v2/posts/2242 HTTP/1.1" 404 1251 "-" "Mozilla/5.0 (compatible; ImagesiftBot; +imagesift.com)"
64.124.8.134 - - [03/Apr/2025:20:39:18 -0400] "GET /the-evolution-and-impact-of-online-gambling-balancing-entertainment-and-responsibility/ HTTP/1.1" 404 1251 "-" "Mozilla/5.0 (compatible; ImagesiftBot; +imagesift.com)"
64.124.8.134 - - [03/Apr/2025:20:39:56 -0400] "GET /wp-json/wp/v2/posts/1075 HTTP/1.1" 404 1251 "-" "Mozilla/5.0 (compatible; ImagesiftBot; +imagesift.com)"
64.124.8.134 - - [03/Apr/2025:20:40:36 -0400] "GET /beneficios-de-conocer-tu-edad-exacta/ HTTP/1.1" 404 1251 "-" "Mozilla/5.0 (compatible; ImagesiftBot; +imagesift.com)"
64.124.8.134 - - [03/Apr/2025:20:41:16 -0400] "GET /wp-json/wp/v2/posts/378 HTTP/1.1" 404 1251 "-" "Mozilla/5.0 (compatible; ImagesiftBot; +imagesift.com)"
64.124.8.134 - - [03/Apr/2025:20:41:56 -0400] "GET /wp-json/wp/v2/posts/325 HTTP/1.1" 404 1251 "-" "Mozilla/5.0 (compatible; ImagesiftBot; +imagesift.com)"
64.124.8.134 - - [03/Apr/2025:20:42:36 -0400] "GET /wp-json/wp/v2/posts/863 HTTP/1.1" 404 1251 "-" "Mozilla/5.0 (compatible; ImagesiftBot; +imagesift.com)"
64.124.8.134 - - [03/Apr/2025:20:43:16 -0400] "GET /wp-json/wp/v2/posts/810 HTTP/1.1" 404 1251 "-" "Mozilla/5.0 (compatible; ImagesiftBot; +imagesift.com)"
64.124.8.134 - - [03/Apr/2025:20:43:58 -0400] "GET /dog-dewormer-cancer/ HTTP/1.1" 404 1251 "-" "Mozilla/5.0 (compatible; ImagesiftBot; +imagesift.com)"
64.124.8.134 - - [03/Apr/2025:20:44:41 -0400] "GET /how-to-obtain-a-thailand-elite-membership/ HTTP/1.1" 404 1251 "-" "Mozilla/5.0 (compatible; ImagesiftBot; +imagesift.com)"
64.124.8.134 - - [03/Apr/2025:20:45:24 -0400] "GET /liquid-and-air-cooling-systems/ HTTP/1.1" 404 1251 "-" "Mozilla/5.0 (compatible; ImagesiftBot; +imagesift.com)"
114.119.133.42 - - [03/Apr/2025:20:45:42 -0400] "GET /page/149/ HTTP/1.1" 404 1251 "https://alualufoil.com/page/149/" "Mozilla/5.0 (Linux; Android 7.0;) AppleWebKit/537.36 (KHTML, like Gecko) Mobile Safari/537.36 (compatible; PetalBot;+https://webmaster.petalsearch.com/site/petalbot)"
64.124.8.134 - - [03/Apr/2025:20:46:07 -0400] "GET /electrical-contractor-clearwater/ HTTP/1.1" 404 1251 "-" "Mozilla/5.0 (compatible; ImagesiftBot; +imagesift.com)"
64.124.8.134 - - [03/Apr/2025:20:46:51 -0400] "GET /illuminating-excellence-the-importance-of-hiring-an-hdb-licensed-electrician/ HTTP/1.1" 404 1251 "-" "Mozilla/5.0 (compatible; ImagesiftBot; +imagesift.com)"
64.124.8.134 - - [03/Apr/2025:20:47:37 -0400] "GET /wp-json/wp/v2/posts/2780 HTTP/1.1" 404 1251 "-" "Mozilla/5.0 (compatible; ImagesiftBot; +imagesift.com)"
64.124.8.134 - - [03/Apr/2025:20:48:23 -0400] "GET /blockchain-technology-positions/ HTTP/1.1" 404 1251 "-" "Mozilla/5.0 (compatible; ImagesiftBot; +imagesift.com)"
64.124.8.134 - - [03/Apr/2025:20:49:10 -0400] "GET /wp-json/wp/v2/posts/2178 HTTP/1.1" 404 1251 "-" "Mozilla/5.0 (compatible; ImagesiftBot; +imagesift.com)"
64.124.8.134 - - [03/Apr/2025:20:49:58 -0400] "GET /alternative-medicine-as-an-effective-alternative-to-conventional-medicine/ HTTP/1.1" 404 1251 "-" "Mozilla/5.0 (compatible; ImagesiftBot; +imagesift.com)"
64.124.8.134 - - [03/Apr/2025:20:50:46 -0400] "GET /erstellen-sie-ein-animationsvideo/ HTTP/1.1" 404 1251 "-" "Mozilla/5.0 (compatible; ImagesiftBot; +imagesift.com)"
64.124.8.134 - - [03/Apr/2025:20:51:36 -0400] "GET /a-green-haven-in-the-concrete-jungle/ HTTP/1.1" 404 1251 "-" "Mozilla/5.0 (compatible; ImagesiftBot; +imagesift.com)"
64.124.8.134 - - [03/Apr/2025:20:52:29 -0400] "GET /wp-json/wp/v2/posts/617 HTTP/1.1" 404 1251 "-" "Mozilla/5.0 (compatible; ImagesiftBot; +imagesift.com)"
64.124.8.134 - - [03/Apr/2025:20:53:22 -0400] "GET /wp-json/wp/v2/posts/2829 HTTP/1.1" 404 1251 "-" "Mozilla/5.0 (compatible; ImagesiftBot; +imagesift.com)"
64.124.8.134 - - [03/Apr/2025:20:54:20 -0400] "GET /wp-json/wp/v2/posts/1402 HTTP/1.1" 404 1251 "-" "Mozilla/5.0 (compatible; ImagesiftBot; +imagesift.com)"
64.124.8.134 - - [03/Apr/2025:20:55:22 -0400] "GET /wp-json/wp/v2/posts/1734 HTTP/1.1" 404 1251 "-" "Mozilla/5.0 (compatible; ImagesiftBot; +imagesift.com)"
64.124.8.134 - - [03/Apr/2025:20:56:24 -0400] "GET /what-is-a-wasserfiler/ HTTP/1.1" 404 1251 "-" "Mozilla/5.0 (compatible; ImagesiftBot; +imagesift.com)"
64.124.8.134 - - [03/Apr/2025:20:57:30 -0400] "GET /manage-rentals/ HTTP/1.1" 404 1251 "-" "Mozilla/5.0 (compatible; ImagesiftBot; +imagesift.com)"
64.124.8.134 - - [03/Apr/2025:20:58:42 -0400] "GET /wp-json/wp/v2/posts/1204 HTTP/1.1" 404 1251 "-" "Mozilla/5.0 (compatible; ImagesiftBot; +imagesift.com)"
64.124.8.134 - - [03/Apr/2025:20:59:58 -0400] "GET /wp-json/wp/v2/posts/359 HTTP/1.1" 404 1251 "-" "Mozilla/5.0 (compatible; ImagesiftBot; +imagesift.com)"
64.124.8.134 - - [03/Apr/2025:21:01:17 -0400] "GET /so-finden-sie-turkische-psychologen-in-ihrer-nahe/ HTTP/1.1" 404 1251 "-" "Mozilla/5.0 (compatible; ImagesiftBot; +imagesift.com)"
64.124.8.134 - - [03/Apr/2025:21:02:42 -0400] "GET /wp-json/wp/v2/posts/2703 HTTP/1.1" 404 1251 "-" "Mozilla/5.0 (compatible; ImagesiftBot; +imagesift.com)"
114.119.146.251 - - [03/Apr/2025:21:03:41 -0400] "GET /product-reviews/B0DG4WZZPV/ref=acr_dp_hist_1?ie=UTF8&=all_reviews HTTP/1.1" 404 1251 "https://alualufoil.com/?NA" "Mozilla/5.0 (Linux; Android 7.0;) AppleWebKit/537.36 (KHTML, like Gecko) Mobile Safari/537.36 (compatible; PetalBot;+https://webmaster.petalsearch.com/site/petalbot)"
64.124.8.134 - - [03/Apr/2025:21:04:14 -0400] "GET /unlocking-the-potential-the-power-of-free-qr-code-generators/ HTTP/1.1" 404 1251 "-" "Mozilla/5.0 (compatible; ImagesiftBot; +imagesift.com)"
114.119.143.39 - - [03/Apr/2025:21:05:02 -0400] "GET /page/98/ HTTP/1.1" 404 1251 "https://alualufoil.com/page/99/" "Mozilla/5.0 (Linux; Android 7.0;) AppleWebKit/537.36 (KHTML, like Gecko) Mobile Safari/537.36 (compatible; PetalBot;+https://webmaster.petalsearch.com/site/petalbot)"
64.124.8.134 - - [03/Apr/2025:21:05:54 -0400] "GET /wp-json/wp/v2/posts/1006 HTTP/1.1" 404 1251 "-" "Mozilla/5.0 (compatible; ImagesiftBot; +imagesift.com)"
195.191.219.131 - - [03/Apr/2025:21:05:56 -0400] "GET /robots.txt HTTP/1.1" 200 23 "-" "Mozilla/5.0 (compatible; MJ12bot/v2.0.0; http://mj12bot.com/)"
195.191.219.131 - - [03/Apr/2025:21:05:57 -0400] "GET / HTTP/1.1" 200 156100 "-" "Mozilla/5.0 (compatible; MJ12bot/v2.0.0; http://mj12bot.com/)"
114.119.135.139 - - [03/Apr/2025:21:06:26 -0400] "GET /page/94/?SA HTTP/1.1" 404 1251 "https://alualufoil.com/page/94/?SA" "Mozilla/5.0 (Linux; Android 7.0;) AppleWebKit/537.36 (KHTML, like Gecko) Mobile Safari/537.36 (compatible; PetalBot;+https://webmaster.petalsearch.com/site/petalbot)"
18.219.89.207 - - [03/Apr/2025:21:07:21 -0400] "GET /fixing-common-issues/ HTTP/1.1" 404 1251 "-" "Mozilla/5.0 AppleWebKit/537.36 (KHTML, like Gecko; compatible; ClaudeBot/1.0; +claudebot@anthropic.com)"
18.219.89.207 - - [03/Apr/2025:21:07:21 -0400] "GET /simplifying-staking-with-anyone-protocol-a-dashboard-overview HTTP/1.1" 404 1251 "-" "Mozilla/5.0 AppleWebKit/537.36 (KHTML, like Gecko; compatible; ClaudeBot/1.0; +claudebot@anthropic.com)"
114.119.143.39 - - [03/Apr/2025:21:07:50 -0400] "GET /page/98/?SA HTTP/1.1" 404 1251 "https://alualufoil.com/page/98/?SA" "Mozilla/5.0 (Linux; Android 7.0;) AppleWebKit/537.36 (KHTML, like Gecko) Mobile Safari/537.36 (compatible; PetalBot;+https://webmaster.petalsearch.com/site/petalbot)"
18.189.145.188 - - [03/Apr/2025:21:08:12 -0400] "GET /the-rise-of-gpu-cloud-services-revolutionizing-computing-power/ HTTP/1.1" 404 1251 "-" "Mozilla/5.0 AppleWebKit/537.36 (KHTML, like Gecko; compatible; ClaudeBot/1.0; +claudebot@anthropic.com)"
64.124.8.134 - - [03/Apr/2025:21:08:29 -0400] "GET /how-to-choose-an-off-line-cooling-system/ HTTP/1.1" 404 1251 "-" "Mozilla/5.0 (compatible; ImagesiftBot; +imagesift.com)"
3.135.237.153 - - [03/Apr/2025:21:09:03 -0400] "GET /the-perfect-explanation-of-michael-jordan-statue HTTP/1.1" 404 1251 "-" "Mozilla/5.0 AppleWebKit/537.36 (KHTML, like Gecko; compatible; ClaudeBot/1.0; +claudebot@anthropic.com)"
114.119.143.39 - - [03/Apr/2025:21:09:15 -0400] "GET /page/92/?NA HTTP/1.1" 404 1251 "https://alualufoil.com/page/93/?NA" "Mozilla/5.0 (Linux; Android 7.0;) AppleWebKit/537.36 (KHTML, like Gecko) Mobile Safari/537.36 (compatible; PetalBot;+https://webmaster.petalsearch.com/site/petalbot)"
3.147.67.245 - - [03/Apr/2025:21:09:53 -0400] "GET /efficient-london-airport-taxi-services-a-comprehensive-guide/ HTTP/1.1" 404 1251 "-" "Mozilla/5.0 AppleWebKit/537.36 (KHTML, like Gecko; compatible; ClaudeBot/1.0; +claudebot@anthropic.com)"
114.119.155.81 - - [03/Apr/2025:21:10:36 -0400] "GET /page/5/ HTTP/1.1" 404 1251 "https://alualufoil.com/page/5/" "Mozilla/5.0 (Linux; Android 7.0;) AppleWebKit/537.36 (KHTML, like Gecko) Mobile Safari/537.36 (compatible; PetalBot;+https://webmaster.petalsearch.com/site/petalbot)"
3.144.230.138 - - [03/Apr/2025:21:10:53 -0400] "GET /custom-logo-socks-no-minimum/ HTTP/1.1" 404 1251 "-" "Mozilla/5.0 AppleWebKit/537.36 (KHTML, like Gecko; compatible; ClaudeBot/1.0; +claudebot@anthropic.com)"
18.117.216.191 - - [03/Apr/2025:21:11:45 -0400] "GET /maximizing-savings-at-baha-mar-smart-tips-for-your-vacation/ HTTP/1.1" 404 1251 "-" "Mozilla/5.0 AppleWebKit/537.36 (KHTML, like Gecko; compatible; ClaudeBot/1.0; +claudebot@anthropic.com)"
114.119.143.39 - - [03/Apr/2025:21:12:01 -0400] "GET /page/152/ HTTP/1.1" 404 1251 "https://alualufoil.com/2024/01/" "Mozilla/5.0 (Linux; Android 7.0;) AppleWebKit/537.36 (KHTML, like Gecko) Mobile Safari/537.36 (compatible; PetalBot;+https://webmaster.petalsearch.com/site/petalbot)"
3.137.151.203 - - [03/Apr/2025:21:12:48 -0400] "GET /a-blend-of-luxury-and-modernity/ HTTP/1.1" 404 1251 "-" "Mozilla/5.0 AppleWebKit/537.36 (KHTML, like Gecko; compatible; ClaudeBot/1.0; +claudebot@anthropic.com)"
64.124.8.134 - - [03/Apr/2025:21:12:48 -0400] "GET /wp-json/wp/v2/posts/2837 HTTP/1.1" 404 1251 "-" "Mozilla/5.0 (compatible; ImagesiftBot; +imagesift.com)"
52.167.144.182 - - [03/Apr/2025:21:13:07 -0400] "GET /lenseigne-lumineuse-de-geneve/ HTTP/1.1" 404 1251 "-" "Mozilla/5.0 AppleWebKit/537.36 (KHTML, like Gecko; compatible; bingbot/2.0; +http://www.bing.com/bingbot.htm) Chrome/116.0.1938.76 Safari/537.36"
114.119.144.55 - - [03/Apr/2025:21:13:27 -0400] "GET /page/151/?SA HTTP/1.1" 404 1251 "https://alualufoil.com/page/152/?SA" "Mozilla/5.0 (Linux; Android 7.0;) AppleWebKit/537.36 (KHTML, like Gecko) Mobile Safari/537.36 (compatible; PetalBot;+https://webmaster.petalsearch.com/site/petalbot)"
3.135.194.164 - - [03/Apr/2025:21:13:49 -0400] "GET /?p=3602 HTTP/1.1" 200 156100 "-" "Mozilla/5.0 AppleWebKit/537.36 (KHTML, like Gecko; compatible; ClaudeBot/1.0; +claudebot@anthropic.com)"
52.167.144.184 - - [03/Apr/2025:21:14:09 -0400] "GET /what-are-top-rated-refrigerators/ HTTP/1.1" 404 1251 "-" "Mozilla/5.0 AppleWebKit/537.36 (KHTML, like Gecko; compatible; bingbot/2.0; +http://www.bing.com/bingbot.htm) Chrome/116.0.1938.76 Safari/537.36"
52.167.144.184 - - [03/Apr/2025:21:14:09 -0400] "GET /der-genuss-gerosteter-mandeln/ HTTP/1.1" 404 1251 "-" "Mozilla/5.0 AppleWebKit/537.36 (KHTML, like Gecko; compatible; bingbot/2.0; +http://www.bing.com/bingbot.htm) Chrome/116.0.1938.76 Safari/537.36"
207.46.13.151 - - [03/Apr/2025:21:14:14 -0400] "GET /sports-betting-basics-to-remember/ HTTP/1.1" 404 1251 "-" "Mozilla/5.0 AppleWebKit/537.36 (KHTML, like Gecko; compatible; bingbot/2.0; +http://www.bing.com/bingbot.htm) Chrome/116.0.1938.76 Safari/537.36"
114.119.133.42 - - [03/Apr/2025:21:14:47 -0400] "GET /page/147/?NA HTTP/1.1" 404 1251 "https://alualufoil.com/page/147/?NA" "Mozilla/5.0 (Linux; Android 7.0;) AppleWebKit/537.36 (KHTML, like Gecko) Mobile Safari/537.36 (compatible; PetalBot;+https://webmaster.petalsearch.com/site/petalbot)"
3.144.181.40 - - [03/Apr/2025:21:14:52 -0400] "GET /types-of-silicone-rubber/ HTTP/1.1" 404 1251 "-" "Mozilla/5.0 AppleWebKit/537.36 (KHTML, like Gecko; compatible; ClaudeBot/1.0; +claudebot@anthropic.com)"
18.188.4.90 - - [03/Apr/2025:21:16:07 -0400] "GET /a-showcase-of-sophisticated-living/ HTTP/1.1" 404 1251 "-" "Mozilla/5.0 AppleWebKit/537.36 (KHTML, like Gecko; compatible; ClaudeBot/1.0; +claudebot@anthropic.com)"
114.119.135.139 - - [03/Apr/2025:21:16:12 -0400] "GET /page/146/?NA HTTP/1.1" 404 1251 "https://alualufoil.com/page/145/?NA" "Mozilla/5.0 (Linux; Android 7.0;) AppleWebKit/537.36 (KHTML, like Gecko) Mobile Safari/537.36 (compatible; PetalBot;+https://webmaster.petalsearch.com/site/petalbot)"
3.145.104.11 - - [03/Apr/2025:21:17:07 -0400] "GET /add-romance-to-your-marriage-anniversary-with-a-heart-shaped-cake/ HTTP/1.1" 404 1251 "-" "Mozilla/5.0 AppleWebKit/537.36 (KHTML, like Gecko; compatible; ClaudeBot/1.0; +claudebot@anthropic.com)"
114.119.144.55 - - [03/Apr/2025:21:17:34 -0400] "GET /page/146/ HTTP/1.1" 404 1251 "https://alualufoil.com/page/146/" "Mozilla/5.0 (Linux; Android 7.0;) AppleWebKit/537.36 (KHTML, like Gecko) Mobile Safari/537.36 (compatible; PetalBot;+https://webmaster.petalsearch.com/site/petalbot)"
3.142.242.51 - - [03/Apr/2025:21:17:58 -0400] "GET /?p=3207 HTTP/1.1" 200 156100 "-" "Mozilla/5.0 AppleWebKit/537.36 (KHTML, like Gecko; compatible; ClaudeBot/1.0; +claudebot@anthropic.com)"
114.119.144.55 - - [03/Apr/2025:21:18:57 -0400] "GET /page/134/ HTTP/1.1" 404 1251 "https://alualufoil.com/page/134/" "Mozilla/5.0 (Linux; Android 7.0;) AppleWebKit/537.36 (KHTML, like Gecko) Mobile Safari/537.36 (compatible; PetalBot;+https://webmaster.petalsearch.com/site/petalbot)"
18.118.82.141 - - [03/Apr/2025:21:18:58 -0400] "GET /choose-your-own-photo-painting/ HTTP/1.1" 404 1251 "-" "Mozilla/5.0 AppleWebKit/537.36 (KHTML, like Gecko; compatible; ClaudeBot/1.0; +claudebot@anthropic.com)"
64.124.8.134 - - [03/Apr/2025:21:19:27 -0400] "GET /wp-json/wp/v2/posts/586 HTTP/1.1" 404 1251 "-" "Mozilla/5.0 (compatible; ImagesiftBot; +imagesift.com)"
3.23.85.24 - - [03/Apr/2025:21:19:58 -0400] "GET /?p=3600 HTTP/1.1" 200 156100 "-" "Mozilla/5.0 AppleWebKit/537.36 (KHTML, like Gecko; compatible; ClaudeBot/1.0; +claudebot@anthropic.com)"
114.119.133.234 - - [03/Apr/2025:21:20:20 -0400] "GET /page/132/ HTTP/1.1" 404 1251 "https://alualufoil.com/page/133/" "Mozilla/5.0 (Linux; Android 7.0;) AppleWebKit/537.36 (KHTML, like Gecko) Mobile Safari/537.36 (compatible; PetalBot;+https://webmaster.petalsearch.com/site/petalbot)"
3.149.239.87 - - [03/Apr/2025:21:20:57 -0400] "GET /?p=467 HTTP/1.1" 200 156100 "-" "Mozilla/5.0 AppleWebKit/537.36 (KHTML, like Gecko; compatible; ClaudeBot/1.0; +claudebot@anthropic.com)"
114.119.155.81 - - [03/Apr/2025:21:21:44 -0400] "GET /page/11/?ND HTTP/1.1" 404 1251 "https://alualufoil.com/page/11/?ND" "Mozilla/5.0 (Linux; Android 7.0;) AppleWebKit/537.36 (KHTML, like Gecko) Mobile Safari/537.36 (compatible; PetalBot;+https://webmaster.petalsearch.com/site/petalbot)"
3.145.210.4 - - [03/Apr/2025:21:21:57 -0400] "GET / HTTP/1.1" 200 156100 "-" "Mozilla/5.0 AppleWebKit/537.36 (KHTML, like Gecko; compatible; ClaudeBot/1.0; +claudebot@anthropic.com)"
52.14.9.19 - - [03/Apr/2025:21:22:49 -0400] "GET /tissot-battery-replacement/ HTTP/1.1" 404 1251 "-" "Mozilla/5.0 AppleWebKit/537.36 (KHTML, like Gecko; compatible; ClaudeBot/1.0; +claudebot@anthropic.com)"
114.119.157.245 - - [03/Apr/2025:21:23:07 -0400] "GET /gp/registry/wishlist/ HTTP/1.1" 404 1251 "https://alualufoil.com/?ND" "Mozilla/5.0 (Linux; Android 7.0;) AppleWebKit/537.36 (KHTML, like Gecko) Mobile Safari/537.36 (compatible; PetalBot;+https://webmaster.petalsearch.com/site/petalbot)"
3.16.1.87 - - [03/Apr/2025:21:23:36 -0400] "GET /pokemon-mocs-from-lego HTTP/1.1" 404 1251 "-" "Mozilla/5.0 AppleWebKit/537.36 (KHTML, like Gecko; compatible; ClaudeBot/1.0; +claudebot@anthropic.com)"
18.216.241.11 - - [03/Apr/2025:21:24:22 -0400] "GET /?p=3365 HTTP/1.1" 200 156100 "-" "Mozilla/5.0 AppleWebKit/537.36 (KHTML, like Gecko; compatible; ClaudeBot/1.0; +claudebot@anthropic.com)"
114.119.143.39 - - [03/Apr/2025:21:24:31 -0400] "GET /gp/profile/amzn1.account.AFXQP46YJ2XUKR4MYZFNG3H2CXBQ/ref=cm_cr_dp_d_gw_tr?ie=UTF8 HTTP/1.1" 404 1251 "https://alualufoil.com/?ND" "Mozilla/5.0 (Linux; Android 7.0;) AppleWebKit/537.36 (KHTML, like Gecko) Mobile Safari/537.36 (compatible; PetalBot;+https://webmaster.petalsearch.com/site/petalbot)"
