51.222.253.18 - - [30/Mar/2025:07:51:28 -0400] "GET /hera-casino-review/feed/ HTTP/1.1" 404 1251 "-" "Mozilla/5.0 (compatible; AhrefsBot/7.0; +http://ahrefs.com/robot/)"
51.222.253.10 - - [30/Mar/2025:07:52:45 -0400] "GET /is-painting-by-numbers-good-for-the-brain/feed/ HTTP/1.1" 404 1251 "-" "Mozilla/5.0 (compatible; AhrefsBot/7.0; +http://ahrefs.com/robot/)"
51.222.253.12 - - [30/Mar/2025:07:53:57 -0400] "GET /the-best-place-to-buy-youtube-subscribers/feed/ HTTP/1.1" 404 1251 "-" "Mozilla/5.0 (compatible; AhrefsBot/7.0; +http://ahrefs.com/robot/)"
51.222.253.7 - - [30/Mar/2025:07:55:29 -0400] "GET /comment-faire-de-la-publicite-pour-mon-entreprise/feed/ HTTP/1.1" 404 1251 "-" "Mozilla/5.0 (compatible; AhrefsBot/7.0; +http://ahrefs.com/robot/)"
51.222.253.2 - - [30/Mar/2025:07:56:55 -0400] "GET /unlocking-success-proven-strategies-to-gain-more-youtube-subscribers/feed/ HTTP/1.1" 404 1251 "-" "Mozilla/5.0 (compatible; AhrefsBot/7.0; +http://ahrefs.com/robot/)"
51.222.253.4 - - [30/Mar/2025:07:58:12 -0400] "GET /unlocking-success-the-legitimate-path-to-buying-youtube-subscribers/feed/ HTTP/1.1" 404 1251 "-" "Mozilla/5.0 (compatible; AhrefsBot/7.0; +http://ahrefs.com/robot/)"
51.222.253.15 - - [30/Mar/2025:07:59:43 -0400] "GET /unlocking-growth-a-strategic-guide-on-how-to-buy-youtube-subscribers/feed/ HTTP/1.1" 404 1251 "-" "Mozilla/5.0 (compatible; AhrefsBot/7.0; +http://ahrefs.com/robot/)"
51.222.253.14 - - [30/Mar/2025:08:01:22 -0400] "GET /la-publicite-par-drapeaux-une-strategie-visuelle-impactante/feed/ HTTP/1.1" 404 1251 "-" "Mozilla/5.0 (compatible; AhrefsBot/7.0; +http://ahrefs.com/robot/)"
51.222.253.1 - - [30/Mar/2025:08:02:39 -0400] "GET /discover-your-dream-home-in-sonoma-ca/feed/ HTTP/1.1" 404 1251 "-" "Mozilla/5.0 (compatible; AhrefsBot/7.0; +http://ahrefs.com/robot/)"
51.222.253.20 - - [30/Mar/2025:08:04:09 -0400] "GET /are-you-curious-about-the-hoopla-regarding-hemp-cbd/feed/ HTTP/1.1" 404 1251 "-" "Mozilla/5.0 (compatible; AhrefsBot/7.0; +http://ahrefs.com/robot/)"
51.222.253.20 - - [30/Mar/2025:08:05:40 -0400] "GET /michael-kors-bags-brown/feed/ HTTP/1.1" 404 1251 "-" "Mozilla/5.0 (compatible; AhrefsBot/7.0; +http://ahrefs.com/robot/)"
51.222.253.20 - - [30/Mar/2025:08:07:07 -0400] "GET /exploring-omnigenceam-a-comprehensive-overview/feed/ HTTP/1.1" 404 1251 "-" "Mozilla/5.0 (compatible; AhrefsBot/7.0; +http://ahrefs.com/robot/)"
152.42.209.58 - - [30/Mar/2025:08:08:28 -0400] "GET /wp-login.php HTTP/1.1" 200 1711 "-" "Mozilla/5.0 (X11; Linux x86_64; rv:121.0) Gecko/20100101 Firefox/121.0"
198.54.114.83 - - [30/Mar/2025:08:08:32 -0400] "POST /wp-cron.php?doing_wp_cron=1743336512.8217070102691650390625 HTTP/1.1" 200 0 "-" "WordPress/6.7.2; https://alualufoil.com"
152.42.209.58 - - [30/Mar/2025:08:08:28 -0400] "POST /wp-login.php HTTP/1.1" 200 1837 "-" "Mozilla/5.0 (X11; Linux x86_64; rv:121.0) Gecko/20100101 Firefox/121.0"
198.54.114.83 - - [30/Mar/2025:08:08:33 -0400] "POST /wp-admin/admin-ajax.php?action=async_litespeed&nonce=rLbREsfbuMOMLErlkvl2RiwOzf2swijX&litespeed_type=imgoptm HTTP/1.1" 200 5 "-" "WordPress/6.7.2; https://alualufoil.com"
152.42.209.58 - - [30/Mar/2025:08:08:33 -0400] "POST /wp-login.php HTTP/1.1" 200 1837 "-" "Mozilla/5.0 (X11; Linux x86_64; rv:121.0) Gecko/20100101 Firefox/121.0"
51.222.253.8 - - [30/Mar/2025:08:08:38 -0400] "GET /irish-online-casino-amazing-games-welcome-bonus-irishonlinecasino-ie/feed/ HTTP/1.1" 404 1251 "-" "Mozilla/5.0 (compatible; AhrefsBot/7.0; +http://ahrefs.com/robot/)"
51.222.253.16 - - [30/Mar/2025:08:10:40 -0400] "GET /betting-shops-bank-holiday-opening/feed/ HTTP/1.1" 404 1251 "-" "Mozilla/5.0 (compatible; AhrefsBot/7.0; +http://ahrefs.com/robot/)"
136.243.228.179 - - [30/Mar/2025:08:11:07 -0400] "GET /comments/feed/ HTTP/1.1" 404 1251 "-" "Mozilla/5.0 (compatible; DataForSeoBot/1.0; +https://dataforseo.com/dataforseo-bot)"
51.222.253.2 - - [30/Mar/2025:08:12:06 -0400] "GET /how-to-select-us-bolts/feed/ HTTP/1.1" 404 1251 "-" "Mozilla/5.0 (compatible; AhrefsBot/7.0; +http://ahrefs.com/robot/)"
198.54.114.83 - - [30/Mar/2025:08:12:13 -0400] "POST /wp-admin/admin-ajax.php?action=async_litespeed&nonce=XDNR10MbAE3aBrjnVtGQZ4Ah9DJyCRVU&litespeed_type=imgoptm HTTP/1.1" 200 5 "-" "WordPress/6.7.2; https://alualufoil.com"
114.168.236.183 - - [30/Mar/2025:08:12:16 -0400] "GET /wp-login.php HTTP/1.1" 200 1711 "-" "Mozilla/5.0 (Windows NT 10.0; Win64; x64; rv:95.0) Gecko/20100101 Firefox/95.0"
51.222.253.6 - - [30/Mar/2025:08:13:19 -0400] "GET /skin-whitening-injection/feed/ HTTP/1.1" 404 1251 "-" "Mozilla/5.0 (compatible; AhrefsBot/7.0; +http://ahrefs.com/robot/)"
51.222.253.18 - - [30/Mar/2025:08:14:35 -0400] "GET /guardians-of-realms-the-greatest-heroes/feed/ HTTP/1.1" 404 1251 "-" "Mozilla/5.0 (compatible; AhrefsBot/7.0; +http://ahrefs.com/robot/)"
152.42.209.58 - - [30/Mar/2025:08:15:02 -0400] "GET /wp-login.php HTTP/1.1" 200 1711 "-" "Mozilla/5.0 (Linux; Android 12; Redmi Note 9 Pro Build/SKQ1.211019.001; wv) AppleWebKit/537.36 (KHTML, like Gecko) Version/4.0 Chrome/126.0.6478.71 Mobile Safari/537.36"
51.222.253.10 - - [30/Mar/2025:08:16:02 -0400] "GET /safe-online-gambling/feed/ HTTP/1.1" 404 1251 "-" "Mozilla/5.0 (compatible; AhrefsBot/7.0; +http://ahrefs.com/robot/)"
111.225.148.11 - - [30/Mar/2025:08:16:36 -0400] "GET /dp/B0C5QRZ47P?ref=MarsFS_VICC_STUC HTTP/1.1" 404 1251 "-" "Mozilla/5.0 (Linux; Android 5.0) AppleWebKit/537.36 (KHTML, like Gecko) Mobile Safari/537.36 (compatible; Bytespider; https://zhanzhang.toutiao.com/)"
51.222.253.4 - - [30/Mar/2025:08:17:34 -0400] "GET /glutathione-and-skin-whitening-injection/feed/ HTTP/1.1" 404 1251 "-" "Mozilla/5.0 (compatible; AhrefsBot/7.0; +http://ahrefs.com/robot/)"
51.222.253.16 - - [30/Mar/2025:08:18:58 -0400] "GET /the-top-kitchen-cabinet-manufacturers-for-modern-homes/feed/ HTTP/1.1" 404 1251 "-" "Mozilla/5.0 (compatible; AhrefsBot/7.0; +http://ahrefs.com/robot/)"
65.21.113.196 - - [30/Mar/2025:08:35:17 -0400] "GET /robots.txt HTTP/1.1" 304 0 "-" "Mozilla/5.0 (compatible; AwarioBot/1.0; +https://awario.com/bots.html)"
65.21.113.196 - - [30/Mar/2025:08:35:18 -0400] "GET /category-sitemap.xml HTTP/1.1" 404 1251 "-" "Mozilla/5.0 (compatible; AwarioBot/1.0; +https://awario.com/bots.html)"
65.21.113.196 - - [30/Mar/2025:08:35:21 -0400] "GET /page-sitemap.xml HTTP/1.1" 404 1251 "-" "Mozilla/5.0 (compatible; AwarioBot/1.0; +https://awario.com/bots.html)"
65.21.113.196 - - [30/Mar/2025:08:35:25 -0400] "GET /post-sitemap.xml HTTP/1.1" 404 1251 "-" "Mozilla/5.0 (compatible; AwarioBot/1.0; +https://awario.com/bots.html)"
65.21.113.196 - - [30/Mar/2025:08:35:27 -0400] "GET /post-sitemap2.xml HTTP/1.1" 404 1251 "-" "Mozilla/5.0 (compatible; AwarioBot/1.0; +https://awario.com/bots.html)"
65.21.113.196 - - [30/Mar/2025:08:35:34 -0400] "GET /2024/10/ HTTP/1.1" 404 1251 "-" "Mozilla/5.0 (compatible; AwarioBot/1.0; +https://awario.com/bots.html)"
65.21.113.196 - - [30/Mar/2025:08:35:36 -0400] "GET /2025/01/ HTTP/1.1" 404 1251 "-" "Mozilla/5.0 (compatible; AwarioBot/1.0; +https://awario.com/bots.html)"
65.21.113.196 - - [30/Mar/2025:08:35:40 -0400] "GET /?p=3706 HTTP/1.1" 200 156100 "-" "Mozilla/5.0 (compatible; AwarioBot/1.0; +https://awario.com/bots.html)"
65.21.113.196 - - [30/Mar/2025:08:35:43 -0400] "GET /apprendre-a-jouer-de-la-guitare/feed/ HTTP/1.1" 404 1251 "-" "Mozilla/5.0 (compatible; AwarioBot/1.0; +https://awario.com/bots.html)"
65.21.113.196 - - [30/Mar/2025:08:35:46 -0400] "GET /best-bitcoin-mixer-how-to-choose-the-best-bitcoin-mixer/ HTTP/1.1" 404 1251 "-" "Mozilla/5.0 (compatible; AwarioBot/1.0; +https://awario.com/bots.html)"
51.222.253.8 - - [30/Mar/2025:08:35:50 -0400] "GET /der-genuss-gerosteter-mandeln/ HTTP/1.1" 404 1251 "-" "Mozilla/5.0 (compatible; AhrefsBot/7.0; +http://ahrefs.com/robot/)"
65.21.113.196 - - [30/Mar/2025:08:35:50 -0400] "GET /best-bitcoin-mixer/feed/ HTTP/1.1" 404 1251 "-" "Mozilla/5.0 (compatible; AwarioBot/1.0; +https://awario.com/bots.html)"
65.21.113.196 - - [30/Mar/2025:08:35:53 -0400] "GET /bitcoin-tumbler/feed/ HTTP/1.1" 404 1251 "-" "Mozilla/5.0 (compatible; AwarioBot/1.0; +https://awario.com/bots.html)"
65.21.113.196 - - [30/Mar/2025:08:35:56 -0400] "GET /brisbane-airport-transport/ HTTP/1.1" 404 1251 "-" "Mozilla/5.0 (compatible; AwarioBot/1.0; +https://awario.com/bots.html)"
65.21.113.196 - - [30/Mar/2025:08:35:59 -0400] "GET /category/about-us/feed/ HTTP/1.1" 404 1251 "-" "Mozilla/5.0 (compatible; AwarioBot/1.0; +https://awario.com/bots.html)"
65.21.113.196 - - [30/Mar/2025:08:36:02 -0400] "GET /category/activity/feed/ HTTP/1.1" 404 1251 "-" "Mozilla/5.0 (compatible; AwarioBot/1.0; +https://awario.com/bots.html)"
65.21.113.196 - - [30/Mar/2025:08:36:06 -0400] "GET /category/activity/page/152/ HTTP/1.1" 404 1251 "-" "Mozilla/5.0 (compatible; AwarioBot/1.0; +https://awario.com/bots.html)"
65.21.113.196 - - [30/Mar/2025:08:36:10 -0400] "GET /category/activity/page/2/ HTTP/1.1" 404 1251 "-" "Mozilla/5.0 (compatible; AwarioBot/1.0; +https://awario.com/bots.html)"
65.21.113.196 - - [30/Mar/2025:08:36:14 -0400] "GET /category/contact-us/feed/ HTTP/1.1" 404 1251 "-" "Mozilla/5.0 (compatible; AwarioBot/1.0; +https://awario.com/bots.html)"
65.21.113.196 - - [30/Mar/2025:08:36:18 -0400] "GET /category/sign-in/feed/ HTTP/1.1" 404 1251 "-" "Mozilla/5.0 (compatible; AwarioBot/1.0; +https://awario.com/bots.html)"
65.21.113.196 - - [30/Mar/2025:08:36:21 -0400] "GET /category/sign-up/feed/ HTTP/1.1" 404 1251 "-" "Mozilla/5.0 (compatible; AwarioBot/1.0; +https://awario.com/bots.html)"
65.21.113.196 - - [30/Mar/2025:08:36:25 -0400] "GET /der-genuss-gerosteter-mandeln/ HTTP/1.1" 404 1251 "-" "Mozilla/5.0 (compatible; AwarioBot/1.0; +https://awario.com/bots.html)"
65.21.113.196 - - [30/Mar/2025:08:36:28 -0400] "GET /die-besten-orte-fur-gitarrenunterricht-in-dusseldorf-entdecken/ HTTP/1.1" 404 1251 "-" "Mozilla/5.0 (compatible; AwarioBot/1.0; +https://awario.com/bots.html)"
213.180.203.71 - - [30/Mar/2025:08:19:23 -0400] "GET /robots.txt HTTP/1.1" 304 0 "-" "Mozilla/5.0 (compatible; YandexBot/3.0; +http://yandex.com/bots)"
87.250.224.217 - - [30/Mar/2025:08:19:24 -0400] "GET /the-versatility-and-reliability-of-ppr-pipes-and-fittings/ HTTP/1.1" 404 1251 "-" "Mozilla/5.0 (compatible; YandexBot/3.0; +http://yandex.com/bots)"
51.222.253.10 - - [30/Mar/2025:08:20:33 -0400] "GET /choosing-a-womens-cosmetic-bag/feed/ HTTP/1.1" 404 1251 "-" "Mozilla/5.0 (compatible; AhrefsBot/7.0; +http://ahrefs.com/robot/)"
51.222.253.4 - - [30/Mar/2025:08:22:00 -0400] "GET /a-nostalgic-throwback/feed/ HTTP/1.1" 404 1251 "-" "Mozilla/5.0 (compatible; AhrefsBot/7.0; +http://ahrefs.com/robot/)"
51.222.253.12 - - [30/Mar/2025:08:23:22 -0400] "GET /tips-to-have-a-successful-house-painting-project/feed/ HTTP/1.1" 404 1251 "-" "Mozilla/5.0 (compatible; AhrefsBot/7.0; +http://ahrefs.com/robot/)"
51.222.253.10 - - [30/Mar/2025:08:24:47 -0400] "GET /unveiling-the-controversial-trend-the-rise-of-skin-whitening-injections/feed/ HTTP/1.1" 404 1251 "-" "Mozilla/5.0 (compatible; AhrefsBot/7.0; +http://ahrefs.com/robot/)"
51.222.253.20 - - [30/Mar/2025:08:26:13 -0400] "GET /empowering-small-businesses-with-digital-marketing-services/feed/ HTTP/1.1" 404 1251 "-" "Mozilla/5.0 (compatible; AhrefsBot/7.0; +http://ahrefs.com/robot/)"
51.222.253.1 - - [30/Mar/2025:08:27:30 -0400] "GET /the-day-i-decided-to-quit-killing-myself/feed/ HTTP/1.1" 404 1251 "-" "Mozilla/5.0 (compatible; AhrefsBot/7.0; +http://ahrefs.com/robot/)"
51.222.253.20 - - [30/Mar/2025:08:28:53 -0400] "GET /optimiser-votre-presence-en-ligne-les-services-de-marketing-digital-pour-les-petites-entreprises/feed/ HTTP/1.1" 404 1251 "-" "Mozilla/5.0 (compatible; AhrefsBot/7.0; +http://ahrefs.com/robot/)"
51.222.253.7 - - [30/Mar/2025:08:30:20 -0400] "GET /wine-gift-baskets-for-any-occasion/feed/ HTTP/1.1" 404 1251 "-" "Mozilla/5.0 (compatible; AhrefsBot/7.0; +http://ahrefs.com/robot/)"
196.251.80.22 - - [30/Mar/2025:08:30:24 -0400] "GET /wp-content/themes/seotheme/db.php?u HTTP/1.1" 404 1251 "www.google.com" "Mozlila/5.0 (Linux; Android 7.0; SM-G892A Bulid/NRD90M; wv) AppleWebKit/537.36 (KHTML, like Gecko) Version/4.0 Chrome/60.0.3112.107 Moblie Safari/537.36"
196.251.80.22 - - [30/Mar/2025:08:30:25 -0400] "POST /wp-plain.php HTTP/1.1" 404 1251 "www.google.com" "Mozilla/5.0 (Linux; Android 7.0; SM-G892A Bulid/NRD90M; wv) AppleWebKit/537.36 (KHTML, like Gecko) Version/4.0 Chrome/60.0.3112.107 Moblie Safari/537.36"
196.251.80.22 - - [30/Mar/2025:08:30:25 -0400] "GET /nycjabtk.php?Fox=d3wL7 HTTP/1.1" 404 1251 "www.google.com" "Mozilla/5.0 (Linux; Android 7.0; SM-G892A Bulid/NRD90M; wv) AppleWebKit/537.36 (KHTML, like Gecko) Version/4.0 Chrome/60.0.3112.107 Moblie Safari/537.36"
51.222.253.13 - - [30/Mar/2025:08:31:40 -0400] "GET /the-evolution-of-football-betting-sites/feed/ HTTP/1.1" 404 1251 "-" "Mozilla/5.0 (compatible; AhrefsBot/7.0; +http://ahrefs.com/robot/)"
51.222.253.2 - - [30/Mar/2025:08:33:00 -0400] "GET /smart-strategies-to-save-money-on-tires/feed/ HTTP/1.1" 404 1251 "-" "Mozilla/5.0 (compatible; AhrefsBot/7.0; +http://ahrefs.com/robot/)"
51.222.253.5 - - [30/Mar/2025:08:34:29 -0400] "GET /portable-fire-fighting-pump/feed/ HTTP/1.1" 404 1251 "-" "Mozilla/5.0 (compatible; AhrefsBot/7.0; +http://ahrefs.com/robot/)"
65.21.113.196 - - [30/Mar/2025:08:36:30 -0400] "GET /elegance-et-praticite-des-panneaux-pvc-immitant-le-marbre/ HTTP/1.1" 404 1251 "-" "Mozilla/5.0 (compatible; AwarioBot/1.0; +https://awario.com/bots.html)"
65.21.113.196 - - [30/Mar/2025:08:36:32 -0400] "GET /epilation-au-laser-a-rouen-une-solution-efficace-et-durable/feed/ HTTP/1.1" 404 1251 "-" "Mozilla/5.0 (compatible; AwarioBot/1.0; +https://awario.com/bots.html)"
65.21.113.196 - - [30/Mar/2025:08:36:34 -0400] "GET /erstklassiger-gitarrenunterricht-mit-tilman-totzke-in-essen/feed/ HTTP/1.1" 404 1251 "-" "Mozilla/5.0 (compatible; AwarioBot/1.0; +https://awario.com/bots.html)"
65.21.113.196 - - [30/Mar/2025:08:36:38 -0400] "GET /michael-kors-bags-blue/ HTTP/1.1" 404 1251 "-" "Mozilla/5.0 (compatible; AwarioBot/1.0; +https://awario.com/bots.html)"
65.21.113.196 - - [30/Mar/2025:08:36:41 -0400] "GET /minecraft-survival-serveur-ultime-pour-une-experience-inoubliable/feed/ HTTP/1.1" 404 1251 "-" "Mozilla/5.0 (compatible; AwarioBot/1.0; +https://awario.com/bots.html)"
65.21.113.196 - - [30/Mar/2025:08:36:43 -0400] "GET /mk-bag-for-sales/feed/ HTTP/1.1" 404 1251 "-" "Mozilla/5.0 (compatible; AwarioBot/1.0; +https://awario.com/bots.html)"
65.21.113.196 - - [30/Mar/2025:08:36:49 -0400] "GET /mk-shoulder-bag/ HTTP/1.1" 404 1251 "-" "Mozilla/5.0 (compatible; AwarioBot/1.0; +https://awario.com/bots.html)"
65.21.113.196 - - [30/Mar/2025:08:36:54 -0400] "GET /page/152/ HTTP/1.1" 404 1251 "-" "Mozilla/5.0 (compatible; AwarioBot/1.0; +https://awario.com/bots.html)"
65.21.113.196 - - [30/Mar/2025:08:36:57 -0400] "GET /page/2/ HTTP/1.1" 404 1251 "-" "Mozilla/5.0 (compatible; AwarioBot/1.0; +https://awario.com/bots.html)"
65.21.113.196 - - [30/Mar/2025:08:37:00 -0400] "GET /ragdoll-archers-unblocked-game-features/feed/ HTTP/1.1" 404 1251 "-" "Mozilla/5.0 (compatible; AwarioBot/1.0; +https://awario.com/bots.html)"
65.21.113.196 - - [30/Mar/2025:08:37:03 -0400] "GET /stylish-nappy-bags-diaper-bags-come-into-their-own/feed/ HTTP/1.1" 404 1251 "-" "Mozilla/5.0 (compatible; AwarioBot/1.0; +https://awario.com/bots.html)"
65.21.113.196 - - [30/Mar/2025:08:37:05 -0400] "GET /the-path-to-becoming-a-skilled-author/feed/ HTTP/1.1" 404 1251 "-" "Mozilla/5.0 (compatible; AwarioBot/1.0; +https://awario.com/bots.html)"
51.222.253.9 - - [30/Mar/2025:08:37:07 -0400] "GET /unlocking-success-a-comprehensive-guide-on-how-to-buy-youtube-subscribers/feed/ HTTP/1.1" 404 1251 "-" "Mozilla/5.0 (compatible; AhrefsBot/7.0; +http://ahrefs.com/robot/)"
65.21.113.196 - - [30/Mar/2025:08:37:08 -0400] "GET /this-is-why-india-should-not-ban-bitcoin/ HTTP/1.1" 404 1251 "-" "Mozilla/5.0 (compatible; AwarioBot/1.0; +https://awario.com/bots.html)"
65.21.113.196 - - [30/Mar/2025:08:37:10 -0400] "GET /flathead-lake-boat-rentals-enjoy-the-beautiful-waters-of-flathead-lake/ HTTP/1.1" 404 1251 "-" "Mozilla/5.0 (compatible; AwarioBot/1.0; +https://awario.com/bots.html)"
65.21.113.196 - - [30/Mar/2025:08:37:16 -0400] "GET /what-is-the-best-cbd-vape-uk/ HTTP/1.1" 404 1251 "-" "Mozilla/5.0 (compatible; AwarioBot/1.0; +https://awario.com/bots.html)"
51.222.253.14 - - [30/Mar/2025:08:38:27 -0400] "GET /sports-betting-and-gambling-addiction/feed/ HTTP/1.1" 404 1251 "-" "Mozilla/5.0 (compatible; AhrefsBot/7.0; +http://ahrefs.com/robot/)"
51.222.253.12 - - [30/Mar/2025:08:40:05 -0400] "GET /deepfake-nude-telegram-bots/ HTTP/1.1" 404 1251 "-" "Mozilla/5.0 (compatible; AhrefsBot/7.0; +http://ahrefs.com/robot/)"
51.222.253.17 - - [30/Mar/2025:08:41:27 -0400] "GET /plateaux-repas-pour-entreprises/ HTTP/1.1" 404 1251 "-" "Mozilla/5.0 (compatible; AhrefsBot/7.0; +http://ahrefs.com/robot/)"
51.222.253.10 - - [30/Mar/2025:08:42:58 -0400] "GET /exploring-the-concept-of-omnigenceam/feed/ HTTP/1.1" 404 1251 "-" "Mozilla/5.0 (compatible; AhrefsBot/7.0; +http://ahrefs.com/robot/)"
192.42.116.192 - - [30/Mar/2025:08:43:39 -0400] "GET / HTTP/1.1" 200 156100 "https://alualufoil.com" "Mozilla/5.0 (Windows NT 10.0; Win64; x64) AppleWebKit/537.36 (KHTML, like Gecko) Chrome/83.0.4086.0 Safari/537.36"
51.222.253.8 - - [30/Mar/2025:08:44:31 -0400] "GET /what-does-a-loan-agency-career-involve/feed/ HTTP/1.1" 404 1251 "-" "Mozilla/5.0 (compatible; AhrefsBot/7.0; +http://ahrefs.com/robot/)"
51.222.253.6 - - [30/Mar/2025:08:45:53 -0400] "GET /natures-secret-for-wellness/feed/ HTTP/1.1" 404 1251 "-" "Mozilla/5.0 (compatible; AhrefsBot/7.0; +http://ahrefs.com/robot/)"
203.156.2.120 - - [30/Mar/2025:08:46:32 -0400] "POST /wp-login.php/wp-login.php HTTP/1.1" 200 0 "-" "Mozilla"
51.222.253.18 - - [30/Mar/2025:08:47:12 -0400] "GET /where-to-buy-cbd-in-the-uk/feed/ HTTP/1.1" 404 1251 "-" "Mozilla/5.0 (compatible; AhrefsBot/7.0; +http://ahrefs.com/robot/)"
51.222.253.11 - - [30/Mar/2025:08:48:37 -0400] "GET /revolutionizing-convenience-with-instant-hot-and-cold-water-taps/feed/ HTTP/1.1" 404 1251 "-" "Mozilla/5.0 (compatible; AhrefsBot/7.0; +http://ahrefs.com/robot/)"
51.222.253.4 - - [30/Mar/2025:08:50:09 -0400] "GET /custom-invitations-for-a-totally-unique-wedding-suite/ HTTP/1.1" 404 1251 "-" "Mozilla/5.0 (compatible; AhrefsBot/7.0; +http://ahrefs.com/robot/)"
51.222.253.3 - - [30/Mar/2025:08:51:43 -0400] "GET /essential-insights-into-free-employment-law-advice/ HTTP/1.1" 404 1251 "-" "Mozilla/5.0 (compatible; AhrefsBot/7.0; +http://ahrefs.com/robot/)"
198.54.114.83 - - [30/Mar/2025:08:52:03 -0400] "POST /wp-admin/admin-ajax.php?action=async_litespeed&nonce=PF7xSyqaGQBzwHBF8iqfFeHWH1xKA32a&litespeed_type=imgoptm HTTP/1.1" 200 0 "-" "WordPress/6.7.2; https://alualufoil.com"
51.222.253.12 - - [30/Mar/2025:08:53:13 -0400] "GET /online-gambling-provides-higher-rates-of-return/feed/ HTTP/1.1" 404 1251 "-" "Mozilla/5.0 (compatible; AhrefsBot/7.0; +http://ahrefs.com/robot/)"
51.222.253.2 - - [30/Mar/2025:08:54:29 -0400] "GET /diamond-painting/feed/ HTTP/1.1" 404 1251 "-" "Mozilla/5.0 (compatible; AhrefsBot/7.0; +http://ahrefs.com/robot/)"
51.222.253.5 - - [30/Mar/2025:08:56:15 -0400] "GET /choosing-colors-for-premium-bags/feed/ HTTP/1.1" 404 1251 "-" "Mozilla/5.0 (compatible; AhrefsBot/7.0; +http://ahrefs.com/robot/)"
51.222.253.7 - - [30/Mar/2025:08:57:32 -0400] "GET /the-evolution-of-cabinet-manufacturers/feed/ HTTP/1.1" 404 1251 "-" "Mozilla/5.0 (compatible; AhrefsBot/7.0; +http://ahrefs.com/robot/)"
51.222.253.13 - - [30/Mar/2025:08:58:48 -0400] "GET /the-rise-of-gpu-cloud-services-revolutionizing-computing-power/feed/ HTTP/1.1" 404 1251 "-" "Mozilla/5.0 (compatible; AhrefsBot/7.0; +http://ahrefs.com/robot/)"
51.222.253.17 - - [30/Mar/2025:09:00:19 -0400] "GET /harnessing-the-power-of-gpu-cloud-services/feed/ HTTP/1.1" 404 1251 "-" "Mozilla/5.0 (compatible; AhrefsBot/7.0; +http://ahrefs.com/robot/)"
51.222.253.12 - - [30/Mar/2025:09:01:45 -0400] "GET /how-to-find-real-estate-investing-deals-by-getting-yourself-a-coffee-and-jumping-on-the-internet/feed/ HTTP/1.1" 404 1251 "-" "Mozilla/5.0 (compatible; AhrefsBot/7.0; +http://ahrefs.com/robot/)"
51.222.253.9 - - [30/Mar/2025:09:03:07 -0400] "GET /tips-you-should-follow-to-become-a-successful-real-estate-investor/feed/ HTTP/1.1" 404 1251 "-" "Mozilla/5.0 (compatible; AhrefsBot/7.0; +http://ahrefs.com/robot/)"
51.222.253.6 - - [30/Mar/2025:09:04:33 -0400] "GET /sports-betting-basics-to-remember/feed/ HTTP/1.1" 404 1251 "-" "Mozilla/5.0 (compatible; AhrefsBot/7.0; +http://ahrefs.com/robot/)"
51.222.253.15 - - [30/Mar/2025:09:05:55 -0400] "GET /les-objets-publicitaires-un-outil-incontournable/feed/ HTTP/1.1" 404 1251 "-" "Mozilla/5.0 (compatible; AhrefsBot/7.0; +http://ahrefs.com/robot/)"
51.222.253.14 - - [30/Mar/2025:09:07:18 -0400] "GET /unblocked-games-6x-the-ultimate-gaming-platform/feed/ HTTP/1.1" 404 1251 "-" "Mozilla/5.0 (compatible; AhrefsBot/7.0; +http://ahrefs.com/robot/)"
88.218.45.12 - - [30/Mar/2025:09:07:20 -0400] "GET /direct-peptide-reactivity-assays/ HTTP/1.1" 404 1251 "https://alualufoil.com/direct-peptide-reactivity-assays/" "Mozilla/5.0 (Windows NT 10.0; Win64; x64) AppleWebKit/537.36 (KHTML, like Gecko) Chrome/129.0.0.0 Safari/537.36"
88.218.45.12 - - [30/Mar/2025:09:07:25 -0400] "GET / HTTP/1.1" 200 156100 "https://alualufoil.com/" "Mozilla/5.0 (Windows NT 10.0; Win64; x64) AppleWebKit/537.36 (KHTML, like Gecko) Chrome/129.0.0.0 Safari/537.36"
51.222.253.6 - - [30/Mar/2025:09:08:37 -0400] "GET /the-evolution-and-appeal-of-online-casinos/feed/ HTTP/1.1" 404 1251 "-" "Mozilla/5.0 (compatible; AhrefsBot/7.0; +http://ahrefs.com/robot/)"
51.222.253.15 - - [30/Mar/2025:09:09:56 -0400] "GET /types-of-baby-night-lights/feed/ HTTP/1.1" 404 1251 "-" "Mozilla/5.0 (compatible; AhrefsBot/7.0; +http://ahrefs.com/robot/)"
52.167.144.180 - - [30/Mar/2025:09:10:43 -0400] "GET /car-locksmith-chicago/ HTTP/1.1" 404 1251 "-" "Mozilla/5.0 (Windows NT 10.0; Win64; x64) AppleWebKit/537.36 (KHTML, like Gecko) Chrome/112.0.0.0 Safari/537.36 Edg/112.0.1722.68"
110.249.201.64 - - [30/Mar/2025:09:10:52 -0400] "GET /dp/B086PGZRGK?ref=MarsFS_eero_AGALAL HTTP/1.1" 404 1251 "-" "Mozilla/5.0 (Linux; Android 5.0) AppleWebKit/537.36 (KHTML, like Gecko) Mobile Safari/537.36 (compatible; Bytespider; https://zhanzhang.toutiao.com/)"
51.222.253.17 - - [30/Mar/2025:09:11:24 -0400] "GET /ein-exklusives-erlebnis-fur-die-sinne/feed/ HTTP/1.1" 404 1251 "-" "Mozilla/5.0 (compatible; AhrefsBot/7.0; +http://ahrefs.com/robot/)"
51.222.253.7 - - [30/Mar/2025:09:12:35 -0400] "GET /the-rise-of-online-casinos HTTP/1.1" 404 1251 "-" "Mozilla/5.0 (compatible; AhrefsBot/7.0; +http://ahrefs.com/robot/)"
95.209.133.141 - - [30/Mar/2025:09:13:48 -0400] "GET / HTTP/1.1" 200 156100 "-" "Timpibot/0.9 (+http://www.timpi.io)"
51.222.253.6 - - [30/Mar/2025:09:13:54 -0400] "GET /reserved-cloud/feed/ HTTP/1.1" 404 1251 "-" "Mozilla/5.0 (compatible; AhrefsBot/7.0; +http://ahrefs.com/robot/)"
51.222.253.17 - - [30/Mar/2025:09:15:09 -0400] "GET /elevating-home-interiors-with-modern-kitchen-cabinets/feed/ HTTP/1.1" 404 1251 "-" "Mozilla/5.0 (compatible; AhrefsBot/7.0; +http://ahrefs.com/robot/)"
51.222.253.5 - - [30/Mar/2025:09:16:31 -0400] "GET /the-ultimate-guide-to-choosing-the-right-breast-pump/feed/ HTTP/1.1" 404 1251 "-" "Mozilla/5.0 (compatible; AhrefsBot/7.0; +http://ahrefs.com/robot/)"
51.222.253.6 - - [30/Mar/2025:09:17:45 -0400] "GET /essential-guide-to-eye-care-protecting-your-vision/feed/ HTTP/1.1" 404 1251 "-" "Mozilla/5.0 (compatible; AhrefsBot/7.0; +http://ahrefs.com/robot/)"
110.249.201.62 - - [30/Mar/2025:09:18:37 -0400] "GET /page/15/ HTTP/1.1" 404 1251 "-" "Mozilla/5.0 (Linux; Android 5.0) AppleWebKit/537.36 (KHTML, like Gecko) Mobile Safari/537.36 (compatible; Bytespider; https://zhanzhang.toutiao.com/)"
51.222.253.11 - - [30/Mar/2025:09:19:01 -0400] "GET /weight-loss-treatment-how-to-lose-fat-in-90-minutes/feed/ HTTP/1.1" 404 1251 "-" "Mozilla/5.0 (compatible; AhrefsBot/7.0; +http://ahrefs.com/robot/)"
198.54.114.83 - - [30/Mar/2025:09:27:23 -0400] "POST /wp-cron.php?doing_wp_cron=1743341243.2061879634857177734375 HTTP/1.1" 200 0 "-" "WordPress/6.7.2; https://alualufoil.com"
45.157.54.88 - - [30/Mar/2025:09:27:18 -0400] "POST /xmlrpc.php HTTP/1.1" 200 186 "-" "Mozilla/5.0 (Windows NT 10.0; Win64; x64) AppleWebKit/537.36 (KHTML, like Gecko) Chrome/127.0.0.0 Safari/537.36"
198.54.114.83 - - [30/Mar/2025:09:27:24 -0400] "POST /wp-admin/admin-ajax.php?action=async_litespeed&nonce=EclhaEJVMBWIbVbIjH4rJj0CzLVeknUk&litespeed_type=imgoptm HTTP/1.1" 200 0 "-" "WordPress/6.7.2; https://alualufoil.com"
45.157.54.88 - - [30/Mar/2025:09:27:27 -0400] "POST /xmlrpc.php HTTP/1.1" 200 186 "-" "Mozilla/5.0 (Windows NT 10.0; Win64; x64) AppleWebKit/537.36 (KHTML, like Gecko) Chrome/127.0.0.0 Safari/537.36"
198.54.114.83 - - [30/Mar/2025:09:27:36 -0400] "POST /wp-cron.php?doing_wp_cron=1743341256.4645619392395019531250 HTTP/1.1" 200 0 "-" "WordPress/6.7.2; https://alualufoil.com"
45.157.54.88 - - [30/Mar/2025:09:27:36 -0400] "POST /xmlrpc.php HTTP/1.1" 200 186 "-" "Mozilla/5.0 (Windows NT 10.0; Win64; x64) AppleWebKit/537.36 (KHTML, like Gecko) Chrome/127.0.0.0 Safari/537.36"
80.64.30.32 - - [30/Mar/2025:09:28:04 -0400] "GET /wp-login.php?wp_lang=en_US HTTP/1.1" 200 1710 "http://alualufoil.com/wp-login.php" "Mozilla/5.0 (Windows NT 10.0; Win64; x64) AppleWebKit/537.36 (KHTML, like Gecko) Chrome/134.0.0.0 Safari/537.36"
80.64.30.32 - - [30/Mar/2025:09:28:11 -0400] "POST /wp-login.php?wp_lang=en_US HTTP/1.1" 200 0 "http://alualufoil.com/wp-login.php" "Mozilla/5.0 (Windows NT 10.0; Win64; x64) AppleWebKit/537.36 (KHTML, like Gecko) Chrome/134.0.0.0 Safari/537.36"
121.236.174.139 - - [30/Mar/2025:09:28:47 -0400] "POST /wp-login.php?wp_lang=en_US HTTP/1.1" 200 1849 "http://alualufoil.com/wp-login.php" "Mozilla/5.0 (Windows NT 10.0; Win64; x64) AppleWebKit/537.36 (KHTML, like Gecko) Chrome/134.0.0.0 Safari/537.36"
179.6.46.87 - - [30/Mar/2025:09:28:56 -0400] "POST /wp-login.php?wp_lang=en_US HTTP/1.1" 200 1849 "http://alualufoil.com/wp-login.php" "Mozilla/5.0 (Windows NT 10.0; Win64; x64) AppleWebKit/537.36 (KHTML, like Gecko) Chrome/134.0.0.0 Safari/537.36"
198.54.114.83 - - [30/Mar/2025:09:29:05 -0400] "POST /wp-cron.php?doing_wp_cron=1743341345.3502480983734130859375 HTTP/1.1" 200 0 "-" "WordPress/6.7.2; https://alualufoil.com"
94.202.164.37 - - [30/Mar/2025:09:29:04 -0400] "POST /wp-login.php?wp_lang=en_US HTTP/1.1" 200 1849 "http://alualufoil.com/wp-login.php" "Mozilla/5.0 (Windows NT 10.0; Win64; x64) AppleWebKit/537.36 (KHTML, like Gecko) Chrome/134.0.0.0 Safari/537.36"
198.54.114.83 - - [30/Mar/2025:09:29:05 -0400] "POST /wp-admin/admin-ajax.php?action=async_litespeed&nonce=UUNFk6cVk7GW6LOMOMI82slNTG2cdWct&litespeed_type=imgoptm HTTP/1.1" 200 5 "-" "WordPress/6.7.2; https://alualufoil.com"
80.64.30.32 - - [30/Mar/2025:09:29:06 -0400] "GET /wp-login.php?wp_lang=en_US HTTP/1.1" 200 1710 "https://alualufoil.com/wp-login.php" "Mozilla/5.0 (Windows NT 10.0; Win64; x64) AppleWebKit/537.36 (KHTML, like Gecko) Chrome/134.0.0.0 Safari/537.36"
80.64.30.32 - - [30/Mar/2025:09:29:12 -0400] "POST /wp-login.php?wp_lang=en_US HTTP/1.1" 200 0 "https://alualufoil.com/wp-login.php" "Mozilla/5.0 (Windows NT 10.0; Win64; x64) AppleWebKit/537.36 (KHTML, like Gecko) Chrome/134.0.0.0 Safari/537.36"
198.54.114.83 - - [30/Mar/2025:09:29:44 -0400] "POST /wp-cron.php?doing_wp_cron=1743341384.6446919441223144531250 HTTP/1.1" 200 0 "-" "WordPress/6.7.2; https://alualufoil.com"
78.37.197.67 - - [30/Mar/2025:09:29:44 -0400] "POST /wp-login.php?wp_lang=en_US HTTP/1.1" 200 1837 "https://alualufoil.com/wp-login.php" "Mozilla/5.0 (Windows NT 10.0; Win64; x64) AppleWebKit/537.36 (KHTML, like Gecko) Chrome/134.0.0.0 Safari/537.36"
80.64.30.32 - - [30/Mar/2025:09:29:45 -0400] "GET /xmlrpc.php HTTP/1.1" 405 46 "https://alualufoil.com/xmlrpc.php" "Mozilla/5.0 (Windows NT 10.0; Win64; x64) AppleWebKit/537.36 (KHTML, like Gecko) Chrome/134.0.0.0 Safari/537.36"
80.64.30.32 - - [30/Mar/2025:09:29:51 -0400] "POST /xmlrpc.php HTTP/1.1" 200 0 "https://alualufoil.com/xmlrpc.php" "Mozilla/5.0 (Windows NT 10.0; Win64; x64) AppleWebKit/537.36 (KHTML, like Gecko) Chrome/134.0.0.0 Safari/537.36"
198.54.114.83 - - [30/Mar/2025:09:30:25 -0400] "POST /wp-cron.php?doing_wp_cron=1743341425.8332560062408447265625 HTTP/1.1" 200 0 "-" "WordPress/6.7.2; https://alualufoil.com"
197.255.224.69 - - [30/Mar/2025:09:30:25 -0400] "POST /xmlrpc.php HTTP/1.1" 200 186 "https://alualufoil.com/xmlrpc.php" "Mozilla/5.0 (Windows NT 10.0; Win64; x64) AppleWebKit/537.36 (KHTML, like Gecko) Chrome/134.0.0.0 Safari/537.36"
198.54.114.83 - - [30/Mar/2025:09:30:26 -0400] "POST /wp-admin/admin-ajax.php?action=async_litespeed&nonce=AzeW2rk5siCiYdvtbamJAgL78gmOHvky&litespeed_type=imgoptm HTTP/1.1" 200 5 "-" "WordPress/6.7.2; https://alualufoil.com"
198.54.114.83 - - [30/Mar/2025:09:36:43 -0400] "POST /wp-admin/admin-ajax.php?action=async_litespeed&nonce=yuIU9g6WBa66GdTt5tRFQxN0looO7rqB&litespeed_type=imgoptm HTTP/1.1" 200 0 "-" "WordPress/6.7.2; https://alualufoil.com"
80.64.30.32 - - [30/Mar/2025:09:36:43 -0400] "GET /wp-login.php?wp_lang=en_US HTTP/1.1" 200 1710 "http://alualufoil.com/wp-login.php" "Mozilla/5.0 (Windows NT 10.0; Win64; x64; rv:136.0) Gecko/20100101 Firefox/136.0"
121.237.36.31 - - [30/Mar/2025:09:37:09 -0400] "GET / HTTP/1.1" 200 156100 "-" "Mozilla/5.0 (Windows; U; Windows NT 5.1; fr-FR; rv:1.0.2) Gecko/20030208"
80.64.30.32 - - [30/Mar/2025:09:36:50 -0400] "POST /wp-login.php?wp_lang=en_US HTTP/1.1" 200 0 "http://alualufoil.com/wp-login.php" "Mozilla/5.0 (Windows NT 10.0; Win64; x64; rv:136.0) Gecko/20100101 Firefox/136.0"
198.54.114.83 - - [30/Mar/2025:09:37:28 -0400] "POST /wp-cron.php?doing_wp_cron=1743341848.5496690273284912109375 HTTP/1.1" 200 0 "-" "WordPress/6.7.2; https://alualufoil.com"
131.0.245.186 - - [30/Mar/2025:09:37:28 -0400] "POST /wp-login.php?wp_lang=en_US HTTP/1.1" 200 1849 "http://alualufoil.com/wp-login.php" "Mozilla/5.0 (Windows NT 10.0; Win64; x64; rv:136.0) Gecko/20100101 Firefox/136.0"
198.54.114.83 - - [30/Mar/2025:09:37:28 -0400] "POST /wp-admin/admin-ajax.php?action=async_litespeed&nonce=yeQorhesanykIgvRl6K62Lb9CNyKycf4&litespeed_type=imgoptm HTTP/1.1" 200 5 "-" "WordPress/6.7.2; https://alualufoil.com"
198.54.114.83 - - [30/Mar/2025:09:37:43 -0400] "POST /wp-cron.php?doing_wp_cron=1743341863.5716280937194824218750 HTTP/1.1" 200 0 "-" "WordPress/6.7.2; https://alualufoil.com"
14.191.37.189 - - [30/Mar/2025:09:37:43 -0400] "POST /wp-login.php?wp_lang=en_US HTTP/1.1" 200 1849 "http://alualufoil.com/wp-login.php" "Mozilla/5.0 (Windows NT 10.0; Win64; x64; rv:136.0) Gecko/20100101 Firefox/136.0"
198.54.114.83 - - [30/Mar/2025:09:37:54 -0400] "POST /wp-cron.php?doing_wp_cron=1743341874.6011750698089599609375 HTTP/1.1" 200 0 "-" "WordPress/6.7.2; https://alualufoil.com"
186.82.86.198 - - [30/Mar/2025:09:37:54 -0400] "POST /wp-login.php?wp_lang=en_US HTTP/1.1" 200 1849 "http://alualufoil.com/wp-login.php" "Mozilla/5.0 (Windows NT 10.0; Win64; x64; rv:136.0) Gecko/20100101 Firefox/136.0"
198.54.114.83 - - [30/Mar/2025:09:37:55 -0400] "POST /wp-admin/admin-ajax.php?action=async_litespeed&nonce=q7ABjvQTYfxSNpR3ZLTBrxUrhTsS5pEU&litespeed_type=imgoptm HTTP/1.1" 200 5 "-" "WordPress/6.7.2; https://alualufoil.com"
80.64.30.32 - - [30/Mar/2025:09:37:56 -0400] "GET /wp-login.php?wp_lang=en_US HTTP/1.1" 200 1710 "https://alualufoil.com/wp-login.php" "Mozilla/5.0 (Windows NT 10.0; Win64; x64; rv:136.0) Gecko/20100101 Firefox/136.0"
80.64.30.32 - - [30/Mar/2025:09:38:02 -0400] "POST /wp-login.php?wp_lang=en_US HTTP/1.1" 200 0 "https://alualufoil.com/wp-login.php" "Mozilla/5.0 (Windows NT 10.0; Win64; x64; rv:136.0) Gecko/20100101 Firefox/136.0"
198.54.114.83 - - [30/Mar/2025:09:38:50 -0400] "POST /wp-cron.php?doing_wp_cron=1743341929.8933620452880859375000 HTTP/1.1" 200 0 "-" "WordPress/6.7.2; https://alualufoil.com"
78.37.147.200 - - [30/Mar/2025:09:38:49 -0400] "POST /wp-login.php?wp_lang=en_US HTTP/1.1" 200 1837 "https://alualufoil.com/wp-login.php" "Mozilla/5.0 (Windows NT 10.0; Win64; x64; rv:136.0) Gecko/20100101 Firefox/136.0"
198.54.114.83 - - [30/Mar/2025:09:38:51 -0400] "POST /wp-admin/admin-ajax.php?action=async_litespeed&nonce=c20pyTfQT6FMfjfjHKptFyoe8fmNQVle&litespeed_type=imgoptm HTTP/1.1" 200 5 "-" "WordPress/6.7.2; https://alualufoil.com"
80.64.30.32 - - [30/Mar/2025:09:38:51 -0400] "GET /xmlrpc.php HTTP/1.1" 405 46 "https://alualufoil.com/xmlrpc.php" "Mozilla/5.0 (Windows NT 10.0; Win64; x64) AppleWebKit/537.36 (KHTML, like Gecko) Chrome/134.0.0.0 Safari/537.36"
80.64.30.32 - - [30/Mar/2025:09:38:56 -0400] "POST /xmlrpc.php HTTP/1.1" 200 0 "https://alualufoil.com/xmlrpc.php" "Mozilla/5.0 (Windows NT 10.0; Win64; x64) AppleWebKit/537.36 (KHTML, like Gecko) Chrome/134.0.0.0 Safari/537.36"
136.255.154.146 - - [30/Mar/2025:09:39:34 -0400] "POST /xmlrpc.php HTTP/1.1" 200 186 "https://alualufoil.com/xmlrpc.php" "Mozilla/5.0 (Windows NT 10.0; Win64; x64) AppleWebKit/537.36 (KHTML, like Gecko) Chrome/134.0.0.0 Safari/537.36"
149.50.98.44 - - [30/Mar/2025:09:40:12 -0400] "GET / HTTP/1.1" 200 156100 "-" "Timpibot/0.9 (+http://www.timpi.io)"
178.128.109.146 - - [30/Mar/2025:09:42:29 -0400] "GET /wp-login.php HTTP/1.1" 200 1711 "-" "Mozilla/5.0 (X11; Linux x86_64; rv:121.0) Gecko/20100101 Firefox/121.0"
178.128.109.146 - - [30/Mar/2025:09:42:30 -0400] "POST /wp-login.php HTTP/1.1" 200 0 "-" "Mozilla/5.0 (X11; Linux x86_64; rv:121.0) Gecko/20100101 Firefox/121.0"
121.237.36.31 - - [30/Mar/2025:09:45:08 -0400] "GET / HTTP/1.1" 200 156100 "-" "Mozilla/5.0 (Macintosh; Intel Mac OS X 10_11) AppleWebKit/601.1.27 (KHTML, like Gecko) Chrome/47.0.2526.106 Safari/601.1.27"
121.237.36.28 - - [30/Mar/2025:09:45:17 -0400] "GET / HTTP/1.1" 200 156100 "-" "Mozilla/5.0 (Macintosh; Intel Mac OS X 10_11) AppleWebKit/601.1.27 (KHTML, like Gecko) Chrome/47.0.2526.106 Safari/601.1.27"
121.237.36.28 - - [30/Mar/2025:09:45:21 -0400] "GET /favicon.ico HTTP/1.1" 404 1251 "-" "Dalvik/2.1.0 (Linux; U; Android 9.0; ZTE BA520 Build/MRA58K)"
121.237.36.31 - - [30/Mar/2025:09:45:36 -0400] "GET / HTTP/1.1" 200 156100 "-" "Dalvik/2.1.0 (Linux; U; Android 9.0; ZTE BA520 Build/MRA58K)"
80.64.30.32 - - [30/Mar/2025:09:45:45 -0400] "GET /wp-login.php?wp_lang=en_US HTTP/1.1" 200 1710 "http://alualufoil.com/wp-login.php" "Mozilla/5.0 (Windows NT 10.0; Win64; x64) AppleWebKit/537.36 (KHTML, like Gecko) Chrome/134.0.0.0 Safari/537.36"
198.54.114.83 - - [30/Mar/2025:09:45:45 -0400] "POST /wp-admin/admin-ajax.php?action=async_litespeed&nonce=kWgdP82Q1F4FRSbn0ZMIFLdEM2YEmwUC&litespeed_type=imgoptm HTTP/1.1" 200 5 "-" "WordPress/6.7.2; https://alualufoil.com"
80.64.30.32 - - [30/Mar/2025:09:45:50 -0400] "POST /wp-login.php?wp_lang=en_US HTTP/1.1" 200 0 "http://alualufoil.com/wp-login.php" "Mozilla/5.0 (Windows NT 10.0; Win64; x64) AppleWebKit/537.36 (KHTML, like Gecko) Chrome/134.0.0.0 Safari/537.36"
198.54.114.83 - - [30/Mar/2025:09:46:31 -0400] "POST /wp-cron.php?doing_wp_cron=1743342391.1413009166717529296875 HTTP/1.1" 200 0 "-" "WordPress/6.7.2; https://alualufoil.com"
123.24.146.32 - - [30/Mar/2025:09:46:30 -0400] "POST /wp-login.php?wp_lang=en_US HTTP/1.1" 200 1849 "http://alualufoil.com/wp-login.php" "Mozilla/5.0 (Windows NT 10.0; Win64; x64) AppleWebKit/537.36 (KHTML, like Gecko) Chrome/134.0.0.0 Safari/537.36"
198.54.114.83 - - [30/Mar/2025:09:46:31 -0400] "POST /wp-admin/admin-ajax.php?action=async_litespeed&nonce=TBiAhyHVSpflb5oI9Tv6wWEUsbapjera&litespeed_type=imgoptm HTTP/1.1" 200 5 "-" "WordPress/6.7.2; https://alualufoil.com"
178.70.36.165 - - [30/Mar/2025:09:46:35 -0400] "POST /wp-login.php?wp_lang=en_US HTTP/1.1" 200 1849 "http://alualufoil.com/wp-login.php" "Mozilla/5.0 (Windows NT 10.0; Win64; x64) AppleWebKit/537.36 (KHTML, like Gecko) Chrome/134.0.0.0 Safari/537.36"
198.54.114.83 - - [30/Mar/2025:09:46:43 -0400] "POST /wp-cron.php?doing_wp_cron=1743342403.3183701038360595703125 HTTP/1.1" 200 0 "-" "WordPress/6.7.2; https://alualufoil.com"
118.169.89.142 - - [30/Mar/2025:09:46:43 -0400] "POST /wp-login.php?wp_lang=en_US HTTP/1.1" 200 1849 "http://alualufoil.com/wp-login.php" "Mozilla/5.0 (Windows NT 10.0; Win64; x64) AppleWebKit/537.36 (KHTML, like Gecko) Chrome/134.0.0.0 Safari/537.36"
80.64.30.32 - - [30/Mar/2025:09:46:44 -0400] "GET /wp-login.php?wp_lang=en_US HTTP/1.1" 200 1710 "https://alualufoil.com/wp-login.php" "Mozilla/5.0 (Windows NT 10.0; Win64; x64; rv:136.0) Gecko/20100101 Firefox/136.0"
80.64.30.32 - - [30/Mar/2025:09:46:50 -0400] "POST /wp-login.php?wp_lang=en_US HTTP/1.1" 200 0 "https://alualufoil.com/wp-login.php" "Mozilla/5.0 (Windows NT 10.0; Win64; x64; rv:136.0) Gecko/20100101 Firefox/136.0"
198.54.114.83 - - [30/Mar/2025:09:47:23 -0400] "POST /wp-cron.php?doing_wp_cron=1743342443.7098090648651123046875 HTTP/1.1" 200 0 "-" "WordPress/6.7.2; https://alualufoil.com"
178.70.26.82 - - [30/Mar/2025:09:47:23 -0400] "POST /wp-login.php?wp_lang=en_US HTTP/1.1" 200 1837 "https://alualufoil.com/wp-login.php" "Mozilla/5.0 (Windows NT 10.0; Win64; x64; rv:136.0) Gecko/20100101 Firefox/136.0"
80.64.30.32 - - [30/Mar/2025:09:47:24 -0400] "GET /xmlrpc.php HTTP/1.1" 405 46 "https://alualufoil.com/xmlrpc.php" "Mozilla/5.0 (Windows NT 10.0; Win64; x64) AppleWebKit/537.36 (KHTML, like Gecko) Chrome/134.0.0.0 Safari/537.36"
198.54.114.83 - - [30/Mar/2025:09:47:24 -0400] "POST /wp-admin/admin-ajax.php?action=async_litespeed&nonce=cmRx0zqUHEPtg7ZmPGsbDplwIMYGmznL&litespeed_type=imgoptm HTTP/1.1" 200 5 "-" "WordPress/6.7.2; https://alualufoil.com"
80.64.30.32 - - [30/Mar/2025:09:47:30 -0400] "POST /xmlrpc.php HTTP/1.1" 200 0 "https://alualufoil.com/xmlrpc.php" "Mozilla/5.0 (Windows NT 10.0; Win64; x64) AppleWebKit/537.36 (KHTML, like Gecko) Chrome/134.0.0.0 Safari/537.36"
198.54.114.83 - - [30/Mar/2025:09:48:12 -0400] "POST /wp-cron.php?doing_wp_cron=1743342491.5301699638366699218750 HTTP/1.1" 200 0 "-" "WordPress/6.7.2; https://alualufoil.com"
112.94.38.6 - - [30/Mar/2025:09:48:10 -0400] "POST /xmlrpc.php HTTP/1.1" 200 186 "https://alualufoil.com/xmlrpc.php" "Mozilla/5.0 (Windows NT 10.0; Win64; x64) AppleWebKit/537.36 (KHTML, like Gecko) Chrome/134.0.0.0 Safari/537.36"
198.54.114.83 - - [30/Mar/2025:09:48:13 -0400] "POST /wp-admin/admin-ajax.php?action=async_litespeed&nonce=lwVDK3imY40xp80qzsOy6Zns3lKJ4a9Y&litespeed_type=imgoptm HTTP/1.1" 200 0 "-" "WordPress/6.7.2; https://alualufoil.com"
121.237.36.31 - - [30/Mar/2025:09:48:38 -0400] "GET /favicon.ico HTTP/1.1" 404 1251 "-" "Dalvik/2.1.0 (Linux; U; Android 9.0; ZTE BA520 Build/MRA58K)"
111.225.149.75 - - [30/Mar/2025:09:50:10 -0400] "GET /dp/B08MQNGX3W?ref=MarsFS_AUCC_B08MQNGX3W HTTP/1.1" 404 1251 "-" "Mozilla/5.0 (Linux; Android 5.0) AppleWebKit/537.36 (KHTML, like Gecko) Mobile Safari/537.36 (compatible; Bytespider; https://zhanzhang.toutiao.com/)"
209.38.146.230 - - [30/Mar/2025:09:50:27 -0400] "GET /wp-login.php HTTP/1.1" 200 1711 "-" "Mozilla/5.0 (X11; Linux x86_64; rv:121.0) Gecko/20100101 Firefox/121.0"
209.38.146.230 - - [30/Mar/2025:09:50:27 -0400] "POST /wp-login.php HTTP/1.1" 200 0 "-" "Mozilla/5.0 (X11; Linux x86_64; rv:121.0) Gecko/20100101 Firefox/121.0"
111.225.148.23 - - [30/Mar/2025:10:02:21 -0400] "GET /dp/B091D9R5XX?ref=MarsFS_VICC_rvdwired HTTP/1.1" 404 1251 "-" "Mozilla/5.0 (Linux; Android 5.0) AppleWebKit/537.36 (KHTML, like Gecko) Mobile Safari/537.36 (compatible; Bytespider; https://zhanzhang.toutiao.com/)"
185.61.222.157 - - [30/Mar/2025:10:15:55 -0400] "GET /wp-login.php HTTP/1.1" 200 1711 "-" "Mozilla/5.0 (Windows NT 10.0; Win64; x64) AppleWebKit/537.36 (KHTML, like Gecko) Chrome/115.0.0.0 Safari/537.36 Edg/115.0.1901.203"
198.54.114.83 - - [30/Mar/2025:10:15:59 -0400] "POST /wp-cron.php?doing_wp_cron=1743344159.5681610107421875000000 HTTP/1.1" 200 0 "-" "WordPress/6.7.2; https://alualufoil.com"
185.61.222.157 - - [30/Mar/2025:10:15:56 -0400] "POST /wp-login.php HTTP/1.1" 200 1849 "https://alualufoil.com/wp-login.php" "Mozilla/5.0 (Windows NT 10.0; Win64; x64) AppleWebKit/537.36 (KHTML, like Gecko) Chrome/115.0.0.0 Safari/537.36 Edg/115.0.1901.203"
198.54.114.83 - - [30/Mar/2025:10:16:00 -0400] "POST /wp-admin/admin-ajax.php?action=async_litespeed&nonce=9gg7wFxG9YWpkrJI5dvNIT7TUf8wfWbU&litespeed_type=imgoptm HTTP/1.1" 200 5 "-" "WordPress/6.7.2; https://alualufoil.com"
202.69.38.12 - - [30/Mar/2025:10:16:37 -0400] "HEAD / HTTP/1.1" 200 0 "https://alualufoil.com/" "Mozilla/5.0 (Windows NT 10.0; Win64; x64) AppleWebKit/537.36 (KHTML, like Gecko) Chrome/91.0.4472.124 Safari/537.36"
202.69.38.12 - - [30/Mar/2025:10:16:38 -0400] "GET /adminfuns.php HTTP/1.1" 404 1251 "https://www.google.com/" "Mozilla/5.0 (Windows NT 10.0; Win64; x64) AppleWebKit/537.36 (KHTML, like Gecko) Chrome/91.0.4472.124 Safari/537.36"
202.69.38.12 - - [30/Mar/2025:10:16:39 -0400] "GET /tempfuns.php HTTP/1.1" 404 1251 "https://www.google.com/" "Mozilla/5.0 (Windows NT 10.0; Win64; x64) AppleWebKit/537.36 (KHTML, like Gecko) Chrome/91.0.4472.124 Safari/537.36"
202.69.38.12 - - [30/Mar/2025:10:16:40 -0400] "GET /thoms.php HTTP/1.1" 404 1251 "https://www.google.com/" "Mozilla/5.0 (Windows NT 10.0; Win64; x64) AppleWebKit/537.36 (KHTML, like Gecko) Chrome/91.0.4472.124 Safari/537.36"
202.69.38.12 - - [30/Mar/2025:10:16:41 -0400] "GET /classfuns.php HTTP/1.1" 404 1251 "https://www.google.com/" "Mozilla/5.0 (Windows NT 10.0; Win64; x64) AppleWebKit/537.36 (KHTML, like Gecko) Chrome/91.0.4472.124 Safari/537.36"
202.69.38.12 - - [30/Mar/2025:10:16:42 -0400] "GET /userfuns.php HTTP/1.1" 404 1251 "https://www.google.com/" "Mozilla/5.0 (Windows NT 10.0; Win64; x64) AppleWebKit/537.36 (KHTML, like Gecko) Chrome/91.0.4472.124 Safari/537.36"
202.69.38.12 - - [30/Mar/2025:10:16:43 -0400] "GET /termps.php HTTP/1.1" 404 1251 "https://www.google.com/" "Mozilla/5.0 (Windows NT 10.0; Win64; x64) AppleWebKit/537.36 (KHTML, like Gecko) Chrome/91.0.4472.124 Safari/537.36"
202.69.38.12 - - [30/Mar/2025:10:16:44 -0400] "GET /inputs.php HTTP/1.1" 404 1251 "https://www.google.com/" "Mozilla/5.0 (Windows NT 10.0; Win64; x64) AppleWebKit/537.36 (KHTML, like Gecko) Chrome/91.0.4472.124 Safari/537.36"
202.69.38.12 - - [30/Mar/2025:10:16:45 -0400] "GET /connects.php HTTP/1.1" 404 1251 "https://www.google.com/" "Mozilla/5.0 (Windows NT 10.0; Win64; x64) AppleWebKit/537.36 (KHTML, like Gecko) Chrome/91.0.4472.124 Safari/537.36"
202.69.38.12 - - [30/Mar/2025:10:16:46 -0400] "GET /hplfuns.php HTTP/1.1" 404 1251 "https://www.google.com/" "Mozilla/5.0 (Windows NT 10.0; Win64; x64) AppleWebKit/537.36 (KHTML, like Gecko) Chrome/91.0.4472.124 Safari/537.36"
202.69.38.12 - - [30/Mar/2025:10:16:47 -0400] "GET /filefuns.php HTTP/1.1" 404 1251 "https://www.google.com/" "Mozilla/5.0 (Windows NT 10.0; Win64; x64) AppleWebKit/537.36 (KHTML, like Gecko) Chrome/91.0.4472.124 Safari/537.36"
202.69.38.12 - - [30/Mar/2025:10:16:48 -0400] "GET /wp-content/termps.php HTTP/1.1" 404 1251 "https://www.google.com/" "Mozilla/5.0 (Windows NT 10.0; Win64; x64) AppleWebKit/537.36 (KHTML, like Gecko) Chrome/91.0.4472.124 Safari/537.36"
202.69.38.12 - - [30/Mar/2025:10:16:49 -0400] "GET /wp-admin/termps.php HTTP/1.1" 404 1251 "https://www.google.com/" "Mozilla/5.0 (Windows NT 10.0; Win64; x64) AppleWebKit/537.36 (KHTML, like Gecko) Chrome/91.0.4472.124 Safari/537.36"
202.69.38.12 - - [30/Mar/2025:10:16:50 -0400] "GET /wp-includes/termps.php HTTP/1.1" 404 1251 "https://www.google.com/" "Mozilla/5.0 (Windows NT 10.0; Win64; x64) AppleWebKit/537.36 (KHTML, like Gecko) Chrome/91.0.4472.124 Safari/537.36"
172.126.122.162 - - [30/Mar/2025:10:18:20 -0400] "GET / HTTP/1.1" 200 156100 "-" "Timpibot/0.9 (+http://www.timpi.io)"
159.2.209.189 - - [30/Mar/2025:10:19:35 -0400] "GET /wp-login.php HTTP/1.1" 200 1711 "-" "Mozilla/5.0 (Windows NT 10.0; Win64; x64) AppleWebKit/537.36 (KHTML, like Gecko) Chrome/115.0.0.0 Safari/537.36 Edg/115.0.1901.203"
198.54.114.83 - - [30/Mar/2025:10:19:45 -0400] "POST /wp-cron.php?doing_wp_cron=1743344383.9511959552764892578125 HTTP/1.1" 200 0 "-" "WordPress/6.7.2; https://alualufoil.com"
102.213.37.126 - - [30/Mar/2025:10:19:37 -0400] "POST /wp-login.php HTTP/1.1" 200 1849 "https://alualufoil.com/wp-login.php" "Mozilla/5.0 (Windows NT 10.0; Win64; x64) AppleWebKit/537.36 (KHTML, like Gecko) Chrome/115.0.0.0 Safari/537.36 Edg/115.0.1901.203"
192.42.116.200 - - [30/Mar/2025:10:27:00 -0400] "GET / HTTP/1.1" 200 156100 "https://alualufoil.com" "Mozilla/5.0 (Windows NT 6.1; Win64; x64) AppleWebKit/537.36 (KHTML, like Gecko) Chrome/68.0.3427.0 Safari/537.36"
66.249.66.10 - - [30/Mar/2025:10:30:55 -0400] "GET /robots.txt HTTP/1.1" 304 0 "-" "Mozilla/5.0 (compatible; Googlebot/2.1; +http://www.google.com/bot.html)"
66.249.66.8 - - [30/Mar/2025:10:30:55 -0400] "GET /the-importance-of-symbols-and-paylines-in-online-slots/ HTTP/1.1" 404 1251 "-" "Mozilla/5.0 (Linux; Android 6.0.1; Nexus 5X Build/MMB29P) AppleWebKit/537.36 (KHTML, like Gecko) Chrome/134.0.6998.165 Mobile Safari/537.36 (compatible; Googlebot/2.1; +http://www.google.com/bot.html)"
192.42.116.213 - - [30/Mar/2025:10:35:31 -0400] "GET / HTTP/1.1" 200 156100 "https://alualufoil.com" "Mozilla/5.0 (Windows NT 5.1) AppleWebKit/537.36 (KHTML, like Gecko) Chrome/48.0.2564.109 Safari/537.36"
198.54.114.83 - - [30/Mar/2025:10:41:10 -0400] "POST /wp-cron.php?doing_wp_cron=1743345670.2436089515686035156250 HTTP/1.1" 200 0 "-" "WordPress/6.7.2; https://alualufoil.com"
2400:9800:3c1:92d9:b96b:96d6:97e0:d61f - - [30/Mar/2025:10:41:05 -0400] "POST /wp-login.php HTTP/1.1" 200 1837 "https://alualufoil.com/wp-admin/" "Mozilla/5.0 (Windows NT 10.0; Win64; x64) AppleWebKit/537.36 (KHTML, like Gecko) Chrome/90.0.4430.85 Safari/537.36"
198.54.114.83 - - [30/Mar/2025:10:41:12 -0400] "POST /wp-admin/admin-ajax.php?action=async_litespeed&nonce=0edrddBjuxIyiYG0RXKANt72AM7h3B73&litespeed_type=imgoptm HTTP/1.1" 200 0 "-" "WordPress/6.7.2; https://alualufoil.com"
2400:9800:3c1:92d9:b96b:96d6:97e0:d61f - - [30/Mar/2025:10:41:12 -0400] "GET /wp-admin/ HTTP/1.1" 302 0 "www.google.com" "Mozilla/5.0 (Windows NT 10.0; Win64; x64) AppleWebKit/537.36 (KHTML, like Gecko) Chrome/90.0.4430.85 Safari/537.36"
2400:9800:3c1:92d9:b96b:96d6:97e0:d61f - - [30/Mar/2025:10:41:14 -0400] "GET /wp-login.php?redirect_to=https%3A%2F%2Falualufoil.com%2Fwp-admin%2F&reauth=1 HTTP/1.1" 200 1710 "www.google.com" "Mozilla/5.0 (Windows NT 10.0; Win64; x64) AppleWebKit/537.36 (KHTML, like Gecko) Chrome/90.0.4430.85 Safari/537.36"
209.38.146.230 - - [30/Mar/2025:10:46:30 -0400] "GET /wp-login.php HTTP/1.1" 200 1711 "-" "Mozilla/5.0 (Linux; Android 12; Redmi Note 9 Pro Build/SKQ1.211019.001; wv) AppleWebKit/537.36 (KHTML, like Gecko) Version/4.0 Chrome/126.0.6478.71 Mobile Safari/537.36"
110.249.201.76 - - [30/Mar/2025:10:58:14 -0400] "GET /dp/B09WXH9BH7?ref=MarsFS_AUCC_ch HTTP/1.1" 404 1251 "-" "Mozilla/5.0 (Linux; Android 5.0) AppleWebKit/537.36 (KHTML, like Gecko) Mobile Safari/537.36 (compatible; Bytespider; https://zhanzhang.toutiao.com/)"
66.249.66.11 - - [30/Mar/2025:11:00:55 -0400] "GET /levolution-des-enseignes-lumineuses-a-geneve/ HTTP/1.1" 404 1251 "-" "Mozilla/5.0 (Linux; Android 6.0.1; Nexus 5X Build/MMB29P) AppleWebKit/537.36 (KHTML, like Gecko) Chrome/134.0.6998.165 Mobile Safari/537.36 (compatible; Googlebot/2.1; +http://www.google.com/bot.html)"
54.36.149.24 - - [30/Mar/2025:11:01:50 -0400] "GET /robots.txt HTTP/1.1" 304 0 "-" "Mozilla/5.0 (compatible; AhrefsBot/7.0; +http://ahrefs.com/robot/)"
65.21.113.196 - - [30/Mar/2025:11:02:34 -0400] "GET /robots.txt HTTP/1.1" 304 0 "-" "Mozilla/5.0 (compatible; AwarioBot/1.0; +https://awario.com/bots.html)"
65.21.113.196 - - [30/Mar/2025:11:02:35 -0400] "GET /category-sitemap.xml HTTP/1.1" 404 1251 "-" "Mozilla/5.0 (compatible; AwarioBot/1.0; +https://awario.com/bots.html)"
65.21.113.196 - - [30/Mar/2025:11:02:38 -0400] "GET /page-sitemap.xml HTTP/1.1" 404 1251 "-" "Mozilla/5.0 (compatible; AwarioBot/1.0; +https://awario.com/bots.html)"
65.21.113.196 - - [30/Mar/2025:11:02:41 -0400] "GET /post-sitemap.xml HTTP/1.1" 404 1251 "-" "Mozilla/5.0 (compatible; AwarioBot/1.0; +https://awario.com/bots.html)"
65.21.113.196 - - [30/Mar/2025:11:02:44 -0400] "GET /post-sitemap2.xml HTTP/1.1" 404 1251 "-" "Mozilla/5.0 (compatible; AwarioBot/1.0; +https://awario.com/bots.html)"
65.21.113.196 - - [30/Mar/2025:11:03:17 -0400] "GET /2024/10/ HTTP/1.1" 404 1251 "-" "Mozilla/5.0 (compatible; AwarioBot/1.0; +https://awario.com/bots.html)"
65.21.113.196 - - [30/Mar/2025:11:03:21 -0400] "GET /2025/01/ HTTP/1.1" 404 1251 "-" "Mozilla/5.0 (compatible; AwarioBot/1.0; +https://awario.com/bots.html)"
65.21.113.196 - - [30/Mar/2025:11:03:25 -0400] "GET /?p=3706 HTTP/1.1" 200 156100 "-" "Mozilla/5.0 (compatible; AwarioBot/1.0; +https://awario.com/bots.html)"
65.21.113.196 - - [30/Mar/2025:11:03:29 -0400] "GET /apprendre-a-jouer-de-la-guitare/feed/ HTTP/1.1" 404 1251 "-" "Mozilla/5.0 (compatible; AwarioBot/1.0; +https://awario.com/bots.html)"
65.21.113.196 - - [30/Mar/2025:11:03:32 -0400] "GET /best-bitcoin-mixer-how-to-choose-the-best-bitcoin-mixer/ HTTP/1.1" 404 1251 "-" "Mozilla/5.0 (compatible; AwarioBot/1.0; +https://awario.com/bots.html)"
65.21.113.196 - - [30/Mar/2025:11:03:35 -0400] "GET /best-bitcoin-mixer/feed/ HTTP/1.1" 404 1251 "-" "Mozilla/5.0 (compatible; AwarioBot/1.0; +https://awario.com/bots.html)"
65.21.113.196 - - [30/Mar/2025:11:03:38 -0400] "GET /bitcoin-tumbler/feed/ HTTP/1.1" 404 1251 "-" "Mozilla/5.0 (compatible; AwarioBot/1.0; +https://awario.com/bots.html)"
65.21.113.196 - - [30/Mar/2025:11:03:41 -0400] "GET /brisbane-airport-transport/ HTTP/1.1" 404 1251 "-" "Mozilla/5.0 (compatible; AwarioBot/1.0; +https://awario.com/bots.html)"
65.21.113.196 - - [30/Mar/2025:11:03:43 -0400] "GET /category/about-us/feed/ HTTP/1.1" 404 1251 "-" "Mozilla/5.0 (compatible; AwarioBot/1.0; +https://awario.com/bots.html)"
65.21.113.196 - - [30/Mar/2025:11:03:46 -0400] "GET /category/activity/feed/ HTTP/1.1" 404 1251 "-" "Mozilla/5.0 (compatible; AwarioBot/1.0; +https://awario.com/bots.html)"
