64.124.8.134 - - [03/Apr/2025:16:44:00 -0400] "GET /luxurious-living-at-the-m-condo-a-haven-of-modern-elegance/ HTTP/1.1" 404 1251 "-" "Mozilla/5.0 (compatible; ImagesiftBot; +imagesift.com)"
64.124.8.134 - - [03/Apr/2025:16:44:02 -0400] "GET /wp-json/wp/v2/posts/858 HTTP/1.1" 404 1251 "-" "Mozilla/5.0 (compatible; ImagesiftBot; +imagesift.com)"
64.124.8.134 - - [03/Apr/2025:16:44:17 -0400] "GET /wp-json/wp/v2/posts/202 HTTP/1.1" 404 1251 "-" "Mozilla/5.0 (compatible; ImagesiftBot; +imagesift.com)"
64.124.8.134 - - [03/Apr/2025:16:44:20 -0400] "GET /electric-forklift-rental/ HTTP/1.1" 404 1251 "-" "Mozilla/5.0 (compatible; ImagesiftBot; +imagesift.com)"
64.124.8.134 - - [03/Apr/2025:16:44:27 -0400] "GET /cbd-fleur/ HTTP/1.1" 404 1251 "-" "Mozilla/5.0 (compatible; ImagesiftBot; +imagesift.com)"
64.124.8.134 - - [03/Apr/2025:16:44:29 -0400] "GET /best-professional-resume-writing-services/ HTTP/1.1" 404 1251 "-" "Mozilla/5.0 (compatible; ImagesiftBot; +imagesift.com)"
207.46.13.111 - - [03/Apr/2025:16:44:38 -0400] "GET /page/6/ HTTP/1.1" 404 1251 "-" "Mozilla/5.0 AppleWebKit/537.36 (KHTML, like Gecko; compatible; bingbot/2.0; +http://www.bing.com/bingbot.htm) Chrome/116.0.1938.76 Safari/537.36"
64.124.8.134 - - [03/Apr/2025:16:44:52 -0400] "GET /la-revolution-mobile-decouvrez-la-mini-imprimante/ HTTP/1.1" 404 1251 "-" "Mozilla/5.0 (compatible; ImagesiftBot; +imagesift.com)"
64.124.8.134 - - [03/Apr/2025:16:44:53 -0400] "GET /wp-json/wp/v2/posts/2645 HTTP/1.1" 404 1251 "-" "Mozilla/5.0 (compatible; ImagesiftBot; +imagesift.com)"
64.124.8.134 - - [03/Apr/2025:16:45:07 -0400] "GET /what-to-do-if-your-washer-wont-turn-on/ HTTP/1.1" 404 1251 "-" "Mozilla/5.0 (compatible; ImagesiftBot; +imagesift.com)"
64.124.8.134 - - [03/Apr/2025:16:45:14 -0400] "GET /redken-acidic-bonding-review/ HTTP/1.1" 404 1251 "-" "Mozilla/5.0 (compatible; ImagesiftBot; +imagesift.com)"
64.124.8.134 - - [03/Apr/2025:16:45:18 -0400] "GET /the-words-per-minute-test/ HTTP/1.1" 404 1251 "-" "Mozilla/5.0 (compatible; ImagesiftBot; +imagesift.com)"
64.124.8.134 - - [03/Apr/2025:16:45:20 -0400] "GET /wp-json/wp/v2/posts/1550 HTTP/1.1" 404 1251 "-" "Mozilla/5.0 (compatible; ImagesiftBot; +imagesift.com)"
64.124.8.134 - - [03/Apr/2025:16:45:22 -0400] "GET /custom-dress-socks/ HTTP/1.1" 404 1251 "-" "Mozilla/5.0 (compatible; ImagesiftBot; +imagesift.com)"
64.124.8.134 - - [03/Apr/2025:16:45:26 -0400] "GET /lottery-powerball-tips/ HTTP/1.1" 404 1251 "-" "Mozilla/5.0 (compatible; ImagesiftBot; +imagesift.com)"
64.124.8.134 - - [03/Apr/2025:16:45:28 -0400] "GET /fantastici-gadget-aziendali-da-considerare-per-il-2019/ HTTP/1.1" 404 1251 "-" "Mozilla/5.0 (compatible; ImagesiftBot; +imagesift.com)"
64.124.8.134 - - [03/Apr/2025:16:45:30 -0400] "GET /business-card-online-maker-free/ HTTP/1.1" 404 1251 "-" "Mozilla/5.0 (compatible; ImagesiftBot; +imagesift.com)"
64.124.8.134 - - [03/Apr/2025:16:45:33 -0400] "GET /fortified-wines-how-are-they-made/ HTTP/1.1" 404 1251 "-" "Mozilla/5.0 (compatible; ImagesiftBot; +imagesift.com)"
64.124.8.134 - - [03/Apr/2025:16:45:39 -0400] "GET /wp-json/wp/v2/posts/2447 HTTP/1.1" 404 1251 "-" "Mozilla/5.0 (compatible; ImagesiftBot; +imagesift.com)"
64.124.8.134 - - [03/Apr/2025:16:45:51 -0400] "GET /wp-json/wp/v2/posts/1020 HTTP/1.1" 404 1251 "-" "Mozilla/5.0 (compatible; ImagesiftBot; +imagesift.com)"
64.124.8.134 - - [03/Apr/2025:16:46:09 -0400] "GET /schulungsvideo/ HTTP/1.1" 404 1251 "-" "Mozilla/5.0 (compatible; ImagesiftBot; +imagesift.com)"
2a02:598:128:8a00::b00:5 - - [03/Apr/2025:16:48:10 -0400] "GET /rich-history-and-cultural-heritage/ HTTP/1.1" 404 1251 "-" "Mozilla/5.0 (compatible; SeznamBot/4.0; +https://o-seznam.cz/napoveda/vyhledavani/en/seznambot-crawler/)"
64.124.8.134 - - [03/Apr/2025:16:48:12 -0400] "GET /dometic-rv-fridge/ HTTP/1.1" 404 1251 "-" "Mozilla/5.0 (compatible; ImagesiftBot; +imagesift.com)"
64.124.8.134 - - [03/Apr/2025:16:48:21 -0400] "GET /wp-json/wp/v2/posts/774 HTTP/1.1" 404 1251 "-" "Mozilla/5.0 (compatible; ImagesiftBot; +imagesift.com)"
64.124.8.134 - - [03/Apr/2025:16:48:24 -0400] "GET /getting-attached-what-it-means-part-two/ HTTP/1.1" 404 1251 "-" "Mozilla/5.0 (compatible; ImagesiftBot; +imagesift.com)"
64.124.8.134 - - [03/Apr/2025:16:48:25 -0400] "GET /comment-un-mobile-de-lit-musical-peut-aider-votre-bebe-a-sendormir/ HTTP/1.1" 404 1251 "-" "Mozilla/5.0 (compatible; ImagesiftBot; +imagesift.com)"
64.124.8.134 - - [03/Apr/2025:16:49:00 -0400] "GET /the-best-caregiver-agency-in-montreal/ HTTP/1.1" 404 1251 "-" "Mozilla/5.0 (compatible; ImagesiftBot; +imagesift.com)"
64.124.8.134 - - [03/Apr/2025:16:49:25 -0400] "GET /wp-json/wp/v2/posts/2787 HTTP/1.1" 404 1251 "-" "Mozilla/5.0 (compatible; ImagesiftBot; +imagesift.com)"
64.124.8.134 - - [03/Apr/2025:16:49:27 -0400] "GET /wp-json/wp/v2/posts/463 HTTP/1.1" 404 1251 "-" "Mozilla/5.0 (compatible; ImagesiftBot; +imagesift.com)"
64.124.8.134 - - [03/Apr/2025:16:49:42 -0400] "GET /strategies-to-boost-your-share-count/ HTTP/1.1" 404 1251 "-" "Mozilla/5.0 (compatible; ImagesiftBot; +imagesift.com)"
64.124.8.134 - - [03/Apr/2025:16:49:47 -0400] "GET /countdown-to-love-how-many-days-until-valentines-day/ HTTP/1.1" 404 1251 "-" "Mozilla/5.0 (compatible; ImagesiftBot; +imagesift.com)"
64.124.8.134 - - [03/Apr/2025:16:49:50 -0400] "GET /portable-fire-fighting-pump/ HTTP/1.1" 404 1251 "-" "Mozilla/5.0 (compatible; ImagesiftBot; +imagesift.com)"
64.124.8.134 - - [03/Apr/2025:16:49:52 -0400] "GET /mens-boxershorts/ HTTP/1.1" 404 1251 "-" "Mozilla/5.0 (compatible; ImagesiftBot; +imagesift.com)"
64.124.8.134 - - [03/Apr/2025:16:50:09 -0400] "GET /wp-json/wp/v2/posts/1409 HTTP/1.1" 404 1251 "-" "Mozilla/5.0 (compatible; ImagesiftBot; +imagesift.com)"
64.124.8.134 - - [03/Apr/2025:16:50:23 -0400] "GET /2023/10/ HTTP/1.1" 404 0 "-" "Mozilla/5.0 (compatible; ImagesiftBot; +imagesift.com)"
64.124.8.134 - - [03/Apr/2025:16:50:26 -0400] "GET /wp-json/wp/v2/posts/1494 HTTP/1.1" 404 1251 "-" "Mozilla/5.0 (compatible; ImagesiftBot; +imagesift.com)"
64.124.8.134 - - [03/Apr/2025:16:50:31 -0400] "GET /pre-mixed-peptide-pens/ HTTP/1.1" 404 0 "-" "Mozilla/5.0 (compatible; ImagesiftBot; +imagesift.com)"
64.124.8.134 - - [03/Apr/2025:16:50:45 -0400] "GET /wp-json/wp/v2/posts/1813 HTTP/1.1" 404 0 "-" "Mozilla/5.0 (compatible; ImagesiftBot; +imagesift.com)"
64.124.8.134 - - [03/Apr/2025:16:50:49 -0400] "GET /wp-json/wp/v2/posts/690 HTTP/1.1" 404 0 "-" "Mozilla/5.0 (compatible; ImagesiftBot; +imagesift.com)"
64.124.8.134 - - [03/Apr/2025:16:50:57 -0400] "GET /choosing-an-rv-fridge/ HTTP/1.1" 404 1251 "-" "Mozilla/5.0 (compatible; ImagesiftBot; +imagesift.com)"
64.124.8.134 - - [03/Apr/2025:16:51:06 -0400] "GET /wp-json/wp/v2/posts/2463 HTTP/1.1" 404 1251 "-" "Mozilla/5.0 (compatible; ImagesiftBot; +imagesift.com)"
64.124.8.134 - - [03/Apr/2025:16:51:26 -0400] "GET /the-power-of-qr-code-creator/ HTTP/1.1" 404 1251 "-" "Mozilla/5.0 (compatible; ImagesiftBot; +imagesift.com)"
2a02:598:128:8a00::b00:5 - - [03/Apr/2025:16:51:27 -0400] "GET /steuererklarung-hattingen/ HTTP/1.1" 404 1251 "-" "Mozilla/5.0 (compatible; SeznamBot/4.0; +https://o-seznam.cz/napoveda/vyhledavani/en/seznambot-crawler/)"
2a02:598:96:8a00::1200:127 - - [03/Apr/2025:16:51:35 -0400] "GET /la-publicite-par-drapeaux-une-strategie-visuelle-impactante/ HTTP/1.1" 404 1251 "-" "Mozilla/5.0 (compatible; SeznamBot/4.0; +https://o-seznam.cz/napoveda/vyhledavani/en/seznambot-crawler/)"
64.124.8.134 - - [03/Apr/2025:16:46:26 -0400] "GET /page/118/ HTTP/1.1" 404 1251 "-" "Mozilla/5.0 (compatible; ImagesiftBot; +imagesift.com)"
64.124.8.134 - - [03/Apr/2025:16:46:39 -0400] "GET /wp-json/wp/v2/posts/2249 HTTP/1.1" 404 1251 "-" "Mozilla/5.0 (compatible; ImagesiftBot; +imagesift.com)"
64.124.8.134 - - [03/Apr/2025:16:46:53 -0400] "GET /wp-json/wp/v2/posts/9 HTTP/1.1" 404 1251 "-" "Mozilla/5.0 (compatible; ImagesiftBot; +imagesift.com)"
64.124.8.134 - - [03/Apr/2025:16:46:55 -0400] "GET /reusable-cotton-rounds-and-balls/ HTTP/1.1" 404 1251 "-" "Mozilla/5.0 (compatible; ImagesiftBot; +imagesift.com)"
64.124.8.134 - - [03/Apr/2025:16:47:03 -0400] "GET /customer-service-where-did-it-go/ HTTP/1.1" 404 1251 "-" "Mozilla/5.0 (compatible; ImagesiftBot; +imagesift.com)"
64.124.8.134 - - [03/Apr/2025:16:47:14 -0400] "GET /wp-json/wp/v2/posts/2321 HTTP/1.1" 404 1251 "-" "Mozilla/5.0 (compatible; ImagesiftBot; +imagesift.com)"
64.124.8.134 - - [03/Apr/2025:16:47:21 -0400] "GET /wp-json/wp/v2/posts/1684 HTTP/1.1" 404 1251 "-" "Mozilla/5.0 (compatible; ImagesiftBot; +imagesift.com)"
64.124.8.134 - - [03/Apr/2025:16:47:47 -0400] "GET /white-football-socks/ HTTP/1.1" 404 1251 "-" "Mozilla/5.0 (compatible; ImagesiftBot; +imagesift.com)"
64.124.8.134 - - [03/Apr/2025:16:51:53 -0400] "GET /using-cap-rates-in-real-estate-investing/ HTTP/1.1" 404 0 "-" "Mozilla/5.0 (compatible; ImagesiftBot; +imagesift.com)"
64.124.8.134 - - [03/Apr/2025:16:52:05 -0400] "GET /athletic-grip-socks/ HTTP/1.1" 404 1251 "-" "Mozilla/5.0 (compatible; ImagesiftBot; +imagesift.com)"
64.124.8.134 - - [03/Apr/2025:16:52:17 -0400] "GET /category/activity/page/115/ HTTP/1.1" 404 1251 "-" "Mozilla/5.0 (compatible; ImagesiftBot; +imagesift.com)"
64.124.8.134 - - [03/Apr/2025:16:52:22 -0400] "GET /wie-sie-beim-gitarrenunterricht-erfolgreich-sind-indem-sie-ihren-schulern-zeigen-wie-man-ubt/ HTTP/1.1" 404 1251 "-" "Mozilla/5.0 (compatible; ImagesiftBot; +imagesift.com)"
2a02:598:96:8a00::1200:127 - - [03/Apr/2025:16:52:24 -0400] "GET /choosing-the-right-riveting-machine-for-your-application/ HTTP/1.1" 404 1251 "-" "Mozilla/5.0 (compatible; SeznamBot/4.0; +https://o-seznam.cz/napoveda/vyhledavani/en/seznambot-crawler/)"
64.124.8.134 - - [03/Apr/2025:16:52:26 -0400] "GET /why-football-socks-are-a-great-addition-to-any-players-footwear-collection/ HTTP/1.1" 404 1251 "-" "Mozilla/5.0 (compatible; ImagesiftBot; +imagesift.com)"
64.124.8.134 - - [03/Apr/2025:16:52:28 -0400] "GET /florists-near-mi/ HTTP/1.1" 404 1251 "-" "Mozilla/5.0 (compatible; ImagesiftBot; +imagesift.com)"
64.124.8.134 - - [03/Apr/2025:16:52:30 -0400] "GET /wp-json/wp/v2/posts/2597 HTTP/1.1" 404 1251 "-" "Mozilla/5.0 (compatible; ImagesiftBot; +imagesift.com)"
64.124.8.134 - - [03/Apr/2025:16:52:47 -0400] "GET /wp-json/wp/v2/posts/1170 HTTP/1.1" 404 1251 "-" "Mozilla/5.0 (compatible; ImagesiftBot; +imagesift.com)"
64.124.8.134 - - [03/Apr/2025:16:52:50 -0400] "GET /tour-de-lit-crocodile/ HTTP/1.1" 404 1251 "-" "Mozilla/5.0 (compatible; ImagesiftBot; +imagesift.com)"
64.124.8.134 - - [03/Apr/2025:16:53:03 -0400] "GET /wp-json/wp/v2/posts/1417 HTTP/1.1" 404 1251 "-" "Mozilla/5.0 (compatible; ImagesiftBot; +imagesift.com)"
64.124.8.134 - - [03/Apr/2025:16:53:14 -0400] "GET /category/activity/page/105/ HTTP/1.1" 404 1251 "-" "Mozilla/5.0 (compatible; ImagesiftBot; +imagesift.com)"
64.124.8.134 - - [03/Apr/2025:16:53:41 -0400] "GET /are-you-curious-about-the-hoopla-regarding-hemp-cbd/ HTTP/1.1" 404 1251 "-" "Mozilla/5.0 (compatible; ImagesiftBot; +imagesift.com)"
64.124.8.134 - - [03/Apr/2025:16:53:59 -0400] "GET /wp-json/wp/v2/posts/444 HTTP/1.1" 404 1251 "-" "Mozilla/5.0 (compatible; ImagesiftBot; +imagesift.com)"
64.124.8.134 - - [03/Apr/2025:16:54:06 -0400] "GET /wp-json/wp/v2/posts/509 HTTP/1.1" 404 1251 "-" "Mozilla/5.0 (compatible; ImagesiftBot; +imagesift.com)"
66.249.66.9 - - [03/Apr/2025:16:54:22 -0400] "GET /wp-login.php HTTP/1.1" 200 1711 "-" "Mozilla/5.0 (compatible; Googlebot/2.1; +http://www.google.com/bot.html)"
66.249.66.9 - - [03/Apr/2025:16:54:23 -0400] "GET /wp-admin/js/password-strength-meter.min.js?ver=6.7.2 HTTP/1.1" 200 558 "https://alualufoil.com/wp-login.php" "Mozilla/5.0 AppleWebKit/537.36 (KHTML, like Gecko; compatible; Googlebot/2.1; +http://www.google.com/bot.html) Chrome/133.0.6943.141 Safari/537.36"
66.249.66.10 - - [03/Apr/2025:16:54:24 -0400] "GET /wp-admin/js/user-profile.min.js?ver=6.7.2 HTTP/1.1" 200 2388 "https://alualufoil.com/wp-login.php" "Mozilla/5.0 AppleWebKit/537.36 (KHTML, like Gecko; compatible; Googlebot/2.1; +http://www.google.com/bot.html) Chrome/133.0.6943.141 Safari/537.36"
66.249.66.8 - - [03/Apr/2025:16:54:25 -0400] "GET /wp-includes/js/dist/i18n.min.js?ver=5e580eb46a90c2b997e6 HTTP/1.1" 200 3542 "https://alualufoil.com/wp-login.php" "Mozilla/5.0 AppleWebKit/537.36 (KHTML, like Gecko; compatible; Googlebot/2.1; +http://www.google.com/bot.html) Chrome/133.0.6943.141 Safari/537.36"
66.249.66.9 - - [03/Apr/2025:16:54:27 -0400] "GET /wp-includes/js/dist/dom-ready.min.js?ver=f77871ff7694fffea381 HTTP/1.1" 200 275 "https://alualufoil.com/wp-login.php" "Mozilla/5.0 AppleWebKit/537.36 (KHTML, like Gecko; compatible; Googlebot/2.1; +http://www.google.com/bot.html) Chrome/133.0.6943.141 Safari/537.36"
66.249.66.8 - - [03/Apr/2025:16:54:27 -0400] "GET /wp-includes/js/dist/a11y.min.js?ver=3156534cc54473497e14 HTTP/1.1" 200 827 "https://alualufoil.com/wp-login.php" "Mozilla/5.0 AppleWebKit/537.36 (KHTML, like Gecko; compatible; Googlebot/2.1; +http://www.google.com/bot.html) Chrome/133.0.6943.141 Safari/537.36"
66.249.66.8 - - [03/Apr/2025:16:54:28 -0400] "GET /wp-includes/js/wp-util.min.js?ver=6.7.2 HTTP/1.1" 200 690 "https://alualufoil.com/wp-login.php" "Mozilla/5.0 AppleWebKit/537.36 (KHTML, like Gecko; compatible; Googlebot/2.1; +http://www.google.com/bot.html) Chrome/133.0.6943.141 Safari/537.36"
66.249.66.8 - - [03/Apr/2025:16:54:30 -0400] "GET /wp-admin/load-scripts.php?c=1&load%5Bchunk_0%5D=clipboard,jquery-core,jquery-migrate,zxcvbn-async,wp-hooks&ver=6.7.2 HTTP/1.1" 200 39842 "https://alualufoil.com/wp-login.php" "Mozilla/5.0 AppleWebKit/537.36 (KHTML, like Gecko; compatible; Googlebot/2.1; +http://www.google.com/bot.html) Chrome/133.0.6943.141 Safari/537.36"
66.249.66.8 - - [03/Apr/2025:16:54:32 -0400] "GET /wp-admin/load-styles.php?c=1&dir=ltr&load%5Bchunk_0%5D=dashicons,buttons,forms,l10n,login&ver=6.7.2 HTTP/1.1" 200 45466 "https://alualufoil.com/wp-login.php" "Mozilla/5.0 AppleWebKit/537.36 (KHTML, like Gecko; compatible; Googlebot/2.1; +http://www.google.com/bot.html) Chrome/133.0.6943.141 Safari/537.36"
66.249.66.8 - - [03/Apr/2025:16:54:34 -0400] "GET /wp-includes/js/underscore.min.js?ver=1.13.7 HTTP/1.1" 200 7197 "https://alualufoil.com/wp-login.php" "Mozilla/5.0 AppleWebKit/537.36 (KHTML, like Gecko; compatible; Googlebot/2.1; +http://www.google.com/bot.html) Chrome/133.0.6943.141 Safari/537.36"
66.249.66.8 - - [03/Apr/2025:16:54:36 -0400] "GET /wp-admin/images/wordpress-logo.svg?ver=20131107 HTTP/1.1" 200 759 "https://alualufoil.com/wp-admin/load-styles.php?c=1&dir=ltr&load%5Bchunk_0%5D=dashicons,buttons,forms,l10n,login&ver=6.7.2" "Mozilla/5.0 AppleWebKit/537.36 (KHTML, like Gecko; compatible; Googlebot/2.1; +http://www.google.com/bot.html) Chrome/133.0.6943.141 Safari/537.36"
64.124.8.134 - - [03/Apr/2025:16:54:40 -0400] "GET /stylish-nappy-bags-diaper-bags-come-into-their-own/ HTTP/1.1" 404 1251 "-" "Mozilla/5.0 (compatible; ImagesiftBot; +imagesift.com)"
66.249.66.8 - - [03/Apr/2025:16:54:40 -0400] "GET /wp-includes/js/zxcvbn.min.js HTTP/1.1" 200 389493 "https://alualufoil.com/wp-login.php" "Mozilla/5.0 AppleWebKit/537.36 (KHTML, like Gecko; compatible; Googlebot/2.1; +http://www.google.com/bot.html) Chrome/133.0.6943.141 Safari/537.36"
64.124.8.134 - - [03/Apr/2025:16:55:09 -0400] "GET /wp-json/wp/v2/posts/186 HTTP/1.1" 404 0 "-" "Mozilla/5.0 (compatible; ImagesiftBot; +imagesift.com)"
198.54.114.83 - - [03/Apr/2025:16:55:31 -0400] "POST /wp-cron.php?doing_wp_cron=1743713730.7786989212036132812500 HTTP/1.1" 200 0 "-" "WordPress/6.7.2; https://alualufoil.com"
185.213.83.58 - - [03/Apr/2025:16:55:24 -0400] "POST /wp-login.php/wp-login.php HTTP/1.1" 200 1849 "-" "Mozilla"
198.54.114.83 - - [03/Apr/2025:16:55:31 -0400] "POST /wp-admin/admin-ajax.php?action=async_litespeed&nonce=Ziy2nHUDyaxDl9i7dachVEIUxgtlOWJV&litespeed_type=imgoptm HTTP/1.1" 200 0 "-" "WordPress/6.7.2; https://alualufoil.com"
64.124.8.134 - - [03/Apr/2025:16:55:34 -0400] "GET /wp-json/wp/v2/posts/671 HTTP/1.1" 404 1251 "-" "Mozilla/5.0 (compatible; ImagesiftBot; +imagesift.com)"
64.124.8.134 - - [03/Apr/2025:16:55:52 -0400] "GET /raume-optimieren-die-kunst-der-wohnungsraumung-in-hamburg/ HTTP/1.1" 404 1251 "-" "Mozilla/5.0 (compatible; ImagesiftBot; +imagesift.com)"
64.124.8.134 - - [03/Apr/2025:16:55:54 -0400] "GET /wp-json/wp/v2/posts/16 HTTP/1.1" 404 1251 "-" "Mozilla/5.0 (compatible; ImagesiftBot; +imagesift.com)"
64.124.8.134 - - [03/Apr/2025:16:56:12 -0400] "GET /wp-json/wp/v2/posts/2924 HTTP/1.1" 404 1251 "-" "Mozilla/5.0 (compatible; ImagesiftBot; +imagesift.com)"
64.124.8.134 - - [03/Apr/2025:16:56:22 -0400] "GET /la-piscina-di-una-casa-di-campagna-sul-lago-di-garda/ HTTP/1.1" 404 1251 "-" "Mozilla/5.0 (compatible; ImagesiftBot; +imagesift.com)"
64.124.8.134 - - [03/Apr/2025:16:56:24 -0400] "GET /wp-json/wp/v2/posts/71 HTTP/1.1" 404 1251 "-" "Mozilla/5.0 (compatible; ImagesiftBot; +imagesift.com)"
64.124.8.134 - - [03/Apr/2025:16:56:47 -0400] "GET /wp-json/wp/v2/posts/425 HTTP/1.1" 404 1251 "-" "Mozilla/5.0 (compatible; ImagesiftBot; +imagesift.com)"
64.124.8.134 - - [03/Apr/2025:16:56:57 -0400] "GET /page/69/ HTTP/1.1" 404 1251 "-" "Mozilla/5.0 (compatible; ImagesiftBot; +imagesift.com)"
64.124.8.134 - - [03/Apr/2025:16:57:09 -0400] "GET /pikachu-spielzeug/ HTTP/1.1" 404 1251 "-" "Mozilla/5.0 (compatible; ImagesiftBot; +imagesift.com)"
64.124.8.134 - - [03/Apr/2025:16:57:55 -0400] "GET /wp-json/wp/v2/posts/1559 HTTP/1.1" 404 1251 "-" "Mozilla/5.0 (compatible; ImagesiftBot; +imagesift.com)"
64.124.8.134 - - [03/Apr/2025:16:57:57 -0400] "GET /category/activity/page/4/ HTTP/1.1" 404 1251 "-" "Mozilla/5.0 (compatible; ImagesiftBot; +imagesift.com)"
2a02:598:128:8a00::b00:5 - - [03/Apr/2025:16:58:12 -0400] "GET /buy-tiktok-save/ HTTP/1.1" 404 1251 "-" "Mozilla/5.0 (compatible; SeznamBot/4.0; +https://o-seznam.cz/napoveda/vyhledavani/en/seznambot-crawler/)"
64.124.8.134 - - [03/Apr/2025:16:58:12 -0400] "GET /rechtsanwalt-2/ HTTP/1.1" 404 1251 "-" "Mozilla/5.0 (compatible; ImagesiftBot; +imagesift.com)"
64.124.8.134 - - [03/Apr/2025:16:58:14 -0400] "GET /unlocking-success-a-comprehensive-guide-on-how-to-buy-youtube-subscribers/ HTTP/1.1" 404 1251 "-" "Mozilla/5.0 (compatible; ImagesiftBot; +imagesift.com)"
64.124.8.134 - - [03/Apr/2025:16:58:21 -0400] "GET /wp-json/wp/v2/posts/1631 HTTP/1.1" 404 1251 "-" "Mozilla/5.0 (compatible; ImagesiftBot; +imagesift.com)"
64.124.8.134 - - [03/Apr/2025:16:58:23 -0400] "GET /power-washing-is-best-left-to-the-pros-for-exterior-house-cleaning/ HTTP/1.1" 404 1251 "-" "Mozilla/5.0 (compatible; ImagesiftBot; +imagesift.com)"
64.124.8.134 - - [03/Apr/2025:16:58:25 -0400] "GET /capital-landscaping/ HTTP/1.1" 404 1251 "-" "Mozilla/5.0 (compatible; ImagesiftBot; +imagesift.com)"
64.124.8.134 - - [03/Apr/2025:16:58:39 -0400] "GET /wp-json/wp/v2/posts/2281 HTTP/1.1" 404 1251 "-" "Mozilla/5.0 (compatible; ImagesiftBot; +imagesift.com)"
64.124.8.134 - - [03/Apr/2025:16:58:47 -0400] "GET /page/79/ HTTP/1.1" 404 1251 "-" "Mozilla/5.0 (compatible; ImagesiftBot; +imagesift.com)"
64.124.8.134 - - [03/Apr/2025:16:59:19 -0400] "GET /wp-json/wp/v2/posts/99 HTTP/1.1" 404 1251 "-" "Mozilla/5.0 (compatible; ImagesiftBot; +imagesift.com)"
64.124.8.134 - - [03/Apr/2025:16:59:25 -0400] "GET /unlocking-the-game-the-power-of-sports-analysis/ HTTP/1.1" 404 1251 "-" "Mozilla/5.0 (compatible; ImagesiftBot; +imagesift.com)"
64.124.8.134 - - [03/Apr/2025:16:59:27 -0400] "GET /microsoft-azure-site-recovery/ HTTP/1.1" 404 1251 "-" "Mozilla/5.0 (compatible; ImagesiftBot; +imagesift.com)"
64.124.8.134 - - [03/Apr/2025:16:59:36 -0400] "GET /health-concerns-about-the-e-cigarette/ HTTP/1.1" 404 1251 "-" "Mozilla/5.0 (compatible; ImagesiftBot; +imagesift.com)"
64.124.8.134 - - [03/Apr/2025:16:59:39 -0400] "GET /wp-json/wp/v2/posts/2600 HTTP/1.1" 404 1251 "-" "Mozilla/5.0 (compatible; ImagesiftBot; +imagesift.com)"
64.124.8.134 - - [03/Apr/2025:16:59:48 -0400] "GET /revolutionizing-energy-storage-with-graphene-batteries/ HTTP/1.1" 404 0 "-" "Mozilla/5.0 (compatible; ImagesiftBot; +imagesift.com)"
64.124.8.134 - - [03/Apr/2025:16:59:50 -0400] "GET /unlocking-success-the-power-of-programmatic-marketing-in-dubai/ HTTP/1.1" 404 1251 "-" "Mozilla/5.0 (compatible; ImagesiftBot; +imagesift.com)"
64.124.8.134 - - [03/Apr/2025:16:59:52 -0400] "GET /general-information-about-care-givers-or-medical-health-care-professionals/ HTTP/1.1" 404 1251 "-" "Mozilla/5.0 (compatible; ImagesiftBot; +imagesift.com)"
64.124.8.134 - - [03/Apr/2025:17:00:15 -0400] "GET /page/89/ HTTP/1.1" 404 1251 "-" "Mozilla/5.0 (compatible; ImagesiftBot; +imagesift.com)"
64.124.8.134 - - [03/Apr/2025:17:00:18 -0400] "GET /exploring-ardor-residence-showflat/ HTTP/1.1" 404 1251 "-" "Mozilla/5.0 (compatible; ImagesiftBot; +imagesift.com)"
64.124.8.134 - - [03/Apr/2025:17:01:49 -0400] "GET /page/99/ HTTP/1.1" 404 1251 "-" "Mozilla/5.0 (compatible; ImagesiftBot; +imagesift.com)"
64.124.8.134 - - [03/Apr/2025:17:01:53 -0400] "GET /wp-json/wp/v2/posts/394 HTTP/1.1" 404 1251 "-" "Mozilla/5.0 (compatible; ImagesiftBot; +imagesift.com)"
2a02:598:96:8a00::1200:127 - - [03/Apr/2025:17:02:16 -0400] "GET /die-besten-helden-in-watcher-of-realms/ HTTP/1.1" 404 1251 "-" "Mozilla/5.0 (compatible; SeznamBot/4.0; +https://o-seznam.cz/napoveda/vyhledavani/en/seznambot-crawler/)"
64.124.8.134 - - [03/Apr/2025:17:02:20 -0400] "GET /wp-json/wp/v2/posts/2204 HTTP/1.1" 404 1251 "-" "Mozilla/5.0 (compatible; ImagesiftBot; +imagesift.com)"
64.124.8.134 - - [03/Apr/2025:17:02:24 -0400] "GET /wp-json/wp/v2/posts/341 HTTP/1.1" 404 1251 "-" "Mozilla/5.0 (compatible; ImagesiftBot; +imagesift.com)"
64.124.8.134 - - [03/Apr/2025:17:02:47 -0400] "GET /wp-json/wp/v2/posts/1037 HTTP/1.1" 404 0 "-" "Mozilla/5.0 (compatible; ImagesiftBot; +imagesift.com)"
13.74.81.82 - - [03/Apr/2025:17:02:53 -0400] "GET /wp-login.php HTTP/1.1" 200 1711 "-" "-"
198.54.114.83 - - [03/Apr/2025:17:02:53 -0400] "POST /wp-admin/admin-ajax.php?action=async_litespeed&nonce=puA4x5bIXVLEDGRpaHh7VnvScbFeicp2&litespeed_type=imgoptm HTTP/1.1" 200 0 "-" "WordPress/6.7.2; https://alualufoil.com"
13.74.81.82 - - [03/Apr/2025:17:02:56 -0400] "GET /wp-login.php?action=register HTTP/1.1" 302 0 "-" "-"
13.74.81.82 - - [03/Apr/2025:17:02:57 -0400] "GET /wp-login.php?registration=disabled HTTP/1.1" 200 1781 "-" "-"
64.124.8.134 - - [03/Apr/2025:17:03:04 -0400] "GET /wp-json/wp/v2/posts/944 HTTP/1.1" 404 1251 "-" "Mozilla/5.0 (compatible; ImagesiftBot; +imagesift.com)"
13.74.81.82 - - [03/Apr/2025:17:03:05 -0400] "GET /wp-admin/user/about.php HTTP/1.1" 302 0 "-" "-"
13.74.81.82 - - [03/Apr/2025:17:03:05 -0400] "GET /wp-login.php?redirect_to=https%3A%2F%2Falualufoil.com%2Fwp-admin%2Fuser%2Fabout.php&reauth=1 HTTP/1.1" 200 1726 "-" "-"
13.74.81.82 - - [03/Apr/2025:17:03:10 -0400] "GET /wp-admin/network/index.php HTTP/1.1" 302 0 "-" "-"
13.74.81.82 - - [03/Apr/2025:17:03:11 -0400] "GET /wp-login.php?redirect_to=https%3A%2F%2Falualufoil.com%2Fwp-admin%2Fnetwork%2Findex.php&reauth=1 HTTP/1.1" 200 1723 "-" "-"
64.124.8.134 - - [03/Apr/2025:17:03:15 -0400] "GET /a-rare-opportunity-to-own-a-mclaren-for-sale/ HTTP/1.1" 404 1251 "-" "Mozilla/5.0 (compatible; ImagesiftBot; +imagesift.com)"
64.124.8.134 - - [03/Apr/2025:17:03:25 -0400] "GET /personal-loan/ HTTP/1.1" 404 1251 "-" "Mozilla/5.0 (compatible; ImagesiftBot; +imagesift.com)"
64.124.8.134 - - [03/Apr/2025:17:03:32 -0400] "GET /wp-json/wp/v2/posts/1899 HTTP/1.1" 404 0 "-" "Mozilla/5.0 (compatible; ImagesiftBot; +imagesift.com)"
64.124.8.134 - - [03/Apr/2025:17:03:38 -0400] "GET /who-else-wants-to-discover-fantastic-ride-on-cars-and-ride-ons-now/ HTTP/1.1" 404 1251 "-" "Mozilla/5.0 (compatible; ImagesiftBot; +imagesift.com)"
64.124.8.134 - - [03/Apr/2025:17:03:51 -0400] "GET /the-healing-chamber-a-revolutionary-breakthrough-in-healthcare/ HTTP/1.1" 404 1251 "-" "Mozilla/5.0 (compatible; ImagesiftBot; +imagesift.com)"
13.74.81.82 - - [03/Apr/2025:17:03:51 -0400] "GET /wp-login.php?action=register HTTP/1.1" 302 0 "-" "-"
198.54.114.83 - - [03/Apr/2025:17:03:52 -0400] "POST /wp-admin/admin-ajax.php?action=async_litespeed&nonce=ccQM0fr4v65iCl6zbyCHw7D4oeNf0wFI&litespeed_type=imgoptm HTTP/1.1" 200 0 "-" "WordPress/6.7.2; https://alualufoil.com"
13.74.81.82 - - [03/Apr/2025:17:03:53 -0400] "GET /wp-login.php?registration=disabled HTTP/1.1" 200 1781 "-" "-"
64.124.8.134 - - [03/Apr/2025:17:04:08 -0400] "GET /unlocking-the-thrills-of-online-entertainment-with-ligaplay88/ HTTP/1.1" 404 1251 "-" "Mozilla/5.0 (compatible; ImagesiftBot; +imagesift.com)"
64.124.8.134 - - [03/Apr/2025:17:04:10 -0400] "GET /wp-json/wp/v2/posts/1971 HTTP/1.1" 404 1251 "-" "Mozilla/5.0 (compatible; ImagesiftBot; +imagesift.com)"
64.124.8.134 - - [03/Apr/2025:17:04:12 -0400] "GET /wp-json/wp/v2/posts/1369 HTTP/1.1" 404 1251 "-" "Mozilla/5.0 (compatible; ImagesiftBot; +imagesift.com)"
64.124.8.134 - - [03/Apr/2025:17:00:20 -0400] "GET /sandales/ HTTP/1.1" 404 1251 "-" "Mozilla/5.0 (compatible; ImagesiftBot; +imagesift.com)"
64.124.8.134 - - [03/Apr/2025:17:00:41 -0400] "GET /conception-robuste-et-fonctionnalites-avancees/ HTTP/1.1" 404 1251 "-" "Mozilla/5.0 (compatible; ImagesiftBot; +imagesift.com)"
64.124.8.134 - - [03/Apr/2025:17:00:50 -0400] "GET /smart-lighting-for-your-home/ HTTP/1.1" 404 1251 "-" "Mozilla/5.0 (compatible; ImagesiftBot; +imagesift.com)"
64.124.8.134 - - [03/Apr/2025:17:01:12 -0400] "GET /a-guide-to-responsible-borrowing/ HTTP/1.1" 404 0 "-" "Mozilla/5.0 (compatible; ImagesiftBot; +imagesift.com)"
64.124.8.134 - - [03/Apr/2025:17:04:15 -0400] "GET /m98bet-slot/ HTTP/1.1" 404 1251 "-" "Mozilla/5.0 (compatible; ImagesiftBot; +imagesift.com)"
64.124.8.134 - - [03/Apr/2025:17:04:32 -0400] "GET /how-tilt-sensors-function/ HTTP/1.1" 404 1251 "-" "Mozilla/5.0 (compatible; ImagesiftBot; +imagesift.com)"
64.124.8.134 - - [03/Apr/2025:17:04:39 -0400] "GET /wp-json/wp/v2/posts/2338 HTTP/1.1" 404 1251 "-" "Mozilla/5.0 (compatible; ImagesiftBot; +imagesift.com)"
64.124.8.134 - - [03/Apr/2025:17:05:09 -0400] "GET /wp-json/wp/v2/posts/148 HTTP/1.1" 404 1251 "-" "Mozilla/5.0 (compatible; ImagesiftBot; +imagesift.com)"
64.124.8.134 - - [03/Apr/2025:17:05:11 -0400] "GET /wp-json/wp/v2/posts/1773 HTTP/1.1" 404 1251 "-" "Mozilla/5.0 (compatible; ImagesiftBot; +imagesift.com)"
64.124.8.134 - - [03/Apr/2025:17:05:14 -0400] "GET /redefining-innovation-in-consumer-electronics/ HTTP/1.1" 404 1251 "-" "Mozilla/5.0 (compatible; ImagesiftBot; +imagesift.com)"
64.124.8.134 - - [03/Apr/2025:17:05:20 -0400] "GET /wp-json/wp/v2/posts/2742 HTTP/1.1" 404 1251 "-" "Mozilla/5.0 (compatible; ImagesiftBot; +imagesift.com)"
64.124.8.134 - - [03/Apr/2025:17:05:22 -0400] "GET /a-brief-introduction-to-france-and-french-wine/ HTTP/1.1" 404 1251 "-" "Mozilla/5.0 (compatible; ImagesiftBot; +imagesift.com)"
64.124.8.134 - - [03/Apr/2025:17:05:44 -0400] "GET /wp-json/wp/v2/posts/1377 HTTP/1.1" 404 1251 "-" "Mozilla/5.0 (compatible; ImagesiftBot; +imagesift.com)"
64.124.8.134 - - [03/Apr/2025:17:06:17 -0400] "GET /wp-json/wp/v2/posts/322 HTTP/1.1" 404 1251 "-" "Mozilla/5.0 (compatible; ImagesiftBot; +imagesift.com)"
64.124.8.134 - - [03/Apr/2025:17:06:29 -0400] "GET /wp-json/wp/v2/posts/2876 HTTP/1.1" 404 1251 "-" "Mozilla/5.0 (compatible; ImagesiftBot; +imagesift.com)"
64.124.8.134 - - [03/Apr/2025:17:06:55 -0400] "GET /wp-json/wp/v2/posts/925 HTTP/1.1" 404 1251 "-" "Mozilla/5.0 (compatible; ImagesiftBot; +imagesift.com)"
2a02:598:128:8a00::b00:5 - - [03/Apr/2025:17:07:22 -0400] "GET /conception-robuste-et-fonctionnalites-avancees/ HTTP/1.1" 404 1251 "-" "Mozilla/5.0 (compatible; SeznamBot/4.0; +https://o-seznam.cz/napoveda/vyhledavani/en/seznambot-crawler/)"
64.124.8.134 - - [03/Apr/2025:17:07:33 -0400] "GET /wp-json/wp/v2/posts/2346 HTTP/1.1" 404 1251 "-" "Mozilla/5.0 (compatible; ImagesiftBot; +imagesift.com)"
64.124.8.134 - - [03/Apr/2025:17:07:47 -0400] "GET /author/ashdev/ HTTP/1.1" 404 0 "-" "Mozilla/5.0 (compatible; ImagesiftBot; +imagesift.com)"
64.124.8.134 - - [03/Apr/2025:17:07:52 -0400] "GET /wp-json/wp/v2/posts/2750 HTTP/1.1" 404 1251 "-" "Mozilla/5.0 (compatible; ImagesiftBot; +imagesift.com)"
64.124.8.134 - - [03/Apr/2025:17:08:10 -0400] "GET /authentic-designer-handbags-how-to-spot-a-fake-handbag-from-an-authentic-one/ HTTP/1.1" 404 1251 "-" "Mozilla/5.0 (compatible; ImagesiftBot; +imagesift.com)"
64.124.8.134 - - [03/Apr/2025:17:08:24 -0400] "GET /spider-gwen-sweat-shirt/ HTTP/1.1" 404 1251 "-" "Mozilla/5.0 (compatible; ImagesiftBot; +imagesift.com)"
64.124.8.134 - - [03/Apr/2025:17:08:33 -0400] "GET /wp-json/wp/v2/posts/129 HTTP/1.1" 404 1251 "-" "Mozilla/5.0 (compatible; ImagesiftBot; +imagesift.com)"
64.124.8.134 - - [03/Apr/2025:17:09:00 -0400] "GET /wp-json/wp/v2/posts/1583 HTTP/1.1" 404 1251 "-" "Mozilla/5.0 (compatible; ImagesiftBot; +imagesift.com)"
64.124.8.134 - - [03/Apr/2025:17:09:05 -0400] "GET /wp-json/wp/v2/posts/1053 HTTP/1.1" 404 1251 "-" "Mozilla/5.0 (compatible; ImagesiftBot; +imagesift.com)"
64.124.8.134 - - [03/Apr/2025:17:09:15 -0400] "GET /wp-json/wp/v2/posts/1704 HTTP/1.1" 404 1251 "-" "Mozilla/5.0 (compatible; ImagesiftBot; +imagesift.com)"
64.124.8.134 - - [03/Apr/2025:17:09:21 -0400] "GET /unlocking-the-benefits-of-part-time-employment/ HTTP/1.1" 404 1251 "-" "Mozilla/5.0 (compatible; ImagesiftBot; +imagesift.com)"
64.124.8.134 - - [03/Apr/2025:17:09:36 -0400] "GET /wp-json/wp/v2/posts/2354 HTTP/1.1" 404 1251 "-" "Mozilla/5.0 (compatible; ImagesiftBot; +imagesift.com)"
64.124.8.134 - - [03/Apr/2025:17:09:37 -0400] "GET /unveiling-the-power-of-forex-robots-revolutionizing-trading-strategies/ HTTP/1.1" 404 1251 "-" "Mozilla/5.0 (compatible; ImagesiftBot; +imagesift.com)"
64.124.8.134 - - [03/Apr/2025:17:09:54 -0400] "GET /used-vending-machines-tips-on-buying/ HTTP/1.1" 404 1251 "-" "Mozilla/5.0 (compatible; ImagesiftBot; +imagesift.com)"
64.124.8.134 - - [03/Apr/2025:17:10:07 -0400] "GET /the-advantages-and-disadvantages-of-betting-shops/ HTTP/1.1" 404 1251 "-" "Mozilla/5.0 (compatible; ImagesiftBot; +imagesift.com)"
64.124.8.134 - - [03/Apr/2025:17:10:19 -0400] "GET /wp-json/wp/v2/posts/959 HTTP/1.1" 404 1251 "-" "Mozilla/5.0 (compatible; ImagesiftBot; +imagesift.com)"
64.124.8.134 - - [03/Apr/2025:17:10:48 -0400] "GET /wp-json/wp/v2/posts/303 HTTP/1.1" 404 1251 "-" "Mozilla/5.0 (compatible; ImagesiftBot; +imagesift.com)"
198.54.114.83 - - [03/Apr/2025:17:11:00 -0400] "POST /wp-cron.php?doing_wp_cron=1743714660.5390219688415527343750 HTTP/1.1" 200 0 "-" "WordPress/6.7.2; https://alualufoil.com"
5.62.41.31 - - [03/Apr/2025:17:10:56 -0400] "POST /wp-login.php HTTP/1.1" 200 1842 "-" "python-requests/2.28.2"
198.54.114.83 - - [03/Apr/2025:17:11:02 -0400] "POST /wp-admin/admin-ajax.php?action=async_litespeed&nonce=xENLci0mNUTVebn8dlmQZ12774cY6UPV&litespeed_type=imgoptm HTTP/1.1" 200 0 "-" "WordPress/6.7.2; https://alualufoil.com"
64.124.8.134 - - [03/Apr/2025:17:11:14 -0400] "GET /wp-json/wp/v2/posts/2686 HTTP/1.1" 404 1251 "-" "Mozilla/5.0 (compatible; ImagesiftBot; +imagesift.com)"
64.124.8.134 - - [03/Apr/2025:17:11:22 -0400] "GET /wp-json/wp/v2/posts/841 HTTP/1.1" 404 1251 "-" "Mozilla/5.0 (compatible; ImagesiftBot; +imagesift.com)"
64.124.8.134 - - [03/Apr/2025:17:11:28 -0400] "GET /concours-photo-de-bebe/ HTTP/1.1" 404 1251 "-" "Mozilla/5.0 (compatible; ImagesiftBot; +imagesift.com)"
64.124.8.134 - - [03/Apr/2025:17:12:22 -0400] "GET /wp-json/wp/v2/posts/1506 HTTP/1.1" 404 1251 "-" "Mozilla/5.0 (compatible; ImagesiftBot; +imagesift.com)"
64.124.8.134 - - [03/Apr/2025:17:12:29 -0400] "GET /wp-json/wp/v2/posts/1591 HTTP/1.1" 404 1251 "-" "Mozilla/5.0 (compatible; ImagesiftBot; +imagesift.com)"
64.124.8.134 - - [03/Apr/2025:17:12:52 -0400] "GET /wp-json/wp/v2/posts/1910 HTTP/1.1" 404 1251 "-" "Mozilla/5.0 (compatible; ImagesiftBot; +imagesift.com)"
64.124.8.134 - - [03/Apr/2025:17:12:55 -0400] "GET /what-does-approximate-location-mean-on-iphone/ HTTP/1.1" 404 1251 "-" "Mozilla/5.0 (compatible; ImagesiftBot; +imagesift.com)"
64.124.8.134 - - [03/Apr/2025:17:13:17 -0400] "GET /wp-json/wp/v2/posts/1308 HTTP/1.1" 404 1251 "-" "Mozilla/5.0 (compatible; ImagesiftBot; +imagesift.com)"
64.124.8.134 - - [03/Apr/2025:17:13:31 -0400] "GET /wp-json/wp/v2/posts/2560 HTTP/1.1" 404 1251 "-" "Mozilla/5.0 (compatible; ImagesiftBot; +imagesift.com)"
64.124.8.134 - - [03/Apr/2025:17:13:34 -0400] "GET /wp-json/wp/v2/posts/583 HTTP/1.1" 404 1251 "-" "Mozilla/5.0 (compatible; ImagesiftBot; +imagesift.com)"
64.124.8.134 - - [03/Apr/2025:17:13:45 -0400] "GET /wp-json/wp/v2/posts/1393 HTTP/1.1" 404 0 "-" "Mozilla/5.0 (compatible; ImagesiftBot; +imagesift.com)"
64.124.8.134 - - [03/Apr/2025:17:13:49 -0400] "GET /wp-json/wp/v2/posts/1712 HTTP/1.1" 404 1251 "-" "Mozilla/5.0 (compatible; ImagesiftBot; +imagesift.com)"
64.124.8.134 - - [03/Apr/2025:17:13:52 -0400] "GET /a-gateway-to-efficient-sharing/ HTTP/1.1" 404 1251 "-" "Mozilla/5.0 (compatible; ImagesiftBot; +imagesift.com)"
64.124.8.134 - - [03/Apr/2025:17:13:55 -0400] "GET /what-do-you-need-to-know-when-shopping-for-womens-yoga-clothing/ HTTP/1.1" 404 1251 "-" "Mozilla/5.0 (compatible; ImagesiftBot; +imagesift.com)"
64.124.8.134 - - [03/Apr/2025:17:13:57 -0400] "GET /stehlampen-wohnzimmer/ HTTP/1.1" 404 1251 "-" "Mozilla/5.0 (compatible; ImagesiftBot; +imagesift.com)"
64.124.8.134 - - [03/Apr/2025:17:14:03 -0400] "GET /how-companies-are-recycling-boxes-in-their-care/ HTTP/1.1" 404 1251 "-" "Mozilla/5.0 (compatible; ImagesiftBot; +imagesift.com)"
64.124.8.134 - - [03/Apr/2025:17:14:16 -0400] "GET /wp-json/wp/v2/posts/1514 HTTP/1.1" 404 1251 "-" "Mozilla/5.0 (compatible; ImagesiftBot; +imagesift.com)"
64.124.8.134 - - [03/Apr/2025:17:14:21 -0400] "GET /wp-json/wp/v2/posts/2164 HTTP/1.1" 404 1251 "-" "Mozilla/5.0 (compatible; ImagesiftBot; +imagesift.com)"
64.124.8.134 - - [03/Apr/2025:17:14:24 -0400] "GET /wp-json/wp/v2/posts/337 HTTP/1.1" 404 1251 "-" "Mozilla/5.0 (compatible; ImagesiftBot; +imagesift.com)"
64.124.8.134 - - [03/Apr/2025:17:14:37 -0400] "GET /wp-json/wp/v2/posts/875 HTTP/1.1" 404 1251 "-" "Mozilla/5.0 (compatible; ImagesiftBot; +imagesift.com)"
64.124.8.134 - - [03/Apr/2025:17:14:57 -0400] "GET /wp-json/wp/v2/posts/822 HTTP/1.1" 404 1251 "-" "Mozilla/5.0 (compatible; ImagesiftBot; +imagesift.com)"
64.124.8.134 - - [03/Apr/2025:17:15:03 -0400] "GET /wp-json/wp/v2/posts/1316 HTTP/1.1" 404 1251 "-" "Mozilla/5.0 (compatible; ImagesiftBot; +imagesift.com)"
64.124.8.134 - - [03/Apr/2025:17:15:13 -0400] "GET /wp-json/wp/v2/posts/2815 HTTP/1.1" 404 1251 "-" "Mozilla/5.0 (compatible; ImagesiftBot; +imagesift.com)"
64.124.8.134 - - [03/Apr/2025:17:15:17 -0400] "GET /how-to-get-likes-on-youtube-comment/ HTTP/1.1" 404 1251 "-" "Mozilla/5.0 (compatible; ImagesiftBot; +imagesift.com)"
64.124.8.134 - - [03/Apr/2025:17:15:20 -0400] "GET /lelegance-et-le-confort-au-bureau/ HTTP/1.1" 404 1251 "-" "Mozilla/5.0 (compatible; ImagesiftBot; +imagesift.com)"
64.124.8.134 - - [03/Apr/2025:17:15:33 -0400] "GET /build-your-life-resume-with-jesse-itzler/ HTTP/1.1" 404 1251 "-" "Mozilla/5.0 (compatible; ImagesiftBot; +imagesift.com)"
64.124.8.134 - - [03/Apr/2025:17:15:35 -0400] "GET /wp-json/wp/v2/posts/1118 HTTP/1.1" 404 1251 "-" "Mozilla/5.0 (compatible; ImagesiftBot; +imagesift.com)"
64.124.8.134 - - [03/Apr/2025:17:15:46 -0400] "GET /cheap-flights-to-canada/ HTTP/1.1" 404 1251 "-" "Mozilla/5.0 (compatible; ImagesiftBot; +imagesift.com)"
64.124.8.134 - - [03/Apr/2025:17:15:55 -0400] "GET /reeling-in-serenity-a-fishing-retreat-to-remember/ HTTP/1.1" 404 1251 "-" "Mozilla/5.0 (compatible; ImagesiftBot; +imagesift.com)"
64.124.8.134 - - [03/Apr/2025:17:16:11 -0400] "GET /category/activity/page/114/ HTTP/1.1" 404 1251 "-" "Mozilla/5.0 (compatible; ImagesiftBot; +imagesift.com)"
64.124.8.134 - - [03/Apr/2025:17:16:30 -0400] "GET /wp-json/wp/v2/posts/1522 HTTP/1.1" 404 1251 "-" "Mozilla/5.0 (compatible; ImagesiftBot; +imagesift.com)"
64.124.8.134 - - [03/Apr/2025:17:16:34 -0400] "GET /fenbendazole-cancer-treatment/ HTTP/1.1" 404 1251 "-" "Mozilla/5.0 (compatible; ImagesiftBot; +imagesift.com)"
64.124.8.134 - - [03/Apr/2025:17:16:38 -0400] "GET /pokemon-and-legal-implications/ HTTP/1.1" 404 1251 "-" "Mozilla/5.0 (compatible; ImagesiftBot; +imagesift.com)"
64.124.8.134 - - [03/Apr/2025:17:16:41 -0400] "GET /rental-led-screen/ HTTP/1.1" 404 1251 "-" "Mozilla/5.0 (compatible; ImagesiftBot; +imagesift.com)"
64.124.8.134 - - [03/Apr/2025:17:16:47 -0400] "GET /umzugsunternehmen-buchholz-in-der-nordheide/ HTTP/1.1" 404 1251 "-" "Mozilla/5.0 (compatible; ImagesiftBot; +imagesift.com)"
64.124.8.134 - - [03/Apr/2025:17:17:13 -0400] "GET /category/activity/page/104/ HTTP/1.1" 404 1251 "-" "Mozilla/5.0 (compatible; ImagesiftBot; +imagesift.com)"
64.124.8.134 - - [03/Apr/2025:17:17:33 -0400] "GET /income-tax-consultant-in-pune/ HTTP/1.1" 404 1251 "-" "Mozilla/5.0 (compatible; ImagesiftBot; +imagesift.com)"
64.124.8.134 - - [03/Apr/2025:17:17:39 -0400] "GET /how-to-compare-personal-loans-in-singapore/ HTTP/1.1" 404 1251 "-" "Mozilla/5.0 (compatible; ImagesiftBot; +imagesift.com)"
64.124.8.134 - - [03/Apr/2025:17:18:08 -0400] "GET /wp-json/wp/v2/posts/253 HTTP/1.1" 404 1251 "-" "Mozilla/5.0 (compatible; ImagesiftBot; +imagesift.com)"
64.124.8.134 - - [03/Apr/2025:17:18:19 -0400] "GET /wp-json/wp/v2/posts/2823 HTTP/1.1" 404 1251 "-" "Mozilla/5.0 (compatible; ImagesiftBot; +imagesift.com)"
64.124.8.134 - - [03/Apr/2025:17:18:23 -0400] "GET /wp-json/wp/v2/posts/318 HTTP/1.1" 404 1251 "-" "Mozilla/5.0 (compatible; ImagesiftBot; +imagesift.com)"
64.124.8.134 - - [03/Apr/2025:17:18:53 -0400] "GET /how-a-cold-drawing-machine-works/ HTTP/1.1" 404 1251 "-" "Mozilla/5.0 (compatible; ImagesiftBot; +imagesift.com)"
64.124.8.134 - - [03/Apr/2025:17:18:59 -0400] "GET /attraction-of-online-gambling-sites/ HTTP/1.1" 404 1251 "-" "Mozilla/5.0 (compatible; ImagesiftBot; +imagesift.com)"
64.124.8.134 - - [03/Apr/2025:17:19:02 -0400] "GET /prenoms-bebes-quebec/ HTTP/1.1" 404 1251 "-" "Mozilla/5.0 (compatible; ImagesiftBot; +imagesift.com)"
64.124.8.134 - - [03/Apr/2025:17:19:03 -0400] "GET /wp-json/wp/v2/posts/598 HTTP/1.1" 404 1251 "-" "Mozilla/5.0 (compatible; ImagesiftBot; +imagesift.com)"
64.124.8.134 - - [03/Apr/2025:17:19:07 -0400] "GET /how-to-find-michael-kors-bags-for-cheap/ HTTP/1.1" 404 1251 "-" "Mozilla/5.0 (compatible; ImagesiftBot; +imagesift.com)"
64.124.8.134 - - [03/Apr/2025:17:19:14 -0400] "GET /wp-json/wp/v2/posts/1862 HTTP/1.1" 404 1251 "-" "Mozilla/5.0 (compatible; ImagesiftBot; +imagesift.com)"
64.124.8.134 - - [03/Apr/2025:17:19:34 -0400] "GET /wp-json/wp/v2/posts/1332 HTTP/1.1" 404 1251 "-" "Mozilla/5.0 (compatible; ImagesiftBot; +imagesift.com)"
64.124.8.134 - - [03/Apr/2025:17:19:44 -0400] "GET /sistemas-de-apuestas-deportivas-para-la-nba-y-la-ncaa/ HTTP/1.1" 404 0 "-" "Mozilla/5.0 (compatible; ImagesiftBot; +imagesift.com)"
64.124.8.134 - - [03/Apr/2025:17:20:00 -0400] "GET /wp-json/wp/v2/posts/2301 HTTP/1.1" 404 1251 "-" "Mozilla/5.0 (compatible; ImagesiftBot; +imagesift.com)"
64.124.8.134 - - [03/Apr/2025:17:20:06 -0400] "GET /the-importance-of-symbols-and-paylines-in-online-slots/ HTTP/1.1" 404 0 "-" "Mozilla/5.0 (compatible; ImagesiftBot; +imagesift.com)"
64.124.8.134 - - [03/Apr/2025:17:20:18 -0400] "GET /wp-json/wp/v2/posts/2633 HTTP/1.1" 404 1251 "-" "Mozilla/5.0 (compatible; ImagesiftBot; +imagesift.com)"
64.124.8.134 - - [03/Apr/2025:17:20:20 -0400] "GET /oxidiertes-silber-reinigen/ HTTP/1.1" 404 1251 "-" "Mozilla/5.0 (compatible; ImagesiftBot; +imagesift.com)"
64.124.8.134 - - [03/Apr/2025:17:20:47 -0400] "GET /black-and-gold-bedside-lamps/ HTTP/1.1" 404 1251 "-" "Mozilla/5.0 (compatible; ImagesiftBot; +imagesift.com)"
64.124.8.134 - - [03/Apr/2025:17:21:24 -0400] "GET /5-piece-wall-art/ HTTP/1.1" 404 0 "-" "Mozilla/5.0 (compatible; ImagesiftBot; +imagesift.com)"
64.124.8.134 - - [03/Apr/2025:17:21:33 -0400] "GET /wp-json/wp/v2/posts/1466 HTTP/1.1" 404 1251 "-" "Mozilla/5.0 (compatible; ImagesiftBot; +imagesift.com)"
64.124.8.134 - - [03/Apr/2025:17:22:05 -0400] "GET /best-massage-gun/ HTTP/1.1" 404 1251 "-" "Mozilla/5.0 (compatible; ImagesiftBot; +imagesift.com)"
64.124.8.134 - - [03/Apr/2025:17:22:33 -0400] "GET /wp-json/wp/v2/posts/1268 HTTP/1.1" 404 1251 "-" "Mozilla/5.0 (compatible; ImagesiftBot; +imagesift.com)"
64.124.8.134 - - [03/Apr/2025:17:22:47 -0400] "GET /unveiling-luxury-exploring-the-arden-showflat/ HTTP/1.1" 404 0 "-" "Mozilla/5.0 (compatible; ImagesiftBot; +imagesift.com)"
64.124.8.134 - - [03/Apr/2025:17:22:49 -0400] "GET /wp-json/wp/v2/posts/1340 HTTP/1.1" 404 1251 "-" "Mozilla/5.0 (compatible; ImagesiftBot; +imagesift.com)"
114.119.135.139 - - [03/Apr/2025:17:22:58 -0400] "GET /dp/B085G63QHT?ref=MarsFS_AUCC_lr HTTP/1.1" 404 1251 "https://alualufoil.com/?ND" "Mozilla/5.0 (Linux; Android 7.0;) AppleWebKit/537.36 (KHTML, like Gecko) Mobile Safari/537.36 (compatible; PetalBot;+https://webmaster.petalsearch.com/site/petalbot)"
64.124.8.134 - - [03/Apr/2025:17:23:00 -0400] "GET /wp-json/wp/v2/posts/579 HTTP/1.1" 404 1251 "-" "Mozilla/5.0 (compatible; ImagesiftBot; +imagesift.com)"
64.124.8.134 - - [03/Apr/2025:17:23:10 -0400] "GET /wp-json/wp/v2/posts/526 HTTP/1.1" 404 1251 "-" "Mozilla/5.0 (compatible; ImagesiftBot; +imagesift.com)"
64.124.8.134 - - [03/Apr/2025:17:23:29 -0400] "GET /so-erstellen-sie-eine-bilanz/ HTTP/1.1" 404 1251 "-" "Mozilla/5.0 (compatible; ImagesiftBot; +imagesift.com)"
64.124.8.134 - - [03/Apr/2025:17:23:38 -0400] "GET /unveiling-the-controversial-trend-the-rise-of-skin-whitening-injections/ HTTP/1.1" 404 1251 "-" "Mozilla/5.0 (compatible; ImagesiftBot; +imagesift.com)"
64.124.8.134 - - [03/Apr/2025:17:24:09 -0400] "GET /wp-json/wp/v2/posts/1142 HTTP/1.1" 404 1251 "-" "Mozilla/5.0 (compatible; ImagesiftBot; +imagesift.com)"
114.119.135.139 - - [03/Apr/2025:17:24:22 -0400] "GET /category/activity/page/88/ HTTP/1.1" 404 1251 "https://alualufoil.com/category/activity/page/88/" "Mozilla/5.0 (Linux; Android 7.0;) AppleWebKit/537.36 (KHTML, like Gecko) Mobile Safari/537.36 (compatible; PetalBot;+https://webmaster.petalsearch.com/site/petalbot)"
64.124.8.134 - - [03/Apr/2025:17:24:52 -0400] "GET /wp-json/wp/v2/posts/1474 HTTP/1.1" 404 1251 "-" "Mozilla/5.0 (compatible; ImagesiftBot; +imagesift.com)"
64.124.8.134 - - [03/Apr/2025:17:24:55 -0400] "GET /wp-json/wp/v2/posts/150 HTTP/1.1" 404 1251 "-" "Mozilla/5.0 (compatible; ImagesiftBot; +imagesift.com)"
64.124.8.134 - - [03/Apr/2025:17:24:58 -0400] "GET /gadget-aziendali/ HTTP/1.1" 404 1251 "-" "Mozilla/5.0 (compatible; ImagesiftBot; +imagesift.com)"
66.249.66.12 - - [03/Apr/2025:17:24:59 -0400] "GET /post-sitemap2.xml HTTP/1.1" 404 1251 "-" "Mozilla/5.0 (compatible; Googlebot/2.1; +http://www.google.com/bot.html)"
64.124.8.134 - - [03/Apr/2025:17:24:59 -0400] "GET /taille-poster/ HTTP/1.1" 404 1251 "-" "Mozilla/5.0 (compatible; ImagesiftBot; +imagesift.com)"
64.124.8.134 - - [03/Apr/2025:17:25:12 -0400] "GET /winnie-the-pooh-quotes-to-inspire-change/ HTTP/1.1" 404 1251 "-" "Mozilla/5.0 (compatible; ImagesiftBot; +imagesift.com)"
64.124.8.134 - - [03/Apr/2025:17:25:19 -0400] "GET /devoilement-de-la-menace-furtive-comprendre-la-parodontite/ HTTP/1.1" 404 1251 "-" "Mozilla/5.0 (compatible; ImagesiftBot; +imagesift.com)"
64.124.8.134 - - [03/Apr/2025:17:25:25 -0400] "GET /wp-json/wp/v2/posts/818 HTTP/1.1" 404 1251 "-" "Mozilla/5.0 (compatible; ImagesiftBot; +imagesift.com)"
64.124.8.134 - - [03/Apr/2025:17:25:34 -0400] "GET /top-vacuum-pumps/ HTTP/1.1" 404 1251 "-" "Mozilla/5.0 (compatible; ImagesiftBot; +imagesift.com)"
114.119.155.81 - - [03/Apr/2025:17:25:45 -0400] "GET /2022/02/ HTTP/1.1" 404 1251 "https://alualufoil.com/category/activity/page/147/" "Mozilla/5.0 (Linux; Android 7.0;) AppleWebKit/537.36 (KHTML, like Gecko) Mobile Safari/537.36 (compatible; PetalBot;+https://webmaster.petalsearch.com/site/petalbot)"
64.124.8.134 - - [03/Apr/2025:17:25:48 -0400] "GET /wp-json/wp/v2/posts/1680 HTTP/1.1" 404 1251 "-" "Mozilla/5.0 (compatible; ImagesiftBot; +imagesift.com)"
64.124.8.134 - - [03/Apr/2025:17:26:23 -0400] "GET /wp-json/wp/v2/posts/1078 HTTP/1.1" 404 1251 "-" "Mozilla/5.0 (compatible; ImagesiftBot; +imagesift.com)"
64.124.8.134 - - [03/Apr/2025:17:26:49 -0400] "GET /wild-horse-island-on-flathead-lake/ HTTP/1.1" 404 1251 "-" "Mozilla/5.0 (compatible; ImagesiftBot; +imagesift.com)"
64.124.8.134 - - [03/Apr/2025:17:27:17 -0400] "GET /how-do-you-deal-with-too-much-parking/ HTTP/1.1" 404 1251 "-" "Mozilla/5.0 (compatible; ImagesiftBot; +imagesift.com)"
64.124.8.134 - - [03/Apr/2025:17:27:35 -0400] "GET /wp-json/wp/v2/posts/1150 HTTP/1.1" 404 1251 "-" "Mozilla/5.0 (compatible; ImagesiftBot; +imagesift.com)"
64.124.8.134 - - [03/Apr/2025:17:27:37 -0400] "GET /wp-json/wp/v2/posts/442 HTTP/1.1" 404 1251 "-" "Mozilla/5.0 (compatible; ImagesiftBot; +imagesift.com)"
64.124.8.134 - - [03/Apr/2025:17:27:42 -0400] "GET /the-art-of-small-bathroom-renovation/ HTTP/1.1" 404 1251 "-" "Mozilla/5.0 (compatible; ImagesiftBot; +imagesift.com)"
64.124.8.134 - - [03/Apr/2025:17:27:44 -0400] "GET /wp-json/wp/v2/posts/507 HTTP/1.1" 404 1251 "-" "Mozilla/5.0 (compatible; ImagesiftBot; +imagesift.com)"
64.124.8.134 - - [03/Apr/2025:17:27:46 -0400] "GET /a-guide-to-buying-the-right-sleeping-bag/ HTTP/1.1" 404 1251 "-" "Mozilla/5.0 (compatible; ImagesiftBot; +imagesift.com)"
64.124.8.134 - - [03/Apr/2025:17:28:06 -0400] "GET /quit-smoking-products/ HTTP/1.1" 404 1251 "-" "Mozilla/5.0 (compatible; ImagesiftBot; +imagesift.com)"
64.124.8.134 - - [03/Apr/2025:17:28:10 -0400] "GET /upload-big-files/ HTTP/1.1" 404 1251 "-" "Mozilla/5.0 (compatible; ImagesiftBot; +imagesift.com)"
64.124.8.134 - - [03/Apr/2025:17:28:56 -0400] "GET /wp-json/wp/v2/posts/1729 HTTP/1.1" 404 1251 "-" "Mozilla/5.0 (compatible; ImagesiftBot; +imagesift.com)"
64.124.8.134 - - [03/Apr/2025:17:29:13 -0400] "GET /a-dewormer-for-cancer-may-be-your-dogs-best-friend/ HTTP/1.1" 404 1251 "-" "Mozilla/5.0 (compatible; ImagesiftBot; +imagesift.com)"
64.124.8.134 - - [03/Apr/2025:17:29:35 -0400] "GET /buy-youtube-live-stream-views/ HTTP/1.1" 404 1251 "-" "Mozilla/5.0 (compatible; ImagesiftBot; +imagesift.com)"
64.124.8.134 - - [03/Apr/2025:17:29:38 -0400] "GET /wp-json/wp/v2/posts/2451 HTTP/1.1" 404 1251 "-" "Mozilla/5.0 (compatible; ImagesiftBot; +imagesift.com)"
64.124.8.134 - - [03/Apr/2025:17:29:40 -0400] "GET /instant-gratification-at-a-price/ HTTP/1.1" 404 1251 "-" "Mozilla/5.0 (compatible; ImagesiftBot; +imagesift.com)"
64.124.8.134 - - [03/Apr/2025:17:29:46 -0400] "GET /wp-json/wp/v2/posts/184 HTTP/1.1" 404 1251 "-" "Mozilla/5.0 (compatible; ImagesiftBot; +imagesift.com)"
64.124.8.134 - - [03/Apr/2025:17:30:17 -0400] "GET /wp-json/wp/v2/posts/1284 HTTP/1.1" 404 0 "-" "Mozilla/5.0 (compatible; ImagesiftBot; +imagesift.com)"
64.124.8.134 - - [03/Apr/2025:17:30:26 -0400] "GET /commentaires-sur-les-pantoufles-en-peluche/ HTTP/1.1" 404 1251 "-" "Mozilla/5.0 (compatible; ImagesiftBot; +imagesift.com)"
52.167.144.172 - - [03/Apr/2025:17:30:47 -0400] "GET /lampe-de-chevet-design/ HTTP/1.1" 404 1251 "-" "Mozilla/5.0 AppleWebKit/537.36 (KHTML, like Gecko; compatible; bingbot/2.0; +http://www.bing.com/bingbot.htm) Chrome/116.0.1938.76 Safari/537.36"
207.46.13.126 - - [03/Apr/2025:17:30:50 -0400] "GET /revolutionizing-your-daily-routine/ HTTP/1.1" 404 1251 "-" "Mozilla/5.0 AppleWebKit/537.36 (KHTML, like Gecko; compatible; bingbot/2.0; +http://www.bing.com/bingbot.htm) Chrome/116.0.1938.76 Safari/537.36"
52.167.144.172 - - [03/Apr/2025:17:31:15 -0400] "GET /vietnam-motorbike-tours-the-iti-holiday-prize-draw/ HTTP/1.1" 404 1251 "-" "Mozilla/5.0 AppleWebKit/537.36 (KHTML, like Gecko; compatible; bingbot/2.0; +http://www.bing.com/bingbot.htm) Chrome/116.0.1938.76 Safari/537.36"
64.124.8.134 - - [03/Apr/2025:17:31:31 -0400] "GET /wp-json/wp/v2/posts/131 HTTP/1.1" 404 1251 "-" "Mozilla/5.0 (compatible; ImagesiftBot; +imagesift.com)"
64.124.8.134 - - [03/Apr/2025:17:31:49 -0400] "GET /wp-json/wp/v2/posts/2253 HTTP/1.1" 404 1251 "-" "Mozilla/5.0 (compatible; ImagesiftBot; +imagesift.com)"
64.124.8.134 - - [03/Apr/2025:17:32:29 -0400] "GET /wp-json/wp/v2/posts/734 HTTP/1.1" 404 1251 "-" "Mozilla/5.0 (compatible; ImagesiftBot; +imagesift.com)"
64.124.8.134 - - [03/Apr/2025:17:32:35 -0400] "GET /wp-json/wp/v2/posts/2585 HTTP/1.1" 404 1251 "-" "Mozilla/5.0 (compatible; ImagesiftBot; +imagesift.com)"
64.124.8.134 - - [03/Apr/2025:17:32:37 -0400] "GET /custom-wardrobe-closet/ HTTP/1.1" 404 1251 "-" "Mozilla/5.0 (compatible; ImagesiftBot; +imagesift.com)"
64.124.8.134 - - [03/Apr/2025:17:32:45 -0400] "GET /a-gateway-to-diversity/ HTTP/1.1" 404 1251 "-" "Mozilla/5.0 (compatible; ImagesiftBot; +imagesift.com)"
64.124.8.134 - - [03/Apr/2025:17:32:47 -0400] "GET /wp-json/wp/v2/posts/1490 HTTP/1.1" 404 1251 "-" "Mozilla/5.0 (compatible; ImagesiftBot; +imagesift.com)"
52.167.144.198 - - [03/Apr/2025:17:32:54 -0400] "GET /commentaires-sur-les-pantoufles-en-peluche/ HTTP/1.1" 404 1251 "-" "Mozilla/5.0 AppleWebKit/537.36 (KHTML, like Gecko; compatible; bingbot/2.0; +http://www.bing.com/bingbot.htm) Chrome/116.0.1938.76 Safari/537.36"
64.124.8.134 - - [03/Apr/2025:17:33:14 -0400] "GET /apply-for-jobs-online/ HTTP/1.1" 404 1251 "-" "Mozilla/5.0 (compatible; ImagesiftBot; +imagesift.com)"
64.124.8.134 - - [03/Apr/2025:17:33:17 -0400] "GET /instagram-likes/ HTTP/1.1" 404 1251 "-" "Mozilla/5.0 (compatible; ImagesiftBot; +imagesift.com)"
64.124.8.134 - - [03/Apr/2025:17:34:02 -0400] "GET /wp-json/wp/v2/posts/1207 HTTP/1.1" 404 0 "-" "Mozilla/5.0 (compatible; ImagesiftBot; +imagesift.com)"
64.124.8.134 - - [03/Apr/2025:17:34:04 -0400] "GET /wp-json/wp/v2/posts/423 HTTP/1.1" 404 1251 "-" "Mozilla/5.0 (compatible; ImagesiftBot; +imagesift.com)"
64.124.8.134 - - [03/Apr/2025:17:34:10 -0400] "GET /wp-json/wp/v2/posts/961 HTTP/1.1" 404 1251 "-" "Mozilla/5.0 (compatible; ImagesiftBot; +imagesift.com)"
64.124.8.134 - - [03/Apr/2025:17:34:19 -0400] "GET /unlocking-career-success-the-top-online-resume-writing-services/ HTTP/1.1" 404 1251 "-" "Mozilla/5.0 (compatible; ImagesiftBot; +imagesift.com)"
