51.222.253.12 - - [30/Mar/2025:04:31:30 -0400] "GET /is-bimatoprost-available-in-the-uk/feed/ HTTP/1.1" 404 1251 "-" "Mozilla/5.0 (compatible; AhrefsBot/7.0; +http://ahrefs.com/robot/)"
198.54.114.83 - - [30/Mar/2025:04:32:31 -0400] "POST /wp-cron.php?doing_wp_cron=1743323551.2513029575347900390625 HTTP/1.1" 200 0 "-" "WordPress/6.7.2; https://alualufoil.com"
63.135.161.201 - - [30/Mar/2025:04:32:25 -0400] "GET /wp-login.php HTTP/1.1" 200 1711 "-" "Mozilla/5.0 (Windows NT 10.0; Win64; x64) AppleWebKit/537.36 (KHTML, like Gecko) Chrome/115.0.0.0 Safari/537.36 Edg/115.0.1901.203"
198.54.114.83 - - [30/Mar/2025:04:32:33 -0400] "POST /wp-admin/admin-ajax.php?action=async_litespeed&nonce=pK2UbBLRbvSh7l3BDdpCLjL0rbozcaVr&litespeed_type=imgoptm HTTP/1.1" 200 0 "-" "WordPress/6.7.2; https://alualufoil.com"
216.73.161.1 - - [30/Mar/2025:04:32:33 -0400] "POST /wp-login.php HTTP/1.1" 200 1850 "https://alualufoil.com/wp-login.php" "Mozilla/5.0 (Windows NT 10.0; Win64; x64) AppleWebKit/537.36 (KHTML, like Gecko) Chrome/115.0.0.0 Safari/537.36 Edg/115.0.1901.203"
51.222.253.4 - - [30/Mar/2025:04:32:51 -0400] "GET /the-growing-appeal-of-online-casinos/feed/ HTTP/1.1" 404 1251 "-" "Mozilla/5.0 (compatible; AhrefsBot/7.0; +http://ahrefs.com/robot/)"
51.222.253.5 - - [30/Mar/2025:04:34:10 -0400] "GET /verhandlungstraining-vertrieb/feed/ HTTP/1.1" 404 1251 "-" "Mozilla/5.0 (compatible; AhrefsBot/7.0; +http://ahrefs.com/robot/)"
51.222.253.10 - - [30/Mar/2025:04:35:30 -0400] "GET /livsstilscoaching/feed/ HTTP/1.1" 404 1251 "-" "Mozilla/5.0 (compatible; AhrefsBot/7.0; +http://ahrefs.com/robot/)"
51.222.253.10 - - [30/Mar/2025:04:36:57 -0400] "GET /making-an-interesting-and-famous-video-for-youtube/feed/ HTTP/1.1" 404 1251 "-" "Mozilla/5.0 (compatible; AhrefsBot/7.0; +http://ahrefs.com/robot/)"
51.222.253.18 - - [30/Mar/2025:04:38:19 -0400] "GET /microgaming-and-the-history-of-online-gambling/feed/ HTTP/1.1" 404 1251 "-" "Mozilla/5.0 (compatible; AhrefsBot/7.0; +http://ahrefs.com/robot/)"
51.222.253.13 - - [30/Mar/2025:04:39:41 -0400] "GET /unlocking-radiance-the-power-of-vita-glow-cream/feed/ HTTP/1.1" 404 1251 "-" "Mozilla/5.0 (compatible; AhrefsBot/7.0; +http://ahrefs.com/robot/)"
51.222.253.5 - - [30/Mar/2025:04:41:11 -0400] "GET /how-to-paint-by-numbers-your-own-picture/feed/ HTTP/1.1" 404 1251 "-" "Mozilla/5.0 (compatible; AhrefsBot/7.0; +http://ahrefs.com/robot/)"
51.222.253.4 - - [30/Mar/2025:04:42:28 -0400] "GET /exploring-existential-cinema-a-journey-into-meaning-and-absurdity/feed/ HTTP/1.1" 404 1251 "-" "Mozilla/5.0 (compatible; AhrefsBot/7.0; +http://ahrefs.com/robot/)"
51.222.253.15 - - [30/Mar/2025:04:43:48 -0400] "GET /talbina/feed/ HTTP/1.1" 404 1251 "-" "Mozilla/5.0 (compatible; AhrefsBot/7.0; +http://ahrefs.com/robot/)"
51.222.253.4 - - [30/Mar/2025:04:45:12 -0400] "GET /revolutionizing-computational-efficiency/feed/ HTTP/1.1" 404 1251 "-" "Mozilla/5.0 (compatible; AhrefsBot/7.0; +http://ahrefs.com/robot/)"
13.214.35.67 - - [30/Mar/2025:04:44:01 -0400] "POST /wp-login.php HTTP/1.1" 200 0 "-" "Mozlila/5.0 (Linux; Android 7.0; SM-G892A Bulid/NRD90M; wv) AppleWebKit/537.36 (KHTML, like Gecko) Version/4.0 Chrome/60.0.3112.107 Moblie Safari/537.36"
198.54.114.83 - - [30/Mar/2025:04:45:49 -0400] "POST /wp-cron.php?doing_wp_cron=1743324349.2852718830108642578125 HTTP/1.1" 200 0 "-" "WordPress/6.7.2; https://alualufoil.com"
13.214.35.67 - - [30/Mar/2025:04:45:42 -0400] "GET /wp-admin/plugin-install.php?tab=upload HTTP/1.1" 302 0 "-" "Mozlila/5.0 (Linux; Android 7.0; SM-G892A Bulid/NRD90M; wv) AppleWebKit/537.36 (KHTML, like Gecko) Version/4.0 Chrome/60.0.3112.107 Moblie Safari/537.36"
13.214.35.67 - - [30/Mar/2025:04:45:50 -0400] "GET /wp-login.php?redirect_to=https%3A%2F%2Falualufoil.com%2Fwp-admin%2Fplugin-install.php%3Ftab%3Dupload&reauth=1 HTTP/1.1" 200 1735 "-" "Mozlila/5.0 (Linux; Android 7.0; SM-G892A Bulid/NRD90M; wv) AppleWebKit/537.36 (KHTML, like Gecko) Version/4.0 Chrome/60.0.3112.107 Moblie Safari/537.36"
198.54.114.83 - - [30/Mar/2025:04:45:50 -0400] "POST /wp-admin/admin-ajax.php?action=async_litespeed&nonce=MnKS7C1D3FhfVh9T6HYvmGVbipgQ8rPW&litespeed_type=imgoptm HTTP/1.1" 200 5 "-" "WordPress/6.7.2; https://alualufoil.com"
51.222.253.20 - - [30/Mar/2025:04:46:33 -0400] "GET /5-tips-for-women-travelers-on-packing-less-to-avoid-luggage-fees/feed/ HTTP/1.1" 404 1251 "-" "Mozilla/5.0 (compatible; AhrefsBot/7.0; +http://ahrefs.com/robot/)"
51.222.253.18 - - [30/Mar/2025:04:47:53 -0400] "GET /5-aktivitaten-am-gardasee-italien/feed/ HTTP/1.1" 404 1251 "-" "Mozilla/5.0 (compatible; AhrefsBot/7.0; +http://ahrefs.com/robot/)"
172.208.68.51 - - [30/Mar/2025:04:49:02 -0400] "POST /wp-login.php HTTP/1.1" 200 0 "-" "Mozilla/5.0 (X11; Linux x86_64) AppleWebKit/537.36 (KHTML, like Gecko) Chrome/90.0.4430.212 Safari/537.36"
51.222.253.16 - - [30/Mar/2025:04:49:19 -0400] "GET /italian-kitchen-cabinets/feed/ HTTP/1.1" 404 1251 "-" "Mozilla/5.0 (compatible; AhrefsBot/7.0; +http://ahrefs.com/robot/)"
51.222.253.1 - - [30/Mar/2025:04:50:55 -0400] "GET /a-personalized-touch-to-cherish-forever/feed/ HTTP/1.1" 404 1251 "-" "Mozilla/5.0 (compatible; AhrefsBot/7.0; +http://ahrefs.com/robot/)"
51.222.253.5 - - [30/Mar/2025:04:52:18 -0400] "GET /choosing-the-best-kitchen-cabinets-for-your-home/feed/ HTTP/1.1" 404 1251 "-" "Mozilla/5.0 (compatible; AhrefsBot/7.0; +http://ahrefs.com/robot/)"
51.222.253.12 - - [30/Mar/2025:04:53:46 -0400] "GET /global-logistics-the-essentials-of-international-shipping/feed/ HTTP/1.1" 404 1251 "-" "Mozilla/5.0 (compatible; AhrefsBot/7.0; +http://ahrefs.com/robot/)"
136.243.228.179 - - [30/Mar/2025:04:54:38 -0400] "GET /un-apercu-les-couvertures-electriques-sunbeam/ HTTP/1.1" 404 1251 "-" "Mozilla/5.0 (compatible; DataForSeoBot/1.0; +https://dataforseo.com/dataforseo-bot)"
51.222.253.6 - - [30/Mar/2025:04:55:13 -0400] "GET /unleashing-your-pets-personality-custom-pet-portraits/feed/ HTTP/1.1" 404 1251 "-" "Mozilla/5.0 (compatible; AhrefsBot/7.0; +http://ahrefs.com/robot/)"
51.222.253.12 - - [30/Mar/2025:04:56:38 -0400] "GET /agence-google-ads-paris/feed/ HTTP/1.1" 404 1251 "-" "Mozilla/5.0 (compatible; AhrefsBot/7.0; +http://ahrefs.com/robot/)"
51.222.253.5 - - [30/Mar/2025:04:58:22 -0400] "GET /how-to-make-purple-moon-rocks/feed/ HTTP/1.1" 404 1251 "-" "Mozilla/5.0 (compatible; AhrefsBot/7.0; +http://ahrefs.com/robot/)"
66.249.73.131 - - [30/Mar/2025:04:58:45 -0400] "GET /robots.txt HTTP/1.1" 304 0 "-" "Mozilla/5.0 (compatible; Googlebot/2.1; +http://www.google.com/bot.html)"
66.249.73.131 - - [30/Mar/2025:04:58:45 -0400] "GET /the-best-cbd-uk-brands-and-products/ HTTP/1.1" 404 1251 "-" "Mozilla/5.0 (Linux; Android 6.0.1; Nexus 5X Build/MMB29P) AppleWebKit/537.36 (KHTML, like Gecko) Chrome/134.0.6998.165 Mobile Safari/537.36 (compatible; Googlebot/2.1; +http://www.google.com/bot.html)"
110.249.202.42 - - [30/Mar/2025:04:59:22 -0400] "GET /hz/reviews-render/report-review?csrfT=hI7SZljMN8bG2ire57mKHlD4fY6c8uVTvZXytn4fYPolAAAAAGcq7rEAAAAB&ie=UTF8&ref=cm_cr_dp_d_report&reviewId=R1PEI6HEVK2UIC HTTP/1.1" 404 1251 "-" "Mozilla/5.0 (Linux; Android 5.0) AppleWebKit/537.36 (KHTML, like Gecko) Mobile Safari/537.36 (compatible; Bytespider; https://zhanzhang.toutiao.com/)"
51.222.253.1 - - [30/Mar/2025:04:59:47 -0400] "GET /rhinoplasty-cyprus/feed/ HTTP/1.1" 404 1251 "-" "Mozilla/5.0 (compatible; AhrefsBot/7.0; +http://ahrefs.com/robot/)"
51.222.253.4 - - [30/Mar/2025:05:01:21 -0400] "GET /a-new-era-in-gambling/feed/ HTTP/1.1" 404 1251 "-" "Mozilla/5.0 (compatible; AhrefsBot/7.0; +http://ahrefs.com/robot/)"
51.222.253.14 - - [30/Mar/2025:05:02:57 -0400] "GET /exploring-the-excitement-of-online-lottery-games/feed/ HTTP/1.1" 404 1251 "-" "Mozilla/5.0 (compatible; AhrefsBot/7.0; +http://ahrefs.com/robot/)"
51.222.253.10 - - [30/Mar/2025:05:04:17 -0400] "GET /exploring-rainbow-riches/feed/ HTTP/1.1" 404 1251 "-" "Mozilla/5.0 (compatible; AhrefsBot/7.0; +http://ahrefs.com/robot/)"
51.222.253.14 - - [30/Mar/2025:05:05:48 -0400] "GET /essential-roofing-repair-practices/feed/ HTTP/1.1" 404 1251 "-" "Mozilla/5.0 (compatible; AhrefsBot/7.0; +http://ahrefs.com/robot/)"
51.222.253.4 - - [30/Mar/2025:05:07:11 -0400] "GET /exploring-the-future-of-decentralized-finance-the-rise-of-ceti-crypto/feed/ HTTP/1.1" 404 1251 "-" "Mozilla/5.0 (compatible; AhrefsBot/7.0; +http://ahrefs.com/robot/)"
18.97.9.97 - - [30/Mar/2025:05:08:30 -0400] "GET / HTTP/1.1" 200 156100 "-" "Mozilla/5.0 AppleWebKit/537.36 (KHTML, like Gecko; compatible; PerplexityBot/1.0; +https://perplexity.ai/perplexitybot)"
51.222.253.3 - - [30/Mar/2025:05:08:34 -0400] "GET /the-socks-factory-production-process/ HTTP/1.1" 404 1251 "-" "Mozilla/5.0 (compatible; AhrefsBot/7.0; +http://ahrefs.com/robot/)"
51.222.253.7 - - [30/Mar/2025:05:09:58 -0400] "GET /lampe-de-chevet-design/feed/ HTTP/1.1" 404 1251 "-" "Mozilla/5.0 (compatible; AhrefsBot/7.0; +http://ahrefs.com/robot/)"
51.222.253.20 - - [30/Mar/2025:05:11:44 -0400] "GET /wie-ein-verhandlungstrainer-ihre-karriere-verandern-kann/feed/ HTTP/1.1" 404 1251 "-" "Mozilla/5.0 (compatible; AhrefsBot/7.0; +http://ahrefs.com/robot/)"
196.251.71.229 - - [30/Mar/2025:05:12:20 -0400] "GET /wp-content/themes/seotheme/db.php?u HTTP/1.1" 404 1251 "www.google.com" "Mozlila/5.0 (Linux; Android 7.0; SM-G892A Bulid/NRD90M; wv) AppleWebKit/537.36 (KHTML, like Gecko) Version/4.0 Chrome/60.0.3112.107 Moblie Safari/537.36"
196.251.71.229 - - [30/Mar/2025:05:12:20 -0400] "POST /wp-plain.php HTTP/1.1" 404 1251 "www.google.com" "Mozilla/5.0 (Linux; Android 7.0; SM-G892A Bulid/NRD90M; wv) AppleWebKit/537.36 (KHTML, like Gecko) Version/4.0 Chrome/60.0.3112.107 Moblie Safari/537.36"
196.251.71.229 - - [30/Mar/2025:05:12:21 -0400] "GET /kthwzlzs.php?Fox=d3wL7 HTTP/1.1" 404 1251 "www.google.com" "Mozilla/5.0 (Linux; Android 7.0; SM-G892A Bulid/NRD90M; wv) AppleWebKit/537.36 (KHTML, like Gecko) Version/4.0 Chrome/60.0.3112.107 Moblie Safari/537.36"
51.222.253.10 - - [30/Mar/2025:05:13:35 -0400] "GET /the-allure-of-custom-pet-portraits/feed/ HTTP/1.1" 404 1251 "-" "Mozilla/5.0 (compatible; AhrefsBot/7.0; +http://ahrefs.com/robot/)"
51.222.253.18 - - [30/Mar/2025:05:15:08 -0400] "GET /reeling-in-serenity-a-fishing-retreat-to-remember/feed/ HTTP/1.1" 404 1251 "-" "Mozilla/5.0 (compatible; AhrefsBot/7.0; +http://ahrefs.com/robot/)"
185.191.171.12 - - [30/Mar/2025:05:15:11 -0400] "GET /gitarrenkurs-fdr-anfdnge/ HTTP/1.1" 404 1251 "-" "Mozilla/5.0 (compatible; SemrushBot/7~bl; +http://www.semrush.com/bot.html)"
51.222.253.15 - - [30/Mar/2025:05:16:37 -0400] "GET /unlocking-the-benefits-of-montalin-herb-capsules-a-natural-remedy-for-wellness/feed/ HTTP/1.1" 404 1251 "-" "Mozilla/5.0 (compatible; AhrefsBot/7.0; +http://ahrefs.com/robot/)"
51.222.253.13 - - [30/Mar/2025:05:17:57 -0400] "GET /online-gambling-is-more-harmful-than-land-based-gaming/feed/ HTTP/1.1" 404 1251 "-" "Mozilla/5.0 (compatible; AhrefsBot/7.0; +http://ahrefs.com/robot/)"
152.44.106.116 - - [30/Mar/2025:05:17:58 -0400] "GET /understanding-micropayments HTTP/1.1" 404 1251 "-" "Mozilla/5.0 (X11; Linux x86_64) AppleWebKit/537.36 (KHTML, like Gecko) Chrome/133.0.0.0 Safari/537.36"
152.44.106.116 - - [30/Mar/2025:05:17:58 -0400] "GET /favicon.ico HTTP/1.1" 404 1251 "https://alualufoil.com/understanding-micropayments" "Mozilla/5.0 (X11; Linux x86_64) AppleWebKit/537.36 (KHTML, like Gecko) Chrome/133.0.0.0 Safari/537.36"
51.222.253.12 - - [30/Mar/2025:05:19:21 -0400] "GET /what-does-the-moon-mean-on-iphone-messages/feed/ HTTP/1.1" 404 1251 "-" "Mozilla/5.0 (compatible; AhrefsBot/7.0; +http://ahrefs.com/robot/)"
51.222.253.8 - - [30/Mar/2025:05:21:01 -0400] "GET /runner-rugs-for-stairs/feed/ HTTP/1.1" 404 1251 "-" "Mozilla/5.0 (compatible; AhrefsBot/7.0; +http://ahrefs.com/robot/)"
18.116.162.27 - - [30/Mar/2025:05:21:37 -0400] "GET /.git/config HTTP/1.1" 403 1242 "-" "Mozilla/5.0 (Kubuntu; Linux i686) AppleWebKit/537.36 (KHTML, like Gecko) Chrome/126.0.0.0 Safari/537.36"
51.222.253.13 - - [30/Mar/2025:05:22:24 -0400] "GET /finding-a-divorce-lawyer-in-haifa/feed/ HTTP/1.1" 404 1251 "-" "Mozilla/5.0 (compatible; AhrefsBot/7.0; +http://ahrefs.com/robot/)"
51.222.253.14 - - [30/Mar/2025:05:23:43 -0400] "GET /exploring-the-magic-of-rainbow-riches-casino/feed/ HTTP/1.1" 404 1251 "-" "Mozilla/5.0 (compatible; AhrefsBot/7.0; +http://ahrefs.com/robot/)"
51.222.253.5 - - [30/Mar/2025:05:25:03 -0400] "GET /maximizing-savings-at-baha-mar-smart-tips-for-your-vacation/feed/ HTTP/1.1" 404 1251 "-" "Mozilla/5.0 (compatible; AhrefsBot/7.0; +http://ahrefs.com/robot/)"
51.222.253.9 - - [30/Mar/2025:05:26:10 -0400] "GET /discover-the-magic-of-rainbow-riches-casino-a-comprehensive-guide/feed/ HTTP/1.1" 404 1251 "-" "Mozilla/5.0 (compatible; AhrefsBot/7.0; +http://ahrefs.com/robot/)"
51.222.253.2 - - [30/Mar/2025:05:27:34 -0400] "GET /a-modern-gambling-revolution/feed/ HTTP/1.1" 404 1251 "-" "Mozilla/5.0 (compatible; AhrefsBot/7.0; +http://ahrefs.com/robot/)"
51.222.253.19 - - [30/Mar/2025:05:29:08 -0400] "GET /what-does-the-crescent-moon-mean-on-iphone-text-messages/feed/ HTTP/1.1" 404 1251 "-" "Mozilla/5.0 (compatible; AhrefsBot/7.0; +http://ahrefs.com/robot/)"
51.222.253.20 - - [30/Mar/2025:05:30:36 -0400] "GET /the-art-of-high-quality-nude-photography/feed/ HTTP/1.1" 404 1251 "-" "Mozilla/5.0 (compatible; AhrefsBot/7.0; +http://ahrefs.com/robot/)"
198.54.114.83 - - [30/Mar/2025:05:31:10 -0400] "POST /wp-admin/admin-ajax.php?action=async_litespeed&nonce=bilobW6Slc0XKLF0UdKAlD4aOL11QxAK&litespeed_type=imgoptm HTTP/1.1" 200 5 "-" "WordPress/6.7.2; https://alualufoil.com"
51.222.253.6 - - [30/Mar/2025:05:32:16 -0400] "GET /specific-knowledge-about-motorbike-luggage/feed/ HTTP/1.1" 404 1251 "-" "Mozilla/5.0 (compatible; AhrefsBot/7.0; +http://ahrefs.com/robot/)"
111.225.149.245 - - [30/Mar/2025:05:33:23 -0400] "GET /dp/B0D484S271?ref=MarsFS_VICC_blinkhk HTTP/1.1" 404 1251 "-" "Mozilla/5.0 (Linux; Android 5.0) AppleWebKit/537.36 (KHTML, like Gecko) Mobile Safari/537.36 (compatible; Bytespider; https://zhanzhang.toutiao.com/)"
51.222.253.19 - - [30/Mar/2025:05:33:44 -0400] "GET /une-ville-au-charme-inegale-et-a-lheritage-riche/feed/ HTTP/1.1" 404 1251 "-" "Mozilla/5.0 (compatible; AhrefsBot/7.0; +http://ahrefs.com/robot/)"
51.222.253.4 - - [30/Mar/2025:05:35:06 -0400] "GET /tupperware-catalogue-5-original-ways-to-reuse-your-old-tupperware-catalogues/feed/ HTTP/1.1" 404 1251 "-" "Mozilla/5.0 (compatible; AhrefsBot/7.0; +http://ahrefs.com/robot/)"
51.222.253.16 - - [30/Mar/2025:05:36:27 -0400] "GET /une-technologie-precise-et-polyvalente/feed/ HTTP/1.1" 404 1251 "-" "Mozilla/5.0 (compatible; AhrefsBot/7.0; +http://ahrefs.com/robot/)"
51.222.253.12 - - [30/Mar/2025:05:37:49 -0400] "GET /unlocking-the-future-the-stake-oasis-protocol/feed/ HTTP/1.1" 404 1251 "-" "Mozilla/5.0 (compatible; AhrefsBot/7.0; +http://ahrefs.com/robot/)"
51.222.253.6 - - [30/Mar/2025:05:39:11 -0400] "GET /%E0%B8%AA%E0%B8%A5%E0%B9%87%E0%B8%AD%E0%B8%95888%E0%B8%97%E0%B8%94%E0%B8%A5%E0%B8%AD%E0%B8%87%E0%B9%80%E0%B8%A5%E0%B9%88%E0%B8%99%E0%B8%A1%E0%B8%B2%E0%B8%95%E0%B8%A3%E0%B8%90%E0%B8%B2%E0%B8%99/feed/ HTTP/1.1" 404 1251 "-" "Mozilla/5.0 (compatible; AhrefsBot/7.0; +http://ahrefs.com/robot/)"
51.222.253.7 - - [30/Mar/2025:05:40:37 -0400] "GET /tips-for-outsourcing-photo-editing/feed/ HTTP/1.1" 404 1251 "-" "Mozilla/5.0 (compatible; AhrefsBot/7.0; +http://ahrefs.com/robot/)"
51.222.253.5 - - [30/Mar/2025:05:42:04 -0400] "GET /unraveling-the-world-of-satta-king-an-in-depth-look/feed/ HTTP/1.1" 404 1251 "-" "Mozilla/5.0 (compatible; AhrefsBot/7.0; +http://ahrefs.com/robot/)"
51.222.253.10 - - [30/Mar/2025:05:43:24 -0400] "GET /cheap-flights-to-canada/feed/ HTTP/1.1" 404 1251 "-" "Mozilla/5.0 (compatible; AhrefsBot/7.0; +http://ahrefs.com/robot/)"
51.222.253.20 - - [30/Mar/2025:05:44:48 -0400] "GET /benefits-of-youtube/feed/ HTTP/1.1" 404 1251 "-" "Mozilla/5.0 (compatible; AhrefsBot/7.0; +http://ahrefs.com/robot/)"
213.180.203.217 - - [30/Mar/2025:05:46:12 -0400] "GET /robots.txt HTTP/1.1" 304 0 "-" "Mozilla/5.0 (compatible; YandexBot/3.0; +http://yandex.com/bots)"
213.180.203.217 - - [30/Mar/2025:05:46:13 -0400] "GET /cement-screed-wall/ HTTP/1.1" 404 1251 "-" "Mozilla/5.0 (compatible; YandexBot/3.0; +http://yandex.com/bots)"
51.222.253.12 - - [30/Mar/2025:05:46:13 -0400] "GET /the-thriving-world-of-online-casinos-a-gateway-to-entertainment-and-fortune/feed/ HTTP/1.1" 404 1251 "-" "Mozilla/5.0 (compatible; AhrefsBot/7.0; +http://ahrefs.com/robot/)"
51.222.253.17 - - [30/Mar/2025:05:47:43 -0400] "GET /die-kunst-menschen-zu-erfreuen-auf-dem-schmalen-grat-der-zustimmung-navigieren/feed/ HTTP/1.1" 404 1251 "-" "Mozilla/5.0 (compatible; AhrefsBot/7.0; +http://ahrefs.com/robot/)"
51.222.253.10 - - [30/Mar/2025:05:49:27 -0400] "GET /discovering-the-quality-of-fruit-of-the-loom-t-shirts/feed/ HTTP/1.1" 404 1251 "-" "Mozilla/5.0 (compatible; AhrefsBot/7.0; +http://ahrefs.com/robot/)"
51.222.253.16 - - [30/Mar/2025:05:51:10 -0400] "GET /the-healing-power-of-massage/feed/ HTTP/1.1" 404 1251 "-" "Mozilla/5.0 (compatible; AhrefsBot/7.0; +http://ahrefs.com/robot/)"
51.222.253.5 - - [30/Mar/2025:05:52:40 -0400] "GET /simplifying-staking-with-anyone-protocol-a-dashboard-overview/feed/ HTTP/1.1" 404 1251 "-" "Mozilla/5.0 (compatible; AhrefsBot/7.0; +http://ahrefs.com/robot/)"
51.222.253.19 - - [30/Mar/2025:05:54:11 -0400] "GET /exploring-fertility-clinics-in-dubai/feed/ HTTP/1.1" 404 1251 "-" "Mozilla/5.0 (compatible; AhrefsBot/7.0; +http://ahrefs.com/robot/)"
51.222.253.6 - - [30/Mar/2025:05:55:28 -0400] "GET /luxurious-living-at-the-m-condo-a-haven-of-modern-elegance/feed/ HTTP/1.1" 404 1251 "-" "Mozilla/5.0 (compatible; AhrefsBot/7.0; +http://ahrefs.com/robot/)"
51.222.253.17 - - [30/Mar/2025:05:57:00 -0400] "GET /the-thriving-world-of-online-casinos/feed/ HTTP/1.1" 404 1251 "-" "Mozilla/5.0 (compatible; AhrefsBot/7.0; +http://ahrefs.com/robot/)"
98.83.73.139 - - [30/Mar/2025:05:57:06 -0400] "GET /is-bimatoprost-available-in-the-uk/ HTTP/1.1" 404 1251 "-" "Grammarly/1.0 (http://www.grammarly.com)"
51.222.253.13 - - [30/Mar/2025:05:58:22 -0400] "GET /diet-for-fatty-liver-2-conventional-and-1-unconventional-tip-for-combating-fld/feed/ HTTP/1.1" 404 1251 "-" "Mozilla/5.0 (compatible; AhrefsBot/7.0; +http://ahrefs.com/robot/)"
51.222.253.13 - - [30/Mar/2025:05:59:49 -0400] "GET /what-are-top-rated-refrigerators/feed/ HTTP/1.1" 404 1251 "-" "Mozilla/5.0 (compatible; AhrefsBot/7.0; +http://ahrefs.com/robot/)"
51.222.253.8 - - [30/Mar/2025:06:01:28 -0400] "GET /navigating-divorce-with-expertise-the-role-of-a-divorce-lawyer-in-kiryat/feed/ HTTP/1.1" 404 1251 "-" "Mozilla/5.0 (compatible; AhrefsBot/7.0; +http://ahrefs.com/robot/)"
51.222.253.6 - - [30/Mar/2025:06:03:00 -0400] "GET /where-to-buy-likes-on-instagram/feed/ HTTP/1.1" 404 1251 "-" "Mozilla/5.0 (compatible; AhrefsBot/7.0; +http://ahrefs.com/robot/)"
51.222.253.18 - - [30/Mar/2025:06:04:20 -0400] "GET /employment-law-lawyers/feed/ HTTP/1.1" 404 1251 "-" "Mozilla/5.0 (compatible; AhrefsBot/7.0; +http://ahrefs.com/robot/)"
202.70.133.85 - - [30/Mar/2025:06:04:25 -0400] "GET /wp-login.php HTTP/1.1" 200 1711 "-" "Mozila/5.0"
202.70.133.85 - - [30/Mar/2025:06:04:25 -0400] "POST /wp-login.php HTTP/1.1" 200 1850 "-" "Mozila/5.0"
198.54.114.83 - - [30/Mar/2025:06:04:26 -0400] "POST /wp-cron.php?doing_wp_cron=1743329066.4472239017486572265625 HTTP/1.1" 200 0 "-" "WordPress/6.7.2; https://alualufoil.com"
178.128.109.146 - - [30/Mar/2025:06:04:21 -0400] "POST /wp-login.php/wp-login.php HTTP/1.1" 200 1838 "-" "python-requests/2.32.3"
202.70.133.85 - - [30/Mar/2025:06:04:26 -0400] "GET /wp-admin/ HTTP/1.1" 302 0 "-" "Mozila/5.0"
198.54.114.83 - - [30/Mar/2025:06:04:27 -0400] "POST /wp-admin/admin-ajax.php?action=async_litespeed&nonce=NsFGE8nPbrcfTa6qCQbvhgSdyChkXfTE&litespeed_type=imgoptm HTTP/1.1" 200 5 "-" "WordPress/6.7.2; https://alualufoil.com"
202.70.133.85 - - [30/Mar/2025:06:04:27 -0400] "GET /wp-login.php?redirect_to=https%3A%2F%2Falualufoil.com%2Fwp-admin%2F&reauth=1 HTTP/1.1" 200 1711 "-" "Mozila/5.0"
52.167.144.191 - - [30/Mar/2025:06:05:00 -0400] "GET /discovering-sora-showflat-a-glimpse-into-luxury-living/feed/ HTTP/1.1" 404 1251 "-" "Mozilla/5.0 AppleWebKit/537.36 (KHTML, like Gecko; compatible; bingbot/2.0; +http://www.bing.com/bingbot.htm) Chrome/116.0.1938.76 Safari/537.36"
51.222.253.20 - - [30/Mar/2025:06:05:40 -0400] "GET /exploring-fertility-clinics-in-dubai-a-comprehensive-guide/feed/ HTTP/1.1" 404 1251 "-" "Mozilla/5.0 (compatible; AhrefsBot/7.0; +http://ahrefs.com/robot/)"
51.222.253.19 - - [30/Mar/2025:06:07:01 -0400] "GET /quest-ce-quun-dentiste-durgence-a-geneve/feed/ HTTP/1.1" 404 1251 "-" "Mozilla/5.0 (compatible; AhrefsBot/7.0; +http://ahrefs.com/robot/)"
213.180.203.55 - - [30/Mar/2025:06:07:38 -0400] "GET /composite-doors-swansea/ HTTP/1.1" 404 1251 "-" "Mozilla/5.0 (compatible; YandexBot/3.0; +http://yandex.com/bots)"
51.222.253.8 - - [30/Mar/2025:06:08:25 -0400] "GET /where-to-buy-youtube-live-views/feed/ HTTP/1.1" 404 1251 "-" "Mozilla/5.0 (compatible; AhrefsBot/7.0; +http://ahrefs.com/robot/)"
51.222.253.13 - - [30/Mar/2025:06:09:44 -0400] "GET /video-marketing-services-for-small-businesses/feed/ HTTP/1.1" 404 1251 "-" "Mozilla/5.0 (compatible; AhrefsBot/7.0; +http://ahrefs.com/robot/)"
51.222.253.10 - - [30/Mar/2025:06:11:24 -0400] "GET /take-a-break-and-enjoy-painting-by-numbers/feed/ HTTP/1.1" 404 1251 "-" "Mozilla/5.0 (compatible; AhrefsBot/7.0; +http://ahrefs.com/robot/)"
51.222.253.14 - - [30/Mar/2025:06:12:50 -0400] "GET /carte-magic-the-gathering-un-viaggio-nel-mondo-dei-collezionabili/feed/ HTTP/1.1" 404 1251 "-" "Mozilla/5.0 (compatible; AhrefsBot/7.0; +http://ahrefs.com/robot/)"
110.249.202.88 - - [30/Mar/2025:06:12:56 -0400] "GET /dp/B085G63QHT?ref=MarsFS_AUCC_lr HTTP/1.1" 404 1251 "-" "Mozilla/5.0 (Linux; Android 5.0) AppleWebKit/537.36 (KHTML, like Gecko) Mobile Safari/537.36 (compatible; Bytespider; https://zhanzhang.toutiao.com/)"
51.222.253.5 - - [30/Mar/2025:06:14:13 -0400] "GET /how-much-money-do-youtubers-make-from-their-channel/feed/ HTTP/1.1" 404 1251 "-" "Mozilla/5.0 (compatible; AhrefsBot/7.0; +http://ahrefs.com/robot/)"
64.233.173.195 - - [30/Mar/2025:06:14:14 -0400] "GET /.well-known/traffic-advice HTTP/1.1" 404 1251 "-" "Chrome Privacy Preserving Prefetch Proxy"
2001:4860:7:406::fa - - [30/Mar/2025:06:14:14 -0400] "GET / HTTP/1.1" 200 156100 "https://www.google.com/" "Mozilla/5.0 (Windows NT 10.0; Win64; x64) AppleWebKit/537.36 (KHTML, like Gecko) Chrome/134.0.0.0 Safari/537.36"
51.222.253.17 - - [30/Mar/2025:06:15:30 -0400] "GET /youtube-why-you-should-check-it-out/feed/ HTTP/1.1" 404 1251 "-" "Mozilla/5.0 (compatible; AhrefsBot/7.0; +http://ahrefs.com/robot/)"
51.222.253.13 - - [30/Mar/2025:06:17:01 -0400] "GET /floating-pumps-for-water/feed/ HTTP/1.1" 404 1251 "-" "Mozilla/5.0 (compatible; AhrefsBot/7.0; +http://ahrefs.com/robot/)"
51.222.253.2 - - [30/Mar/2025:06:18:22 -0400] "GET /exploring-existential-cinema-a-journey-into-the-human-condition/feed/ HTTP/1.1" 404 1251 "-" "Mozilla/5.0 (compatible; AhrefsBot/7.0; +http://ahrefs.com/robot/)"
65.21.113.196 - - [30/Mar/2025:06:19:16 -0400] "GET /robots.txt HTTP/1.1" 304 0 "-" "Mozilla/5.0 (compatible; AwarioBot/1.0; +https://awario.com/bots.html)"
65.21.113.196 - - [30/Mar/2025:06:19:17 -0400] "GET /category-sitemap.xml HTTP/1.1" 404 1251 "-" "Mozilla/5.0 (compatible; AwarioBot/1.0; +https://awario.com/bots.html)"
65.21.113.196 - - [30/Mar/2025:06:19:19 -0400] "GET /page-sitemap.xml HTTP/1.1" 404 1251 "-" "Mozilla/5.0 (compatible; AwarioBot/1.0; +https://awario.com/bots.html)"
65.21.113.196 - - [30/Mar/2025:06:19:24 -0400] "GET /post-sitemap.xml HTTP/1.1" 404 1251 "-" "Mozilla/5.0 (compatible; AwarioBot/1.0; +https://awario.com/bots.html)"
65.21.113.196 - - [30/Mar/2025:06:19:28 -0400] "GET /post-sitemap2.xml HTTP/1.1" 404 1251 "-" "Mozilla/5.0 (compatible; AwarioBot/1.0; +https://awario.com/bots.html)"
18.191.158.217 - - [30/Mar/2025:06:19:29 -0400] "GET /robots.txt HTTP/1.1" 304 0 "-" "Mozilla/5.0 AppleWebKit/537.36 (KHTML, like Gecko; compatible; ClaudeBot/1.0; +claudebot@anthropic.com)"
18.191.158.217 - - [30/Mar/2025:06:19:29 -0400] "GET /is-bimatoprost-available-in-the-uk HTTP/1.1" 404 1251 "-" "Mozilla/5.0 AppleWebKit/537.36 (KHTML, like Gecko; compatible; ClaudeBot/1.0; +claudebot@anthropic.com)"
65.21.113.196 - - [30/Mar/2025:06:19:32 -0400] "GET /2024/10/ HTTP/1.1" 404 1251 "-" "Mozilla/5.0 (compatible; AwarioBot/1.0; +https://awario.com/bots.html)"
65.21.113.196 - - [30/Mar/2025:06:19:36 -0400] "GET /2025/01/ HTTP/1.1" 404 1251 "-" "Mozilla/5.0 (compatible; AwarioBot/1.0; +https://awario.com/bots.html)"
65.21.113.196 - - [30/Mar/2025:06:19:42 -0400] "GET /?p=3706 HTTP/1.1" 200 156100 "-" "Mozilla/5.0 (compatible; AwarioBot/1.0; +https://awario.com/bots.html)"
51.222.253.15 - - [30/Mar/2025:06:19:42 -0400] "GET /anwalt-hattingen/feed/ HTTP/1.1" 404 1251 "-" "Mozilla/5.0 (compatible; AhrefsBot/7.0; +http://ahrefs.com/robot/)"
65.21.113.196 - - [30/Mar/2025:06:19:45 -0400] "GET /apprendre-a-jouer-de-la-guitare/feed/ HTTP/1.1" 404 1251 "-" "Mozilla/5.0 (compatible; AwarioBot/1.0; +https://awario.com/bots.html)"
65.21.113.196 - - [30/Mar/2025:06:19:48 -0400] "GET /best-bitcoin-mixer-how-to-choose-the-best-bitcoin-mixer/ HTTP/1.1" 404 1251 "-" "Mozilla/5.0 (compatible; AwarioBot/1.0; +https://awario.com/bots.html)"
65.21.113.196 - - [30/Mar/2025:06:19:51 -0400] "GET /best-bitcoin-mixer/feed/ HTTP/1.1" 404 1251 "-" "Mozilla/5.0 (compatible; AwarioBot/1.0; +https://awario.com/bots.html)"
65.21.113.196 - - [30/Mar/2025:06:19:53 -0400] "GET /bitcoin-tumbler/feed/ HTTP/1.1" 404 1251 "-" "Mozilla/5.0 (compatible; AwarioBot/1.0; +https://awario.com/bots.html)"
65.21.113.196 - - [30/Mar/2025:06:19:56 -0400] "GET /brisbane-airport-transport/ HTTP/1.1" 404 1251 "-" "Mozilla/5.0 (compatible; AwarioBot/1.0; +https://awario.com/bots.html)"
65.21.113.196 - - [30/Mar/2025:06:19:58 -0400] "GET /category/about-us/feed/ HTTP/1.1" 404 1251 "-" "Mozilla/5.0 (compatible; AwarioBot/1.0; +https://awario.com/bots.html)"
65.21.113.196 - - [30/Mar/2025:06:20:01 -0400] "GET /category/activity/feed/ HTTP/1.1" 404 1251 "-" "Mozilla/5.0 (compatible; AwarioBot/1.0; +https://awario.com/bots.html)"
65.21.113.196 - - [30/Mar/2025:06:20:05 -0400] "GET /category/activity/page/152/ HTTP/1.1" 404 1251 "-" "Mozilla/5.0 (compatible; AwarioBot/1.0; +https://awario.com/bots.html)"
65.21.113.196 - - [30/Mar/2025:06:20:09 -0400] "GET /category/activity/page/2/ HTTP/1.1" 404 1251 "-" "Mozilla/5.0 (compatible; AwarioBot/1.0; +https://awario.com/bots.html)"
65.21.113.196 - - [30/Mar/2025:06:20:13 -0400] "GET /category/contact-us/feed/ HTTP/1.1" 404 1251 "-" "Mozilla/5.0 (compatible; AwarioBot/1.0; +https://awario.com/bots.html)"
65.21.113.196 - - [30/Mar/2025:06:20:17 -0400] "GET /category/sign-in/feed/ HTTP/1.1" 404 1251 "-" "Mozilla/5.0 (compatible; AwarioBot/1.0; +https://awario.com/bots.html)"
65.21.113.196 - - [30/Mar/2025:06:20:20 -0400] "GET /category/sign-up/feed/ HTTP/1.1" 404 1251 "-" "Mozilla/5.0 (compatible; AwarioBot/1.0; +https://awario.com/bots.html)"
65.21.113.196 - - [30/Mar/2025:06:20:22 -0400] "GET /der-genuss-gerosteter-mandeln/ HTTP/1.1" 404 1251 "-" "Mozilla/5.0 (compatible; AwarioBot/1.0; +https://awario.com/bots.html)"
65.21.113.196 - - [30/Mar/2025:06:20:25 -0400] "GET /die-besten-orte-fur-gitarrenunterricht-in-dusseldorf-entdecken/ HTTP/1.1" 404 1251 "-" "Mozilla/5.0 (compatible; AwarioBot/1.0; +https://awario.com/bots.html)"
65.21.113.196 - - [30/Mar/2025:06:20:27 -0400] "GET /elegance-et-praticite-des-panneaux-pvc-immitant-le-marbre/ HTTP/1.1" 404 1251 "-" "Mozilla/5.0 (compatible; AwarioBot/1.0; +https://awario.com/bots.html)"
65.21.113.196 - - [30/Mar/2025:06:20:29 -0400] "GET /epilation-au-laser-a-rouen-une-solution-efficace-et-durable/feed/ HTTP/1.1" 404 1251 "-" "Mozilla/5.0 (compatible; AwarioBot/1.0; +https://awario.com/bots.html)"
65.21.113.196 - - [30/Mar/2025:06:20:31 -0400] "GET /erstklassiger-gitarrenunterricht-mit-tilman-totzke-in-essen/feed/ HTTP/1.1" 404 1251 "-" "Mozilla/5.0 (compatible; AwarioBot/1.0; +https://awario.com/bots.html)"
65.21.113.196 - - [30/Mar/2025:06:20:35 -0400] "GET /michael-kors-bags-blue/ HTTP/1.1" 404 1251 "-" "Mozilla/5.0 (compatible; AwarioBot/1.0; +https://awario.com/bots.html)"
65.21.113.196 - - [30/Mar/2025:06:20:37 -0400] "GET /minecraft-survival-serveur-ultime-pour-une-experience-inoubliable/feed/ HTTP/1.1" 404 1251 "-" "Mozilla/5.0 (compatible; AwarioBot/1.0; +https://awario.com/bots.html)"
65.21.113.196 - - [30/Mar/2025:06:20:39 -0400] "GET /mk-bag-for-sales/feed/ HTTP/1.1" 404 1251 "-" "Mozilla/5.0 (compatible; AwarioBot/1.0; +https://awario.com/bots.html)"
65.21.113.196 - - [30/Mar/2025:06:20:41 -0400] "GET /mk-shoulder-bag/ HTTP/1.1" 404 1251 "-" "Mozilla/5.0 (compatible; AwarioBot/1.0; +https://awario.com/bots.html)"
65.21.113.196 - - [30/Mar/2025:06:20:43 -0400] "GET /page/152/ HTTP/1.1" 404 1251 "-" "Mozilla/5.0 (compatible; AwarioBot/1.0; +https://awario.com/bots.html)"
65.21.113.196 - - [30/Mar/2025:06:20:46 -0400] "GET /page/2/ HTTP/1.1" 404 1251 "-" "Mozilla/5.0 (compatible; AwarioBot/1.0; +https://awario.com/bots.html)"
65.21.113.196 - - [30/Mar/2025:06:20:49 -0400] "GET /ragdoll-archers-unblocked-game-features/feed/ HTTP/1.1" 404 1251 "-" "Mozilla/5.0 (compatible; AwarioBot/1.0; +https://awario.com/bots.html)"
65.21.113.196 - - [30/Mar/2025:06:20:51 -0400] "GET /stylish-nappy-bags-diaper-bags-come-into-their-own/feed/ HTTP/1.1" 404 1251 "-" "Mozilla/5.0 (compatible; AwarioBot/1.0; +https://awario.com/bots.html)"
65.21.113.196 - - [30/Mar/2025:06:20:53 -0400] "GET /the-path-to-becoming-a-skilled-author/feed/ HTTP/1.1" 404 1251 "-" "Mozilla/5.0 (compatible; AwarioBot/1.0; +https://awario.com/bots.html)"
65.21.113.196 - - [30/Mar/2025:06:20:55 -0400] "GET /this-is-why-india-should-not-ban-bitcoin/ HTTP/1.1" 404 1251 "-" "Mozilla/5.0 (compatible; AwarioBot/1.0; +https://awario.com/bots.html)"
65.21.113.196 - - [30/Mar/2025:06:20:57 -0400] "GET /flathead-lake-boat-rentals-enjoy-the-beautiful-waters-of-flathead-lake/ HTTP/1.1" 404 1251 "-" "Mozilla/5.0 (compatible; AwarioBot/1.0; +https://awario.com/bots.html)"
65.21.113.196 - - [30/Mar/2025:06:20:59 -0400] "GET /what-is-the-best-cbd-vape-uk/ HTTP/1.1" 404 1251 "-" "Mozilla/5.0 (compatible; AwarioBot/1.0; +https://awario.com/bots.html)"
51.222.253.6 - - [30/Mar/2025:06:21:12 -0400] "GET /devoilement-de-la-menace-furtive-comprendre-la-parodontite/feed/ HTTP/1.1" 404 1251 "-" "Mozilla/5.0 (compatible; AhrefsBot/7.0; +http://ahrefs.com/robot/)"
51.222.253.12 - - [30/Mar/2025:06:22:34 -0400] "GET /scheidungsanwalt-hattingen/feed/ HTTP/1.1" 404 1251 "-" "Mozilla/5.0 (compatible; AhrefsBot/7.0; +http://ahrefs.com/robot/)"
51.222.253.7 - - [30/Mar/2025:06:23:51 -0400] "GET /discovering-sora-showflat-a-glimpse-into-luxury-living/feed/ HTTP/1.1" 404 1251 "-" "Mozilla/5.0 (compatible; AhrefsBot/7.0; +http://ahrefs.com/robot/)"
51.222.253.20 - - [30/Mar/2025:06:25:08 -0400] "GET /exploring-the-tranquil-luxury-of-lentor-mansion-showflat/feed/ HTTP/1.1" 404 1251 "-" "Mozilla/5.0 (compatible; AhrefsBot/7.0; +http://ahrefs.com/robot/)"
51.222.253.10 - - [30/Mar/2025:06:26:35 -0400] "GET /vita-glow-cream-2/feed/ HTTP/1.1" 404 1251 "-" "Mozilla/5.0 (compatible; AhrefsBot/7.0; +http://ahrefs.com/robot/)"
213.180.203.22 - - [30/Mar/2025:06:27:17 -0400] "GET /understanding-and-alleviating-shoulder-blade-and-neck-pain/ HTTP/1.1" 404 1251 "-" "Mozilla/5.0 (compatible; YandexBot/3.0; +http://yandex.com/bots)"
51.222.253.3 - - [30/Mar/2025:06:27:54 -0400] "GET /how-to-create-a-mobile-wallet-in-myanmar/feed/ HTTP/1.1" 404 1251 "-" "Mozilla/5.0 (compatible; AhrefsBot/7.0; +http://ahrefs.com/robot/)"
51.222.253.8 - - [30/Mar/2025:06:29:15 -0400] "GET /custom-fuzzy-socks-bulk/feed/ HTTP/1.1" 404 1251 "-" "Mozilla/5.0 (compatible; AhrefsBot/7.0; +http://ahrefs.com/robot/)"
51.222.253.3 - - [30/Mar/2025:06:30:41 -0400] "GET /navigating-the-dynamic-landscape-property-management-in-london/feed/ HTTP/1.1" 404 1251 "-" "Mozilla/5.0 (compatible; AhrefsBot/7.0; +http://ahrefs.com/robot/)"
51.222.253.20 - - [30/Mar/2025:06:32:01 -0400] "GET /take-a-break-and-enjoy-painting/feed/ HTTP/1.1" 404 1251 "-" "Mozilla/5.0 (compatible; AhrefsBot/7.0; +http://ahrefs.com/robot/)"
134.209.144.185 - - [30/Mar/2025:06:32:17 -0400] "GET /wp-login.php HTTP/1.1" 200 1711 "-" "Mozila/5.0"
198.54.114.83 - - [30/Mar/2025:06:32:22 -0400] "POST /wp-cron.php?doing_wp_cron=1743330742.5334000587463378906250 HTTP/1.1" 200 0 "-" "WordPress/6.7.2; https://alualufoil.com"
134.209.144.185 - - [30/Mar/2025:06:32:18 -0400] "POST /wp-login.php HTTP/1.1" 200 1850 "-" "Mozila/5.0"
198.54.114.83 - - [30/Mar/2025:06:32:24 -0400] "POST /wp-admin/admin-ajax.php?action=async_litespeed&nonce=bECDcBZZQF1G9kTrtGi07q38Ni5uh0rs&litespeed_type=imgoptm HTTP/1.1" 200 0 "-" "WordPress/6.7.2; https://alualufoil.com"
134.209.144.185 - - [30/Mar/2025:06:32:23 -0400] "GET /wp-admin/ HTTP/1.1" 302 0 "-" "Mozila/5.0"
134.209.144.185 - - [30/Mar/2025:06:32:25 -0400] "GET /wp-login.php?redirect_to=https%3A%2F%2Falualufoil.com%2Fwp-admin%2F&reauth=1 HTTP/1.1" 200 1711 "-" "Mozila/5.0"
51.222.253.17 - - [30/Mar/2025:06:33:21 -0400] "GET /finding-property-managers-near-me/feed/ HTTP/1.1" 404 1251 "-" "Mozilla/5.0 (compatible; AhrefsBot/7.0; +http://ahrefs.com/robot/)"
51.222.253.20 - - [30/Mar/2025:06:34:41 -0400] "GET /navigating-the-world-of-online-gambling-the-thrills-risks-and-responsibility/feed/ HTTP/1.1" 404 1251 "-" "Mozilla/5.0 (compatible; AhrefsBot/7.0; +http://ahrefs.com/robot/)"
195.2.67.184 - - [30/Mar/2025:06:35:35 -0400] "GET /the-best-cbd-uk-brands-and-products/ HTTP/1.1" 404 1251 "https://alualufoil.com/the-best-cbd-uk-brands-and-products/#comment-10861/" "Mozilla/5.0 (Windows NT 10.0; Win64; x64) AppleWebKit/537.36 (KHTML, like Gecko) Chrome/131.0.0.0 Safari/537.36"
195.2.67.184 - - [30/Mar/2025:06:35:35 -0400] "GET /the-best-cbd-uk-brands-and-products/ HTTP/1.1" 404 1251 "https://alualufoil.com/the-best-cbd-uk-brands-and-products/#comment-10861/" "Mozilla/5.0 (Windows NT 10.0; Win64; x64) AppleWebKit/537.36 (KHTML, like Gecko) Chrome/129.0.0.0 Safari/537.36"
195.2.67.184 - - [30/Mar/2025:06:35:36 -0400] "GET /the-best-cbd-uk-brands-and-products/ HTTP/1.1" 404 1251 "https://alualufoil.com/the-best-cbd-uk-brands-and-products/#comment-10861/" "Mozilla/5.0 (Windows NT 10.0; Win64; x64) AppleWebKit/537.36 (KHTML, like Gecko) Chrome/130.0.0.0 Safari/537.36"
195.2.67.184 - - [30/Mar/2025:06:35:36 -0400] "GET / HTTP/1.1" 200 156100 "https://alualufoil.com/" "Mozilla/5.0 (Windows NT 10.0; Win64; x64) AppleWebKit/537.36 (KHTML, like Gecko) Chrome/129.0.0.0 Safari/537.36"
195.2.67.184 - - [30/Mar/2025:06:35:36 -0400] "GET / HTTP/1.1" 200 156100 "https://alualufoil.com/" "Mozilla/5.0 (Windows NT 10.0; Win64; x64) AppleWebKit/537.36 (KHTML, like Gecko) Chrome/131.0.0.0 Safari/537.36"
195.2.67.184 - - [30/Mar/2025:06:35:37 -0400] "GET / HTTP/1.1" 200 156100 "https://alualufoil.com/" "Mozilla/5.0 (Windows NT 10.0; Win64; x64) AppleWebKit/537.36 (KHTML, like Gecko) Chrome/130.0.0.0 Safari/537.36"
195.2.67.184 - - [30/Mar/2025:06:35:38 -0400] "GET /the-best-cbd-uk-brands-and-products/ HTTP/1.1" 404 1251 "https://alualufoil.com/the-best-cbd-uk-brands-and-products/#comment-10861/" "Mozilla/5.0 (Windows NT 10.0; Win64; x64) AppleWebKit/537.36 (KHTML, like Gecko) Chrome/129.0.0.0 Safari/537.36"
195.2.67.184 - - [30/Mar/2025:06:35:38 -0400] "GET / HTTP/1.1" 200 156100 "https://alualufoil.com/" "Mozilla/5.0 (Windows NT 10.0; Win64; x64) AppleWebKit/537.36 (KHTML, like Gecko) Chrome/129.0.0.0 Safari/537.36"
51.222.253.8 - - [30/Mar/2025:06:35:55 -0400] "GET /wood-heaters/feed/ HTTP/1.1" 404 1251 "-" "Mozilla/5.0 (compatible; AhrefsBot/7.0; +http://ahrefs.com/robot/)"
51.222.253.7 - - [30/Mar/2025:06:37:24 -0400] "GET /choosing-rv-ac-units/feed/ HTTP/1.1" 404 1251 "-" "Mozilla/5.0 (compatible; AhrefsBot/7.0; +http://ahrefs.com/robot/)"
51.222.253.17 - - [30/Mar/2025:06:38:43 -0400] "GET /a-digital-revolution/feed/ HTTP/1.1" 404 1251 "-" "Mozilla/5.0 (compatible; AhrefsBot/7.0; +http://ahrefs.com/robot/)"
51.222.253.4 - - [30/Mar/2025:06:40:06 -0400] "GET /the-new-player-in-cryptos-wild-world/feed/ HTTP/1.1" 404 1251 "-" "Mozilla/5.0 (compatible; AhrefsBot/7.0; +http://ahrefs.com/robot/)"
213.180.203.93 - - [30/Mar/2025:06:41:21 -0400] "GET /face-swap/ HTTP/1.1" 404 1251 "-" "Mozilla/5.0 (compatible; YandexBot/3.0; +http://yandex.com/bots)"
51.222.253.3 - - [30/Mar/2025:06:41:39 -0400] "GET /unlocking-the-thrills-of-online-entertainment-with-ligaplay88/feed/ HTTP/1.1" 404 1251 "-" "Mozilla/5.0 (compatible; AhrefsBot/7.0; +http://ahrefs.com/robot/)"
51.222.253.4 - - [30/Mar/2025:06:42:54 -0400] "GET /massage/feed/ HTTP/1.1" 404 1251 "-" "Mozilla/5.0 (compatible; AhrefsBot/7.0; +http://ahrefs.com/robot/)"
51.222.253.20 - - [30/Mar/2025:06:44:15 -0400] "GET /cabinets-manufacturer/feed/ HTTP/1.1" 404 1251 "-" "Mozilla/5.0 (compatible; AhrefsBot/7.0; +http://ahrefs.com/robot/)"
198.54.114.83 - - [30/Mar/2025:06:45:24 -0400] "POST /wp-cron.php?doing_wp_cron=1743331524.2472240924835205078125 HTTP/1.1" 200 0 "-" "WordPress/6.7.2; https://alualufoil.com"
193.37.252.51 - - [30/Mar/2025:06:45:19 -0400] "POST /xmlrpc.php HTTP/1.1" 200 186 "-" "Mozilla/5.0 (Windows NT 10.0; Win64; x64) AppleWebKit/537.36 (KHTML, like Gecko) Chrome/133.0.0.0 Safari/537.36"
198.54.114.83 - - [30/Mar/2025:06:45:26 -0400] "POST /wp-admin/admin-ajax.php?action=async_litespeed&nonce=eeimfXbPi4JadSoVwnem6rVmAXR88FMm&litespeed_type=imgoptm HTTP/1.1" 200 0 "-" "WordPress/6.7.2; https://alualufoil.com"
51.222.253.14 - - [30/Mar/2025:06:45:37 -0400] "GET /lilo-and-stitch-hoodies/feed/ HTTP/1.1" 404 1251 "-" "Mozilla/5.0 (compatible; AhrefsBot/7.0; +http://ahrefs.com/robot/)"
51.222.253.17 - - [30/Mar/2025:06:47:07 -0400] "GET /closing-time-today/feed/ HTTP/1.1" 404 1251 "-" "Mozilla/5.0 (compatible; AhrefsBot/7.0; +http://ahrefs.com/robot/)"
51.222.253.2 - - [30/Mar/2025:06:48:27 -0400] "GET /concrete-driveways-replacement-northern-colorado/feed/ HTTP/1.1" 404 1251 "-" "Mozilla/5.0 (compatible; AhrefsBot/7.0; +http://ahrefs.com/robot/)"
51.222.253.2 - - [30/Mar/2025:06:49:43 -0400] "GET /how-to-stop-an-online-gambling-addiction/feed/ HTTP/1.1" 404 1251 "-" "Mozilla/5.0 (compatible; AhrefsBot/7.0; +http://ahrefs.com/robot/)"
111.225.149.227 - - [30/Mar/2025:06:49:51 -0400] "GET /dp/B08LZ3LTFV?ref=MarsFS_VICC_rvdwired_cornerkit HTTP/1.1" 404 1251 "-" "Mozilla/5.0 (Linux; Android 5.0) AppleWebKit/537.36 (KHTML, like Gecko) Mobile Safari/537.36 (compatible; Bytespider; https://zhanzhang.toutiao.com/)"
51.222.253.12 - - [30/Mar/2025:06:51:23 -0400] "GET /understanding-free-employment-law-advice/feed/ HTTP/1.1" 404 1251 "-" "Mozilla/5.0 (compatible; AhrefsBot/7.0; +http://ahrefs.com/robot/)"
51.222.253.11 - - [30/Mar/2025:06:52:46 -0400] "GET /how-to-start-a-home-based-cbd-business/feed/ HTTP/1.1" 404 1251 "-" "Mozilla/5.0 (compatible; AhrefsBot/7.0; +http://ahrefs.com/robot/)"
51.222.253.13 - - [30/Mar/2025:06:54:08 -0400] "GET /how-to-keep-up-your-oral-hygiene/feed/ HTTP/1.1" 404 1251 "-" "Mozilla/5.0 (compatible; AhrefsBot/7.0; +http://ahrefs.com/robot/)"
51.222.253.18 - - [30/Mar/2025:06:55:37 -0400] "GET /3-facons-faciles-dobtenir-une-lecture-psychique-precise-pour-20-dollars-ou-moins-presque-a-chaque-fois/feed/ HTTP/1.1" 404 1251 "-" "Mozilla/5.0 (compatible; AhrefsBot/7.0; +http://ahrefs.com/robot/)"
51.222.253.15 - - [30/Mar/2025:06:56:54 -0400] "GET /sm-casino-the-underdog-in-cebu/feed/ HTTP/1.1" 404 1251 "-" "Mozilla/5.0 (compatible; AhrefsBot/7.0; +http://ahrefs.com/robot/)"
51.222.253.18 - - [30/Mar/2025:06:58:13 -0400] "GET /a-brief-introduction-to-france-and-french-wine/feed/ HTTP/1.1" 404 1251 "-" "Mozilla/5.0 (compatible; AhrefsBot/7.0; +http://ahrefs.com/robot/)"
136.243.228.179 - - [30/Mar/2025:06:58:44 -0400] "GET /dragon-ball-characters-majin/ HTTP/1.1" 404 1251 "-" "Mozilla/5.0 (compatible; DataForSeoBot/1.0; +https://dataforseo.com/dataforseo-bot)"
51.222.253.6 - - [30/Mar/2025:06:59:35 -0400] "GET /divorce-lawyer-in-haifa/feed/ HTTP/1.1" 404 1251 "-" "Mozilla/5.0 (compatible; AhrefsBot/7.0; +http://ahrefs.com/robot/)"
51.222.253.20 - - [30/Mar/2025:07:00:58 -0400] "GET /apply-for-jobs-online/feed/ HTTP/1.1" 404 1251 "-" "Mozilla/5.0 (compatible; AhrefsBot/7.0; +http://ahrefs.com/robot/)"
51.222.253.5 - - [30/Mar/2025:07:02:27 -0400] "GET /a-comprehensive-guide-to-auschwitz-tours/feed/ HTTP/1.1" 404 1251 "-" "Mozilla/5.0 (compatible; AhrefsBot/7.0; +http://ahrefs.com/robot/)"
213.180.203.92 - - [30/Mar/2025:07:02:59 -0400] "GET /page/132/ HTTP/1.1" 404 1251 "-" "Mozilla/5.0 (compatible; YandexBot/3.0; +http://yandex.com/bots)"
51.222.253.16 - - [30/Mar/2025:07:03:49 -0400] "GET /mastering-the-digital-job-hunt-strategies-for-success/feed/ HTTP/1.1" 404 1251 "-" "Mozilla/5.0 (compatible; AhrefsBot/7.0; +http://ahrefs.com/robot/)"
51.222.253.14 - - [30/Mar/2025:07:05:10 -0400] "GET /optimiser-la-sante-bucco-dentaire-devoiler-limportance-de-la-clinique-hygiene-dentaire/feed/ HTTP/1.1" 404 1251 "-" "Mozilla/5.0 (compatible; AhrefsBot/7.0; +http://ahrefs.com/robot/)"
51.222.253.15 - - [30/Mar/2025:07:06:25 -0400] "GET /what-does-share-focus-mean-on-iphone/feed/ HTTP/1.1" 404 1251 "-" "Mozilla/5.0 (compatible; AhrefsBot/7.0; +http://ahrefs.com/robot/)"
51.222.253.4 - - [30/Mar/2025:07:07:45 -0400] "GET /choose-your-own-photo-painting/feed/ HTTP/1.1" 404 1251 "-" "Mozilla/5.0 (compatible; AhrefsBot/7.0; +http://ahrefs.com/robot/)"
51.222.253.4 - - [30/Mar/2025:07:09:07 -0400] "GET /blanchiment-dentaire/feed/ HTTP/1.1" 404 1251 "-" "Mozilla/5.0 (compatible; AhrefsBot/7.0; +http://ahrefs.com/robot/)"
51.222.253.3 - - [30/Mar/2025:07:10:33 -0400] "GET /betting-on-horse-racing-the-mindset-of-the-betting-pro/feed/ HTTP/1.1" 404 1251 "-" "Mozilla/5.0 (compatible; AhrefsBot/7.0; +http://ahrefs.com/robot/)"
52.167.144.159 - - [30/Mar/2025:07:11:21 -0400] "GET /what-are-family-mediation-services/ HTTP/1.1" 404 1251 "-" "Mozilla/5.0 AppleWebKit/537.36 (KHTML, like Gecko; compatible; bingbot/2.0; +http://www.bing.com/bingbot.htm) Chrome/116.0.1938.76 Safari/537.36"
51.222.253.17 - - [30/Mar/2025:07:12:02 -0400] "GET /top-santa-rosa-ca-homes-for-sale/feed/ HTTP/1.1" 404 1251 "-" "Mozilla/5.0 (compatible; AhrefsBot/7.0; +http://ahrefs.com/robot/)"
111.225.148.52 - - [30/Mar/2025:07:12:54 -0400] "GET /dp/B0CP31QS6R?ref=MarsFS_KINDLE_rs HTTP/1.1" 404 1251 "-" "Mozilla/5.0 (Linux; Android 5.0) AppleWebKit/537.36 (KHTML, like Gecko) Mobile Safari/537.36 (compatible; Bytespider; https://zhanzhang.toutiao.com/)"
51.222.253.13 - - [30/Mar/2025:07:13:20 -0400] "GET /how-to-write-a-salary-increase-request-letter/feed/ HTTP/1.1" 404 1251 "-" "Mozilla/5.0 (compatible; AhrefsBot/7.0; +http://ahrefs.com/robot/)"
51.222.253.14 - - [30/Mar/2025:07:14:44 -0400] "GET /revolutionner-le-marketing-numerique-pour-les-petites-entreprises/feed/ HTTP/1.1" 404 1251 "-" "Mozilla/5.0 (compatible; AhrefsBot/7.0; +http://ahrefs.com/robot/)"
111.225.149.175 - - [30/Mar/2025:07:15:36 -0400] "GET /product-reviews/B0DG4WZZPV/ref=acr_dp_hist_3?filterByStar=three_star&ie=UTF8&reviewerType=all_reviews HTTP/1.1" 404 1251 "-" "Mozilla/5.0 (Linux; Android 5.0) AppleWebKit/537.36 (KHTML, like Gecko) Mobile Safari/537.36 (compatible; Bytespider; https://zhanzhang.toutiao.com/)"
51.222.253.6 - - [30/Mar/2025:07:16:05 -0400] "GET /california-prefab-homes-the-future-of-sustainable-living/feed/ HTTP/1.1" 404 1251 "-" "Mozilla/5.0 (compatible; AhrefsBot/7.0; +http://ahrefs.com/robot/)"
51.222.253.17 - - [30/Mar/2025:07:17:32 -0400] "GET /what-is-the-difference-between-aseptic-and-sterile-conditions/feed/ HTTP/1.1" 404 1251 "-" "Mozilla/5.0 (compatible; AhrefsBot/7.0; +http://ahrefs.com/robot/)"
51.222.253.16 - - [30/Mar/2025:07:19:00 -0400] "GET /introduction-2/feed/ HTTP/1.1" 404 1251 "-" "Mozilla/5.0 (compatible; AhrefsBot/7.0; +http://ahrefs.com/robot/)"
51.222.253.20 - - [30/Mar/2025:07:20:56 -0400] "GET /cabinet-chirurgie-dentaire/feed/ HTTP/1.1" 404 1251 "-" "Mozilla/5.0 (compatible; AhrefsBot/7.0; +http://ahrefs.com/robot/)"
51.222.253.20 - - [30/Mar/2025:07:22:15 -0400] "GET /clinique-dhygiene-dentaire/feed/ HTTP/1.1" 404 1251 "-" "Mozilla/5.0 (compatible; AhrefsBot/7.0; +http://ahrefs.com/robot/)"
34.127.29.78 - - [30/Mar/2025:07:23:31 -0400] "GET /how-to-get-started-diamond-painting-your-own-picture/ HTTP/1.1" 404 1251 "-" "trafilatura/2.0.0 (+https://github.com/adbar/trafilatura)"
51.222.253.13 - - [30/Mar/2025:07:23:41 -0400] "GET /how-to-create-your-own-custom-brand-socks/feed/ HTTP/1.1" 404 1251 "-" "Mozilla/5.0 (compatible; AhrefsBot/7.0; +http://ahrefs.com/robot/)"
159.89.225.37 - - [30/Mar/2025:07:24:10 -0400] "GET / HTTP/1.1" 200 156100 "-" "Mozilla/5.0 (Macintosh; Intel Mac OS X 10_15_7) AppleWebKit/537.36 (KHTML, like Gecko) Chrome/128.0.0.0 Safari/537.36"
51.222.253.4 - - [30/Mar/2025:07:25:03 -0400] "GET /the-80-savi-yacht-ii-a-cruiser-that-will-never-fail-to-impress/feed/ HTTP/1.1" 404 1251 "-" "Mozilla/5.0 (compatible; AhrefsBot/7.0; +http://ahrefs.com/robot/)"
51.222.253.18 - - [30/Mar/2025:07:26:22 -0400] "GET /a-colorful-journey-into-gaming/feed/ HTTP/1.1" 404 1251 "-" "Mozilla/5.0 (compatible; AhrefsBot/7.0; +http://ahrefs.com/robot/)"
103.153.76.252 - - [30/Mar/2025:07:27:14 -0400] "GET / HTTP/1.1" 200 156100 "-" "python-requests/2.26.0"
51.222.253.18 - - [30/Mar/2025:07:27:41 -0400] "GET /the-genesis-of-moonhop/feed/ HTTP/1.1" 404 1251 "-" "Mozilla/5.0 (compatible; AhrefsBot/7.0; +http://ahrefs.com/robot/)"
213.180.203.83 - - [30/Mar/2025:07:28:22 -0400] "GET /unlocking-financial-success-with-steuerberater-hattingens/ HTTP/1.1" 404 1251 "-" "Mozilla/5.0 (compatible; YandexBot/3.0; +http://yandex.com/bots)"
51.222.253.4 - - [30/Mar/2025:07:28:57 -0400] "GET /variety-and-innovation-the-rise-of-online-gambling/feed/ HTTP/1.1" 404 1251 "-" "Mozilla/5.0 (compatible; AhrefsBot/7.0; +http://ahrefs.com/robot/)"
51.222.253.9 - - [30/Mar/2025:07:30:22 -0400] "GET /orthodontie-a-geneve/feed/ HTTP/1.1" 404 1251 "-" "Mozilla/5.0 (compatible; AhrefsBot/7.0; +http://ahrefs.com/robot/)"
51.222.253.6 - - [30/Mar/2025:07:31:48 -0400] "GET /stepping-into-comfort-unraveling-the-craft-of-a-socks-manufacturer/feed/ HTTP/1.1" 404 1251 "-" "Mozilla/5.0 (compatible; AhrefsBot/7.0; +http://ahrefs.com/robot/)"
213.180.203.40 - - [30/Mar/2025:07:32:42 -0400] "GET /steroidss-thailand/ HTTP/1.1" 404 1251 "-" "Mozilla/5.0 (compatible; YandexBot/3.0; +http://yandex.com/bots)"
51.222.253.4 - - [30/Mar/2025:07:33:14 -0400] "GET /navigating-fda-otc-registration-a-guide-for-product-approval/ HTTP/1.1" 404 1251 "-" "Mozilla/5.0 (compatible; AhrefsBot/7.0; +http://ahrefs.com/robot/)"
85.208.96.209 - - [30/Mar/2025:07:34:30 -0400] "GET /robots.txt HTTP/1.1" 304 0 "-" "Mozilla/5.0 (compatible; SemrushBot/7~bl; +http://www.semrush.com/bot.html)"
85.208.96.203 - - [30/Mar/2025:07:34:32 -0400] "GET /taxbuddy-explains-tax-deductions-on-income-from-house-property/ HTTP/1.1" 404 1251 "-" "Mozilla/5.0 (compatible; SemrushBot/7~bl; +http://www.semrush.com/bot.html)"
51.222.253.4 - - [30/Mar/2025:07:34:38 -0400] "GET /the-evolution-and-impact-of-online-gambling-balancing-entertainment-and-responsibility/feed/ HTTP/1.1" 404 1251 "-" "Mozilla/5.0 (compatible; AhrefsBot/7.0; +http://ahrefs.com/robot/)"
51.222.253.3 - - [30/Mar/2025:07:35:54 -0400] "GET /selecting-a-fire-fighting-pump/feed/ HTTP/1.1" 404 1251 "-" "Mozilla/5.0 (compatible; AhrefsBot/7.0; +http://ahrefs.com/robot/)"
195.2.67.184 - - [30/Mar/2025:07:37:12 -0400] "GET /the-best-cbd-uk-brands-and-products/ HTTP/1.1" 404 1251 "https://alualufoil.com/the-best-cbd-uk-brands-and-products/#comment-10861/" "Mozilla/5.0 (Windows NT 10.0; Win64; x64) AppleWebKit/537.36 (KHTML, like Gecko) Chrome/131.0.0.0 Safari/537.36 Avast/131.0.0.0"
195.2.67.184 - - [30/Mar/2025:07:37:12 -0400] "GET / HTTP/1.1" 200 156100 "https://alualufoil.com/" "Mozilla/5.0 (Windows NT 10.0; Win64; x64) AppleWebKit/537.36 (KHTML, like Gecko) Chrome/131.0.0.0 Safari/537.36 Avast/131.0.0.0"
51.222.253.6 - - [30/Mar/2025:07:37:22 -0400] "GET /firepits-modernising-the-cultural-trends/feed/ HTTP/1.1" 404 1251 "-" "Mozilla/5.0 (compatible; AhrefsBot/7.0; +http://ahrefs.com/robot/)"
51.222.253.2 - - [30/Mar/2025:07:38:51 -0400] "GET /local-central-heating-services/feed/ HTTP/1.1" 404 1251 "-" "Mozilla/5.0 (compatible; AhrefsBot/7.0; +http://ahrefs.com/robot/)"
51.222.253.9 - - [30/Mar/2025:07:40:22 -0400] "GET /portables-fire-fighting-pumps/feed/ HTTP/1.1" 404 1251 "-" "Mozilla/5.0 (compatible; AhrefsBot/7.0; +http://ahrefs.com/robot/)"
51.222.253.19 - - [30/Mar/2025:07:41:49 -0400] "GET /how-to-choose-an-anti-wrinkling-cream/feed/ HTTP/1.1" 404 1251 "-" "Mozilla/5.0 (compatible; AhrefsBot/7.0; +http://ahrefs.com/robot/)"
51.222.253.2 - - [30/Mar/2025:07:43:10 -0400] "GET /how-to-buy-real-subscribers-on-youtube/feed/ HTTP/1.1" 404 1251 "-" "Mozilla/5.0 (compatible; AhrefsBot/7.0; +http://ahrefs.com/robot/)"
51.222.253.14 - - [30/Mar/2025:07:44:30 -0400] "GET /online-gambling-business-takes-advantage-of-compulsive-gamblers/feed/ HTTP/1.1" 404 1251 "-" "Mozilla/5.0 (compatible; AhrefsBot/7.0; +http://ahrefs.com/robot/)"
51.222.253.15 - - [30/Mar/2025:07:45:51 -0400] "GET /ein-traumurlaub-am-gardasee/feed/ HTTP/1.1" 404 1251 "-" "Mozilla/5.0 (compatible; AhrefsBot/7.0; +http://ahrefs.com/robot/)"
51.222.253.16 - - [30/Mar/2025:07:47:13 -0400] "GET /navigating-fda-otc-registration-a-guide-for-product-approval/feed/ HTTP/1.1" 404 1251 "-" "Mozilla/5.0 (compatible; AhrefsBot/7.0; +http://ahrefs.com/robot/)"
51.222.253.18 - - [30/Mar/2025:07:48:36 -0400] "GET /how-to-find-emergency-plumbers-near-me/feed/ HTTP/1.1" 404 1251 "-" "Mozilla/5.0 (compatible; AhrefsBot/7.0; +http://ahrefs.com/robot/)"
51.222.253.17 - - [30/Mar/2025:07:49:57 -0400] "GET /the-healing-art-of-massage/feed/ HTTP/1.1" 404 1251 "-" "Mozilla/5.0 (compatible; AhrefsBot/7.0; +http://ahrefs.com/robot/)"
