66.249.73.131 - - [29/Mar/2025:21:34:42 -0400] "GET /post-sitemap2.xml HTTP/1.1" 404 1251 "-" "Mozilla/5.0 (compatible; Googlebot/2.1; +http://www.google.com/bot.html)"
92.223.121.59 - - [29/Mar/2025:21:35:36 -0400] "GET /wp-login.php HTTP/1.1" 200 1710 "-" "Mozilla/5.0 (Windows NT 10.0; Win64; x64) AppleWebKit/537.36 (KHTML, like Gecko) Chrome/87.0.4280.141 Safari/537.36"
198.54.114.83 - - [29/Mar/2025:21:35:40 -0400] "POST /wp-cron.php?doing_wp_cron=1743298540.6111559867858886718750 HTTP/1.1" 200 0 "-" "WordPress/6.7.2; https://alualufoil.com"
92.223.121.59 - - [29/Mar/2025:21:35:37 -0400] "POST /wp-login.php HTTP/1.1" 200 1839 "-" "Mozilla/5.0 (Windows NT 10.0; Win64; x64) AppleWebKit/537.36 (KHTML, like Gecko) Chrome/87.0.4280.141 Safari/537.36"
198.54.114.83 - - [29/Mar/2025:21:35:41 -0400] "POST /wp-admin/admin-ajax.php?action=async_litespeed&nonce=tg4x0WuwvFBbFyqxzEUr7clIM5ZVmmzh&litespeed_type=imgoptm HTTP/1.1" 200 5 "-" "WordPress/6.7.2; https://alualufoil.com"
51.222.253.6 - - [29/Mar/2025:21:35:52 -0400] "GET /spider-gwen-sweat-shirt/feed/ HTTP/1.1" 404 1251 "-" "Mozilla/5.0 (compatible; AhrefsBot/7.0; +http://ahrefs.com/robot/)"
110.249.202.87 - - [29/Mar/2025:21:36:06 -0400] "GET /dp/B0BLS3H65Z?ref=MarsFS_AUCC_ath HTTP/1.1" 404 1251 "-" "Mozilla/5.0 (Linux; Android 5.0) AppleWebKit/537.36 (KHTML, like Gecko) Mobile Safari/537.36 (compatible; Bytespider; https://zhanzhang.toutiao.com/)"
51.222.253.19 - - [29/Mar/2025:21:37:32 -0400] "GET /category/activity/page/30/ HTTP/1.1" 404 1251 "-" "Mozilla/5.0 (compatible; AhrefsBot/7.0; +http://ahrefs.com/robot/)"
51.222.253.4 - - [29/Mar/2025:21:39:09 -0400] "GET /gas-mask-for-sale/feed/ HTTP/1.1" 404 1251 "-" "Mozilla/5.0 (compatible; AhrefsBot/7.0; +http://ahrefs.com/robot/)"
51.222.253.11 - - [29/Mar/2025:21:41:04 -0400] "GET /page/121/ HTTP/1.1" 404 1251 "-" "Mozilla/5.0 (compatible; AhrefsBot/7.0; +http://ahrefs.com/robot/)"
66.249.73.132 - - [29/Mar/2025:21:41:29 -0400] "GET /ultimate-convenience-the-instant-hot-cold-water-dispenser/ HTTP/1.1" 404 1251 "-" "Mozilla/5.0 (Linux; Android 6.0.1; Nexus 5X Build/MMB29P) AppleWebKit/537.36 (KHTML, like Gecko) Chrome/134.0.6998.165 Mobile Safari/537.36 (compatible; Googlebot/2.1; +http://www.google.com/bot.html)"
51.222.253.7 - - [29/Mar/2025:21:42:40 -0400] "GET /finding-affordable-concrete-contractors-in-northern-colorado/feed/ HTTP/1.1" 404 1251 "-" "Mozilla/5.0 (compatible; AhrefsBot/7.0; +http://ahrefs.com/robot/)"
51.222.253.18 - - [29/Mar/2025:21:44:21 -0400] "GET /cosa-vedere-sul-lago-di-garda/feed/ HTTP/1.1" 404 1251 "-" "Mozilla/5.0 (compatible; AhrefsBot/7.0; +http://ahrefs.com/robot/)"
51.222.253.6 - - [29/Mar/2025:21:46:14 -0400] "GET /heading-machine/feed/ HTTP/1.1" 404 1251 "-" "Mozilla/5.0 (compatible; AhrefsBot/7.0; +http://ahrefs.com/robot/)"
51.222.253.17 - - [29/Mar/2025:21:47:46 -0400] "GET /what-does-approximate-location-mean-on-iphone/feed/ HTTP/1.1" 404 1251 "-" "Mozilla/5.0 (compatible; AhrefsBot/7.0; +http://ahrefs.com/robot/)"
51.222.253.13 - - [29/Mar/2025:21:49:19 -0400] "GET /exploring-the-myst-showflat/feed/ HTTP/1.1" 404 1251 "-" "Mozilla/5.0 (compatible; AhrefsBot/7.0; +http://ahrefs.com/robot/)"
51.222.253.20 - - [29/Mar/2025:21:51:07 -0400] "GET /category/activity/page/121/ HTTP/1.1" 404 1251 "-" "Mozilla/5.0 (compatible; AhrefsBot/7.0; +http://ahrefs.com/robot/)"
51.222.253.12 - - [29/Mar/2025:21:52:41 -0400] "GET /image-masking-service-provider/feed/ HTTP/1.1" 404 1251 "-" "Mozilla/5.0 (compatible; AhrefsBot/7.0; +http://ahrefs.com/robot/)"
51.222.253.15 - - [29/Mar/2025:21:54:12 -0400] "GET /unveiling-the-secrets-of-microbial-diversity-a-comprehensive-analysis/feed/ HTTP/1.1" 404 1251 "-" "Mozilla/5.0 (compatible; AhrefsBot/7.0; +http://ahrefs.com/robot/)"
85.208.96.193 - - [29/Mar/2025:21:54:41 -0400] "GET /robots.txt HTTP/1.1" 304 0 "-" "Mozilla/5.0 (compatible; SemrushBot/7~bl; +http://www.semrush.com/bot.html)"
185.191.171.14 - - [29/Mar/2025:21:54:43 -0400] "GET /ragdoll-archers-unblocked-game-features/ HTTP/1.1" 404 1251 "-" "Mozilla/5.0 (compatible; SemrushBot/7~bl; +http://www.semrush.com/bot.html)"
51.222.253.12 - - [29/Mar/2025:21:55:41 -0400] "GET /automatisation/feed/ HTTP/1.1" 404 1251 "-" "Mozilla/5.0 (compatible; AhrefsBot/7.0; +http://ahrefs.com/robot/)"
111.225.149.195 - - [29/Mar/2025:21:56:43 -0400] "GET /page/5/ HTTP/1.1" 404 1251 "-" "Mozilla/5.0 (Linux; Android 5.0) AppleWebKit/537.36 (KHTML, like Gecko) Mobile Safari/537.36 (compatible; Bytespider; https://zhanzhang.toutiao.com/)"
51.222.253.11 - - [29/Mar/2025:21:57:19 -0400] "GET /page/40/ HTTP/1.1" 404 1251 "-" "Mozilla/5.0 (compatible; AhrefsBot/7.0; +http://ahrefs.com/robot/)"
110.249.202.91 - - [29/Mar/2025:21:58:00 -0400] "GET /page/28/ HTTP/1.1" 404 1251 "-" "Mozilla/5.0 (Linux; Android 5.0) AppleWebKit/537.36 (KHTML, like Gecko) Mobile Safari/537.36 (compatible; Bytespider; https://zhanzhang.toutiao.com/)"
185.220.100.248 - - [29/Mar/2025:21:58:44 -0400] "GET / HTTP/1.1" 200 156100 "https://alualufoil.com" "Mozilla/5.0 (Windows NT 6.1; WOW64) AppleWebKit/537.36 (KHTML, like Gecko) Chrome/43.0.2357.81 Safari/537.36 OPR/30.0.1835.59 (Edition Yx)"
51.222.253.15 - - [29/Mar/2025:21:59:04 -0400] "GET /things-you-should-know-before-you-buy-youtube-shares/ HTTP/1.1" 404 1251 "-" "Mozilla/5.0 (compatible; AhrefsBot/7.0; +http://ahrefs.com/robot/)"
79.173.88.107 - - [29/Mar/2025:21:59:37 -0400] "GET /the-world-of-gaming-computers/ HTTP/1.1" 404 1251 "https://yandex.ru/" "Mozilla/5.0 (X11; Linux x86_64) AppleWebKit/537.36 (KHTML, like Gecko) Chrome/124.0.0.0 YaBrowser/24.6.0.0 Safari/537.36"
51.222.253.3 - - [29/Mar/2025:22:00:38 -0400] "GET /category/activity/page/120/ HTTP/1.1" 404 1251 "-" "Mozilla/5.0 (compatible; AhrefsBot/7.0; +http://ahrefs.com/robot/)"
51.222.253.5 - - [29/Mar/2025:22:02:21 -0400] "GET /what-does-a-lawyer-do/feed/ HTTP/1.1" 404 1251 "-" "Mozilla/5.0 (compatible; AhrefsBot/7.0; +http://ahrefs.com/robot/)"
52.167.144.159 - - [29/Mar/2025:22:02:52 -0400] "GET /th/know-more-about-medicinal-packaging.html HTTP/1.1" 404 1251 "-" "Mozilla/5.0 AppleWebKit/537.36 (KHTML, like Gecko; compatible; bingbot/2.0; +http://www.bing.com/bingbot.htm) Chrome/116.0.1938.76 Safari/537.36"
51.222.253.16 - - [29/Mar/2025:22:03:59 -0400] "GET /how-to-get-likes-on-youtube-comment/ HTTP/1.1" 404 1251 "-" "Mozilla/5.0 (compatible; AhrefsBot/7.0; +http://ahrefs.com/robot/)"
136.243.228.179 - - [29/Mar/2025:22:04:26 -0400] "GET /what-is-the-best-herbal-remedies-for-cancer-treatment/ HTTP/1.1" 404 1251 "-" "Mozilla/5.0 (compatible; DataForSeoBot/1.0; +https://dataforseo.com/dataforseo-bot)"
51.222.253.2 - - [29/Mar/2025:22:05:31 -0400] "GET /riding-motorcycle-on-the-ho-chi-minh-trail-vietnam/feed/ HTTP/1.1" 404 1251 "-" "Mozilla/5.0 (compatible; AhrefsBot/7.0; +http://ahrefs.com/robot/)"
51.222.253.12 - - [29/Mar/2025:22:07:07 -0400] "GET /steuerberater-hattingen/feed/ HTTP/1.1" 404 1251 "-" "Mozilla/5.0 (compatible; AhrefsBot/7.0; +http://ahrefs.com/robot/)"
166.1.200.165 - - [29/Mar/2025:22:07:08 -0400] "GET /the-best-cbd-uk-brands-and-products/ HTTP/1.1" 404 1251 "https://alualufoil.com/the-best-cbd-uk-brands-and-products/#comment-10861/" "Mozilla/5.0 (Windows NT 10.0; Win64; x64) AppleWebKit/537.36 (KHTML, like Gecko) Chrome/129.0.0.0 Safari/537.36"
166.1.200.165 - - [29/Mar/2025:22:07:09 -0400] "GET / HTTP/1.1" 200 156100 "https://alualufoil.com/" "Mozilla/5.0 (Windows NT 10.0; Win64; x64) AppleWebKit/537.36 (KHTML, like Gecko) Chrome/129.0.0.0 Safari/537.36"
51.222.253.5 - - [29/Mar/2025:22:08:40 -0400] "GET /ui-ux-design-services/feed/ HTTP/1.1" 404 1251 "-" "Mozilla/5.0 (compatible; AhrefsBot/7.0; +http://ahrefs.com/robot/)"
51.222.253.1 - - [29/Mar/2025:22:10:23 -0400] "GET /important-facts-with-regard-to-boiler-service/feed/ HTTP/1.1" 404 1251 "-" "Mozilla/5.0 (compatible; AhrefsBot/7.0; +http://ahrefs.com/robot/)"
51.222.253.1 - - [29/Mar/2025:22:12:09 -0400] "GET /smart-lighting-for-your-home/feed/ HTTP/1.1" 404 1251 "-" "Mozilla/5.0 (compatible; AhrefsBot/7.0; +http://ahrefs.com/robot/)"
51.222.253.14 - - [29/Mar/2025:22:13:48 -0400] "GET /things-to-keep-in-mind-before-buying-the-nintendo-switch/ HTTP/1.1" 404 1251 "-" "Mozilla/5.0 (compatible; AhrefsBot/7.0; +http://ahrefs.com/robot/)"
51.222.253.7 - - [29/Mar/2025:22:15:26 -0400] "GET /taille-poster/feed/ HTTP/1.1" 404 1251 "-" "Mozilla/5.0 (compatible; AhrefsBot/7.0; +http://ahrefs.com/robot/)"
51.222.253.15 - - [29/Mar/2025:22:17:07 -0400] "GET /how-to-clean-gold-jewellery/feed/ HTTP/1.1" 404 1251 "-" "Mozilla/5.0 (compatible; AhrefsBot/7.0; +http://ahrefs.com/robot/)"
51.222.253.7 - - [29/Mar/2025:22:19:13 -0400] "GET /what-are-gas-masks/feed/ HTTP/1.1" 404 1251 "-" "Mozilla/5.0 (compatible; AhrefsBot/7.0; +http://ahrefs.com/robot/)"
40.77.167.156 - - [29/Mar/2025:22:20:46 -0400] "GET /th/the-production-process-of-pharmaceutical-aluminum-foil.html HTTP/1.1" 404 1251 "-" "Mozilla/5.0 AppleWebKit/537.36 (KHTML, like Gecko; compatible; bingbot/2.0; +http://www.bing.com/bingbot.htm) Chrome/116.0.1938.76 Safari/537.36"
51.222.253.16 - - [29/Mar/2025:22:21:18 -0400] "GET /organizza-il-tuo-matrimonio-sul-lago-di-garda-in-paradiso/feed/ HTTP/1.1" 404 1251 "-" "Mozilla/5.0 (compatible; AhrefsBot/7.0; +http://ahrefs.com/robot/)"
51.222.253.20 - - [29/Mar/2025:22:23:02 -0400] "GET /category/activity/page/32/ HTTP/1.1" 404 1251 "-" "Mozilla/5.0 (compatible; AhrefsBot/7.0; +http://ahrefs.com/robot/)"
198.54.114.83 - - [29/Mar/2025:22:23:21 -0400] "POST /wp-admin/admin-ajax.php?action=async_litespeed&nonce=ZXqWoQ3iwOgh1EPqDC3wIt7ACfZVmTuP&litespeed_type=imgoptm HTTP/1.1" 200 5 "-" "WordPress/6.7.2; https://alualufoil.com"
92.255.57.103 - - [29/Mar/2025:22:23:22 -0400] "GET /wp-login.php?wp_lang=en_US HTTP/1.1" 200 1711 "http://alualufoil.com/wp-login.php" "Mozilla/5.0 (Windows NT 10.0; Win64; x64) AppleWebKit/537.36 (KHTML, like Gecko) Chrome/135.0.0.0 Safari/537.36"
92.255.57.103 - - [29/Mar/2025:22:23:27 -0400] "POST /wp-login.php?wp_lang=en_US HTTP/1.1" 200 1850 "http://alualufoil.com/wp-login.php" "Mozilla/5.0 (Windows NT 10.0; Win64; x64) AppleWebKit/537.36 (KHTML, like Gecko) Chrome/135.0.0.0 Safari/537.36"
14.161.167.88 - - [29/Mar/2025:22:23:30 -0400] "POST /wp-login.php?wp_lang=en_US HTTP/1.1" 200 1850 "http://alualufoil.com/wp-login.php" "Mozilla/5.0 (Windows NT 10.0; Win64; x64) AppleWebKit/537.36 (KHTML, like Gecko) Chrome/135.0.0.0 Safari/537.36"
198.54.114.83 - - [29/Mar/2025:22:23:36 -0400] "POST /wp-cron.php?doing_wp_cron=1743301416.6508710384368896484375 HTTP/1.1" 200 0 "-" "WordPress/6.7.2; https://alualufoil.com"
183.221.220.251 - - [29/Mar/2025:22:23:36 -0400] "POST /wp-login.php?wp_lang=en_US HTTP/1.1" 200 1850 "http://alualufoil.com/wp-login.php" "Mozilla/5.0 (Windows NT 10.0; Win64; x64) AppleWebKit/537.36 (KHTML, like Gecko) Chrome/135.0.0.0 Safari/537.36"
92.255.57.103 - - [29/Mar/2025:22:23:39 -0400] "GET /wp-login.php?wp_lang=en_US HTTP/1.1" 200 1711 "https://alualufoil.com/wp-login.php" "Mozilla/5.0 (Windows NT 10.0; Win64; x64) AppleWebKit/537.36 (KHTML, like Gecko) Chrome/135.0.0.0 Safari/537.36"
92.255.57.103 - - [29/Mar/2025:22:23:44 -0400] "POST /wp-login.php?wp_lang=en_US HTTP/1.1" 200 1838 "https://alualufoil.com/wp-login.php" "Mozilla/5.0 (Windows NT 10.0; Win64; x64) AppleWebKit/537.36 (KHTML, like Gecko) Chrome/135.0.0.0 Safari/537.36"
51.222.253.3 - - [29/Mar/2025:22:24:43 -0400] "GET /private-live-in-carers/feed/ HTTP/1.1" 404 1251 "-" "Mozilla/5.0 (compatible; AhrefsBot/7.0; +http://ahrefs.com/robot/)"
51.222.253.12 - - [29/Mar/2025:22:26:22 -0400] "GET /unraveling-the-dynamics-prices-of-accounting-services-in-burgas/feed/ HTTP/1.1" 404 1251 "-" "Mozilla/5.0 (compatible; AhrefsBot/7.0; +http://ahrefs.com/robot/)"
51.222.253.20 - - [29/Mar/2025:22:27:47 -0400] "GET /wohnhypotheken-teil-1/feed/ HTTP/1.1" 404 1251 "-" "Mozilla/5.0 (compatible; AhrefsBot/7.0; +http://ahrefs.com/robot/)"
51.222.253.14 - - [29/Mar/2025:22:29:25 -0400] "GET /is-it-safe-to-buy-youtube-views/feed/ HTTP/1.1" 404 1251 "-" "Mozilla/5.0 (compatible; AhrefsBot/7.0; +http://ahrefs.com/robot/)"
195.191.219.131 - - [29/Mar/2025:22:31:06 -0400] "GET /robots.txt HTTP/1.1" 304 0 "-" "Mozilla/5.0 (compatible; MJ12bot/v2.0.0; http://mj12bot.com/)"
195.191.219.131 - - [29/Mar/2025:22:31:06 -0400] "GET / HTTP/1.1" 200 156100 "-" "Mozilla/5.0 (compatible; MJ12bot/v2.0.0; http://mj12bot.com/)"
51.222.253.9 - - [29/Mar/2025:22:31:20 -0400] "GET /credit-repair-specialist/feed/ HTTP/1.1" 404 1251 "-" "Mozilla/5.0 (compatible; AhrefsBot/7.0; +http://ahrefs.com/robot/)"
51.222.253.15 - - [29/Mar/2025:22:32:50 -0400] "GET /buy-subscribers-youtube/feed/ HTTP/1.1" 404 1251 "-" "Mozilla/5.0 (compatible; AhrefsBot/7.0; +http://ahrefs.com/robot/)"
136.243.228.179 - - [29/Mar/2025:22:33:03 -0400] "GET /the-evolution-and-impact-of-online-gambling-balancing-entertainment-and-responsibility/ HTTP/1.1" 404 1251 "-" "Mozilla/5.0 (compatible; DataForSeoBot/1.0; +https://dataforseo.com/dataforseo-bot)"
51.222.253.8 - - [29/Mar/2025:22:34:27 -0400] "GET /page/2/ HTTP/1.1" 404 1251 "-" "Mozilla/5.0 (compatible; AhrefsBot/7.0; +http://ahrefs.com/robot/)"
51.222.253.14 - - [29/Mar/2025:22:36:11 -0400] "GET /page/37/ HTTP/1.1" 404 1251 "-" "Mozilla/5.0 (compatible; AhrefsBot/7.0; +http://ahrefs.com/robot/)"
51.222.253.16 - - [29/Mar/2025:22:37:31 -0400] "GET /ultimate-guide-to-best-digital-marketing-course-in-delhi/feed/ HTTP/1.1" 404 1251 "-" "Mozilla/5.0 (compatible; AhrefsBot/7.0; +http://ahrefs.com/robot/)"
51.222.253.17 - - [29/Mar/2025:22:39:10 -0400] "GET /locksmith-in-chicago/feed/ HTTP/1.1" 404 1251 "-" "Mozilla/5.0 (compatible; AhrefsBot/7.0; +http://ahrefs.com/robot/)"
51.222.253.19 - - [29/Mar/2025:22:41:11 -0400] "GET /the-role-of-a-specialist/feed/ HTTP/1.1" 404 1251 "-" "Mozilla/5.0 (compatible; AhrefsBot/7.0; +http://ahrefs.com/robot/)"
51.222.253.11 - - [29/Mar/2025:22:42:48 -0400] "GET /breast-augmentation/feed/ HTTP/1.1" 404 1251 "-" "Mozilla/5.0 (compatible; AhrefsBot/7.0; +http://ahrefs.com/robot/)"
85.208.96.208 - - [29/Mar/2025:22:43:56 -0400] "GET /category/activity/page/150/ HTTP/1.1" 404 1251 "-" "Mozilla/5.0 (compatible; SemrushBot/7~bl; +http://www.semrush.com/bot.html)"
51.222.253.11 - - [29/Mar/2025:22:44:12 -0400] "GET /can-i-buy-youtube-subscribers/feed/ HTTP/1.1" 404 1251 "-" "Mozilla/5.0 (compatible; AhrefsBot/7.0; +http://ahrefs.com/robot/)"
51.222.253.9 - - [29/Mar/2025:22:45:44 -0400] "GET /category/activity/page/33/ HTTP/1.1" 404 1251 "-" "Mozilla/5.0 (compatible; AhrefsBot/7.0; +http://ahrefs.com/robot/)"
51.222.253.7 - - [29/Mar/2025:22:47:15 -0400] "GET /unveiling-the-strategic-role-of-salesforce-recruiters/feed/ HTTP/1.1" 404 1251 "-" "Mozilla/5.0 (compatible; AhrefsBot/7.0; +http://ahrefs.com/robot/)"
51.222.253.19 - - [29/Mar/2025:22:48:45 -0400] "GET /page/119/ HTTP/1.1" 404 1251 "-" "Mozilla/5.0 (compatible; AhrefsBot/7.0; +http://ahrefs.com/robot/)"
46.101.204.165 - - [29/Mar/2025:22:49:28 -0400] "GET /wp-login.php HTTP/1.1" 200 1711 "http://alualufoil.com/wp-admin/" "Mozilla/5.0 (Windows NT 10.0; Win64; x64) AppleWebKit/537.36 (KHTML, like Gecko) Chrome/90.0.4430.85 Safari/537.36"
198.54.114.83 - - [29/Mar/2025:22:49:28 -0400] "POST /wp-admin/admin-ajax.php?action=async_litespeed&nonce=zoLOInbtwFT0xywWHTBkxfKEqkzwPYPM&litespeed_type=imgoptm HTTP/1.1" 200 5 "-" "WordPress/6.7.2; https://alualufoil.com"
46.101.204.165 - - [29/Mar/2025:22:49:29 -0400] "POST /wp-login.php HTTP/1.1" 200 1838 "http://alualufoil.com/wp-admin/" "Mozilla/5.0 (Windows NT 10.0; Win64; x64) AppleWebKit/537.36 (KHTML, like Gecko) Chrome/90.0.4430.85 Safari/537.36"
46.101.204.165 - - [29/Mar/2025:22:49:29 -0400] "GET /wp-admin/ HTTP/1.1" 302 0 "www.google.com" "Mozilla/5.0 (Windows NT 10.0; Win64; x64) AppleWebKit/537.36 (KHTML, like Gecko) Chrome/90.0.4430.85 Safari/537.36"
46.101.204.165 - - [29/Mar/2025:22:49:29 -0400] "GET /wp-login.php?redirect_to=https%3A%2F%2Falualufoil.com%2Fwp-admin%2F&reauth=1 HTTP/1.1" 200 1711 "www.google.com" "Mozilla/5.0 (Windows NT 10.0; Win64; x64) AppleWebKit/537.36 (KHTML, like Gecko) Chrome/90.0.4430.85 Safari/537.36"
51.222.253.2 - - [29/Mar/2025:22:50:26 -0400] "GET /page/42/ HTTP/1.1" 404 1251 "-" "Mozilla/5.0 (compatible; AhrefsBot/7.0; +http://ahrefs.com/robot/)"
51.222.253.4 - - [29/Mar/2025:22:52:12 -0400] "GET /category/activity/page/119/ HTTP/1.1" 404 1251 "-" "Mozilla/5.0 (compatible; AhrefsBot/7.0; +http://ahrefs.com/robot/)"
51.222.253.9 - - [29/Mar/2025:22:54:07 -0400] "GET /pourquoi-devriez-vous-utiliser-des-cils-pour-lunettes-de-soleil/feed/ HTTP/1.1" 404 1251 "-" "Mozilla/5.0 (compatible; AhrefsBot/7.0; +http://ahrefs.com/robot/)"
51.222.253.6 - - [29/Mar/2025:22:55:16 -0400] "GET /chrome-fan-style-function-and-shine-in-one-sweep/ HTTP/1.1" 404 1251 "-" "Mozilla/5.0 (compatible; AhrefsBot/7.0; +http://ahrefs.com/robot/)"
51.222.253.3 - - [29/Mar/2025:22:58:20 -0400] "GET /the-best-thermal-paste-for-the-playstation-5/feed/ HTTP/1.1" 404 1251 "-" "Mozilla/5.0 (compatible; AhrefsBot/7.0; +http://ahrefs.com/robot/)"
51.222.253.14 - - [29/Mar/2025:22:59:55 -0400] "GET /le-tour-de-lit-crocodile-un-voyage-imaginaire-dans-la-chambre-des-reves/feed/ HTTP/1.1" 404 1251 "-" "Mozilla/5.0 (compatible; AhrefsBot/7.0; +http://ahrefs.com/robot/)"
51.222.253.6 - - [29/Mar/2025:23:01:42 -0400] "GET /robots.txt HTTP/1.1" 304 0 "-" "Mozilla/5.0 (compatible; AhrefsBot/7.0; +http://ahrefs.com/robot/)"
51.222.253.7 - - [29/Mar/2025:23:01:44 -0400] "GET /hydraulic-oil-coolers/feed/ HTTP/1.1" 404 1251 "-" "Mozilla/5.0 (compatible; AhrefsBot/7.0; +http://ahrefs.com/robot/)"
51.222.253.16 - - [29/Mar/2025:23:03:21 -0400] "GET /alternative-to-wetransfer/feed/ HTTP/1.1" 404 1251 "-" "Mozilla/5.0 (compatible; AhrefsBot/7.0; +http://ahrefs.com/robot/)"
136.243.228.179 - - [29/Mar/2025:23:03:23 -0400] "GET /how-to-manage-real-estate-sales/ HTTP/1.1" 404 1251 "-" "Mozilla/5.0 (compatible; DataForSeoBot/1.0; +https://dataforseo.com/dataforseo-bot)"
51.222.253.5 - - [29/Mar/2025:23:04:56 -0400] "GET /is-extended-warranty-for-car-worth-it/feed/ HTTP/1.1" 404 1251 "-" "Mozilla/5.0 (compatible; AhrefsBot/7.0; +http://ahrefs.com/robot/)"
51.222.253.5 - - [29/Mar/2025:23:06:34 -0400] "GET /business-trip-massage/feed/ HTTP/1.1" 404 1251 "-" "Mozilla/5.0 (compatible; AhrefsBot/7.0; +http://ahrefs.com/robot/)"
51.222.253.4 - - [29/Mar/2025:23:08:06 -0400] "GET /how-to-choose-an-off-line-cooling-system/feed/ HTTP/1.1" 404 1251 "-" "Mozilla/5.0 (compatible; AhrefsBot/7.0; +http://ahrefs.com/robot/)"
51.222.253.3 - - [29/Mar/2025:23:09:36 -0400] "GET /cozy-bliss-for-your-feet-the-allure-of-customized-fuzzy-socks/feed/ HTTP/1.1" 404 1251 "-" "Mozilla/5.0 (compatible; AhrefsBot/7.0; +http://ahrefs.com/robot/)"
51.222.253.5 - - [29/Mar/2025:23:11:15 -0400] "GET /how-to-add-videos-to-your-youtube-favorites/ HTTP/1.1" 404 1251 "-" "Mozilla/5.0 (compatible; AhrefsBot/7.0; +http://ahrefs.com/robot/)"
51.222.253.2 - - [29/Mar/2025:23:12:50 -0400] "GET /unveiling-the-dynamic-design-spider-gwen-costume/feed/ HTTP/1.1" 404 1251 "-" "Mozilla/5.0 (compatible; AhrefsBot/7.0; +http://ahrefs.com/robot/)"
51.222.253.3 - - [29/Mar/2025:23:14:19 -0400] "GET /vita-glow-cream-review/feed/ HTTP/1.1" 404 1251 "-" "Mozilla/5.0 (compatible; AhrefsBot/7.0; +http://ahrefs.com/robot/)"
111.225.149.148 - - [29/Mar/2025:23:14:37 -0400] "GET /gp/customer-reviews/R2DVCU4L2UJJBX/ref=cm_cr_dp_d_rvw_ttl?ASIN=B0DG4WZZPV&ie=UTF8 HTTP/1.1" 404 1251 "-" "Mozilla/5.0 (Linux; Android 5.0) AppleWebKit/537.36 (KHTML, like Gecko) Mobile Safari/537.36 (compatible; Bytespider; https://zhanzhang.toutiao.com/)"
51.222.253.13 - - [29/Mar/2025:23:15:51 -0400] "GET /black-seed-oil-benefits/feed/ HTTP/1.1" 404 1251 "-" "Mozilla/5.0 (compatible; AhrefsBot/7.0; +http://ahrefs.com/robot/)"
51.222.253.14 - - [29/Mar/2025:23:17:34 -0400] "GET /search-engine-optimization-los-angeles/feed/ HTTP/1.1" 404 1251 "-" "Mozilla/5.0 (compatible; AhrefsBot/7.0; +http://ahrefs.com/robot/)"
51.222.253.13 - - [29/Mar/2025:23:19:27 -0400] "GET /hydraulic-cutting-machine/feed/ HTTP/1.1" 404 1251 "-" "Mozilla/5.0 (compatible; AhrefsBot/7.0; +http://ahrefs.com/robot/)"
51.222.253.20 - - [29/Mar/2025:23:21:17 -0400] "GET /mastering-zhu-yuan-skill-priority-guide/feed/ HTTP/1.1" 404 1251 "-" "Mozilla/5.0 (compatible; AhrefsBot/7.0; +http://ahrefs.com/robot/)"
51.222.253.6 - - [29/Mar/2025:23:22:42 -0400] "GET /empowering-independence-the-significance-of-hourly-care-in-personalized-support/feed/ HTTP/1.1" 404 1251 "-" "Mozilla/5.0 (compatible; AhrefsBot/7.0; +http://ahrefs.com/robot/)"
51.222.253.10 - - [29/Mar/2025:23:24:14 -0400] "GET /sock-it-up-unveiling-the-world-of-customized-socks/feed/ HTTP/1.1" 404 1251 "-" "Mozilla/5.0 (compatible; AhrefsBot/7.0; +http://ahrefs.com/robot/)"
134.209.144.185 - - [29/Mar/2025:23:25:44 -0400] "GET /wp-login.php HTTP/1.1" 200 1710 "-" "Mozila/5.0"
198.54.114.83 - - [29/Mar/2025:23:25:50 -0400] "POST /wp-cron.php?doing_wp_cron=1743305149.7114961147308349609375 HTTP/1.1" 200 0 "-" "WordPress/6.7.2; https://alualufoil.com"
134.209.144.185 - - [29/Mar/2025:23:25:45 -0400] "POST /wp-login.php HTTP/1.1" 200 1850 "-" "Mozila/5.0"
51.222.253.11 - - [29/Mar/2025:23:25:50 -0400] "GET /essential-hotel-bedroom-furniture-combining-comfort-and-style/feed/ HTTP/1.1" 404 1251 "-" "Mozilla/5.0 (compatible; AhrefsBot/7.0; +http://ahrefs.com/robot/)"
134.209.144.185 - - [29/Mar/2025:23:25:50 -0400] "GET /wp-admin/ HTTP/1.1" 302 0 "-" "Mozila/5.0"
198.54.114.83 - - [29/Mar/2025:23:25:51 -0400] "POST /wp-admin/admin-ajax.php?action=async_litespeed&nonce=LOntgaZr4C7nZZRGqN7boQvCZvs0AkIT&litespeed_type=imgoptm HTTP/1.1" 200 0 "-" "WordPress/6.7.2; https://alualufoil.com"
134.209.144.185 - - [29/Mar/2025:23:25:52 -0400] "GET /wp-login.php?redirect_to=https%3A%2F%2Falualufoil.com%2Fwp-admin%2F&reauth=1 HTTP/1.1" 200 1711 "-" "Mozila/5.0"
51.222.253.16 - - [29/Mar/2025:23:27:20 -0400] "GET /sports-clothing-wholesale-sports-clothing-in-australia/feed/ HTTP/1.1" 404 1251 "-" "Mozilla/5.0 (compatible; AhrefsBot/7.0; +http://ahrefs.com/robot/)"
51.222.253.3 - - [29/Mar/2025:23:28:48 -0400] "GET /page/41/ HTTP/1.1" 404 1251 "-" "Mozilla/5.0 (compatible; AhrefsBot/7.0; +http://ahrefs.com/robot/)"
65.21.113.196 - - [29/Mar/2025:23:30:13 -0400] "GET /robots.txt HTTP/1.1" 304 0 "-" "Mozilla/5.0 (compatible; AwarioBot/1.0; +https://awario.com/bots.html)"
65.21.113.196 - - [29/Mar/2025:23:30:14 -0400] "GET /category-sitemap.xml HTTP/1.1" 404 1251 "-" "Mozilla/5.0 (compatible; AwarioBot/1.0; +https://awario.com/bots.html)"
65.21.113.196 - - [29/Mar/2025:23:30:16 -0400] "GET /page-sitemap.xml HTTP/1.1" 404 1251 "-" "Mozilla/5.0 (compatible; AwarioBot/1.0; +https://awario.com/bots.html)"
65.21.113.196 - - [29/Mar/2025:23:30:20 -0400] "GET /post-sitemap.xml HTTP/1.1" 404 1251 "-" "Mozilla/5.0 (compatible; AwarioBot/1.0; +https://awario.com/bots.html)"
65.21.113.196 - - [29/Mar/2025:23:30:23 -0400] "GET /post-sitemap2.xml HTTP/1.1" 404 1251 "-" "Mozilla/5.0 (compatible; AwarioBot/1.0; +https://awario.com/bots.html)"
51.222.253.8 - - [29/Mar/2025:23:30:24 -0400] "GET /understanding-the-benefits-of-massage/feed/ HTTP/1.1" 404 1251 "-" "Mozilla/5.0 (compatible; AhrefsBot/7.0; +http://ahrefs.com/robot/)"
65.21.113.196 - - [29/Mar/2025:23:30:26 -0400] "GET /2024/10/ HTTP/1.1" 404 1251 "-" "Mozilla/5.0 (compatible; AwarioBot/1.0; +https://awario.com/bots.html)"
65.21.113.196 - - [29/Mar/2025:23:30:30 -0400] "GET /2025/01/ HTTP/1.1" 404 1251 "-" "Mozilla/5.0 (compatible; AwarioBot/1.0; +https://awario.com/bots.html)"
65.21.113.196 - - [29/Mar/2025:23:30:33 -0400] "GET /?p=3706 HTTP/1.1" 200 156100 "-" "Mozilla/5.0 (compatible; AwarioBot/1.0; +https://awario.com/bots.html)"
65.21.113.196 - - [29/Mar/2025:23:30:36 -0400] "GET /apprendre-a-jouer-de-la-guitare/feed/ HTTP/1.1" 404 1251 "-" "Mozilla/5.0 (compatible; AwarioBot/1.0; +https://awario.com/bots.html)"
65.21.113.196 - - [29/Mar/2025:23:30:39 -0400] "GET /best-bitcoin-mixer-how-to-choose-the-best-bitcoin-mixer/ HTTP/1.1" 404 1251 "-" "Mozilla/5.0 (compatible; AwarioBot/1.0; +https://awario.com/bots.html)"
65.21.113.196 - - [29/Mar/2025:23:30:40 -0400] "GET /best-bitcoin-mixer/feed/ HTTP/1.1" 404 1251 "-" "Mozilla/5.0 (compatible; AwarioBot/1.0; +https://awario.com/bots.html)"
65.21.113.196 - - [29/Mar/2025:23:30:44 -0400] "GET /bitcoin-tumbler/feed/ HTTP/1.1" 404 1251 "-" "Mozilla/5.0 (compatible; AwarioBot/1.0; +https://awario.com/bots.html)"
65.21.113.196 - - [29/Mar/2025:23:30:47 -0400] "GET /brisbane-airport-transport/ HTTP/1.1" 404 1251 "-" "Mozilla/5.0 (compatible; AwarioBot/1.0; +https://awario.com/bots.html)"
65.21.113.196 - - [29/Mar/2025:23:30:49 -0400] "GET /category/about-us/feed/ HTTP/1.1" 404 1251 "-" "Mozilla/5.0 (compatible; AwarioBot/1.0; +https://awario.com/bots.html)"
65.21.113.196 - - [29/Mar/2025:23:30:53 -0400] "GET /category/activity/feed/ HTTP/1.1" 404 1251 "-" "Mozilla/5.0 (compatible; AwarioBot/1.0; +https://awario.com/bots.html)"
65.21.113.196 - - [29/Mar/2025:23:30:56 -0400] "GET /category/activity/page/152/ HTTP/1.1" 404 1251 "-" "Mozilla/5.0 (compatible; AwarioBot/1.0; +https://awario.com/bots.html)"
65.21.113.196 - - [29/Mar/2025:23:30:59 -0400] "GET /category/activity/page/2/ HTTP/1.1" 404 1251 "-" "Mozilla/5.0 (compatible; AwarioBot/1.0; +https://awario.com/bots.html)"
65.21.113.196 - - [29/Mar/2025:23:31:02 -0400] "GET /category/contact-us/feed/ HTTP/1.1" 404 1251 "-" "Mozilla/5.0 (compatible; AwarioBot/1.0; +https://awario.com/bots.html)"
65.21.113.196 - - [29/Mar/2025:23:31:05 -0400] "GET /category/sign-in/feed/ HTTP/1.1" 404 1251 "-" "Mozilla/5.0 (compatible; AwarioBot/1.0; +https://awario.com/bots.html)"
65.21.113.196 - - [29/Mar/2025:23:31:07 -0400] "GET /category/sign-up/feed/ HTTP/1.1" 404 1251 "-" "Mozilla/5.0 (compatible; AwarioBot/1.0; +https://awario.com/bots.html)"
65.21.113.196 - - [29/Mar/2025:23:31:09 -0400] "GET /der-genuss-gerosteter-mandeln/ HTTP/1.1" 404 1251 "-" "Mozilla/5.0 (compatible; AwarioBot/1.0; +https://awario.com/bots.html)"
65.21.113.196 - - [29/Mar/2025:23:31:12 -0400] "GET /die-besten-orte-fur-gitarrenunterricht-in-dusseldorf-entdecken/ HTTP/1.1" 404 1251 "-" "Mozilla/5.0 (compatible; AwarioBot/1.0; +https://awario.com/bots.html)"
65.21.113.196 - - [29/Mar/2025:23:31:14 -0400] "GET /elegance-et-praticite-des-panneaux-pvc-immitant-le-marbre/ HTTP/1.1" 404 1251 "-" "Mozilla/5.0 (compatible; AwarioBot/1.0; +https://awario.com/bots.html)"
65.21.113.196 - - [29/Mar/2025:23:31:16 -0400] "GET /epilation-au-laser-a-rouen-une-solution-efficace-et-durable/feed/ HTTP/1.1" 404 1251 "-" "Mozilla/5.0 (compatible; AwarioBot/1.0; +https://awario.com/bots.html)"
65.21.113.196 - - [29/Mar/2025:23:31:18 -0400] "GET /erstklassiger-gitarrenunterricht-mit-tilman-totzke-in-essen/feed/ HTTP/1.1" 404 1251 "-" "Mozilla/5.0 (compatible; AwarioBot/1.0; +https://awario.com/bots.html)"
65.21.113.196 - - [29/Mar/2025:23:31:21 -0400] "GET /michael-kors-bags-blue/ HTTP/1.1" 404 1251 "-" "Mozilla/5.0 (compatible; AwarioBot/1.0; +https://awario.com/bots.html)"
65.21.113.196 - - [29/Mar/2025:23:31:24 -0400] "GET /minecraft-survival-serveur-ultime-pour-une-experience-inoubliable/feed/ HTTP/1.1" 404 1251 "-" "Mozilla/5.0 (compatible; AwarioBot/1.0; +https://awario.com/bots.html)"
65.21.113.196 - - [29/Mar/2025:23:31:26 -0400] "GET /mk-bag-for-sales/feed/ HTTP/1.1" 404 1251 "-" "Mozilla/5.0 (compatible; AwarioBot/1.0; +https://awario.com/bots.html)"
65.21.113.196 - - [29/Mar/2025:23:31:27 -0400] "GET /mk-shoulder-bag/ HTTP/1.1" 404 1251 "-" "Mozilla/5.0 (compatible; AwarioBot/1.0; +https://awario.com/bots.html)"
65.21.113.196 - - [29/Mar/2025:23:31:29 -0400] "GET /page/152/ HTTP/1.1" 404 1251 "-" "Mozilla/5.0 (compatible; AwarioBot/1.0; +https://awario.com/bots.html)"
65.21.113.196 - - [29/Mar/2025:23:31:32 -0400] "GET /page/2/ HTTP/1.1" 404 1251 "-" "Mozilla/5.0 (compatible; AwarioBot/1.0; +https://awario.com/bots.html)"
65.21.113.196 - - [29/Mar/2025:23:31:34 -0400] "GET /ragdoll-archers-unblocked-game-features/feed/ HTTP/1.1" 404 1251 "-" "Mozilla/5.0 (compatible; AwarioBot/1.0; +https://awario.com/bots.html)"
65.21.113.196 - - [29/Mar/2025:23:31:36 -0400] "GET /stylish-nappy-bags-diaper-bags-come-into-their-own/feed/ HTTP/1.1" 404 1251 "-" "Mozilla/5.0 (compatible; AwarioBot/1.0; +https://awario.com/bots.html)"
65.21.113.196 - - [29/Mar/2025:23:31:38 -0400] "GET /the-path-to-becoming-a-skilled-author/feed/ HTTP/1.1" 404 1251 "-" "Mozilla/5.0 (compatible; AwarioBot/1.0; +https://awario.com/bots.html)"
65.21.113.196 - - [29/Mar/2025:23:31:40 -0400] "GET /this-is-why-india-should-not-ban-bitcoin/ HTTP/1.1" 404 1251 "-" "Mozilla/5.0 (compatible; AwarioBot/1.0; +https://awario.com/bots.html)"
65.21.113.196 - - [29/Mar/2025:23:31:42 -0400] "GET /flathead-lake-boat-rentals-enjoy-the-beautiful-waters-of-flathead-lake/ HTTP/1.1" 404 1251 "-" "Mozilla/5.0 (compatible; AwarioBot/1.0; +https://awario.com/bots.html)"
65.21.113.196 - - [29/Mar/2025:23:31:44 -0400] "GET /what-is-the-best-cbd-vape-uk/ HTTP/1.1" 404 1251 "-" "Mozilla/5.0 (compatible; AwarioBot/1.0; +https://awario.com/bots.html)"
51.222.253.2 - - [29/Mar/2025:23:32:00 -0400] "GET /capital-landscaping/feed/ HTTP/1.1" 404 1251 "-" "Mozilla/5.0 (compatible; AhrefsBot/7.0; +http://ahrefs.com/robot/)"
51.222.253.16 - - [29/Mar/2025:23:33:32 -0400] "GET /troubleshooting-tips-for-a-non-spinning-dryer/feed/ HTTP/1.1" 404 1251 "-" "Mozilla/5.0 (compatible; AhrefsBot/7.0; +http://ahrefs.com/robot/)"
51.222.253.2 - - [29/Mar/2025:23:35:08 -0400] "GET /page/44/ HTTP/1.1" 404 1251 "-" "Mozilla/5.0 (compatible; AhrefsBot/7.0; +http://ahrefs.com/robot/)"
51.222.253.5 - - [29/Mar/2025:23:36:37 -0400] "GET /why-football-socks-are-a-great-addition-to-any-players-footwear-collection/feed/ HTTP/1.1" 404 1251 "-" "Mozilla/5.0 (compatible; AhrefsBot/7.0; +http://ahrefs.com/robot/)"
51.222.253.9 - - [29/Mar/2025:23:38:12 -0400] "GET /riding-motorcycle-on-the-ho-chi-minh-trail-vietnam-2/feed/ HTTP/1.1" 404 1251 "-" "Mozilla/5.0 (compatible; AhrefsBot/7.0; +http://ahrefs.com/robot/)"
51.222.253.5 - - [29/Mar/2025:23:39:41 -0400] "GET /sales-michael-kors-handbags/feed/ HTTP/1.1" 404 1251 "-" "Mozilla/5.0 (compatible; AhrefsBot/7.0; +http://ahrefs.com/robot/)"
51.222.253.20 - - [29/Mar/2025:23:41:12 -0400] "GET /a-modern-gambling-revolutions/feed/ HTTP/1.1" 404 1251 "-" "Mozilla/5.0 (compatible; AhrefsBot/7.0; +http://ahrefs.com/robot/)"
136.243.228.179 - - [29/Mar/2025:23:41:15 -0400] "GET /manage-rentals/ HTTP/1.1" 404 1251 "-" "Mozilla/5.0 (compatible; DataForSeoBot/1.0; +https://dataforseo.com/dataforseo-bot)"
85.208.96.210 - - [29/Mar/2025:23:42:18 -0400] "GET /elegance-et-praticite-des-panneaux-pvc-immitant-le-marbre/ HTTP/1.1" 404 1251 "-" "Mozilla/5.0 (compatible; SemrushBot/7~bl; +http://www.semrush.com/bot.html)"
51.222.253.17 - - [29/Mar/2025:23:42:56 -0400] "GET /youtube-views/feed/ HTTP/1.1" 404 1251 "-" "Mozilla/5.0 (compatible; AhrefsBot/7.0; +http://ahrefs.com/robot/)"
85.208.96.209 - - [29/Mar/2025:23:44:04 -0400] "GET /discover-your-dream-home-in-sonoma-ca/ HTTP/1.1" 404 1251 "-" "Mozilla/5.0 (compatible; SemrushBot/7~bl; +http://www.semrush.com/bot.html)"
51.222.253.20 - - [29/Mar/2025:23:44:28 -0400] "GET /conversores-de-unidades-de-consumo-de-combustible-una-guia-rapida/feed/ HTTP/1.1" 404 1251 "-" "Mozilla/5.0 (compatible; AhrefsBot/7.0; +http://ahrefs.com/robot/)"
51.222.253.3 - - [29/Mar/2025:23:45:59 -0400] "GET /getting-started-with-muscle-building-a-beginners-guide/feed/ HTTP/1.1" 404 1251 "-" "Mozilla/5.0 (compatible; AhrefsBot/7.0; +http://ahrefs.com/robot/)"
51.222.253.16 - - [29/Mar/2025:23:47:39 -0400] "GET /loans-for-plumbers/feed/ HTTP/1.1" 404 1251 "-" "Mozilla/5.0 (compatible; AhrefsBot/7.0; +http://ahrefs.com/robot/)"
51.222.253.20 - - [29/Mar/2025:23:49:03 -0400] "GET /what-does-it-mean-to-restore-iphone/feed/ HTTP/1.1" 404 1251 "-" "Mozilla/5.0 (compatible; AhrefsBot/7.0; +http://ahrefs.com/robot/)"
51.222.253.17 - - [29/Mar/2025:23:50:52 -0400] "GET /dynamics-with-employee-communication-apps/feed/ HTTP/1.1" 404 1251 "-" "Mozilla/5.0 (compatible; AhrefsBot/7.0; +http://ahrefs.com/robot/)"
51.222.253.7 - - [29/Mar/2025:23:52:27 -0400] "GET /page/43/ HTTP/1.1" 404 1251 "-" "Mozilla/5.0 (compatible; AhrefsBot/7.0; +http://ahrefs.com/robot/)"
51.222.253.14 - - [29/Mar/2025:23:54:03 -0400] "GET /peoples-biggest-fears/feed/ HTTP/1.1" 404 1251 "-" "Mozilla/5.0 (compatible; AhrefsBot/7.0; +http://ahrefs.com/robot/)"
51.222.253.11 - - [29/Mar/2025:23:55:41 -0400] "GET /experiencing-elegance-exploring-the-pinetree-hill-showflat/feed/ HTTP/1.1" 404 1251 "-" "Mozilla/5.0 (compatible; AhrefsBot/7.0; +http://ahrefs.com/robot/)"
51.222.253.10 - - [29/Mar/2025:23:57:09 -0400] "GET /navigating-the-dynamic-world-of-cryptocurrency-trading/feed/ HTTP/1.1" 404 1251 "-" "Mozilla/5.0 (compatible; AhrefsBot/7.0; +http://ahrefs.com/robot/)"
51.222.253.2 - - [29/Mar/2025:23:58:43 -0400] "GET /et1-templates-how-to-use-them-to-strengthen-your-employment-law-claim/feed/ HTTP/1.1" 404 1251 "-" "Mozilla/5.0 (compatible; AhrefsBot/7.0; +http://ahrefs.com/robot/)"
54.39.178.250 - - [29/Mar/2025:23:59:18 -0400] "GET /sitemap.xml HTTP/1.1" 200 248 "-" "Mozilla/5.0 (compatible; YaK/1.0; http://linkfluence.com/; bot@linkfluence.com)"
110.249.202.89 - - [29/Mar/2025:23:59:21 -0400] "GET /gp/registry/wishlist/ HTTP/1.1" 404 1251 "-" "Mozilla/5.0 (Linux; Android 5.0) AppleWebKit/537.36 (KHTML, like Gecko) Mobile Safari/537.36 (compatible; Bytespider; https://zhanzhang.toutiao.com/)"
51.222.253.16 - - [30/Mar/2025:00:00:33 -0400] "GET /breast-augmentation-choose-the-best-doctor-for-your-procedure/feed/ HTTP/1.1" 404 1251 "-" "Mozilla/5.0 (compatible; AhrefsBot/7.0; +http://ahrefs.com/robot/)"
51.222.253.16 - - [30/Mar/2025:00:02:14 -0400] "GET /patere-oiseau/feed/ HTTP/1.1" 404 1251 "-" "Mozilla/5.0 (compatible; AhrefsBot/7.0; +http://ahrefs.com/robot/)"
111.225.148.39 - - [30/Mar/2025:00:03:32 -0400] "GET /dp/B0BZWRSRWV?ref=MarsFS_VICC_rvd HTTP/1.1" 404 1251 "-" "Mozilla/5.0 (Linux; Android 5.0) AppleWebKit/537.36 (KHTML, like Gecko) Mobile Safari/537.36 (compatible; Bytespider; https://zhanzhang.toutiao.com/)"
51.222.253.13 - - [30/Mar/2025:00:03:57 -0400] "GET /fenbendazole/feed/ HTTP/1.1" 404 1251 "-" "Mozilla/5.0 (compatible; AhrefsBot/7.0; +http://ahrefs.com/robot/)"
51.222.253.6 - - [30/Mar/2025:00:05:32 -0400] "GET /tour-tesla-linvention-qui-a-change-le-monde/feed/ HTTP/1.1" 404 1251 "-" "Mozilla/5.0 (compatible; AhrefsBot/7.0; +http://ahrefs.com/robot/)"
51.222.253.9 - - [30/Mar/2025:00:06:48 -0400] "GET /page/45/ HTTP/1.1" 404 1251 "-" "Mozilla/5.0 (compatible; AhrefsBot/7.0; +http://ahrefs.com/robot/)"
51.222.253.15 - - [30/Mar/2025:00:08:12 -0400] "GET /the-enchanting-world-of-rainbow-riches-casino/feed/ HTTP/1.1" 404 1251 "-" "Mozilla/5.0 (compatible; AhrefsBot/7.0; +http://ahrefs.com/robot/)"
51.222.253.11 - - [30/Mar/2025:00:09:42 -0400] "GET /custom-sport-socks-with-logo/feed/ HTTP/1.1" 404 1251 "-" "Mozilla/5.0 (compatible; AhrefsBot/7.0; +http://ahrefs.com/robot/)"
51.222.253.1 - - [30/Mar/2025:00:11:20 -0400] "GET /extended-warranties-on-used-cars/feed/ HTTP/1.1" 404 1251 "-" "Mozilla/5.0 (compatible; AhrefsBot/7.0; +http://ahrefs.com/robot/)"
198.54.114.83 - - [30/Mar/2025:00:11:28 -0400] "POST /wp-admin/admin-ajax.php?action=async_litespeed&nonce=AHhX7dPN7xcB8sSkOl9qh2md2fHIVTQf&litespeed_type=imgoptm HTTP/1.1" 200 5 "-" "WordPress/6.7.2; https://alualufoil.com"
135.125.183.99 - - [30/Mar/2025:00:11:44 -0400] "GET /wp-login.php HTTP/1.1" 200 1711 "http://alualufoil.com/wp-admin/" "Mozilla/5.0 (Windows NT 10.0; Win64; x64) AppleWebKit/537.36 (KHTML, like Gecko) Chrome/90.0.4430.85 Safari/537.36"
198.54.114.83 - - [30/Mar/2025:00:11:47 -0400] "POST /wp-cron.php?doing_wp_cron=1743307907.4680309295654296875000 HTTP/1.1" 200 0 "-" "WordPress/6.7.2; https://alualufoil.com"
135.125.183.99 - - [30/Mar/2025:00:11:47 -0400] "GET /wp-admin/ HTTP/1.1" 302 0 "www.google.com" "Mozilla/5.0 (Windows NT 10.0; Win64; x64) AppleWebKit/537.36 (KHTML, like Gecko) Chrome/90.0.4430.85 Safari/537.36"
198.54.114.83 - - [30/Mar/2025:00:11:48 -0400] "POST /wp-admin/admin-ajax.php?action=async_litespeed&nonce=dlWfbh2paWCLsxOXX49FoYDtxLIu51vj&litespeed_type=imgoptm HTTP/1.1" 200 5 "-" "WordPress/6.7.2; https://alualufoil.com"
135.125.183.99 - - [30/Mar/2025:00:11:58 -0400] "GET /wp-login.php?redirect_to=https%3A%2F%2Falualufoil.com%2Fwp-admin%2F&reauth=1 HTTP/1.1" 200 1711 "www.google.com" "Mozilla/5.0 (Windows NT 10.0; Win64; x64) AppleWebKit/537.36 (KHTML, like Gecko) Chrome/90.0.4430.85 Safari/537.36"
136.243.228.179 - - [30/Mar/2025:00:12:02 -0400] "GET /quit-smoking-products/ HTTP/1.1" 404 1251 "-" "Mozilla/5.0 (compatible; DataForSeoBot/1.0; +https://dataforseo.com/dataforseo-bot)"
51.222.253.5 - - [30/Mar/2025:00:12:45 -0400] "GET /8-key-youtube-video-marketing-strategies-and-tips/feed/ HTTP/1.1" 404 1251 "-" "Mozilla/5.0 (compatible; AhrefsBot/7.0; +http://ahrefs.com/robot/)"
51.222.253.8 - - [30/Mar/2025:00:14:09 -0400] "GET /many-reasons-and-evolution-facts-about-the-keychain-pocket-watch/feed/ HTTP/1.1" 404 1251 "-" "Mozilla/5.0 (compatible; AhrefsBot/7.0; +http://ahrefs.com/robot/)"
51.222.253.19 - - [30/Mar/2025:00:16:00 -0400] "GET /addicted-how-do-you-know-if-you-need-drug-rehab/feed/ HTTP/1.1" 404 1251 "-" "Mozilla/5.0 (compatible; AhrefsBot/7.0; +http://ahrefs.com/robot/)"
51.222.253.11 - - [30/Mar/2025:00:17:31 -0400] "GET /empowering-individuals-the-value-of-free-employment-law-advice/feed/ HTTP/1.1" 404 1251 "-" "Mozilla/5.0 (compatible; AhrefsBot/7.0; +http://ahrefs.com/robot/)"
51.222.253.17 - - [30/Mar/2025:00:19:00 -0400] "GET /opportunities-and-risks/feed/ HTTP/1.1" 404 1251 "-" "Mozilla/5.0 (compatible; AhrefsBot/7.0; +http://ahrefs.com/robot/)"
51.222.253.19 - - [30/Mar/2025:00:20:34 -0400] "GET /fenbendazole-cancer-treatment/feed/ HTTP/1.1" 404 1251 "-" "Mozilla/5.0 (compatible; AhrefsBot/7.0; +http://ahrefs.com/robot/)"
51.222.253.9 - - [30/Mar/2025:00:22:04 -0400] "GET /deepfake-nude-telegram-bots/feed/ HTTP/1.1" 404 1251 "-" "Mozilla/5.0 (compatible; AhrefsBot/7.0; +http://ahrefs.com/robot/)"
51.222.253.15 - - [30/Mar/2025:00:23:35 -0400] "GET /innovative-formula-for-hydration/feed/ HTTP/1.1" 404 1251 "-" "Mozilla/5.0 (compatible; AhrefsBot/7.0; +http://ahrefs.com/robot/)"
51.222.253.11 - - [30/Mar/2025:00:24:51 -0400] "GET /boat-detailing/feed/ HTTP/1.1" 404 1251 "-" "Mozilla/5.0 (compatible; AhrefsBot/7.0; +http://ahrefs.com/robot/)"
51.222.253.9 - - [30/Mar/2025:00:26:19 -0400] "GET /football-betting-experts-shares-his-experience/feed/ HTTP/1.1" 404 1251 "-" "Mozilla/5.0 (compatible; AhrefsBot/7.0; +http://ahrefs.com/robot/)"
66.249.73.131 - - [30/Mar/2025:00:27:41 -0400] "GET /robots.txt HTTP/1.1" 304 0 "-" "Mozilla/5.0 (compatible; Googlebot/2.1; +http://www.google.com/bot.html)"
66.249.73.132 - - [30/Mar/2025:00:27:41 -0400] "GET /a-hidden-gem-off-balis-coast/ HTTP/1.1" 404 1251 "-" "Mozilla/5.0 (Linux; Android 6.0.1; Nexus 5X Build/MMB29P) AppleWebKit/537.36 (KHTML, like Gecko) Chrome/134.0.6998.165 Mobile Safari/537.36 (compatible; Googlebot/2.1; +http://www.google.com/bot.html)"
51.222.253.17 - - [30/Mar/2025:00:27:46 -0400] "GET /how-to-become-more-efficient-in-car-detailing/feed/ HTTP/1.1" 404 1251 "-" "Mozilla/5.0 (compatible; AhrefsBot/7.0; +http://ahrefs.com/robot/)"
51.222.253.2 - - [30/Mar/2025:00:29:12 -0400] "GET /navigating-fda-cosmetic-registration/feed/ HTTP/1.1" 404 1251 "-" "Mozilla/5.0 (compatible; AhrefsBot/7.0; +http://ahrefs.com/robot/)"
52.167.144.65 - - [30/Mar/2025:00:30:32 -0400] "GET /robots.txt HTTP/1.1" 304 0 "-" "Mozilla/5.0 AppleWebKit/537.36 (KHTML, like Gecko; compatible; bingbot/2.0; +http://www.bing.com/bingbot.htm) Chrome/116.0.1938.76 Safari/537.36"
51.222.253.1 - - [30/Mar/2025:00:30:40 -0400] "GET /navigating-the-digital-frontier-btc-to-paypal-exchange-unveiled/feed/ HTTP/1.1" 404 1251 "-" "Mozilla/5.0 (compatible; AhrefsBot/7.0; +http://ahrefs.com/robot/)"
40.77.167.41 - - [30/Mar/2025:00:30:44 -0400] "GET /unlocking-the-potential-of-protocol-staking-a-comprehensive-look-at-the-anyone-dashboard/ HTTP/1.1" 404 1251 "-" "Mozilla/5.0 AppleWebKit/537.36 (KHTML, like Gecko; compatible; bingbot/2.0; +http://www.bing.com/bingbot.htm) Chrome/116.0.1938.76 Safari/537.36"
111.225.148.111 - - [30/Mar/2025:00:31:45 -0400] "GET /gp/customer-reviews/R1PEI6HEVK2UIC/ref=cm_cr_dp_d_rvw_ttl?ASIN=B0DG4WZZPV&ie=UTF8 HTTP/1.1" 404 1251 "-" "Mozilla/5.0 (Linux; Android 5.0) AppleWebKit/537.36 (KHTML, like Gecko) Mobile Safari/537.36 (compatible; Bytespider; https://zhanzhang.toutiao.com/)"
51.222.253.16 - - [30/Mar/2025:00:32:00 -0400] "GET /anwalt/feed/ HTTP/1.1" 404 1251 "-" "Mozilla/5.0 (compatible; AhrefsBot/7.0; +http://ahrefs.com/robot/)"
51.222.253.12 - - [30/Mar/2025:00:33:24 -0400] "GET /how-to-transfer-bitcoin-to-paypal/feed/ HTTP/1.1" 404 1251 "-" "Mozilla/5.0 (compatible; AhrefsBot/7.0; +http://ahrefs.com/robot/)"
51.222.253.13 - - [30/Mar/2025:00:34:48 -0400] "GET /how-to-increase-watch-hours-on-youtube/feed/ HTTP/1.1" 404 1251 "-" "Mozilla/5.0 (compatible; AhrefsBot/7.0; +http://ahrefs.com/robot/)"
51.222.253.9 - - [30/Mar/2025:00:35:59 -0400] "GET /unveiling-the-curls-melbournes-best-curly-hair-salon-experience/feed/ HTTP/1.1" 404 1251 "-" "Mozilla/5.0 (compatible; AhrefsBot/7.0; +http://ahrefs.com/robot/)"
51.222.253.16 - - [30/Mar/2025:00:37:28 -0400] "GET /best-curly-hair-salon-melbourne/feed/ HTTP/1.1" 404 1251 "-" "Mozilla/5.0 (compatible; AhrefsBot/7.0; +http://ahrefs.com/robot/)"
51.222.253.17 - - [30/Mar/2025:00:38:51 -0400] "GET /how-to-buy-youtube-watch-hours/feed/ HTTP/1.1" 404 1251 "-" "Mozilla/5.0 (compatible; AhrefsBot/7.0; +http://ahrefs.com/robot/)"
51.222.253.17 - - [30/Mar/2025:00:40:11 -0400] "GET /how-to-incorporate-a-company-in-singapore/feed/ HTTP/1.1" 404 1251 "-" "Mozilla/5.0 (compatible; AhrefsBot/7.0; +http://ahrefs.com/robot/)"
51.222.253.9 - - [30/Mar/2025:00:41:33 -0400] "GET /what-does-complete-threads-mean-on-iphone-10/feed/ HTTP/1.1" 404 1251 "-" "Mozilla/5.0 (compatible; AhrefsBot/7.0; +http://ahrefs.com/robot/)"
185.241.208.81 - - [30/Mar/2025:00:42:27 -0400] "GET / HTTP/1.1" 200 166321 "https://alualufoil.com" "Mozilla/5.0 (Windows NT 6.1; WOW64; rv:21.0) Gecko/20100101 Firefox/21.0"
136.243.228.179 - - [30/Mar/2025:00:42:39 -0400] "GET /5-8-to-mm/ HTTP/1.1" 404 1251 "-" "Mozilla/5.0 (compatible; DataForSeoBot/1.0; +https://dataforseo.com/dataforseo-bot)"
51.222.253.13 - - [30/Mar/2025:00:42:55 -0400] "GET /what-does-iphone-not-backed-up-mean/feed/ HTTP/1.1" 404 1251 "-" "Mozilla/5.0 (compatible; AhrefsBot/7.0; +http://ahrefs.com/robot/)"
51.222.253.1 - - [30/Mar/2025:00:44:15 -0400] "GET /dog-dewormer-cancer-and-fenbendazole/feed/ HTTP/1.1" 404 1251 "-" "Mozilla/5.0 (compatible; AhrefsBot/7.0; +http://ahrefs.com/robot/)"
51.222.253.17 - - [30/Mar/2025:00:45:28 -0400] "GET /crochets-muraux-decoratifs/feed/ HTTP/1.1" 404 1251 "-" "Mozilla/5.0 (compatible; AhrefsBot/7.0; +http://ahrefs.com/robot/)"
51.222.253.12 - - [30/Mar/2025:00:46:52 -0400] "GET /unlocking-the-beauty-of-curls-finding-the-best-hairdresser-for-curly-hair-in-melbourne/feed/ HTTP/1.1" 404 1251 "-" "Mozilla/5.0 (compatible; AhrefsBot/7.0; +http://ahrefs.com/robot/)"
109.236.93.77 - - [30/Mar/2025:00:47:22 -0400] "GET /what-is-the-smm-panel HTTP/1.1" 404 1251 "-" "Mozilla/5.0 (Windows NT 10.0; Win64; x64) AppleWebKit/537.36 (KHTML, like Gecko) Chrome/118.0.0.0 Safari/537.36"
51.222.253.1 - - [30/Mar/2025:00:48:06 -0400] "GET /custom-sports-team-socks/feed/ HTTP/1.1" 404 1251 "-" "Mozilla/5.0 (compatible; AhrefsBot/7.0; +http://ahrefs.com/robot/)"
51.222.253.19 - - [30/Mar/2025:00:49:24 -0400] "GET /toronto-theatre-district-takes-the-stage-and-you-can-join-the-fun/feed/ HTTP/1.1" 404 1251 "-" "Mozilla/5.0 (compatible; AhrefsBot/7.0; +http://ahrefs.com/robot/)"
51.222.253.5 - - [30/Mar/2025:00:51:02 -0400] "GET /modular-homes/feed/ HTTP/1.1" 404 1251 "-" "Mozilla/5.0 (compatible; AhrefsBot/7.0; +http://ahrefs.com/robot/)"
51.222.253.14 - - [30/Mar/2025:00:52:32 -0400] "GET /choosing-the-right-riveting-machine-for-your-application/feed/ HTTP/1.1" 404 1251 "-" "Mozilla/5.0 (compatible; AhrefsBot/7.0; +http://ahrefs.com/robot/)"
51.222.253.2 - - [30/Mar/2025:00:53:49 -0400] "GET /chausson-animaux/feed/ HTTP/1.1" 404 1251 "-" "Mozilla/5.0 (compatible; AhrefsBot/7.0; +http://ahrefs.com/robot/)"
51.222.253.4 - - [30/Mar/2025:00:55:06 -0400] "GET /a-closer-look-at-hydraulic-cutting-machines/feed/ HTTP/1.1" 404 1251 "-" "Mozilla/5.0 (compatible; AhrefsBot/7.0; +http://ahrefs.com/robot/)"
51.222.253.13 - - [30/Mar/2025:00:56:23 -0400] "GET /steroidss-thailand/feed/ HTTP/1.1" 404 1251 "-" "Mozilla/5.0 (compatible; AhrefsBot/7.0; +http://ahrefs.com/robot/)"
51.222.253.14 - - [30/Mar/2025:00:57:44 -0400] "GET /precision-y-versatilidad-en-el-control-de-fuerza/feed/ HTTP/1.1" 404 1251 "-" "Mozilla/5.0 (compatible; AhrefsBot/7.0; +http://ahrefs.com/robot/)"
162.55.94.175 - - [30/Mar/2025:00:59:04 -0400] "GET /gitarrenunterricht/ HTTP/1.1" 404 1251 "-" "Mozilla/5.0 (Windows NT 10.0; Win64; x64; rv:109.0) Gecko/20100101 Firefox/110.0"
51.222.253.11 - - [30/Mar/2025:00:59:04 -0400] "GET /curly-hair-salon-in-melbourne/feed/ HTTP/1.1" 404 1251 "-" "Mozilla/5.0 (compatible; AhrefsBot/7.0; +http://ahrefs.com/robot/)"
162.55.94.175 - - [30/Mar/2025:01:00:19 -0400] "GET /die-besten-preise-fur-gitarrenunterricht/ HTTP/1.1" 404 1251 "-" "Mozilla/5.0 (Windows NT 10.0; Win64; x64) AppleWebKit/537.36 (KHTML, like Gecko) Chrome/107.0.0.0 Safari/537.36"
162.55.94.175 - - [30/Mar/2025:01:00:34 -0400] "GET /wie-sie-beim-gitarrenunterricht-erfolgreich-sind-indem-sie-ihren-schulern-zeigen-wie-man-ubt/ HTTP/1.1" 404 1251 "-" "Mozilla/5.0 (X11; Linux x86_64; rv:107.0) Gecko/20100101 Firefox/107.0"
51.222.253.5 - - [30/Mar/2025:01:00:39 -0400] "GET /no-credit-check-loans-for-business/feed/ HTTP/1.1" 404 1251 "-" "Mozilla/5.0 (compatible; AhrefsBot/7.0; +http://ahrefs.com/robot/)"
51.222.253.10 - - [30/Mar/2025:01:02:01 -0400] "GET /is-vietnam-the-most-diverse-country-for-backpackers/feed/ HTTP/1.1" 404 1251 "-" "Mozilla/5.0 (compatible; AhrefsBot/7.0; +http://ahrefs.com/robot/)"
51.222.253.16 - - [30/Mar/2025:01:03:19 -0400] "GET /erfolgreiches-verhandeln-ein-leitfaden-fur-training/feed/ HTTP/1.1" 404 1251 "-" "Mozilla/5.0 (compatible; AhrefsBot/7.0; +http://ahrefs.com/robot/)"
51.222.253.13 - - [30/Mar/2025:01:04:37 -0400] "GET /micro-injection/feed/ HTTP/1.1" 404 1251 "-" "Mozilla/5.0 (compatible; AhrefsBot/7.0; +http://ahrefs.com/robot/)"
51.222.253.20 - - [30/Mar/2025:01:06:04 -0400] "GET /bola168/feed/ HTTP/1.1" 404 1251 "-" "Mozilla/5.0 (compatible; AhrefsBot/7.0; +http://ahrefs.com/robot/)"
51.222.253.20 - - [30/Mar/2025:01:07:25 -0400] "GET /the-perfect-explanation-of-michael-jordan-statue/feed/ HTTP/1.1" 404 1251 "-" "Mozilla/5.0 (compatible; AhrefsBot/7.0; +http://ahrefs.com/robot/)"
51.222.253.14 - - [30/Mar/2025:01:08:46 -0400] "GET /what-does-it-mean-when-iphone-is-locked/feed/ HTTP/1.1" 404 1251 "-" "Mozilla/5.0 (compatible; AhrefsBot/7.0; +http://ahrefs.com/robot/)"
51.222.253.8 - - [30/Mar/2025:01:10:02 -0400] "GET /the-advantages-and-disadvantages-of-the-lag-screw/feed/ HTTP/1.1" 404 1251 "-" "Mozilla/5.0 (compatible; AhrefsBot/7.0; +http://ahrefs.com/robot/)"
51.222.253.5 - - [30/Mar/2025:01:11:21 -0400] "GET /unlocking-the-mysteries-of-the-button-head-bolt/feed/ HTTP/1.1" 404 1251 "-" "Mozilla/5.0 (compatible; AhrefsBot/7.0; +http://ahrefs.com/robot/)"
51.222.253.16 - - [30/Mar/2025:01:12:41 -0400] "GET /optimale-verhandlungstrainings-fur-den-einkauf-ein-uberblick/feed/ HTTP/1.1" 404 1251 "-" "Mozilla/5.0 (compatible; AhrefsBot/7.0; +http://ahrefs.com/robot/)"
103.77.242.185 - - [30/Mar/2025:01:13:20 -0400] "POST /wp-login.php?wc-ajax=1 HTTP/1.1" 200 1848 "https://alualufoil.com/wp-admin/" "Mozilla/5.0 (Windows NT 10.0; Win64; x64) AppleWebKit/537.36 (KHTML, like Gecko) Chrome/90.0.4430.85 Safari/537.36"
103.77.242.185 - - [30/Mar/2025:01:13:29 -0400] "GET /wp-admin/?wc-ajax=1 HTTP/1.1" 302 0 "www.google.com" "Mozilla/5.0 (Windows NT 10.0; Win64; x64) AppleWebKit/537.36 (KHTML, like Gecko) Chrome/90.0.4430.85 Safari/537.36"
103.77.242.185 - - [30/Mar/2025:01:13:30 -0400] "GET /wp-login.php?redirect_to=https%3A%2F%2Falualufoil.com%2Fwp-admin%2F%3Fwc-ajax%3D1&reauth=1 HTTP/1.1" 200 1719 "www.google.com" "Mozilla/5.0 (Windows NT 10.0; Win64; x64) AppleWebKit/537.36 (KHTML, like Gecko) Chrome/90.0.4430.85 Safari/537.36"
51.222.253.6 - - [30/Mar/2025:01:14:04 -0400] "GET /exploring-the-benefits-of-prefab-modular-homes/feed/ HTTP/1.1" 404 1251 "-" "Mozilla/5.0 (compatible; AhrefsBot/7.0; +http://ahrefs.com/robot/)"
51.222.253.6 - - [30/Mar/2025:01:15:21 -0400] "GET /pc-thermal-paste/feed/ HTTP/1.1" 404 1251 "-" "Mozilla/5.0 (compatible; AhrefsBot/7.0; +http://ahrefs.com/robot/)"
51.222.253.5 - - [30/Mar/2025:01:16:39 -0400] "GET /rainbow-riches-casino/feed/ HTTP/1.1" 404 1251 "-" "Mozilla/5.0 (compatible; AhrefsBot/7.0; +http://ahrefs.com/robot/)"
51.222.253.7 - - [30/Mar/2025:01:18:02 -0400] "GET /unlocking-financial-success-with-steuerberater-hattingen/feed/ HTTP/1.1" 404 1251 "-" "Mozilla/5.0 (compatible; AhrefsBot/7.0; +http://ahrefs.com/robot/)"
136.243.228.179 - - [30/Mar/2025:01:19:29 -0400] "GET /lote-tree-leaves/ HTTP/1.1" 404 1251 "-" "Mozilla/5.0 (compatible; DataForSeoBot/1.0; +https://dataforseo.com/dataforseo-bot)"
51.222.253.1 - - [30/Mar/2025:01:19:41 -0400] "GET /assurance-automobile-pour-location-a-court-terme/feed/ HTTP/1.1" 404 1251 "-" "Mozilla/5.0 (compatible; AhrefsBot/7.0; +http://ahrefs.com/robot/)"
51.222.253.8 - - [30/Mar/2025:01:21:07 -0400] "GET /flathead-lake-boat-rentals-enjoy-the-beautiful-waters-of-flathead-lake/ HTTP/1.1" 404 1251 "-" "Mozilla/5.0 (compatible; AhrefsBot/7.0; +http://ahrefs.com/robot/)"
51.222.253.2 - - [30/Mar/2025:01:22:41 -0400] "GET /einblick-in-die-welt-der-verhandler/feed/ HTTP/1.1" 404 1251 "-" "Mozilla/5.0 (compatible; AhrefsBot/7.0; +http://ahrefs.com/robot/)"
