196.251.87.179 - - [30/Mar/2025:18:21:50 -0400] "GET /wp-content/upgrade/index.php HTTP/1.1" 301 0 "-" "Mozilla/5.0 (Windows NT 10.0; Win64; x64) AppleWebKit/537.36 (KHTML, like Gecko) Chrome/95.0.4638.69 Safari/537.36"
196.251.87.179 - - [30/Mar/2025:18:21:51 -0400] "GET /wp-content/upgrade/ HTTP/1.1" 403 1242 "http://bakingsecurityin.com/wp-content/upgrade/index.php" "Mozilla/5.0 (Windows NT 10.0; Win64; x64) AppleWebKit/537.36 (KHTML, like Gecko) Chrome/95.0.4638.69 Safari/537.36"
196.251.87.179 - - [30/Mar/2025:18:21:53 -0400] "GET /wp-content/IXR/index.php HTTP/1.1" 301 0 "-" "Mozilla/5.0 (Windows NT 10.0; Win64; x64) AppleWebKit/537.36 (KHTML, like Gecko) Chrome/95.0.4638.69 Safari/537.36"
196.251.87.179 - - [30/Mar/2025:18:21:54 -0400] "GET /wp-content/IXR/ HTTP/1.1" 404 0 "http://bakingsecurityin.com/wp-content/IXR/index.php" "Mozilla/5.0 (Windows NT 10.0; Win64; x64) AppleWebKit/537.36 (KHTML, like Gecko) Chrome/95.0.4638.69 Safari/537.36"
196.251.87.179 - - [30/Mar/2025:18:21:55 -0400] "GET /wp-content/plugins/linkpreview/db.php%3Fu HTTP/1.1" 404 0 "-" "Mozilla/5.0 (Windows NT 10.0; Win64; x64) AppleWebKit/537.36 (KHTML, like Gecko) Chrome/95.0.4638.69 Safari/537.36"
196.251.87.179 - - [30/Mar/2025:18:21:56 -0400] "GET /dropdown.php HTTP/1.1" 404 0 "-" "Mozilla/5.0 (Windows NT 10.0; Win64; x64) AppleWebKit/537.36 (KHTML, like Gecko) Chrome/95.0.4638.69 Safari/537.36"
198.54.114.83 - - [30/Mar/2025:18:22:01 -0400] "POST /wp-cron.php?doing_wp_cron=1743373321.0914530754089355468750 HTTP/1.1" 200 0 "-" "WordPress/6.7.2; https://bakingsecurityin.com"
196.251.87.179 - - [30/Mar/2025:18:22:00 -0400] "GET /radio.php HTTP/1.1" 404 0 "-" "Mozilla/5.0 (Windows NT 10.0; Win64; x64) AppleWebKit/537.36 (KHTML, like Gecko) Chrome/95.0.4638.69 Safari/537.36"
196.251.87.179 - - [30/Mar/2025:18:22:01 -0400] "GET /randkeyword.php HTTP/1.1" 404 0 "-" "Mozilla/5.0 (Windows NT 10.0; Win64; x64) AppleWebKit/537.36 (KHTML, like Gecko) Chrome/95.0.4638.69 Safari/537.36"
196.251.87.179 - - [30/Mar/2025:18:22:02 -0400] "GET /flower.php HTTP/1.1" 404 0 "-" "Mozilla/5.0 (Windows NT 10.0; Win64; x64) AppleWebKit/537.36 (KHTML, like Gecko) Chrome/95.0.4638.69 Safari/537.36"
196.251.87.179 - - [30/Mar/2025:18:22:03 -0400] "GET /item.php HTTP/1.1" 404 0 "-" "Mozilla/5.0 (Windows NT 10.0; Win64; x64) AppleWebKit/537.36 (KHTML, like Gecko) Chrome/95.0.4638.69 Safari/537.36"
196.251.87.179 - - [30/Mar/2025:18:22:05 -0400] "GET /admin.php HTTP/1.1" 404 0 "-" "Mozilla/5.0 (Windows NT 10.0; Win64; x64) AppleWebKit/537.36 (KHTML, like Gecko) Chrome/95.0.4638.69 Safari/537.36"
196.251.87.179 - - [30/Mar/2025:18:22:08 -0400] "GET /sim.php HTTP/1.1" 404 0 "-" "Mozilla/5.0 (Windows NT 10.0; Win64; x64) AppleWebKit/537.36 (KHTML, like Gecko) Chrome/95.0.4638.69 Safari/537.36"
196.251.87.179 - - [30/Mar/2025:18:22:12 -0400] "GET /about.php HTTP/1.1" 404 0 "-" "Mozilla/5.0 (Windows NT 10.0; Win64; x64) AppleWebKit/537.36 (KHTML, like Gecko) Chrome/95.0.4638.69 Safari/537.36"
196.251.87.179 - - [30/Mar/2025:18:22:13 -0400] "GET /wp-content/admin.php HTTP/1.1" 404 0 "-" "Mozilla/5.0 (Windows NT 10.0; Win64; x64) AppleWebKit/537.36 (KHTML, like Gecko) Chrome/95.0.4638.69 Safari/537.36"
196.251.87.179 - - [30/Mar/2025:18:22:14 -0400] "GET /edit.php HTTP/1.1" 404 0 "-" "Mozilla/5.0 (Windows NT 10.0; Win64; x64) AppleWebKit/537.36 (KHTML, like Gecko) Chrome/95.0.4638.69 Safari/537.36"
196.251.87.179 - - [30/Mar/2025:18:22:15 -0400] "GET /wp-content/plugins/index.php HTTP/1.1" 200 0 "-" "Mozilla/5.0 (Windows NT 10.0; Win64; x64) AppleWebKit/537.36 (KHTML, like Gecko) Chrome/95.0.4638.69 Safari/537.36"
196.251.87.179 - - [30/Mar/2025:18:22:16 -0400] "GET /themes.php HTTP/1.1" 404 0 "-" "Mozilla/5.0 (Windows NT 10.0; Win64; x64) AppleWebKit/537.36 (KHTML, like Gecko) Chrome/95.0.4638.69 Safari/537.36"
196.251.87.179 - - [30/Mar/2025:18:22:18 -0400] "GET /wp-includes/ID3/index.php HTTP/1.1" 301 0 "-" "Mozilla/5.0 (Windows NT 10.0; Win64; x64) AppleWebKit/537.36 (KHTML, like Gecko) Chrome/95.0.4638.69 Safari/537.36"
196.251.87.179 - - [30/Mar/2025:18:22:19 -0400] "GET /wp-includes/ID3/ HTTP/1.1" 403 1242 "http://bakingsecurityin.com/wp-includes/ID3/index.php" "Mozilla/5.0 (Windows NT 10.0; Win64; x64) AppleWebKit/537.36 (KHTML, like Gecko) Chrome/95.0.4638.69 Safari/537.36"
196.251.87.179 - - [30/Mar/2025:18:22:20 -0400] "GET /wp-admin/maint/index.php HTTP/1.1" 301 0 "-" "Mozilla/5.0 (Windows NT 10.0; Win64; x64) AppleWebKit/537.36 (KHTML, like Gecko) Chrome/95.0.4638.69 Safari/537.36"
196.251.87.179 - - [30/Mar/2025:18:22:21 -0400] "GET /wp-admin/maint/ HTTP/1.1" 403 1242 "http://bakingsecurityin.com/wp-admin/maint/index.php" "Mozilla/5.0 (Windows NT 10.0; Win64; x64) AppleWebKit/537.36 (KHTML, like Gecko) Chrome/95.0.4638.69 Safari/537.36"
196.251.87.179 - - [30/Mar/2025:18:22:24 -0400] "GET /wp-includes/widgets/index.php HTTP/1.1" 301 0 "-" "Mozilla/5.0 (Windows NT 10.0; Win64; x64) AppleWebKit/537.36 (KHTML, like Gecko) Chrome/95.0.4638.69 Safari/537.36"
196.251.87.179 - - [30/Mar/2025:18:22:26 -0400] "GET /wp-includes/widgets/ HTTP/1.1" 403 1242 "http://bakingsecurityin.com/wp-includes/widgets/index.php" "Mozilla/5.0 (Windows NT 10.0; Win64; x64) AppleWebKit/537.36 (KHTML, like Gecko) Chrome/95.0.4638.69 Safari/537.36"
196.251.87.179 - - [30/Mar/2025:18:22:27 -0400] "GET /wp-content/index.php HTTP/1.1" 200 0 "-" "Mozilla/5.0 (Windows NT 10.0; Win64; x64) AppleWebKit/537.36 (KHTML, like Gecko) Chrome/95.0.4638.69 Safari/537.36"
198.54.114.83 - - [30/Mar/2025:18:22:29 -0400] "POST /wp-cron.php?doing_wp_cron=1743373349.1427841186523437500000 HTTP/1.1" 200 0 "-" "WordPress/6.7.2; https://bakingsecurityin.com"
196.251.87.179 - - [30/Mar/2025:18:22:28 -0400] "GET /wp-includes/images/index.php HTTP/1.1" 301 0 "-" "Mozilla/5.0 (Windows NT 10.0; Win64; x64) AppleWebKit/537.36 (KHTML, like Gecko) Chrome/95.0.4638.69 Safari/537.36"
196.251.87.179 - - [30/Mar/2025:18:22:31 -0400] "GET /wp-includes/images/ HTTP/1.1" 403 1242 "http://bakingsecurityin.com/wp-includes/images/index.php" "Mozilla/5.0 (Windows NT 10.0; Win64; x64) AppleWebKit/537.36 (KHTML, like Gecko) Chrome/95.0.4638.69 Safari/537.36"
196.251.87.179 - - [30/Mar/2025:18:22:33 -0400] "GET /wp-includes/Text/Diff/index.php HTTP/1.1" 301 0 "-" "Mozilla/5.0 (Windows NT 10.0; Win64; x64) AppleWebKit/537.36 (KHTML, like Gecko) Chrome/95.0.4638.69 Safari/537.36"
196.251.87.179 - - [30/Mar/2025:18:22:36 -0400] "GET /wp-includes/Text/Diff/ HTTP/1.1" 403 1242 "http://bakingsecurityin.com/wp-includes/Text/Diff/index.php" "Mozilla/5.0 (Windows NT 10.0; Win64; x64) AppleWebKit/537.36 (KHTML, like Gecko) Chrome/95.0.4638.69 Safari/537.36"
196.251.87.179 - - [30/Mar/2025:18:22:40 -0400] "GET /wp-content/plugins/about.php HTTP/1.1" 404 0 "-" "Mozilla/5.0 (Windows NT 10.0; Win64; x64) AppleWebKit/537.36 (KHTML, like Gecko) Chrome/95.0.4638.69 Safari/537.36"
196.251.87.179 - - [30/Mar/2025:18:22:42 -0400] "GET /uploaded_script.php HTTP/1.1" 404 0 "-" "Mozilla/5.0 (Windows NT 10.0; Win64; x64) AppleWebKit/537.36 (KHTML, like Gecko) Chrome/95.0.4638.69 Safari/537.36"
196.251.87.179 - - [30/Mar/2025:18:22:43 -0400] "GET /plugins/function.php HTTP/1.1" 404 0 "-" "Mozilla/5.0 (Windows NT 10.0; Win64; x64) AppleWebKit/537.36 (KHTML, like Gecko) Chrome/95.0.4638.69 Safari/537.36"
196.251.87.179 - - [30/Mar/2025:18:22:44 -0400] "GET /file/function.php HTTP/1.1" 404 0 "-" "Mozilla/5.0 (Windows NT 10.0; Win64; x64) AppleWebKit/537.36 (KHTML, like Gecko) Chrome/95.0.4638.69 Safari/537.36"
196.251.87.179 - - [30/Mar/2025:18:22:45 -0400] "GET /as/function HTTP/1.1" 404 0 "-" "Mozilla/5.0 (Windows NT 10.0; Win64; x64) AppleWebKit/537.36 (KHTML, like Gecko) Chrome/95.0.4638.69 Safari/537.36"
196.251.87.179 - - [30/Mar/2025:18:22:47 -0400] "GET /mah/function.php HTTP/1.1" 404 0 "-" "Mozilla/5.0 (Windows NT 10.0; Win64; x64) AppleWebKit/537.36 (KHTML, like Gecko) Chrome/95.0.4638.69 Safari/537.36"
196.251.87.179 - - [30/Mar/2025:18:22:49 -0400] "GET /admin/function.php HTTP/1.1" 404 0 "-" "Mozilla/5.0 (Windows NT 10.0; Win64; x64) AppleWebKit/537.36 (KHTML, like Gecko) Chrome/95.0.4638.69 Safari/537.36"
196.251.87.179 - - [30/Mar/2025:18:22:51 -0400] "GET /doc/function.php HTTP/1.1" 404 0 "-" "Mozilla/5.0 (Windows NT 10.0; Win64; x64) AppleWebKit/537.36 (KHTML, like Gecko) Chrome/95.0.4638.69 Safari/537.36"
196.251.87.179 - - [30/Mar/2025:18:22:53 -0400] "GET /about/function.php HTTP/1.1" 404 0 "-" "Mozilla/5.0 (Windows NT 10.0; Win64; x64) AppleWebKit/537.36 (KHTML, like Gecko) Chrome/95.0.4638.69 Safari/537.36"
196.251.87.179 - - [30/Mar/2025:18:22:54 -0400] "GET /index/function.php HTTP/1.1" 404 0 "-" "Mozilla/5.0 (Windows NT 10.0; Win64; x64) AppleWebKit/537.36 (KHTML, like Gecko) Chrome/95.0.4638.69 Safari/537.36"
198.54.114.83 - - [30/Mar/2025:18:28:33 -0400] "POST /wp-cron.php?doing_wp_cron=1743373713.5896010398864746093750 HTTP/1.1" 200 0 "-" "WordPress/6.7.2; https://bakingsecurityin.com"
216.244.66.236 - - [30/Mar/2025:18:28:33 -0400] "GET /what-are-the-benefits-of-mindfulness HTTP/1.1" 301 0 "-" "Mozilla/5.0 (compatible; DotBot/1.2; +https://opensiteexplorer.org/dotbot; help@moz.com)"
198.54.114.83 - - [30/Mar/2025:18:29:38 -0400] "POST /wp-cron.php?doing_wp_cron=1743373778.4798469543457031250000 HTTP/1.1" 200 0 "-" "WordPress/6.7.2; https://bakingsecurityin.com"
216.244.66.236 - - [30/Mar/2025:18:29:38 -0400] "GET /how-to-send-large-files-with-ease/ HTTP/1.1" 200 0 "-" "Mozilla/5.0 (compatible; DotBot/1.2; +https://opensiteexplorer.org/dotbot; help@moz.com)"
198.54.114.83 - - [30/Mar/2025:18:31:40 -0400] "POST /wp-cron.php?doing_wp_cron=1743373900.4782779216766357421875 HTTP/1.1" 200 0 "-" "WordPress/6.7.2; https://bakingsecurityin.com"
216.244.66.236 - - [30/Mar/2025:18:31:37 -0400] "GET /the-convenience-of-buying-prescription-glasses-online/ HTTP/1.1" 200 0 "-" "Mozilla/5.0 (compatible; DotBot/1.2; +https://opensiteexplorer.org/dotbot; help@moz.com)"
198.54.114.83 - - [30/Mar/2025:18:33:10 -0400] "POST /wp-cron.php?doing_wp_cron=1743373990.0930171012878417968750 HTTP/1.1" 200 0 "-" "WordPress/6.7.2; https://bakingsecurityin.com"
216.244.66.236 - - [30/Mar/2025:18:33:09 -0400] "GET /small-business-loans-for-lawn-care-companies/ HTTP/1.1" 200 0 "-" "Mozilla/5.0 (compatible; DotBot/1.2; +https://opensiteexplorer.org/dotbot; help@moz.com)"
85.208.98.23 - - [30/Mar/2025:18:59:43 -0400] "GET /robots.txt HTTP/1.1" 304 0 "-" "Mozilla/5.0 (compatible; SemrushBot-BA; +http://www.semrush.com/bot.html)"
216.244.66.236 - - [30/Mar/2025:19:04:48 -0400] "GET /robots.txt HTTP/1.1" 304 0 "-" "Mozilla/5.0 (compatible; DotBot/1.2; +https://opensiteexplorer.org/dotbot; help@moz.com)"
198.54.114.83 - - [30/Mar/2025:19:15:53 -0400] "POST /wp-cron.php?doing_wp_cron=1743376553.0148360729217529296875 HTTP/1.1" 200 0 "-" "WordPress/6.7.2; https://bakingsecurityin.com"
216.244.66.236 - - [30/Mar/2025:19:15:52 -0400] "GET /how-to-get-daily-wire-on-smart-tv/ HTTP/1.1" 200 0 "-" "Mozilla/5.0 (compatible; DotBot/1.2; +https://opensiteexplorer.org/dotbot; help@moz.com)"
91.201.113.132 - - [30/Mar/2025:19:36:31 -0400] "GET /the-growing-popularity-of-online-casinos/ HTTP/1.1" 200 0 "http://bakingsecurityin.com/the-growing-popularity-of-online-casinos/" "Mozilla/5.0 (Windows NT 10.0; Win64; x64) AppleWebKit/537.36 (KHTML, like Gecko) Chrome/129.0.0.0 Safari/537.36"
198.54.114.83 - - [30/Mar/2025:19:36:32 -0400] "POST /wp-cron.php?doing_wp_cron=1743377791.9681339263916015625000 HTTP/1.1" 200 0 "-" "WordPress/6.7.2; https://bakingsecurityin.com"
91.201.113.132 - - [30/Mar/2025:19:36:31 -0400] "GET / HTTP/1.1" 200 0 "http://bakingsecurityin.com/" "Mozilla/5.0 (Windows NT 10.0; Win64; x64) AppleWebKit/537.36 (KHTML, like Gecko) Chrome/129.0.0.0 Safari/537.36"
182.43.65.17 - - [30/Mar/2025:19:50:27 -0400] "GET /wp-login.php HTTP/1.1" 302 0 "-" "Apache-HttpClient/4.5.2 (Java/1.8.0_161)"
198.54.114.83 - - [30/Mar/2025:19:50:30 -0400] "POST /wp-cron.php?doing_wp_cron=1743378630.0909678936004638671875 HTTP/1.1" 200 0 "-" "WordPress/6.7.2; https://bakingsecurityin.com"
182.43.65.17 - - [30/Mar/2025:19:50:30 -0400] "GET /?author=1 HTTP/1.1" 301 0 "-" "Apache-HttpClient/4.5.2 (Java/1.8.0_161)"
182.43.65.17 - - [30/Mar/2025:19:50:33 -0400] "GET /?author=2 HTTP/1.1" 301 0 "-" "Apache-HttpClient/4.5.2 (Java/1.8.0_161)"
182.43.65.17 - - [30/Mar/2025:19:50:39 -0400] "GET /?author=3 HTTP/1.1" 404 0 "-" "Apache-HttpClient/4.5.2 (Java/1.8.0_161)"
182.43.65.17 - - [30/Mar/2025:19:50:39 -0400] "GET /?author=4 HTTP/1.1" 404 0 "-" "Apache-HttpClient/4.5.2 (Java/1.8.0_161)"
182.43.65.17 - - [30/Mar/2025:19:50:40 -0400] "GET /?author=5 HTTP/1.1" 404 0 "-" "Apache-HttpClient/4.5.2 (Java/1.8.0_161)"
182.43.65.17 - - [30/Mar/2025:19:50:40 -0400] "GET /?author=6 HTTP/1.1" 404 0 "-" "Apache-HttpClient/4.5.2 (Java/1.8.0_161)"
182.43.65.17 - - [30/Mar/2025:19:50:41 -0400] "GET /?author=7 HTTP/1.1" 404 0 "-" "Apache-HttpClient/4.5.2 (Java/1.8.0_161)"
182.43.65.17 - - [30/Mar/2025:19:50:42 -0400] "GET /?author=8 HTTP/1.1" 404 0 "-" "Apache-HttpClient/4.5.2 (Java/1.8.0_161)"
182.43.65.17 - - [30/Mar/2025:19:50:42 -0400] "GET /?author=9 HTTP/1.1" 404 0 "-" "Apache-HttpClient/4.5.2 (Java/1.8.0_161)"
182.43.65.17 - - [30/Mar/2025:19:50:43 -0400] "GET /?author=10 HTTP/1.1" 404 0 "-" "Apache-HttpClient/4.5.2 (Java/1.8.0_161)"
182.43.65.17 - - [30/Mar/2025:19:50:44 -0400] "GET /?author=11 HTTP/1.1" 404 0 "-" "Apache-HttpClient/4.5.2 (Java/1.8.0_161)"
182.43.65.17 - - [30/Mar/2025:19:50:45 -0400] "GET /?author=12 HTTP/1.1" 404 0 "-" "Apache-HttpClient/4.5.2 (Java/1.8.0_161)"
182.43.65.17 - - [30/Mar/2025:19:50:45 -0400] "GET /?author=13 HTTP/1.1" 404 0 "-" "Apache-HttpClient/4.5.2 (Java/1.8.0_161)"
182.43.65.17 - - [30/Mar/2025:19:50:46 -0400] "GET /?author=14 HTTP/1.1" 404 0 "-" "Apache-HttpClient/4.5.2 (Java/1.8.0_161)"
182.43.65.17 - - [30/Mar/2025:19:50:46 -0400] "GET /?author=15 HTTP/1.1" 404 0 "-" "Apache-HttpClient/4.5.2 (Java/1.8.0_161)"
182.43.65.17 - - [30/Mar/2025:19:50:47 -0400] "GET /?author=16 HTTP/1.1" 404 0 "-" "Apache-HttpClient/4.5.2 (Java/1.8.0_161)"
182.43.65.17 - - [30/Mar/2025:19:50:48 -0400] "GET /?author=17 HTTP/1.1" 404 0 "-" "Apache-HttpClient/4.5.2 (Java/1.8.0_161)"
182.43.65.17 - - [30/Mar/2025:19:50:50 -0400] "GET /?author=18 HTTP/1.1" 404 0 "-" "Apache-HttpClient/4.5.2 (Java/1.8.0_161)"
182.43.65.17 - - [30/Mar/2025:19:50:50 -0400] "GET /?author=19 HTTP/1.1" 404 0 "-" "Apache-HttpClient/4.5.2 (Java/1.8.0_161)"
182.43.65.17 - - [30/Mar/2025:19:50:51 -0400] "GET /?author=20 HTTP/1.1" 404 0 "-" "Apache-HttpClient/4.5.2 (Java/1.8.0_161)"
216.244.66.236 - - [30/Mar/2025:20:04:28 -0400] "GET /great-free-and-cheap-city-tours-of-geneva/ HTTP/1.1" 301 0 "-" "Mozilla/5.0 (compatible; DotBot/1.2; +https://opensiteexplorer.org/dotbot; help@moz.com)"
198.54.114.83 - - [30/Mar/2025:20:04:30 -0400] "POST /wp-cron.php?doing_wp_cron=1743379468.8348228931427001953125 HTTP/1.1" 200 0 "-" "WordPress/6.7.2; https://bakingsecurityin.com"
216.244.66.236 - - [30/Mar/2025:20:04:56 -0400] "GET /hallway-decorative-accent-with-rugs/feed/ HTTP/1.1" 200 440 "-" "Mozilla/5.0 (compatible; DotBot/1.2; +https://opensiteexplorer.org/dotbot; help@moz.com)"
216.244.66.236 - - [30/Mar/2025:20:05:00 -0400] "GET /water-tank-cleaners-near-me/feed/ HTTP/1.1" 200 433 "-" "Mozilla/5.0 (compatible; DotBot/1.2; +https://opensiteexplorer.org/dotbot; help@moz.com)"
216.244.66.236 - - [30/Mar/2025:20:05:24 -0400] "GET /die-kunst-der-buchfuhrung-ein-blick-auf-die-welt-der-rechnungslegung/ HTTP/1.1" 200 0 "-" "Mozilla/5.0 (compatible; DotBot/1.2; +https://opensiteexplorer.org/dotbot; help@moz.com)"
216.244.66.236 - - [30/Mar/2025:20:10:34 -0400] "GET /exploring-the-top-disposable-vape-brands/ HTTP/1.1" 200 0 "-" "Mozilla/5.0 (compatible; DotBot/1.2; +https://opensiteexplorer.org/dotbot; help@moz.com)"
198.54.114.83 - - [30/Mar/2025:20:10:37 -0400] "POST /wp-cron.php?doing_wp_cron=1743379834.9063169956207275390625 HTTP/1.1" 200 0 "-" "WordPress/6.7.2; https://bakingsecurityin.com"
173.245.207.242 - - [30/Mar/2025:20:29:16 -0400] "GET /how-does-red-light-therapy-work/ HTTP/1.1" 200 0 "http://bakingsecurityin.com/how-does-red-light-therapy-work/" "Mozilla/5.0 (Windows NT 10.0; Win64; x64) AppleWebKit/537.36 (KHTML, like Gecko) Chrome/131.0.0.0 Safari/537.36 Avast/131.0.0.0"
198.54.114.83 - - [30/Mar/2025:20:29:17 -0400] "POST /wp-cron.php?doing_wp_cron=1743380957.0322821140289306640625 HTTP/1.1" 200 0 "-" "WordPress/6.7.2; https://bakingsecurityin.com"
173.245.207.242 - - [30/Mar/2025:20:29:16 -0400] "GET / HTTP/1.1" 200 0 "http://bakingsecurityin.com/" "Mozilla/5.0 (Windows NT 10.0; Win64; x64) AppleWebKit/537.36 (KHTML, like Gecko) Chrome/131.0.0.0 Safari/537.36 Avast/131.0.0.0"
91.201.113.132 - - [30/Mar/2025:20:30:23 -0400] "GET /the-growing-popularity-of-online-casinos/ HTTP/1.1" 200 0 "http://bakingsecurityin.com/the-growing-popularity-of-online-casinos/" "Mozilla/5.0 (Windows NT 10.0; Win64; x64) AppleWebKit/537.36 (KHTML, like Gecko) Chrome/129.0.0.0 Safari/537.36"
91.201.113.132 - - [30/Mar/2025:20:30:30 -0400] "GET / HTTP/1.1" 200 0 "http://bakingsecurityin.com/" "Mozilla/5.0 (Windows NT 10.0; Win64; x64) AppleWebKit/537.36 (KHTML, like Gecko) Chrome/129.0.0.0 Safari/537.36"
216.244.66.236 - - [30/Mar/2025:20:39:31 -0400] "GET /robots.txt HTTP/1.1" 304 0 "-" "Mozilla/5.0 (compatible; DotBot/1.2; +https://opensiteexplorer.org/dotbot; help@moz.com)"
216.244.66.236 - - [30/Mar/2025:20:50:01 -0400] "GET /best-place-to-buy-youtube-comments HTTP/1.1" 301 0 "-" "Mozilla/5.0 (compatible; DotBot/1.2; +https://opensiteexplorer.org/dotbot; help@moz.com)"
198.54.114.83 - - [30/Mar/2025:20:50:57 -0400] "POST /wp-cron.php?doing_wp_cron=1743382257.3216660022735595703125 HTTP/1.1" 200 0 "-" "WordPress/6.7.2; https://bakingsecurityin.com"
43.159.152.4 - - [30/Mar/2025:20:50:57 -0400] "GET / HTTP/1.1" 200 0 "-" "Mozilla/5.0 (iPhone; CPU iPhone OS 13_2_3 like Mac OS X) AppleWebKit/605.1.15 (KHTML, like Gecko) Version/13.0.3 Mobile/15E148 Safari/604.1"
216.244.66.236 - - [30/Mar/2025:20:51:24 -0400] "GET /the-innovations-of-pharmalabglobal/ HTTP/1.1" 200 0 "-" "Mozilla/5.0 (compatible; DotBot/1.2; +https://opensiteexplorer.org/dotbot; help@moz.com)"
216.244.66.236 - - [30/Mar/2025:20:52:19 -0400] "GET /how-to-turn-off-voice-control-when-your-iphone-is-locked/ HTTP/1.1" 200 0 "-" "Mozilla/5.0 (compatible; DotBot/1.2; +https://opensiteexplorer.org/dotbot; help@moz.com)"
198.54.114.83 - - [30/Mar/2025:20:52:45 -0400] "POST /wp-cron.php?doing_wp_cron=1743382365.0314500331878662109375 HTTP/1.1" 200 0 "-" "WordPress/6.7.2; https://bakingsecurityin.com"
147.182.138.5 - - [30/Mar/2025:20:52:44 -0400] "GET / HTTP/1.1" 200 0 "-" "Mozilla/5.0 (compatible)"
198.54.114.83 - - [30/Mar/2025:21:11:01 -0400] "POST /wp-cron.php?doing_wp_cron=1743383460.8467879295349121093750 HTTP/1.1" 200 0 "-" "WordPress/6.7.2; https://bakingsecurityin.com"
165.154.242.41 - - [30/Mar/2025:21:11:00 -0400] "GET / HTTP/1.1" 200 0 "-" "Embarcadero URI Client/1.0"
91.201.113.132 - - [30/Mar/2025:21:27:39 -0400] "GET /the-growing-popularity-of-online-casinos/ HTTP/1.1" 200 0 "http://bakingsecurityin.com/the-growing-popularity-of-online-casinos/" "Mozilla/5.0 (Windows NT 10.0; Win64; x64) AppleWebKit/537.36 (KHTML, like Gecko) Chrome/131.0.0.0 Safari/537.36 Avast/131.0.0.0"
198.54.114.83 - - [30/Mar/2025:21:27:39 -0400] "POST /wp-cron.php?doing_wp_cron=1743384459.7313940525054931640625 HTTP/1.1" 200 0 "-" "WordPress/6.7.2; https://bakingsecurityin.com"
91.201.113.132 - - [30/Mar/2025:21:27:39 -0400] "GET / HTTP/1.1" 200 0 "http://bakingsecurityin.com/" "Mozilla/5.0 (Windows NT 10.0; Win64; x64) AppleWebKit/537.36 (KHTML, like Gecko) Chrome/131.0.0.0 Safari/537.36 Avast/131.0.0.0"
198.54.114.83 - - [30/Mar/2025:21:50:53 -0400] "POST /wp-cron.php?doing_wp_cron=1743385852.9042730331420898437500 HTTP/1.1" 200 0 "-" "WordPress/6.7.2; https://bakingsecurityin.com"
41.140.4.245 - - [30/Mar/2025:21:50:52 -0400] "POST /wp-login.php HTTP/1.1" 302 0 "http://bakingsecurityin.com/wp-admin/" "Mozilla/5.0 (Windows NT 10.0; Win64; x64) AppleWebKit/537.36 (KHTML, like Gecko) Chrome/90.0.4430.85 Safari/537.36"
198.54.114.83 - - [30/Mar/2025:21:52:54 -0400] "POST /wp-cron.php?doing_wp_cron=1743385974.1315650939941406250000 HTTP/1.1" 200 0 "-" "WordPress/6.7.2; https://bakingsecurityin.com"
216.244.66.236 - - [30/Mar/2025:21:52:54 -0400] "GET /reparation-electromenager-gatineau/feed/ HTTP/1.1" 200 430 "-" "Mozilla/5.0 (compatible; DotBot/1.2; +https://opensiteexplorer.org/dotbot; help@moz.com)"
216.244.66.236 - - [30/Mar/2025:21:52:58 -0400] "GET /the-convenience-of-buying-prescription-glasses-online/feed/ HTTP/1.1" 200 454 "-" "Mozilla/5.0 (compatible; DotBot/1.2; +https://opensiteexplorer.org/dotbot; help@moz.com)"
91.201.113.132 - - [30/Mar/2025:22:19:23 -0400] "GET /the-growing-popularity-of-online-casinos/ HTTP/1.1" 200 0 "http://bakingsecurityin.com/the-growing-popularity-of-online-casinos/" "Mozilla/5.0 (Windows NT 10.0; Win64; x64) AppleWebKit/537.36 (KHTML, like Gecko) Chrome/129.0.0.0 Safari/537.36"
91.201.113.132 - - [30/Mar/2025:22:19:23 -0400] "GET / HTTP/1.1" 200 0 "http://bakingsecurityin.com/" "Mozilla/5.0 (Windows NT 10.0; Win64; x64) AppleWebKit/537.36 (KHTML, like Gecko) Chrome/129.0.0.0 Safari/537.36"
216.244.66.236 - - [30/Mar/2025:22:26:46 -0400] "GET /robots.txt HTTP/1.1" 304 0 "-" "Mozilla/5.0 (compatible; DotBot/1.2; +https://opensiteexplorer.org/dotbot; help@moz.com)"
195.191.219.131 - - [30/Mar/2025:22:37:51 -0400] "GET /robots.txt HTTP/1.1" 200 116 "-" "Mozilla/5.0 (compatible; MJ12bot/v2.0.0; http://mj12bot.com/)"
195.191.219.131 - - [30/Mar/2025:22:37:52 -0400] "GET / HTTP/1.1" 200 0 "-" "Mozilla/5.0 (compatible; MJ12bot/v2.0.0; http://mj12bot.com/)"
216.244.66.236 - - [30/Mar/2025:22:40:10 -0400] "GET /hattingen-deutschland-heimat-einer-vielzahl-historischer-wahrzeichen/ HTTP/1.1" 200 0 "-" "Mozilla/5.0 (compatible; DotBot/1.2; +https://opensiteexplorer.org/dotbot; help@moz.com)"
198.54.114.83 - - [30/Mar/2025:22:40:11 -0400] "POST /wp-cron.php?doing_wp_cron=1743388810.1626939773559570312500 HTTP/1.1" 200 0 "-" "WordPress/6.7.2; https://bakingsecurityin.com"
216.244.66.236 - - [30/Mar/2025:22:40:34 -0400] "GET /the-arden-is-not-just-a-village-or-a-town/ HTTP/1.1" 200 0 "-" "Mozilla/5.0 (compatible; DotBot/1.2; +https://opensiteexplorer.org/dotbot; help@moz.com)"
216.244.66.236 - - [30/Mar/2025:22:40:55 -0400] "GET /lart-de-la-rue-une-expression-creative-libre/ HTTP/1.1" 200 0 "-" "Mozilla/5.0 (compatible; DotBot/1.2; +https://opensiteexplorer.org/dotbot; help@moz.com)"
198.54.114.83 - - [30/Mar/2025:22:43:09 -0400] "POST /wp-cron.php?doing_wp_cron=1743388989.5280039310455322265625 HTTP/1.1" 200 0 "-" "WordPress/6.7.2; https://bakingsecurityin.com"
216.244.66.236 - - [30/Mar/2025:22:43:09 -0400] "GET /ski-accommodation-at-the-landmark-condo/feed/ HTTP/1.1" 200 444 "-" "Mozilla/5.0 (compatible; DotBot/1.2; +https://opensiteexplorer.org/dotbot; help@moz.com)"
198.54.114.83 - - [30/Mar/2025:22:45:32 -0400] "POST /wp-cron.php?doing_wp_cron=1743389132.7043559551239013671875 HTTP/1.1" 200 0 "-" "WordPress/6.7.2; https://bakingsecurityin.com"
216.244.66.236 - - [30/Mar/2025:22:45:32 -0400] "GET /unveiling-the-allure-of-lentor-mansion-showflat/ HTTP/1.1" 200 0 "-" "Mozilla/5.0 (compatible; DotBot/1.2; +https://opensiteexplorer.org/dotbot; help@moz.com)"
216.244.66.236 - - [30/Mar/2025:23:15:08 -0400] "GET /robots.txt HTTP/1.1" 304 0 "-" "Mozilla/5.0 (compatible; DotBot/1.2; +https://opensiteexplorer.org/dotbot; help@moz.com)"
91.201.113.132 - - [30/Mar/2025:23:21:11 -0400] "GET /the-growing-popularity-of-online-casinos/ HTTP/1.1" 200 0 "http://bakingsecurityin.com/the-growing-popularity-of-online-casinos/" "Mozilla/5.0 (Windows NT 10.0; Win64; x64) AppleWebKit/537.36 (KHTML, like Gecko) Chrome/130.0.0.0 Safari/537.36 CCleaner/130.0.0.0"
91.201.113.132 - - [30/Mar/2025:23:21:12 -0400] "GET / HTTP/1.1" 200 0 "http://bakingsecurityin.com/" "Mozilla/5.0 (Windows NT 10.0; Win64; x64) AppleWebKit/537.36 (KHTML, like Gecko) Chrome/130.0.0.0 Safari/537.36 CCleaner/130.0.0.0"
198.54.114.83 - - [30/Mar/2025:23:22:49 -0400] "POST /wp-cron.php?doing_wp_cron=1743391368.7048280239105224609375 HTTP/1.1" 200 0 "-" "WordPress/6.7.2; https://bakingsecurityin.com"
165.154.242.41 - - [30/Mar/2025:23:22:48 -0400] "GET / HTTP/1.1" 200 0 "-" "Embarcadero URI Client/1.0"
216.244.66.236 - - [30/Mar/2025:23:27:25 -0400] "GET /how-to-choose-a-web-design-and-development-company/ HTTP/1.1" 200 0 "-" "Mozilla/5.0 (compatible; DotBot/1.2; +https://opensiteexplorer.org/dotbot; help@moz.com)"
216.244.66.236 - - [30/Mar/2025:23:28:43 -0400] "GET /custom-gaming-pc-builder/feed/ HTTP/1.1" 200 426 "-" "Mozilla/5.0 (compatible; DotBot/1.2; +https://opensiteexplorer.org/dotbot; help@moz.com)"
198.54.114.83 - - [30/Mar/2025:23:31:00 -0400] "POST /wp-cron.php?doing_wp_cron=1743391860.7445480823516845703125 HTTP/1.1" 200 0 "-" "WordPress/6.7.2; https://bakingsecurityin.com"
163.5.241.78 - - [30/Mar/2025:23:31:00 -0400] "GET / HTTP/1.1" 200 0 "-" "Python/3.11 aiohttp/3.11.11"
83.222.191.34 - - [30/Mar/2025:23:33:33 -0400] "GET / HTTP/1.1" 200 0 "-" "Mozilla/5.0 (Linux; Android 10; K) AppleWebKit/537.36 (KHTML, like Gecko) Chrome/133.0.0.0 Mobile Safari/537.36"
198.54.114.83 - - [30/Mar/2025:23:36:50 -0400] "POST /wp-cron.php?doing_wp_cron=1743392210.0043981075286865234375 HTTP/1.1" 200 0 "-" "WordPress/6.7.2; https://bakingsecurityin.com"
216.244.66.236 - - [30/Mar/2025:23:36:46 -0400] "GET /hydraulic-oil-coolers/feed/ HTTP/1.1" 200 425 "-" "Mozilla/5.0 (compatible; DotBot/1.2; +https://opensiteexplorer.org/dotbot; help@moz.com)"
216.244.66.236 - - [31/Mar/2025:00:15:10 -0400] "GET /ski-accommodation-at-the-landmark-condo/ HTTP/1.1" 200 0 "-" "Mozilla/5.0 (compatible; DotBot/1.2; +https://opensiteexplorer.org/dotbot; help@moz.com)"
198.54.114.83 - - [31/Mar/2025:00:16:07 -0400] "POST /wp-cron.php?doing_wp_cron=1743394567.1738469600677490234375 HTTP/1.1" 200 0 "-" "WordPress/6.7.2; https://bakingsecurityin.com"
216.244.66.236 - - [31/Mar/2025:00:16:07 -0400] "GET /michael-kors-satchel-bag/ HTTP/1.1" 200 0 "-" "Mozilla/5.0 (compatible; DotBot/1.2; +https://opensiteexplorer.org/dotbot; help@moz.com)"
198.54.114.83 - - [31/Mar/2025:00:17:12 -0400] "POST /wp-cron.php?doing_wp_cron=1743394631.8023450374603271484375 HTTP/1.1" 200 0 "-" "WordPress/6.7.2; https://bakingsecurityin.com"
216.244.66.236 - - [31/Mar/2025:00:17:11 -0400] "GET /exploring-the-allure-of-sora-condo/feed/ HTTP/1.1" 200 441 "-" "Mozilla/5.0 (compatible; DotBot/1.2; +https://opensiteexplorer.org/dotbot; help@moz.com)"
216.244.66.236 - - [31/Mar/2025:00:17:15 -0400] "GET /the-impact-of-personal-life-coaching/feed/ HTTP/1.1" 200 443 "-" "Mozilla/5.0 (compatible; DotBot/1.2; +https://opensiteexplorer.org/dotbot; help@moz.com)"
216.244.66.236 - - [31/Mar/2025:00:17:37 -0400] "GET /choosing-a-smart-dehumidifier-uk/ HTTP/1.1" 200 0 "-" "Mozilla/5.0 (compatible; DotBot/1.2; +https://opensiteexplorer.org/dotbot; help@moz.com)"
216.244.66.236 - - [31/Mar/2025:00:20:09 -0400] "GET /getting-started-with-accessories/feed/ HTTP/1.1" 200 438 "-" "Mozilla/5.0 (compatible; DotBot/1.2; +https://opensiteexplorer.org/dotbot; help@moz.com)"
198.54.114.83 - - [31/Mar/2025:00:20:11 -0400] "POST /wp-cron.php?doing_wp_cron=1743394810.1896209716796875000000 HTTP/1.1" 200 0 "-" "WordPress/6.7.2; https://bakingsecurityin.com"
176.67.83.246 - - [31/Mar/2025:00:28:32 -0400] "GET /how-does-red-light-therapy-work/ HTTP/1.1" 200 0 "http://bakingsecurityin.com/how-does-red-light-therapy-work/" "Mozilla/5.0 (Windows NT 10.0; Win64; x64) AppleWebKit/537.36 (KHTML, like Gecko) Chrome/129.0.0.0 Safari/537.36"
198.54.114.83 - - [31/Mar/2025:00:28:33 -0400] "POST /wp-cron.php?doing_wp_cron=1743395312.9082520008087158203125 HTTP/1.1" 200 0 "-" "WordPress/6.7.2; https://bakingsecurityin.com"
176.67.83.246 - - [31/Mar/2025:00:28:32 -0400] "GET / HTTP/1.1" 200 0 "http://bakingsecurityin.com/" "Mozilla/5.0 (Windows NT 10.0; Win64; x64) AppleWebKit/537.36 (KHTML, like Gecko) Chrome/129.0.0.0 Safari/537.36"
91.201.113.132 - - [31/Mar/2025:00:29:45 -0400] "GET /the-growing-popularity-of-online-casinos/ HTTP/1.1" 200 0 "http://bakingsecurityin.com/the-growing-popularity-of-online-casinos/" "Mozilla/5.0 (Windows NT 10.0; Win64; x64) AppleWebKit/537.36 (KHTML, like Gecko) Chrome/131.0.0.0 Safari/537.36 Avast/131.0.0.0"
91.201.113.132 - - [31/Mar/2025:00:29:45 -0400] "GET / HTTP/1.1" 200 0 "http://bakingsecurityin.com/" "Mozilla/5.0 (Windows NT 10.0; Win64; x64) AppleWebKit/537.36 (KHTML, like Gecko) Chrome/131.0.0.0 Safari/537.36 Avast/131.0.0.0"
198.54.114.83 - - [31/Mar/2025:00:29:49 -0400] "POST /wp-cron.php?doing_wp_cron=1743395385.6447479724884033203125 HTTP/1.1" 200 0 "-" "WordPress/6.7.2; https://bakingsecurityin.com"
216.244.66.236 - - [31/Mar/2025:00:51:09 -0400] "GET /robots.txt HTTP/1.1" 304 0 "-" "Mozilla/5.0 (compatible; DotBot/1.2; +https://opensiteexplorer.org/dotbot; help@moz.com)"
216.244.66.236 - - [31/Mar/2025:01:01:21 -0400] "GET /what-are-the-benefits-of-mindfulness/ HTTP/1.1" 200 0 "-" "Mozilla/5.0 (compatible; DotBot/1.2; +https://opensiteexplorer.org/dotbot; help@moz.com)"
198.54.114.83 - - [31/Mar/2025:01:03:49 -0400] "POST /wp-cron.php?doing_wp_cron=1743397429.8335449695587158203125 HTTP/1.1" 200 0 "-" "WordPress/6.7.2; https://bakingsecurityin.com"
216.244.66.236 - - [31/Mar/2025:01:03:48 -0400] "GET /how-to-turn-safe-search-off-on-your-iphone/ HTTP/1.1" 200 0 "-" "Mozilla/5.0 (compatible; DotBot/1.2; +https://opensiteexplorer.org/dotbot; help@moz.com)"
216.244.66.236 - - [31/Mar/2025:01:19:30 -0400] "GET /category/activity/page/10/ HTTP/1.1" 200 0 "-" "Mozilla/5.0 (compatible; DotBot/1.2; +https://opensiteexplorer.org/dotbot; help@moz.com)"
198.54.114.83 - - [31/Mar/2025:01:19:34 -0400] "POST /wp-cron.php?doing_wp_cron=1743398370.7995700836181640625000 HTTP/1.1" 200 0 "-" "WordPress/6.7.2; https://bakingsecurityin.com"
91.201.113.132 - - [31/Mar/2025:01:35:44 -0400] "GET /the-growing-popularity-of-online-casinos/ HTTP/1.1" 200 0 "http://bakingsecurityin.com/the-growing-popularity-of-online-casinos/" "Mozilla/5.0 (Windows NT 10.0; Win64; x64) AppleWebKit/537.36 (KHTML, like Gecko) Chrome/130.0.0.0 Safari/537.36"
91.201.113.132 - - [31/Mar/2025:01:35:52 -0400] "GET / HTTP/1.1" 200 0 "http://bakingsecurityin.com/" "Mozilla/5.0 (Windows NT 10.0; Win64; x64) AppleWebKit/537.36 (KHTML, like Gecko) Chrome/130.0.0.0 Safari/537.36"
216.244.66.236 - - [31/Mar/2025:01:39:50 -0400] "GET /robots.txt HTTP/1.1" 304 0 "-" "Mozilla/5.0 (compatible; DotBot/1.2; +https://opensiteexplorer.org/dotbot; help@moz.com)"
216.244.66.236 - - [31/Mar/2025:01:53:40 -0400] "GET /best-place-to-buy-youtube-comments/feed/ HTTP/1.1" 200 441 "-" "Mozilla/5.0 (compatible; DotBot/1.2; +https://opensiteexplorer.org/dotbot; help@moz.com)"
198.54.114.83 - - [31/Mar/2025:02:15:33 -0400] "POST /wp-cron.php?doing_wp_cron=1743401733.2362110614776611328125 HTTP/1.1" 200 0 "-" "WordPress/6.7.2; https://bakingsecurityin.com"
186.64.119.35 - - [31/Mar/2025:02:15:32 -0400] "POST /xmlrpc.php HTTP/1.1" 200 212 "http://bakingsecurityin.com" "Mozilla/5.0 (Windows NT 10.0; Win64; x64; rv:125.0.1) Gecko/20100101 Firefox/125.0.1"
125.94.144.102 - - [31/Mar/2025:02:21:52 -0400] "GET / HTTP/1.1" 200 0 "-" "Mozilla/5.0 (iPhone; CPU iPhone OS 13_2_3 like Mac OS X) AppleWebKit/605.1.15 (KHTML, like Gecko) Version/13.0.3 Mobile/15E148 Safari/604.1"
51.222.110.187 - - [31/Mar/2025:02:26:08 -0400] "POST /xmlrpc.php HTTP/1.1" 200 212 "http://bakingsecurityin.com" "Mozilla/5.0 (Windows NT 11.0; Win64; x64; rv:126.0) Gecko/20100101 Firefox/126.0"
198.54.126.98 - - [31/Mar/2025:02:36:46 -0400] "POST /xmlrpc.php HTTP/1.1" 200 212 "http://bakingsecurityin.com" "Mozilla/5.0 (Windows NT 10.0; Win64; x64) AppleWebKit/537.36 (KHTML, like Gecko) Chrome/112.0.5615.138 Safari/537.36 Edg/112.0.1722.68"
91.201.113.132 - - [31/Mar/2025:02:41:58 -0400] "GET /the-growing-popularity-of-online-casinos/ HTTP/1.1" 200 0 "http://bakingsecurityin.com/the-growing-popularity-of-online-casinos/" "Mozilla/5.0 (Windows NT 10.0; Win64; x64) AppleWebKit/537.36 (KHTML, like Gecko) Chrome/130.0.0.0 Safari/537.36 CCleaner/130.0.0.0"
198.54.114.83 - - [31/Mar/2025:02:42:19 -0400] "POST /wp-cron.php?doing_wp_cron=1743403339.6947870254516601562500 HTTP/1.1" 200 0 "-" "WordPress/6.7.2; https://bakingsecurityin.com"
91.201.113.132 - - [31/Mar/2025:02:42:17 -0400] "GET / HTTP/1.1" 200 0 "http://bakingsecurityin.com/" "Mozilla/5.0 (Windows NT 10.0; Win64; x64) AppleWebKit/537.36 (KHTML, like Gecko) Chrome/130.0.0.0 Safari/537.36 CCleaner/130.0.0.0"
185.218.124.157 - - [31/Mar/2025:02:47:28 -0400] "POST /xmlrpc.php HTTP/1.1" 200 212 "http://bakingsecurityin.com" "Mozilla/5.0 (Windows NT 10.0; Win64; x64) AppleWebKit/537.36 (KHTML, like Gecko) Chrome/116.0.5845.96 Safari/537.36"
194.38.23.16 - - [31/Mar/2025:02:47:52 -0400] "GET /plugins/html5-file-upload/html5fileupload.remove.php HTTP/1.1" 404 0 "-" "ALittle Client"
85.208.98.23 - - [31/Mar/2025:02:56:31 -0400] "GET /robots.txt HTTP/1.1" 304 0 "-" "Mozilla/5.0 (compatible; SemrushBot-BA; +http://www.semrush.com/bot.html)"
198.54.114.83 - - [31/Mar/2025:02:57:38 -0400] "POST /wp-cron.php?doing_wp_cron=1743404257.5792920589447021484375 HTTP/1.1" 200 0 "-" "WordPress/6.7.2; https://bakingsecurityin.com"
43.130.71.237 - - [31/Mar/2025:02:57:37 -0400] "GET / HTTP/1.1" 200 0 "-" "Mozilla/5.0 (iPhone; CPU iPhone OS 13_2_3 like Mac OS X) AppleWebKit/605.1.15 (KHTML, like Gecko) Version/13.0.3 Mobile/15E148 Safari/604.1"
66.29.146.29 - - [31/Mar/2025:02:58:16 -0400] "POST /xmlrpc.php HTTP/1.1" 200 212 "http://bakingsecurityin.com" "Mozilla/5.0 (Macintosh; Intel Mac OS X 13.3; rv:126.0) Gecko/20100101 Firefox/126.0"
198.54.114.83 - - [31/Mar/2025:03:07:04 -0400] "POST /wp-cron.php?doing_wp_cron=1743404823.4755439758300781250000 HTTP/1.1" 200 0 "-" "WordPress/6.7.2; https://bakingsecurityin.com"
152.44.38.16 - - [31/Mar/2025:03:07:01 -0400] "GET /wp-login.php HTTP/1.1" 302 0 "-" "Mozilla/5.0 (Windows NT 10.0; Win64; x64; rv:54.0) Gecko/20100101 Firefox/54.0"
198.54.114.83 - - [31/Mar/2025:03:09:10 -0400] "POST /wp-cron.php?doing_wp_cron=1743404949.1179790496826171875000 HTTP/1.1" 200 0 "-" "WordPress/6.7.2; https://bakingsecurityin.com"
132.148.183.184 - - [31/Mar/2025:03:09:08 -0400] "POST /xmlrpc.php HTTP/1.1" 200 212 "http://bakingsecurityin.com" "Mozilla/5.0 (Macintosh; Intel Mac OS X 14.3) AppleWebKit/614.31.14 (KHTML, like Gecko) Version/17.0.96 Safari/614.31.14"
208.85.92.157 - - [31/Mar/2025:03:18:28 -0400] "GET / HTTP/1.1" 200 0 "-" "Mozilla/5.0 (Windows NT 10.0; Win64; x64) AppleWebKit/537.36 (KHTML, like Gecko) Chrome/88.0.4240.193 Safari/537.36"
198.54.114.83 - - [31/Mar/2025:03:18:30 -0400] "POST /wp-cron.php?doing_wp_cron=1743405508.6273169517517089843750 HTTP/1.1" 200 0 "-" "WordPress/6.7.2; https://bakingsecurityin.com"
208.85.92.157 - - [31/Mar/2025:03:18:30 -0400] "GET /?author=1 HTTP/1.1" 301 0 "-" "Mozilla/5.0 (Windows NT 10.0; Win64; x64) AppleWebKit/537.36 (KHTML, like Gecko) Chrome/88.0.4240.193 Safari/537.36"
208.85.92.157 - - [31/Mar/2025:03:18:33 -0400] "GET /?author=2 HTTP/1.1" 301 0 "-" "Mozilla/5.0 (Windows NT 10.0; Win64; x64) AppleWebKit/537.36 (KHTML, like Gecko) Chrome/88.0.4240.193 Safari/537.36"
208.85.92.157 - - [31/Mar/2025:03:18:36 -0400] "GET /?author=3 HTTP/1.1" 404 0 "-" "Mozilla/5.0 (Windows NT 10.0; Win64; x64) AppleWebKit/537.36 (KHTML, like Gecko) Chrome/88.0.4240.193 Safari/537.36"
208.85.92.157 - - [31/Mar/2025:03:18:37 -0400] "GET /wp-json/wp/v2/users/ HTTP/1.1" 200 1292 "-" "Mozilla/5.0 (Windows NT 10.0; Win64; x64) AppleWebKit/537.36 (KHTML, like Gecko) Chrome/88.0.4240.193 Safari/537.36"
208.85.92.157 - - [31/Mar/2025:03:18:40 -0400] "POST /xmlrpc.php HTTP/1.1" 200 212 "-" "Mozilla/5.0 (Windows NT 10.0; Win64; x64) AppleWebKit/537.36 (KHTML, like Gecko) Chrome/88.0.4240.193 Safari/537.36"
208.85.92.157 - - [31/Mar/2025:03:18:41 -0400] "POST /xmlrpc.php HTTP/1.1" 200 236 "-" "Mozilla/5.0 (Windows NT 10.0; Win64; x64) AppleWebKit/537.36 (KHTML, like Gecko) Chrome/88.0.4240.193 Safari/537.36"
208.85.92.157 - - [31/Mar/2025:03:18:42 -0400] "POST /xmlrpc.php HTTP/1.1" 200 236 "-" "Mozilla/5.0 (Windows NT 10.0; Win64; x64) AppleWebKit/537.36 (KHTML, like Gecko) Chrome/88.0.4240.193 Safari/537.36"
208.85.92.157 - - [31/Mar/2025:03:18:44 -0400] "POST /xmlrpc.php HTTP/1.1" 200 236 "-" "Mozilla/5.0 (Windows NT 10.0; Win64; x64) AppleWebKit/537.36 (KHTML, like Gecko) Chrome/88.0.4240.193 Safari/537.36"
208.85.92.157 - - [31/Mar/2025:03:18:46 -0400] "POST /xmlrpc.php HTTP/1.1" 200 236 "-" "Mozilla/5.0 (Windows NT 10.0; Win64; x64) AppleWebKit/537.36 (KHTML, like Gecko) Chrome/88.0.4240.193 Safari/537.36"
208.85.92.157 - - [31/Mar/2025:03:18:48 -0400] "POST /xmlrpc.php HTTP/1.1" 200 236 "-" "Mozilla/5.0 (Windows NT 10.0; Win64; x64) AppleWebKit/537.36 (KHTML, like Gecko) Chrome/88.0.4240.193 Safari/537.36"
162.254.39.79 - - [31/Mar/2025:03:20:05 -0400] "POST /xmlrpc.php HTTP/1.1" 200 212 "http://bakingsecurityin.com" "Mozilla/5.0 (Windows NT 10.0; Win64; x64; rv:126.0) Gecko/20100101 Firefox/126.0"
198.54.114.83 - - [31/Mar/2025:03:20:07 -0400] "POST /wp-cron.php?doing_wp_cron=1743405605.4641709327697753906250 HTTP/1.1" 200 0 "-" "WordPress/6.7.2; https://bakingsecurityin.com"
216.244.66.236 - - [31/Mar/2025:03:24:04 -0400] "GET /robots.txt HTTP/1.1" 304 0 "-" "Mozilla/5.0 (compatible; DotBot/1.2; +https://opensiteexplorer.org/dotbot; help@moz.com)"
91.201.113.132 - - [31/Mar/2025:03:30:47 -0400] "GET /the-growing-popularity-of-online-casinos/ HTTP/1.1" 200 0 "http://bakingsecurityin.com/the-growing-popularity-of-online-casinos/" "Mozilla/5.0 (Windows NT 10.0; Win64; x64) AppleWebKit/537.36 (KHTML, like Gecko) Chrome/129.0.0.0 Safari/537.36"
91.201.113.132 - - [31/Mar/2025:03:30:48 -0400] "GET / HTTP/1.1" 200 0 "http://bakingsecurityin.com/" "Mozilla/5.0 (Windows NT 10.0; Win64; x64) AppleWebKit/537.36 (KHTML, like Gecko) Chrome/129.0.0.0 Safari/537.36"
173.212.223.204 - - [31/Mar/2025:03:30:58 -0400] "POST /xmlrpc.php HTTP/1.1" 200 212 "http://bakingsecurityin.com" "Mozilla/5.0 (Windows NT 10.0; Win64; x64) AppleWebKit/537.36 (KHTML, like Gecko) Chrome/113.0.5672.126 Safari/537.36 Edg/113.0.1774.50"
216.244.66.236 - - [31/Mar/2025:03:34:14 -0400] "GET /a-glimpse-into-luxury-livings/ HTTP/1.1" 200 0 "-" "Mozilla/5.0 (compatible; DotBot/1.2; +https://opensiteexplorer.org/dotbot; help@moz.com)"
216.244.66.236 - - [31/Mar/2025:03:38:20 -0400] "GET /die-kunst-der-buchfuhrung-ein-blick-auf-die-welt-der-rechnungslegung/feed/ HTTP/1.1" 200 485 "-" "Mozilla/5.0 (compatible; DotBot/1.2; +https://opensiteexplorer.org/dotbot; help@moz.com)"
198.54.114.83 - - [31/Mar/2025:03:42:13 -0400] "POST /wp-cron.php?doing_wp_cron=1743406933.0552079677581787109375 HTTP/1.1" 200 0 "-" "WordPress/6.7.2; https://bakingsecurityin.com"
82.156.199.117 - - [31/Mar/2025:03:42:12 -0400] "POST /xmlrpc.php HTTP/1.1" 200 212 "http://bakingsecurityin.com" "Mozilla/5.0 (Windows NT 10.0; Win64; x64; rv:126.0) Gecko/20100101 Firefox/126.0"
198.54.114.83 - - [31/Mar/2025:03:54:11 -0400] "POST /wp-cron.php?doing_wp_cron=1743407651.7338190078735351562500 HTTP/1.1" 200 0 "-" "WordPress/6.7.2; https://bakingsecurityin.com"
2a02:4780:12:ec93::1 - - [31/Mar/2025:03:54:09 -0400] "POST /xmlrpc.php HTTP/1.1" 200 212 "http://bakingsecurityin.com" "Mozilla/5.0 (Windows NT 10.0; Win64; x64) AppleWebKit/537.36 (KHTML, like Gecko) Chrome/116.0.5845.96 Safari/537.36 Edg/116.0.1938.62"
2604:a880:400:d0::8f4:f001 - - [31/Mar/2025:04:06:16 -0400] "POST /xmlrpc.php HTTP/1.1" 200 212 "http://bakingsecurityin.com" "Mozilla/5.0 (Windows NT 10.0; Win64; x64; rv:126.0) Gecko/20100101 Firefox/126.0"
216.244.66.236 - - [31/Mar/2025:04:11:14 -0400] "GET /robots.txt HTTP/1.1" 304 0 "-" "Mozilla/5.0 (compatible; DotBot/1.2; +https://opensiteexplorer.org/dotbot; help@moz.com)"
124.222.113.25 - - [31/Mar/2025:04:18:23 -0400] "POST /xmlrpc.php HTTP/1.1" 200 212 "http://bakingsecurityin.com" "Mozilla/5.0 (Macintosh; Intel Mac OS X 10_15_7) AppleWebKit/537.36 (KHTML, like Gecko) Chrome/126.0.0.0 Safari/537.36"
216.244.66.236 - - [31/Mar/2025:04:21:09 -0400] "GET /mastering-instagram-the-art-of-freezing-your-account/ HTTP/1.1" 200 0 "-" "Mozilla/5.0 (compatible; DotBot/1.2; +https://opensiteexplorer.org/dotbot; help@moz.com)"
198.54.114.83 - - [31/Mar/2025:04:22:05 -0400] "POST /wp-cron.php?doing_wp_cron=1743409325.5570509433746337890625 HTTP/1.1" 200 0 "-" "WordPress/6.7.2; https://bakingsecurityin.com"
216.244.66.236 - - [31/Mar/2025:04:22:05 -0400] "GET /discover-expert-hearing-care-in-auckland/feed/ HTTP/1.1" 200 447 "-" "Mozilla/5.0 (compatible; DotBot/1.2; +https://opensiteexplorer.org/dotbot; help@moz.com)"
216.244.66.236 - - [31/Mar/2025:04:22:26 -0400] "GET /le-pouvoir-de-la-publicite-par-drapeau/ HTTP/1.1" 200 0 "-" "Mozilla/5.0 (compatible; DotBot/1.2; +https://opensiteexplorer.org/dotbot; help@moz.com)"
198.54.114.83 - - [31/Mar/2025:04:30:35 -0400] "POST /wp-cron.php?doing_wp_cron=1743409835.3471369743347167968750 HTTP/1.1" 200 0 "-" "WordPress/6.7.2; https://bakingsecurityin.com"
103.7.8.179 - - [31/Mar/2025:04:30:34 -0400] "POST /xmlrpc.php HTTP/1.1" 200 212 "http://bakingsecurityin.com" "Mozilla/5.0 (Macintosh; Intel Mac OS X 14.5) AppleWebKit/618.3.5 (KHTML, like Gecko) Version/17.4 Safari/618.3.5"
167.172.92.217 - - [31/Mar/2025:04:30:52 -0400] "GET /wp-content/themes/wp-pridmag/up.php HTTP/1.1" 404 0 "-" "Mozilla/5.0 (Linux; Android 11; M2010J19SI) AppleWebKit/537.36 (KHTML, like Gecko) Chrome/109.0.0.0 Mobile Safari/537.36"
167.172.92.217 - - [31/Mar/2025:04:30:53 -0400] "GET /simple.php HTTP/1.1" 404 0 "-" "Mozilla/5.0 (Linux; Android 11; M2010J19SI) AppleWebKit/537.36 (KHTML, like Gecko) Chrome/109.0.0.0 Mobile Safari/537.36"
167.172.92.217 - - [31/Mar/2025:04:30:55 -0400] "GET /cong.php HTTP/1.1" 404 0 "-" "Mozilla/5.0 (Linux; Android 11; M2010J19SI) AppleWebKit/537.36 (KHTML, like Gecko) Chrome/109.0.0.0 Mobile Safari/537.36"
167.172.92.217 - - [31/Mar/2025:04:30:56 -0400] "GET /xxx.php HTTP/1.1" 404 0 "-" "Mozilla/5.0 (Linux; Android 11; M2010J19SI) AppleWebKit/537.36 (KHTML, like Gecko) Chrome/109.0.0.0 Mobile Safari/537.36"
167.172.92.217 - - [31/Mar/2025:04:30:57 -0400] "GET /tmpls.php HTTP/1.1" 404 0 "-" "Mozilla/5.0 (Linux; Android 11; M2010J19SI) AppleWebKit/537.36 (KHTML, like Gecko) Chrome/109.0.0.0 Mobile Safari/537.36"
167.172.92.217 - - [31/Mar/2025:04:30:58 -0400] "GET /wp-content/themes/travelscape/json.php HTTP/1.1" 404 0 "-" "Mozilla/5.0 (Linux; Android 11; M2010J19SI) AppleWebKit/537.36 (KHTML, like Gecko) Chrome/109.0.0.0 Mobile Safari/537.36"
167.172.92.217 - - [31/Mar/2025:04:31:01 -0400] "GET /chosen.php?p= HTTP/1.1" 301 0 "-" "Mozilla/5.0 (Linux; Android 11; M2010J19SI) AppleWebKit/537.36 (KHTML, like Gecko) Chrome/109.0.0.0 Mobile Safari/537.36"
167.172.92.217 - - [31/Mar/2025:04:31:02 -0400] "GET /chosen.php HTTP/1.1" 404 0 "-" "Mozilla/5.0 (Linux; Android 11; M2010J19SI) AppleWebKit/537.36 (KHTML, like Gecko) Chrome/109.0.0.0 Mobile Safari/537.36"
167.172.92.217 - - [31/Mar/2025:04:31:04 -0400] "GET /wp-cron.php?ac=3 HTTP/1.1" 200 0 "-" "Mozilla/5.0 (Linux; Android 11; M2010J19SI) AppleWebKit/537.36 (KHTML, like Gecko) Chrome/109.0.0.0 Mobile Safari/537.36"
167.172.92.217 - - [31/Mar/2025:04:31:05 -0400] "GET /wp-content/themes/pridmag/db.php?u HTTP/1.1" 404 0 "-" "Mozilla/5.0 (Linux; Android 11; M2010J19SI) AppleWebKit/537.36 (KHTML, like Gecko) Chrome/109.0.0.0 Mobile Safari/537.36"
167.172.92.217 - - [31/Mar/2025:04:31:06 -0400] "GET /wp-content/themes/seotheme/mar.php HTTP/1.1" 404 0 "-" "Mozilla/5.0 (Linux; Android 11; M2010J19SI) AppleWebKit/537.36 (KHTML, like Gecko) Chrome/109.0.0.0 Mobile Safari/537.36"
167.172.92.217 - - [31/Mar/2025:04:31:07 -0400] "GET /wp-includes/Text/index.php HTTP/1.1" 301 0 "-" "Mozilla/5.0 (Linux; Android 11; M2010J19SI) AppleWebKit/537.36 (KHTML, like Gecko) Chrome/109.0.0.0 Mobile Safari/537.36"
167.172.92.217 - - [31/Mar/2025:04:31:07 -0400] "GET /wp-includes/Text/ HTTP/1.1" 403 1242 "-" "Mozilla/5.0 (Linux; Android 11; M2010J19SI) AppleWebKit/537.36 (KHTML, like Gecko) Chrome/109.0.0.0 Mobile Safari/537.36"
167.172.92.217 - - [31/Mar/2025:04:31:08 -0400] "GET /wp-content/themes/seotheme/mar.php HTTP/1.1" 404 0 "-" "Mozilla/5.0 (Linux; Android 11; M2010J19SI) AppleWebKit/537.36 (KHTML, like Gecko) Chrome/109.0.0.0 Mobile Safari/537.36"
167.172.92.217 - - [31/Mar/2025:04:31:09 -0400] "GET /Njima.php HTTP/1.1" 404 0 "-" "Mozilla/5.0 (Linux; Android 11; M2010J19SI) AppleWebKit/537.36 (KHTML, like Gecko) Chrome/109.0.0.0 Mobile Safari/537.36"
167.172.92.217 - - [31/Mar/2025:04:31:09 -0400] "GET /wp-admin/images/Mhbgf.php HTTP/1.1" 404 0 "-" "Mozilla/5.0 (Linux; Android 11; M2010J19SI) AppleWebKit/537.36 (KHTML, like Gecko) Chrome/109.0.0.0 Mobile Safari/537.36"
167.172.92.217 - - [31/Mar/2025:04:31:10 -0400] "GET /wp-admin/css/index.php HTTP/1.1" 301 0 "-" "Mozilla/5.0 (Linux; Android 11; M2010J19SI) AppleWebKit/537.36 (KHTML, like Gecko) Chrome/109.0.0.0 Mobile Safari/537.36"
167.172.92.217 - - [31/Mar/2025:04:31:11 -0400] "GET /wp-admin/css/ HTTP/1.1" 403 1242 "-" "Mozilla/5.0 (Linux; Android 11; M2010J19SI) AppleWebKit/537.36 (KHTML, like Gecko) Chrome/109.0.0.0 Mobile Safari/537.36"
167.172.92.217 - - [31/Mar/2025:04:31:12 -0400] "GET /wp-admin/css/ysirlifn.php HTTP/1.1" 404 0 "-" "Mozilla/5.0 (Linux; Android 11; M2010J19SI) AppleWebKit/537.36 (KHTML, like Gecko) Chrome/109.0.0.0 Mobile Safari/537.36"
167.172.92.217 - - [31/Mar/2025:04:31:15 -0400] "GET /repeater.php HTTP/1.1" 404 0 "-" "Mozilla/5.0 (Linux; Android 11; M2010J19SI) AppleWebKit/537.36 (KHTML, like Gecko) Chrome/109.0.0.0 Mobile Safari/537.36"
167.172.92.217 - - [31/Mar/2025:04:31:16 -0400] "GET /wp-content/plugins/linkpreview/db.php?u HTTP/1.1" 404 0 "-" "Mozilla/5.0 (Linux; Android 11; M2010J19SI) AppleWebKit/537.36 (KHTML, like Gecko) Chrome/109.0.0.0 Mobile Safari/537.36"
167.172.92.217 - - [31/Mar/2025:04:31:19 -0400] "GET /ioxi002.PhP7 HTTP/1.1" 404 0 "-" "Mozilla/5.0 (Linux; Android 11; M2010J19SI) AppleWebKit/537.36 (KHTML, like Gecko) Chrome/109.0.0.0 Mobile Safari/537.36"
167.172.92.217 - - [31/Mar/2025:04:31:20 -0400] "GET /radio.php HTTP/1.1" 404 0 "-" "Mozilla/5.0 (Linux; Android 11; M2010J19SI) AppleWebKit/537.36 (KHTML, like Gecko) Chrome/109.0.0.0 Mobile Safari/537.36"
167.172.92.217 - - [31/Mar/2025:04:31:22 -0400] "GET /radio.php HTTP/1.1" 404 0 "-" "Mozilla/5.0 (Linux; Android 11; M2010J19SI) AppleWebKit/537.36 (KHTML, like Gecko) Chrome/109.0.0.0 Mobile Safari/537.36"
167.172.92.217 - - [31/Mar/2025:04:31:23 -0400] "GET /wp-admin/css/colors/index.php HTTP/1.1" 301 0 "-" "Mozilla/5.0 (Linux; Android 11; M2010J19SI) AppleWebKit/537.36 (KHTML, like Gecko) Chrome/109.0.0.0 Mobile Safari/537.36"
167.172.92.217 - - [31/Mar/2025:04:31:24 -0400] "GET /wp-admin/css/colors/ HTTP/1.1" 403 1242 "-" "Mozilla/5.0 (Linux; Android 11; M2010J19SI) AppleWebKit/537.36 (KHTML, like Gecko) Chrome/109.0.0.0 Mobile Safari/537.36"
167.172.92.217 - - [31/Mar/2025:04:31:25 -0400] "GET /ofso64.php HTTP/1.1" 404 0 "-" "Mozilla/5.0 (Linux; Android 11; M2010J19SI) AppleWebKit/537.36 (KHTML, like Gecko) Chrome/109.0.0.0 Mobile Safari/537.36"
167.172.92.217 - - [31/Mar/2025:04:31:26 -0400] "GET /wp-content/plugins/TOPXHOH/wDR.php HTTP/1.1" 404 0 "-" "Mozilla/5.0 (Linux; Android 11; M2010J19SI) AppleWebKit/537.36 (KHTML, like Gecko) Chrome/109.0.0.0 Mobile Safari/537.36"
198.54.114.83 - - [31/Mar/2025:04:31:28 -0400] "POST /wp-cron.php?doing_wp_cron=1743409888.2375459671020507812500 HTTP/1.1" 200 0 "-" "WordPress/6.7.2; https://bakingsecurityin.com"
167.172.92.217 - - [31/Mar/2025:04:31:28 -0400] "GET /wp-content/plugins/IOptimize.php?rchk HTTP/1.1" 404 0 "-" "Mozilla/5.0 (Linux; Android 11; M2010J19SI) AppleWebKit/537.36 (KHTML, like Gecko) Chrome/109.0.0.0 Mobile Safari/537.36"
167.172.92.217 - - [31/Mar/2025:04:31:29 -0400] "GET /wp-content/themes/ccx/index.php HTTP/1.1" 301 0 "-" "Mozilla/5.0 (Linux; Android 11; M2010J19SI) AppleWebKit/537.36 (KHTML, like Gecko) Chrome/109.0.0.0 Mobile Safari/537.36"
167.172.92.217 - - [31/Mar/2025:04:31:30 -0400] "GET /wp-content/themes/ccx/ HTTP/1.1" 404 0 "-" "Mozilla/5.0 (Linux; Android 11; M2010J19SI) AppleWebKit/537.36 (KHTML, like Gecko) Chrome/109.0.0.0 Mobile Safari/537.36"
167.172.92.217 - - [31/Mar/2025:04:31:31 -0400] "GET /wp-content/uploads/2017-------/09/wp-console.php HTTP/1.1" 404 0 "-" "Mozilla/5.0 (Linux; Android 11; M2010J19SI) AppleWebKit/537.36 (KHTML, like Gecko) Chrome/109.0.0.0 Mobile Safari/537.36"
167.172.92.217 - - [31/Mar/2025:04:31:31 -0400] "GET /wp-includes/js/crop/uword.php HTTP/1.1" 404 0 "-" "Mozilla/5.0 (Linux; Android 11; M2010J19SI) AppleWebKit/537.36 (KHTML, like Gecko) Chrome/109.0.0.0 Mobile Safari/537.36"
167.172.92.217 - - [31/Mar/2025:04:31:32 -0400] "GET /wp-content/themes/bltm/wp-login.php HTTP/1.1" 404 0 "-" "Mozilla/5.0 (Linux; Android 11; M2010J19SI) AppleWebKit/537.36 (KHTML, like Gecko) Chrome/109.0.0.0 Mobile Safari/537.36"
167.172.92.217 - - [31/Mar/2025:04:31:33 -0400] "GET /autoload_classmap.php HTTP/1.1" 404 0 "-" "Mozilla/5.0 (Linux; Android 11; M2010J19SI) AppleWebKit/537.36 (KHTML, like Gecko) Chrome/109.0.0.0 Mobile Safari/537.36"
167.172.92.217 - - [31/Mar/2025:04:31:34 -0400] "GET /wp-content/uploads/2014/07/olx.php HTTP/1.1" 404 0 "-" "Mozilla/5.0 (Linux; Android 11; M2010J19SI) AppleWebKit/537.36 (KHTML, like Gecko) Chrome/109.0.0.0 Mobile Safari/537.36"
167.172.92.217 - - [31/Mar/2025:04:31:34 -0400] "GET /wp-admin/css/colors/midnight/index.php HTTP/1.1" 301 0 "-" "Mozilla/5.0 (Linux; Android 11; M2010J19SI) AppleWebKit/537.36 (KHTML, like Gecko) Chrome/109.0.0.0 Mobile Safari/537.36"
167.172.92.217 - - [31/Mar/2025:04:31:35 -0400] "GET /wp-admin/css/colors/midnight/ HTTP/1.1" 403 1242 "-" "Mozilla/5.0 (Linux; Android 11; M2010J19SI) AppleWebKit/537.36 (KHTML, like Gecko) Chrome/109.0.0.0 Mobile Safari/537.36"
