178.128.99.84 - - [06/Apr/2025:04:51:47 -0400] "POST /xmlrpc.php HTTP/1.1" 200 236 "-" "Mozilla/5.0 (Windows NT 10.0; Win64; x64) AppleWebKit/537.36 (KHTML, like Gecko) Chrome/95.0.4638.69 Safari/537.36"
178.128.99.84 - - [06/Apr/2025:04:53:01 -0400] "POST /xmlrpc.php HTTP/1.1" 200 236 "-" "Mozilla/5.0 (Windows NT 10.0; Win64; x64) AppleWebKit/537.36 (KHTML, like Gecko) Chrome/95.0.4638.69 Safari/537.36"
198.54.114.83 - - [06/Apr/2025:04:55:46 -0400] "POST /wp-cron.php?doing_wp_cron=1743929745.9342470169067382812500 HTTP/1.1" 200 0 "-" "WordPress/6.7.2; https://bakingsecurityin.com"
178.128.99.84 - - [06/Apr/2025:04:54:30 -0400] "POST /xmlrpc.php HTTP/1.1" 200 236 "-" "Mozilla/5.0 (Windows NT 10.0; Win64; x64) AppleWebKit/537.36 (KHTML, like Gecko) Chrome/95.0.4638.69 Safari/537.36"
103.148.164.166 - - [06/Apr/2025:04:56:02 -0400] "POST /xmlrpc.php HTTP/1.1" 200 212 "http://bakingsecurityin.com" "Mozilla/5.0 (Windows NT 10.0; Win64; x64) AppleWebKit/537.36 (KHTML, like Gecko) Chrome/126.0.0.0 Safari/537.36"
198.54.114.83 - - [06/Apr/2025:04:57:15 -0400] "POST /wp-cron.php?doing_wp_cron=1743929835.7463700771331787109375 HTTP/1.1" 200 0 "-" "WordPress/6.7.2; https://bakingsecurityin.com"
178.128.99.84 - - [06/Apr/2025:04:55:46 -0400] "POST /xmlrpc.php HTTP/1.1" 200 236 "-" "Mozilla/5.0 (Windows NT 10.0; Win64; x64) AppleWebKit/537.36 (KHTML, like Gecko) Chrome/95.0.4638.69 Safari/537.36"
178.128.99.84 - - [06/Apr/2025:04:57:16 -0400] "POST /xmlrpc.php HTTP/1.1" 200 0 "-" "Mozilla/5.0 (Windows NT 10.0; Win64; x64) AppleWebKit/537.36 (KHTML, like Gecko) Chrome/95.0.4638.69 Safari/537.36"
178.128.99.84 - - [06/Apr/2025:04:58:46 -0400] "POST /xmlrpc.php HTTP/1.1" 200 0 "-" "Mozilla/5.0 (Windows NT 10.0; Win64; x64) AppleWebKit/537.36 (KHTML, like Gecko) Chrome/95.0.4638.69 Safari/537.36"
198.54.114.83 - - [06/Apr/2025:05:10:16 -0400] "POST /wp-cron.php?doing_wp_cron=1743930616.8879990577697753906250 HTTP/1.1" 200 0 "-" "WordPress/6.7.2; https://bakingsecurityin.com"
162.0.215.103 - - [06/Apr/2025:05:10:15 -0400] "POST /xmlrpc.php HTTP/1.1" 200 212 "http://bakingsecurityin.com" "Mozilla/5.0 (Windows NT 10.0; Win64; x64; rv:126.0) Gecko/20100101 Firefox/126.0"
198.54.114.83 - - [06/Apr/2025:05:11:04 -0400] "POST /wp-cron.php?doing_wp_cron=1743930664.6692318916320800781250 HTTP/1.1" 200 0 "-" "WordPress/6.7.2; https://bakingsecurityin.com"
216.244.66.236 - - [06/Apr/2025:05:11:04 -0400] "GET /effektive-unternehmensraumung-in-luneburg/ HTTP/1.1" 200 0 "-" "Mozilla/5.0 (compatible; DotBot/1.2; +https://opensiteexplorer.org/dotbot; help@moz.com)"
198.54.114.83 - - [06/Apr/2025:05:12:57 -0400] "POST /wp-cron.php?doing_wp_cron=1743930777.6706600189208984375000 HTTP/1.1" 200 0 "-" "WordPress/6.7.2; https://bakingsecurityin.com"
52.233.69.50 - - [06/Apr/2025:05:12:55 -0400] "GET / HTTP/1.1" 200 0 "www.google.com" "Mozilla/5.0 (Windows NT 10.0; Win64; x64) AppleWebKit/537.36 (KHTML, like Gecko) Chrome/90.0.4430.85 Safari/537.36"
198.54.114.83 - - [06/Apr/2025:05:19:40 -0400] "POST /wp-cron.php?doing_wp_cron=1743931180.6583271026611328125000 HTTP/1.1" 200 0 "-" "WordPress/6.7.2; https://bakingsecurityin.com"
216.244.66.236 - - [06/Apr/2025:05:19:38 -0400] "GET /food-ingredients-first-natural-colors/feed/ HTTP/1.1" 200 451 "-" "Mozilla/5.0 (compatible; DotBot/1.2; +https://opensiteexplorer.org/dotbot; help@moz.com)"
198.54.114.83 - - [06/Apr/2025:05:24:13 -0400] "POST /wp-cron.php?doing_wp_cron=1743931452.5739700794219970703125 HTTP/1.1" 200 0 "-" "WordPress/6.7.2; https://bakingsecurityin.com"
2001:8d8:1800:2ef::1 - - [06/Apr/2025:05:24:09 -0400] "POST /xmlrpc.php HTTP/1.1" 200 212 "http://bakingsecurityin.com" "Mozilla/5.0 (Macintosh; Intel Mac OS X 14.5) AppleWebKit/618.3.5 (KHTML, like Gecko) Version/17.4 Safari/618.3.5"
45.135.193.65 - - [06/Apr/2025:05:31:42 -0400] "GET / HTTP/1.1" 200 0 "-" "Mozilla/5.0 (Windows NT 10.0; Win64; x64) AppleWebKit/537.36 (KHTML, like Gecko) Chrome/58.0.3029.110 Safari/537.36"
198.54.114.83 - - [06/Apr/2025:05:31:47 -0400] "POST /wp-cron.php?doing_wp_cron=1743931907.4480800628662109375000 HTTP/1.1" 200 0 "-" "WordPress/6.7.2; https://bakingsecurityin.com"
198.54.114.83 - - [06/Apr/2025:05:38:11 -0400] "POST /wp-cron.php?doing_wp_cron=1743932290.9249351024627685546875 HTTP/1.1" 200 0 "-" "WordPress/6.7.2; https://bakingsecurityin.com"
20.245.238.242 - - [06/Apr/2025:05:38:08 -0400] "POST /xmlrpc.php HTTP/1.1" 200 212 "http://bakingsecurityin.com" "Mozilla/5.0 (Macintosh; Intel Mac OS X 13.3; rv:126.0) Gecko/20100101 Firefox/126.0"
198.54.114.83 - - [06/Apr/2025:05:41:13 -0400] "POST /wp-cron.php?doing_wp_cron=1743932473.5111739635467529296875 HTTP/1.1" 200 0 "-" "WordPress/6.7.2; https://bakingsecurityin.com"
37.19.223.122 - - [06/Apr/2025:05:41:13 -0400] "GET / HTTP/1.1" 200 0 "http://bakingsecurityin.com/" "Mozilla/5.0 (Windows NT 10.0; Win64; x64) AppleWebKit/537.36 (KHTML, like Gecko) Chrome/131.0.0.0 Safari/537.36 Avast/131.0.0.0"
188.164.195.65 - - [06/Apr/2025:05:52:16 -0400] "POST /xmlrpc.php HTTP/1.1" 200 212 "http://bakingsecurityin.com" "Mozilla/5.0 (Windows NT 10.0; Win64; x64) AppleWebKit/537.36 (KHTML, like Gecko) Chrome/112.0.5615.138 Safari/537.36"
216.244.66.236 - - [06/Apr/2025:05:58:37 -0400] "GET /robots.txt HTTP/1.1" 304 0 "-" "Mozilla/5.0 (compatible; DotBot/1.2; +https://opensiteexplorer.org/dotbot; help@moz.com)"
162.213.255.14 - - [06/Apr/2025:06:06:28 -0400] "POST /xmlrpc.php HTTP/1.1" 200 212 "http://bakingsecurityin.com" "Mozilla/5.0 (Windows NT 10.0; Win64; x64) AppleWebKit/537.36 (KHTML, like Gecko) Chrome/112.0.5615.138 Safari/537.36 Edg/112.0.1722.68"
198.54.114.83 - - [06/Apr/2025:06:11:59 -0400] "POST /wp-cron.php?doing_wp_cron=1743934319.3099989891052246093750 HTTP/1.1" 200 0 "-" "WordPress/6.7.2; https://bakingsecurityin.com"
216.244.66.236 - - [06/Apr/2025:06:11:59 -0400] "GET /exploring-the-top-disposable-vape-brands/feed/ HTTP/1.1" 200 445 "-" "Mozilla/5.0 (compatible; DotBot/1.2; +https://opensiteexplorer.org/dotbot; help@moz.com)"
216.244.66.236 - - [06/Apr/2025:06:12:04 -0400] "GET /innovative-strategies-for-casino-solution-distribution/feed/ HTTP/1.1" 200 457 "-" "Mozilla/5.0 (compatible; DotBot/1.2; +https://opensiteexplorer.org/dotbot; help@moz.com)"
198.54.114.83 - - [06/Apr/2025:06:20:41 -0400] "POST /wp-cron.php?doing_wp_cron=1743934840.8678679466247558593750 HTTP/1.1" 200 0 "-" "WordPress/6.7.2; https://bakingsecurityin.com"
2600:1f18:7497:3900:a8b:a2f9:7144:e846 - - [06/Apr/2025:06:20:40 -0400] "POST /xmlrpc.php HTTP/1.1" 200 212 "http://bakingsecurityin.com" "Mozilla/5.0 (Macintosh; Intel Mac OS X 14.3) AppleWebKit/614.31.14 (KHTML, like Gecko) Version/17.0.96 Safari/614.31.14"
198.54.114.83 - - [06/Apr/2025:06:34:49 -0400] "POST /wp-cron.php?doing_wp_cron=1743935688.1540338993072509765625 HTTP/1.1" 200 0 "-" "WordPress/6.7.2; https://bakingsecurityin.com"
209.172.2.50 - - [06/Apr/2025:06:34:44 -0400] "POST /xmlrpc.php HTTP/1.1" 200 212 "http://bakingsecurityin.com" "Mozilla/5.0 (Windows NT 10.0; Win64; x64; rv:128.0) Gecko/20100101 Firefox/128.0"
198.54.114.83 - - [06/Apr/2025:06:48:56 -0400] "POST /wp-cron.php?doing_wp_cron=1743936535.7674028873443603515625 HTTP/1.1" 200 0 "-" "WordPress/6.7.2; https://bakingsecurityin.com"
162.241.126.57 - - [06/Apr/2025:06:48:53 -0400] "POST /xmlrpc.php HTTP/1.1" 200 212 "http://bakingsecurityin.com" "Mozilla/5.0 (Macintosh; Intel Mac OS X 10_15_7; rv:128.0) Gecko/20100101 Firefox/128.0"
216.244.66.236 - - [06/Apr/2025:06:59:27 -0400] "GET /rosas-dominicana/ HTTP/1.1" 200 0 "-" "Mozilla/5.0 (compatible; DotBot/1.2; +https://opensiteexplorer.org/dotbot; help@moz.com)"
198.54.114.83 - - [06/Apr/2025:06:59:54 -0400] "POST /wp-cron.php?doing_wp_cron=1743937194.3969290256500244140625 HTTP/1.1" 200 0 "-" "WordPress/6.7.2; https://bakingsecurityin.com"
216.244.66.236 - - [06/Apr/2025:06:59:54 -0400] "GET /joyaux-culinaires-pres-de-chez-vous-explorer-les-meilleurs-restaurants-de-votre-region/ HTTP/1.1" 200 0 "-" "Mozilla/5.0 (compatible; DotBot/1.2; +https://opensiteexplorer.org/dotbot; help@moz.com)"
198.54.114.83 - - [06/Apr/2025:07:00:41 -0400] "POST /wp-cron.php?doing_wp_cron=1743937241.8511509895324707031250 HTTP/1.1" 200 0 "-" "WordPress/6.7.2; https://bakingsecurityin.com"
216.244.66.236 - - [06/Apr/2025:07:00:41 -0400] "GET /a-tourists-paradise/feed/ HTTP/1.1" 200 430 "-" "Mozilla/5.0 (compatible; DotBot/1.2; +https://opensiteexplorer.org/dotbot; help@moz.com)"
198.54.114.83 - - [06/Apr/2025:07:01:56 -0400] "POST /wp-cron.php?doing_wp_cron=1743937316.2462890148162841796875 HTTP/1.1" 200 0 "-" "WordPress/6.7.2; https://bakingsecurityin.com"
216.244.66.236 - - [06/Apr/2025:07:01:56 -0400] "GET /buying-followers-on-tiktok/feed/ HTTP/1.1" 200 430 "-" "Mozilla/5.0 (compatible; DotBot/1.2; +https://opensiteexplorer.org/dotbot; help@moz.com)"
198.54.114.83 - - [06/Apr/2025:07:20:46 -0400] "POST /wp-cron.php?doing_wp_cron=1743938446.2191948890686035156250 HTTP/1.1" 200 0 "-" "WordPress/6.7.2; https://bakingsecurityin.com"
162.0.235.20 - - [06/Apr/2025:07:20:45 -0400] "POST /xmlrpc.php HTTP/1.1" 200 212 "http://bakingsecurityin.com" "Mozilla/5.0 (Windows NT 10.0; Win64; x64) AppleWebKit/537.36 (KHTML, like Gecko) Chrome/115.0.5790.102 Safari/537.36"
45.61.146.184 - - [06/Apr/2025:07:29:10 -0400] "POST /wp-login.php HTTP/1.1" 200 0 "http://bakingsecurityin.com" "Mozilla/5.0 (Windows NT 10.0; Win64; x64; rv:72.0) Gecko/20100101 Firefox/72.0"
198.54.114.83 - - [06/Apr/2025:07:34:56 -0400] "POST /wp-cron.php?doing_wp_cron=1743939296.3838860988616943359375 HTTP/1.1" 200 0 "-" "WordPress/6.7.2; https://bakingsecurityin.com"
162.241.126.57 - - [06/Apr/2025:07:34:56 -0400] "POST /xmlrpc.php HTTP/1.1" 200 212 "http://bakingsecurityin.com" "Mozilla/5.0 (Macintosh; Intel Mac OS X 13_3) AppleWebKit/537.36 (KHTML, like Gecko) Chrome/126.0.0.0 Safari/537.36"
216.244.66.236 - - [06/Apr/2025:07:36:43 -0400] "GET /robots.txt HTTP/1.1" 304 0 "-" "Mozilla/5.0 (compatible; DotBot/1.2; +https://opensiteexplorer.org/dotbot; help@moz.com)"
198.54.114.83 - - [06/Apr/2025:07:49:19 -0400] "POST /wp-cron.php?doing_wp_cron=1743940159.3323531150817871093750 HTTP/1.1" 200 0 "-" "WordPress/6.7.2; https://bakingsecurityin.com"
20.204.164.126 - - [06/Apr/2025:07:49:18 -0400] "POST /xmlrpc.php HTTP/1.1" 200 212 "http://bakingsecurityin.com" "Mozilla/5.0 (Windows NT 10.0; Win64; x64) AppleWebKit/537.36 (KHTML, like Gecko) Chrome/116.0.5845.96 Safari/537.36 Edg/116.0.1938.62"
216.244.66.236 - - [06/Apr/2025:07:49:27 -0400] "GET /effektive-haushaltsauflosungen-in-luneburg/ HTTP/1.1" 200 0 "-" "Mozilla/5.0 (compatible; DotBot/1.2; +https://opensiteexplorer.org/dotbot; help@moz.com)"
45.236.48.45 - - [06/Apr/2025:07:58:42 -0400] "GET /.env HTTP/1.1" 404 0 "-" "Mozilla/5.0 (Windows NT 10.0; Win64; x64; rv:58.0) Gecko/20100101 Firefox/58.0"
45.236.48.45 - - [06/Apr/2025:07:59:02 -0400] "GET /.env.example HTTP/1.1" 404 0 "-" "Mozilla/5.0 (Windows NT 10.0; Win64; x64; rv:58.0) Gecko/20100101 Firefox/58.0"
45.236.48.45 - - [06/Apr/2025:07:59:07 -0400] "GET /blog/.env HTTP/1.1" 404 0 "-" "Mozilla/5.0 (Windows NT 10.0; Win64; x64; rv:58.0) Gecko/20100101 Firefox/58.0"
45.236.48.45 - - [06/Apr/2025:07:59:11 -0400] "GET /api/.env HTTP/1.1" 404 0 "-" "Mozilla/5.0 (Windows NT 10.0; Win64; x64; rv:58.0) Gecko/20100101 Firefox/58.0"
45.236.48.45 - - [06/Apr/2025:07:59:21 -0400] "GET /laravel/.env HTTP/1.1" 404 0 "-" "Mozilla/5.0 (Windows NT 10.0; Win64; x64; rv:58.0) Gecko/20100101 Firefox/58.0"
45.236.48.45 - - [06/Apr/2025:07:59:30 -0400] "GET /docs/.env HTTP/1.1" 404 0 "-" "Mozilla/5.0 (Windows NT 10.0; Win64; x64; rv:58.0) Gecko/20100101 Firefox/58.0"
45.236.48.45 - - [06/Apr/2025:07:59:36 -0400] "GET /_profiler/phpinfo HTTP/1.1" 404 0 "-" "Mozilla/5.0 (Windows NT 10.0; Win64; x64; rv:58.0) Gecko/20100101 Firefox/58.0"
49.51.203.164 - - [06/Apr/2025:08:00:22 -0400] "GET / HTTP/1.1" 200 0 "-" "Mozilla/5.0 (iPhone; CPU iPhone OS 13_2_3 like Mac OS X) AppleWebKit/605.1.15 (KHTML, like Gecko) Version/13.0.3 Mobile/15E148 Safari/604.1"
45.61.146.184 - - [06/Apr/2025:08:23:45 -0400] "POST /wp-login.php HTTP/1.1" 200 0 "http://bakingsecurityin.com" "Mozilla/5.0 (Windows NT 10.0; Win64; x64; rv:72.0) Gecko/20100101 Firefox/72.0"
198.54.114.83 - - [06/Apr/2025:08:44:55 -0400] "POST /wp-cron.php?doing_wp_cron=1743943494.1224820613861083984375 HTTP/1.1" 200 0 "-" "WordPress/6.7.2; https://bakingsecurityin.com"
162.213.255.38 - - [06/Apr/2025:08:44:50 -0400] "POST /wp-login.php HTTP/1.1" 302 0 "http://bakingsecurityin.com" "Mozilla/5.0 (Windows NT 10.0; Win64; x64) AppleWebKit/537.36 (KHTML, like Gecko) Chrome/112.0.5615.138 Safari/537.36"
198.54.114.83 - - [06/Apr/2025:08:52:03 -0400] "POST /wp-cron.php?doing_wp_cron=1743943923.2554800510406494140625 HTTP/1.1" 200 0 "-" "WordPress/6.7.2; https://bakingsecurityin.com"
216.244.66.236 - - [06/Apr/2025:08:51:59 -0400] "GET /revolutionizing-media-consumption/ HTTP/1.1" 200 0 "-" "Mozilla/5.0 (compatible; DotBot/1.2; +https://opensiteexplorer.org/dotbot; help@moz.com)"
198.54.114.83 - - [06/Apr/2025:08:58:36 -0400] "POST /wp-cron.php?doing_wp_cron=1743944316.5499570369720458984375 HTTP/1.1" 200 0 "-" "WordPress/6.7.2; https://bakingsecurityin.com"
216.244.66.236 - - [06/Apr/2025:08:58:36 -0400] "GET /8-prostate-cancer-treatment-with-home-remedies-that-work/feed/ HTTP/1.1" 200 465 "-" "Mozilla/5.0 (compatible; DotBot/1.2; +https://opensiteexplorer.org/dotbot; help@moz.com)"
198.54.114.83 - - [06/Apr/2025:09:01:23 -0400] "POST /wp-cron.php?doing_wp_cron=1743944483.5081579685211181640625 HTTP/1.1" 200 0 "-" "WordPress/6.7.2; https://bakingsecurityin.com"
68.65.120.227 - - [06/Apr/2025:09:01:23 -0400] "POST /wp-login.php HTTP/1.1" 302 0 "http://bakingsecurityin.com" "Mozilla/5.0 (Windows NT 10.0; Win64; x64) AppleWebKit/537.36 (KHTML, like Gecko) Chrome/116.0.5845.96 Safari/537.36 Edg/116.0.1938.62"
198.54.114.83 - - [06/Apr/2025:09:08:08 -0400] "POST /wp-cron.php?doing_wp_cron=1743944887.9916920661926269531250 HTTP/1.1" 200 0 "-" "WordPress/6.7.2; https://bakingsecurityin.com"
82.102.18.222 - - [06/Apr/2025:09:08:07 -0400] "GET / HTTP/1.1" 200 0 "-" "Mozilla/5.0 (Windows NT 10.0; Win64; x64) AppleWebKit/537.36 (KHTML, like Gecko) Chrome/78.0.3904.108 Safari/537.36"
82.102.18.222 - - [06/Apr/2025:09:08:08 -0400] "GET /?author=1 HTTP/1.1" 301 0 "-" "Mozilla/5.0 (Windows NT 10.0; Win64; x64) AppleWebKit/537.36 (KHTML, like Gecko) Chrome/78.0.3904.108 Safari/537.36"
82.102.18.222 - - [06/Apr/2025:09:08:09 -0400] "GET /?author=2 HTTP/1.1" 301 0 "-" "Mozilla/5.0 (Windows NT 10.0; Win64; x64) AppleWebKit/537.36 (KHTML, like Gecko) Chrome/78.0.3904.108 Safari/537.36"
82.102.18.222 - - [06/Apr/2025:09:08:10 -0400] "GET /wp-json/wp/v2/users/ HTTP/1.1" 200 1292 "-" "Mozilla/5.0 (Windows NT 10.0; Win64; x64) AppleWebKit/537.36 (KHTML, like Gecko) Chrome/78.0.3904.108 Safari/537.36"
82.102.18.222 - - [06/Apr/2025:09:08:11 -0400] "POST /xmlrpc.php HTTP/1.1" 200 236 "-" "Mozilla/5.0 (Windows NT 10.0; Win64; x64) AppleWebKit/537.36 (KHTML, like Gecko) Chrome/78.0.3904.108 Safari/537.36"
82.102.18.222 - - [06/Apr/2025:09:08:12 -0400] "POST /xmlrpc.php HTTP/1.1" 200 236 "-" "Mozilla/5.0 (Windows NT 10.0; Win64; x64) AppleWebKit/537.36 (KHTML, like Gecko) Chrome/78.0.3904.108 Safari/537.36"
82.102.18.222 - - [06/Apr/2025:09:08:13 -0400] "POST /xmlrpc.php HTTP/1.1" 200 236 "-" "Mozilla/5.0 (Windows NT 10.0; Win64; x64) AppleWebKit/537.36 (KHTML, like Gecko) Chrome/78.0.3904.108 Safari/537.36"
82.102.18.222 - - [06/Apr/2025:09:08:14 -0400] "POST /xmlrpc.php HTTP/1.1" 200 236 "-" "Mozilla/5.0 (Windows NT 10.0; Win64; x64) AppleWebKit/537.36 (KHTML, like Gecko) Chrome/78.0.3904.108 Safari/537.36"
82.102.18.222 - - [06/Apr/2025:09:08:15 -0400] "POST /xmlrpc.php HTTP/1.1" 200 236 "-" "Mozilla/5.0 (Windows NT 10.0; Win64; x64) AppleWebKit/537.36 (KHTML, like Gecko) Chrome/78.0.3904.108 Safari/537.36"
82.102.18.222 - - [06/Apr/2025:09:08:16 -0400] "POST /xmlrpc.php HTTP/1.1" 200 236 "-" "Mozilla/5.0 (Windows NT 10.0; Win64; x64) AppleWebKit/537.36 (KHTML, like Gecko) Chrome/78.0.3904.108 Safari/537.36"
221.6.139.190 - - [06/Apr/2025:09:10:23 -0400] "GET /les-pantoufles-sont-populaires-partout-dans-le-monde/ HTTP/1.1" 301 0 "-" "Mozilla/5.0 (Windows NT 10.0; Win64; x64) AppleWebKit/537.36 (KHTML, like Gecko) Chrome/114.0.0.0 Safari/537.36"
198.54.114.83 - - [06/Apr/2025:09:18:05 -0400] "POST /wp-cron.php?doing_wp_cron=1743945484.9444360733032226562500 HTTP/1.1" 200 0 "-" "WordPress/6.7.2; https://bakingsecurityin.com"
54.36.209.164 - - [06/Apr/2025:09:18:04 -0400] "POST /wp-login.php HTTP/1.1" 302 0 "http://bakingsecurityin.com" "Mozilla/5.0 (Macintosh; Intel Mac OS X 14_6) AppleWebKit/605.1.15 (KHTML, like Gecko) Version/17.5 Safari/605.1.15"
216.244.66.236 - - [06/Apr/2025:09:29:51 -0400] "GET /robots.txt HTTP/1.1" 304 0 "-" "Mozilla/5.0 (compatible; DotBot/1.2; +https://opensiteexplorer.org/dotbot; help@moz.com)"
198.54.114.83 - - [06/Apr/2025:09:35:01 -0400] "POST /wp-cron.php?doing_wp_cron=1743946501.5991280078887939453125 HTTP/1.1" 200 0 "-" "WordPress/6.7.2; https://bakingsecurityin.com"
198.54.121.141 - - [06/Apr/2025:09:34:59 -0400] "POST /wp-login.php HTTP/1.1" 302 0 "http://bakingsecurityin.com" "Mozilla/5.0 (Windows NT 10.0; Win64; x64) AppleWebKit/537.36 (KHTML, like Gecko) Chrome/112.0.5615.138 Safari/537.36"
198.54.114.83 - - [06/Apr/2025:09:43:11 -0400] "POST /wp-cron.php?doing_wp_cron=1743946991.9089119434356689453125 HTTP/1.1" 200 0 "-" "WordPress/6.7.2; https://bakingsecurityin.com"
216.244.66.236 - - [06/Apr/2025:09:43:10 -0400] "GET /puerto-aventuras-yachts/feed/ HTTP/1.1" 200 427 "-" "Mozilla/5.0 (compatible; DotBot/1.2; +https://opensiteexplorer.org/dotbot; help@moz.com)"
198.54.114.83 - - [06/Apr/2025:09:46:37 -0400] "POST /wp-cron.php?doing_wp_cron=1743947197.4078700542449951171875 HTTP/1.1" 200 0 "-" "WordPress/6.7.2; https://bakingsecurityin.com"
216.244.66.236 - - [06/Apr/2025:09:46:35 -0400] "GET /un-compagnon-doux-et-reconfortant-lours-en-peluche/feed/ HTTP/1.1" 200 477 "-" "Mozilla/5.0 (compatible; DotBot/1.2; +https://opensiteexplorer.org/dotbot; help@moz.com)"
216.244.66.236 - - [06/Apr/2025:10:18:53 -0400] "GET /robots.txt HTTP/1.1" 304 0 "-" "Mozilla/5.0 (compatible; DotBot/1.2; +https://opensiteexplorer.org/dotbot; help@moz.com)"
198.54.114.83 - - [06/Apr/2025:10:31:13 -0400] "POST /wp-cron.php?doing_wp_cron=1743949873.1744689941406250000000 HTTP/1.1" 200 0 "-" "WordPress/6.7.2; https://bakingsecurityin.com"
216.244.66.236 - - [06/Apr/2025:10:31:13 -0400] "GET /buy-tickok-views-and-likes/feed/ HTTP/1.1" 200 432 "-" "Mozilla/5.0 (compatible; DotBot/1.2; +https://opensiteexplorer.org/dotbot; help@moz.com)"
216.244.66.236 - - [06/Apr/2025:11:06:40 -0400] "GET /robots.txt HTTP/1.1" 304 0 "-" "Mozilla/5.0 (compatible; DotBot/1.2; +https://opensiteexplorer.org/dotbot; help@moz.com)"
198.54.114.83 - - [06/Apr/2025:11:18:26 -0400] "POST /wp-cron.php?doing_wp_cron=1743952705.9003629684448242187500 HTTP/1.1" 200 0 "-" "WordPress/6.7.2; https://bakingsecurityin.com"
216.244.66.236 - - [06/Apr/2025:11:18:22 -0400] "GET /best-gaming-keyboard/feed/ HTTP/1.1" 200 425 "-" "Mozilla/5.0 (compatible; DotBot/1.2; +https://opensiteexplorer.org/dotbot; help@moz.com)"
52.164.225.150 - - [06/Apr/2025:11:27:21 -0400] "GET /wp-content/uploads/ HTTP/1.1" 403 1242 "-" "-"
52.164.225.150 - - [06/Apr/2025:11:27:22 -0400] "GET /wp-includes/ID3/ HTTP/1.1" 403 1242 "-" "-"
52.164.225.150 - - [06/Apr/2025:11:27:22 -0400] "GET /wp-includes/IXR/ HTTP/1.1" 403 1242 "-" "-"
52.164.225.150 - - [06/Apr/2025:11:27:22 -0400] "GET /wp-includes/Requests/ HTTP/1.1" 403 1242 "-" "-"
52.164.225.150 - - [06/Apr/2025:11:27:23 -0400] "GET /wp-content/themes/classic/inc/ HTTP/1.1" 404 0 "-" "-"
52.164.225.150 - - [06/Apr/2025:11:27:24 -0400] "GET /wp-content/plugins/ninja-forms/ HTTP/1.1" 404 0 "-" "-"
52.164.225.150 - - [06/Apr/2025:11:27:26 -0400] "GET /wp-content/mu-plugins/ HTTP/1.1" 404 0 "-" "-"
52.164.225.150 - - [06/Apr/2025:11:27:27 -0400] "GET /wp-includes/Text/Diff/Renderer/ HTTP/1.1" 403 1242 "-" "-"
52.164.225.150 - - [06/Apr/2025:11:27:27 -0400] "GET /wp-includes/fonts/ HTTP/1.1" 403 1242 "-" "-"
52.164.225.150 - - [06/Apr/2025:11:27:28 -0400] "GET /.well-known/ HTTP/1.1" 404 0 "-" "-"
52.164.225.150 - - [06/Apr/2025:11:27:29 -0400] "GET /ALFA_DATA/ HTTP/1.1" 404 0 "-" "-"
52.164.225.150 - - [06/Apr/2025:11:27:30 -0400] "GET /.well-known/old/ HTTP/1.1" 404 0 "-" "-"
52.164.225.150 - - [06/Apr/2025:11:27:31 -0400] "GET /.well-known/acme-challenge/ HTTP/1.1" 404 0 "-" "-"
52.164.225.150 - - [06/Apr/2025:11:27:31 -0400] "GET /cgi-bin/ HTTP/1.1" 404 1251 "-" "-"
198.54.114.83 - - [06/Apr/2025:11:27:32 -0400] "POST /wp-cron.php?doing_wp_cron=1743953252.4973819255828857421875 HTTP/1.1" 200 0 "-" "WordPress/6.7.2; https://bakingsecurityin.com"
52.164.225.150 - - [06/Apr/2025:11:27:32 -0400] "GET /.well-knownold/ HTTP/1.1" 404 0 "-" "-"
52.164.225.150 - - [06/Apr/2025:11:27:33 -0400] "GET /uploads/ HTTP/1.1" 404 0 "-" "-"
52.164.225.150 - - [06/Apr/2025:11:27:34 -0400] "GET /upload/ HTTP/1.1" 404 0 "-" "-"
52.164.225.150 - - [06/Apr/2025:11:27:34 -0400] "GET /admin/uploads/ HTTP/1.1" 404 0 "-" "-"
52.164.225.150 - - [06/Apr/2025:11:27:35 -0400] "GET /Admin/uploads/ HTTP/1.1" 404 0 "-" "-"
52.164.225.150 - - [06/Apr/2025:11:27:36 -0400] "GET /admin/ HTTP/1.1" 302 0 "-" "-"
52.164.225.150 - - [06/Apr/2025:11:27:38 -0400] "GET /images/ HTTP/1.1" 404 0 "-" "-"
52.164.225.150 - - [06/Apr/2025:11:27:39 -0400] "GET /assets/ HTTP/1.1" 404 0 "-" "-"
52.164.225.150 - - [06/Apr/2025:11:27:39 -0400] "GET /vendor/phpunit/phpunit/src/Util/PHP/ HTTP/1.1" 404 0 "-" "-"
52.164.225.150 - - [06/Apr/2025:11:27:40 -0400] "GET /upload/image/ HTTP/1.1" 404 0 "-" "-"
52.164.225.150 - - [06/Apr/2025:11:27:41 -0400] "GET /assets/images/ HTTP/1.1" 404 0 "-" "-"
52.164.225.150 - - [06/Apr/2025:11:27:41 -0400] "GET /Public/ HTTP/1.1" 404 0 "-" "-"
52.164.225.150 - - [06/Apr/2025:11:27:42 -0400] "GET /vendor/ HTTP/1.1" 404 0 "-" "-"
52.164.225.150 - - [06/Apr/2025:11:27:42 -0400] "GET /local/ HTTP/1.1" 404 0 "-" "-"
52.164.225.150 - - [06/Apr/2025:11:27:43 -0400] "GET /modules/ HTTP/1.1" 404 0 "-" "-"
52.164.225.150 - - [06/Apr/2025:11:27:44 -0400] "GET /Site/ HTTP/1.1" 404 0 "-" "-"
52.164.225.150 - - [06/Apr/2025:11:27:44 -0400] "GET /system/ HTTP/1.1" 404 0 "-" "-"
52.164.225.150 - - [06/Apr/2025:11:27:45 -0400] "GET /template/ HTTP/1.1" 404 0 "-" "-"
52.164.225.150 - - [06/Apr/2025:11:27:46 -0400] "GET /shop/ HTTP/1.1" 301 0 "-" "-"
52.164.225.150 - - [06/Apr/2025:11:27:47 -0400] "GET /files/ HTTP/1.1" 404 0 "-" "-"
52.164.225.150 - - [06/Apr/2025:11:27:48 -0400] "GET /admin/editor/ HTTP/1.1" 404 0 "-" "-"
52.164.225.150 - - [06/Apr/2025:11:27:49 -0400] "GET /include/ HTTP/1.1" 404 0 "-" "-"
52.164.225.150 - - [06/Apr/2025:11:27:49 -0400] "GET /Assets/ HTTP/1.1" 404 0 "-" "-"
52.164.225.150 - - [06/Apr/2025:11:27:50 -0400] "GET /images/stories/ HTTP/1.1" 404 0 "-" "-"
52.164.225.150 - - [06/Apr/2025:11:27:51 -0400] "GET /plugins/ HTTP/1.1" 404 0 "-" "-"
52.164.225.150 - - [06/Apr/2025:11:27:52 -0400] "GET /php/ HTTP/1.1" 404 0 "-" "-"
52.164.225.150 - - [06/Apr/2025:11:27:52 -0400] "GET /wp-includes/assets/ HTTP/1.1" 403 1242 "-" "-"
52.164.225.150 - - [06/Apr/2025:11:27:52 -0400] "GET /wp-includes/Text/Diff/ HTTP/1.1" 403 1242 "-" "-"
52.164.225.150 - - [06/Apr/2025:11:27:53 -0400] "GET /wp-includes/block-supports/ HTTP/1.1" 403 1242 "-" "-"
52.164.225.150 - - [06/Apr/2025:11:27:53 -0400] "GET /wp-includes/blocks/ HTTP/1.1" 200 22 "-" "-"
52.164.225.150 - - [06/Apr/2025:11:27:54 -0400] "GET /wp-includes/SimplePie/Content/Type/ HTTP/1.1" 404 0 "-" "-"
52.164.225.150 - - [06/Apr/2025:11:27:54 -0400] "GET /wp-includes/css/ HTTP/1.1" 403 1242 "-" "-"
52.164.225.150 - - [06/Apr/2025:11:27:55 -0400] "GET /wp-includes/SimplePie/Content/ HTTP/1.1" 404 0 "-" "-"
52.164.225.150 - - [06/Apr/2025:11:27:56 -0400] "GET /wp-includes/rest-api/endpoints/ HTTP/1.1" 403 1242 "-" "-"
52.164.225.150 - - [06/Apr/2025:11:27:56 -0400] "GET /wp-includes/Requests/Cookie/ HTTP/1.1" 404 0 "-" "-"
52.164.225.150 - - [06/Apr/2025:11:27:57 -0400] "GET /wp-includes/Requests/Proxy/ HTTP/1.1" 404 0 "-" "-"
52.164.225.150 - - [06/Apr/2025:11:27:58 -0400] "GET /wp-includes/Requests/Response/ HTTP/1.1" 404 0 "-" "-"
52.164.225.150 - - [06/Apr/2025:11:27:58 -0400] "GET /wp-includes/Requests/Transport/ HTTP/1.1" 404 0 "-" "-"
52.164.225.150 - - [06/Apr/2025:11:27:59 -0400] "GET /wp-includes/Requests/Utility/ HTTP/1.1" 404 0 "-" "-"
52.164.225.150 - - [06/Apr/2025:11:28:00 -0400] "GET /wp-includes/Requests/Exception/HTTP/ HTTP/1.1" 404 0 "-" "-"
52.164.225.150 - - [06/Apr/2025:11:28:01 -0400] "GET /wp-includes/js/crop/ HTTP/1.1" 403 1242 "-" "-"
52.164.225.150 - - [06/Apr/2025:11:28:01 -0400] "GET /wp-includes/images/crystal/ HTTP/1.1" 403 1242 "-" "-"
52.164.225.150 - - [06/Apr/2025:11:28:02 -0400] "GET /wp-includes/images/smilies/ HTTP/1.1" 403 1242 "-" "-"
52.164.225.150 - - [06/Apr/2025:11:28:03 -0400] "GET /wp-includes/images/wlw/ HTTP/1.1" 404 0 "-" "-"
52.164.225.150 - - [06/Apr/2025:11:28:03 -0400] "GET /wp-includes/Requests/Exception/ HTTP/1.1" 404 0 "-" "-"
52.164.225.150 - - [06/Apr/2025:11:28:04 -0400] "GET /wp-includes/Requests/Auth/ HTTP/1.1" 404 0 "-" "-"
52.164.225.150 - - [06/Apr/2025:11:28:05 -0400] "GET /wp-includes/sodium_compat/src/ HTTP/1.1" 403 1242 "-" "-"
52.164.225.150 - - [06/Apr/2025:11:28:06 -0400] "GET /wp-includes/Text/Diff/Engine/Engine/ HTTP/1.1" 404 0 "-" "-"
52.164.225.150 - - [06/Apr/2025:11:28:06 -0400] "GET /wp-includes/js/ HTTP/1.1" 403 1242 "-" "-"
52.164.225.150 - - [06/Apr/2025:11:28:07 -0400] "GET /wp-includes/php-compat/ HTTP/1.1" 403 1242 "-" "-"
52.164.225.150 - - [06/Apr/2025:11:28:08 -0400] "GET /wp-includes/pomo/ HTTP/1.1" 403 1242 "-" "-"
52.164.225.150 - - [06/Apr/2025:11:28:10 -0400] "GET /wp-includes/random_compat/ HTTP/1.1" 404 0 "-" "-"
52.164.225.150 - - [06/Apr/2025:11:28:12 -0400] "GET /wp-includes/rest-api/ HTTP/1.1" 403 1242 "-" "-"
52.164.225.150 - - [06/Apr/2025:11:28:13 -0400] "GET /wp-includes/sitemaps/ HTTP/1.1" 403 1242 "-" "-"
52.164.225.150 - - [06/Apr/2025:11:28:13 -0400] "GET /wp-includes/sodium_compat/ HTTP/1.1" 403 1242 "-" "-"
52.164.225.150 - - [06/Apr/2025:11:28:13 -0400] "GET /wp-includes/style-engine/ HTTP/1.1" 403 1242 "-" "-"
52.164.225.150 - - [06/Apr/2025:11:28:14 -0400] "GET /wp-includes/theme-compat/ HTTP/1.1" 403 1242 "-" "-"
52.164.225.150 - - [06/Apr/2025:11:28:14 -0400] "GET /wp-includes/widgets/ HTTP/1.1" 403 1242 "-" "-"
52.164.225.150 - - [06/Apr/2025:11:28:15 -0400] "GET /wp-admin/css/colors/ HTTP/1.1" 403 1242 "-" "-"
52.164.225.150 - - [06/Apr/2025:11:28:15 -0400] "GET /admin/images/slider/ HTTP/1.1" 404 0 "-" "-"
52.164.225.150 - - [06/Apr/2025:11:28:17 -0400] "GET /admin/fckeditor/editor/filemanager/ HTTP/1.1" 404 0 "-" "-"
52.164.225.150 - - [06/Apr/2025:11:28:19 -0400] "GET /sites/default/files/ HTTP/1.1" 404 0 "-" "-"
52.164.225.150 - - [06/Apr/2025:11:28:20 -0400] "GET /admin/controller/extension/extension/ HTTP/1.1" 404 0 "-" "-"
52.164.225.150 - - [06/Apr/2025:11:28:21 -0400] "GET /modules/mod_simplefileuploadv1.3/elements/ HTTP/1.1" 404 0 "-" "-"
52.164.225.150 - - [06/Apr/2025:11:28:21 -0400] "GET /components/ HTTP/1.1" 404 0 "-" "-"
52.164.225.150 - - [06/Apr/2025:11:28:22 -0400] "GET /admin/uploads/images/ HTTP/1.1" 404 0 "-" "-"
52.164.225.150 - - [06/Apr/2025:11:28:22 -0400] "GET /wp-admin/css/ HTTP/1.1" 403 1242 "-" "-"
52.164.225.150 - - [06/Apr/2025:11:28:23 -0400] "GET /wp-admin/images/ HTTP/1.1" 403 1242 "-" "-"
52.164.225.150 - - [06/Apr/2025:11:28:23 -0400] "GET /wp-admin/meta/ HTTP/1.1" 404 0 "-" "-"
52.164.225.150 - - [06/Apr/2025:11:28:24 -0400] "GET /wp-admin/network/ HTTP/1.1" 302 0 "-" "-"
52.164.225.150 - - [06/Apr/2025:11:28:26 -0400] "GET /wp-admin/user/ HTTP/1.1" 302 0 "-" "-"
52.164.225.150 - - [06/Apr/2025:11:28:28 -0400] "GET /wp-content/ HTTP/1.1" 200 0 "-" "-"
52.164.225.150 - - [06/Apr/2025:11:28:28 -0400] "GET /wp-content/plugins/ HTTP/1.1" 200 0 "-" "-"
52.164.225.150 - - [06/Apr/2025:11:28:28 -0400] "GET /wp-content/themes/ HTTP/1.1" 200 0 "-" "-"
52.164.225.150 - - [06/Apr/2025:11:28:29 -0400] "GET /wp-admin/includes/ HTTP/1.1" 403 1242 "-" "-"
52.164.225.150 - - [06/Apr/2025:11:28:29 -0400] "GET /wp-admin/ HTTP/1.1" 302 0 "-" "-"
52.164.225.150 - - [06/Apr/2025:11:28:33 -0400] "GET /wp-content/upgrade/ HTTP/1.1" 403 1242 "-" "-"
198.54.114.83 - - [06/Apr/2025:11:33:44 -0400] "POST /wp-cron.php?doing_wp_cron=1743953624.1795120239257812500000 HTTP/1.1" 200 0 "-" "WordPress/6.7.2; https://bakingsecurityin.com"
66.29.132.2 - - [06/Apr/2025:11:33:43 -0400] "POST /wp-login.php HTTP/1.1" 302 0 "http://bakingsecurityin.com" "Mozilla/5.0 (Windows NT 10.0; Win64; x64) AppleWebKit/537.36 (KHTML, like Gecko) Chrome/114.0.5735.134 Safari/537.36"
198.54.114.83 - - [06/Apr/2025:11:50:43 -0400] "POST /wp-cron.php?doing_wp_cron=1743954643.2948589324951171875000 HTTP/1.1" 200 0 "-" "WordPress/6.7.2; https://bakingsecurityin.com"
198.186.130.214 - - [06/Apr/2025:11:50:41 -0400] "POST /wp-login.php HTTP/1.1" 302 0 "http://bakingsecurityin.com" "Mozilla/5.0 (Windows NT 10.0; Win64; x64; rv:125.0.1) Gecko/20100101 Firefox/125.0.1"
45.61.146.184 - - [06/Apr/2025:12:03:26 -0400] "POST /wp-login.php HTTP/1.1" 200 0 "http://bakingsecurityin.com" "Mozilla/5.0 (Windows NT 10.0; Win64; x64; rv:72.0) Gecko/20100101 Firefox/72.0"
103.8.25.98 - - [06/Apr/2025:12:08:04 -0400] "POST /wp-login.php HTTP/1.1" 302 0 "http://bakingsecurityin.com" "Mozilla/5.0 (Windows NT 10.0; Win64; x64) AppleWebKit/537.36 (KHTML, like Gecko) Chrome/114.0.5735.199 Safari/537.36 Edg/114.0.1823.67"
193.24.211.4 - - [06/Apr/2025:12:23:38 -0400] "GET /vendor/phpunit/phpunit/src/Util/PHP/ HTTP/1.1" 404 0 "-" "Mozlila/5.0 (Linux; Android 7.0; SM-G892A Bulid/NRD90M; wv) AppleWebKit/537.36 (KHTML, like Gecko) Version/4.0 Chrome/60.0.3112.107 Moblie Safari/537.36"
193.24.211.4 - - [06/Apr/2025:12:23:43 -0400] "GET /vendor/phpunit/phpunit/src/Util/PHP/ HTTP/1.1" 404 0 "-" "Mozlila/5.0 (Linux; Android 7.0; SM-G892A Bulid/NRD90M; wv) AppleWebKit/537.36 (KHTML, like Gecko) Version/4.0 Chrome/60.0.3112.107 Moblie Safari/537.36"
193.24.211.4 - - [06/Apr/2025:12:23:48 -0400] "GET /.well-known/ HTTP/1.1" 404 0 "-" "Mozlila/5.0 (Linux; Android 7.0; SM-G892A Bulid/NRD90M; wv) AppleWebKit/537.36 (KHTML, like Gecko) Version/4.0 Chrome/60.0.3112.107 Moblie Safari/537.36"
193.24.211.4 - - [06/Apr/2025:12:23:53 -0400] "GET /.well-known/ HTTP/1.1" 404 0 "-" "Mozlila/5.0 (Linux; Android 7.0; SM-G892A Bulid/NRD90M; wv) AppleWebKit/537.36 (KHTML, like Gecko) Version/4.0 Chrome/60.0.3112.107 Moblie Safari/537.36"
193.24.211.4 - - [06/Apr/2025:12:24:00 -0400] "GET /wp-content/uploads/ HTTP/1.1" 403 1242 "-" "Mozlila/5.0 (Linux; Android 7.0; SM-G892A Bulid/NRD90M; wv) AppleWebKit/537.36 (KHTML, like Gecko) Version/4.0 Chrome/60.0.3112.107 Moblie Safari/537.36"
193.24.211.4 - - [06/Apr/2025:12:24:03 -0400] "GET /wp-content/uploads/ HTTP/1.1" 403 1242 "-" "Mozlila/5.0 (Linux; Android 7.0; SM-G892A Bulid/NRD90M; wv) AppleWebKit/537.36 (KHTML, like Gecko) Version/4.0 Chrome/60.0.3112.107 Moblie Safari/537.36"
193.24.211.4 - - [06/Apr/2025:12:24:10 -0400] "GET /wp-includes/ HTTP/1.1" 403 1242 "-" "Mozlila/5.0 (Linux; Android 7.0; SM-G892A Bulid/NRD90M; wv) AppleWebKit/537.36 (KHTML, like Gecko) Version/4.0 Chrome/60.0.3112.107 Moblie Safari/537.36"
193.24.211.4 - - [06/Apr/2025:12:24:15 -0400] "GET /wp-includes/ HTTP/1.1" 403 1242 "-" "Mozlila/5.0 (Linux; Android 7.0; SM-G892A Bulid/NRD90M; wv) AppleWebKit/537.36 (KHTML, like Gecko) Version/4.0 Chrome/60.0.3112.107 Moblie Safari/537.36"
193.24.211.4 - - [06/Apr/2025:12:24:22 -0400] "GET /wp-admin/css/ HTTP/1.1" 403 1242 "-" "Mozlila/5.0 (Linux; Android 7.0; SM-G892A Bulid/NRD90M; wv) AppleWebKit/537.36 (KHTML, like Gecko) Version/4.0 Chrome/60.0.3112.107 Moblie Safari/537.36"
193.24.211.4 - - [06/Apr/2025:12:24:25 -0400] "GET /wp-admin/css/ HTTP/1.1" 403 1242 "-" "Mozlila/5.0 (Linux; Android 7.0; SM-G892A Bulid/NRD90M; wv) AppleWebKit/537.36 (KHTML, like Gecko) Version/4.0 Chrome/60.0.3112.107 Moblie Safari/537.36"
193.24.211.4 - - [06/Apr/2025:12:24:30 -0400] "GET /wp-admin/images/ HTTP/1.1" 403 1242 "-" "Mozlila/5.0 (Linux; Android 7.0; SM-G892A Bulid/NRD90M; wv) AppleWebKit/537.36 (KHTML, like Gecko) Version/4.0 Chrome/60.0.3112.107 Moblie Safari/537.36"
193.24.211.4 - - [06/Apr/2025:12:24:36 -0400] "GET /wp-admin/images/ HTTP/1.1" 403 1242 "-" "Mozlila/5.0 (Linux; Android 7.0; SM-G892A Bulid/NRD90M; wv) AppleWebKit/537.36 (KHTML, like Gecko) Version/4.0 Chrome/60.0.3112.107 Moblie Safari/537.36"
193.24.211.4 - - [06/Apr/2025:12:24:41 -0400] "GET /wp-admin/maint/ HTTP/1.1" 403 1242 "-" "Mozlila/5.0 (Linux; Android 7.0; SM-G892A Bulid/NRD90M; wv) AppleWebKit/537.36 (KHTML, like Gecko) Version/4.0 Chrome/60.0.3112.107 Moblie Safari/537.36"
193.24.211.4 - - [06/Apr/2025:12:24:45 -0400] "GET /wp-admin/maint/ HTTP/1.1" 403 1242 "-" "Mozlila/5.0 (Linux; Android 7.0; SM-G892A Bulid/NRD90M; wv) AppleWebKit/537.36 (KHTML, like Gecko) Version/4.0 Chrome/60.0.3112.107 Moblie Safari/537.36"
193.24.211.4 - - [06/Apr/2025:12:24:49 -0400] "GET /wp-admin/meta/ HTTP/1.1" 404 0 "-" "Mozlila/5.0 (Linux; Android 7.0; SM-G892A Bulid/NRD90M; wv) AppleWebKit/537.36 (KHTML, like Gecko) Version/4.0 Chrome/60.0.3112.107 Moblie Safari/537.36"
193.24.211.4 - - [06/Apr/2025:12:24:53 -0400] "GET /wp-admin/meta/ HTTP/1.1" 404 0 "-" "Mozlila/5.0 (Linux; Android 7.0; SM-G892A Bulid/NRD90M; wv) AppleWebKit/537.36 (KHTML, like Gecko) Version/4.0 Chrome/60.0.3112.107 Moblie Safari/537.36"
198.54.114.83 - - [06/Apr/2025:12:25:01 -0400] "POST /wp-cron.php?doing_wp_cron=1743956701.3141939640045166015625 HTTP/1.1" 200 0 "-" "WordPress/6.7.2; https://bakingsecurityin.com"
193.24.211.4 - - [06/Apr/2025:12:25:00 -0400] "GET /wp-admin/network/ HTTP/1.1" 302 0 "-" "Mozlila/5.0 (Linux; Android 7.0; SM-G892A Bulid/NRD90M; wv) AppleWebKit/537.36 (KHTML, like Gecko) Version/4.0 Chrome/60.0.3112.107 Moblie Safari/537.36"
213.199.36.148 - - [06/Apr/2025:12:25:21 -0400] "POST /wp-login.php HTTP/1.1" 302 0 "http://bakingsecurityin.com" "Mozilla/5.0 (Windows NT 11.0; Win64; x64) AppleWebKit/537.36 (KHTML, like Gecko) Chrome/126.0.0.0 Safari/537.36 Edg/126.0.0.0"
114.96.103.33 - - [06/Apr/2025:12:31:54 -0400] "GET / HTTP/1.1" 200 0 "-" "Mozilla/5.0 (iPhone; CPU iPhone OS 13_2_3 like Mac OS X) AppleWebKit/605.1.15 (KHTML, like Gecko) Version/13.0.3 Mobile/15E148 Safari/604.1"
103.157.142.104 - - [06/Apr/2025:12:39:21 -0400] "GET /wp-content/ HTTP/1.1" 200 0 "-" "Mozilla/5.0 (Windows NT 10.0; Win64; x64) AppleWebKit/537.36 (KHTML, like Gecko) Chrome/91.0.4472.124 Safari/537.36"
198.54.114.83 - - [06/Apr/2025:12:42:40 -0400] "POST /wp-cron.php?doing_wp_cron=1743957760.2712609767913818359375 HTTP/1.1" 200 0 "-" "WordPress/6.7.2; https://bakingsecurityin.com"
198.54.114.37 - - [06/Apr/2025:12:42:38 -0400] "POST /wp-login.php HTTP/1.1" 302 0 "http://bakingsecurityin.com" "Mozilla/5.0 (Macintosh; Intel Mac OS X 10_15_7) AppleWebKit/537.36 (KHTML, like Gecko) Chrome/112.0.5615.138 Safari/537.36"
216.244.66.236 - - [06/Apr/2025:12:55:46 -0400] "GET /robots.txt HTTP/1.1" 304 0 "-" "Mozilla/5.0 (compatible; DotBot/1.2; +https://opensiteexplorer.org/dotbot; help@moz.com)"
198.54.114.83 - - [06/Apr/2025:12:59:51 -0400] "POST /wp-cron.php?doing_wp_cron=1743958791.6329150199890136718750 HTTP/1.1" 200 0 "-" "WordPress/6.7.2; https://bakingsecurityin.com"
134.122.118.246 - - [06/Apr/2025:12:59:49 -0400] "POST /wp-login.php HTTP/1.1" 302 0 "http://bakingsecurityin.com" "Mozilla/5.0 (Windows NT 10.0; Win64; x64; rv:125.0.1) Gecko/20100101 Firefox/125.0.1"
198.54.114.83 - - [06/Apr/2025:13:05:49 -0400] "POST /wp-cron.php?doing_wp_cron=1743959149.3856260776519775390625 HTTP/1.1" 200 0 "-" "WordPress/6.7.2; https://bakingsecurityin.com"
216.244.66.236 - - [06/Apr/2025:13:05:49 -0400] "GET /ein-schlussel-zum-erfolg/ HTTP/1.1" 200 0 "-" "Mozilla/5.0 (compatible; DotBot/1.2; +https://opensiteexplorer.org/dotbot; help@moz.com)"
216.244.66.236 - - [06/Apr/2025:13:05:54 -0400] "GET /faszinierende-moderne-einblicke-in-die-welt-der-hangelampen/ HTTP/1.1" 200 0 "-" "Mozilla/5.0 (compatible; DotBot/1.2; +https://opensiteexplorer.org/dotbot; help@moz.com)"
185.147.214.14 - - [06/Apr/2025:13:09:15 -0400] "GET /how-does-red-light-therapy-work/ HTTP/1.1" 200 0 "http://bakingsecurityin.com/how-does-red-light-therapy-work/" "Mozilla/5.0 (Windows NT 10.0; Win64; x64) AppleWebKit/537.36 (KHTML, like Gecko) Chrome/129.0.0.0 Safari/537.36"
198.54.114.83 - - [06/Apr/2025:13:09:16 -0400] "POST /wp-cron.php?doing_wp_cron=1743959356.0487430095672607421875 HTTP/1.1" 200 0 "-" "WordPress/6.7.2; https://bakingsecurityin.com"
185.147.214.14 - - [06/Apr/2025:13:09:15 -0400] "GET / HTTP/1.1" 200 0 "http://bakingsecurityin.com/" "Mozilla/5.0 (Windows NT 10.0; Win64; x64) AppleWebKit/537.36 (KHTML, like Gecko) Chrome/129.0.0.0 Safari/537.36"
198.54.114.83 - - [06/Apr/2025:13:16:39 -0400] "POST /wp-cron.php?doing_wp_cron=1743959799.1800379753112792968750 HTTP/1.1" 200 0 "-" "WordPress/6.7.2; https://bakingsecurityin.com"
182.92.110.55 - - [06/Apr/2025:13:16:37 -0400] "POST /wp-login.php HTTP/1.1" 302 0 "http://bakingsecurityin.com" "Mozilla/5.0 (Macintosh; Intel Mac OS X 10_15_7) AppleWebKit/537.36 (KHTML, like Gecko) Chrome/115.0.5790.102 Safari/537.36"
198.54.114.83 - - [06/Apr/2025:13:26:22 -0400] "POST /wp-cron.php?doing_wp_cron=1743960382.2813780307769775390625 HTTP/1.1" 200 0 "-" "WordPress/6.7.2; https://bakingsecurityin.com"
205.210.31.146 - - [06/Apr/2025:13:26:18 -0400] "GET / HTTP/1.1" 200 0 "-" "-"
198.54.114.83 - - [06/Apr/2025:13:30:30 -0400] "POST /wp-cron.php?doing_wp_cron=1743960629.7501800060272216796875 HTTP/1.1" 200 0 "-" "WordPress/6.7.2; https://bakingsecurityin.com"
40.88.21.235 - - [06/Apr/2025:13:30:25 -0400] "GET / HTTP/1.1" 200 0 "http://bakingsecurityin.com/" "DuckDuckBot/1.1; (+http://duckduckgo.com/duckduckbot.html)"
40.88.21.235 - - [06/Apr/2025:13:30:32 -0400] "GET /favicon.ico HTTP/1.1" 404 1251 "http://bakingsecurityin.com/favicon.ico" "DuckDuckBot/1.1; (+http://duckduckgo.com/duckduckbot.html)"
198.54.114.83 - - [06/Apr/2025:13:33:10 -0400] "POST /wp-cron.php?doing_wp_cron=1743960790.0466279983520507812500 HTTP/1.1" 200 0 "-" "WordPress/6.7.2; https://bakingsecurityin.com"
103.169.35.190 - - [06/Apr/2025:13:33:06 -0400] "POST /wp-login.php HTTP/1.1" 302 0 "http://bakingsecurityin.com" "Mozilla/5.0 (Windows NT 10.0; Win64; x64) AppleWebKit/537.36 (KHTML, like Gecko) Chrome/115.0.5790.171 Safari/537.36 Edg/115.0.1901.203"
198.54.114.83 - - [06/Apr/2025:13:35:14 -0400] "POST /wp-cron.php?doing_wp_cron=1743960914.3456230163574218750000 HTTP/1.1" 200 0 "-" "WordPress/6.7.2; https://bakingsecurityin.com"
109.123.76.134 - - [06/Apr/2025:13:35:13 -0400] "POST /xmlrpc.php HTTP/1.1" 200 236 "-" "Mozilla/5.0 (X11; Fedora; Linux x86_64; rv:94.0) Gecko/20100101 Firefox/95.0"
216.244.66.236 - - [06/Apr/2025:13:43:43 -0400] "GET /robots.txt HTTP/1.1" 304 0 "-" "Mozilla/5.0 (compatible; DotBot/1.2; +https://opensiteexplorer.org/dotbot; help@moz.com)"
198.54.114.83 - - [06/Apr/2025:13:49:25 -0400] "POST /wp-cron.php?doing_wp_cron=1743961764.4085910320281982421875 HTTP/1.1" 200 0 "-" "WordPress/6.7.2; https://bakingsecurityin.com"
104.43.93.163 - - [06/Apr/2025:13:49:23 -0400] "POST /wp-login.php HTTP/1.1" 302 0 "http://bakingsecurityin.com" "Mozilla/5.0 (Macintosh; Intel Mac OS X 10_15_7; rv:129.0) Gecko/20100101 Firefox/129.0"
103.127.134.129 - - [06/Apr/2025:13:55:24 -0400] "POST /xmlrpc.php HTTP/1.1" 200 236 "-" "Mozilla/5.0 (X11; Fedora; Linux x86_64; rv:94.0) Gecko/20100101 Firefox/95.0"
198.54.114.83 - - [06/Apr/2025:13:55:40 -0400] "POST /wp-cron.php?doing_wp_cron=1743962139.6363010406494140625000 HTTP/1.1" 200 0 "-" "WordPress/6.7.2; https://bakingsecurityin.com"
216.244.66.236 - - [06/Apr/2025:13:55:39 -0400] "GET /unveiling-the-exquisite-elegance-of-jansen-house-showflat/ HTTP/1.1" 200 0 "-" "Mozilla/5.0 (compatible; DotBot/1.2; +https://opensiteexplorer.org/dotbot; help@moz.com)"
198.54.114.83 - - [06/Apr/2025:14:05:23 -0400] "POST /wp-cron.php?doing_wp_cron=1743962722.5424909591674804687500 HTTP/1.1" 200 0 "-" "WordPress/6.7.2; https://bakingsecurityin.com"
176.74.26.54 - - [06/Apr/2025:14:05:18 -0400] "POST /wp-login.php HTTP/1.1" 302 0 "http://bakingsecurityin.com" "Mozilla/5.0 (Windows NT 11.0; Win64; x64; rv:126.0) Gecko/20100101 Firefox/126.0"
196.89.210.124 - - [06/Apr/2025:14:07:09 -0400] "GET /wp-login.php HTTP/1.1" 302 0 "-" "Mozilla/5.0 (Windows NT 6.1; Win64; x64; rv:109.0) Gecko/20100101 Firefox/115.0"
198.54.114.83 - - [06/Apr/2025:14:07:14 -0400] "POST /wp-cron.php?doing_wp_cron=1743962832.4280691146850585937500 HTTP/1.1" 200 0 "-" "WordPress/6.7.2; https://bakingsecurityin.com"
196.89.210.124 - - [06/Apr/2025:14:07:18 -0400] "POST /wp-login.php HTTP/1.1" 302 0 "-" "Mozilla/5.0 (Windows NT 6.1; Win64; x64; rv:109.0) Gecko/20100101 Firefox/115.0"
47.114.165.248 - - [06/Apr/2025:14:17:48 -0400] "POST /xmlrpc.php HTTP/1.1" 200 236 "-" "Mozilla/5.0 (X11; Fedora; Linux x86_64; rv:94.0) Gecko/20100101 Firefox/95.0"
198.54.114.83 - - [06/Apr/2025:14:21:18 -0400] "POST /wp-cron.php?doing_wp_cron=1743963677.6770720481872558593750 HTTP/1.1" 200 0 "-" "WordPress/6.7.2; https://bakingsecurityin.com"
85.13.217.246 - - [06/Apr/2025:14:21:17 -0400] "POST /wp-login.php HTTP/1.1" 302 0 "http://bakingsecurityin.com" "Mozilla/5.0 (Windows NT 10.0; Win64; x64) AppleWebKit/537.36 (KHTML, like Gecko) Chrome/113.0.5672.93 Safari/537.36"
198.54.114.83 - - [06/Apr/2025:14:26:37 -0400] "POST /wp-cron.php?doing_wp_cron=1743963996.6030800342559814453125 HTTP/1.1" 200 0 "-" "WordPress/6.7.2; https://bakingsecurityin.com"
191.101.209.105 - - [06/Apr/2025:14:26:33 -0400] "GET / HTTP/1.1" 200 0 "http://bakingsecurityin.com/" "Mozilla/5.0 (Windows NT 10.0; Win64; x64) AppleWebKit/537.36 (KHTML, like Gecko) Chrome/130.0.0.0 Safari/537.36 CCleaner/130.0.0.0"
82.102.31.158 - - [06/Apr/2025:14:34:26 -0400] "GET / HTTP/1.1" 200 0 "-" "Mozilla/5.0 (iPhone; CPU iPhone OS 17_5_1 like Mac OS X) AppleWebKit/605.1.15 (KHTML, like Gecko) Version/17.5 Mobile/15E148 Safari/604.1"
165.231.253.252 - - [06/Apr/2025:14:34:27 -0400] "GET / HTTP/1.1" 200 0 "-" "Mozilla/5.0 (Windows NT 10.0; Win64; x64) AppleWebKit/537.36 (KHTML, like Gecko) Chrome/126.0.0.0 Safari/537.36 Edg/126.0.0.0"
68.183.245.101 - - [06/Apr/2025:14:34:27 -0400] "GET / HTTP/1.1" 200 0 "-" "Mozilla/5.0 (Windows NT 10.0; Win64; x64) AppleWebKit/537.36 (KHTML, like Gecko) Chrome/132.0.0.0 Safari/537.36 Edg/132.0.0.0"
68.183.245.101 - - [06/Apr/2025:14:34:44 -0400] "GET /favicon.ico HTTP/1.1" 404 1251 "-" "Mozilla/5.0 (Windows NT 10.0; Win64; x64) AppleWebKit/537.36 (KHTML, like Gecko) Chrome/132.0.0.0 Safari/537.36 Edg/132.0.0.0"
198.54.120.130 - - [06/Apr/2025:14:37:15 -0400] "POST /wp-login.php HTTP/1.1" 302 0 "http://bakingsecurityin.com" "Mozilla/5.0 (Macintosh; Intel Mac OS X 10_15_7) AppleWebKit/537.36 (KHTML, like Gecko) Chrome/116.0.5845.96 Safari/537.36"
198.54.114.83 - - [06/Apr/2025:14:37:20 -0400] "POST /wp-cron.php?doing_wp_cron=1743964639.3022439479827880859375 HTTP/1.1" 200 0 "-" "WordPress/6.7.2; https://bakingsecurityin.com"
54.254.137.198 - - [06/Apr/2025:14:39:41 -0400] "POST /wp-login.php HTTP/1.1" 200 0 "www.google.com" "Mozilla/5.0 (Windows NT 10.0; Win64; x64)"
198.54.114.83 - - [06/Apr/2025:14:40:57 -0400] "POST /wp-cron.php?doing_wp_cron=1743964856.9046480655670166015625 HTTP/1.1" 200 0 "-" "WordPress/6.7.2; https://bakingsecurityin.com"
47.114.165.248 - - [06/Apr/2025:14:40:56 -0400] "POST /xmlrpc.php HTTP/1.1" 200 236 "-" "Mozilla/5.0 (X11; Fedora; Linux x86_64; rv:94.0) Gecko/20100101 Firefox/95.0"
72.167.57.117 - - [06/Apr/2025:14:52:49 -0400] "POST /wp-login.php HTTP/1.1" 302 0 "http://bakingsecurityin.com" "Mozilla/5.0 (Macintosh; Intel Mac OS X 13_3) AppleWebKit/537.36 (KHTML, like Gecko) Chrome/126.0.0.0 Safari/537.36 Edg/126.0.0.0"
198.54.114.83 - - [06/Apr/2025:15:04:30 -0400] "POST /wp-cron.php?doing_wp_cron=1743966270.3633770942687988281250 HTTP/1.1" 200 0 "-" "WordPress/6.7.2; https://bakingsecurityin.com"
46.32.231.116 - - [06/Apr/2025:15:04:26 -0400] "POST /xmlrpc.php HTTP/1.1" 200 236 "-" "Mozilla/5.0 (X11; Fedora; Linux x86_64; rv:94.0) Gecko/20100101 Firefox/95.0"
198.54.114.83 - - [06/Apr/2025:15:08:28 -0400] "POST /wp-cron.php?doing_wp_cron=1743966508.1696760654449462890625 HTTP/1.1" 200 0 "-" "WordPress/6.7.2; https://bakingsecurityin.com"
198.54.126.98 - - [06/Apr/2025:15:08:24 -0400] "POST /wp-login.php HTTP/1.1" 302 0 "http://bakingsecurityin.com" "Mozilla/5.0 (Macintosh; Intel Mac OS X 10_15_7; rv:127.0) Gecko/20100101 Firefox/127.0"
198.54.114.83 - - [06/Apr/2025:15:10:16 -0400] "POST /wp-cron.php?doing_wp_cron=1743966615.2966129779815673828125 HTTP/1.1" 200 0 "-" "WordPress/6.7.2; https://bakingsecurityin.com"
54.254.137.198 - - [06/Apr/2025:15:10:13 -0400] "POST /wp-login.php HTTP/1.1" 302 0 "www.google.com" "Mozilla/5.0 (Windows NT 10.0; Win64; x64)"
198.54.114.83 - - [06/Apr/2025:15:18:05 -0400] "POST /wp-cron.php?doing_wp_cron=1743967085.5940260887145996093750 HTTP/1.1" 200 0 "-" "WordPress/6.7.2; https://bakingsecurityin.com"
54.254.137.198 - - [06/Apr/2025:15:18:02 -0400] "POST /wp-login.php HTTP/1.1" 302 0 "www.google.com" "Mozilla/5.0 (Windows NT 10.0; Win64; x64)"
198.54.114.83 - - [06/Apr/2025:15:23:38 -0400] "POST /wp-cron.php?doing_wp_cron=1743967418.6716160774230957031250 HTTP/1.1" 200 0 "-" "WordPress/6.7.2; https://bakingsecurityin.com"
63.250.38.151 - - [06/Apr/2025:15:23:36 -0400] "POST /wp-login.php HTTP/1.1" 302 0 "http://bakingsecurityin.com" "Mozilla/5.0 (Windows NT 10.0; Win64; x64; rv:127.0) Gecko/20100101 Firefox/127.0"
198.54.114.83 - - [06/Apr/2025:15:29:25 -0400] "POST /wp-cron.php?doing_wp_cron=1743967765.5556929111480712890625 HTTP/1.1" 200 0 "-" "WordPress/6.7.2; https://bakingsecurityin.com"
92.222.181.205 - - [06/Apr/2025:15:29:23 -0400] "POST /xmlrpc.php HTTP/1.1" 200 236 "-" "Mozilla/5.0 (X11; Fedora; Linux x86_64; rv:94.0) Gecko/20100101 Firefox/95.0"
198.54.114.56 - - [06/Apr/2025:15:38:26 -0400] "POST /wp-login.php HTTP/1.1" 302 0 "http://bakingsecurityin.com" "Mozilla/5.0 (Windows NT 10.0; Win64; x64; rv:125.0.1) Gecko/20100101 Firefox/125.0.1"
198.54.114.83 - - [06/Apr/2025:15:53:09 -0400] "POST /wp-cron.php?doing_wp_cron=1743969188.5692770481109619140625 HTTP/1.1" 200 0 "-" "WordPress/6.7.2; https://bakingsecurityin.com"
192.250.230.11 - - [06/Apr/2025:15:53:05 -0400] "POST /wp-login.php HTTP/1.1" 302 0 "http://bakingsecurityin.com" "Mozilla/5.0 (Macintosh; Intel Mac OS X 14.5) AppleWebKit/618.3.5 (KHTML, like Gecko) Version/17.4 Safari/618.3.5"
13.82.27.229 - - [06/Apr/2025:15:53:36 -0400] "HEAD /wordpress HTTP/1.1" 301 0 "-" "Mozilla/5.0 (Windows NT 10.0; Win64; x64) AppleWebKit/537.36 (KHTML, like Gecko) Chrome/74.0.3729.169 Safari/537.36"
13.82.27.229 - - [06/Apr/2025:15:53:36 -0400] "HEAD /wordpress/ HTTP/1.1" 403 0 "http://bakingsecurityin.com/wordpress" "Mozilla/5.0 (Windows NT 10.0; Win64; x64) AppleWebKit/537.36 (KHTML, like Gecko) Chrome/74.0.3729.169 Safari/537.36"
13.82.27.229 - - [06/Apr/2025:15:53:37 -0400] "HEAD / HTTP/1.1" 200 0 "-" "Mozilla/5.0 (Windows NT 10.0; Win64; x64) AppleWebKit/537.36 (KHTML, like Gecko) Chrome/74.0.3729.169 Safari/537.36"
13.82.27.229 - - [06/Apr/2025:15:53:37 -0400] "HEAD /wp HTTP/1.1" 404 0 "-" "Mozilla/5.0 (Windows NT 10.0; Win64; x64) AppleWebKit/537.36 (KHTML, like Gecko) Chrome/74.0.3729.169 Safari/537.36"
13.82.27.229 - - [06/Apr/2025:15:53:38 -0400] "HEAD /bc HTTP/1.1" 404 0 "-" "Mozilla/5.0 (Windows NT 10.0; Win64; x64) AppleWebKit/537.36 (KHTML, like Gecko) Chrome/74.0.3729.169 Safari/537.36"
13.82.27.229 - - [06/Apr/2025:15:53:38 -0400] "HEAD /bk HTTP/1.1" 404 0 "-" "Mozilla/5.0 (Windows NT 10.0; Win64; x64) AppleWebKit/537.36 (KHTML, like Gecko) Chrome/74.0.3729.169 Safari/537.36"
13.82.27.229 - - [06/Apr/2025:15:53:38 -0400] "HEAD /backup HTTP/1.1" 404 0 "-" "Mozilla/5.0 (Windows NT 10.0; Win64; x64) AppleWebKit/537.36 (KHTML, like Gecko) Chrome/74.0.3729.169 Safari/537.36"
13.82.27.229 - - [06/Apr/2025:15:53:39 -0400] "HEAD /old HTTP/1.1" 404 0 "-" "Mozilla/5.0 (Windows NT 10.0; Win64; x64) AppleWebKit/537.36 (KHTML, like Gecko) Chrome/74.0.3729.169 Safari/537.36"
13.82.27.229 - - [06/Apr/2025:15:53:39 -0400] "HEAD /new HTTP/1.1" 301 0 "-" "Mozilla/5.0 (Windows NT 10.0; Win64; x64) AppleWebKit/537.36 (KHTML, like Gecko) Chrome/74.0.3729.169 Safari/537.36"
13.82.27.229 - - [06/Apr/2025:15:53:40 -0400] "HEAD /main HTTP/1.1" 404 0 "-" "Mozilla/5.0 (Windows NT 10.0; Win64; x64) AppleWebKit/537.36 (KHTML, like Gecko) Chrome/74.0.3729.169 Safari/537.36"
13.82.27.229 - - [06/Apr/2025:15:53:41 -0400] "HEAD /home HTTP/1.1" 404 0 "-" "Mozilla/5.0 (Windows NT 10.0; Win64; x64) AppleWebKit/537.36 (KHTML, like Gecko) Chrome/74.0.3729.169 Safari/537.36"
198.54.114.83 - - [06/Apr/2025:15:56:27 -0400] "POST /wp-cron.php?doing_wp_cron=1743969387.8216669559478759765625 HTTP/1.1" 200 0 "-" "WordPress/6.7.2; https://bakingsecurityin.com"
109.207.79.205 - - [06/Apr/2025:15:56:27 -0400] "POST /xmlrpc.php HTTP/1.1" 200 236 "-" "Mozilla/5.0 (X11; Fedora; Linux x86_64; rv:94.0) Gecko/20100101 Firefox/95.0"
196.251.72.179 - - [06/Apr/2025:16:02:15 -0400] "GET //wp-content/plugins/fix/up.php HTTP/1.1" 301 0 "-" "Mozilla/5.0 (Windows NT 10.0; Win64; x64) AppleWebKit/537.36 (KHTML, like Gecko) Chrome/85.0.4183.102 Safari/537.36"
196.251.72.179 - - [06/Apr/2025:16:02:16 -0400] "GET /wp-content/plugins/fix/up.php HTTP/1.1" 404 0 "-" "Mozilla/5.0 (Windows NT 10.0; Win64; x64) AppleWebKit/537.36 (KHTML, like Gecko) Chrome/85.0.4183.102 Safari/537.36"
35.238.203.213 - - [06/Apr/2025:16:08:07 -0400] "POST /wp-login.php HTTP/1.1" 302 0 "http://bakingsecurityin.com" "Mozilla/5.0 (Macintosh; Intel Mac OS X 10_15_7) AppleWebKit/537.36 (KHTML, like Gecko) Chrome/112.0.5615.138 Safari/537.36"
