13.229.78.155 - - [01/Apr/2025:22:07:08 -0400] "GET /test/wp-admin/setup-config.php HTTP/1.1" 404 0 "-" "Mozilla/5.0 (X11; Linux x86_64; rv:52.0) Gecko/20100101 Firefox/52.0"
13.229.78.155 - - [01/Apr/2025:22:07:09 -0400] "GET /web/wp-admin/install.php?step=1 HTTP/1.1" 404 0 "-" "Mozilla/5.0 (X11; Linux x86_64; rv:52.0) Gecko/20100101 Firefox/52.0"
13.229.78.155 - - [01/Apr/2025:22:07:10 -0400] "GET /web/wp-admin/setup-config.php HTTP/1.1" 404 0 "-" "Mozilla/5.0 (X11; Linux x86_64; rv:52.0) Gecko/20100101 Firefox/52.0"
13.229.78.155 - - [01/Apr/2025:22:07:10 -0400] "GET /cms/wp-admin/install.php?step=1 HTTP/1.1" 404 0 "-" "Mozilla/5.0 (X11; Linux x86_64; rv:52.0) Gecko/20100101 Firefox/52.0"
13.229.78.155 - - [01/Apr/2025:22:07:11 -0400] "GET /cms/wp-admin/setup-config.php HTTP/1.1" 404 0 "-" "Mozilla/5.0 (X11; Linux x86_64; rv:52.0) Gecko/20100101 Firefox/52.0"
13.229.78.155 - - [01/Apr/2025:22:07:12 -0400] "POST /wp-admin/admin-ajax.php HTTP/1.1" 400 21 "-" "Mozilla/5.0 (X11; Linux x86_64; rv:52.0) Gecko/20100101 Firefox/52.0"
13.229.78.155 - - [01/Apr/2025:22:07:12 -0400] "GET /wp-admin/ HTTP/1.1" 302 0 "-" "Mozilla/5.0 (X11; Linux x86_64; rv:52.0) Gecko/20100101 Firefox/52.0"
198.54.114.83 - - [01/Apr/2025:22:08:00 -0400] "POST /wp-cron.php?doing_wp_cron=1743559679.8681809902191162109375 HTTP/1.1" 200 0 "-" "WordPress/6.7.2; https://bakingsecurityin.com"
188.166.237.78 - - [01/Apr/2025:22:07:59 -0400] "POST /xmlrpc.php HTTP/1.1" 200 212 "http://bakingsecurityin.com" "Mozilla/5.0 (Macintosh; Intel Mac OS X 14_6) AppleWebKit/605.1.15 (KHTML, like Gecko) Version/17.5 Safari/605.1.15"
198.54.114.83 - - [01/Apr/2025:22:16:35 -0400] "POST /wp-cron.php?doing_wp_cron=1743560194.4361441135406494140625 HTTP/1.1" 200 0 "-" "WordPress/6.7.2; https://bakingsecurityin.com"
213.136.84.43 - - [01/Apr/2025:22:16:31 -0400] "POST /xmlrpc.php HTTP/1.1" 200 236 "-" "Mozilla/5.0 (X11; Fedora; Linux x86_64; rv:94.0) Gecko/20100101 Firefox/95.0"
85.208.98.23 - - [01/Apr/2025:22:19:58 -0400] "GET /robots.txt HTTP/1.1" 304 0 "-" "Mozilla/5.0 (compatible; SemrushBot-BA; +http://www.semrush.com/bot.html)"
198.54.114.83 - - [01/Apr/2025:22:25:07 -0400] "POST /wp-cron.php?doing_wp_cron=1743560706.2528719902038574218750 HTTP/1.1" 200 0 "-" "WordPress/6.7.2; https://bakingsecurityin.com"
159.223.92.110 - - [01/Apr/2025:22:25:01 -0400] "GET / HTTP/1.1" 200 0 "-" "Mozilla/5.0 (Windows NT 10.0; Win64; x64) AppleWebKit/537.36 (KHTML, like Gecko) Chrome/78.0.3904.108 Safari/537.36"
159.223.92.110 - - [01/Apr/2025:22:25:12 -0400] "GET /?author=1 HTTP/1.1" 301 0 "-" "Mozilla/5.0 (Windows NT 10.0; Win64; x64) AppleWebKit/537.36 (KHTML, like Gecko) Chrome/78.0.3904.108 Safari/537.36"
159.223.92.110 - - [01/Apr/2025:22:25:13 -0400] "GET /?author=2 HTTP/1.1" 301 0 "-" "Mozilla/5.0 (Windows NT 10.0; Win64; x64) AppleWebKit/537.36 (KHTML, like Gecko) Chrome/78.0.3904.108 Safari/537.36"
159.223.92.110 - - [01/Apr/2025:22:25:15 -0400] "GET /wp-json/wp/v2/users/ HTTP/1.1" 200 1292 "-" "Mozilla/5.0 (Windows NT 10.0; Win64; x64) AppleWebKit/537.36 (KHTML, like Gecko) Chrome/78.0.3904.108 Safari/537.36"
159.223.92.110 - - [01/Apr/2025:22:25:20 -0400] "POST /xmlrpc.php HTTP/1.1" 200 236 "-" "Mozilla/5.0 (Windows NT 10.0; Win64; x64) AppleWebKit/537.36 (KHTML, like Gecko) Chrome/78.0.3904.108 Safari/537.36"
198.54.114.83 - - [01/Apr/2025:22:26:01 -0400] "POST /wp-cron.php?doing_wp_cron=1743560760.3824388980865478515625 HTTP/1.1" 200 0 "-" "WordPress/6.7.2; https://bakingsecurityin.com"
159.223.92.110 - - [01/Apr/2025:22:25:23 -0400] "POST /xmlrpc.php HTTP/1.1" 200 236 "-" "Mozilla/5.0 (Windows NT 10.0; Win64; x64) AppleWebKit/537.36 (KHTML, like Gecko) Chrome/78.0.3904.108 Safari/537.36"
159.223.92.110 - - [01/Apr/2025:22:26:01 -0400] "POST /xmlrpc.php HTTP/1.1" 200 0 "-" "Mozilla/5.0 (Windows NT 10.0; Win64; x64) AppleWebKit/537.36 (KHTML, like Gecko) Chrome/78.0.3904.108 Safari/537.36"
198.54.114.83 - - [01/Apr/2025:22:28:17 -0400] "POST /wp-cron.php?doing_wp_cron=1743560896.8697900772094726562500 HTTP/1.1" 200 0 "-" "WordPress/6.7.2; https://bakingsecurityin.com"
159.223.92.110 - - [01/Apr/2025:22:27:32 -0400] "POST /xmlrpc.php HTTP/1.1" 200 236 "-" "Mozilla/5.0 (Windows NT 10.0; Win64; x64) AppleWebKit/537.36 (KHTML, like Gecko) Chrome/78.0.3904.108 Safari/537.36"
198.54.114.83 - - [01/Apr/2025:22:29:00 -0400] "POST /wp-cron.php?doing_wp_cron=1743560940.2195429801940917968750 HTTP/1.1" 200 0 "-" "WordPress/6.7.2; https://bakingsecurityin.com"
193.43.135.239 - - [01/Apr/2025:22:29:00 -0400] "GET / HTTP/1.1" 200 0 "-" "Mozilla/5.0 (Windows; U; Windows NT 6.0; en-US; rv:1.9.0.3) Gecko/2008092417 Firefox/3.0.3"
198.54.114.83 - - [01/Apr/2025:22:29:16 -0400] "POST /wp-cron.php?doing_wp_cron=1743560955.8730359077453613281250 HTTP/1.1" 200 0 "-" "WordPress/6.7.2; https://bakingsecurityin.com"
159.223.92.110 - - [01/Apr/2025:22:28:17 -0400] "POST /xmlrpc.php HTTP/1.1" 200 236 "-" "Mozilla/5.0 (Windows NT 10.0; Win64; x64) AppleWebKit/537.36 (KHTML, like Gecko) Chrome/78.0.3904.108 Safari/537.36"
159.223.92.110 - - [01/Apr/2025:22:29:16 -0400] "POST /xmlrpc.php HTTP/1.1" 200 236 "-" "Mozilla/5.0 (Windows NT 10.0; Win64; x64) AppleWebKit/537.36 (KHTML, like Gecko) Chrome/78.0.3904.108 Safari/537.36"
198.54.114.83 - - [01/Apr/2025:22:30:16 -0400] "POST /wp-cron.php?doing_wp_cron=1743561015.6701378822326660156250 HTTP/1.1" 200 0 "-" "WordPress/6.7.2; https://bakingsecurityin.com"
159.223.92.110 - - [01/Apr/2025:22:30:18 -0400] "POST /xmlrpc.php HTTP/1.1" 200 0 "-" "Mozilla/5.0 (Windows NT 10.0; Win64; x64) AppleWebKit/537.36 (KHTML, like Gecko) Chrome/78.0.3904.108 Safari/537.36"
198.54.114.83 - - [01/Apr/2025:22:34:06 -0400] "POST /wp-cron.php?doing_wp_cron=1743561246.2852649688720703125000 HTTP/1.1" 200 0 "-" "WordPress/6.7.2; https://bakingsecurityin.com"
115.245.68.141 - - [01/Apr/2025:22:34:03 -0400] "POST /xmlrpc.php HTTP/1.1" 200 212 "http://bakingsecurityin.com" "Mozilla/5.0 (Macintosh; Intel Mac OS X 14.3) AppleWebKit/614.31.14 (KHTML, like Gecko) Version/17.0.96 Safari/614.31.14"
194.127.173.102 - - [01/Apr/2025:22:51:59 -0400] "GET /how-does-red-light-therapy-work/ HTTP/1.1" 200 0 "http://bakingsecurityin.com/how-does-red-light-therapy-work/" "Mozilla/5.0 (Windows NT 10.0; Win64; x64) AppleWebKit/537.36 (KHTML, like Gecko) Chrome/131.0.0.0 Safari/537.36"
198.54.114.83 - - [01/Apr/2025:22:52:04 -0400] "POST /wp-cron.php?doing_wp_cron=1743562323.7663359642028808593750 HTTP/1.1" 200 0 "-" "WordPress/6.7.2; https://bakingsecurityin.com"
194.127.173.102 - - [01/Apr/2025:22:52:01 -0400] "GET / HTTP/1.1" 200 0 "http://bakingsecurityin.com/" "Mozilla/5.0 (Windows NT 10.0; Win64; x64) AppleWebKit/537.36 (KHTML, like Gecko) Chrome/131.0.0.0 Safari/537.36"
185.199.236.107 - - [01/Apr/2025:22:59:56 -0400] "POST /xmlrpc.php HTTP/1.1" 200 212 "http://bakingsecurityin.com" "Mozilla/5.0 (Windows NT 10.0; Win64; x64) AppleWebKit/537.36 (KHTML, like Gecko) Chrome/115.0.5790.171 Safari/537.36 Edg/115.0.1901.203"
158.69.23.79 - - [01/Apr/2025:23:08:55 -0400] "GET /wp-content/mu-plugins/index.php HTTP/1.1" 301 0 "-" "Linux Mozilla"
198.54.114.83 - - [01/Apr/2025:23:09:01 -0400] "POST /wp-cron.php?doing_wp_cron=1743563339.3250119686126708984375 HTTP/1.1" 200 0 "-" "WordPress/6.7.2; https://bakingsecurityin.com"
158.69.23.79 - - [01/Apr/2025:23:09:01 -0400] "GET /wp-content/mu-plugins/ HTTP/1.1" 404 0 "-" "Linux Mozilla"
198.54.114.83 - - [01/Apr/2025:23:10:37 -0400] "POST /wp-cron.php?doing_wp_cron=1743563436.3258841037750244140625 HTTP/1.1" 200 0 "-" "WordPress/6.7.2; https://bakingsecurityin.com"
39.105.205.117 - - [01/Apr/2025:23:10:34 -0400] "POST /xmlrpc.php HTTP/1.1" 200 236 "-" "Mozilla/5.0 (X11; Fedora; Linux x86_64; rv:94.0) Gecko/20100101 Firefox/95.0"
198.54.114.83 - - [01/Apr/2025:23:26:10 -0400] "POST /wp-cron.php?doing_wp_cron=1743564369.2724220752716064453125 HTTP/1.1" 200 0 "-" "WordPress/6.7.2; https://bakingsecurityin.com"
198.54.120.87 - - [01/Apr/2025:23:26:05 -0400] "POST /xmlrpc.php HTTP/1.1" 200 212 "http://bakingsecurityin.com" "Mozilla/5.0 (Macintosh; Intel Mac OS X 14.5) AppleWebKit/618.3.5 (KHTML, like Gecko) Version/17.4 Safari/618.3.5"
114.119.150.57 - - [01/Apr/2025:23:28:54 -0400] "GET /robots.txt HTTP/1.1" 200 116 "-" "Mozilla/5.0 (compatible;PetalBot;+https://webmaster.petalsearch.com/site/petalbot)"
198.54.114.83 - - [01/Apr/2025:23:52:13 -0400] "POST /wp-cron.php?doing_wp_cron=1743565933.6719899177551269531250 HTTP/1.1" 200 0 "-" "WordPress/6.7.2; https://bakingsecurityin.com"
198.54.114.56 - - [01/Apr/2025:23:52:11 -0400] "POST /xmlrpc.php HTTP/1.1" 200 212 "http://bakingsecurityin.com" "Mozilla/5.0 (Macintosh; Intel Mac OS X 10_15_7) AppleWebKit/537.36 (KHTML, like Gecko) Chrome/114.0.5735.134 Safari/537.36"
198.54.114.83 - - [01/Apr/2025:23:59:17 -0400] "POST /wp-cron.php?doing_wp_cron=1743566355.5682389736175537109375 HTTP/1.1" 200 0 "-" "WordPress/6.7.2; https://bakingsecurityin.com"
39.105.205.117 - - [01/Apr/2025:23:59:12 -0400] "POST /xmlrpc.php HTTP/1.1" 200 236 "-" "Mozilla/5.0 (X11; Fedora; Linux x86_64; rv:94.0) Gecko/20100101 Firefox/95.0"
198.54.114.83 - - [02/Apr/2025:00:17:52 -0400] "POST /wp-cron.php?doing_wp_cron=1743567471.9153790473937988281250 HTTP/1.1" 200 0 "-" "WordPress/6.7.2; https://bakingsecurityin.com"
198.54.114.56 - - [02/Apr/2025:00:17:49 -0400] "POST /xmlrpc.php HTTP/1.1" 200 212 "http://bakingsecurityin.com" "Mozilla/5.0 (Macintosh; Intel Mac OS X 10_15_7; rv:126.0) Gecko/20100101 Firefox/126.0"
85.208.98.23 - - [02/Apr/2025:00:20:48 -0400] "GET /robots.txt HTTP/1.1" 304 0 "-" "Mozilla/5.0 (compatible; SemrushBot-BA; +http://www.semrush.com/bot.html)"
198.54.114.83 - - [02/Apr/2025:00:29:53 -0400] "POST /wp-cron.php?doing_wp_cron=1743568192.1645529270172119140625 HTTP/1.1" 200 0 "-" "WordPress/6.7.2; https://bakingsecurityin.com"
146.70.29.204 - - [02/Apr/2025:00:29:48 -0400] "POST /wp-login.php HTTP/1.1" 302 0 "http://bakingsecurityin.com/wp-admin/" "Mozilla/5.0 (Windows NT 10.0; Win64; x64) AppleWebKit/537.36 (KHTML, like Gecko) Chrome/90.0.4430.85 Safari/537.36"
198.54.114.83 - - [02/Apr/2025:00:31:46 -0400] "POST /wp-cron.php?doing_wp_cron=1743568306.3289680480957031250000 HTTP/1.1" 200 0 "-" "WordPress/6.7.2; https://bakingsecurityin.com"
61.4.121.124 - - [02/Apr/2025:00:31:44 -0400] "POST /xmlrpc.php HTTP/1.1" 200 236 "-" "Mozilla/5.0 (X11; Fedora; Linux x86_64; rv:94.0) Gecko/20100101 Firefox/95.0"
198.54.114.83 - - [02/Apr/2025:00:40:56 -0400] "POST /wp-cron.php?doing_wp_cron=1743568856.2261741161346435546875 HTTP/1.1" 200 0 "-" "WordPress/6.7.2; https://bakingsecurityin.com"
109.123.236.117 - - [02/Apr/2025:00:40:53 -0400] "POST /xmlrpc.php HTTP/1.1" 200 212 "http://bakingsecurityin.com" "Mozilla/5.0 (Windows NT 10.0; Win64; x64; rv:127.0) Gecko/20100101 Firefox/127.0"
198.54.114.83 - - [02/Apr/2025:00:55:27 -0400] "POST /wp-cron.php?doing_wp_cron=1743569726.6466219425201416015625 HTTP/1.1" 200 0 "-" "WordPress/6.7.2; https://bakingsecurityin.com"
52.90.243.41 - - [02/Apr/2025:00:55:23 -0400] "GET / HTTP/1.1" 200 0 "-" "Mozilla/5.0 (Macintosh; Intel Mac OS X 10_15_7) AppleWebKit/537.36 (KHTML, like Gecko) Chrome/108.0.0.0 Safari/537.36"
198.54.114.83 - - [02/Apr/2025:01:01:33 -0400] "POST /wp-cron.php?doing_wp_cron=1743570093.7453880310058593750000 HTTP/1.1" 200 0 "-" "WordPress/6.7.2; https://bakingsecurityin.com"
115.78.7.179 - - [02/Apr/2025:01:01:33 -0400] "POST /xmlrpc.php HTTP/1.1" 200 236 "-" "Mozilla/5.0 (X11; Fedora; Linux x86_64; rv:94.0) Gecko/20100101 Firefox/95.0"
196.32.220.226 - - [02/Apr/2025:01:04:10 -0400] "POST /xmlrpc.php HTTP/1.1" 200 212 "http://bakingsecurityin.com" "Mozilla/5.0 (Windows NT 10.0; Win64; x64) AppleWebKit/537.36 (KHTML, like Gecko) Chrome/114.0.5735.199 Safari/537.36 Edg/114.0.1823.67"
198.54.114.83 - - [02/Apr/2025:01:16:02 -0400] "POST /wp-cron.php?doing_wp_cron=1743570962.2374739646911621093750 HTTP/1.1" 200 0 "-" "WordPress/6.7.2; https://bakingsecurityin.com"
89.169.15.201 - - [02/Apr/2025:01:15:57 -0400] "GET /wp-content/plugins/wp-time-capsule/wptc-dialog.css HTTP/1.1" 404 0 "-" "Mozilla/5.0 (Windows NT 5.1; WOW64; rv:45.0) Gecko/20100101 Firefox/45.0"
198.54.114.83 - - [02/Apr/2025:01:26:01 -0400] "POST /wp-cron.php?doing_wp_cron=1743571561.0164070129394531250000 HTTP/1.1" 200 0 "-" "WordPress/6.7.2; https://bakingsecurityin.com"
161.97.113.22 - - [02/Apr/2025:01:25:57 -0400] "GET /wp-content/plugins/shell/noimg.php HTTP/1.1" 404 0 "-" "Mozilla/5.0 (Linux; Android 7.0; SM-G892A Build/NRD90M; wv) AppleWebKit/537.36 (KHTML, like Gecko) Version/4.0 Chrome/60.0.3112.107 Mobile Safari/537.36"
161.97.113.22 - - [02/Apr/2025:01:26:24 -0400] "GET /wp-content/plugins/pwnd-1/pwnd.php HTTP/1.1" 404 0 "-" "Mozilla/5.0 (Linux; Android 7.0; SM-G892A Build/NRD90M; wv) AppleWebKit/537.36 (KHTML, like Gecko) Version/4.0 Chrome/60.0.3112.107 Mobile Safari/537.36"
198.54.114.83 - - [02/Apr/2025:01:26:53 -0400] "POST /wp-cron.php?doing_wp_cron=1743571613.4546411037445068359375 HTTP/1.1" 200 0 "-" "WordPress/6.7.2; https://bakingsecurityin.com"
161.97.113.22 - - [02/Apr/2025:01:26:53 -0400] "GET /wp-content/themes/digital-download/up.php HTTP/1.1" 404 0 "-" "Mozilla/5.0 (Linux; Android 7.0; SM-G892A Build/NRD90M; wv) AppleWebKit/537.36 (KHTML, like Gecko) Version/4.0 Chrome/60.0.3112.107 Mobile Safari/537.36"
161.97.113.22 - - [02/Apr/2025:01:27:06 -0400] "GET /wp-content/plugins/linkpreview/db.php?u HTTP/1.1" 404 0 "-" "Mozilla/5.0 (Linux; Android 7.0; SM-G892A Build/NRD90M; wv) AppleWebKit/537.36 (KHTML, like Gecko) Version/4.0 Chrome/60.0.3112.107 Mobile Safari/537.36"
161.97.113.22 - - [02/Apr/2025:01:27:17 -0400] "GET /wp-content/themes/default/uploads/upload.php HTTP/1.1" 404 0 "-" "Mozilla/5.0 (Linux; Android 7.0; SM-G892A Build/NRD90M; wv) AppleWebKit/537.36 (KHTML, like Gecko) Version/4.0 Chrome/60.0.3112.107 Mobile Safari/537.36"
198.54.114.83 - - [02/Apr/2025:01:27:32 -0400] "POST /wp-cron.php?doing_wp_cron=1743571652.6787459850311279296875 HTTP/1.1" 200 0 "-" "WordPress/6.7.2; https://bakingsecurityin.com"
161.97.113.22 - - [02/Apr/2025:01:27:32 -0400] "GET /wp-content/plugins/fix/up.php HTTP/1.1" 404 0 "-" "Mozilla/5.0 (Linux; Android 7.0; SM-G892A Build/NRD90M; wv) AppleWebKit/537.36 (KHTML, like Gecko) Version/4.0 Chrome/60.0.3112.107 Mobile Safari/537.36"
161.97.113.22 - - [02/Apr/2025:01:27:55 -0400] "GET /wp-content/plugins/pwnd/pwnd.php HTTP/1.1" 404 0 "-" "Mozilla/5.0 (Linux; Android 7.0; SM-G892A Build/NRD90M; wv) AppleWebKit/537.36 (KHTML, like Gecko) Version/4.0 Chrome/60.0.3112.107 Mobile Safari/537.36"
161.97.113.22 - - [02/Apr/2025:01:28:15 -0400] "GET /wp-content/plugins/dummyyummy/wp-signup.php HTTP/1.1" 404 0 "-" "Mozilla/5.0 (Linux; Android 7.0; SM-G892A Build/NRD90M; wv) AppleWebKit/537.36 (KHTML, like Gecko) Version/4.0 Chrome/60.0.3112.107 Mobile Safari/537.36"
161.97.113.22 - - [02/Apr/2025:01:28:24 -0400] "GET /wp-content/plugins/Core-Econ/upH.php HTTP/1.1" 404 0 "-" "Mozilla/5.0 (Linux; Android 7.0; SM-G892A Build/NRD90M; wv) AppleWebKit/537.36 (KHTML, like Gecko) Version/4.0 Chrome/60.0.3112.107 Mobile Safari/537.36"
198.54.114.83 - - [02/Apr/2025:01:28:50 -0400] "POST /wp-cron.php?doing_wp_cron=1743571730.1291170120239257812500 HTTP/1.1" 200 0 "-" "WordPress/6.7.2; https://bakingsecurityin.com"
161.97.113.22 - - [02/Apr/2025:01:28:49 -0400] "GET /wp-content/themes/photo-upload/upload_image.php HTTP/1.1" 404 0 "-" "Mozilla/5.0 (Linux; Android 7.0; SM-G892A Build/NRD90M; wv) AppleWebKit/537.36 (KHTML, like Gecko) Version/4.0 Chrome/60.0.3112.107 Mobile Safari/537.36"
161.97.113.22 - - [02/Apr/2025:01:28:54 -0400] "GET /wp-content/plugins/background-image-cropper/ups.php HTTP/1.1" 404 0 "-" "Mozilla/5.0 (Linux; Android 7.0; SM-G892A Build/NRD90M; wv) AppleWebKit/537.36 (KHTML, like Gecko) Version/4.0 Chrome/60.0.3112.107 Mobile Safari/537.36"
198.54.114.83 - - [02/Apr/2025:01:29:09 -0400] "POST /wp-cron.php?doing_wp_cron=1743571748.5476999282836914062500 HTTP/1.1" 200 0 "-" "WordPress/6.7.2; https://bakingsecurityin.com"
161.97.113.22 - - [02/Apr/2025:01:29:08 -0400] "GET /wp-content/plugins/upload/upload.php HTTP/1.1" 404 0 "-" "Mozilla/5.0 (Linux; Android 7.0; SM-G892A Build/NRD90M; wv) AppleWebKit/537.36 (KHTML, like Gecko) Version/4.0 Chrome/60.0.3112.107 Mobile Safari/537.36"
198.54.114.83 - - [02/Apr/2025:01:29:41 -0400] "POST /wp-cron.php?doing_wp_cron=1743571781.5538489818572998046875 HTTP/1.1" 200 0 "-" "WordPress/6.7.2; https://bakingsecurityin.com"
161.97.113.22 - - [02/Apr/2025:01:29:41 -0400] "GET /wp-content/plugins/secure-upload/upload.php HTTP/1.1" 404 0 "-" "Mozilla/5.0 (Linux; Android 7.0; SM-G892A Build/NRD90M; wv) AppleWebKit/537.36 (KHTML, like Gecko) Version/4.0 Chrome/60.0.3112.107 Mobile Safari/537.36"
47.244.50.243 - - [02/Apr/2025:01:29:48 -0400] "POST /xmlrpc.php HTTP/1.1" 200 236 "-" "Mozilla/5.0 (X11; Fedora; Linux x86_64; rv:94.0) Gecko/20100101 Firefox/95.0"
161.97.113.22 - - [02/Apr/2025:01:29:55 -0400] "GET /wp-content/plugins/file-manager/upload.php HTTP/1.1" 404 0 "-" "Mozilla/5.0 (Linux; Android 7.0; SM-G892A Build/NRD90M; wv) AppleWebKit/537.36 (KHTML, like Gecko) Version/4.0 Chrome/60.0.3112.107 Mobile Safari/537.36"
161.97.113.22 - - [02/Apr/2025:01:29:59 -0400] "GET /wp-content/plugins/media-upload/upload_form.php HTTP/1.1" 404 0 "-" "Mozilla/5.0 (Linux; Android 7.0; SM-G892A Build/NRD90M; wv) AppleWebKit/537.36 (KHTML, like Gecko) Version/4.0 Chrome/60.0.3112.107 Mobile Safari/537.36"
161.97.113.22 - - [02/Apr/2025:01:30:16 -0400] "GET /wp-content/plugins/clara/clara.php HTTP/1.1" 404 0 "-" "Mozilla/5.0 (Linux; Android 7.0; SM-G892A Build/NRD90M; wv) AppleWebKit/537.36 (KHTML, like Gecko) Version/4.0 Chrome/60.0.3112.107 Mobile Safari/537.36"
161.97.113.22 - - [02/Apr/2025:01:30:21 -0400] "GET /wp-content/plugins/index.php HTTP/1.1" 200 0 "-" "Mozilla/5.0 (Linux; Android 7.0; SM-G892A Build/NRD90M; wv) AppleWebKit/537.36 (KHTML, like Gecko) Version/4.0 Chrome/60.0.3112.107 Mobile Safari/537.36"
198.54.114.83 - - [02/Apr/2025:01:30:28 -0400] "POST /wp-cron.php?doing_wp_cron=1743571828.4024720191955566406250 HTTP/1.1" 200 0 "-" "WordPress/6.7.2; https://bakingsecurityin.com"
161.97.113.22 - - [02/Apr/2025:01:30:28 -0400] "GET /wp-includes/IXR/index.php HTTP/1.1" 301 0 "-" "Mozilla/5.0 (Linux; Android 7.0; SM-G892A Build/NRD90M; wv) AppleWebKit/537.36 (KHTML, like Gecko) Version/4.0 Chrome/60.0.3112.107 Mobile Safari/537.36"
161.97.113.22 - - [02/Apr/2025:01:30:29 -0400] "GET /wp-includes/IXR/ HTTP/1.1" 403 1242 "-" "Mozilla/5.0 (Linux; Android 7.0; SM-G892A Build/NRD90M; wv) AppleWebKit/537.36 (KHTML, like Gecko) Version/4.0 Chrome/60.0.3112.107 Mobile Safari/537.36"
161.97.113.22 - - [02/Apr/2025:01:30:36 -0400] "GET /wp-admin/network/index.php HTTP/1.1" 302 0 "-" "Mozilla/5.0 (Linux; Android 7.0; SM-G892A Build/NRD90M; wv) AppleWebKit/537.36 (KHTML, like Gecko) Version/4.0 Chrome/60.0.3112.107 Mobile Safari/537.36"
161.97.113.22 - - [02/Apr/2025:01:31:10 -0400] "GET /WSOEnigma.php HTTP/1.1" 404 0 "-" "Mozilla/5.0 (Linux; Android 7.0; SM-G892A Build/NRD90M; wv) AppleWebKit/537.36 (KHTML, like Gecko) Version/4.0 Chrome/60.0.3112.107 Mobile Safari/537.36"
161.97.113.22 - - [02/Apr/2025:01:31:15 -0400] "GET /wp-content/themes/theme-name/upload_file.php HTTP/1.1" 404 0 "-" "Mozilla/5.0 (Linux; Android 7.0; SM-G892A Build/NRD90M; wv) AppleWebKit/537.36 (KHTML, like Gecko) Version/4.0 Chrome/60.0.3112.107 Mobile Safari/537.36"
161.97.113.22 - - [02/Apr/2025:01:31:17 -0400] "GET /admin.php HTTP/1.1" 404 0 "-" "Mozilla/5.0 (Linux; Android 7.0; SM-G892A Build/NRD90M; wv) AppleWebKit/537.36 (KHTML, like Gecko) Version/4.0 Chrome/60.0.3112.107 Mobile Safari/537.36"
198.54.114.83 - - [02/Apr/2025:01:31:31 -0400] "POST /wp-cron.php?doing_wp_cron=1743571891.1259300708770751953125 HTTP/1.1" 200 0 "-" "WordPress/6.7.2; https://bakingsecurityin.com"
161.97.113.22 - - [02/Apr/2025:01:31:30 -0400] "GET /file/function.php HTTP/1.1" 404 0 "-" "Mozilla/5.0 (Linux; Android 7.0; SM-G892A Build/NRD90M; wv) AppleWebKit/537.36 (KHTML, like Gecko) Version/4.0 Chrome/60.0.3112.107 Mobile Safari/537.36"
161.97.113.22 - - [02/Apr/2025:01:31:35 -0400] "GET /plugins/function.php HTTP/1.1" 404 0 "-" "Mozilla/5.0 (Linux; Android 7.0; SM-G892A Build/NRD90M; wv) AppleWebKit/537.36 (KHTML, like Gecko) Version/4.0 Chrome/60.0.3112.107 Mobile Safari/537.36"
161.97.113.22 - - [02/Apr/2025:01:31:52 -0400] "GET /admin/function.php HTTP/1.1" 404 0 "-" "Mozilla/5.0 (Linux; Android 7.0; SM-G892A Build/NRD90M; wv) AppleWebKit/537.36 (KHTML, like Gecko) Version/4.0 Chrome/60.0.3112.107 Mobile Safari/537.36"
161.97.113.22 - - [02/Apr/2025:01:32:24 -0400] "GET /index/function.php HTTP/1.1" 404 0 "-" "Mozilla/5.0 (Linux; Android 7.0; SM-G892A Build/NRD90M; wv) AppleWebKit/537.36 (KHTML, like Gecko) Version/4.0 Chrome/60.0.3112.107 Mobile Safari/537.36"
198.54.114.83 - - [02/Apr/2025:01:32:38 -0400] "POST /wp-cron.php?doing_wp_cron=1743571958.1215660572052001953125 HTTP/1.1" 200 0 "-" "WordPress/6.7.2; https://bakingsecurityin.com"
161.97.113.22 - - [02/Apr/2025:01:32:37 -0400] "GET /doc/function.php HTTP/1.1" 404 0 "-" "Mozilla/5.0 (Linux; Android 7.0; SM-G892A Build/NRD90M; wv) AppleWebKit/537.36 (KHTML, like Gecko) Version/4.0 Chrome/60.0.3112.107 Mobile Safari/537.36"
161.97.113.22 - - [02/Apr/2025:01:33:00 -0400] "GET /wp-admin.php HTTP/1.1" 404 0 "-" "Mozilla/5.0 (Linux; Android 7.0; SM-G892A Build/NRD90M; wv) AppleWebKit/537.36 (KHTML, like Gecko) Version/4.0 Chrome/60.0.3112.107 Mobile Safari/537.36"
161.97.113.22 - - [02/Apr/2025:01:33:05 -0400] "GET /wp-content/plugins/advanced-file-upload/upload.php HTTP/1.1" 404 0 "-" "Mozilla/5.0 (Linux; Android 7.0; SM-G892A Build/NRD90M; wv) AppleWebKit/537.36 (KHTML, like Gecko) Version/4.0 Chrome/60.0.3112.107 Mobile Safari/537.36"
161.97.113.22 - - [02/Apr/2025:01:33:16 -0400] "GET /mah/function.php HTTP/1.1" 404 0 "-" "Mozilla/5.0 (Linux; Android 7.0; SM-G892A Build/NRD90M; wv) AppleWebKit/537.36 (KHTML, like Gecko) Version/4.0 Chrome/60.0.3112.107 Mobile Safari/537.36"
161.97.113.22 - - [02/Apr/2025:01:33:22 -0400] "GET /about/function.php HTTP/1.1" 404 0 "-" "Mozilla/5.0 (Linux; Android 7.0; SM-G892A Build/NRD90M; wv) AppleWebKit/537.36 (KHTML, like Gecko) Version/4.0 Chrome/60.0.3112.107 Mobile Safari/537.36"
198.54.114.83 - - [02/Apr/2025:01:33:46 -0400] "POST /wp-cron.php?doing_wp_cron=1743572025.6894779205322265625000 HTTP/1.1" 200 0 "-" "WordPress/6.7.2; https://bakingsecurityin.com"
161.97.113.22 - - [02/Apr/2025:01:33:45 -0400] "GET /as/function.php HTTP/1.1" 404 0 "-" "Mozilla/5.0 (Linux; Android 7.0; SM-G892A Build/NRD90M; wv) AppleWebKit/537.36 (KHTML, like Gecko) Version/4.0 Chrome/60.0.3112.107 Mobile Safari/537.36"
161.97.113.22 - - [02/Apr/2025:01:34:09 -0400] "GET /epinyins.php HTTP/1.1" 404 0 "-" "Mozilla/5.0 (Linux; Android 7.0; SM-G892A Build/NRD90M; wv) AppleWebKit/537.36 (KHTML, like Gecko) Version/4.0 Chrome/60.0.3112.107 Mobile Safari/537.36"
161.97.113.22 - - [02/Apr/2025:01:34:25 -0400] "GET /wp-login.php HTTP/1.1" 302 0 "-" "Mozilla/5.0 (Linux; Android 7.0; SM-G892A Build/NRD90M; wv) AppleWebKit/537.36 (KHTML, like Gecko) Version/4.0 Chrome/60.0.3112.107 Mobile Safari/537.36"
161.97.113.22 - - [02/Apr/2025:01:34:53 -0400] "GET /wp-signup.php HTTP/1.1" 302 0 "-" "Mozilla/5.0 (Linux; Android 7.0; SM-G892A Build/NRD90M; wv) AppleWebKit/537.36 (KHTML, like Gecko) Version/4.0 Chrome/60.0.3112.107 Mobile Safari/537.36"
198.54.114.83 - - [02/Apr/2025:01:34:55 -0400] "POST /wp-cron.php?doing_wp_cron=1743572093.2725811004638671875000 HTTP/1.1" 200 0 "-" "WordPress/6.7.2; https://bakingsecurityin.com"
161.97.113.22 - - [02/Apr/2025:01:35:16 -0400] "GET /wlwmanifest.xml HTTP/1.1" 404 0 "-" "Mozilla/5.0 (Linux; Android 7.0; SM-G892A Build/NRD90M; wv) AppleWebKit/537.36 (KHTML, like Gecko) Version/4.0 Chrome/60.0.3112.107 Mobile Safari/537.36"
161.97.113.22 - - [02/Apr/2025:01:35:33 -0400] "GET /xmlrpc.php HTTP/1.1" 405 60 "-" "Mozilla/5.0 (Linux; Android 7.0; SM-G892A Build/NRD90M; wv) AppleWebKit/537.36 (KHTML, like Gecko) Version/4.0 Chrome/60.0.3112.107 Mobile Safari/537.36"
198.54.114.83 - - [02/Apr/2025:01:35:40 -0400] "POST /wp-cron.php?doing_wp_cron=1743572137.5523951053619384765625 HTTP/1.1" 200 0 "-" "WordPress/6.7.2; https://bakingsecurityin.com"
161.97.113.22 - - [02/Apr/2025:01:35:49 -0400] "GET /wp-content/themes/default/includes/upload.php HTTP/1.1" 404 0 "-" "Mozilla/5.0 (Linux; Android 7.0; SM-G892A Build/NRD90M; wv) AppleWebKit/537.36 (KHTML, like Gecko) Version/4.0 Chrome/60.0.3112.107 Mobile Safari/537.36"
161.97.113.22 - - [02/Apr/2025:01:36:27 -0400] "GET /fosil.php HTTP/1.1" 404 0 "-" "Mozilla/5.0 (Linux; Android 7.0; SM-G892A Build/NRD90M; wv) AppleWebKit/537.36 (KHTML, like Gecko) Version/4.0 Chrome/60.0.3112.107 Mobile Safari/537.36"
198.54.114.83 - - [02/Apr/2025:01:36:34 -0400] "POST /wp-cron.php?doing_wp_cron=1743572193.3751549720764160156250 HTTP/1.1" 200 0 "-" "WordPress/6.7.2; https://bakingsecurityin.com"
161.97.113.22 - - [02/Apr/2025:01:36:33 -0400] "GET /ws.php HTTP/1.1" 404 0 "-" "Mozilla/5.0 (Linux; Android 7.0; SM-G892A Build/NRD90M; wv) AppleWebKit/537.36 (KHTML, like Gecko) Version/4.0 Chrome/60.0.3112.107 Mobile Safari/537.36"
161.97.113.22 - - [02/Apr/2025:01:36:43 -0400] "GET /radio.php HTTP/1.1" 404 0 "-" "Mozilla/5.0 (Linux; Android 7.0; SM-G892A Build/NRD90M; wv) AppleWebKit/537.36 (KHTML, like Gecko) Version/4.0 Chrome/60.0.3112.107 Mobile Safari/537.36"
161.97.113.22 - - [02/Apr/2025:01:37:21 -0400] "GET /mah.php HTTP/1.1" 404 0 "-" "Mozilla/5.0 (Linux; Android 7.0; SM-G892A Build/NRD90M; wv) AppleWebKit/537.36 (KHTML, like Gecko) Version/4.0 Chrome/60.0.3112.107 Mobile Safari/537.36"
198.54.114.83 - - [02/Apr/2025:01:37:35 -0400] "POST /wp-cron.php?doing_wp_cron=1743572254.7011520862579345703125 HTTP/1.1" 200 0 "-" "WordPress/6.7.2; https://bakingsecurityin.com"
161.97.113.22 - - [02/Apr/2025:01:37:34 -0400] "GET /index.php HTTP/1.1" 301 0 "-" "Mozilla/5.0 (Linux; Android 7.0; SM-G892A Build/NRD90M; wv) AppleWebKit/537.36 (KHTML, like Gecko) Version/4.0 Chrome/60.0.3112.107 Mobile Safari/537.36"
161.97.113.22 - - [02/Apr/2025:01:37:36 -0400] "GET / HTTP/1.1" 200 0 "-" "Mozilla/5.0 (Linux; Android 7.0; SM-G892A Build/NRD90M; wv) AppleWebKit/537.36 (KHTML, like Gecko) Version/4.0 Chrome/60.0.3112.107 Mobile Safari/537.36"
161.97.113.22 - - [02/Apr/2025:01:37:51 -0400] "GET /json.php HTTP/1.1" 404 0 "-" "Mozilla/5.0 (Linux; Android 7.0; SM-G892A Build/NRD90M; wv) AppleWebKit/537.36 (KHTML, like Gecko) Version/4.0 Chrome/60.0.3112.107 Mobile Safari/537.36"
161.97.113.22 - - [02/Apr/2025:01:37:57 -0400] "GET /classwithtostring.php HTTP/1.1" 404 0 "-" "Mozilla/5.0 (Linux; Android 7.0; SM-G892A Build/NRD90M; wv) AppleWebKit/537.36 (KHTML, like Gecko) Version/4.0 Chrome/60.0.3112.107 Mobile Safari/537.36"
161.97.113.22 - - [02/Apr/2025:01:38:13 -0400] "GET /about.php HTTP/1.1" 404 0 "-" "Mozilla/5.0 (Linux; Android 7.0; SM-G892A Build/NRD90M; wv) AppleWebKit/537.36 (KHTML, like Gecko) Version/4.0 Chrome/60.0.3112.107 Mobile Safari/537.36"
198.54.114.83 - - [02/Apr/2025:01:38:32 -0400] "POST /wp-cron.php?doing_wp_cron=1743572311.4189291000366210937500 HTTP/1.1" 200 0 "-" "WordPress/6.7.2; https://bakingsecurityin.com"
161.97.113.22 - - [02/Apr/2025:01:38:31 -0400] "GET /lock.php HTTP/1.1" 404 0 "-" "Mozilla/5.0 (Linux; Android 7.0; SM-G892A Build/NRD90M; wv) AppleWebKit/537.36 (KHTML, like Gecko) Version/4.0 Chrome/60.0.3112.107 Mobile Safari/537.36"
161.97.113.22 - - [02/Apr/2025:01:39:05 -0400] "GET /wp-includes/ID3/index.php HTTP/1.1" 301 0 "-" "Mozilla/5.0 (Linux; Android 7.0; SM-G892A Build/NRD90M; wv) AppleWebKit/537.36 (KHTML, like Gecko) Version/4.0 Chrome/60.0.3112.107 Mobile Safari/537.36"
161.97.113.22 - - [02/Apr/2025:01:39:07 -0400] "GET /wp-includes/ID3/ HTTP/1.1" 403 1242 "-" "Mozilla/5.0 (Linux; Android 7.0; SM-G892A Build/NRD90M; wv) AppleWebKit/537.36 (KHTML, like Gecko) Version/4.0 Chrome/60.0.3112.107 Mobile Safari/537.36"
198.54.114.83 - - [02/Apr/2025:01:39:28 -0400] "POST /wp-cron.php?doing_wp_cron=1743572368.1238861083984375000000 HTTP/1.1" 200 0 "-" "WordPress/6.7.2; https://bakingsecurityin.com"
161.97.113.22 - - [02/Apr/2025:01:39:27 -0400] "GET /wp-mail.php HTTP/1.1" 403 1138 "-" "Mozilla/5.0 (Linux; Android 7.0; SM-G892A Build/NRD90M; wv) AppleWebKit/537.36 (KHTML, like Gecko) Version/4.0 Chrome/60.0.3112.107 Mobile Safari/537.36"
161.97.113.22 - - [02/Apr/2025:01:39:57 -0400] "GET /wordfence-waf.php HTTP/1.1" 404 0 "-" "Mozilla/5.0 (Linux; Android 7.0; SM-G892A Build/NRD90M; wv) AppleWebKit/537.36 (KHTML, like Gecko) Version/4.0 Chrome/60.0.3112.107 Mobile Safari/537.36"
161.97.113.22 - - [02/Apr/2025:01:40:10 -0400] "GET /evil.php HTTP/1.1" 404 0 "-" "Mozilla/5.0 (Linux; Android 7.0; SM-G892A Build/NRD90M; wv) AppleWebKit/537.36 (KHTML, like Gecko) Version/4.0 Chrome/60.0.3112.107 Mobile Safari/537.36"
161.97.113.22 - - [02/Apr/2025:01:40:20 -0400] "GET /wp-backdoor.php HTTP/1.1" 404 0 "-" "Mozilla/5.0 (Linux; Android 7.0; SM-G892A Build/NRD90M; wv) AppleWebKit/537.36 (KHTML, like Gecko) Version/4.0 Chrome/60.0.3112.107 Mobile Safari/537.36"
198.54.114.83 - - [02/Apr/2025:01:40:45 -0400] "POST /wp-cron.php?doing_wp_cron=1743572445.3961179256439208984375 HTTP/1.1" 200 0 "-" "WordPress/6.7.2; https://bakingsecurityin.com"
161.97.113.22 - - [02/Apr/2025:01:40:45 -0400] "GET /malicious.php HTTP/1.1" 404 0 "-" "Mozilla/5.0 (Linux; Android 7.0; SM-G892A Build/NRD90M; wv) AppleWebKit/537.36 (KHTML, like Gecko) Version/4.0 Chrome/60.0.3112.107 Mobile Safari/537.36"
161.97.113.22 - - [02/Apr/2025:01:41:03 -0400] "GET /backdoor.php HTTP/1.1" 404 0 "-" "Mozilla/5.0 (Linux; Android 7.0; SM-G892A Build/NRD90M; wv) AppleWebKit/537.36 (KHTML, like Gecko) Version/4.0 Chrome/60.0.3112.107 Mobile Safari/537.36"
161.97.113.22 - - [02/Apr/2025:01:41:27 -0400] "GET /evil-backdoor.php HTTP/1.1" 404 0 "-" "Mozilla/5.0 (Linux; Android 7.0; SM-G892A Build/NRD90M; wv) AppleWebKit/537.36 (KHTML, like Gecko) Version/4.0 Chrome/60.0.3112.107 Mobile Safari/537.36"
198.54.114.83 - - [02/Apr/2025:01:41:37 -0400] "POST /wp-cron.php?doing_wp_cron=1743572497.1033520698547363281250 HTTP/1.1" 200 0 "-" "WordPress/6.7.2; https://bakingsecurityin.com"
161.97.113.22 - - [02/Apr/2025:01:41:36 -0400] "GET /erin1.PhP7 HTTP/1.1" 404 0 "-" "Mozilla/5.0 (Linux; Android 7.0; SM-G892A Build/NRD90M; wv) AppleWebKit/537.36 (KHTML, like Gecko) Version/4.0 Chrome/60.0.3112.107 Mobile Safari/537.36"
161.97.113.22 - - [02/Apr/2025:01:41:55 -0400] "GET /cache.php HTTP/1.1" 404 0 "-" "Mozilla/5.0 (Linux; Android 7.0; SM-G892A Build/NRD90M; wv) AppleWebKit/537.36 (KHTML, like Gecko) Version/4.0 Chrome/60.0.3112.107 Mobile Safari/537.36"
161.97.113.22 - - [02/Apr/2025:01:42:17 -0400] "GET /backup.php HTTP/1.1" 404 0 "-" "Mozilla/5.0 (Linux; Android 7.0; SM-G892A Build/NRD90M; wv) AppleWebKit/537.36 (KHTML, like Gecko) Version/4.0 Chrome/60.0.3112.107 Mobile Safari/537.36"
161.97.113.22 - - [02/Apr/2025:01:43:09 -0400] "GET /exploit.php HTTP/1.1" 404 0 "-" "Mozilla/5.0 (Linux; Android 7.0; SM-G892A Build/NRD90M; wv) AppleWebKit/537.36 (KHTML, like Gecko) Version/4.0 Chrome/60.0.3112.107 Mobile Safari/537.36"
198.54.114.83 - - [02/Apr/2025:01:43:45 -0400] "POST /wp-cron.php?doing_wp_cron=1743572625.1871469020843505859375 HTTP/1.1" 200 0 "-" "WordPress/6.7.2; https://bakingsecurityin.com"
161.97.113.22 - - [02/Apr/2025:01:43:45 -0400] "GET /spam.php HTTP/1.1" 404 0 "-" "Mozilla/5.0 (Linux; Android 7.0; SM-G892A Build/NRD90M; wv) AppleWebKit/537.36 (KHTML, like Gecko) Version/4.0 Chrome/60.0.3112.107 Mobile Safari/537.36"
198.54.114.83 - - [02/Apr/2025:01:55:10 -0400] "POST /wp-cron.php?doing_wp_cron=1743573309.8932468891143798828125 HTTP/1.1" 200 0 "-" "WordPress/6.7.2; https://bakingsecurityin.com"
216.244.65.154 - - [02/Apr/2025:01:55:06 -0400] "POST /xmlrpc.php HTTP/1.1" 200 212 "http://bakingsecurityin.com" "Mozilla/5.0 (Windows NT 10.0; Win64; x64) AppleWebKit/537.36 (KHTML, like Gecko) Chrome/114.0.5735.199 Safari/537.36 Edg/114.0.1823.67"
198.54.114.83 - - [02/Apr/2025:01:56:54 -0400] "POST /wp-cron.php?doing_wp_cron=1743573413.9158420562744140625000 HTTP/1.1" 200 0 "-" "WordPress/6.7.2; https://bakingsecurityin.com"
164.90.170.158 - - [02/Apr/2025:01:56:52 -0400] "POST /xmlrpc.php HTTP/1.1" 200 236 "-" "Mozilla/5.0 (X11; Fedora; Linux x86_64; rv:94.0) Gecko/20100101 Firefox/95.0"
198.54.114.83 - - [02/Apr/2025:02:20:51 -0400] "POST /wp-cron.php?doing_wp_cron=1743574851.3089270591735839843750 HTTP/1.1" 200 0 "-" "WordPress/6.7.2; https://bakingsecurityin.com"
115.245.68.141 - - [02/Apr/2025:02:20:49 -0400] "POST /xmlrpc.php HTTP/1.1" 200 212 "http://bakingsecurityin.com" "Mozilla/5.0 (Windows NT 10.0; Win64; x64) AppleWebKit/537.36 (KHTML, like Gecko) Chrome/126.0.0.0 Safari/537.36"
198.54.114.83 - - [02/Apr/2025:02:24:40 -0400] "POST /wp-cron.php?doing_wp_cron=1743575080.3107590675354003906250 HTTP/1.1" 200 0 "-" "WordPress/6.7.2; https://bakingsecurityin.com"
150.95.110.113 - - [02/Apr/2025:02:24:37 -0400] "POST /xmlrpc.php HTTP/1.1" 200 236 "-" "Mozilla/5.0 (X11; Fedora; Linux x86_64; rv:94.0) Gecko/20100101 Firefox/95.0"
198.54.114.83 - - [02/Apr/2025:02:38:19 -0400] "POST /wp-cron.php?doing_wp_cron=1743575898.9548261165618896484375 HTTP/1.1" 200 0 "-" "WordPress/6.7.2; https://bakingsecurityin.com"
124.226.222.66 - - [02/Apr/2025:02:38:17 -0400] "GET / HTTP/1.1" 200 0 "-" "Mozilla/5.0 (iPhone; CPU iPhone OS 13_2_3 like Mac OS X) AppleWebKit/605.1.15 (KHTML, like Gecko) Version/13.0.3 Mobile/15E148 Safari/604.1"
162.55.100.32 - - [02/Apr/2025:02:45:06 -0400] "POST /xmlrpc.php HTTP/1.1" 200 0 "http://bakingsecurityin.com" "Mozilla/5.0 (Windows NT 10.0; Win64; x64) AppleWebKit/537.36 (KHTML, like Gecko) Chrome/116.0.5845.96 Safari/537.36 Edg/116.0.1938.62"
198.54.114.83 - - [02/Apr/2025:02:45:11 -0400] "POST /wp-cron.php?doing_wp_cron=1743576310.6343569755554199218750 HTTP/1.1" 200 0 "-" "WordPress/6.7.2; https://bakingsecurityin.com"
162.213.249.63 - - [02/Apr/2025:03:09:10 -0400] "POST /xmlrpc.php HTTP/1.1" 200 212 "http://bakingsecurityin.com" "Mozilla/5.0 (Windows NT 11.0; Win64; x64) AppleWebKit/537.36 (KHTML, like Gecko) Chrome/126.0.0.0 Safari/537.36 Edg/126.0.0.0"
198.54.114.83 - - [02/Apr/2025:03:09:14 -0400] "POST /wp-cron.php?doing_wp_cron=1743577752.2561810016632080078125 HTTP/1.1" 200 0 "-" "WordPress/6.7.2; https://bakingsecurityin.com"
198.54.114.83 - - [02/Apr/2025:03:33:33 -0400] "POST /wp-cron.php?doing_wp_cron=1743579212.2757110595703125000000 HTTP/1.1" 200 0 "-" "WordPress/6.7.2; https://bakingsecurityin.com"
2a02:4780:27:1262:0:d2a:1168:1 - - [02/Apr/2025:03:33:29 -0400] "POST /xmlrpc.php HTTP/1.1" 200 212 "http://bakingsecurityin.com" "Mozilla/5.0 (Macintosh; Intel Mac OS X 10_15_7; rv:128.0) Gecko/20100101 Firefox/128.0"
198.54.114.58 - - [02/Apr/2025:04:00:04 -0400] "POST /xmlrpc.php HTTP/1.1" 200 212 "http://bakingsecurityin.com" "Mozilla/5.0 (Macintosh; Intel Mac OS X 10_15_7; rv:127.0) Gecko/20100101 Firefox/127.0"
198.54.114.83 - - [02/Apr/2025:04:00:12 -0400] "POST /wp-cron.php?doing_wp_cron=1743580808.7279820442199707031250 HTTP/1.1" 200 0 "-" "WordPress/6.7.2; https://bakingsecurityin.com"
195.20.18.175 - - [02/Apr/2025:04:03:24 -0400] "GET /assets/admin/plugins/jquery-file-upload/server/php/index.php?file=tf2rghf.jpg HTTP/1.1" 301 0 "-" "ALittle Client"
198.54.114.83 - - [02/Apr/2025:04:03:29 -0400] "POST /wp-cron.php?doing_wp_cron=1743581007.4429180622100830078125 HTTP/1.1" 200 0 "-" "WordPress/6.7.2; https://bakingsecurityin.com"
195.20.18.175 - - [02/Apr/2025:04:03:51 -0400] "GET /assets/admin/plugins/jquery-file-upload/server/php/?file=tf2rghf.jpg HTTP/1.1" 404 0 "-" "ALittle Client"
188.126.94.253 - - [02/Apr/2025:04:05:44 -0400] "GET / HTTP/1.1" 200 0 "http://bakingsecurityin.com/" "Mozilla/5.0 (Windows NT 10.0; Win64; x64) AppleWebKit/537.36 (KHTML, like Gecko) Chrome/131.0.0.0 Safari/537.36"
198.54.114.83 - - [02/Apr/2025:04:05:48 -0400] "POST /wp-cron.php?doing_wp_cron=1743581146.7046260833740234375000 HTTP/1.1" 200 0 "-" "WordPress/6.7.2; https://bakingsecurityin.com"
47.106.243.226 - - [02/Apr/2025:04:07:21 -0400] "POST /xmlrpc.php HTTP/1.1" 200 236 "-" "Mozilla/5.0 (X11; Fedora; Linux x86_64; rv:94.0) Gecko/20100101 Firefox/95.0"
198.54.114.83 - - [02/Apr/2025:04:07:26 -0400] "POST /wp-cron.php?doing_wp_cron=1743581244.6387939453125000000000 HTTP/1.1" 200 0 "-" "WordPress/6.7.2; https://bakingsecurityin.com"
89.248.172.183 - - [02/Apr/2025:04:19:43 -0400] "GET /wp-content/plugins/security-malware-firewall/readme.txt HTTP/1.1" 404 0 "-" "Mozilla/5.0 (Windows NT 10.0; Win64; x64) AppleWebKit/537.36 (KHTML, like Gecko) Chrome/122.0.0.0 Safari/537.36"
198.54.114.83 - - [02/Apr/2025:04:19:48 -0400] "POST /wp-cron.php?doing_wp_cron=1743581986.2646670341491699218750 HTTP/1.1" 200 0 "-" "WordPress/6.7.2; https://bakingsecurityin.com"
198.54.114.83 - - [02/Apr/2025:04:22:21 -0400] "POST /wp-cron.php?doing_wp_cron=1743582140.8711259365081787109375 HTTP/1.1" 200 0 "-" "WordPress/6.7.2; https://bakingsecurityin.com"
118.195.131.103 - - [02/Apr/2025:04:22:17 -0400] "GET /wp-login.php HTTP/1.1" 302 0 "-" "Apache-HttpClient/4.5.2 (Java/1.8.0_161)"
118.195.131.103 - - [02/Apr/2025:04:22:27 -0400] "GET /?author=1 HTTP/1.1" 301 0 "-" "Apache-HttpClient/4.5.2 (Java/1.8.0_161)"
198.54.114.83 - - [02/Apr/2025:04:22:44 -0400] "POST /wp-cron.php?doing_wp_cron=1743582163.6001360416412353515625 HTTP/1.1" 200 0 "-" "WordPress/6.7.2; https://bakingsecurityin.com"
118.195.131.103 - - [02/Apr/2025:04:22:43 -0400] "GET /?author=2 HTTP/1.1" 301 0 "-" "Apache-HttpClient/4.5.2 (Java/1.8.0_161)"
118.195.131.103 - - [02/Apr/2025:04:23:10 -0400] "GET /?author=3 HTTP/1.1" 404 0 "-" "Apache-HttpClient/4.5.2 (Java/1.8.0_161)"
118.195.131.103 - - [02/Apr/2025:04:23:11 -0400] "GET /?author=4 HTTP/1.1" 404 0 "-" "Apache-HttpClient/4.5.2 (Java/1.8.0_161)"
118.195.131.103 - - [02/Apr/2025:04:23:12 -0400] "GET /?author=5 HTTP/1.1" 404 0 "-" "Apache-HttpClient/4.5.2 (Java/1.8.0_161)"
118.195.131.103 - - [02/Apr/2025:04:23:13 -0400] "GET /?author=6 HTTP/1.1" 404 0 "-" "Apache-HttpClient/4.5.2 (Java/1.8.0_161)"
118.195.131.103 - - [02/Apr/2025:04:23:14 -0400] "GET /?author=7 HTTP/1.1" 404 0 "-" "Apache-HttpClient/4.5.2 (Java/1.8.0_161)"
118.195.131.103 - - [02/Apr/2025:04:23:15 -0400] "GET /?author=8 HTTP/1.1" 404 0 "-" "Apache-HttpClient/4.5.2 (Java/1.8.0_161)"
118.195.131.103 - - [02/Apr/2025:04:23:19 -0400] "GET /?author=9 HTTP/1.1" 404 0 "-" "Apache-HttpClient/4.5.2 (Java/1.8.0_161)"
118.195.131.103 - - [02/Apr/2025:04:23:23 -0400] "GET /?author=10 HTTP/1.1" 404 0 "-" "Apache-HttpClient/4.5.2 (Java/1.8.0_161)"
118.195.131.103 - - [02/Apr/2025:04:23:24 -0400] "GET /?author=11 HTTP/1.1" 404 0 "-" "Apache-HttpClient/4.5.2 (Java/1.8.0_161)"
118.195.131.103 - - [02/Apr/2025:04:23:25 -0400] "GET /?author=12 HTTP/1.1" 404 0 "-" "Apache-HttpClient/4.5.2 (Java/1.8.0_161)"
198.54.114.83 - - [02/Apr/2025:04:23:29 -0400] "POST /wp-cron.php?doing_wp_cron=1743582208.7754709720611572265625 HTTP/1.1" 200 0 "-" "WordPress/6.7.2; https://bakingsecurityin.com"
118.195.131.103 - - [02/Apr/2025:04:23:28 -0400] "GET /?author=13 HTTP/1.1" 404 0 "-" "Apache-HttpClient/4.5.2 (Java/1.8.0_161)"
118.195.131.103 - - [02/Apr/2025:04:23:40 -0400] "GET /?author=14 HTTP/1.1" 404 0 "-" "Apache-HttpClient/4.5.2 (Java/1.8.0_161)"
118.195.131.103 - - [02/Apr/2025:04:24:05 -0400] "GET /?author=15 HTTP/1.1" 404 0 "-" "Apache-HttpClient/4.5.2 (Java/1.8.0_161)"
118.195.131.103 - - [02/Apr/2025:04:24:06 -0400] "GET /?author=16 HTTP/1.1" 404 0 "-" "Apache-HttpClient/4.5.2 (Java/1.8.0_161)"
118.195.131.103 - - [02/Apr/2025:04:24:08 -0400] "GET /?author=17 HTTP/1.1" 404 0 "-" "Apache-HttpClient/4.5.2 (Java/1.8.0_161)"
118.195.131.103 - - [02/Apr/2025:04:24:10 -0400] "GET /?author=18 HTTP/1.1" 404 0 "-" "Apache-HttpClient/4.5.2 (Java/1.8.0_161)"
118.195.131.103 - - [02/Apr/2025:04:24:11 -0400] "GET /?author=19 HTTP/1.1" 404 0 "-" "Apache-HttpClient/4.5.2 (Java/1.8.0_161)"
118.195.131.103 - - [02/Apr/2025:04:24:13 -0400] "GET /?author=20 HTTP/1.1" 404 0 "-" "Apache-HttpClient/4.5.2 (Java/1.8.0_161)"
198.54.114.83 - - [02/Apr/2025:04:27:43 -0400] "POST /wp-cron.php?doing_wp_cron=1743582462.2101390361785888671875 HTTP/1.1" 200 0 "-" "WordPress/6.7.2; https://bakingsecurityin.com"
47.244.50.243 - - [02/Apr/2025:04:27:41 -0400] "POST /xmlrpc.php HTTP/1.1" 200 212 "http://bakingsecurityin.com" "Mozilla/5.0 (Macintosh; Intel Mac OS X 10_15_7) AppleWebKit/537.36 (KHTML, like Gecko) Chrome/114.0.5735.134 Safari/537.36"
198.54.114.83 - - [02/Apr/2025:04:30:35 -0400] "POST /wp-cron.php?doing_wp_cron=1743582634.7189269065856933593750 HTTP/1.1" 200 0 "-" "WordPress/6.7.2; https://bakingsecurityin.com"
188.166.10.218 - - [02/Apr/2025:04:30:31 -0400] "GET /wp-login.php HTTP/1.1" 302 0 "-" "Mozilla/5.0 (Windows NT 10.0; Win64; x64; rv:91.0) Gecko/20100101 Firefox/91.0"
198.54.114.83 - - [02/Apr/2025:04:49:06 -0400] "POST /wp-cron.php?doing_wp_cron=1743583745.8018009662628173828125 HTTP/1.1" 200 0 "-" "WordPress/6.7.2; https://bakingsecurityin.com"
135.125.183.119 - - [02/Apr/2025:04:49:02 -0400] "POST /xmlrpc.php HTTP/1.1" 200 236 "-" "Mozilla/5.0 (X11; Fedora; Linux x86_64; rv:94.0) Gecko/20100101 Firefox/95.0"
198.54.114.83 - - [02/Apr/2025:04:55:55 -0400] "POST /wp-cron.php?doing_wp_cron=1743584155.6027519702911376953125 HTTP/1.1" 200 0 "-" "WordPress/6.7.2; https://bakingsecurityin.com"
134.122.118.246 - - [02/Apr/2025:04:55:51 -0400] "POST /xmlrpc.php HTTP/1.1" 200 212 "http://bakingsecurityin.com" "Mozilla/5.0 (Macintosh; Intel Mac OS X 10_15_7; rv:126.0) Gecko/20100101 Firefox/126.0"
198.54.114.83 - - [02/Apr/2025:05:14:53 -0400] "POST /wp-cron.php?doing_wp_cron=1743585292.8596730232238769531250 HTTP/1.1" 200 0 "-" "WordPress/6.7.2; https://bakingsecurityin.com"
49.145.175.94 - - [02/Apr/2025:05:14:49 -0400] "POST /xmlrpc.php HTTP/1.1" 200 212 "-" "Mozilla/5.0 (Windows NT 10.0; Win64; x64) AppleWebKit/537.36 (KHTML, like Gecko) Chrome/97.0.4692.99 Safari/537.36"
151.231.165.82 - - [02/Apr/2025:05:14:55 -0400] "POST /xmlrpc.php HTTP/1.1" 200 212 "-" "Mozilla/5.0 (Windows NT 6.1; WOW64; rv:92.0) Gecko/20100101 Firefox/92.0"
198.54.114.83 - - [02/Apr/2025:05:24:35 -0400] "POST /wp-cron.php?doing_wp_cron=1743585875.4536840915679931640625 HTTP/1.1" 200 0 "-" "WordPress/6.7.2; https://bakingsecurityin.com"
134.122.118.246 - - [02/Apr/2025:05:24:33 -0400] "POST /xmlrpc.php HTTP/1.1" 200 212 "http://bakingsecurityin.com" "Mozilla/5.0 (Macintosh; Intel Mac OS X 13_3) AppleWebKit/537.36 (KHTML, like Gecko) Chrome/126.0.0.0 Safari/537.36"
147.53.125.255 - - [02/Apr/2025:05:24:47 -0400] "GET /a-journey-into-skincare/ HTTP/1.1" 200 0 "-" "Mozilla/5.0 (Macintosh; Intel Mac OS X 12_5) AppleWebKit/537.36 (KHTML, like Gecko) Chrome/114.0.0.0 Safari/537.36 Vivaldi/5.3.2679.68"
156.248.102.175 - - [02/Apr/2025:05:24:49 -0400] "GET /a-journey-into-skincare/ HTTP/1.1" 200 0 "-" "Mozilla/5.0 (Macintosh; Intel Mac OS X 12_5) AppleWebKit/537.36 (KHTML, like Gecko) Chrome/114.0.0.0 Safari/537.36 Vivaldi/5.3.2679.68"
156.248.102.175 - - [02/Apr/2025:05:24:50 -0400] "GET /a-journey-into-skincare/ HTTP/1.1" 200 0 "-" "Mozilla/5.0 (Macintosh; Intel Mac OS X 12_5) AppleWebKit/537.36 (KHTML, like Gecko) Chrome/114.0.0.0 Safari/537.36 Vivaldi/5.3.2679.68"
198.54.114.83 - - [02/Apr/2025:05:35:48 -0400] "POST /wp-cron.php?doing_wp_cron=1743586547.4638888835906982421875 HTTP/1.1" 200 0 "-" "WordPress/6.7.2; https://bakingsecurityin.com"
103.253.14.90 - - [02/Apr/2025:05:35:47 -0400] "POST /xmlrpc.php HTTP/1.1" 200 236 "-" "Mozilla/5.0 (X11; Fedora; Linux x86_64; rv:94.0) Gecko/20100101 Firefox/95.0"
198.54.114.83 - - [02/Apr/2025:05:53:41 -0400] "POST /wp-cron.php?doing_wp_cron=1743587620.7778599262237548828125 HTTP/1.1" 200 0 "-" "WordPress/6.7.2; https://bakingsecurityin.com"
2a04:3544:1000:1510:c0ca:ff:feca:1a5e - - [02/Apr/2025:05:53:39 -0400] "POST /xmlrpc.php HTTP/1.1" 200 212 "http://bakingsecurityin.com" "Mozilla/5.0 (Macintosh; Intel Mac OS X 10_15_7; rv:128.0) Gecko/20100101 Firefox/128.0"
85.208.98.23 - - [02/Apr/2025:05:57:26 -0400] "GET /robots.txt HTTP/1.1" 304 0 "-" "Mozilla/5.0 (compatible; SemrushBot-BA; +http://www.semrush.com/bot.html)"
198.54.114.83 - - [02/Apr/2025:06:03:54 -0400] "POST /wp-cron.php?doing_wp_cron=1743588233.9664330482482910156250 HTTP/1.1" 200 0 "-" "WordPress/6.7.2; https://bakingsecurityin.com"
31.210.51.253 - - [02/Apr/2025:06:03:51 -0400] "GET /wp-login.php HTTP/1.1" 302 0 "-" "Mozilla/5.0 (Windows NT 10.0; Win64; x64; rv:94.0) Gecko/20100101 Firefox/94.0"
198.54.114.83 - - [02/Apr/2025:06:08:07 -0400] "POST /wp-cron.php?doing_wp_cron=1743588486.9809050559997558593750 HTTP/1.1" 200 0 "-" "WordPress/6.7.2; https://bakingsecurityin.com"
185.203.125.176 - - [02/Apr/2025:06:08:04 -0400] "POST /xmlrpc.php HTTP/1.1" 200 212 "-" "Mozilla/5.0 (Windows NT 6.3; WOW64; rv:43.0) Gecko/20100101 Firefox/43.0"
14.186.85.132 - - [02/Apr/2025:06:08:09 -0400] "POST /xmlrpc.php HTTP/1.1" 200 212 "-" "Mozilla/5.0 (Windows NT 10.0; Win64; x64) AppleWebKit/537.36 (KHTML, like Gecko) Chrome/97.0.4692.99 Safari/537.36"
198.54.114.83 - - [02/Apr/2025:06:23:29 -0400] "POST /wp-cron.php?doing_wp_cron=1743589408.7576990127563476562500 HTTP/1.1" 200 0 "-" "WordPress/6.7.2; https://bakingsecurityin.com"
199.188.200.151 - - [02/Apr/2025:06:23:26 -0400] "POST /xmlrpc.php HTTP/1.1" 200 212 "http://bakingsecurityin.com" "Mozilla/5.0 (Macintosh; Intel Mac OS X 14.5) AppleWebKit/618.3.5 (KHTML, like Gecko) Version/17.4 Safari/618.3.5"
198.54.114.83 - - [02/Apr/2025:06:26:38 -0400] "POST /wp-cron.php?doing_wp_cron=1743589598.4587628841400146484375 HTTP/1.1" 200 0 "-" "WordPress/6.7.2; https://bakingsecurityin.com"
92.222.181.205 - - [02/Apr/2025:06:26:35 -0400] "POST /xmlrpc.php HTTP/1.1" 200 236 "-" "Mozilla/5.0 (X11; Fedora; Linux x86_64; rv:94.0) Gecko/20100101 Firefox/95.0"
198.54.114.83 - - [02/Apr/2025:06:53:21 -0400] "POST /wp-cron.php?doing_wp_cron=1743591200.2753109931945800781250 HTTP/1.1" 200 0 "-" "WordPress/6.7.2; https://bakingsecurityin.com"
162.0.232.11 - - [02/Apr/2025:06:53:17 -0400] "POST /xmlrpc.php HTTP/1.1" 200 212 "http://bakingsecurityin.com" "Mozilla/5.0 (Macintosh; Intel Mac OS X 13.3; rv:126.0) Gecko/20100101 Firefox/126.0"
198.54.114.83 - - [02/Apr/2025:07:01:45 -0400] "POST /wp-cron.php?doing_wp_cron=1743591704.7935469150543212890625 HTTP/1.1" 200 0 "-" "WordPress/6.7.2; https://bakingsecurityin.com"
43.165.65.180 - - [02/Apr/2025:07:01:41 -0400] "GET / HTTP/1.1" 200 0 "-" "Mozilla/5.0 (iPhone; CPU iPhone OS 13_2_3 like Mac OS X) AppleWebKit/605.1.15 (KHTML, like Gecko) Version/13.0.3 Mobile/15E148 Safari/604.1"
198.54.114.83 - - [02/Apr/2025:07:05:00 -0400] "POST /wp-cron.php?doing_wp_cron=1743591900.3843259811401367187500 HTTP/1.1" 200 0 "-" "WordPress/6.7.2; https://bakingsecurityin.com"
193.24.211.4 - - [02/Apr/2025:07:04:57 -0400] "GET /vendor/phpunit/phpunit/src/Util/PHP/ HTTP/1.1" 404 0 "-" "Mozlila/5.0 (Linux; Android 7.0; SM-G892A Bulid/NRD90M; wv) AppleWebKit/537.36 (KHTML, like Gecko) Version/4.0 Chrome/60.0.3112.107 Moblie Safari/537.36"
193.24.211.4 - - [02/Apr/2025:07:05:09 -0400] "GET /vendor/phpunit/phpunit/src/Util/PHP/ HTTP/1.1" 404 0 "-" "Mozlila/5.0 (Linux; Android 7.0; SM-G892A Bulid/NRD90M; wv) AppleWebKit/537.36 (KHTML, like Gecko) Version/4.0 Chrome/60.0.3112.107 Moblie Safari/537.36"
193.24.211.4 - - [02/Apr/2025:07:05:14 -0400] "GET /.well-known/ HTTP/1.1" 404 0 "-" "Mozlila/5.0 (Linux; Android 7.0; SM-G892A Bulid/NRD90M; wv) AppleWebKit/537.36 (KHTML, like Gecko) Version/4.0 Chrome/60.0.3112.107 Moblie Safari/537.36"
193.24.211.4 - - [02/Apr/2025:07:05:19 -0400] "GET /.well-known/ HTTP/1.1" 404 0 "-" "Mozlila/5.0 (Linux; Android 7.0; SM-G892A Bulid/NRD90M; wv) AppleWebKit/537.36 (KHTML, like Gecko) Version/4.0 Chrome/60.0.3112.107 Moblie Safari/537.36"
193.24.211.4 - - [02/Apr/2025:07:05:31 -0400] "GET /wp-content/uploads/ HTTP/1.1" 403 1242 "-" "Mozlila/5.0 (Linux; Android 7.0; SM-G892A Bulid/NRD90M; wv) AppleWebKit/537.36 (KHTML, like Gecko) Version/4.0 Chrome/60.0.3112.107 Moblie Safari/537.36"
193.24.211.4 - - [02/Apr/2025:07:05:36 -0400] "GET /wp-content/uploads/ HTTP/1.1" 403 1242 "-" "Mozlila/5.0 (Linux; Android 7.0; SM-G892A Bulid/NRD90M; wv) AppleWebKit/537.36 (KHTML, like Gecko) Version/4.0 Chrome/60.0.3112.107 Moblie Safari/537.36"
193.24.211.4 - - [02/Apr/2025:07:05:43 -0400] "GET /wp-includes/ HTTP/1.1" 403 1242 "-" "Mozlila/5.0 (Linux; Android 7.0; SM-G892A Bulid/NRD90M; wv) AppleWebKit/537.36 (KHTML, like Gecko) Version/4.0 Chrome/60.0.3112.107 Moblie Safari/537.36"
193.24.211.4 - - [02/Apr/2025:07:05:47 -0400] "GET /wp-includes/ HTTP/1.1" 403 1242 "-" "Mozlila/5.0 (Linux; Android 7.0; SM-G892A Bulid/NRD90M; wv) AppleWebKit/537.36 (KHTML, like Gecko) Version/4.0 Chrome/60.0.3112.107 Moblie Safari/537.36"
193.24.211.4 - - [02/Apr/2025:07:05:52 -0400] "GET /wp-admin/css/ HTTP/1.1" 403 1242 "-" "Mozlila/5.0 (Linux; Android 7.0; SM-G892A Bulid/NRD90M; wv) AppleWebKit/537.36 (KHTML, like Gecko) Version/4.0 Chrome/60.0.3112.107 Moblie Safari/537.36"
193.24.211.4 - - [02/Apr/2025:07:05:57 -0400] "GET /wp-admin/css/ HTTP/1.1" 403 1242 "-" "Mozlila/5.0 (Linux; Android 7.0; SM-G892A Bulid/NRD90M; wv) AppleWebKit/537.36 (KHTML, like Gecko) Version/4.0 Chrome/60.0.3112.107 Moblie Safari/537.36"
193.24.211.4 - - [02/Apr/2025:07:06:04 -0400] "GET /wp-admin/images/ HTTP/1.1" 403 1242 "-" "Mozlila/5.0 (Linux; Android 7.0; SM-G892A Bulid/NRD90M; wv) AppleWebKit/537.36 (KHTML, like Gecko) Version/4.0 Chrome/60.0.3112.107 Moblie Safari/537.36"
193.24.211.4 - - [02/Apr/2025:07:06:08 -0400] "GET /wp-admin/images/ HTTP/1.1" 403 1242 "-" "Mozlila/5.0 (Linux; Android 7.0; SM-G892A Bulid/NRD90M; wv) AppleWebKit/537.36 (KHTML, like Gecko) Version/4.0 Chrome/60.0.3112.107 Moblie Safari/537.36"
