13.90.61.254 - - [06/Apr/2025:22:40:28 -0400] "GET /wp-content/plugins/zlzwssi/ HTTP/1.1" 404 0 "-" "-"
13.90.61.254 - - [06/Apr/2025:22:40:29 -0400] "GET /wp-includes/IXR/sx.php HTTP/1.1" 404 0 "-" "-"
13.90.61.254 - - [06/Apr/2025:22:40:29 -0400] "GET /auth.php HTTP/1.1" 404 0 "-" "-"
13.90.61.254 - - [06/Apr/2025:22:40:29 -0400] "GET /update/ HTTP/1.1" 404 0 "-" "-"
13.90.61.254 - - [06/Apr/2025:22:40:29 -0400] "GET /wp-admin/css/colors/blue/blkqvmih.php HTTP/1.1" 404 0 "-" "-"
13.90.61.254 - - [06/Apr/2025:22:40:30 -0400] "GET /wp-content/plugins/erin/yani/ HTTP/1.1" 404 0 "-" "-"
13.90.61.254 - - [06/Apr/2025:22:40:30 -0400] "GET /wp-admin/network/upfile.php HTTP/1.1" 404 0 "-" "-"
13.90.61.254 - - [06/Apr/2025:22:40:30 -0400] "GET /ayk.php HTTP/1.1" 404 0 "-" "-"
13.90.61.254 - - [06/Apr/2025:22:40:31 -0400] "GET /html_editor.php HTTP/1.1" 404 0 "-" "-"
13.90.61.254 - - [06/Apr/2025:22:40:31 -0400] "GET /cart.php HTTP/1.1" 404 0 "-" "-"
198.54.114.83 - - [06/Apr/2025:22:40:32 -0400] "POST /wp-cron.php?doing_wp_cron=1743993632.2626559734344482421875 HTTP/1.1" 200 0 "-" "WordPress/6.7.2; https://bakingsecurityin.com"
13.90.61.254 - - [06/Apr/2025:22:40:32 -0400] "GET /wp-admin/themes HTTP/1.1" 404 0 "-" "-"
13.90.61.254 - - [06/Apr/2025:22:40:32 -0400] "GET /wp-content/plugins/upboxtn/ HTTP/1.1" 404 0 "-" "-"
13.90.61.254 - - [06/Apr/2025:22:40:32 -0400] "GET /plugins/seoo/ HTTP/1.1" 404 0 "-" "-"
13.90.61.254 - - [06/Apr/2025:22:40:33 -0400] "GET /wp-admin/includes/cloud.php HTTP/1.1" 404 0 "-" "-"
13.90.61.254 - - [06/Apr/2025:22:40:33 -0400] "GET /wp-content/uploads/2023/05/404.php HTTP/1.1" 404 0 "-" "-"
13.90.61.254 - - [06/Apr/2025:22:40:33 -0400] "GET /profile.php HTTP/1.1" 404 0 "-" "-"
13.90.61.254 - - [06/Apr/2025:22:40:34 -0400] "GET /blog/blog.php7 HTTP/1.1" 404 0 "-" "-"
13.90.61.254 - - [06/Apr/2025:22:40:34 -0400] "GET /wp-includes/ID3/51Sge/ HTTP/1.1" 404 0 "-" "-"
13.90.61.254 - - [06/Apr/2025:22:40:35 -0400] "GET /wp-admin/images/cloud.php HTTP/1.1" 404 0 "-" "-"
13.90.61.254 - - [06/Apr/2025:22:40:35 -0400] "GET /file.php HTTP/1.1" 404 0 "-" "-"
13.90.61.254 - - [06/Apr/2025:22:40:35 -0400] "GET /2.php HTTP/1.1" 404 0 "-" "-"
13.90.61.254 - - [06/Apr/2025:22:40:36 -0400] "GET /wp/wp-content/plugins/w695elkq/ HTTP/1.1" 404 0 "-" "-"
13.90.61.254 - - [06/Apr/2025:22:40:36 -0400] "GET /wp-content/about.php HTTP/1.1" 404 0 "-" "-"
13.90.61.254 - - [06/Apr/2025:22:40:37 -0400] "GET /about.php7 HTTP/1.1" 404 0 "-" "-"
13.90.61.254 - - [06/Apr/2025:22:40:38 -0400] "GET /wp-content/plugins/WordPressCore/blkfqnikz.php HTTP/1.1" 404 0 "-" "-"
13.90.61.254 - - [06/Apr/2025:22:40:38 -0400] "GET /bala.php HTTP/1.1" 404 0 "-" "-"
13.90.61.254 - - [06/Apr/2025:22:40:38 -0400] "GET /ssl_check.php HTTP/1.1" 404 0 "-" "-"
13.90.61.254 - - [06/Apr/2025:22:40:38 -0400] "GET /wp-content/plugins/imfrxbc/ HTTP/1.1" 404 0 "-" "-"
13.90.61.254 - - [06/Apr/2025:22:40:39 -0400] "GET /admin/function.php HTTP/1.1" 404 0 "-" "-"
13.90.61.254 - - [06/Apr/2025:22:40:39 -0400] "GET /wp-content/classwithtostring.php HTTP/1.1" 404 0 "-" "-"
13.90.61.254 - - [06/Apr/2025:22:40:40 -0400] "GET /.github/ HTTP/1.1" 404 0 "-" "-"
13.90.61.254 - - [06/Apr/2025:22:40:40 -0400] "GET /files/ HTTP/1.1" 404 0 "-" "-"
13.90.61.254 - - [06/Apr/2025:22:40:40 -0400] "GET /en.php HTTP/1.1" 404 0 "-" "-"
13.90.61.254 - - [06/Apr/2025:22:40:40 -0400] "GET /wp-includes/pomo/about.php HTTP/1.1" 404 0 "-" "-"
13.90.61.254 - - [06/Apr/2025:22:40:41 -0400] "GET /doc.php HTTP/1.1" 404 0 "-" "-"
13.90.61.254 - - [06/Apr/2025:22:40:41 -0400] "GET /xxx.php HTTP/1.1" 404 0 "-" "-"
13.90.61.254 - - [06/Apr/2025:22:40:41 -0400] "GET /gallery_view.php HTTP/1.1" 404 0 "-" "-"
13.90.61.254 - - [06/Apr/2025:22:40:42 -0400] "GET /wp-content/uploads/config HTTP/1.1" 404 0 "-" "-"
13.90.61.254 - - [06/Apr/2025:22:40:42 -0400] "GET /wp-includes/SimplePie/HTTP/ HTTP/1.1" 404 0 "-" "-"
13.90.61.254 - - [06/Apr/2025:22:40:42 -0400] "GET /wp-api.php HTTP/1.1" 404 0 "-" "-"
13.90.61.254 - - [06/Apr/2025:22:40:42 -0400] "GET /faq.php HTTP/1.1" 404 0 "-" "-"
13.90.61.254 - - [06/Apr/2025:22:40:43 -0400] "GET /wp-includes/Text/Diff/Renderer/ HTTP/1.1" 403 1242 "-" "-"
13.90.61.254 - - [06/Apr/2025:22:40:43 -0400] "GET /wordpress/wp-content/plugins/pkghsb/ HTTP/1.1" 404 0 "-" "-"
13.90.61.254 - - [06/Apr/2025:22:40:43 -0400] "GET /wp-content/themes/twentyfive/smaxx.php HTTP/1.1" 404 0 "-" "-"
13.90.61.254 - - [06/Apr/2025:22:40:43 -0400] "GET /wp-includes/fonts/log404.php HTTP/1.1" 404 0 "-" "-"
13.90.61.254 - - [06/Apr/2025:22:40:44 -0400] "GET /.well-known/wso112233.php HTTP/1.1" 404 0 "-" "-"
13.90.61.254 - - [06/Apr/2025:22:40:44 -0400] "GET /makeasmtp.php HTTP/1.1" 404 0 "-" "-"
13.90.61.254 - - [06/Apr/2025:22:40:44 -0400] "GET /1.php HTTP/1.1" 404 0 "-" "-"
13.90.61.254 - - [06/Apr/2025:22:40:45 -0400] "GET /thumbnail.php HTTP/1.1" 404 0 "-" "-"
13.90.61.254 - - [06/Apr/2025:22:40:45 -0400] "GET /wp-content/uploads/ HTTP/1.1" 403 1242 "-" "-"
13.90.61.254 - - [06/Apr/2025:22:40:45 -0400] "GET /wp-includes/gCdfg/index.php HTTP/1.1" 301 0 "-" "-"
13.90.61.254 - - [06/Apr/2025:22:40:45 -0400] "GET /wp-includes/gCdfg/ HTTP/1.1" 404 0 "-" "-"
13.90.61.254 - - [06/Apr/2025:22:40:45 -0400] "GET /wp-head.php HTTP/1.1" 404 0 "-" "-"
13.90.61.254 - - [06/Apr/2025:22:40:45 -0400] "GET /config.php7 HTTP/1.1" 404 0 "-" "-"
13.90.61.254 - - [06/Apr/2025:22:40:46 -0400] "GET /wp-includes/blocks/freeform/ HTTP/1.1" 403 1242 "-" "-"
13.90.61.254 - - [06/Apr/2025:22:40:46 -0400] "GET /wp-content/plugins/widget-logic/ HTTP/1.1" 404 0 "-" "-"
13.90.61.254 - - [06/Apr/2025:22:40:46 -0400] "GET /wp-includes/Text/Diff/Engine/ HTTP/1.1" 403 1242 "-" "-"
13.90.61.254 - - [06/Apr/2025:22:40:46 -0400] "GET /tinyfilemanager/ HTTP/1.1" 404 0 "-" "-"
13.90.61.254 - - [06/Apr/2025:22:40:46 -0400] "GET /blog/wp-content/plugins/ubh/up.php HTTP/1.1" 404 0 "-" "-"
13.90.61.254 - - [06/Apr/2025:22:40:47 -0400] "GET /jp.php HTTP/1.1" 404 0 "-" "-"
13.90.61.254 - - [06/Apr/2025:22:40:47 -0400] "GET /wp-admin/file.php HTTP/1.1" 404 0 "-" "-"
13.90.61.254 - - [06/Apr/2025:22:40:47 -0400] "GET /wp-includes/PHPMailer/admin.php HTTP/1.1" 404 0 "-" "-"
13.90.61.254 - - [06/Apr/2025:22:40:48 -0400] "GET /wp-content/upgrade-temp-backup/about.php HTTP/1.1" 404 0 "-" "-"
13.90.61.254 - - [06/Apr/2025:22:40:48 -0400] "GET /wp-includes/rest-api/sx.php HTTP/1.1" 404 0 "-" "-"
13.90.61.254 - - [06/Apr/2025:22:40:48 -0400] "GET /wp-includes/IXR/wp-login.php HTTP/1.1" 404 0 "-" "-"
13.90.61.254 - - [06/Apr/2025:22:40:48 -0400] "GET /.well-known/kwggvpup.php HTTP/1.1" 404 0 "-" "-"
13.90.61.254 - - [06/Apr/2025:22:40:49 -0400] "GET /storage/ HTTP/1.1" 404 0 "-" "-"
13.90.61.254 - - [06/Apr/2025:22:40:49 -0400] "GET /sidwso.php HTTP/1.1" 404 0 "-" "-"
13.90.61.254 - - [06/Apr/2025:22:40:49 -0400] "GET /wp-admin/images/file.php HTTP/1.1" 404 0 "-" "-"
13.90.61.254 - - [06/Apr/2025:22:40:49 -0400] "GET /wp-content/plugins/linkpreview/index.php HTTP/1.1" 301 0 "-" "-"
13.90.61.254 - - [06/Apr/2025:22:40:50 -0400] "GET /wp-content/plugins/linkpreview/ HTTP/1.1" 404 0 "-" "-"
13.90.61.254 - - [06/Apr/2025:22:40:50 -0400] "GET /boot.php HTTP/1.1" 404 0 "-" "-"
13.90.61.254 - - [06/Apr/2025:22:40:51 -0400] "GET /themes.php HTTP/1.1" 404 0 "-" "-"
13.90.61.254 - - [06/Apr/2025:22:40:51 -0400] "GET /autoload_classmap.php HTTP/1.1" 404 0 "-" "-"
13.90.61.254 - - [06/Apr/2025:22:40:51 -0400] "GET /database.php HTTP/1.1" 404 0 "-" "-"
13.90.61.254 - - [06/Apr/2025:22:40:51 -0400] "GET /wp-includes/js/tinymce/skins/lightgray/img/ HTTP/1.1" 403 1242 "-" "-"
13.90.61.254 - - [06/Apr/2025:22:40:52 -0400] "GET /.well-known/pki-validation/cloud.php HTTP/1.1" 404 1251 "-" "-"
13.90.61.254 - - [06/Apr/2025:22:40:52 -0400] "GET /shell20211028.php HTTP/1.1" 404 0 "-" "-"
13.90.61.254 - - [06/Apr/2025:22:40:52 -0400] "GET /assets/images/tinyimg.php HTTP/1.1" 404 0 "-" "-"
13.90.61.254 - - [06/Apr/2025:22:40:52 -0400] "GET /wp-includes/js/about.php HTTP/1.1" 404 0 "-" "-"
13.90.61.254 - - [06/Apr/2025:22:40:53 -0400] "GET /wp-includes/ID3/51Sge/index.php HTTP/1.1" 301 0 "-" "-"
13.90.61.254 - - [06/Apr/2025:22:40:53 -0400] "GET /wp-includes/ID3/51Sge/ HTTP/1.1" 404 0 "-" "-"
13.90.61.254 - - [06/Apr/2025:22:40:53 -0400] "GET /wp-content/plugins/ioxi/ HTTP/1.1" 404 0 "-" "-"
13.90.61.254 - - [06/Apr/2025:22:40:53 -0400] "GET /wp-content/themes/tk9zgum9/ HTTP/1.1" 404 0 "-" "-"
13.90.61.254 - - [06/Apr/2025:22:40:53 -0400] "GET /navigation.php HTTP/1.1" 404 0 "-" "-"
13.90.61.254 - - [06/Apr/2025:22:40:53 -0400] "GET /wp-content/plugins/urawmub/ HTTP/1.1" 404 0 "-" "-"
13.90.61.254 - - [06/Apr/2025:22:40:54 -0400] "GET /wp-content/plugins/aezvzos/ HTTP/1.1" 404 0 "-" "-"
13.90.61.254 - - [06/Apr/2025:22:40:54 -0400] "GET /wp-content/plugins/ygdfcil/ HTTP/1.1" 404 0 "-" "-"
13.90.61.254 - - [06/Apr/2025:22:40:54 -0400] "GET /wp-content/plugins/widget-logic/ui.php HTTP/1.1" 404 0 "-" "-"
13.90.61.254 - - [06/Apr/2025:22:40:54 -0400] "GET /wp-includes/sodium_compat/namespaced/ HTTP/1.1" 403 1242 "-" "-"
13.90.61.254 - - [06/Apr/2025:22:40:54 -0400] "GET /wp-admin/js/widgets/xleet.php HTTP/1.1" 404 0 "-" "-"
13.90.61.254 - - [06/Apr/2025:22:40:54 -0400] "GET /files/autoload_classmap.php HTTP/1.1" 404 0 "-" "-"
13.90.61.254 - - [06/Apr/2025:22:40:55 -0400] "GET /wp-includes/pomo/autoload_classmap.php HTTP/1.1" 404 0 "-" "-"
13.90.61.254 - - [06/Apr/2025:22:40:55 -0400] "GET /download_file.php HTTP/1.1" 404 0 "-" "-"
13.90.61.254 - - [06/Apr/2025:22:40:55 -0400] "GET /wp-content/uploads/themes.php HTTP/1.1" 404 0 "-" "-"
13.90.61.254 - - [06/Apr/2025:22:40:55 -0400] "GET /admin/uploads/images/ HTTP/1.1" 404 0 "-" "-"
13.90.61.254 - - [06/Apr/2025:22:40:56 -0400] "GET /s/Text/ HTTP/1.1" 404 0 "-" "-"
13.90.61.254 - - [06/Apr/2025:22:40:56 -0400] "GET /wp-admin/css/colors/blue/blkhfvco.php HTTP/1.1" 404 0 "-" "-"
13.90.61.254 - - [06/Apr/2025:22:40:56 -0400] "GET /wp-content/plugins/dclxurc/ HTTP/1.1" 404 0 "-" "-"
13.90.61.254 - - [06/Apr/2025:22:40:56 -0400] "GET /.well-known/wso.php HTTP/1.1" 404 0 "-" "-"
13.90.61.254 - - [06/Apr/2025:22:40:56 -0400] "GET /ern1.php HTTP/1.1" 404 0 "-" "-"
13.90.61.254 - - [06/Apr/2025:22:40:57 -0400] "GET /wp-includes/languages/wp/ HTTP/1.1" 404 0 "-" "-"
13.90.61.254 - - [06/Apr/2025:22:40:57 -0400] "GET /wp-content/plugins/thrive-visual-editor/inc/backbone/controls/lead-generation/ HTTP/1.1" 404 0 "-" "-"
13.90.61.254 - - [06/Apr/2025:22:40:57 -0400] "GET /wp-includes/images/wp-login.php HTTP/1.1" 404 0 "-" "-"
13.90.61.254 - - [06/Apr/2025:22:40:58 -0400] "GET /f35.php HTTP/1.1" 404 0 "-" "-"
13.90.61.254 - - [06/Apr/2025:22:40:58 -0400] "GET /wp-includes/js/e3B6W/ HTTP/1.1" 404 0 "-" "-"
13.90.61.254 - - [06/Apr/2025:22:40:58 -0400] "GET /ws.php7 HTTP/1.1" 404 0 "-" "-"
13.90.61.254 - - [06/Apr/2025:22:40:58 -0400] "GET /hinfofuns.php HTTP/1.1" 404 0 "-" "-"
13.90.61.254 - - [06/Apr/2025:22:40:59 -0400] "GET /wp-content/uploads/wp-login.php HTTP/1.1" 404 0 "-" "-"
13.90.61.254 - - [06/Apr/2025:22:40:59 -0400] "GET /spip.php HTTP/1.1" 404 0 "-" "-"
13.90.61.254 - - [06/Apr/2025:22:40:59 -0400] "GET /wp-content/plugins/pwnd/1.php HTTP/1.1" 404 0 "-" "-"
13.90.61.254 - - [06/Apr/2025:22:41:00 -0400] "GET /wp-content/plugins/fix/00.php HTTP/1.1" 404 0 "-" "-"
13.90.61.254 - - [06/Apr/2025:22:41:00 -0400] "GET /about.php HTTP/1.1" 404 0 "-" "-"
13.90.61.254 - - [06/Apr/2025:22:41:00 -0400] "GET /wp-includes/wp-widgets.php HTTP/1.1" 404 0 "-" "-"
13.90.61.254 - - [06/Apr/2025:22:41:00 -0400] "GET /yanz.php/wp-admin/images/cloud.php HTTP/1.1" 404 0 "-" "-"
13.90.61.254 - - [06/Apr/2025:22:41:01 -0400] "GET /wp-content/plugins/kfhfxvy/ HTTP/1.1" 404 0 "-" "-"
13.90.61.254 - - [06/Apr/2025:22:41:01 -0400] "GET /wp-content/plugins/WordPressCore/include.php HTTP/1.1" 404 0 "-" "-"
13.90.61.254 - - [06/Apr/2025:22:41:01 -0400] "GET /byp.php HTTP/1.1" 404 0 "-" "-"
13.90.61.254 - - [06/Apr/2025:22:41:01 -0400] "GET /123.php HTTP/1.1" 404 0 "-" "-"
13.90.61.254 - - [06/Apr/2025:22:41:02 -0400] "GET /wp-content/plugins/elementor/includes/settings/ HTTP/1.1" 404 0 "-" "-"
13.90.61.254 - - [06/Apr/2025:22:41:02 -0400] "GET /wp-content/themes/plugins.php HTTP/1.1" 404 0 "-" "-"
13.90.61.254 - - [06/Apr/2025:22:41:02 -0400] "GET /access_logs.php HTTP/1.1" 404 0 "-" "-"
13.90.61.254 - - [06/Apr/2025:22:41:03 -0400] "GET /wp-content/plugins/wcrkfqy/ HTTP/1.1" 404 0 "-" "-"
13.90.61.254 - - [06/Apr/2025:22:41:03 -0400] "GET /.well-known/pki-validation/amaxx.php HTTP/1.1" 404 1251 "-" "-"
13.90.61.254 - - [06/Apr/2025:22:41:03 -0400] "GET /defaults.php HTTP/1.1" 404 0 "-" "-"
13.90.61.254 - - [06/Apr/2025:22:41:03 -0400] "GET /wp-configs.php HTTP/1.1" 404 0 "-" "-"
13.90.61.254 - - [06/Apr/2025:22:41:04 -0400] "GET //wp-content/themes/about.php HTTP/1.1" 301 0 "-" "-"
13.90.61.254 - - [06/Apr/2025:22:41:04 -0400] "GET /wp-content/themes/about.php HTTP/1.1" 404 0 "-" "-"
13.90.61.254 - - [06/Apr/2025:22:41:04 -0400] "GET /wp-content/themes/aahana/json.php HTTP/1.1" 404 0 "-" "-"
13.90.61.254 - - [06/Apr/2025:22:41:05 -0400] "GET /403.php HTTP/1.1" 404 0 "-" "-"
13.90.61.254 - - [06/Apr/2025:22:41:05 -0400] "GET /debug.php HTTP/1.1" 404 0 "-" "-"
13.90.61.254 - - [06/Apr/2025:22:41:05 -0400] "GET /lai/robotica/wp-content/themes/seotheme/ HTTP/1.1" 404 0 "-" "-"
13.90.61.254 - - [06/Apr/2025:22:41:05 -0400] "GET /wp-content/plugins/nloisib/ HTTP/1.1" 404 0 "-" "-"
13.90.61.254 - - [06/Apr/2025:22:41:06 -0400] "GET /php.php HTTP/1.1" 404 0 "-" "-"
13.90.61.254 - - [06/Apr/2025:22:41:06 -0400] "GET /wp-includes/sodium_compat/src/Core/Curve25519/Ge/about.php HTTP/1.1" 404 0 "-" "-"
13.90.61.254 - - [06/Apr/2025:22:41:06 -0400] "GET /.tmb/class_api.php HTTP/1.1" 404 0 "-" "-"
13.90.61.254 - - [06/Apr/2025:22:41:07 -0400] "GET /wp-content/plugins/wp-db-ajax-made/ HTTP/1.1" 404 0 "-" "-"
13.90.61.254 - - [06/Apr/2025:22:41:07 -0400] "GET /.well-known/sx.php HTTP/1.1" 404 0 "-" "-"
13.90.61.254 - - [06/Apr/2025:22:41:08 -0400] "GET /wp-content/themes/themes/ HTTP/1.1" 404 0 "-" "-"
13.90.61.254 - - [06/Apr/2025:22:41:08 -0400] "GET /wp-includes/js/crop/ HTTP/1.1" 403 1242 "-" "-"
13.90.61.254 - - [06/Apr/2025:22:41:08 -0400] "GET /cgi-bin/iR7SzrsOUEP.php HTTP/1.1" 404 0 "-" "-"
13.90.61.254 - - [06/Apr/2025:22:41:08 -0400] "GET /wp-content/languages/index.php.suspected HTTP/1.1" 404 0 "-" "-"
13.90.61.254 - - [06/Apr/2025:22:41:09 -0400] "GET /wp-content/plugins/Cache/ HTTP/1.1" 404 0 "-" "-"
13.90.61.254 - - [06/Apr/2025:22:41:09 -0400] "GET /modules/mod_webshell/ HTTP/1.1" 404 0 "-" "-"
13.90.61.254 - - [06/Apr/2025:22:41:09 -0400] "GET /wp-includes/js/tinymce/skins/wordpress/images/ HTTP/1.1" 403 1242 "-" "-"
13.90.61.254 - - [06/Apr/2025:22:41:09 -0400] "GET /cloud.php HTTP/1.1" 404 0 "-" "-"
13.90.61.254 - - [06/Apr/2025:22:41:10 -0400] "GET /dashboard.php HTTP/1.1" 404 0 "-" "-"
13.90.61.254 - - [06/Apr/2025:22:41:10 -0400] "GET /marijuana.php HTTP/1.1" 404 0 "-" "-"
13.90.61.254 - - [06/Apr/2025:22:41:10 -0400] "GET /wp-admin/images/wp-signup.php HTTP/1.1" 404 0 "-" "-"
13.90.61.254 - - [06/Apr/2025:22:41:10 -0400] "GET /wp-includes/js/tinymce/ HTTP/1.1" 403 1242 "-" "-"
13.90.61.254 - - [06/Apr/2025:22:41:11 -0400] "GET /includes/ HTTP/1.1" 404 0 "-" "-"
13.90.61.254 - - [06/Apr/2025:22:41:11 -0400] "GET /baja.php HTTP/1.1" 404 0 "-" "-"
13.90.61.254 - - [06/Apr/2025:22:41:11 -0400] "GET /upgrade.php HTTP/1.1" 404 0 "-" "-"
13.90.61.254 - - [06/Apr/2025:22:41:11 -0400] "GET /al.php HTTP/1.1" 404 0 "-" "-"
13.90.61.254 - - [06/Apr/2025:22:41:11 -0400] "GET /wp-includes/js/tinymce/about.php HTTP/1.1" 404 0 "-" "-"
13.90.61.254 - - [06/Apr/2025:22:41:12 -0400] "GET /wp-includes/css/index.php HTTP/1.1" 301 0 "-" "-"
13.90.61.254 - - [06/Apr/2025:22:41:12 -0400] "GET /wp-includes/css/ HTTP/1.1" 403 1242 "-" "-"
13.90.61.254 - - [06/Apr/2025:22:41:12 -0400] "GET /wp-content/plugins/fix/ HTTP/1.1" 404 0 "-" "-"
13.90.61.254 - - [06/Apr/2025:22:41:12 -0400] "GET /cgi-bin/about.php HTTP/1.1" 404 0 "-" "-"
13.90.61.254 - - [06/Apr/2025:22:41:12 -0400] "GET /wp-admin/css/colors/coffee/about.php HTTP/1.1" 404 0 "-" "-"
13.90.61.254 - - [06/Apr/2025:22:41:13 -0400] "GET /css/dist/block-directory/ HTTP/1.1" 404 0 "-" "-"
13.90.61.254 - - [06/Apr/2025:22:41:13 -0400] "GET /wp/img/cloud.php HTTP/1.1" 404 0 "-" "-"
13.90.61.254 - - [06/Apr/2025:22:41:13 -0400] "GET /.well-known/acme-challenge/install.php HTTP/1.1" 404 0 "-" "-"
13.90.61.254 - - [06/Apr/2025:22:41:14 -0400] "GET /wp-content/uploads/2023/gncfqygn.php HTTP/1.1" 404 0 "-" "-"
13.90.61.254 - - [06/Apr/2025:22:41:15 -0400] "GET /images/about.php HTTP/1.1" 404 0 "-" "-"
13.90.61.254 - - [06/Apr/2025:22:41:15 -0400] "GET /css/cloud.php HTTP/1.1" 404 0 "-" "-"
13.90.61.254 - - [06/Apr/2025:22:41:16 -0400] "GET /wp-content/ccx/index.php HTTP/1.1" 301 0 "-" "-"
13.90.61.254 - - [06/Apr/2025:22:41:16 -0400] "GET /wp-content/ccx/ HTTP/1.1" 404 0 "-" "-"
13.90.61.254 - - [06/Apr/2025:22:41:17 -0400] "GET /wp-includes/js/tinymce/plugins/compat3x/css/about.php HTTP/1.1" 404 0 "-" "-"
13.90.61.254 - - [06/Apr/2025:22:41:18 -0400] "GET /wp-content/uploads/2023/05/ HTTP/1.1" 404 0 "-" "-"
13.90.61.254 - - [06/Apr/2025:22:41:18 -0400] "GET /wp-content/plugins/seoo/alfa-rex.php HTTP/1.1" 404 0 "-" "-"
13.90.61.254 - - [06/Apr/2025:22:41:18 -0400] "GET /class_api.php HTTP/1.1" 404 0 "-" "-"
13.90.61.254 - - [06/Apr/2025:22:41:19 -0400] "GET /assets/vendor/bootstrap/css/ HTTP/1.1" 404 0 "-" "-"
13.90.61.254 - - [06/Apr/2025:22:41:19 -0400] "GET /wp-includes/certificates/ HTTP/1.1" 403 1242 "-" "-"
198.54.114.83 - - [06/Apr/2025:22:47:13 -0400] "POST /wp-cron.php?doing_wp_cron=1743994033.3147308826446533203125 HTTP/1.1" 200 0 "-" "WordPress/6.7.2; https://bakingsecurityin.com"
103.120.176.171 - - [06/Apr/2025:22:47:11 -0400] "POST /xmlrpc.php HTTP/1.1" 200 236 "-" "Mozilla/5.0 (X11; Fedora; Linux x86_64; rv:94.0) Gecko/20100101 Firefox/95.0"
198.54.114.83 - - [06/Apr/2025:22:50:16 -0400] "POST /wp-cron.php?doing_wp_cron=1743994216.5535678863525390625000 HTTP/1.1" 200 0 "-" "WordPress/6.7.2; https://bakingsecurityin.com"
66.29.153.28 - - [06/Apr/2025:22:50:16 -0400] "POST /wp-login.php HTTP/1.1" 302 0 "http://bakingsecurityin.com" "Mozilla/5.0 (Windows NT 10.0; Win64; x64) AppleWebKit/537.36 (KHTML, like Gecko) Chrome/126.0.0.0 Safari/537.36"
198.54.114.83 - - [06/Apr/2025:22:51:20 -0400] "POST /wp-cron.php?doing_wp_cron=1743994280.3484480381011962890625 HTTP/1.1" 200 0 "-" "WordPress/6.7.2; https://bakingsecurityin.com"
216.244.66.236 - - [06/Apr/2025:22:51:20 -0400] "GET /screw-sizes-how-to-choose-the-right-size/ HTTP/1.1" 200 0 "-" "Mozilla/5.0 (compatible; DotBot/1.2; +https://opensiteexplorer.org/dotbot; help@moz.com)"
198.54.114.83 - - [06/Apr/2025:22:51:44 -0400] "POST /wp-cron.php?doing_wp_cron=1743994304.7335760593414306640625 HTTP/1.1" 200 0 "-" "WordPress/6.7.2; https://bakingsecurityin.com"
216.244.66.236 - - [06/Apr/2025:22:51:44 -0400] "GET /buy-tickok-views-and-likes/ HTTP/1.1" 200 0 "-" "Mozilla/5.0 (compatible; DotBot/1.2; +https://opensiteexplorer.org/dotbot; help@moz.com)"
216.244.66.236 - - [06/Apr/2025:22:52:01 -0400] "GET /a-glimpse-into-luxury-living-exploring-the-arden-showflat/feed/ HTTP/1.1" 200 468 "-" "Mozilla/5.0 (compatible; DotBot/1.2; +https://opensiteexplorer.org/dotbot; help@moz.com)"
2607:5300:60:9ba6:: - - [06/Apr/2025:23:06:25 -0400] "POST /wp-login.php HTTP/1.1" 302 0 "http://bakingsecurityin.com" "Mozilla/5.0 (Macintosh; Intel Mac OS X 10_15_7; rv:125.0.1) Gecko/20100101 Firefox/125.0.1"
85.208.98.18 - - [06/Apr/2025:23:15:20 -0400] "GET /robots.txt HTTP/1.1" 304 0 "-" "Mozilla/5.0 (compatible; SemrushBot; +http://www.semrush.com/bot.html)"
198.54.114.83 - - [06/Apr/2025:23:22:26 -0400] "POST /wp-cron.php?doing_wp_cron=1743996146.0615561008453369140625 HTTP/1.1" 200 0 "-" "WordPress/6.7.2; https://bakingsecurityin.com"
186.64.116.45 - - [06/Apr/2025:23:22:22 -0400] "POST /wp-login.php HTTP/1.1" 302 0 "http://bakingsecurityin.com" "Mozilla/5.0 (Macintosh; Intel Mac OS X 10_15_7) AppleWebKit/537.36 (KHTML, like Gecko) Chrome/126.0.0.0 Safari/537.36"
198.54.114.83 - - [06/Apr/2025:23:30:26 -0400] "POST /wp-cron.php?doing_wp_cron=1743996625.9057450294494628906250 HTTP/1.1" 200 0 "-" "WordPress/6.7.2; https://bakingsecurityin.com"
150.95.140.248 - - [06/Apr/2025:23:30:22 -0400] "POST /xmlrpc.php HTTP/1.1" 200 236 "-" "Mozilla/5.0 (X11; Fedora; Linux x86_64; rv:94.0) Gecko/20100101 Firefox/95.0"
162.0.209.248 - - [06/Apr/2025:23:38:09 -0400] "POST /wp-login.php HTTP/1.1" 302 0 "http://bakingsecurityin.com" "Mozilla/5.0 (Windows NT 10.0; Win64; x64) AppleWebKit/537.36 (KHTML, like Gecko) Chrome/126.0.0.0 Safari/537.36 Edg/126.0.0.0"
198.54.114.83 - - [06/Apr/2025:23:38:16 -0400] "POST /wp-cron.php?doing_wp_cron=1743997094.7827770709991455078125 HTTP/1.1" 200 0 "-" "WordPress/6.7.2; https://bakingsecurityin.com"
216.244.66.236 - - [06/Apr/2025:23:41:10 -0400] "GET /robots.txt HTTP/1.1" 304 0 "-" "Mozilla/5.0 (compatible; DotBot/1.2; +https://opensiteexplorer.org/dotbot; help@moz.com)"
198.54.114.83 - - [06/Apr/2025:23:53:46 -0400] "POST /wp-cron.php?doing_wp_cron=1743998026.7040019035339355468750 HTTP/1.1" 200 0 "-" "WordPress/6.7.2; https://bakingsecurityin.com"
176.74.26.54 - - [06/Apr/2025:23:53:43 -0400] "POST /wp-login.php HTTP/1.1" 302 0 "http://bakingsecurityin.com" "Mozilla/5.0 (Windows NT 11.0; Win64; x64) AppleWebKit/537.36 (KHTML, like Gecko) Chrome/126.0.0.0 Safari/537.36 Edg/126.0.0.0"
198.54.114.83 - - [06/Apr/2025:23:54:56 -0400] "POST /wp-cron.php?doing_wp_cron=1743998094.9599869251251220703125 HTTP/1.1" 200 0 "-" "WordPress/6.7.2; https://bakingsecurityin.com"
216.244.66.236 - - [06/Apr/2025:23:54:54 -0400] "GET /indulge-your-palate-unveiling-the-culinary-gems-near-you/feed/ HTTP/1.1" 200 468 "-" "Mozilla/5.0 (compatible; DotBot/1.2; +https://opensiteexplorer.org/dotbot; help@moz.com)"
75.119.221.53 - - [07/Apr/2025:00:02:31 -0400] "POST /xmlrpc.php HTTP/1.1" 200 236 "-" "Mozilla/5.0 (X11; Fedora; Linux x86_64; rv:94.0) Gecko/20100101 Firefox/95.0"
198.54.114.83 - - [07/Apr/2025:00:09:22 -0400] "POST /wp-cron.php?doing_wp_cron=1743998962.2880420684814453125000 HTTP/1.1" 200 0 "-" "WordPress/6.7.2; https://bakingsecurityin.com"
104.219.248.236 - - [07/Apr/2025:00:09:18 -0400] "POST /wp-login.php HTTP/1.1" 302 0 "http://bakingsecurityin.com" "Mozilla/5.0 (Macintosh; Intel Mac OS X 14.5) AppleWebKit/618.3.5 (KHTML, like Gecko) Version/17.4 Safari/618.3.5"
198.54.114.83 - - [07/Apr/2025:00:18:57 -0400] "POST /wp-cron.php?doing_wp_cron=1743999537.5010809898376464843750 HTTP/1.1" 200 0 "-" "WordPress/6.7.2; https://bakingsecurityin.com"
44.243.64.23 - - [07/Apr/2025:00:18:54 -0400] "GET / HTTP/1.1" 200 0 "-" "Mozilla/5.0 (Windows NT 10.0; Win64; x64) AppleWebKit/537.36 (KHTML, like Gecko) Chrome/70.0.3538.102 Safari/537.36 Edge/18.19582"
198.54.114.83 - - [07/Apr/2025:00:25:18 -0400] "POST /wp-cron.php?doing_wp_cron=1743999918.3366150856018066406250 HTTP/1.1" 200 0 "-" "WordPress/6.7.2; https://bakingsecurityin.com"
47.244.50.243 - - [07/Apr/2025:00:25:14 -0400] "POST /wp-login.php HTTP/1.1" 302 0 "http://bakingsecurityin.com" "Mozilla/5.0 (Windows NT 10.0; Win64; x64) AppleWebKit/537.36 (KHTML, like Gecko) Chrome/113.0.5672.93 Safari/537.36"
216.244.66.236 - - [07/Apr/2025:00:29:33 -0400] "GET /robots.txt HTTP/1.1" 304 0 "-" "Mozilla/5.0 (compatible; DotBot/1.2; +https://opensiteexplorer.org/dotbot; help@moz.com)"
103.159.239.202 - - [07/Apr/2025:00:31:47 -0400] "POST /xmlrpc.php HTTP/1.1" 200 236 "-" "Mozilla/5.0 (X11; Fedora; Linux x86_64; rv:94.0) Gecko/20100101 Firefox/95.0"
95.188.65.216 - - [07/Apr/2025:00:41:19 -0400] "POST /wp-login.php HTTP/1.1" 302 0 "http://bakingsecurityin.com" "Mozilla/5.0 (Macintosh; Intel Mac OS X 10_15_7; rv:129.0) Gecko/20100101 Firefox/129.0"
216.244.66.236 - - [07/Apr/2025:00:43:08 -0400] "GET /okroshka-a-cold-russian-summer-soup/feed/ HTTP/1.1" 200 451 "-" "Mozilla/5.0 (compatible; DotBot/1.2; +https://opensiteexplorer.org/dotbot; help@moz.com)"
198.54.114.83 - - [07/Apr/2025:00:43:47 -0400] "POST /wp-cron.php?doing_wp_cron=1744001026.9829668998718261718750 HTTP/1.1" 200 0 "-" "WordPress/6.7.2; https://bakingsecurityin.com"
216.244.66.236 - - [07/Apr/2025:00:43:46 -0400] "GET /moderne-beleuchtung-fur-zeitgemases-ambiente/ HTTP/1.1" 200 0 "-" "Mozilla/5.0 (compatible; DotBot/1.2; +https://opensiteexplorer.org/dotbot; help@moz.com)"
132.148.183.184 - - [07/Apr/2025:00:57:15 -0400] "POST /wp-login.php HTTP/1.1" 302 0 "http://bakingsecurityin.com" "Mozilla/5.0 (Windows NT 10.0; Win64; x64) AppleWebKit/537.36 (KHTML, like Gecko) Chrome/114.0.5735.199 Safari/537.36 Edg/114.0.1823.67"
13.82.27.229 - - [07/Apr/2025:00:57:58 -0400] "HEAD /wordpress HTTP/1.1" 301 0 "-" "Mozilla/5.0 (Windows NT 10.0; Win64; x64) AppleWebKit/537.36 (KHTML, like Gecko) Chrome/74.0.3729.169 Safari/537.36"
13.82.27.229 - - [07/Apr/2025:00:57:58 -0400] "HEAD /wordpress/ HTTP/1.1" 403 0 "http://bakingsecurityin.com/wordpress" "Mozilla/5.0 (Windows NT 10.0; Win64; x64) AppleWebKit/537.36 (KHTML, like Gecko) Chrome/74.0.3729.169 Safari/537.36"
198.54.114.83 - - [07/Apr/2025:00:57:59 -0400] "POST /wp-cron.php?doing_wp_cron=1744001879.5491979122161865234375 HTTP/1.1" 200 0 "-" "WordPress/6.7.2; https://bakingsecurityin.com"
13.82.27.229 - - [07/Apr/2025:00:57:59 -0400] "HEAD / HTTP/1.1" 200 0 "-" "Mozilla/5.0 (Windows NT 10.0; Win64; x64) AppleWebKit/537.36 (KHTML, like Gecko) Chrome/74.0.3729.169 Safari/537.36"
13.82.27.229 - - [07/Apr/2025:00:58:00 -0400] "HEAD /wp HTTP/1.1" 404 0 "-" "Mozilla/5.0 (Windows NT 10.0; Win64; x64) AppleWebKit/537.36 (KHTML, like Gecko) Chrome/74.0.3729.169 Safari/537.36"
13.82.27.229 - - [07/Apr/2025:00:58:01 -0400] "HEAD /bc HTTP/1.1" 404 0 "-" "Mozilla/5.0 (Windows NT 10.0; Win64; x64) AppleWebKit/537.36 (KHTML, like Gecko) Chrome/74.0.3729.169 Safari/537.36"
13.82.27.229 - - [07/Apr/2025:00:58:02 -0400] "HEAD /bk HTTP/1.1" 404 0 "-" "Mozilla/5.0 (Windows NT 10.0; Win64; x64) AppleWebKit/537.36 (KHTML, like Gecko) Chrome/74.0.3729.169 Safari/537.36"
13.82.27.229 - - [07/Apr/2025:00:58:03 -0400] "HEAD /backup HTTP/1.1" 404 0 "-" "Mozilla/5.0 (Windows NT 10.0; Win64; x64) AppleWebKit/537.36 (KHTML, like Gecko) Chrome/74.0.3729.169 Safari/537.36"
13.82.27.229 - - [07/Apr/2025:00:58:04 -0400] "HEAD /old HTTP/1.1" 404 0 "-" "Mozilla/5.0 (Windows NT 10.0; Win64; x64) AppleWebKit/537.36 (KHTML, like Gecko) Chrome/74.0.3729.169 Safari/537.36"
13.82.27.229 - - [07/Apr/2025:00:58:05 -0400] "HEAD /new HTTP/1.1" 301 0 "-" "Mozilla/5.0 (Windows NT 10.0; Win64; x64) AppleWebKit/537.36 (KHTML, like Gecko) Chrome/74.0.3729.169 Safari/537.36"
13.82.27.229 - - [07/Apr/2025:00:58:06 -0400] "HEAD /main HTTP/1.1" 404 0 "-" "Mozilla/5.0 (Windows NT 10.0; Win64; x64) AppleWebKit/537.36 (KHTML, like Gecko) Chrome/74.0.3729.169 Safari/537.36"
13.82.27.229 - - [07/Apr/2025:00:58:07 -0400] "HEAD /home HTTP/1.1" 404 0 "-" "Mozilla/5.0 (Windows NT 10.0; Win64; x64) AppleWebKit/537.36 (KHTML, like Gecko) Chrome/74.0.3729.169 Safari/537.36"
198.54.114.83 - - [07/Apr/2025:00:59:33 -0400] "POST /wp-cron.php?doing_wp_cron=1744001973.5200400352478027343750 HTTP/1.1" 200 0 "-" "WordPress/6.7.2; https://bakingsecurityin.com"
184.168.126.97 - - [07/Apr/2025:00:59:33 -0400] "POST /xmlrpc.php HTTP/1.1" 200 236 "-" "Mozilla/5.0 (X11; Fedora; Linux x86_64; rv:94.0) Gecko/20100101 Firefox/95.0"
116.204.78.140 - - [07/Apr/2025:01:13:04 -0400] "POST /wp-login.php HTTP/1.1" 302 0 "http://bakingsecurityin.com" "Mozilla/5.0 (Macintosh; Intel Mac OS X 14.3) AppleWebKit/614.31.14 (KHTML, like Gecko) Version/17.0.96 Safari/614.31.14"
216.244.66.236 - - [07/Apr/2025:01:18:12 -0400] "GET /robots.txt HTTP/1.1" 304 0 "-" "Mozilla/5.0 (compatible; DotBot/1.2; +https://opensiteexplorer.org/dotbot; help@moz.com)"
198.54.114.83 - - [07/Apr/2025:01:26:49 -0400] "POST /wp-cron.php?doing_wp_cron=1744003609.0155661106109619140625 HTTP/1.1" 200 0 "-" "WordPress/6.7.2; https://bakingsecurityin.com"
103.253.14.90 - - [07/Apr/2025:01:26:46 -0400] "POST /xmlrpc.php HTTP/1.1" 200 236 "-" "Mozilla/5.0 (X11; Fedora; Linux x86_64; rv:94.0) Gecko/20100101 Firefox/95.0"
198.54.114.83 - - [07/Apr/2025:01:28:47 -0400] "POST /wp-cron.php?doing_wp_cron=1744003726.9303460121154785156250 HTTP/1.1" 200 0 "-" "WordPress/6.7.2; https://bakingsecurityin.com"
38.242.195.184 - - [07/Apr/2025:01:28:44 -0400] "POST /wp-login.php HTTP/1.1" 302 0 "http://bakingsecurityin.com" "Mozilla/5.0 (Windows NT 10.0; Win64; x64) AppleWebKit/537.36 (KHTML, like Gecko) Chrome/116.0.5845.96 Safari/537.36"
216.244.66.236 - - [07/Apr/2025:01:30:38 -0400] "GET /best-treatments-for-teeth-sensitivity/ HTTP/1.1" 200 0 "-" "Mozilla/5.0 (compatible; DotBot/1.2; +https://opensiteexplorer.org/dotbot; help@moz.com)"
198.54.114.83 - - [07/Apr/2025:01:30:43 -0400] "POST /wp-cron.php?doing_wp_cron=1744003841.4694359302520751953125 HTTP/1.1" 200 0 "-" "WordPress/6.7.2; https://bakingsecurityin.com"
198.54.114.83 - - [07/Apr/2025:01:33:37 -0400] "POST /wp-cron.php?doing_wp_cron=1744004016.9448020458221435546875 HTTP/1.1" 200 0 "-" "WordPress/6.7.2; https://bakingsecurityin.com"
216.244.66.236 - - [07/Apr/2025:01:33:36 -0400] "GET /why-the-name-ronaldo-is-so-popular-in-the-football-arena/feed/ HTTP/1.1" 200 473 "-" "Mozilla/5.0 (compatible; DotBot/1.2; +https://opensiteexplorer.org/dotbot; help@moz.com)"
2a06:6440:0:2c3d::1 - - [07/Apr/2025:01:44:29 -0400] "POST /wp-login.php HTTP/1.1" 302 0 "http://bakingsecurityin.com" "Mozilla/5.0 (Windows NT 11.0; Win64; x64) AppleWebKit/537.36 (KHTML, like Gecko) Chrome/126.0.0.0 Safari/537.36 Edg/126.0.0.0"
198.54.114.83 - - [07/Apr/2025:01:48:33 -0400] "POST /wp-cron.php?doing_wp_cron=1744004912.6936030387878417968750 HTTP/1.1" 200 0 "-" "WordPress/6.7.2; https://bakingsecurityin.com"
157.230.33.59 - - [07/Apr/2025:01:48:28 -0400] "GET / HTTP/1.1" 200 0 "-" "Mozilla/5.0 (Windows NT 10.0; Win64; x64) AppleWebKit/537.36 (KHTML, like Gecko) Chrome/78.0.3904.108 Safari/537.36"
157.230.33.59 - - [07/Apr/2025:01:48:34 -0400] "GET /?author=1 HTTP/1.1" 301 0 "-" "Mozilla/5.0 (Windows NT 10.0; Win64; x64) AppleWebKit/537.36 (KHTML, like Gecko) Chrome/78.0.3904.108 Safari/537.36"
157.230.33.59 - - [07/Apr/2025:01:48:34 -0400] "GET /?author=2 HTTP/1.1" 301 0 "-" "Mozilla/5.0 (Windows NT 10.0; Win64; x64) AppleWebKit/537.36 (KHTML, like Gecko) Chrome/78.0.3904.108 Safari/537.36"
157.230.33.59 - - [07/Apr/2025:01:48:35 -0400] "GET /wp-json/wp/v2/users/ HTTP/1.1" 200 1292 "-" "Mozilla/5.0 (Windows NT 10.0; Win64; x64) AppleWebKit/537.36 (KHTML, like Gecko) Chrome/78.0.3904.108 Safari/537.36"
157.230.33.59 - - [07/Apr/2025:01:48:36 -0400] "POST /xmlrpc.php HTTP/1.1" 200 236 "-" "Mozilla/5.0 (Windows NT 10.0; Win64; x64) AppleWebKit/537.36 (KHTML, like Gecko) Chrome/78.0.3904.108 Safari/537.36"
157.230.33.59 - - [07/Apr/2025:01:48:37 -0400] "POST /xmlrpc.php HTTP/1.1" 200 236 "-" "Mozilla/5.0 (Windows NT 10.0; Win64; x64) AppleWebKit/537.36 (KHTML, like Gecko) Chrome/78.0.3904.108 Safari/537.36"
157.230.33.59 - - [07/Apr/2025:01:48:38 -0400] "POST /xmlrpc.php HTTP/1.1" 200 236 "-" "Mozilla/5.0 (Windows NT 10.0; Win64; x64) AppleWebKit/537.36 (KHTML, like Gecko) Chrome/78.0.3904.108 Safari/537.36"
157.230.33.59 - - [07/Apr/2025:01:48:40 -0400] "POST /xmlrpc.php HTTP/1.1" 200 236 "-" "Mozilla/5.0 (Windows NT 10.0; Win64; x64) AppleWebKit/537.36 (KHTML, like Gecko) Chrome/78.0.3904.108 Safari/537.36"
157.230.33.59 - - [07/Apr/2025:01:48:41 -0400] "POST /xmlrpc.php HTTP/1.1" 200 236 "-" "Mozilla/5.0 (Windows NT 10.0; Win64; x64) AppleWebKit/537.36 (KHTML, like Gecko) Chrome/78.0.3904.108 Safari/537.36"
157.230.33.59 - - [07/Apr/2025:01:48:42 -0400] "POST /xmlrpc.php HTTP/1.1" 200 236 "-" "Mozilla/5.0 (Windows NT 10.0; Win64; x64) AppleWebKit/537.36 (KHTML, like Gecko) Chrome/78.0.3904.108 Safari/537.36"
173.236.208.250 - - [07/Apr/2025:01:58:06 -0400] "POST /xmlrpc.php HTTP/1.1" 200 236 "-" "Mozilla/5.0 (X11; Fedora; Linux x86_64; rv:94.0) Gecko/20100101 Firefox/95.0"
198.54.114.83 - - [07/Apr/2025:02:00:00 -0400] "POST /wp-cron.php?doing_wp_cron=1744005599.4987070560455322265625 HTTP/1.1" 200 0 "-" "WordPress/6.7.2; https://bakingsecurityin.com"
68.178.145.83 - - [07/Apr/2025:01:59:56 -0400] "POST /wp-login.php HTTP/1.1" 302 0 "http://bakingsecurityin.com" "Mozilla/5.0 (Macintosh; Intel Mac OS X 10_15_7; rv:127.0) Gecko/20100101 Firefox/127.0"
198.54.114.83 - - [07/Apr/2025:02:08:49 -0400] "POST /wp-cron.php?doing_wp_cron=1744006129.2047600746154785156250 HTTP/1.1" 200 0 "-" "WordPress/6.7.2; https://bakingsecurityin.com"
94.131.12.90 - - [07/Apr/2025:02:08:48 -0400] "GET /wp-login.php HTTP/1.1" 302 0 "-" "Mozilla/5.0 (Windows NT 10.0; Win64; x64) AppleWebKit/537.36 (KHTML, like Gecko) Chrome/87.0.4280.141 Safari/537.36"
110.14.63.159 - - [07/Apr/2025:02:08:51 -0400] "POST /wp-login.php HTTP/1.1" 302 0 "-" "Mozilla/5.0 (Windows NT 10.0; Win64; x64) AppleWebKit/537.36 (KHTML, like Gecko) Chrome/87.0.4280.141 Safari/537.36"
198.54.114.83 - - [07/Apr/2025:02:15:32 -0400] "POST /wp-cron.php?doing_wp_cron=1744006531.2509140968322753906250 HTTP/1.1" 200 0 "-" "WordPress/6.7.2; https://bakingsecurityin.com"
162.214.124.144 - - [07/Apr/2025:02:15:30 -0400] "POST /wp-login.php HTTP/1.1" 302 0 "http://bakingsecurityin.com" "Mozilla/5.0 (Macintosh; Intel Mac OS X 10_15_7) AppleWebKit/537.36 (KHTML, like Gecko) Chrome/114.0.5735.134 Safari/537.36"
216.244.66.236 - - [07/Apr/2025:02:22:53 -0400] "GET /robots.txt HTTP/1.1" 304 0 "-" "Mozilla/5.0 (compatible; DotBot/1.2; +https://opensiteexplorer.org/dotbot; help@moz.com)"
198.54.114.83 - - [07/Apr/2025:02:31:07 -0400] "POST /wp-cron.php?doing_wp_cron=1744007466.3286979198455810546875 HTTP/1.1" 200 0 "-" "WordPress/6.7.2; https://bakingsecurityin.com"
2607:5300:60:9ba6:: - - [07/Apr/2025:02:31:00 -0400] "POST /wp-login.php HTTP/1.1" 302 0 "http://bakingsecurityin.com" "Mozilla/5.0 (Macintosh; Intel Mac OS X 14_4_1) AppleWebKit/605.1.15 (KHTML, like Gecko) Version/17.3.1 Safari/605.1.15"
198.54.114.83 - - [07/Apr/2025:02:32:48 -0400] "POST /wp-cron.php?doing_wp_cron=1744007568.2194321155548095703125 HTTP/1.1" 200 0 "-" "WordPress/6.7.2; https://bakingsecurityin.com"
193.164.17.45 - - [07/Apr/2025:02:32:45 -0400] "POST /xmlrpc.php HTTP/1.1" 200 236 "-" "Mozilla/5.0 (X11; Fedora; Linux x86_64; rv:94.0) Gecko/20100101 Firefox/95.0"
198.54.114.83 - - [07/Apr/2025:02:33:54 -0400] "POST /wp-cron.php?doing_wp_cron=1744007634.1076440811157226562500 HTTP/1.1" 200 0 "-" "WordPress/6.7.2; https://bakingsecurityin.com"
216.244.66.236 - - [07/Apr/2025:02:33:53 -0400] "GET /a-divorce-mediation-lawyer-can-help-you-work-out-a-settlement/feed/ HTTP/1.1" 200 475 "-" "Mozilla/5.0 (compatible; DotBot/1.2; +https://opensiteexplorer.org/dotbot; help@moz.com)"
216.244.66.236 - - [07/Apr/2025:02:34:00 -0400] "GET /navigating-ai-gpu-pricing-and-availability/feed/ HTTP/1.1" 200 446 "-" "Mozilla/5.0 (compatible; DotBot/1.2; +https://opensiteexplorer.org/dotbot; help@moz.com)"
85.208.98.23 - - [07/Apr/2025:02:36:31 -0400] "GET /robots.txt HTTP/1.1" 304 0 "-" "Mozilla/5.0 (compatible; SemrushBot-BA; +http://www.semrush.com/bot.html)"
198.54.114.83 - - [07/Apr/2025:02:46:29 -0400] "POST /wp-cron.php?doing_wp_cron=1744008388.8281641006469726562500 HTTP/1.1" 200 0 "-" "WordPress/6.7.2; https://bakingsecurityin.com"
188.164.195.65 - - [07/Apr/2025:02:46:24 -0400] "POST /wp-login.php HTTP/1.1" 302 0 "http://bakingsecurityin.com" "Mozilla/5.0 (Windows NT 10.0; Win64; x64; rv:127.0) Gecko/20100101 Firefox/127.0"
198.54.114.83 - - [07/Apr/2025:02:50:58 -0400] "POST /wp-cron.php?doing_wp_cron=1744008657.0363409519195556640625 HTTP/1.1" 200 0 "-" "WordPress/6.7.2; https://bakingsecurityin.com"
124.156.159.53 - - [07/Apr/2025:02:50:56 -0400] "GET //wp-content/plugins/fix/up.php HTTP/1.1" 301 0 "-" "Mozilla/5.0 (Windows NT 10.0; Win64; x64) AppleWebKit/537.36 (KHTML, like Gecko) Chrome/85.0.4183.102 Safari/537.36"
124.156.159.53 - - [07/Apr/2025:02:50:58 -0400] "GET /wp-content/plugins/fix/up.php HTTP/1.1" 404 0 "-" "Mozilla/5.0 (Windows NT 10.0; Win64; x64) AppleWebKit/537.36 (KHTML, like Gecko) Chrome/85.0.4183.102 Safari/537.36"
43.156.202.34 - - [07/Apr/2025:02:54:23 -0400] "GET / HTTP/1.1" 200 0 "-" "Mozilla/5.0 (iPhone; CPU iPhone OS 13_2_3 like Mac OS X) AppleWebKit/605.1.15 (KHTML, like Gecko) Version/13.0.3 Mobile/15E148 Safari/604.1"
208.107.66.243 - - [07/Apr/2025:03:01:57 -0400] "POST /wp-login.php HTTP/1.1" 302 0 "http://bakingsecurityin.com" "Mozilla/5.0 (Windows NT 10.0; Win64; x64) AppleWebKit/537.36 (KHTML, like Gecko) Chrome/113.0.5672.126 Safari/537.36 Edg/113.0.1774.50"
198.54.114.83 - - [07/Apr/2025:03:17:42 -0400] "POST /wp-cron.php?doing_wp_cron=1744010261.3248949050903320312500 HTTP/1.1" 200 0 "-" "WordPress/6.7.2; https://bakingsecurityin.com"
162.213.255.38 - - [07/Apr/2025:03:17:40 -0400] "POST /wp-login.php HTTP/1.1" 302 0 "http://bakingsecurityin.com" "Mozilla/5.0 (Windows NT 10.0; Win64; x64) AppleWebKit/537.36 (KHTML, like Gecko) Chrome/113.0.5672.93 Safari/537.36"
216.244.66.236 - - [07/Apr/2025:03:21:43 -0400] "GET /how-to-win-wordle-today/feed/ HTTP/1.1" 200 425 "-" "Mozilla/5.0 (compatible; DotBot/1.2; +https://opensiteexplorer.org/dotbot; help@moz.com)"
198.54.114.83 - - [07/Apr/2025:03:21:48 -0400] "POST /wp-cron.php?doing_wp_cron=1744010506.0275890827178955078125 HTTP/1.1" 200 0 "-" "WordPress/6.7.2; https://bakingsecurityin.com"
216.244.66.236 - - [07/Apr/2025:03:22:15 -0400] "GET /la-mode-feminine-elegance-et-polyvalence/feed/ HTTP/1.1" 200 459 "-" "Mozilla/5.0 (compatible; DotBot/1.2; +https://opensiteexplorer.org/dotbot; help@moz.com)"
157.245.36.108 - - [07/Apr/2025:03:23:52 -0400] "GET / HTTP/1.1" 200 0 "-" "-"
198.54.114.83 - - [07/Apr/2025:03:23:55 -0400] "POST /wp-cron.php?doing_wp_cron=1744010633.8625059127807617187500 HTTP/1.1" 200 0 "-" "WordPress/6.7.2; https://bakingsecurityin.com"
162.0.232.166 - - [07/Apr/2025:03:33:20 -0400] "POST /wp-login.php HTTP/1.1" 302 0 "http://bakingsecurityin.com" "Mozilla/5.0 (Windows NT 10.0; Win64; x64; rv:125.0.1) Gecko/20100101 Firefox/125.0.1"
217.156.65.24 - - [07/Apr/2025:03:50:28 -0400] "POST /wp-login.php HTTP/1.1" 302 0 "http://bakingsecurityin.com" "Mozilla/5.0 (Windows NT 10.0; Win64; x64) AppleWebKit/537.36 (KHTML, like Gecko) Chrome/115.0.5790.171 Safari/537.36 Edg/115.0.1901.203"
66.249.66.81 - - [07/Apr/2025:03:51:50 -0400] "GET / HTTP/1.1" 200 0 "-" "Mozilla/5.0 (Linux; Android 6.0.1; Nexus 5X Build/MMB29P) AppleWebKit/537.36 (KHTML, like Gecko) Chrome/99.0.4844.84 Mobile Safari/537.36 (compatible; Googlebot/2.1; +http://www.google.com/bot.html)"
66.249.66.79 - - [07/Apr/2025:03:51:51 -0400] "GET / HTTP/1.1" 200 0 "-" "Mozilla/5.0 (compatible; Googlebot/2.1; +http://www.google.com/bot.html)"
66.249.66.81 - - [07/Apr/2025:03:51:52 -0400] "GET /favicon.ico HTTP/1.1" 404 1251 "-" "Googlebot-Image/1.0"
216.244.66.236 - - [07/Apr/2025:03:58:21 -0400] "GET /robots.txt HTTP/1.1" 304 0 "-" "Mozilla/5.0 (compatible; DotBot/1.2; +https://opensiteexplorer.org/dotbot; help@moz.com)"
128.199.126.239 - - [07/Apr/2025:04:08:14 -0400] "POST /wp-login.php HTTP/1.1" 302 0 "http://bakingsecurityin.com" "Mozilla/5.0 (Windows NT 10.0; Win64; x64) AppleWebKit/537.36 (KHTML, like Gecko) Chrome/116.0.5845.96 Safari/537.36"
216.244.66.236 - - [07/Apr/2025:04:09:51 -0400] "GET /how-to-get-rid-of-the-hollow-arrow-on-your-iphone/ HTTP/1.1" 200 0 "-" "Mozilla/5.0 (compatible; DotBot/1.2; +https://opensiteexplorer.org/dotbot; help@moz.com)"
216.244.66.236 - - [07/Apr/2025:04:09:57 -0400] "GET /relaxation-on-the-go-the-business-trip-massage/ HTTP/1.1" 200 0 "-" "Mozilla/5.0 (compatible; DotBot/1.2; +https://opensiteexplorer.org/dotbot; help@moz.com)"
216.244.66.236 - - [07/Apr/2025:04:10:36 -0400] "GET /send-receive-large-files-via-the-web-nothing-to-install-or-setup-using-clicknsync-com-portal/feed/ HTTP/1.1" 200 517 "-" "Mozilla/5.0 (compatible; DotBot/1.2; +https://opensiteexplorer.org/dotbot; help@moz.com)"
198.54.114.37 - - [07/Apr/2025:04:26:05 -0400] "POST /wp-login.php HTTP/1.1" 302 0 "http://bakingsecurityin.com" "Mozilla/5.0 (Windows NT 10.0; Win64; x64) AppleWebKit/537.36 (KHTML, like Gecko) Chrome/113.0.5672.126 Safari/537.36 Edg/113.0.1774.50"
162.213.255.14 - - [07/Apr/2025:04:43:57 -0400] "POST /wp-login.php HTTP/1.1" 302 0 "http://bakingsecurityin.com" "Mozilla/5.0 (Macintosh; Intel Mac OS X 10_15_7; rv:128.0) Gecko/20100101 Firefox/128.0"
34.46.107.224 - - [07/Apr/2025:05:01:55 -0400] "POST /wp-login.php HTTP/1.1" 302 0 "http://bakingsecurityin.com" "Mozilla/5.0 (Windows NT 10.0; Win64; x64) AppleWebKit/537.36 (KHTML, like Gecko) Chrome/126.0.0.0 Safari/537.36"
142.93.15.2 - - [07/Apr/2025:05:19:56 -0400] "POST /wp-login.php HTTP/1.1" 302 0 "http://bakingsecurityin.com" "Mozilla/5.0 (Macintosh; Intel Mac OS X 10_15_7; rv:129.0) Gecko/20100101 Firefox/129.0"
93.123.109.28 - - [07/Apr/2025:05:35:51 -0400] "GET / HTTP/1.1" 200 0 "-" "Mozilla/5.0 (Windows NT 6.1; WOW64) AppleWebKit/537.36 (KHTML, like Gecko) Chrome/47.0.2526.111 Safari/537.36"
93.123.109.28 - - [07/Apr/2025:05:35:56 -0400] "GET /favicon.ico HTTP/1.1" 404 1251 "-" "Mozilla/5.0 (Windows NT 6.1; WOW64) AppleWebKit/537.36 (KHTML, like Gecko) Chrome/47.0.2526.111 Safari/537.36"
216.244.66.236 - - [07/Apr/2025:05:36:44 -0400] "GET /robots.txt HTTP/1.1" 200 116 "-" "Mozilla/5.0 (compatible; DotBot/1.2; +https://opensiteexplorer.org/dotbot; help@moz.com)"
2a06:6440:0:2caa::1 - - [07/Apr/2025:05:37:58 -0400] "POST /wp-login.php HTTP/1.1" 302 0 "http://bakingsecurityin.com" "Mozilla/5.0 (Windows NT 10.0; Win64; x64; rv:127.0) Gecko/20100101 Firefox/127.0"
216.244.66.236 - - [07/Apr/2025:05:49:02 -0400] "GET /getting-started-with-accessories/ HTTP/1.1" 200 0 "-" "Mozilla/5.0 (compatible; DotBot/1.2; +https://opensiteexplorer.org/dotbot; help@moz.com)"
139.59.16.194 - - [07/Apr/2025:05:56:01 -0400] "POST /wp-login.php HTTP/1.1" 302 0 "http://bakingsecurityin.com" "Mozilla/5.0 (Macintosh; Intel Mac OS X 10_15_7) AppleWebKit/537.36 (KHTML, like Gecko) Chrome/115.0.5790.102 Safari/537.36"
161.97.132.59 - - [07/Apr/2025:06:01:22 -0400] "GET / HTTP/1.1" 200 0 "-" "Mozilla/5.0 (Windows NT 10.0; Win64; x64) AppleWebKit/537.36 (KHTML, like Gecko) Chrome/89.0.4389.114 Safari/537.36"
161.97.132.59 - - [07/Apr/2025:06:01:27 -0400] "GET /wp-login.php HTTP/1.1" 302 0 "-" "Mozilla/5.0 (Windows NT 10.0; Win64; x64) AppleWebKit/537.36 (KHTML, like Gecko) Chrome/89.0.4389.114 Safari/537.36"
162.213.251.40 - - [07/Apr/2025:06:14:01 -0400] "POST /wp-login.php HTTP/1.1" 302 0 "http://bakingsecurityin.com" "Mozilla/5.0 (Macintosh; Intel Mac OS X 10_15_7; rv:127.0) Gecko/20100101 Firefox/127.0"
213.199.36.148 - - [07/Apr/2025:06:32:14 -0400] "POST /wp-login.php HTTP/1.1" 302 0 "http://bakingsecurityin.com" "Mozilla/5.0 (Windows NT 10.0; Win64; x64) AppleWebKit/537.36 (KHTML, like Gecko) Chrome/112.0.5615.138 Safari/537.36 Edg/112.0.1722.68"
216.244.66.236 - - [07/Apr/2025:06:39:55 -0400] "GET /robots.txt HTTP/1.1" 200 116 "-" "Mozilla/5.0 (compatible; DotBot/1.2; +https://opensiteexplorer.org/dotbot; help@moz.com)"
216.244.66.236 - - [07/Apr/2025:06:49:25 -0400] "GET /tennis-prediction/ HTTP/1.1" 200 0 "-" "Mozilla/5.0 (compatible; DotBot/1.2; +https://opensiteexplorer.org/dotbot; help@moz.com)"
216.244.66.236 - - [07/Apr/2025:06:49:47 -0400] "GET /2021/01/ HTTP/1.1" 200 0 "-" "Mozilla/5.0 (compatible; DotBot/1.2; +https://opensiteexplorer.org/dotbot; help@moz.com)"
216.244.66.236 - - [07/Apr/2025:06:50:08 -0400] "GET /the-best-sarms-for-building-muscle/ HTTP/1.1" 200 0 "-" "Mozilla/5.0 (compatible; DotBot/1.2; +https://opensiteexplorer.org/dotbot; help@moz.com)"
188.164.195.65 - - [07/Apr/2025:06:50:29 -0400] "POST /wp-login.php HTTP/1.1" 302 0 "http://bakingsecurityin.com" "Mozilla/5.0 (Macintosh; Intel Mac OS X 14_6) AppleWebKit/605.1.15 (KHTML, like Gecko) Version/17.5 Safari/605.1.15"
216.244.66.236 - - [07/Apr/2025:06:51:13 -0400] "GET /finding-the-right-curly-hairdresser/feed/ HTTP/1.1" 200 436 "-" "Mozilla/5.0 (compatible; DotBot/1.2; +https://opensiteexplorer.org/dotbot; help@moz.com)"
216.244.66.236 - - [07/Apr/2025:06:56:33 -0400] "GET /moderne-beleuchtung-fur-zeitgemases-ambiente/feed/ HTTP/1.1" 200 460 "-" "Mozilla/5.0 (compatible; DotBot/1.2; +https://opensiteexplorer.org/dotbot; help@moz.com)"
216.244.66.236 - - [07/Apr/2025:06:56:43 -0400] "GET /why-you-need-a-drunk-driving-defense-lawyer/feed/ HTTP/1.1" 200 453 "-" "Mozilla/5.0 (compatible; DotBot/1.2; +https://opensiteexplorer.org/dotbot; help@moz.com)"
85.208.98.23 - - [07/Apr/2025:07:08:52 -0400] "GET /robots.txt HTTP/1.1" 200 116 "-" "Mozilla/5.0 (compatible; SemrushBot-BA; +http://www.semrush.com/bot.html)"
198.54.114.83 - - [07/Apr/2025:07:09:01 -0400] "POST /wp-cron.php?doing_wp_cron=1744024140.2585339546203613281250 HTTP/1.1" 200 0 "-" "WordPress/6.7.2; https://bakingsecurityin.com"
2a04:3544:1000:1510:c0ca:ff:feca:1a5e - - [07/Apr/2025:07:08:57 -0400] "POST /wp-login.php HTTP/1.1" 302 0 "http://bakingsecurityin.com" "Mozilla/5.0 (Windows NT 10.0; Win64; x64) AppleWebKit/537.36 (KHTML, like Gecko) Chrome/115.0.5790.171 Safari/537.36 Edg/115.0.1901.203"
198.54.114.83 - - [07/Apr/2025:07:27:12 -0400] "POST /wp-cron.php?doing_wp_cron=1744025231.7229089736938476562500 HTTP/1.1" 200 0 "-" "WordPress/6.7.2; https://bakingsecurityin.com"
198.54.114.36 - - [07/Apr/2025:07:27:08 -0400] "POST /wp-login.php HTTP/1.1" 302 0 "http://bakingsecurityin.com" "Mozilla/5.0 (Windows NT 11.0; Win64; x64) AppleWebKit/537.36 (KHTML, like Gecko) Chrome/126.0.0.0 Safari/537.36 Edg/126.0.0.0"
198.54.114.83 - - [07/Apr/2025:07:38:46 -0400] "POST /wp-cron.php?doing_wp_cron=1744025925.2386250495910644531250 HTTP/1.1" 200 0 "-" "WordPress/6.7.2; https://bakingsecurityin.com"
216.244.66.236 - - [07/Apr/2025:07:38:41 -0400] "GET /the-art-of-outright-tennis-betting-lesson-2-course-distance-form/ HTTP/1.1" 200 0 "-" "Mozilla/5.0 (compatible; DotBot/1.2; +https://opensiteexplorer.org/dotbot; help@moz.com)"
198.54.114.83 - - [07/Apr/2025:07:39:58 -0400] "POST /wp-cron.php?doing_wp_cron=1744025997.8885040283203125000000 HTTP/1.1" 200 0 "-" "WordPress/6.7.2; https://bakingsecurityin.com"
216.244.66.236 - - [07/Apr/2025:07:39:57 -0400] "GET /comprehensive-physiotherapy-care-in-auckland/feed/ HTTP/1.1" 200 445 "-" "Mozilla/5.0 (compatible; DotBot/1.2; +https://opensiteexplorer.org/dotbot; help@moz.com)"
198.54.114.83 - - [07/Apr/2025:07:41:25 -0400] "POST /wp-cron.php?doing_wp_cron=1744026085.2868640422821044921875 HTTP/1.1" 200 0 "-" "WordPress/6.7.2; https://bakingsecurityin.com"
216.244.66.236 - - [07/Apr/2025:07:41:24 -0400] "GET /gucci-briefcases-for-women/feed/ HTTP/1.1" 200 429 "-" "Mozilla/5.0 (compatible; DotBot/1.2; +https://opensiteexplorer.org/dotbot; help@moz.com)"
216.244.66.236 - - [07/Apr/2025:07:41:48 -0400] "GET /houston-drain-cleaning/feed/ HTTP/1.1" 200 423 "-" "Mozilla/5.0 (compatible; DotBot/1.2; +https://opensiteexplorer.org/dotbot; help@moz.com)"
216.244.66.236 - - [07/Apr/2025:07:42:10 -0400] "GET /revolutionizing-media-consumption/feed/ HTTP/1.1" 200 432 "-" "Mozilla/5.0 (compatible; DotBot/1.2; +https://opensiteexplorer.org/dotbot; help@moz.com)"
216.244.66.236 - - [07/Apr/2025:07:44:52 -0400] "GET /the-weighted-stuffed-animal/feed/ HTTP/1.1" 200 432 "-" "Mozilla/5.0 (compatible; DotBot/1.2; +https://opensiteexplorer.org/dotbot; help@moz.com)"
198.54.114.83 - - [07/Apr/2025:07:45:09 -0400] "POST /wp-cron.php?doing_wp_cron=1744026309.2443540096282958984375 HTTP/1.1" 200 0 "-" "WordPress/6.7.2; https://bakingsecurityin.com"
2607:5300:60:9ba6:: - - [07/Apr/2025:07:45:09 -0400] "POST /wp-login.php HTTP/1.1" 302 0 "http://bakingsecurityin.com" "Mozilla/5.0 (Windows NT 11.0; Win64; x64) AppleWebKit/537.36 (KHTML, like Gecko) Chrome/126.0.0.0 Safari/537.36"
198.54.114.83 - - [07/Apr/2025:07:58:15 -0400] "POST /wp-cron.php?doing_wp_cron=1744027095.6137449741363525390625 HTTP/1.1" 200 0 "-" "WordPress/6.7.2; https://bakingsecurityin.com"
182.42.105.144 - - [07/Apr/2025:07:58:15 -0400] "GET / HTTP/1.1" 200 0 "-" "Mozilla/5.0 (iPhone; CPU iPhone OS 13_2_3 like Mac OS X) AppleWebKit/605.1.15 (KHTML, like Gecko) Version/13.0.3 Mobile/15E148 Safari/604.1"
198.54.114.83 - - [07/Apr/2025:08:03:18 -0400] "POST /wp-cron.php?doing_wp_cron=1744027398.0111761093139648437500 HTTP/1.1" 200 0 "-" "WordPress/6.7.2; https://bakingsecurityin.com"
198.54.121.141 - - [07/Apr/2025:08:03:14 -0400] "POST /wp-login.php HTTP/1.1" 302 0 "http://bakingsecurityin.com" "Mozilla/5.0 (Macintosh; Intel Mac OS X 14.3) AppleWebKit/614.31.14 (KHTML, like Gecko) Version/17.0.96 Safari/614.31.14"
198.54.114.83 - - [07/Apr/2025:08:12:40 -0400] "POST /wp-cron.php?doing_wp_cron=1744027959.7355918884277343750000 HTTP/1.1" 200 0 "-" "WordPress/6.7.2; https://bakingsecurityin.com"
208.107.66.243 - - [07/Apr/2025:08:12:39 -0400] "POST /wp-login.php HTTP/1.1" 302 0 "http://bakingsecurityin.com" "Mozilla/5.0 (Windows NT 10.0; Win64; x64) AppleWebKit/537.36 (KHTML, like Gecko) Chrome/114.0.5735.199 Safari/537.36 Edg/114.0.1823.67"
216.244.66.236 - - [07/Apr/2025:08:30:47 -0400] "GET /entdecke-das-lebendige-viertel-dusseldorf-unterbilk/ HTTP/1.1" 200 0 "-" "Mozilla/5.0 (compatible; DotBot/1.2; +https://opensiteexplorer.org/dotbot; help@moz.com)"
198.54.114.83 - - [07/Apr/2025:08:31:51 -0400] "POST /wp-cron.php?doing_wp_cron=1744029111.8288140296936035156250 HTTP/1.1" 200 0 "-" "WordPress/6.7.2; https://bakingsecurityin.com"
216.244.66.236 - - [07/Apr/2025:08:31:51 -0400] "GET /what-is-online-sports-betting/feed/ HTTP/1.1" 200 436 "-" "Mozilla/5.0 (compatible; DotBot/1.2; +https://opensiteexplorer.org/dotbot; help@moz.com)"
216.244.66.236 - - [07/Apr/2025:08:36:39 -0400] "GET /hhc-hash-gunstig-kaufen/ HTTP/1.1" 200 0 "-" "Mozilla/5.0 (compatible; DotBot/1.2; +https://opensiteexplorer.org/dotbot; help@moz.com)"
198.54.114.83 - - [07/Apr/2025:08:42:28 -0400] "POST /wp-cron.php?doing_wp_cron=1744029746.9592928886413574218750 HTTP/1.1" 200 0 "-" "WordPress/6.7.2; https://bakingsecurityin.com"
