216.244.66.236 - - [30/Mar/2025:12:15:49 -0400] "GET /dachdeckermeisterbetrieb-hamburg/feed/ HTTP/1.1" 200 429 "-" "Mozilla/5.0 (compatible; DotBot/1.2; +https://opensiteexplorer.org/dotbot; help@moz.com)"
216.244.66.236 - - [30/Mar/2025:12:15:55 -0400] "GET /horloges-murales-a-lire-absolument-avant-de-les-acheter/feed/ HTTP/1.1" 200 429 "-" "Mozilla/5.0 (compatible; DotBot/1.2; +https://opensiteexplorer.org/dotbot; help@moz.com)"
216.244.66.236 - - [30/Mar/2025:12:15:59 -0400] "GET /sport-betting-systems-do-they-really-work-and-is-there-such-thing-as-a-free-sport-betting-system/feed/ HTTP/1.1" 200 513 "-" "Mozilla/5.0 (compatible; DotBot/1.2; +https://opensiteexplorer.org/dotbot; help@moz.com)"
185.103.39.36 - - [30/Mar/2025:12:19:09 -0400] "POST /xmlrpc.php HTTP/1.1" 200 212 "http://bakingsecurityin.com" "Mozilla/5.0 (Windows NT 10.0; Win64; x64; rv:125.0.1) Gecko/20100101 Firefox/125.0.1"
39.98.44.15 - - [30/Mar/2025:12:28:21 -0400] "POST /xmlrpc.php HTTP/1.1" 200 236 "-" "Mozilla/5.0 (X11; Fedora; Linux x86_64; rv:94.0) Gecko/20100101 Firefox/95.0"
216.131.68.244 - - [30/Mar/2025:12:31:23 -0400] "GET /how-does-red-light-therapy-work/ HTTP/1.1" 200 0 "http://bakingsecurityin.com/how-does-red-light-therapy-work/" "Mozilla/5.0 (Windows NT 10.0; Win64; x64) AppleWebKit/537.36 (KHTML, like Gecko) Chrome/130.0.0.0 Safari/537.36 CCleaner/130.0.0.0"
216.131.68.244 - - [30/Mar/2025:12:31:23 -0400] "GET / HTTP/1.1" 200 0 "http://bakingsecurityin.com/" "Mozilla/5.0 (Windows NT 10.0; Win64; x64) AppleWebKit/537.36 (KHTML, like Gecko) Chrome/130.0.0.0 Safari/537.36 CCleaner/130.0.0.0"
216.244.66.236 - - [30/Mar/2025:12:34:37 -0400] "GET /robots.txt HTTP/1.1" 304 0 "-" "Mozilla/5.0 (compatible; DotBot/1.2; +https://opensiteexplorer.org/dotbot; help@moz.com)"
198.54.114.83 - - [30/Mar/2025:12:45:41 -0400] "POST /wp-cron.php?doing_wp_cron=1743353141.8735818862915039062500 HTTP/1.1" 200 0 "-" "WordPress/6.7.2; https://bakingsecurityin.com"
216.244.66.236 - - [30/Mar/2025:12:45:41 -0400] "GET /vintage-persian-rugs/ HTTP/1.1" 200 0 "-" "Mozilla/5.0 (compatible; DotBot/1.2; +https://opensiteexplorer.org/dotbot; help@moz.com)"
216.244.66.236 - - [30/Mar/2025:12:45:52 -0400] "GET /meilleures-idees-de-decoration-scientifique-pour-votre-salle-de-classe/ HTTP/1.1" 200 0 "-" "Mozilla/5.0 (compatible; DotBot/1.2; +https://opensiteexplorer.org/dotbot; help@moz.com)"
216.244.66.236 - - [30/Mar/2025:12:46:13 -0400] "GET /basic-mindfulness-meditation/ HTTP/1.1" 200 0 "-" "Mozilla/5.0 (compatible; DotBot/1.2; +https://opensiteexplorer.org/dotbot; help@moz.com)"
216.244.66.236 - - [30/Mar/2025:12:47:07 -0400] "GET /a-peek-into-the-financial-chronicles-of-a-budget-conscious-individual/ HTTP/1.1" 200 0 "-" "Mozilla/5.0 (compatible; DotBot/1.2; +https://opensiteexplorer.org/dotbot; help@moz.com)"
185.174.156.124 - - [30/Mar/2025:12:54:02 -0400] "GET /how-does-red-light-therapy-work/ HTTP/1.1" 200 0 "http://bakingsecurityin.com/how-does-red-light-therapy-work/" "Mozilla/5.0 (Windows NT 10.0; Win64; x64) AppleWebKit/537.36 (KHTML, like Gecko) Chrome/131.0.0.0 Safari/537.36"
198.54.114.83 - - [30/Mar/2025:12:54:03 -0400] "POST /wp-cron.php?doing_wp_cron=1743353643.7428510189056396484375 HTTP/1.1" 200 0 "-" "WordPress/6.7.2; https://bakingsecurityin.com"
185.174.156.124 - - [30/Mar/2025:12:54:03 -0400] "GET / HTTP/1.1" 200 0 "http://bakingsecurityin.com/" "Mozilla/5.0 (Windows NT 10.0; Win64; x64) AppleWebKit/537.36 (KHTML, like Gecko) Chrome/131.0.0.0 Safari/537.36"
198.54.114.83 - - [30/Mar/2025:12:59:01 -0400] "POST /wp-cron.php?doing_wp_cron=1743353940.5297529697418212890625 HTTP/1.1" 200 0 "-" "WordPress/6.7.2; https://bakingsecurityin.com"
8.218.30.127 - - [30/Mar/2025:12:59:00 -0400] "POST /xmlrpc.php HTTP/1.1" 200 236 "-" "Mozilla/5.0 (X11; Fedora; Linux x86_64; rv:94.0) Gecko/20100101 Firefox/95.0"
216.244.66.236 - - [30/Mar/2025:13:01:47 -0400] "GET /page/29/ HTTP/1.1" 200 0 "-" "Mozilla/5.0 (compatible; DotBot/1.2; +https://opensiteexplorer.org/dotbot; help@moz.com)"
216.244.66.236 - - [30/Mar/2025:13:01:53 -0400] "GET /page/7/ HTTP/1.1" 200 0 "-" "Mozilla/5.0 (compatible; DotBot/1.2; +https://opensiteexplorer.org/dotbot; help@moz.com)"
91.201.113.132 - - [30/Mar/2025:13:13:33 -0400] "GET /the-growing-popularity-of-online-casinos/ HTTP/1.1" 200 0 "http://bakingsecurityin.com/the-growing-popularity-of-online-casinos/" "Mozilla/5.0 (Windows NT 10.0; Win64; x64) AppleWebKit/537.36 (KHTML, like Gecko) Chrome/129.0.0.0 Safari/537.36"
91.201.113.132 - - [30/Mar/2025:13:13:34 -0400] "GET / HTTP/1.1" 200 0 "http://bakingsecurityin.com/" "Mozilla/5.0 (Windows NT 10.0; Win64; x64) AppleWebKit/537.36 (KHTML, like Gecko) Chrome/129.0.0.0 Safari/537.36"
198.54.114.83 - - [30/Mar/2025:13:13:38 -0400] "POST /wp-cron.php?doing_wp_cron=1743354816.4691030979156494140625 HTTP/1.1" 200 0 "-" "WordPress/6.7.2; https://bakingsecurityin.com"
198.54.114.83 - - [30/Mar/2025:13:28:06 -0400] "POST /wp-cron.php?doing_wp_cron=1743355686.3052909374237060546875 HTTP/1.1" 200 0 "-" "WordPress/6.7.2; https://bakingsecurityin.com"
61.4.121.124 - - [30/Mar/2025:13:28:06 -0400] "POST /xmlrpc.php HTTP/1.1" 200 236 "-" "Mozilla/5.0 (X11; Fedora; Linux x86_64; rv:94.0) Gecko/20100101 Firefox/95.0"
198.54.114.83 - - [30/Mar/2025:13:31:14 -0400] "POST /wp-cron.php?doing_wp_cron=1743355874.5879828929901123046875 HTTP/1.1" 200 0 "-" "WordPress/6.7.2; https://bakingsecurityin.com"
164.68.126.137 - - [30/Mar/2025:13:31:14 -0400] "GET / HTTP/1.1" 200 0 "-" "Mozilla/5.0 (compatible; t3versionsBot/1.0; +https://www.t3versions.com/bot)"
198.54.114.83 - - [30/Mar/2025:13:44:47 -0400] "POST /wp-cron.php?doing_wp_cron=1743356686.7155230045318603515625 HTTP/1.1" 200 0 "-" "WordPress/6.7.2; https://bakingsecurityin.com"
216.244.66.236 - - [30/Mar/2025:13:44:46 -0400] "GET /la-securite-maximale-avec-assurance-flotte/feed/ HTTP/1.1" 200 452 "-" "Mozilla/5.0 (compatible; DotBot/1.2; +https://opensiteexplorer.org/dotbot; help@moz.com)"
216.244.66.236 - - [30/Mar/2025:14:11:40 -0400] "GET /robots.txt HTTP/1.1" 304 0 "-" "Mozilla/5.0 (compatible; DotBot/1.2; +https://opensiteexplorer.org/dotbot; help@moz.com)"
91.201.113.132 - - [30/Mar/2025:14:18:05 -0400] "GET /the-growing-popularity-of-online-casinos/ HTTP/1.1" 200 0 "http://bakingsecurityin.com/the-growing-popularity-of-online-casinos/" "Mozilla/5.0 (Windows NT 10.0; Win64; x64) AppleWebKit/537.36 (KHTML, like Gecko) Chrome/129.0.0.0 Safari/537.36"
198.54.114.83 - - [30/Mar/2025:14:18:06 -0400] "POST /wp-cron.php?doing_wp_cron=1743358686.6455850601196289062500 HTTP/1.1" 200 0 "-" "WordPress/6.7.2; https://bakingsecurityin.com"
91.201.113.132 - - [30/Mar/2025:14:18:06 -0400] "GET / HTTP/1.1" 200 0 "http://bakingsecurityin.com/" "Mozilla/5.0 (Windows NT 10.0; Win64; x64) AppleWebKit/537.36 (KHTML, like Gecko) Chrome/129.0.0.0 Safari/537.36"
216.244.66.236 - - [30/Mar/2025:14:24:05 -0400] "GET /revolutionizing-kitchen-convenience-the-instant-hot-and-cold-water-tap/ HTTP/1.1" 200 0 "-" "Mozilla/5.0 (compatible; DotBot/1.2; +https://opensiteexplorer.org/dotbot; help@moz.com)"
198.54.114.83 - - [30/Mar/2025:14:27:34 -0400] "POST /wp-cron.php?doing_wp_cron=1743359254.6206569671630859375000 HTTP/1.1" 200 0 "-" "WordPress/6.7.2; https://bakingsecurityin.com"
188.166.237.78 - - [30/Mar/2025:14:27:34 -0400] "GET / HTTP/1.1" 200 0 "-" "Mozilla/5.0 (Windows NT 11.0; Win64; x64; rv:126.0) Gecko/20100101 Firefox/126.0"
188.166.237.78 - - [30/Mar/2025:14:27:35 -0400] "GET /index.php?rest_route=/wp/v2/users HTTP/1.1" 200 1292 "http://bakingsecurityin.com" "Mozilla/5.0 (Macintosh; Intel Mac OS X 10_15_7; rv:129.0) Gecko/20100101 Firefox/129.0"
198.54.114.83 - - [30/Mar/2025:14:28:36 -0400] "POST /wp-cron.php?doing_wp_cron=1743359316.6355319023132324218750 HTTP/1.1" 200 0 "-" "WordPress/6.7.2; https://bakingsecurityin.com"
216.244.66.236 - - [30/Mar/2025:14:28:36 -0400] "GET /hiking-at-pinetree-hill/feed/ HTTP/1.1" 200 423 "-" "Mozilla/5.0 (compatible; DotBot/1.2; +https://opensiteexplorer.org/dotbot; help@moz.com)"
84.247.50.194 - - [30/Mar/2025:14:32:49 -0400] "GET /how-does-red-light-therapy-work/ HTTP/1.1" 200 0 "http://bakingsecurityin.com/how-does-red-light-therapy-work/" "Mozilla/5.0 (Windows NT 10.0; Win64; x64) AppleWebKit/537.36 (KHTML, like Gecko) Chrome/130.0.0.0 Safari/537.36 CCleaner/130.0.0.0"
198.54.114.83 - - [30/Mar/2025:14:32:50 -0400] "POST /wp-cron.php?doing_wp_cron=1743359570.4597289562225341796875 HTTP/1.1" 200 0 "-" "WordPress/6.7.2; https://bakingsecurityin.com"
84.247.50.194 - - [30/Mar/2025:14:32:50 -0400] "GET / HTTP/1.1" 200 0 "http://bakingsecurityin.com/" "Mozilla/5.0 (Windows NT 10.0; Win64; x64) AppleWebKit/537.36 (KHTML, like Gecko) Chrome/130.0.0.0 Safari/537.36 CCleaner/130.0.0.0"
198.54.114.83 - - [30/Mar/2025:14:43:43 -0400] "POST /wp-cron.php?doing_wp_cron=1743360223.0904090404510498046875 HTTP/1.1" 200 0 "-" "WordPress/6.7.2; https://bakingsecurityin.com"
216.244.66.236 - - [30/Mar/2025:14:43:42 -0400] "GET /renovation-de-toit-a-nemours-un-investissement-crucial/feed/ HTTP/1.1" 200 470 "-" "Mozilla/5.0 (compatible; DotBot/1.2; +https://opensiteexplorer.org/dotbot; help@moz.com)"
43.157.251.48 - - [30/Mar/2025:14:46:23 -0400] "GET / HTTP/1.1" 200 0 "-" "Mozilla/5.0 (iPhone; CPU iPhone OS 13_2_3 like Mac OS X) AppleWebKit/605.1.15 (KHTML, like Gecko) Version/13.0.3 Mobile/15E148 Safari/604.1"
216.244.66.236 - - [30/Mar/2025:15:04:49 -0400] "GET /robots.txt HTTP/1.1" 304 0 "-" "Mozilla/5.0 (compatible; DotBot/1.2; +https://opensiteexplorer.org/dotbot; help@moz.com)"
172.200.237.97 - - [30/Mar/2025:15:05:00 -0400] "GET /lv.php HTTP/1.1" 404 0 "-" "-"
198.54.114.83 - - [30/Mar/2025:15:05:05 -0400] "POST /wp-cron.php?doing_wp_cron=1743361503.1019430160522460937500 HTTP/1.1" 200 0 "-" "WordPress/6.7.2; https://bakingsecurityin.com"
172.200.237.97 - - [30/Mar/2025:15:05:06 -0400] "GET /wp-22.php HTTP/1.1" 404 0 "-" "-"
172.200.237.97 - - [30/Mar/2025:15:05:09 -0400] "GET /wp-content/plugins/pwnd/pwnd.php HTTP/1.1" 404 0 "-" "-"
172.200.237.97 - - [30/Mar/2025:15:05:12 -0400] "GET /wp-content/plugins/pwnd-1/pwnd.php HTTP/1.1" 404 0 "-" "-"
172.200.237.97 - - [30/Mar/2025:15:05:13 -0400] "GET /wp-includes/Requests/about.php HTTP/1.1" 404 0 "-" "-"
172.200.237.97 - - [30/Mar/2025:15:05:15 -0400] "GET /wp-includes/style-engine/about.php HTTP/1.1" 404 0 "-" "-"
172.200.237.97 - - [30/Mar/2025:15:05:16 -0400] "GET /wp-includes/rest-api/about.php HTTP/1.1" 404 0 "-" "-"
172.200.237.97 - - [30/Mar/2025:15:05:18 -0400] "GET /wp-includes/SimplePie/about.php HTTP/1.1" 404 0 "-" "-"
172.200.237.97 - - [30/Mar/2025:15:05:20 -0400] "GET /wp-content/banners/about.php HTTP/1.1" 404 0 "-" "-"
172.200.237.97 - - [30/Mar/2025:15:05:21 -0400] "GET /wp-content/about.php HTTP/1.1" 404 0 "-" "-"
172.200.237.97 - - [30/Mar/2025:15:05:23 -0400] "GET /.well-known/about.php HTTP/1.1" 404 0 "-" "-"
172.200.237.97 - - [30/Mar/2025:15:05:24 -0400] "GET /wp-includes/Text/about.php HTTP/1.1" 404 0 "-" "-"
172.200.237.97 - - [30/Mar/2025:15:05:26 -0400] "GET /wp-includes/ID3/about.php HTTP/1.1" 404 0 "-" "-"
198.54.114.83 - - [30/Mar/2025:15:05:29 -0400] "POST /wp-cron.php?doing_wp_cron=1743361528.2497999668121337890625 HTTP/1.1" 200 0 "-" "WordPress/6.7.2; https://bakingsecurityin.com"
172.200.237.97 - - [30/Mar/2025:15:05:28 -0400] "GET /img/about.php HTTP/1.1" 404 0 "-" "-"
172.200.237.97 - - [30/Mar/2025:15:05:29 -0400] "GET /wp-content/languages/about.php HTTP/1.1" 404 0 "-" "-"
172.200.237.97 - - [30/Mar/2025:15:05:30 -0400] "GET /wp-includes/customize/about.php HTTP/1.1" 404 0 "-" "-"
172.200.237.97 - - [30/Mar/2025:15:05:31 -0400] "GET /wp-includes.bak/html-api/about.php HTTP/1.1" 404 0 "-" "-"
172.200.237.97 - - [30/Mar/2025:15:05:33 -0400] "GET /wp-includes/widgets/about.php HTTP/1.1" 404 0 "-" "-"
172.200.237.97 - - [30/Mar/2025:15:05:33 -0400] "GET /wp-includes/IXR/about.php HTTP/1.1" 404 0 "-" "-"
172.200.237.97 - - [30/Mar/2025:15:05:34 -0400] "GET /wp-admin/js/about.php HTTP/1.1" 404 0 "-" "-"
172.200.237.97 - - [30/Mar/2025:15:05:34 -0400] "GET /.well-known/pki-validation/about.php HTTP/1.1" 404 1251 "-" "-"
172.200.237.97 - - [30/Mar/2025:15:05:34 -0400] "GET /wp-includes/pomo/about.php HTTP/1.1" 404 0 "-" "-"
172.200.237.97 - - [30/Mar/2025:15:05:35 -0400] "GET /wp-includes/block-patterns/about.php HTTP/1.1" 404 0 "-" "-"
172.200.237.97 - - [30/Mar/2025:15:05:35 -0400] "GET /wp-content/updraft/about.php HTTP/1.1" 404 0 "-" "-"
172.200.237.97 - - [30/Mar/2025:15:05:35 -0400] "GET /wp-content/upgrade-temp-backup/about.php HTTP/1.1" 404 0 "-" "-"
172.200.237.97 - - [30/Mar/2025:15:05:36 -0400] "GET /wp-content/themes/about.php HTTP/1.1" 404 0 "-" "-"
172.200.237.97 - - [30/Mar/2025:15:05:36 -0400] "GET /wp-admin/includes/about.php HTTP/1.1" 404 0 "-" "-"
172.200.237.97 - - [30/Mar/2025:15:05:36 -0400] "GET /images/about.php HTTP/1.1" 404 0 "-" "-"
172.200.237.97 - - [30/Mar/2025:15:05:37 -0400] "GET /wp-content/blogs.dir/about.php HTTP/1.1" 404 0 "-" "-"
172.200.237.97 - - [30/Mar/2025:15:05:37 -0400] "GET /wp-includes/images/about.php HTTP/1.1" 404 0 "-" "-"
172.200.237.97 - - [30/Mar/2025:15:05:38 -0400] "GET /wp-includes/about.php HTTP/1.1" 404 0 "-" "-"
172.200.237.97 - - [30/Mar/2025:15:05:38 -0400] "GET /cgi-bin/about.php HTTP/1.1" 404 0 "-" "-"
172.200.237.97 - - [30/Mar/2025:15:05:38 -0400] "GET /wp-content/gallery/about.php HTTP/1.1" 404 0 "-" "-"
172.200.237.97 - - [30/Mar/2025:15:05:38 -0400] "GET /wp-includes/blocks/about.php HTTP/1.1" 404 0 "-" "-"
172.200.237.97 - - [30/Mar/2025:15:05:39 -0400] "GET /wp-admin/css/about.php HTTP/1.1" 404 0 "-" "-"
172.200.237.97 - - [30/Mar/2025:15:05:39 -0400] "GET /wp-admin/images/about.php HTTP/1.1" 404 0 "-" "-"
172.200.237.97 - - [30/Mar/2025:15:05:39 -0400] "GET /.well-known/pki-validation/cloud.php HTTP/1.1" 404 1251 "-" "-"
172.200.237.97 - - [30/Mar/2025:15:05:39 -0400] "GET /.well-known/acme-challenge/cloud.php HTTP/1.1" 404 0 "-" "-"
172.200.237.97 - - [30/Mar/2025:15:05:39 -0400] "GET /wp-admin/network/cloud.php HTTP/1.1" 404 0 "-" "-"
172.200.237.97 - - [30/Mar/2025:15:05:40 -0400] "GET /cloud.php HTTP/1.1" 404 0 "-" "-"
172.200.237.97 - - [30/Mar/2025:15:05:40 -0400] "GET /cgi-bin/cloud.php HTTP/1.1" 404 0 "-" "-"
172.200.237.97 - - [30/Mar/2025:15:05:40 -0400] "GET /wp-content/updates.php HTTP/1.1" 404 0 "-" "-"
172.200.237.97 - - [30/Mar/2025:15:05:40 -0400] "GET /css/cloud.php HTTP/1.1" 404 0 "-" "-"
172.200.237.97 - - [30/Mar/2025:15:05:41 -0400] "GET /wp-admin/user/cloud.php HTTP/1.1" 404 0 "-" "-"
172.200.237.97 - - [30/Mar/2025:15:05:41 -0400] "GET /img/cloud.php HTTP/1.1" 404 0 "-" "-"
172.200.237.97 - - [30/Mar/2025:15:05:41 -0400] "GET /wp-admin/css/colors/coffee/cloud.php HTTP/1.1" 404 0 "-" "-"
172.200.237.97 - - [30/Mar/2025:15:05:41 -0400] "GET /wp-admin/images/cloud.php HTTP/1.1" 404 0 "-" "-"
172.200.237.97 - - [30/Mar/2025:15:05:42 -0400] "GET /avaa.php HTTP/1.1" 404 0 "-" "-"
172.200.237.97 - - [30/Mar/2025:15:05:42 -0400] "GET /images/cloud.php HTTP/1.1" 404 0 "-" "-"
172.200.237.97 - - [30/Mar/2025:15:05:42 -0400] "GET /wp-admin/js/widgets/cloud.php HTTP/1.1" 404 0 "-" "-"
172.200.237.97 - - [30/Mar/2025:15:05:43 -0400] "GET /wp-includes/Requests/Text/admin.php HTTP/1.1" 404 0 "-" "-"
172.200.237.97 - - [30/Mar/2025:15:05:44 -0400] "GET /wp-admin/css/colors/cloud.php HTTP/1.1" 404 0 "-" "-"
172.200.237.97 - - [30/Mar/2025:15:05:44 -0400] "GET /wp-admin/includes/cloud.php HTTP/1.1" 404 0 "-" "-"
172.200.237.97 - - [30/Mar/2025:15:05:45 -0400] "GET /wp-admin/css/colors/blue/cloud.php HTTP/1.1" 404 0 "-" "-"
172.200.237.97 - - [30/Mar/2025:15:05:45 -0400] "GET /wp-admin/cloud.php HTTP/1.1" 404 0 "-" "-"
172.200.237.97 - - [30/Mar/2025:15:05:45 -0400] "GET /updates.php HTTP/1.1" 404 0 "-" "-"
172.200.237.97 - - [30/Mar/2025:15:05:46 -0400] "GET /libraries/legacy/updates.php HTTP/1.1" 404 0 "-" "-"
172.200.237.97 - - [30/Mar/2025:15:05:46 -0400] "GET /libraries/phpmailer/updates.php HTTP/1.1" 404 0 "-" "-"
172.200.237.97 - - [30/Mar/2025:15:05:46 -0400] "GET /libraries/vendor/updates.php HTTP/1.1" 404 0 "-" "-"
172.200.237.97 - - [30/Mar/2025:15:05:47 -0400] "GET /alfa-rex.php7 HTTP/1.1" 404 0 "-" "-"
172.200.237.97 - - [30/Mar/2025:15:05:47 -0400] "GET /alfanew.php HTTP/1.1" 404 0 "-" "-"
172.200.237.97 - - [30/Mar/2025:15:05:47 -0400] "GET /wp-content/plugins/Cache/Cache.php HTTP/1.1" 404 0 "-" "-"
172.200.237.97 - - [30/Mar/2025:15:05:47 -0400] "GET /wp-admin/js/widgets/about.php7 HTTP/1.1" 404 0 "-" "-"
172.200.237.97 - - [30/Mar/2025:15:05:48 -0400] "GET /wp-p.php7 HTTP/1.1" 404 0 "-" "-"
172.200.237.97 - - [30/Mar/2025:15:05:48 -0400] "GET /wp-admin/repeater.php HTTP/1.1" 404 0 "-" "-"
172.200.237.97 - - [30/Mar/2025:15:05:48 -0400] "GET /wp-includes/repeater.php HTTP/1.1" 404 0 "-" "-"
172.200.237.97 - - [30/Mar/2025:15:05:49 -0400] "GET /wp-content/repeater.php HTTP/1.1" 404 0 "-" "-"
172.200.237.97 - - [30/Mar/2025:15:05:49 -0400] "GET /wsoyanz.php HTTP/1.1" 404 0 "-" "-"
172.200.237.97 - - [30/Mar/2025:15:05:49 -0400] "GET /yanz.php HTTP/1.1" 404 0 "-" "-"
172.200.237.97 - - [30/Mar/2025:15:05:50 -0400] "GET /wp-content/plugins/seoo/wsoyanz.php HTTP/1.1" 404 0 "-" "-"
172.200.237.97 - - [30/Mar/2025:15:05:50 -0400] "GET /wp-content/plugins/seoo/wsoyanz1.php HTTP/1.1" 404 0 "-" "-"
172.200.237.97 - - [30/Mar/2025:15:05:50 -0400] "GET /cache-compat.php HTTP/1.1" 404 0 "-" "-"
172.200.237.97 - - [30/Mar/2025:15:05:50 -0400] "GET /ajax-actions.php HTTP/1.1" 404 0 "-" "-"
172.200.237.97 - - [30/Mar/2025:15:05:51 -0400] "GET /wp-admin/ajax-actions.php HTTP/1.1" 404 0 "-" "-"
172.200.237.97 - - [30/Mar/2025:15:05:51 -0400] "GET /wp-consar.php HTTP/1.1" 404 0 "-" "-"
172.200.237.97 - - [30/Mar/2025:15:05:51 -0400] "GET /repeater.php HTTP/1.1" 404 0 "-" "-"
172.200.237.97 - - [30/Mar/2025:15:05:52 -0400] "GET /admin-post.php HTTP/1.1" 404 0 "-" "-"
172.200.237.97 - - [30/Mar/2025:15:05:52 -0400] "GET /wp-admin/maint/maint/ajax-actions.php HTTP/1.1" 404 0 "-" "-"
172.200.237.97 - - [30/Mar/2025:15:05:52 -0400] "GET /wp-admin/dropdown.php HTTP/1.1" 404 0 "-" "-"
172.200.237.97 - - [30/Mar/2025:15:05:53 -0400] "GET /wp-admin/css/index.php HTTP/1.1" 301 0 "-" "-"
172.200.237.97 - - [30/Mar/2025:15:05:53 -0400] "GET /wp-admin/css/ HTTP/1.1" 403 1242 "-" "-"
172.200.237.97 - - [30/Mar/2025:15:05:53 -0400] "GET /dropdown.php HTTP/1.1" 404 0 "-" "-"
172.200.237.97 - - [30/Mar/2025:15:05:54 -0400] "GET /about.php HTTP/1.1" 404 0 "-" "-"
172.200.237.97 - - [30/Mar/2025:15:05:54 -0400] "GET /admin.php HTTP/1.1" 404 0 "-" "-"
172.200.237.97 - - [30/Mar/2025:15:05:55 -0400] "GET /about.php7 HTTP/1.1" 404 0 "-" "-"
172.200.237.97 - - [30/Mar/2025:15:05:55 -0400] "GET /alfanew.php7 HTTP/1.1" 404 0 "-" "-"
172.200.237.97 - - [30/Mar/2025:15:05:56 -0400] "GET /adminfuns.php7 HTTP/1.1" 404 0 "-" "-"
172.200.237.97 - - [30/Mar/2025:15:05:57 -0400] "GET /ebs.php7 HTTP/1.1" 404 0 "-" "-"
172.200.237.97 - - [30/Mar/2025:15:05:57 -0400] "GET /ws.php7 HTTP/1.1" 404 0 "-" "-"
172.200.237.97 - - [30/Mar/2025:15:05:58 -0400] "GET /alfanew2.php7 HTTP/1.1" 404 0 "-" "-"
172.200.237.97 - - [30/Mar/2025:15:05:58 -0400] "GET /alfa-rex2.php7 HTTP/1.1" 404 0 "-" "-"
172.200.237.97 - - [30/Mar/2025:15:06:00 -0400] "GET /wp-admin/images/index.php HTTP/1.1" 301 0 "-" "-"
172.200.237.97 - - [30/Mar/2025:15:06:00 -0400] "GET /wp-admin/images/ HTTP/1.1" 403 1242 "-" "-"
172.200.237.97 - - [30/Mar/2025:15:06:00 -0400] "GET /wp-admin/css/colors/index.php HTTP/1.1" 301 0 "-" "-"
172.200.237.97 - - [30/Mar/2025:15:06:01 -0400] "GET /wp-admin/css/colors/ HTTP/1.1" 403 1242 "-" "-"
172.200.237.97 - - [30/Mar/2025:15:06:01 -0400] "GET /wp-content/themes/pridmag/db.php HTTP/1.1" 404 0 "-" "-"
172.200.237.97 - - [30/Mar/2025:15:06:02 -0400] "GET /wp-content/themes/seotheme/mar.php HTTP/1.1" 404 0 "-" "-"
172.200.237.97 - - [30/Mar/2025:15:06:04 -0400] "GET /wp-content/plugins/linkpreview/db.php HTTP/1.1" 404 0 "-" "-"
172.200.237.97 - - [30/Mar/2025:15:06:05 -0400] "GET /wp-content/themes/seotheme/db.php HTTP/1.1" 404 0 "-" "-"
172.200.237.97 - - [30/Mar/2025:15:06:07 -0400] "GET /wp-content/plugins/seoplugins/db.php HTTP/1.1" 404 0 "-" "-"
172.200.237.97 - - [30/Mar/2025:15:06:09 -0400] "GET /wp-content/plugins/seoplugins/mar.php HTTP/1.1" 404 0 "-" "-"
172.200.237.97 - - [30/Mar/2025:15:06:10 -0400] "GET /.well-known/pki-validation/xmrlpc.php HTTP/1.1" 404 1251 "-" "-"
172.200.237.97 - - [30/Mar/2025:15:06:12 -0400] "GET /.well-known/acme-challenge/xmrlpc.php HTTP/1.1" 404 0 "-" "-"
172.200.237.97 - - [30/Mar/2025:15:06:12 -0400] "GET /wp-admin/network/xmrlpc.php HTTP/1.1" 404 0 "-" "-"
172.200.237.97 - - [30/Mar/2025:15:06:13 -0400] "GET /xmrlpc.php HTTP/1.1" 404 0 "-" "-"
172.200.237.97 - - [30/Mar/2025:15:06:13 -0400] "GET /cgi-bin/xmrlpc.php HTTP/1.1" 404 0 "-" "-"
172.200.237.97 - - [30/Mar/2025:15:06:14 -0400] "GET /css/xmrlpc.php HTTP/1.1" 404 0 "-" "-"
172.200.237.97 - - [30/Mar/2025:15:06:15 -0400] "GET /wp-admin/user/xmrlpc.php HTTP/1.1" 404 0 "-" "-"
172.200.237.97 - - [30/Mar/2025:15:06:15 -0400] "GET /img/xmrlpc.php HTTP/1.1" 404 0 "-" "-"
172.200.237.97 - - [30/Mar/2025:15:06:16 -0400] "GET /wp-admin/css/colors/coffee/xmrlpc.php HTTP/1.1" 404 0 "-" "-"
172.200.237.97 - - [30/Mar/2025:15:06:17 -0400] "GET /wp-admin/images/xmrlpc.php HTTP/1.1" 404 0 "-" "-"
172.200.237.97 - - [30/Mar/2025:15:06:17 -0400] "GET /images/xmrlpc.php HTTP/1.1" 404 0 "-" "-"
172.200.237.97 - - [30/Mar/2025:15:06:17 -0400] "GET /wp-admin/js/widgets/xmrlpc.php HTTP/1.1" 404 0 "-" "-"
172.200.237.97 - - [30/Mar/2025:15:06:18 -0400] "GET /wp-admin/css/colors/xmrlpc.php HTTP/1.1" 404 0 "-" "-"
172.200.237.97 - - [30/Mar/2025:15:06:19 -0400] "GET /wp-admin/includes/xmrlpc.php HTTP/1.1" 404 0 "-" "-"
172.200.237.97 - - [30/Mar/2025:15:06:19 -0400] "GET /wp-admin/css/colors/blue/xmrlpc.php HTTP/1.1" 404 0 "-" "-"
172.200.237.97 - - [30/Mar/2025:15:06:19 -0400] "GET /wp-admin/xmrlpc.php HTTP/1.1" 404 0 "-" "-"
172.200.237.97 - - [30/Mar/2025:15:06:20 -0400] "GET /smaxx.php HTTP/1.1" 404 0 "-" "-"
172.200.237.97 - - [30/Mar/2025:15:06:21 -0400] "GET /wp-admin/smaxx.php HTTP/1.1" 404 0 "-" "-"
172.200.237.97 - - [30/Mar/2025:15:06:21 -0400] "GET /wp-content/plugins/WordPressCore/smaxx.php HTTP/1.1" 404 0 "-" "-"
172.200.237.97 - - [30/Mar/2025:15:06:22 -0400] "GET /wp-includes/images/smaxx.php HTTP/1.1" 404 0 "-" "-"
172.200.237.97 - - [30/Mar/2025:15:06:22 -0400] "GET /wp-content/plugins/core-plugin/smaxx.php HTTP/1.1" 404 0 "-" "-"
172.200.237.97 - - [30/Mar/2025:15:06:23 -0400] "GET /wp-includes/smaxx.php HTTP/1.1" 404 0 "-" "-"
172.200.237.97 - - [30/Mar/2025:15:06:24 -0400] "GET /wp-content/plugins/smaxx.php HTTP/1.1" 404 0 "-" "-"
172.200.237.97 - - [30/Mar/2025:15:06:25 -0400] "GET /xt/smaxx.php HTTP/1.1" 404 0 "-" "-"
172.200.237.97 - - [30/Mar/2025:15:06:25 -0400] "GET /wp-content/smaxx.php HTTP/1.1" 404 0 "-" "-"
172.200.237.97 - - [30/Mar/2025:15:06:26 -0400] "GET /wp-content/themes/twentyfive/smaxx.php HTTP/1.1" 404 0 "-" "-"
172.200.237.97 - - [30/Mar/2025:15:06:27 -0400] "GET /wp-content/upgrade/sx.php HTTP/1.1" 404 0 "-" "-"
172.200.237.97 - - [30/Mar/2025:15:06:27 -0400] "GET /.well-known/pki-validation/sx.php HTTP/1.1" 404 1251 "-" "-"
198.54.114.83 - - [30/Mar/2025:15:06:28 -0400] "POST /wp-cron.php?doing_wp_cron=1743361588.2374570369720458984375 HTTP/1.1" 200 0 "-" "WordPress/6.7.2; https://bakingsecurityin.com"
172.200.237.97 - - [30/Mar/2025:15:06:28 -0400] "GET /wp-admin/user/sx.php HTTP/1.1" 404 0 "-" "-"
172.200.237.97 - - [30/Mar/2025:15:06:28 -0400] "GET /wp-includes/ID3/sx.php HTTP/1.1" 404 0 "-" "-"
172.200.237.97 - - [30/Mar/2025:15:06:30 -0400] "GET /wp-includes/blocks/sx.php HTTP/1.1" 404 0 "-" "-"
172.200.237.97 - - [30/Mar/2025:15:06:31 -0400] "GET /sx.php HTTP/1.1" 404 0 "-" "-"
172.200.237.97 - - [30/Mar/2025:15:06:32 -0400] "GET /wp-includes/sx.php HTTP/1.1" 404 0 "-" "-"
172.200.237.97 - - [30/Mar/2025:15:06:33 -0400] "GET /wp-admin/sx.php HTTP/1.1" 404 0 "-" "-"
172.200.237.97 - - [30/Mar/2025:15:06:34 -0400] "GET /wp-content/plugins/fix/sx.php HTTP/1.1" 404 0 "-" "-"
172.200.237.97 - - [30/Mar/2025:15:06:34 -0400] "GET /wp-admin/includes/sx.php HTTP/1.1" 404 0 "-" "-"
172.200.237.97 - - [30/Mar/2025:15:06:35 -0400] "GET /cgi-bin/sx.php HTTP/1.1" 404 0 "-" "-"
172.200.237.97 - - [30/Mar/2025:15:06:36 -0400] "GET /wp-admin/css/sx.php HTTP/1.1" 404 0 "-" "-"
172.200.237.97 - - [30/Mar/2025:15:06:36 -0400] "GET /wp-admin/network/sx.php HTTP/1.1" 404 0 "-" "-"
172.200.237.97 - - [30/Mar/2025:15:06:37 -0400] "GET /wp-includes/block-supports/sx.php HTTP/1.1" 404 0 "-" "-"
172.200.237.97 - - [30/Mar/2025:15:06:38 -0400] "GET /wp-includes/IXR/sx.php HTTP/1.1" 404 0 "-" "-"
172.200.237.97 - - [30/Mar/2025:15:06:38 -0400] "GET /.well-known/sx.php HTTP/1.1" 404 0 "-" "-"
172.200.237.97 - - [30/Mar/2025:15:06:39 -0400] "GET /wp-includes/js/tinymce/skins/lightgray/fonts/sx.php HTTP/1.1" 404 0 "-" "-"
172.200.237.97 - - [30/Mar/2025:15:06:40 -0400] "GET /wp-content/sx.php HTTP/1.1" 404 0 "-" "-"
172.200.237.97 - - [30/Mar/2025:15:06:40 -0400] "GET /wp-content/plugins/elementor/sx.php HTTP/1.1" 404 0 "-" "-"
172.200.237.97 - - [30/Mar/2025:15:06:41 -0400] "GET /.well-known/acme-challenge/sx.php HTTP/1.1" 404 0 "-" "-"
172.200.237.97 - - [30/Mar/2025:15:06:42 -0400] "GET /wp-includes/js/jcrop/sx.php HTTP/1.1" 404 0 "-" "-"
172.200.237.97 - - [30/Mar/2025:15:06:43 -0400] "GET /wp-includes/rest-api/sx.php HTTP/1.1" 404 0 "-" "-"
172.200.237.97 - - [30/Mar/2025:15:06:44 -0400] "GET /wp-admin/images/sx.php HTTP/1.1" 404 0 "-" "-"
172.200.237.97 - - [30/Mar/2025:15:06:44 -0400] "GET /wp-admin/css/colors/blue/blue.php HTTP/1.1" 404 0 "-" "-"
172.200.237.97 - - [30/Mar/2025:15:06:45 -0400] "GET /chosen HTTP/1.1" 404 0 "-" "-"
172.200.237.97 - - [30/Mar/2025:15:06:45 -0400] "GET /wp-content/plugins/fix/up.php HTTP/1.1" 404 0 "-" "-"
172.200.237.97 - - [30/Mar/2025:15:06:46 -0400] "GET /install.php HTTP/1.1" 404 0 "-" "-"
172.200.237.97 - - [30/Mar/2025:15:06:47 -0400] "GET /wp-includes/images/include.php HTTP/1.1" 404 0 "-" "-"
172.200.237.97 - - [30/Mar/2025:15:06:48 -0400] "GET /gel4y.php HTTP/1.1" 404 0 "-" "-"
172.200.237.97 - - [30/Mar/2025:15:06:48 -0400] "GET /comfunctions.php HTTP/1.1" 404 0 "-" "-"
172.200.237.97 - - [30/Mar/2025:15:06:48 -0400] "GET /wp-content/plugins/core-plugin/include.php HTTP/1.1" 404 0 "-" "-"
172.200.237.97 - - [30/Mar/2025:15:06:49 -0400] "GET /wp-content/themes/wp-classic/inc/index.php HTTP/1.1" 301 0 "-" "-"
172.200.237.97 - - [30/Mar/2025:15:06:50 -0400] "GET /wp-content/themes/wp-classic/inc/ HTTP/1.1" 404 0 "-" "-"
172.200.237.97 - - [30/Mar/2025:15:06:50 -0400] "GET /assets/images/1p.php HTTP/1.1" 404 0 "-" "-"
172.200.237.97 - - [30/Mar/2025:15:06:50 -0400] "GET /class.api.php HTTP/1.1" 404 0 "-" "-"
172.200.237.97 - - [30/Mar/2025:15:06:51 -0400] "GET /plugin.php HTTP/1.1" 404 0 "-" "-"
172.200.237.97 - - [30/Mar/2025:15:06:51 -0400] "GET /wp-mail.php HTTP/1.1" 403 1138 "-" "-"
172.200.237.97 - - [30/Mar/2025:15:06:52 -0400] "GET /cong.php HTTP/1.1" 404 0 "-" "-"
172.200.237.97 - - [30/Mar/2025:15:06:52 -0400] "GET /wp-content/index.php HTTP/1.1" 200 0 "-" "-"
172.200.237.97 - - [30/Mar/2025:15:06:53 -0400] "GET /.well-known/acme-challenge/xmrlpc.php HTTP/1.1" 404 0 "-" "-"
172.200.237.97 - - [30/Mar/2025:15:06:53 -0400] "GET /wp-configs.php HTTP/1.1" 404 0 "-" "-"
172.200.237.97 - - [30/Mar/2025:15:06:54 -0400] "GET /mah.php HTTP/1.1" 404 0 "-" "-"
172.200.237.97 - - [30/Mar/2025:15:06:54 -0400] "GET /defaults.php HTTP/1.1" 404 0 "-" "-"
172.200.237.97 - - [30/Mar/2025:15:06:56 -0400] "GET /wp-content/themes/sketch/404.php HTTP/1.1" 404 0 "-" "-"
172.200.237.97 - - [30/Mar/2025:15:06:57 -0400] "GET /input.php HTTP/1.1" 404 0 "-" "-"
172.200.237.97 - - [30/Mar/2025:15:06:57 -0400] "GET /admin-ajax.php HTTP/1.1" 404 0 "-" "-"
172.200.237.97 - - [30/Mar/2025:15:06:58 -0400] "GET /0z.php HTTP/1.1" 404 0 "-" "-"
172.200.237.97 - - [30/Mar/2025:15:06:58 -0400] "GET /media.php HTTP/1.1" 404 0 "-" "-"
172.200.237.97 - - [30/Mar/2025:15:07:00 -0400] "GET /chosen.php HTTP/1.1" 404 0 "-" "-"
172.200.237.97 - - [30/Mar/2025:15:07:00 -0400] "GET /wp-includes/fonts/wp-login.php HTTP/1.1" 404 0 "-" "-"
172.200.237.97 - - [30/Mar/2025:15:07:01 -0400] "GET /wp-admin/users.php HTTP/1.1" 302 0 "-" "-"
172.200.237.97 - - [30/Mar/2025:15:07:04 -0400] "GET /wp-content/uploads/cache.php HTTP/1.1" 404 0 "-" "-"
172.200.237.97 - - [30/Mar/2025:15:07:05 -0400] "GET /.well-known/pki-validation/file.php HTTP/1.1" 404 1251 "-" "-"
172.200.237.97 - - [30/Mar/2025:15:07:05 -0400] "GET /.wp-cli/wp-login.php HTTP/1.1" 404 0 "-" "-"
172.200.237.97 - - [30/Mar/2025:15:07:06 -0400] "GET /authorize.php HTTP/1.1" 404 0 "-" "-"
172.200.237.97 - - [30/Mar/2025:15:07:06 -0400] "GET /wp-admin/css/colors/blue/CasperExV1.php HTTP/1.1" 404 0 "-" "-"
172.200.237.97 - - [30/Mar/2025:15:07:07 -0400] "GET /wp-admin/includes/users.php HTTP/1.1" 404 0 "-" "-"
172.200.237.97 - - [30/Mar/2025:15:07:08 -0400] "GET /wp-content/plugins/revslider/includes/external/page/index.php HTTP/1.1" 301 0 "-" "-"
172.200.237.97 - - [30/Mar/2025:15:07:08 -0400] "GET /wp-content/plugins/revslider/includes/external/page/ HTTP/1.1" 404 0 "-" "-"
172.200.237.97 - - [30/Mar/2025:15:07:08 -0400] "GET /wp.php HTTP/1.1" 404 0 "-" "-"
172.200.237.97 - - [30/Mar/2025:15:07:09 -0400] "GET /wp-content/plugins/WordPressCore/include.php HTTP/1.1" 404 0 "-" "-"
172.200.237.97 - - [30/Mar/2025:15:07:09 -0400] "GET /wp-2019.php HTTP/1.1" 404 0 "-" "-"
172.200.237.97 - - [30/Mar/2025:15:07:10 -0400] "GET /upload.php HTTP/1.1" 404 0 "-" "-"
172.200.237.97 - - [30/Mar/2025:15:07:10 -0400] "GET /themes.php HTTP/1.1" 404 0 "-" "-"
172.200.237.97 - - [30/Mar/2025:15:07:11 -0400] "GET /wp-admin/network/index.php HTTP/1.1" 302 0 "-" "-"
172.200.237.97 - - [30/Mar/2025:15:07:13 -0400] "GET /wp-content/plugins/WordPressCore/blkfqnikz.php HTTP/1.1" 404 0 "-" "-"
172.200.237.97 - - [30/Mar/2025:15:07:14 -0400] "GET /wp/wp-admin/includes/class-wp-page-mvb2yr.php HTTP/1.1" 404 0 "-" "-"
172.200.237.97 - - [30/Mar/2025:15:07:15 -0400] "GET /content.php HTTP/1.1" 404 0 "-" "-"
172.200.237.97 - - [30/Mar/2025:15:07:17 -0400] "GET /st.php HTTP/1.1" 404 0 "-" "-"
172.200.237.97 - - [30/Mar/2025:15:07:17 -0400] "GET /wp-includes/images/smilies/about.php HTTP/1.1" 404 0 "-" "-"
172.200.237.97 - - [30/Mar/2025:15:07:18 -0400] "GET /simple.php HTTP/1.1" 404 0 "-" "-"
172.200.237.97 - - [30/Mar/2025:15:07:18 -0400] "GET /function.php HTTP/1.1" 404 0 "-" "-"
172.200.237.97 - - [30/Mar/2025:15:07:19 -0400] "GET /ynz.PhP7 HTTP/1.1" 404 0 "-" "-"
172.200.237.97 - - [30/Mar/2025:15:07:19 -0400] "GET /wp-content/style-css.php HTTP/1.1" 404 0 "-" "-"
172.200.237.97 - - [30/Mar/2025:15:07:20 -0400] "GET /wp-includes/IXR/wp-login.php HTTP/1.1" 404 0 "-" "-"
172.200.237.97 - - [30/Mar/2025:15:07:20 -0400] "GET /.well-known/acme-challenge/about.php HTTP/1.1" 404 0 "-" "-"
172.200.237.97 - - [30/Mar/2025:15:07:21 -0400] "GET /wordpress/wp-includes/IXR/allez.php HTTP/1.1" 404 0 "-" "-"
172.200.237.97 - - [30/Mar/2025:15:07:21 -0400] "GET /rendixd.php HTTP/1.1" 404 0 "-" "-"
172.200.237.97 - - [30/Mar/2025:15:07:21 -0400] "GET /wp-admin/css/admin.php HTTP/1.1" 404 0 "-" "-"
172.200.237.97 - - [30/Mar/2025:15:07:22 -0400] "GET /filefuns.php HTTP/1.1" 404 0 "-" "-"
172.200.237.97 - - [30/Mar/2025:15:07:22 -0400] "GET /options.php HTTP/1.1" 404 0 "-" "-"
172.200.237.97 - - [30/Mar/2025:15:07:22 -0400] "GET /wp-includes/js/tinymce/skins/lightgray/img/index.php HTTP/1.1" 301 0 "-" "-"
172.200.237.97 - - [30/Mar/2025:15:07:23 -0400] "GET /wp-includes/js/tinymce/skins/lightgray/img/ HTTP/1.1" 403 1242 "-" "-"
172.200.237.97 - - [30/Mar/2025:15:07:23 -0400] "GET /edit.php HTTP/1.1" 404 0 "-" "-"
172.200.237.97 - - [30/Mar/2025:15:07:23 -0400] "GET /user.php HTTP/1.1" 404 0 "-" "-"
172.200.237.97 - - [30/Mar/2025:15:07:23 -0400] "GET /worm0.PhP7 HTTP/1.1" 404 0 "-" "-"
172.200.237.97 - - [30/Mar/2025:15:07:24 -0400] "GET /wp-includes/js/tinymce/skins/wordpress/images/index.php HTTP/1.1" 301 0 "-" "-"
172.200.237.97 - - [30/Mar/2025:15:07:25 -0400] "GET /wp-includes/js/tinymce/skins/wordpress/images/ HTTP/1.1" 403 1242 "-" "-"
172.200.237.97 - - [30/Mar/2025:15:07:25 -0400] "GET /.well-known//.well-known/owlmailer.php HTTP/1.1" 301 0 "-" "-"
172.200.237.97 - - [30/Mar/2025:15:07:25 -0400] "GET /.well-known/.well-known/owlmailer.php HTTP/1.1" 404 0 "-" "-"
172.200.237.97 - - [30/Mar/2025:15:07:25 -0400] "GET /wp-content/uploads/cong.php HTTP/1.1" 404 0 "-" "-"
172.200.237.97 - - [30/Mar/2025:15:07:26 -0400] "GET /01.php HTTP/1.1" 404 0 "-" "-"
172.200.237.97 - - [30/Mar/2025:15:07:26 -0400] "GET /wp-content/uploads/wp-login.php.suspected HTTP/1.1" 404 0 "-" "-"
172.200.237.97 - - [30/Mar/2025:15:07:26 -0400] "GET /wp-includes/rest-api/endpoints/html.php HTTP/1.1" 404 0 "-" "-"
172.200.237.97 - - [30/Mar/2025:15:07:27 -0400] "GET /wp-admin/js/widgets/cong.php HTTP/1.1" 404 0 "-" "-"
172.200.237.97 - - [30/Mar/2025:15:07:27 -0400] "GET /doc.php HTTP/1.1" 404 0 "-" "-"
198.54.114.83 - - [30/Mar/2025:15:07:28 -0400] "POST /wp-cron.php?doing_wp_cron=1743361648.2665169239044189453125 HTTP/1.1" 200 0 "-" "WordPress/6.7.2; https://bakingsecurityin.com"
172.200.237.97 - - [30/Mar/2025:15:07:28 -0400] "GET /ws.php HTTP/1.1" 404 0 "-" "-"
172.200.237.97 - - [30/Mar/2025:15:07:28 -0400] "GET /link.php HTTP/1.1" 404 0 "-" "-"
172.200.237.97 - - [30/Mar/2025:15:07:28 -0400] "GET /autoload_classmap.php HTTP/1.1" 404 0 "-" "-"
172.200.237.97 - - [30/Mar/2025:15:07:29 -0400] "GET /wp-admin/js/privacy-tools.min.php HTTP/1.1" 404 0 "-" "-"
172.200.237.97 - - [30/Mar/2025:15:07:29 -0400] "GET /wp-includes/pomo/wp-login.php HTTP/1.1" 404 0 "-" "-"
172.200.237.97 - - [30/Mar/2025:15:07:30 -0400] "GET /db.php HTTP/1.1" 404 0 "-" "-"
172.200.237.97 - - [30/Mar/2025:15:07:30 -0400] "GET /wp-content/uploads/error_log.php HTTP/1.1" 404 0 "-" "-"
172.200.237.97 - - [30/Mar/2025:15:07:30 -0400] "GET /google.php HTTP/1.1" 404 0 "-" "-"
172.200.237.97 - - [30/Mar/2025:15:07:31 -0400] "GET /wp-includes/sts.php HTTP/1.1" 404 0 "-" "-"
172.200.237.97 - - [30/Mar/2025:15:07:31 -0400] "GET /wp-includes/pomo/fgertreyersd.php.suspected HTTP/1.1" 404 0 "-" "-"
172.200.237.97 - - [30/Mar/2025:15:07:32 -0400] "GET /wp-includes/Requests/dropdown.php HTTP/1.1" 404 0 "-" "-"
172.200.237.97 - - [30/Mar/2025:15:07:32 -0400] "GET /wp-content/install.php HTTP/1.1" 404 0 "-" "-"
172.200.237.97 - - [30/Mar/2025:15:07:32 -0400] "GET /.well-known/admin.php HTTP/1.1" 404 0 "-" "-"
172.200.237.97 - - [30/Mar/2025:15:07:32 -0400] "GET /revision.php HTTP/1.1" 404 0 "-" "-"
172.200.237.97 - - [30/Mar/2025:15:07:33 -0400] "GET /css/sgd.php HTTP/1.1" 404 0 "-" "-"
172.200.237.97 - - [30/Mar/2025:15:07:33 -0400] "GET /wp-content/plugins/index.php HTTP/1.1" 200 0 "-" "-"
198.54.114.83 - - [30/Mar/2025:15:17:11 -0400] "POST /wp-cron.php?doing_wp_cron=1743362231.2180900573730468750000 HTTP/1.1" 200 0 "-" "WordPress/6.7.2; https://bakingsecurityin.com"
216.244.66.236 - - [30/Mar/2025:15:17:09 -0400] "GET /the-rise-of-ai-companions-the-fascination-of-an-ai-girlfriend/ HTTP/1.1" 200 0 "-" "Mozilla/5.0 (compatible; DotBot/1.2; +https://opensiteexplorer.org/dotbot; help@moz.com)"
198.54.114.83 - - [30/Mar/2025:15:18:48 -0400] "POST /wp-cron.php?doing_wp_cron=1743362328.1022100448608398437500 HTTP/1.1" 200 0 "-" "WordPress/6.7.2; https://bakingsecurityin.com"
216.244.66.236 - - [30/Mar/2025:15:18:47 -0400] "GET /exquisite-design-and-architecture/feed/ HTTP/1.1" 200 434 "-" "Mozilla/5.0 (compatible; DotBot/1.2; +https://opensiteexplorer.org/dotbot; help@moz.com)"
198.54.114.83 - - [30/Mar/2025:15:25:54 -0400] "POST /wp-cron.php?doing_wp_cron=1743362754.0031239986419677734375 HTTP/1.1" 200 0 "-" "WordPress/6.7.2; https://bakingsecurityin.com"
216.244.66.236 - - [30/Mar/2025:15:25:53 -0400] "GET /ekg-machines-whats-in-store-from-a-test/feed/ HTTP/1.1" 200 464 "-" "Mozilla/5.0 (compatible; DotBot/1.2; +https://opensiteexplorer.org/dotbot; help@moz.com)"
198.54.114.83 - - [30/Mar/2025:15:37:48 -0400] "POST /wp-cron.php?doing_wp_cron=1743363468.3606419563293457031250 HTTP/1.1" 200 0 "-" "WordPress/6.7.2; https://bakingsecurityin.com"
2a12:8107:6c35:a6c0:fe3c:a76d:5ae5:39cd - - [30/Mar/2025:15:37:46 -0400] "GET / HTTP/1.1" 200 0 "http://bakingsecurityin.com/" "Mozilla/5.0 (Windows NT 10.0; Win64; x64) AppleWebKit/537.36 (KHTML, like Gecko) Chrome/131.0.0.0 Safari/537.36"
91.201.113.132 - - [30/Mar/2025:15:38:11 -0400] "GET /the-growing-popularity-of-online-casinos/ HTTP/1.1" 200 0 "http://bakingsecurityin.com/the-growing-popularity-of-online-casinos/" "Mozilla/5.0 (Windows NT 10.0; Win64; x64) AppleWebKit/537.36 (KHTML, like Gecko) Chrome/130.0.0.0 Safari/537.36"
91.201.113.132 - - [30/Mar/2025:15:38:11 -0400] "GET / HTTP/1.1" 200 0 "http://bakingsecurityin.com/" "Mozilla/5.0 (Windows NT 10.0; Win64; x64) AppleWebKit/537.36 (KHTML, like Gecko) Chrome/130.0.0.0 Safari/537.36"
109.248.13.59 - - [30/Mar/2025:15:38:13 -0400] "GET /wp-content/plugins/wp-automatic/changelog HTTP/1.1" 404 0 "-" "Mozilla/5.0 (compatible; Googlebot/2.1; +http://www.google.com/bot.html)"
198.54.114.83 - - [30/Mar/2025:16:08:39 -0400] "POST /wp-cron.php?doing_wp_cron=1743365319.5946049690246582031250 HTTP/1.1" 200 0 "-" "WordPress/6.7.2; https://bakingsecurityin.com"
216.244.66.236 - - [30/Mar/2025:16:08:39 -0400] "GET /compare-moving-quotes-carefully/ HTTP/1.1" 200 0 "-" "Mozilla/5.0 (compatible; DotBot/1.2; +https://opensiteexplorer.org/dotbot; help@moz.com)"
198.54.114.83 - - [30/Mar/2025:16:12:10 -0400] "POST /wp-cron.php?doing_wp_cron=1743365530.1186239719390869140625 HTTP/1.1" 200 0 "-" "WordPress/6.7.2; https://bakingsecurityin.com"
216.244.66.236 - - [30/Mar/2025:16:12:09 -0400] "GET /exploring-living-at-the-chuan-park-condo/feed/ HTTP/1.1" 200 451 "-" "Mozilla/5.0 (compatible; DotBot/1.2; +https://opensiteexplorer.org/dotbot; help@moz.com)"
85.208.98.23 - - [30/Mar/2025:16:18:10 -0400] "GET /robots.txt HTTP/1.1" 200 116 "-" "Mozilla/5.0 (compatible; SemrushBot-BA; +http://www.semrush.com/bot.html)"
35.91.182.135 - - [30/Mar/2025:16:44:36 -0400] "GET /robots.txt HTTP/1.1" 200 116 "-" "Mozilla/5.0 (Macintosh; Intel Mac OS X 10_15_7) AppleWebKit/537.36 (KHTML, like Gecko) Chrome/133.0.0.0 Safari/537.36"
198.54.114.83 - - [30/Mar/2025:16:50:56 -0400] "POST /wp-cron.php?doing_wp_cron=1743367856.4941780567169189453125 HTTP/1.1" 200 0 "-" "WordPress/6.7.2; https://bakingsecurityin.com"
49.7.227.204 - - [30/Mar/2025:16:50:55 -0400] "GET / HTTP/1.1" 200 0 "-" "Mozilla/5.0 (iPhone; CPU iPhone OS 13_2_3 like Mac OS X) AppleWebKit/605.1.15 (KHTML, like Gecko) Version/13.0.3 Mobile/15E148 Safari/604.1"
216.244.66.236 - - [30/Mar/2025:16:54:39 -0400] "GET /how-to-create-custom-logo-dress-socks/ HTTP/1.1" 200 0 "-" "Mozilla/5.0 (compatible; DotBot/1.2; +https://opensiteexplorer.org/dotbot; help@moz.com)"
198.54.114.83 - - [30/Mar/2025:16:56:41 -0400] "POST /wp-cron.php?doing_wp_cron=1743368201.1790139675140380859375 HTTP/1.1" 200 0 "-" "WordPress/6.7.2; https://bakingsecurityin.com"
216.244.66.236 - - [30/Mar/2025:16:56:39 -0400] "GET /exploring-living-at-the-chuan-park-condo/ HTTP/1.1" 200 0 "-" "Mozilla/5.0 (compatible; DotBot/1.2; +https://opensiteexplorer.org/dotbot; help@moz.com)"
198.54.114.83 - - [30/Mar/2025:17:00:01 -0400] "POST /wp-cron.php?doing_wp_cron=1743368401.4221670627593994140625 HTTP/1.1" 200 0 "-" "WordPress/6.7.2; https://bakingsecurityin.com"
216.244.66.236 - - [30/Mar/2025:17:00:01 -0400] "GET /reparation-electromenager-gatineau/ HTTP/1.1" 200 0 "-" "Mozilla/5.0 (compatible; DotBot/1.2; +https://opensiteexplorer.org/dotbot; help@moz.com)"
91.201.113.132 - - [30/Mar/2025:17:13:19 -0400] "GET /the-growing-popularity-of-online-casinos/ HTTP/1.1" 200 0 "http://bakingsecurityin.com/the-growing-popularity-of-online-casinos/" "Mozilla/5.0 (Windows NT 10.0; Win64; x64) AppleWebKit/537.36 (KHTML, like Gecko) Chrome/130.0.0.0 Safari/537.36 CCleaner/130.0.0.0"
91.201.113.132 - - [30/Mar/2025:17:13:19 -0400] "GET / HTTP/1.1" 200 0 "http://bakingsecurityin.com/" "Mozilla/5.0 (Windows NT 10.0; Win64; x64) AppleWebKit/537.36 (KHTML, like Gecko) Chrome/130.0.0.0 Safari/537.36 CCleaner/130.0.0.0"
216.244.66.236 - - [30/Mar/2025:17:29:56 -0400] "GET /robots.txt HTTP/1.1" 304 0 "-" "Mozilla/5.0 (compatible; DotBot/1.2; +https://opensiteexplorer.org/dotbot; help@moz.com)"
216.244.66.236 - - [30/Mar/2025:17:43:23 -0400] "GET /shoulder-sacks-a-need/ HTTP/1.1" 200 0 "-" "Mozilla/5.0 (compatible; DotBot/1.2; +https://opensiteexplorer.org/dotbot; help@moz.com)"
198.54.114.83 - - [30/Mar/2025:17:43:28 -0400] "POST /wp-cron.php?doing_wp_cron=1743371008.5297019481658935546875 HTTP/1.1" 200 0 "-" "WordPress/6.7.2; https://bakingsecurityin.com"
216.244.66.236 - - [30/Mar/2025:17:43:28 -0400] "GET /what-types-of-auto-warranties-are-available/ HTTP/1.1" 200 0 "-" "Mozilla/5.0 (compatible; DotBot/1.2; +https://opensiteexplorer.org/dotbot; help@moz.com)"
216.244.66.236 - - [30/Mar/2025:17:44:18 -0400] "GET /comprehensive-physiotherapy-care-in-auckland/ HTTP/1.1" 200 0 "-" "Mozilla/5.0 (compatible; DotBot/1.2; +https://opensiteexplorer.org/dotbot; help@moz.com)"
198.54.114.83 - - [30/Mar/2025:17:45:59 -0400] "POST /wp-cron.php?doing_wp_cron=1743371159.5941851139068603515625 HTTP/1.1" 200 0 "-" "WordPress/6.7.2; https://bakingsecurityin.com"
216.244.66.236 - - [30/Mar/2025:17:45:57 -0400] "GET /oui-lawyer-how-an-oui-lawyer-can-help-you-avoid-a-conviction/ HTTP/1.1" 200 0 "-" "Mozilla/5.0 (compatible; DotBot/1.2; +https://opensiteexplorer.org/dotbot; help@moz.com)"
198.54.114.83 - - [30/Mar/2025:18:07:45 -0400] "POST /wp-cron.php?doing_wp_cron=1743372465.4270069599151611328125 HTTP/1.1" 200 0 "-" "WordPress/6.7.2; https://bakingsecurityin.com"
216.244.66.236 - - [30/Mar/2025:18:07:45 -0400] "GET /liability-insurance-for-small-businesses/feed/ HTTP/1.1" 200 444 "-" "Mozilla/5.0 (compatible; DotBot/1.2; +https://opensiteexplorer.org/dotbot; help@moz.com)"
198.54.114.83 - - [30/Mar/2025:18:09:18 -0400] "POST /wp-cron.php?doing_wp_cron=1743372558.4572260379791259765625 HTTP/1.1" 200 0 "-" "WordPress/6.7.2; https://bakingsecurityin.com"
216.244.66.236 - - [30/Mar/2025:18:09:18 -0400] "GET /enjoy-online-games-without-downloads/feed/ HTTP/1.1" 200 442 "-" "Mozilla/5.0 (compatible; DotBot/1.2; +https://opensiteexplorer.org/dotbot; help@moz.com)"
216.244.66.236 - - [30/Mar/2025:18:09:24 -0400] "GET /how-to-drop-a-pin-on-iphone/feed/ HTTP/1.1" 200 457 "-" "Mozilla/5.0 (compatible; DotBot/1.2; +https://opensiteexplorer.org/dotbot; help@moz.com)"
216.244.66.236 - - [30/Mar/2025:18:17:36 -0400] "GET /robots.txt HTTP/1.1" 304 0 "-" "Mozilla/5.0 (compatible; DotBot/1.2; +https://opensiteexplorer.org/dotbot; help@moz.com)"
196.251.87.179 - - [30/Mar/2025:18:21:00 -0400] "GET /heh.php HTTP/1.1" 404 0 "-" "Mozilla/5.0 (Windows NT 10.0; Win64; x64) AppleWebKit/537.36 (KHTML, like Gecko) Chrome/95.0.4638.69 Safari/537.36"
198.54.114.83 - - [30/Mar/2025:18:21:02 -0400] "POST /wp-cron.php?doing_wp_cron=1743373260.8069460391998291015625 HTTP/1.1" 200 0 "-" "WordPress/6.7.2; https://bakingsecurityin.com"
196.251.87.179 - - [30/Mar/2025:18:21:02 -0400] "GET /NewFile.php HTTP/1.1" 404 0 "-" "Mozilla/5.0 (Windows NT 10.0; Win64; x64) AppleWebKit/537.36 (KHTML, like Gecko) Chrome/95.0.4638.69 Safari/537.36"
196.251.87.179 - - [30/Mar/2025:18:21:03 -0400] "GET /wp-content/plugins/view-more/ioxi.php HTTP/1.1" 404 0 "-" "Mozilla/5.0 (Windows NT 10.0; Win64; x64) AppleWebKit/537.36 (KHTML, like Gecko) Chrome/95.0.4638.69 Safari/537.36"
196.251.87.179 - - [30/Mar/2025:18:21:05 -0400] "GET /wp-content/plugins/erinyani/baxa1.php7 HTTP/1.1" 404 0 "-" "Mozilla/5.0 (Windows NT 10.0; Win64; x64) AppleWebKit/537.36 (KHTML, like Gecko) Chrome/95.0.4638.69 Safari/537.36"
196.251.87.179 - - [30/Mar/2025:18:21:06 -0400] "GET /baxa1.php7 HTTP/1.1" 404 0 "-" "Mozilla/5.0 (Windows NT 10.0; Win64; x64) AppleWebKit/537.36 (KHTML, like Gecko) Chrome/95.0.4638.69 Safari/537.36"
196.251.87.179 - - [30/Mar/2025:18:21:07 -0400] "GET /wp-content/plugins/erinyani/baxa1.php HTTP/1.1" 404 0 "-" "Mozilla/5.0 (Windows NT 10.0; Win64; x64) AppleWebKit/537.36 (KHTML, like Gecko) Chrome/95.0.4638.69 Safari/537.36"
196.251.87.179 - - [30/Mar/2025:18:21:09 -0400] "GET /baxa1.php HTTP/1.1" 404 0 "-" "Mozilla/5.0 (Windows NT 10.0; Win64; x64) AppleWebKit/537.36 (KHTML, like Gecko) Chrome/95.0.4638.69 Safari/537.36"
196.251.87.179 - - [30/Mar/2025:18:21:10 -0400] "GET /wp-content/plugins/seoxx/randkeyword.php HTTP/1.1" 404 0 "-" "Mozilla/5.0 (Windows NT 10.0; Win64; x64) AppleWebKit/537.36 (KHTML, like Gecko) Chrome/95.0.4638.69 Safari/537.36"
196.251.87.179 - - [30/Mar/2025:18:21:12 -0400] "GET /github.php HTTP/1.1" 404 0 "-" "Mozilla/5.0 (Windows NT 10.0; Win64; x64) AppleWebKit/537.36 (KHTML, like Gecko) Chrome/95.0.4638.69 Safari/537.36"
196.251.87.179 - - [30/Mar/2025:18:21:14 -0400] "GET /.well-known/github.php HTTP/1.1" 404 0 "-" "Mozilla/5.0 (Windows NT 10.0; Win64; x64) AppleWebKit/537.36 (KHTML, like Gecko) Chrome/95.0.4638.69 Safari/537.36"
196.251.87.179 - - [30/Mar/2025:18:21:15 -0400] "GET /assets/github.php HTTP/1.1" 404 0 "-" "Mozilla/5.0 (Windows NT 10.0; Win64; x64) AppleWebKit/537.36 (KHTML, like Gecko) Chrome/95.0.4638.69 Safari/537.36"
196.251.87.179 - - [30/Mar/2025:18:21:17 -0400] "GET /.well-known/acme-challenge/github.php HTTP/1.1" 404 0 "-" "Mozilla/5.0 (Windows NT 10.0; Win64; x64) AppleWebKit/537.36 (KHTML, like Gecko) Chrome/95.0.4638.69 Safari/537.36"
196.251.87.179 - - [30/Mar/2025:18:21:18 -0400] "GET /.well-known/pki-validation/github.php HTTP/1.1" 404 1251 "-" "Mozilla/5.0 (Windows NT 10.0; Win64; x64) AppleWebKit/537.36 (KHTML, like Gecko) Chrome/95.0.4638.69 Safari/537.36"
196.251.87.179 - - [30/Mar/2025:18:21:19 -0400] "GET /assets/css/github.php HTTP/1.1" 404 0 "-" "Mozilla/5.0 (Windows NT 10.0; Win64; x64) AppleWebKit/537.36 (KHTML, like Gecko) Chrome/95.0.4638.69 Safari/537.36"
196.251.87.179 - - [30/Mar/2025:18:21:22 -0400] "GET /wp-content/themes/digital-download/up.php HTTP/1.1" 404 0 "-" "Mozilla/5.0 (Windows NT 10.0; Win64; x64) AppleWebKit/537.36 (KHTML, like Gecko) Chrome/95.0.4638.69 Safari/537.36"
196.251.87.179 - - [30/Mar/2025:18:21:23 -0400] "GET /wp-admin/network/index.php HTTP/1.1" 302 0 "-" "Mozilla/5.0 (Windows NT 10.0; Win64; x64) AppleWebKit/537.36 (KHTML, like Gecko) Chrome/95.0.4638.69 Safari/537.36"
196.251.87.179 - - [30/Mar/2025:18:21:30 -0400] "GET /wp-admin/js/index.php HTTP/1.1" 301 0 "-" "Mozilla/5.0 (Windows NT 10.0; Win64; x64) AppleWebKit/537.36 (KHTML, like Gecko) Chrome/95.0.4638.69 Safari/537.36"
196.251.87.179 - - [30/Mar/2025:18:21:32 -0400] "GET /wp-admin/js/ HTTP/1.1" 403 1242 "http://bakingsecurityin.com/wp-admin/js/index.php" "Mozilla/5.0 (Windows NT 10.0; Win64; x64) AppleWebKit/537.36 (KHTML, like Gecko) Chrome/95.0.4638.69 Safari/537.36"
196.251.87.179 - - [30/Mar/2025:18:21:33 -0400] "GET /wp-admin/images/index.php HTTP/1.1" 301 0 "-" "Mozilla/5.0 (Windows NT 10.0; Win64; x64) AppleWebKit/537.36 (KHTML, like Gecko) Chrome/95.0.4638.69 Safari/537.36"
196.251.87.179 - - [30/Mar/2025:18:21:35 -0400] "GET /wp-admin/images/ HTTP/1.1" 403 1242 "http://bakingsecurityin.com/wp-admin/images/index.php" "Mozilla/5.0 (Windows NT 10.0; Win64; x64) AppleWebKit/537.36 (KHTML, like Gecko) Chrome/95.0.4638.69 Safari/537.36"
196.251.87.179 - - [30/Mar/2025:18:21:37 -0400] "GET /wp-admin/css/index.php HTTP/1.1" 301 0 "-" "Mozilla/5.0 (Windows NT 10.0; Win64; x64) AppleWebKit/537.36 (KHTML, like Gecko) Chrome/95.0.4638.69 Safari/537.36"
196.251.87.179 - - [30/Mar/2025:18:21:39 -0400] "GET /wp-admin/css/ HTTP/1.1" 403 1242 "http://bakingsecurityin.com/wp-admin/css/index.php" "Mozilla/5.0 (Windows NT 10.0; Win64; x64) AppleWebKit/537.36 (KHTML, like Gecko) Chrome/95.0.4638.69 Safari/537.36"
196.251.87.179 - - [30/Mar/2025:18:21:41 -0400] "GET /wp-includes/SimplePie/Content/Type/index.php HTTP/1.1" 301 0 "-" "Mozilla/5.0 (Windows NT 10.0; Win64; x64) AppleWebKit/537.36 (KHTML, like Gecko) Chrome/95.0.4638.69 Safari/537.36"
196.251.87.179 - - [30/Mar/2025:18:21:42 -0400] "GET /wp-includes/SimplePie/Content/Type/ HTTP/1.1" 404 0 "http://bakingsecurityin.com/wp-includes/SimplePie/Content/Type/index.php" "Mozilla/5.0 (Windows NT 10.0; Win64; x64) AppleWebKit/537.36 (KHTML, like Gecko) Chrome/95.0.4638.69 Safari/537.36"
196.251.87.179 - - [30/Mar/2025:18:21:44 -0400] "GET /wp-includes/Requests/Auth/index.php HTTP/1.1" 301 0 "-" "Mozilla/5.0 (Windows NT 10.0; Win64; x64) AppleWebKit/537.36 (KHTML, like Gecko) Chrome/95.0.4638.69 Safari/537.36"
196.251.87.179 - - [30/Mar/2025:18:21:45 -0400] "GET /wp-includes/Requests/Auth/ HTTP/1.1" 404 0 "http://bakingsecurityin.com/wp-includes/Requests/Auth/index.php" "Mozilla/5.0 (Windows NT 10.0; Win64; x64) AppleWebKit/537.36 (KHTML, like Gecko) Chrome/95.0.4638.69 Safari/537.36"
196.251.87.179 - - [30/Mar/2025:18:21:46 -0400] "GET /wp-admin/css/colors/index.php HTTP/1.1" 301 0 "-" "Mozilla/5.0 (Windows NT 10.0; Win64; x64) AppleWebKit/537.36 (KHTML, like Gecko) Chrome/95.0.4638.69 Safari/537.36"
196.251.87.179 - - [30/Mar/2025:18:21:47 -0400] "GET /wp-admin/css/colors/ HTTP/1.1" 403 1242 "http://bakingsecurityin.com/wp-admin/css/colors/index.php" "Mozilla/5.0 (Windows NT 10.0; Win64; x64) AppleWebKit/537.36 (KHTML, like Gecko) Chrome/95.0.4638.69 Safari/537.36"
196.251.87.179 - - [30/Mar/2025:18:21:48 -0400] "GET /wp-content/languages/index.php HTTP/1.1" 301 0 "-" "Mozilla/5.0 (Windows NT 10.0; Win64; x64) AppleWebKit/537.36 (KHTML, like Gecko) Chrome/95.0.4638.69 Safari/537.36"
196.251.87.179 - - [30/Mar/2025:18:21:49 -0400] "GET /wp-content/languages/ HTTP/1.1" 404 0 "http://bakingsecurityin.com/wp-content/languages/index.php" "Mozilla/5.0 (Windows NT 10.0; Win64; x64) AppleWebKit/537.36 (KHTML, like Gecko) Chrome/95.0.4638.69 Safari/537.36"
