198.54.114.83 - - [06/Apr/2025:16:18:43 -0400] "POST /wp-cron.php?doing_wp_cron=1743970722.1387479305267333984375 HTTP/1.1" 200 0 "-" "WordPress/6.7.2; https://bakingsecurityin.com"
162.62.213.165 - - [06/Apr/2025:16:18:37 -0400] "GET / HTTP/1.1" 200 0 "-" "Mozilla/5.0 (iPhone; CPU iPhone OS 13_2_3 like Mac OS X) AppleWebKit/605.1.15 (KHTML, like Gecko) Version/13.0.3 Mobile/15E148 Safari/604.1"
216.244.66.236 - - [06/Apr/2025:16:21:57 -0400] "GET /robots.txt HTTP/1.1" 304 0 "-" "Mozilla/5.0 (compatible; DotBot/1.2; +https://opensiteexplorer.org/dotbot; help@moz.com)"
198.54.114.83 - - [06/Apr/2025:16:25:46 -0400] "POST /wp-cron.php?doing_wp_cron=1743971146.6790280342102050781250 HTTP/1.1" 200 0 "-" "WordPress/6.7.2; https://bakingsecurityin.com"
8.130.115.56 - - [06/Apr/2025:16:25:43 -0400] "POST /xmlrpc.php HTTP/1.1" 200 236 "-" "Mozilla/5.0 (X11; Fedora; Linux x86_64; rv:94.0) Gecko/20100101 Firefox/95.0"
198.54.114.83 - - [06/Apr/2025:16:33:57 -0400] "POST /wp-cron.php?doing_wp_cron=1743971636.7897388935089111328125 HTTP/1.1" 200 0 "-" "WordPress/6.7.2; https://bakingsecurityin.com"
216.244.66.236 - - [06/Apr/2025:16:33:56 -0400] "GET /the-role-of-the-executor-in-estate-planning/feed/ HTTP/1.1" 200 447 "-" "Mozilla/5.0 (compatible; DotBot/1.2; +https://opensiteexplorer.org/dotbot; help@moz.com)"
216.244.66.236 - - [06/Apr/2025:16:34:03 -0400] "GET /the-thrills-of-online-casinos-a-gateway-to-entertainment-and-fortune/feed/ HTTP/1.1" 200 480 "-" "Mozilla/5.0 (compatible; DotBot/1.2; +https://opensiteexplorer.org/dotbot; help@moz.com)"
198.54.114.98 - - [06/Apr/2025:16:37:31 -0400] "POST /wp-login.php HTTP/1.1" 302 0 "http://bakingsecurityin.com" "Mozilla/5.0 (Windows NT 10.0; Win64; x64; rv:128.0) Gecko/20100101 Firefox/128.0"
198.54.114.83 - - [06/Apr/2025:16:37:36 -0400] "POST /wp-cron.php?doing_wp_cron=1743971855.1678900718688964843750 HTTP/1.1" 200 0 "-" "WordPress/6.7.2; https://bakingsecurityin.com"
146.70.123.158 - - [06/Apr/2025:16:37:41 -0400] "GET / HTTP/1.1" 200 0 "http://bakingsecurityin.com/" "Mozilla/5.0 (Windows NT 10.0; Win64; x64) AppleWebKit/537.36 (KHTML, like Gecko) Chrome/131.0.0.0 Safari/537.36"
198.54.114.83 - - [06/Apr/2025:16:51:52 -0400] "POST /wp-cron.php?doing_wp_cron=1743972712.6099910736083984375000 HTTP/1.1" 200 0 "-" "WordPress/6.7.2; https://bakingsecurityin.com"
199.188.201.234 - - [06/Apr/2025:16:51:50 -0400] "POST /wp-login.php HTTP/1.1" 302 0 "http://bakingsecurityin.com" "Mozilla/5.0 (Macintosh; Intel Mac OS X 14_6) AppleWebKit/605.1.15 (KHTML, like Gecko) Version/17.5 Safari/605.1.15"
198.54.114.83 - - [06/Apr/2025:16:56:11 -0400] "POST /wp-cron.php?doing_wp_cron=1743972971.2390019893646240234375 HTTP/1.1" 200 0 "-" "WordPress/6.7.2; https://bakingsecurityin.com"
171.244.0.91 - - [06/Apr/2025:16:56:11 -0400] "POST /xmlrpc.php HTTP/1.1" 200 236 "-" "Mozilla/5.0 (X11; Fedora; Linux x86_64; rv:94.0) Gecko/20100101 Firefox/95.0"
85.208.98.23 - - [06/Apr/2025:16:58:21 -0400] "GET /robots.txt HTTP/1.1" 304 0 "-" "Mozilla/5.0 (compatible; SemrushBot-BA; +http://www.semrush.com/bot.html)"
198.54.114.83 - - [06/Apr/2025:17:06:06 -0400] "POST /wp-cron.php?doing_wp_cron=1743973566.3151400089263916015625 HTTP/1.1" 200 0 "-" "WordPress/6.7.2; https://bakingsecurityin.com"
20.245.238.242 - - [06/Apr/2025:17:06:03 -0400] "POST /wp-login.php HTTP/1.1" 302 0 "http://bakingsecurityin.com" "Mozilla/5.0 (Macintosh; Intel Mac OS X 10_15_7) AppleWebKit/537.36 (KHTML, like Gecko) Chrome/115.0.5790.102 Safari/537.36"
216.244.66.236 - - [06/Apr/2025:17:11:23 -0400] "GET /robots.txt HTTP/1.1" 304 0 "-" "Mozilla/5.0 (compatible; DotBot/1.2; +https://opensiteexplorer.org/dotbot; help@moz.com)"
198.54.114.83 - - [06/Apr/2025:17:20:20 -0400] "POST /wp-cron.php?doing_wp_cron=1743974419.6482880115509033203125 HTTP/1.1" 200 0 "-" "WordPress/6.7.2; https://bakingsecurityin.com"
133.242.131.226 - - [06/Apr/2025:17:20:15 -0400] "POST /wp-login.php HTTP/1.1" 302 0 "http://bakingsecurityin.com" "Mozilla/5.0 (Windows NT 10.0; Win64; x64) AppleWebKit/537.36 (KHTML, like Gecko) Chrome/112.0.5615.138 Safari/537.36"
216.244.66.236 - - [06/Apr/2025:17:24:55 -0400] "GET /unveiling-the-allure-of-lentor-mansion-showflat/feed/ HTTP/1.1" 200 452 "-" "Mozilla/5.0 (compatible; DotBot/1.2; +https://opensiteexplorer.org/dotbot; help@moz.com)"
167.172.190.211 - - [06/Apr/2025:17:31:11 -0400] "POST /xmlrpc.php HTTP/1.1" 200 236 "-" "Mozilla/5.0 (X11; Fedora; Linux x86_64; rv:94.0) Gecko/20100101 Firefox/95.0"
162.214.124.144 - - [06/Apr/2025:17:34:29 -0400] "POST /wp-login.php HTTP/1.1" 302 0 "http://bakingsecurityin.com" "Mozilla/5.0 (Windows NT 11.0; Win64; x64) AppleWebKit/537.36 (KHTML, like Gecko) Chrome/126.0.0.0 Safari/537.36 Edg/126.0.0.0"
198.54.114.83 - - [06/Apr/2025:17:48:45 -0400] "POST /wp-cron.php?doing_wp_cron=1743976125.8014659881591796875000 HTTP/1.1" 200 0 "-" "WordPress/6.7.2; https://bakingsecurityin.com"
162.0.229.109 - - [06/Apr/2025:17:48:44 -0400] "POST /wp-login.php HTTP/1.1" 302 0 "http://bakingsecurityin.com" "Mozilla/5.0 (Windows NT 10.0; Win64; x64; rv:129.0) Gecko/20100101 Firefox/129.0"
198.54.114.83 - - [06/Apr/2025:18:03:15 -0400] "POST /wp-cron.php?doing_wp_cron=1743976994.2555449008941650390625 HTTP/1.1" 200 0 "-" "WordPress/6.7.2; https://bakingsecurityin.com"
20.204.164.126 - - [06/Apr/2025:18:03:09 -0400] "POST /wp-login.php HTTP/1.1" 302 0 "http://bakingsecurityin.com" "Mozilla/5.0 (Windows NT 10.0; Win64; x64; rv:129.0) Gecko/20100101 Firefox/129.0"
198.54.114.83 - - [06/Apr/2025:18:17:58 -0400] "POST /wp-cron.php?doing_wp_cron=1743977878.3702030181884765625000 HTTP/1.1" 200 0 "-" "WordPress/6.7.2; https://bakingsecurityin.com"
199.188.200.191 - - [06/Apr/2025:18:17:58 -0400] "POST /wp-login.php HTTP/1.1" 302 0 "http://bakingsecurityin.com" "Mozilla/5.0 (Macintosh; Intel Mac OS X 10.15; rv:126.0) Gecko/20100101 Firefox/126.0"
198.54.114.83 - - [06/Apr/2025:18:32:44 -0400] "POST /wp-cron.php?doing_wp_cron=1743978764.5796558856964111328125 HTTP/1.1" 200 0 "-" "WordPress/6.7.2; https://bakingsecurityin.com"
2600:1f18:7497:3900:a8b:a2f9:7144:e846 - - [06/Apr/2025:18:32:43 -0400] "POST /wp-login.php HTTP/1.1" 302 0 "http://bakingsecurityin.com" "Mozilla/5.0 (Windows NT 10.0; Win64; x64; rv:127.0) Gecko/20100101 Firefox/127.0"
209.74.67.29 - - [06/Apr/2025:18:47:25 -0400] "POST /wp-login.php HTTP/1.1" 302 0 "http://bakingsecurityin.com" "Mozilla/5.0 (Macintosh; Intel Mac OS X 14.5) AppleWebKit/618.3.5 (KHTML, like Gecko) Version/17.4 Safari/618.3.5"
198.54.114.83 - - [06/Apr/2025:18:52:47 -0400] "POST /wp-cron.php?doing_wp_cron=1743979965.8990991115570068359375 HTTP/1.1" 200 0 "-" "WordPress/6.7.2; https://bakingsecurityin.com"
186.64.116.130 - - [06/Apr/2025:18:52:41 -0400] "POST /xmlrpc.php HTTP/1.1" 200 236 "-" "Mozilla/5.0 (X11; Fedora; Linux x86_64; rv:94.0) Gecko/20100101 Firefox/95.0"
198.54.114.83 - - [06/Apr/2025:19:02:08 -0400] "POST /wp-cron.php?doing_wp_cron=1743980528.3841168880462646484375 HTTP/1.1" 200 0 "-" "WordPress/6.7.2; https://bakingsecurityin.com"
213.199.36.148 - - [06/Apr/2025:19:02:04 -0400] "POST /wp-login.php HTTP/1.1" 302 0 "http://bakingsecurityin.com" "Mozilla/5.0 (Macintosh; Intel Mac OS X 13_3) AppleWebKit/537.36 (KHTML, like Gecko) Chrome/126.0.0.0 Safari/537.36"
212.30.36.147 - - [06/Apr/2025:19:12:12 -0400] "GET /how-does-red-light-therapy-work/ HTTP/1.1" 200 0 "http://bakingsecurityin.com/how-does-red-light-therapy-work/" "Mozilla/5.0 (Windows NT 10.0; Win64; x64) AppleWebKit/537.36 (KHTML, like Gecko) Chrome/131.0.0.0 Safari/537.36 Avast/131.0.0.0"
198.54.114.83 - - [06/Apr/2025:19:12:17 -0400] "POST /wp-cron.php?doing_wp_cron=1743981137.5662329196929931640625 HTTP/1.1" 200 0 "-" "WordPress/6.7.2; https://bakingsecurityin.com"
212.30.36.145 - - [06/Apr/2025:19:12:14 -0400] "GET / HTTP/1.1" 200 0 "http://bakingsecurityin.com/" "Mozilla/5.0 (Windows NT 10.0; Win64; x64) AppleWebKit/537.36 (KHTML, like Gecko) Chrome/131.0.0.0 Safari/537.36 Avast/131.0.0.0"
162.0.232.211 - - [06/Apr/2025:19:16:41 -0400] "POST /wp-login.php HTTP/1.1" 302 0 "http://bakingsecurityin.com" "Mozilla/5.0 (Windows NT 10.0; Win64; x64) AppleWebKit/537.36 (KHTML, like Gecko) Chrome/112.0.5615.138 Safari/537.36"
198.54.114.83 - - [06/Apr/2025:19:28:25 -0400] "POST /wp-cron.php?doing_wp_cron=1743982105.6791288852691650390625 HTTP/1.1" 200 0 "-" "WordPress/6.7.2; https://bakingsecurityin.com"
216.244.66.236 - - [06/Apr/2025:19:28:22 -0400] "GET /grip-socks-for-soccer/feed/ HTTP/1.1" 200 425 "-" "Mozilla/5.0 (compatible; DotBot/1.2; +https://opensiteexplorer.org/dotbot; help@moz.com)"
198.54.114.83 - - [06/Apr/2025:19:31:18 -0400] "POST /wp-cron.php?doing_wp_cron=1743982278.2273221015930175781250 HTTP/1.1" 200 0 "-" "WordPress/6.7.2; https://bakingsecurityin.com"
103.169.35.190 - - [06/Apr/2025:19:31:14 -0400] "POST /wp-login.php HTTP/1.1" 302 0 "http://bakingsecurityin.com" "Mozilla/5.0 (Macintosh; Intel Mac OS X 10_15_7; rv:129.0) Gecko/20100101 Firefox/129.0"
8.218.212.177 - - [06/Apr/2025:19:40:56 -0400] "POST /xmlrpc.php HTTP/1.1" 200 236 "-" "Mozilla/5.0 (X11; Fedora; Linux x86_64; rv:94.0) Gecko/20100101 Firefox/95.0"
198.54.114.83 - - [06/Apr/2025:19:45:43 -0400] "POST /wp-cron.php?doing_wp_cron=1743983143.4536139965057373046875 HTTP/1.1" 200 0 "-" "WordPress/6.7.2; https://bakingsecurityin.com"
2607:5300:60:9ba6:: - - [06/Apr/2025:19:45:43 -0400] "POST /wp-login.php HTTP/1.1" 302 0 "http://bakingsecurityin.com" "Mozilla/5.0 (Windows NT 10.0; Win64; x64) AppleWebKit/537.36 (KHTML, like Gecko) Chrome/126.0.0.0 Safari/537.36"
114.119.152.8 - - [06/Apr/2025:19:50:49 -0400] "GET /robots.txt HTTP/1.1" 304 0 "-" "Mozilla/5.0 (compatible;PetalBot;+https://webmaster.petalsearch.com/site/petalbot)"
198.54.114.83 - - [06/Apr/2025:20:00:24 -0400] "POST /wp-cron.php?doing_wp_cron=1743984024.0324668884277343750000 HTTP/1.1" 200 0 "-" "WordPress/6.7.2; https://bakingsecurityin.com"
34.93.16.66 - - [06/Apr/2025:20:00:20 -0400] "POST /wp-login.php HTTP/1.1" 302 0 "http://bakingsecurityin.com" "Mozilla/5.0 (Macintosh; Intel Mac OS X 10_15_7) AppleWebKit/537.36 (KHTML, like Gecko) Chrome/112.0.5615.138 Safari/537.36"
216.244.66.236 - - [06/Apr/2025:20:12:23 -0400] "GET /robots.txt HTTP/1.1" 304 0 "-" "Mozilla/5.0 (compatible; DotBot/1.2; +https://opensiteexplorer.org/dotbot; help@moz.com)"
198.54.114.83 - - [06/Apr/2025:20:15:16 -0400] "POST /wp-cron.php?doing_wp_cron=1743984916.5722420215606689453125 HTTP/1.1" 200 0 "-" "WordPress/6.7.2; https://bakingsecurityin.com"
199.188.201.234 - - [06/Apr/2025:20:15:13 -0400] "POST /wp-login.php HTTP/1.1" 302 0 "http://bakingsecurityin.com" "Mozilla/5.0 (Macintosh; Intel Mac OS X 14_6) AppleWebKit/605.1.15 (KHTML, like Gecko) Version/17.5 Safari/605.1.15"
216.244.66.236 - - [06/Apr/2025:20:24:59 -0400] "GET /lampe-de-table-design HTTP/1.1" 301 0 "-" "Mozilla/5.0 (compatible; DotBot/1.2; +https://opensiteexplorer.org/dotbot; help@moz.com)"
198.54.114.83 - - [06/Apr/2025:20:25:06 -0400] "POST /wp-cron.php?doing_wp_cron=1743985503.5477619171142578125000 HTTP/1.1" 200 0 "-" "WordPress/6.7.2; https://bakingsecurityin.com"
198.54.114.83 - - [06/Apr/2025:20:27:30 -0400] "POST /wp-cron.php?doing_wp_cron=1743985649.9007821083068847656250 HTTP/1.1" 200 0 "-" "WordPress/6.7.2; https://bakingsecurityin.com"
2406:4f40:8:1000::971e - - [06/Apr/2025:20:27:26 -0400] "GET / HTTP/1.1" 200 0 "-" "Mozilla/5.0 (Windows NT 10.0; Win64; x64) AppleWebKit/537.36 (KHTML, like Gecko) Chrome/95.0.4638.69 Safari/537.36"
2406:4f40:8:1000::971e - - [06/Apr/2025:20:27:31 -0400] "GET /wp-includes/ID3/license.txt HTTP/1.1" 200 501 "-" "Mozilla/5.0 (Windows NT 10.0; Win64; x64) AppleWebKit/537.36 (KHTML, like Gecko) Chrome/95.0.4638.69 Safari/537.36"
2406:4f40:8:1000::971e - - [06/Apr/2025:20:27:31 -0400] "GET /feed/ HTTP/1.1" 200 282276 "-" "Mozilla/5.0 (Windows NT 10.0; Win64; x64) AppleWebKit/537.36 (KHTML, like Gecko) Chrome/95.0.4638.69 Safari/537.36"
198.54.114.83 - - [06/Apr/2025:20:27:33 -0400] "POST /wp-cron.php?doing_wp_cron=1743985652.8582499027252197265625 HTTP/1.1" 200 0 "-" "WordPress/6.7.2; https://bakingsecurityin.com"
2406:4f40:8:1000::971e - - [06/Apr/2025:20:27:32 -0400] "GET /?author=1 HTTP/1.1" 301 0 "-" "Mozilla/5.0 (Windows NT 10.0; Win64; x64) AppleWebKit/537.36 (KHTML, like Gecko) Chrome/95.0.4638.69 Safari/537.36"
2406:4f40:8:1000::971e - - [06/Apr/2025:20:27:33 -0400] "GET /?author=2 HTTP/1.1" 301 0 "-" "Mozilla/5.0 (Windows NT 10.0; Win64; x64) AppleWebKit/537.36 (KHTML, like Gecko) Chrome/95.0.4638.69 Safari/537.36"
2406:4f40:8:1000::971e - - [06/Apr/2025:20:27:34 -0400] "GET /?author=3 HTTP/1.1" 404 0 "-" "Mozilla/5.0 (Windows NT 10.0; Win64; x64) AppleWebKit/537.36 (KHTML, like Gecko) Chrome/95.0.4638.69 Safari/537.36"
2406:4f40:8:1000::971e - - [06/Apr/2025:20:27:35 -0400] "GET /wp-json/wp/v2/users/ HTTP/1.1" 200 1292 "-" "Mozilla/5.0 (Windows NT 10.0; Win64; x64) AppleWebKit/537.36 (KHTML, like Gecko) Chrome/95.0.4638.69 Safari/537.36"
2406:4f40:8:1000::971e - - [06/Apr/2025:20:27:36 -0400] "POST /xmlrpc.php HTTP/1.1" 200 212 "-" "Mozilla/5.0 (Windows NT 10.0; Win64; x64) AppleWebKit/537.36 (KHTML, like Gecko) Chrome/95.0.4638.69 Safari/537.36"
2406:4f40:8:1000::971e - - [06/Apr/2025:20:27:37 -0400] "POST /xmlrpc.php HTTP/1.1" 200 236 "-" "Mozilla/5.0 (Windows NT 10.0; Win64; x64) AppleWebKit/537.36 (KHTML, like Gecko) Chrome/95.0.4638.69 Safari/537.36"
2406:4f40:8:1000::971e - - [06/Apr/2025:20:27:37 -0400] "POST /xmlrpc.php HTTP/1.1" 200 236 "-" "Mozilla/5.0 (Windows NT 10.0; Win64; x64) AppleWebKit/537.36 (KHTML, like Gecko) Chrome/95.0.4638.69 Safari/537.36"
2406:4f40:8:1000::971e - - [06/Apr/2025:20:27:37 -0400] "POST /xmlrpc.php HTTP/1.1" 200 212 "-" "Mozilla/5.0 (Windows NT 10.0; Win64; x64) AppleWebKit/537.36 (KHTML, like Gecko) Chrome/95.0.4638.69 Safari/537.36"
2406:4f40:8:1000::971e - - [06/Apr/2025:20:27:38 -0400] "POST /xmlrpc.php HTTP/1.1" 200 236 "-" "Mozilla/5.0 (Windows NT 10.0; Win64; x64) AppleWebKit/537.36 (KHTML, like Gecko) Chrome/95.0.4638.69 Safari/537.36"
2406:4f40:8:1000::971e - - [06/Apr/2025:20:27:38 -0400] "POST /xmlrpc.php HTTP/1.1" 200 236 "-" "Mozilla/5.0 (Windows NT 10.0; Win64; x64) AppleWebKit/537.36 (KHTML, like Gecko) Chrome/95.0.4638.69 Safari/537.36"
195.191.219.132 - - [06/Apr/2025:20:28:33 -0400] "GET /robots.txt HTTP/1.1" 304 0 "-" "Mozilla/5.0 (compatible; MJ12bot/v2.0.0; http://mj12bot.com/)"
198.54.114.83 - - [06/Apr/2025:20:28:34 -0400] "POST /wp-cron.php?doing_wp_cron=1743985714.3919219970703125000000 HTTP/1.1" 200 0 "-" "WordPress/6.7.2; https://bakingsecurityin.com"
195.191.219.132 - - [06/Apr/2025:20:28:34 -0400] "GET / HTTP/1.1" 200 0 "-" "Mozilla/5.0 (compatible; MJ12bot/v2.0.0; http://mj12bot.com/)"
162.213.251.71 - - [06/Apr/2025:20:30:05 -0400] "POST /wp-login.php HTTP/1.1" 302 0 "http://bakingsecurityin.com" "Mozilla/5.0 (Windows NT 10.0; Win64; x64) AppleWebKit/537.36 (KHTML, like Gecko) Chrome/114.0.5735.199 Safari/537.36 Edg/114.0.1823.67"
198.54.114.83 - - [06/Apr/2025:20:30:09 -0400] "POST /wp-cron.php?doing_wp_cron=1743985808.1545391082763671875000 HTTP/1.1" 200 0 "-" "WordPress/6.7.2; https://bakingsecurityin.com"
198.54.114.83 - - [06/Apr/2025:20:34:33 -0400] "POST /wp-cron.php?doing_wp_cron=1743986073.7489650249481201171875 HTTP/1.1" 200 0 "-" "WordPress/6.7.2; https://bakingsecurityin.com"
8.218.212.177 - - [06/Apr/2025:20:34:30 -0400] "POST /xmlrpc.php HTTP/1.1" 200 236 "-" "Mozilla/5.0 (X11; Fedora; Linux x86_64; rv:94.0) Gecko/20100101 Firefox/95.0"
103.148.164.166 - - [06/Apr/2025:20:44:59 -0400] "POST /wp-login.php HTTP/1.1" 302 0 "http://bakingsecurityin.com" "Mozilla/5.0 (Windows NT 10.0; Win64; x64) AppleWebKit/537.36 (KHTML, like Gecko) Chrome/112.0.5615.138 Safari/537.36"
198.54.114.83 - - [06/Apr/2025:20:57:05 -0400] "POST /wp-cron.php?doing_wp_cron=1743987425.0141029357910156250000 HTTP/1.1" 200 0 "-" "WordPress/6.7.2; https://bakingsecurityin.com"
103.17.99.13 - - [06/Apr/2025:20:57:01 -0400] "GET /wp-login.php HTTP/1.1" 302 0 "-" "Mozilla/5.0 (Windows NT 10.0; Win64; x64) AppleWebKit/537.36 (KHTML, like Gecko) Chrome/87.0.4280.141 Safari/537.36"
62.3.54.26 - - [06/Apr/2025:20:57:07 -0400] "POST /wp-login.php HTTP/1.1" 302 0 "-" "Mozilla/5.0 (Windows NT 10.0; Win64; x64) AppleWebKit/537.36 (KHTML, like Gecko) Chrome/87.0.4280.141 Safari/537.36"
198.54.114.83 - - [06/Apr/2025:21:00:07 -0400] "POST /wp-cron.php?doing_wp_cron=1743987606.6344900131225585937500 HTTP/1.1" 200 0 "-" "WordPress/6.7.2; https://bakingsecurityin.com"
123.1.133.4 - - [06/Apr/2025:21:00:06 -0400] "POST /wp-login.php HTTP/1.1" 302 0 "http://bakingsecurityin.com" "Mozilla/5.0 (Macintosh; Intel Mac OS X 10_15_7; rv:125.0.1) Gecko/20100101 Firefox/125.0.1"
216.244.66.236 - - [06/Apr/2025:21:00:53 -0400] "GET /robots.txt HTTP/1.1" 304 0 "-" "Mozilla/5.0 (compatible; DotBot/1.2; +https://opensiteexplorer.org/dotbot; help@moz.com)"
198.54.114.83 - - [06/Apr/2025:21:09:12 -0400] "POST /wp-cron.php?doing_wp_cron=1743988152.4932429790496826171875 HTTP/1.1" 200 0 "-" "WordPress/6.7.2; https://bakingsecurityin.com"
78.153.130.8 - - [06/Apr/2025:21:09:12 -0400] "GET /a-journey-into-skincare/ HTTP/1.1" 200 0 "http://bakingsecurityin.com/a-journey-into-skincare/" "Mozilla/5.0 (Windows NT 10.0; Win64; x64) AppleWebKit/537.36 (KHTML, like Gecko) Chrome/131.0.0.0 Safari/537.36 Avast/131.0.0.0"
78.153.130.8 - - [06/Apr/2025:21:09:15 -0400] "GET / HTTP/1.1" 200 0 "http://bakingsecurityin.com/" "Mozilla/5.0 (Windows NT 10.0; Win64; x64) AppleWebKit/537.36 (KHTML, like Gecko) Chrome/131.0.0.0 Safari/537.36 Avast/131.0.0.0"
198.54.114.83 - - [06/Apr/2025:21:11:11 -0400] "POST /wp-cron.php?doing_wp_cron=1743988271.0452299118041992187500 HTTP/1.1" 200 0 "-" "WordPress/6.7.2; https://bakingsecurityin.com"
134.17.14.122 - - [06/Apr/2025:21:11:07 -0400] "GET /nope.php HTTP/1.1" 404 0 "-" "Mozilla/4.0 (compatible; MSIE 6.0; Windows NT 5.1; SV1)"
216.244.66.236 - - [06/Apr/2025:21:11:11 -0400] "GET /agriturismi-lago-di-garda-e-paesi-del-lago-di-garda/ HTTP/1.1" 200 0 "-" "Mozilla/5.0 (compatible; DotBot/1.2; +https://opensiteexplorer.org/dotbot; help@moz.com)"
198.54.114.83 - - [06/Apr/2025:21:15:31 -0400] "POST /wp-cron.php?doing_wp_cron=1743988530.6847679615020751953125 HTTP/1.1" 200 0 "-" "WordPress/6.7.2; https://bakingsecurityin.com"
2a02:4780:12:ec93::1 - - [06/Apr/2025:21:15:26 -0400] "POST /wp-login.php HTTP/1.1" 302 0 "http://bakingsecurityin.com" "Mozilla/5.0 (Windows NT 10.0; Win64; x64) AppleWebKit/537.36 (KHTML, like Gecko) Chrome/114.0.5735.199 Safari/537.36 Edg/114.0.1823.67"
44.200.76.153 - - [06/Apr/2025:21:22:47 -0400] "GET / HTTP/1.1" 200 0 "-" "Mozilla/5.0 (Windows NT 10.0; Win64; x64) AppleWebKit/537.36 (KHTML, like Gecko) Chrome/104.0.0.0 Safari/537.36"
198.54.114.83 - - [06/Apr/2025:21:27:39 -0400] "POST /wp-cron.php?doing_wp_cron=1743989259.5090939998626708984375 HTTP/1.1" 200 0 "-" "WordPress/6.7.2; https://bakingsecurityin.com"
52.236.38.209 - - [06/Apr/2025:21:27:37 -0400] "GET /inputs.php HTTP/1.1" 404 0 "-" "-"
52.236.38.209 - - [06/Apr/2025:21:27:40 -0400] "GET /classsmtps.php HTTP/1.1" 404 0 "-" "-"
52.236.38.209 - - [06/Apr/2025:21:27:40 -0400] "GET /wp-blog-header.php HTTP/1.1" 404 0 "-" "-"
52.236.38.209 - - [06/Apr/2025:21:27:41 -0400] "GET /wp-trackback.php HTTP/1.1" 404 130 "-" "-"
52.236.38.209 - - [06/Apr/2025:21:27:41 -0400] "GET /wp-signup.php HTTP/1.1" 302 0 "-" "-"
52.236.38.209 - - [06/Apr/2025:21:27:43 -0400] "GET /wp-comments-post.php HTTP/1.1" 405 0 "-" "-"
52.236.38.209 - - [06/Apr/2025:21:27:43 -0400] "GET /wp-cron.php HTTP/1.1" 200 0 "-" "-"
52.236.38.209 - - [06/Apr/2025:21:27:43 -0400] "GET /wp-load.php HTTP/1.1" 200 0 "-" "-"
52.236.38.209 - - [06/Apr/2025:21:27:43 -0400] "GET /wp-mail.php HTTP/1.1" 403 1138 "-" "-"
52.236.38.209 - - [06/Apr/2025:21:27:44 -0400] "GET /edit.php HTTP/1.1" 404 0 "-" "-"
52.236.38.209 - - [06/Apr/2025:21:27:44 -0400] "GET /wp-activate.php HTTP/1.1" 302 0 "-" "-"
52.236.38.209 - - [06/Apr/2025:21:27:45 -0400] "GET /plugins.php HTTP/1.1" 404 0 "-" "-"
52.236.38.209 - - [06/Apr/2025:21:27:45 -0400] "GET /post.php HTTP/1.1" 404 0 "-" "-"
52.236.38.209 - - [06/Apr/2025:21:27:45 -0400] "GET /admin.php HTTP/1.1" 404 0 "-" "-"
52.236.38.209 - - [06/Apr/2025:21:27:46 -0400] "GET /about.php HTTP/1.1" 404 0 "-" "-"
52.236.38.209 - - [06/Apr/2025:21:27:46 -0400] "GET /atomlib.php HTTP/1.1" 404 0 "-" "-"
52.236.38.209 - - [06/Apr/2025:21:27:46 -0400] "GET /css.php HTTP/1.1" 404 0 "-" "-"
52.236.38.209 - - [06/Apr/2025:21:27:46 -0400] "GET /simple.php HTTP/1.1" 404 0 "-" "-"
52.236.38.209 - - [06/Apr/2025:21:27:47 -0400] "GET /log.php HTTP/1.1" 404 0 "-" "-"
52.236.38.209 - - [06/Apr/2025:21:27:47 -0400] "GET /index.php HTTP/1.1" 301 0 "-" "-"
52.236.38.209 - - [06/Apr/2025:21:27:47 -0400] "GET / HTTP/1.1" 200 0 "-" "-"
52.236.38.209 - - [06/Apr/2025:21:27:47 -0400] "GET /mail.php HTTP/1.1" 404 0 "-" "-"
52.236.38.209 - - [06/Apr/2025:21:27:48 -0400] "GET /doc.php HTTP/1.1" 404 0 "-" "-"
52.236.38.209 - - [06/Apr/2025:21:27:48 -0400] "GET /bak.php HTTP/1.1" 404 0 "-" "-"
52.236.38.209 - - [06/Apr/2025:21:27:48 -0400] "GET /content.php HTTP/1.1" 404 0 "-" "-"
52.236.38.209 - - [06/Apr/2025:21:27:49 -0400] "GET /upfile.php HTTP/1.1" 404 0 "-" "-"
52.236.38.209 - - [06/Apr/2025:21:27:49 -0400] "GET /wp.php HTTP/1.1" 404 0 "-" "-"
52.236.38.209 - - [06/Apr/2025:21:27:49 -0400] "GET /wp-conflg.php HTTP/1.1" 404 0 "-" "-"
52.236.38.209 - - [06/Apr/2025:21:27:49 -0400] "GET /bypass.php HTTP/1.1" 404 0 "-" "-"
52.236.38.209 - - [06/Apr/2025:21:27:50 -0400] "GET /updates.php HTTP/1.1" 404 0 "-" "-"
52.236.38.209 - - [06/Apr/2025:21:27:50 -0400] "GET /radio.php HTTP/1.1" 404 0 "-" "-"
52.236.38.209 - - [06/Apr/2025:21:27:50 -0400] "GET /xmrlpc.php HTTP/1.1" 404 0 "-" "-"
52.236.38.209 - - [06/Apr/2025:21:27:50 -0400] "GET /ae.php HTTP/1.1" 404 0 "-" "-"
52.236.38.209 - - [06/Apr/2025:21:27:51 -0400] "GET /blog.php HTTP/1.1" 404 0 "-" "-"
52.236.38.209 - - [06/Apr/2025:21:27:51 -0400] "GET /themes.php HTTP/1.1" 404 0 "-" "-"
52.236.38.209 - - [06/Apr/2025:21:27:51 -0400] "GET /ini.php HTTP/1.1" 404 0 "-" "-"
52.236.38.209 - - [06/Apr/2025:21:27:52 -0400] "GET /shell.php HTTP/1.1" 404 0 "-" "-"
52.236.38.209 - - [06/Apr/2025:21:27:52 -0400] "GET /ws.php HTTP/1.1" 404 0 "-" "-"
52.236.38.209 - - [06/Apr/2025:21:27:52 -0400] "GET /dropdown.php HTTP/1.1" 404 0 "-" "-"
52.236.38.209 - - [06/Apr/2025:21:27:53 -0400] "GET /makeasmtp.php HTTP/1.1" 404 0 "-" "-"
52.236.38.209 - - [06/Apr/2025:21:27:53 -0400] "GET /wp-sigunq.php HTTP/1.1" 404 0 "-" "-"
52.236.38.209 - - [06/Apr/2025:21:27:53 -0400] "GET /wso112233.php HTTP/1.1" 404 0 "-" "-"
52.236.38.209 - - [06/Apr/2025:21:27:53 -0400] "GET /alfanew.php HTTP/1.1" 404 0 "-" "-"
52.236.38.209 - - [06/Apr/2025:21:27:54 -0400] "GET /fw.php HTTP/1.1" 404 0 "-" "-"
52.236.38.209 - - [06/Apr/2025:21:27:54 -0400] "GET /install.php HTTP/1.1" 404 0 "-" "-"
52.236.38.209 - - [06/Apr/2025:21:27:54 -0400] "GET /wp-login.php HTTP/1.1" 302 0 "-" "-"
52.236.38.209 - - [06/Apr/2025:21:27:55 -0400] "GET /wp-content/plugins/google-seo-rank/module.php HTTP/1.1" 404 0 "-" "-"
52.236.38.209 - - [06/Apr/2025:21:27:55 -0400] "GET /chosen.php HTTP/1.1" 404 0 "-" "-"
198.54.114.83 - - [06/Apr/2025:21:30:36 -0400] "POST /wp-cron.php?doing_wp_cron=1743989436.0405259132385253906250 HTTP/1.1" 200 0 "-" "WordPress/6.7.2; https://bakingsecurityin.com"
2604:a880:400:d0::8f4:f001 - - [06/Apr/2025:21:30:31 -0400] "POST /wp-login.php HTTP/1.1" 302 0 "http://bakingsecurityin.com" "Mozilla/5.0 (Macintosh; Intel Mac OS X 10_15_7) AppleWebKit/537.36 (KHTML, like Gecko) Chrome/116.0.5845.96 Safari/537.36"
198.54.114.83 - - [06/Apr/2025:21:38:15 -0400] "POST /wp-cron.php?doing_wp_cron=1743989895.4929189682006835937500 HTTP/1.1" 200 0 "-" "WordPress/6.7.2; https://bakingsecurityin.com"
92.222.181.205 - - [06/Apr/2025:21:38:15 -0400] "POST /xmlrpc.php HTTP/1.1" 200 236 "-" "Mozilla/5.0 (X11; Fedora; Linux x86_64; rv:94.0) Gecko/20100101 Firefox/95.0"
198.54.114.83 - - [06/Apr/2025:21:45:50 -0400] "POST /wp-cron.php?doing_wp_cron=1743990350.5266590118408203125000 HTTP/1.1" 200 0 "-" "WordPress/6.7.2; https://bakingsecurityin.com"
198.54.120.17 - - [06/Apr/2025:21:45:46 -0400] "POST /wp-login.php HTTP/1.1" 302 0 "http://bakingsecurityin.com" "Mozilla/5.0 (Windows NT 10.0; Win64; x64) AppleWebKit/537.36 (KHTML, like Gecko) Chrome/126.0.0.0 Safari/537.36"
198.54.114.83 - - [06/Apr/2025:21:59:32 -0400] "POST /wp-cron.php?doing_wp_cron=1743991172.3189179897308349609375 HTTP/1.1" 200 0 "-" "WordPress/6.7.2; https://bakingsecurityin.com"
106.227.49.113 - - [06/Apr/2025:21:59:32 -0400] "GET / HTTP/1.1" 200 0 "-" "Mozilla/5.0 (iPhone; CPU iPhone OS 13_2_3 like Mac OS X) AppleWebKit/605.1.15 (KHTML, like Gecko) Version/13.0.3 Mobile/15E148 Safari/604.1"
198.54.114.15 - - [06/Apr/2025:22:01:09 -0400] "POST /wp-login.php HTTP/1.1" 302 0 "http://bakingsecurityin.com" "Mozilla/5.0 (Macintosh; Intel Mac OS X 13_3) AppleWebKit/537.36 (KHTML, like Gecko) Chrome/126.0.0.0 Safari/537.36"
198.54.114.83 - - [06/Apr/2025:22:01:15 -0400] "POST /wp-cron.php?doing_wp_cron=1743991273.9484128952026367187500 HTTP/1.1" 200 0 "-" "WordPress/6.7.2; https://bakingsecurityin.com"
44.244.71.83 - - [06/Apr/2025:22:08:10 -0400] "GET / HTTP/1.1" 200 0 "-" "Mozilla/5.0 (Windows NT 10.0; Win64; x64) AppleWebKit/537.36 (KHTML, like Gecko) Chrome/70.0.3538.102 Safari/537.36 Edge/18.19582"
198.54.114.83 - - [06/Apr/2025:22:17:42 -0400] "POST /wp-cron.php?doing_wp_cron=1743992262.7728180885314941406250 HTTP/1.1" 200 0 "-" "WordPress/6.7.2; https://bakingsecurityin.com"
91.238.162.8 - - [06/Apr/2025:22:17:40 -0400] "POST /wp-login.php HTTP/1.1" 302 0 "http://bakingsecurityin.com" "Mozilla/5.0 (Windows NT 10.0; Win64; x64; rv:129.0) Gecko/20100101 Firefox/129.0"
204.8.96.83 - - [06/Apr/2025:22:20:50 -0400] "GET / HTTP/1.1" 200 0 "bakingsecurityin.com" "Mozilla/5.0 (Macintosh; Intel Mac OS X 10_6_7) AppleWebKit/534.24 (KHTML, like Gecko) Chrome/11.0.696.68 Safari/534.24"
198.54.114.83 - - [06/Apr/2025:22:34:06 -0400] "POST /wp-cron.php?doing_wp_cron=1743993246.0391619205474853515625 HTTP/1.1" 200 0 "-" "WordPress/6.7.2; https://bakingsecurityin.com"
2604:a880:400:d0::8f4:f001 - - [06/Apr/2025:22:34:03 -0400] "POST /wp-login.php HTTP/1.1" 302 0 "http://bakingsecurityin.com" "Mozilla/5.0 (Windows NT 10.0; Win64; x64) AppleWebKit/537.36 (KHTML, like Gecko) Chrome/114.0.5735.199 Safari/537.36 Edg/114.0.1823.67"
198.54.114.83 - - [06/Apr/2025:22:39:10 -0400] "POST /wp-cron.php?doing_wp_cron=1743993550.5737349987030029296875 HTTP/1.1" 200 0 "-" "WordPress/6.7.2; https://bakingsecurityin.com"
13.90.61.254 - - [06/Apr/2025:22:39:06 -0400] "GET /wp-admin/plugins HTTP/1.1" 404 0 "-" "-"
13.90.61.254 - - [06/Apr/2025:22:39:11 -0400] "GET /wp-includes/SimplePie/HdGGN/index.php HTTP/1.1" 301 0 "-" "-"
13.90.61.254 - - [06/Apr/2025:22:39:11 -0400] "GET /wp-includes/SimplePie/HdGGN/ HTTP/1.1" 404 0 "-" "-"
13.90.61.254 - - [06/Apr/2025:22:39:11 -0400] "GET /sidebar.php HTTP/1.1" 404 0 "-" "-"
13.90.61.254 - - [06/Apr/2025:22:39:12 -0400] "GET /wp-includes/images/media/ HTTP/1.1" 403 1242 "-" "-"
13.90.61.254 - - [06/Apr/2025:22:39:12 -0400] "GET /wp-content/themes/aahana/ HTTP/1.1" 404 0 "-" "-"
13.90.61.254 - - [06/Apr/2025:22:39:12 -0400] "GET /wp-admin/css/colors/blue/CasperExV1.php HTTP/1.1" 404 0 "-" "-"
13.90.61.254 - - [06/Apr/2025:22:39:12 -0400] "GET /style.php HTTP/1.1" 404 0 "-" "-"
13.90.61.254 - - [06/Apr/2025:22:39:13 -0400] "GET /.well-known/pki-validation/gkiliuew.php HTTP/1.1" 404 1251 "-" "-"
13.90.61.254 - - [06/Apr/2025:22:39:13 -0400] "GET /wp-includes/block-bindings/ HTTP/1.1" 403 1242 "-" "-"
13.90.61.254 - - [06/Apr/2025:22:39:13 -0400] "GET /wp-content/themes/astra/inc/builder/type/header/button/ HTTP/1.1" 404 0 "-" "-"
13.90.61.254 - - [06/Apr/2025:22:39:13 -0400] "GET /Assets/ HTTP/1.1" 404 0 "-" "-"
216.244.66.236 - - [06/Apr/2025:22:39:13 -0400] "GET /robots.txt HTTP/1.1" 304 0 "-" "Mozilla/5.0 (compatible; DotBot/1.2; +https://opensiteexplorer.org/dotbot; help@moz.com)"
13.90.61.254 - - [06/Apr/2025:22:39:14 -0400] "GET /LA.php HTTP/1.1" 404 0 "-" "-"
13.90.61.254 - - [06/Apr/2025:22:39:15 -0400] "GET /wp-pano.php HTTP/1.1" 404 0 "-" "-"
13.90.61.254 - - [06/Apr/2025:22:39:15 -0400] "GET /wp-content/mah.php HTTP/1.1" 404 0 "-" "-"
13.90.61.254 - - [06/Apr/2025:22:39:16 -0400] "GET /excel.php HTTP/1.1" 404 0 "-" "-"
13.90.61.254 - - [06/Apr/2025:22:39:16 -0400] "GET /wp/menu.php HTTP/1.1" 404 0 "-" "-"
13.90.61.254 - - [06/Apr/2025:22:39:17 -0400] "GET /include/lib.php HTTP/1.1" 404 0 "-" "-"
13.90.61.254 - - [06/Apr/2025:22:39:17 -0400] "GET /libraries/vendor/ HTTP/1.1" 404 0 "-" "-"
13.90.61.254 - - [06/Apr/2025:22:39:18 -0400] "GET /admin/index_upload.php HTTP/1.1" 404 0 "-" "-"
13.90.61.254 - - [06/Apr/2025:22:39:19 -0400] "GET /db.php HTTP/1.1" 404 0 "-" "-"
13.90.61.254 - - [06/Apr/2025:22:39:19 -0400] "GET /.well-known/acme-challenge/index.php HTTP/1.1" 301 0 "-" "-"
13.90.61.254 - - [06/Apr/2025:22:39:20 -0400] "GET /.well-known/acme-challenge/ HTTP/1.1" 404 0 "-" "-"
13.90.61.254 - - [06/Apr/2025:22:39:21 -0400] "GET /xl2023.php HTTP/1.1" 404 0 "-" "-"
13.90.61.254 - - [06/Apr/2025:22:39:21 -0400] "GET /checkbox.php HTTP/1.1" 404 0 "-" "-"
13.90.61.254 - - [06/Apr/2025:22:39:22 -0400] "GET /wp-admin/includes/ HTTP/1.1" 403 1242 "-" "-"
13.90.61.254 - - [06/Apr/2025:22:39:22 -0400] "GET /wp-admin/css/colors/blue/cloud.php HTTP/1.1" 404 0 "-" "-"
13.90.61.254 - - [06/Apr/2025:22:39:22 -0400] "GET /1975.php HTTP/1.1" 404 0 "-" "-"
13.90.61.254 - - [06/Apr/2025:22:39:23 -0400] "GET /wp-content/plugins/wp-conflg.php HTTP/1.1" 404 0 "-" "-"
13.90.61.254 - - [06/Apr/2025:22:39:23 -0400] "GET /wp-content/themes/astra/inc/ HTTP/1.1" 404 0 "-" "-"
13.90.61.254 - - [06/Apr/2025:22:39:24 -0400] "GET /wp-includes/assets/index.php HTTP/1.1" 301 0 "-" "-"
13.90.61.254 - - [06/Apr/2025:22:39:24 -0400] "GET /wp-includes/assets/ HTTP/1.1" 403 1242 "-" "-"
13.90.61.254 - - [06/Apr/2025:22:39:24 -0400] "GET /cron_job.php HTTP/1.1" 404 0 "-" "-"
13.90.61.254 - - [06/Apr/2025:22:39:24 -0400] "GET /wp-content/plugins/gdrxuof/ HTTP/1.1" 404 0 "-" "-"
13.90.61.254 - - [06/Apr/2025:22:39:25 -0400] "GET /wp-content/plugins/ioxi/ioxi/ HTTP/1.1" 404 0 "-" "-"
13.90.61.254 - - [06/Apr/2025:22:39:25 -0400] "GET /wp-admin/css/wp-login.php HTTP/1.1" 404 0 "-" "-"
13.90.61.254 - - [06/Apr/2025:22:39:26 -0400] "GET /wp-includes/Text/7ayddz.php HTTP/1.1" 404 0 "-" "-"
13.90.61.254 - - [06/Apr/2025:22:39:26 -0400] "GET /GOD.php HTTP/1.1" 404 0 "-" "-"
13.90.61.254 - - [06/Apr/2025:22:39:26 -0400] "GET /payment.php HTTP/1.1" 404 0 "-" "-"
13.90.61.254 - - [06/Apr/2025:22:39:27 -0400] "GET /activity.php HTTP/1.1" 404 0 "-" "-"
13.90.61.254 - - [06/Apr/2025:22:39:27 -0400] "GET /wp-includes/js/tinymce/plugins/image/ HTTP/1.1" 403 1242 "-" "-"
13.90.61.254 - - [06/Apr/2025:22:39:27 -0400] "GET /wp-content/plugins/ccx/ HTTP/1.1" 404 0 "-" "-"
13.90.61.254 - - [06/Apr/2025:22:39:27 -0400] "GET /files/journals/1/articles/2002/ HTTP/1.1" 404 0 "-" "-"
13.90.61.254 - - [06/Apr/2025:22:39:28 -0400] "GET /xl2023.php.php HTTP/1.1" 404 0 "-" "-"
13.90.61.254 - - [06/Apr/2025:22:39:29 -0400] "GET /wp-includes/sitemaps/providers/ HTTP/1.1" 403 1242 "-" "-"
13.90.61.254 - - [06/Apr/2025:22:39:29 -0400] "GET /wp-includes/sx.php HTTP/1.1" 404 0 "-" "-"
13.90.61.254 - - [06/Apr/2025:22:39:29 -0400] "GET /templates/beez3/ HTTP/1.1" 404 0 "-" "-"
13.90.61.254 - - [06/Apr/2025:22:39:30 -0400] "GET /old.php HTTP/1.1" 404 0 "-" "-"
13.90.61.254 - - [06/Apr/2025:22:39:30 -0400] "GET /webhook.php HTTP/1.1" 404 0 "-" "-"
13.90.61.254 - - [06/Apr/2025:22:39:30 -0400] "GET /.well-known/plugins HTTP/1.1" 404 0 "-" "-"
13.90.61.254 - - [06/Apr/2025:22:39:31 -0400] "GET /wp-admin/ALFA_DATA/alfacgiapi/ HTTP/1.1" 404 0 "-" "-"
13.90.61.254 - - [06/Apr/2025:22:39:31 -0400] "GET /upfile.php HTTP/1.1" 404 0 "-" "-"
13.90.61.254 - - [06/Apr/2025:22:39:31 -0400] "GET /wp-includes/eew.php HTTP/1.1" 404 0 "-" "-"
198.54.114.83 - - [06/Apr/2025:22:39:32 -0400] "POST /wp-cron.php?doing_wp_cron=1743993572.4824879169464111328125 HTTP/1.1" 200 0 "-" "WordPress/6.7.2; https://bakingsecurityin.com"
13.90.61.254 - - [06/Apr/2025:22:39:32 -0400] "GET /wp-content/plugins/gzzmasp/ HTTP/1.1" 404 0 "-" "-"
13.90.61.254 - - [06/Apr/2025:22:39:32 -0400] "GET /wordpress/wp-content/plugins/erfd/ HTTP/1.1" 404 0 "-" "-"
13.90.61.254 - - [06/Apr/2025:22:39:33 -0400] "GET /wp-content/plugins/yyobang/ HTTP/1.1" 404 0 "-" "-"
13.90.61.254 - - [06/Apr/2025:22:39:33 -0400] "GET /wp-content/uploads/cong.php HTTP/1.1" 404 0 "-" "-"
13.90.61.254 - - [06/Apr/2025:22:39:34 -0400] "GET /wp-includes/php-compat/wp/ HTTP/1.1" 404 0 "-" "-"
13.90.61.254 - - [06/Apr/2025:22:39:34 -0400] "GET /wp-content/themes/krs2kdwa/ HTTP/1.1" 404 0 "-" "-"
13.90.61.254 - - [06/Apr/2025:22:39:34 -0400] "GET /libraries/phpmailer/updates.php HTTP/1.1" 404 0 "-" "-"
13.90.61.254 - - [06/Apr/2025:22:39:35 -0400] "GET /gzak2w.php HTTP/1.1" 404 0 "-" "-"
13.90.61.254 - - [06/Apr/2025:22:39:35 -0400] "GET /templates/beez3/index.php HTTP/1.1" 301 0 "-" "-"
13.90.61.254 - - [06/Apr/2025:22:39:36 -0400] "GET /templates/beez3/ HTTP/1.1" 404 0 "-" "-"
13.90.61.254 - - [06/Apr/2025:22:39:36 -0400] "GET /crop.php HTTP/1.1" 404 0 "-" "-"
13.90.61.254 - - [06/Apr/2025:22:39:37 -0400] "GET /wp-content/plugins/html404/ HTTP/1.1" 404 0 "-" "-"
13.90.61.254 - - [06/Apr/2025:22:39:37 -0400] "GET /wp-includes/sodium_compat/src/Core/Curve25519/Ge/wp_blog.php HTTP/1.1" 404 0 "-" "-"
13.90.61.254 - - [06/Apr/2025:22:39:37 -0400] "GET /wp-includes/css/about.php HTTP/1.1" 404 0 "-" "-"
13.90.61.254 - - [06/Apr/2025:22:39:38 -0400] "GET /y.php HTTP/1.1" 404 0 "-" "-"
13.90.61.254 - - [06/Apr/2025:22:39:38 -0400] "GET /Alfa.php HTTP/1.1" 404 0 "-" "-"
13.90.61.254 - - [06/Apr/2025:22:39:39 -0400] "GET /rc.php HTTP/1.1" 404 0 "-" "-"
13.90.61.254 - - [06/Apr/2025:22:39:39 -0400] "GET /wp-includes/template-wploader.php HTTP/1.1" 404 0 "-" "-"
13.90.61.254 - - [06/Apr/2025:22:39:40 -0400] "GET /wp-admin/maint/maint/ HTTP/1.1" 404 0 "-" "-"
13.90.61.254 - - [06/Apr/2025:22:39:40 -0400] "GET /.well-knownold/ HTTP/1.1" 404 0 "-" "-"
13.90.61.254 - - [06/Apr/2025:22:39:40 -0400] "GET /introduction.php HTTP/1.1" 404 0 "-" "-"
13.90.61.254 - - [06/Apr/2025:22:39:41 -0400] "GET /wp-content/plugins/oyaeyim/ HTTP/1.1" 404 0 "-" "-"
13.90.61.254 - - [06/Apr/2025:22:39:42 -0400] "GET /alfa-rex.php7 HTTP/1.1" 404 0 "-" "-"
13.90.61.254 - - [06/Apr/2025:22:39:43 -0400] "GET /image.php HTTP/1.1" 404 0 "-" "-"
13.90.61.254 - - [06/Apr/2025:22:39:43 -0400] "GET /wp-includes/xBrain.php HTTP/1.1" 404 0 "-" "-"
13.90.61.254 - - [06/Apr/2025:22:39:43 -0400] "GET /as.php HTTP/1.1" 404 0 "-" "-"
13.90.61.254 - - [06/Apr/2025:22:39:43 -0400] "GET /wp-admin/css/colors/blue/blkaabkj.php HTTP/1.1" 404 0 "-" "-"
13.90.61.254 - - [06/Apr/2025:22:39:44 -0400] "GET /wp-content/plugins/press/wp-class.php HTTP/1.1" 404 0 "-" "-"
13.90.61.254 - - [06/Apr/2025:22:39:44 -0400] "GET /wp-content/plugins/zupqfup/ HTTP/1.1" 404 0 "-" "-"
13.90.61.254 - - [06/Apr/2025:22:39:44 -0400] "GET /ALFA_DATA/alfacgiapi/function.php HTTP/1.1" 404 0 "-" "-"
13.90.61.254 - - [06/Apr/2025:22:39:44 -0400] "GET /wp-content/themes/hideo/ HTTP/1.1" 404 0 "-" "-"
13.90.61.254 - - [06/Apr/2025:22:39:44 -0400] "GET /.tmb/wp-login.php HTTP/1.1" 404 0 "-" "-"
13.90.61.254 - - [06/Apr/2025:22:39:45 -0400] "GET /s.php HTTP/1.1" 404 0 "-" "-"
13.90.61.254 - - [06/Apr/2025:22:39:45 -0400] "GET /optimizer.php HTTP/1.1" 404 0 "-" "-"
13.90.61.254 - - [06/Apr/2025:22:39:45 -0400] "GET /wp-content/themes/ HTTP/1.1" 200 0 "-" "-"
13.90.61.254 - - [06/Apr/2025:22:39:45 -0400] "GET /images/headers/ HTTP/1.1" 404 0 "-" "-"
13.90.61.254 - - [06/Apr/2025:22:39:46 -0400] "GET /.well-known/acme-challenge/mariju.php HTTP/1.1" 404 0 "-" "-"
13.90.61.254 - - [06/Apr/2025:22:39:46 -0400] "GET /modules/mod_simplefileuploadv1.3/elements/udd.php HTTP/1.1" 404 0 "-" "-"
13.90.61.254 - - [06/Apr/2025:22:39:46 -0400] "GET /libraries/vendor/updates.php HTTP/1.1" 404 0 "-" "-"
13.90.61.254 - - [06/Apr/2025:22:39:46 -0400] "GET /wp-content/plugins/WordPressCore/swvhvgnq.php HTTP/1.1" 404 0 "-" "-"
13.90.61.254 - - [06/Apr/2025:22:39:47 -0400] "GET /wp-admin/css/colors/about.php HTTP/1.1" 404 0 "-" "-"
13.90.61.254 - - [06/Apr/2025:22:39:47 -0400] "GET /wp-includes/sodium_compat/src/Core32/Curve25519/Ge/ HTTP/1.1" 403 1242 "-" "-"
13.90.61.254 - - [06/Apr/2025:22:39:47 -0400] "GET /wp-includes/css/dist/edit-widgets/ HTTP/1.1" 403 1242 "-" "-"
13.90.61.254 - - [06/Apr/2025:22:39:47 -0400] "GET /feedback.php HTTP/1.1" 404 0 "-" "-"
13.90.61.254 - - [06/Apr/2025:22:39:47 -0400] "GET /wp-includes/css/ HTTP/1.1" 403 1242 "-" "-"
13.90.61.254 - - [06/Apr/2025:22:39:47 -0400] "GET /wp-includes/blocks/table/int/tmpl/index.php HTTP/1.1" 301 0 "-" "-"
13.90.61.254 - - [06/Apr/2025:22:39:47 -0400] "GET /wp-includes/blocks/table/int/tmpl/ HTTP/1.1" 404 0 "-" "-"
13.90.61.254 - - [06/Apr/2025:22:39:48 -0400] "GET /wp-admin/uploads/init HTTP/1.1" 404 0 "-" "-"
13.90.61.254 - - [06/Apr/2025:22:39:48 -0400] "GET /wp-content/plugins/simple/simple.php HTTP/1.1" 404 0 "-" "-"
13.90.61.254 - - [06/Apr/2025:22:39:48 -0400] "GET /wp-content/themes/sky-pro/ HTTP/1.1" 404 0 "-" "-"
13.90.61.254 - - [06/Apr/2025:22:39:48 -0400] "GET /wp-content/uploads/9_abc.phtml.jpg HTTP/1.1" 404 0 "-" "-"
13.90.61.254 - - [06/Apr/2025:22:39:49 -0400] "GET /wp-admin/js/autoload_classmap.php HTTP/1.1" 404 0 "-" "-"
13.90.61.254 - - [06/Apr/2025:22:39:49 -0400] "GET /wp-content/plugins/jvtsrel/ HTTP/1.1" 404 0 "-" "-"
13.90.61.254 - - [06/Apr/2025:22:39:49 -0400] "GET /wp-content/plugins/vjeqbbj/ HTTP/1.1" 404 0 "-" "-"
13.90.61.254 - - [06/Apr/2025:22:39:49 -0400] "GET /wp-includes/js/jquery/ui/3k0sm2/ HTTP/1.1" 404 0 "-" "-"
13.90.61.254 - - [06/Apr/2025:22:39:50 -0400] "GET /wp-content/ccx/ HTTP/1.1" 404 0 "-" "-"
13.90.61.254 - - [06/Apr/2025:22:39:50 -0400] "GET /wp-content/plugins/wp-hps/sh/b374k.php HTTP/1.1" 404 0 "-" "-"
13.90.61.254 - - [06/Apr/2025:22:39:50 -0400] "GET /wp-includes/Text/autoload_classmap.php HTTP/1.1" 404 0 "-" "-"
13.90.61.254 - - [06/Apr/2025:22:39:50 -0400] "GET /function.php HTTP/1.1" 404 0 "-" "-"
13.90.61.254 - - [06/Apr/2025:22:39:50 -0400] "GET /wp-admin/plugins/init HTTP/1.1" 404 0 "-" "-"
13.90.61.254 - - [06/Apr/2025:22:39:51 -0400] "GET /wp-content/plugins/gvkyvhp/ HTTP/1.1" 404 0 "-" "-"
13.90.61.254 - - [06/Apr/2025:22:39:51 -0400] "GET /wp-includes/ID3/index.php HTTP/1.1" 301 0 "-" "-"
13.90.61.254 - - [06/Apr/2025:22:39:51 -0400] "GET /wp-includes/ID3/ HTTP/1.1" 403 1242 "-" "-"
13.90.61.254 - - [06/Apr/2025:22:39:51 -0400] "GET /assets/app.php HTTP/1.1" 404 0 "-" "-"
13.90.61.254 - - [06/Apr/2025:22:39:51 -0400] "GET /wp-includes/js/install.php HTTP/1.1" 404 0 "-" "-"
13.90.61.254 - - [06/Apr/2025:22:39:52 -0400] "GET /wp-content/plugins/ljqhmhj/ HTTP/1.1" 404 0 "-" "-"
13.90.61.254 - - [06/Apr/2025:22:39:52 -0400] "GET /wp-includes/sitemaps/providers/class-wp-sitemaps-admin.php HTTP/1.1" 404 0 "-" "-"
13.90.61.254 - - [06/Apr/2025:22:39:52 -0400] "GET /uploads/up.php HTTP/1.1" 404 0 "-" "-"
13.90.61.254 - - [06/Apr/2025:22:39:52 -0400] "GET /wp-content/themes/tflow/up.php HTTP/1.1" 404 0 "-" "-"
13.90.61.254 - - [06/Apr/2025:22:39:53 -0400] "GET /meta.php HTTP/1.1" 404 0 "-" "-"
13.90.61.254 - - [06/Apr/2025:22:39:53 -0400] "GET /wp-content/uploads/index HTTP/1.1" 404 0 "-" "-"
13.90.61.254 - - [06/Apr/2025:22:39:53 -0400] "GET /wp-includes/js/tinymce/wp-includes/js/tinymce/ HTTP/1.1" 404 0 "-" "-"
13.90.61.254 - - [06/Apr/2025:22:39:54 -0400] "GET /wp-admin.php HTTP/1.1" 404 0 "-" "-"
13.90.61.254 - - [06/Apr/2025:22:39:54 -0400] "GET /wp-content/plugins/google-seo-rank/ HTTP/1.1" 404 0 "-" "-"
13.90.61.254 - - [06/Apr/2025:22:39:54 -0400] "GET /.well-known/acme-challenge/sx.php HTTP/1.1" 404 0 "-" "-"
13.90.61.254 - - [06/Apr/2025:22:39:55 -0400] "GET /wp-includes/customize/upfile.php HTTP/1.1" 404 0 "-" "-"
13.90.61.254 - - [06/Apr/2025:22:39:55 -0400] "GET /register.php HTTP/1.1" 404 0 "-" "-"
13.90.61.254 - - [06/Apr/2025:22:39:55 -0400] "GET /wp-includes/style-engine/ HTTP/1.1" 403 1242 "-" "-"
13.90.61.254 - - [06/Apr/2025:22:39:55 -0400] "GET /wp/wp-admin/wp-setup.php HTTP/1.1" 404 0 "-" "-"
13.90.61.254 - - [06/Apr/2025:22:39:55 -0400] "GET /wp-admin/autoload_classmap.php HTTP/1.1" 404 0 "-" "-"
13.90.61.254 - - [06/Apr/2025:22:39:56 -0400] "GET /assets/fonts/ HTTP/1.1" 404 0 "-" "-"
13.90.61.254 - - [06/Apr/2025:22:39:56 -0400] "GET /wp-includes/Cez57/ HTTP/1.1" 404 0 "-" "-"
13.90.61.254 - - [06/Apr/2025:22:39:56 -0400] "GET /lib.php HTTP/1.1" 404 0 "-" "-"
13.90.61.254 - - [06/Apr/2025:22:39:56 -0400] "GET /wp-content/berlin.php HTTP/1.1" 404 0 "-" "-"
13.90.61.254 - - [06/Apr/2025:22:39:56 -0400] "GET /wp-content/plugins/carousel-slider/assets/ HTTP/1.1" 404 0 "-" "-"
13.90.61.254 - - [06/Apr/2025:22:39:57 -0400] "GET /wp-includes/js/imgareaselect/ HTTP/1.1" 403 1242 "-" "-"
13.90.61.254 - - [06/Apr/2025:22:39:57 -0400] "GET /.well-known/pki-validation/sx.php HTTP/1.1" 404 1251 "-" "-"
13.90.61.254 - - [06/Apr/2025:22:39:57 -0400] "GET /.well-known/zxhfwqyt.php HTTP/1.1" 404 0 "-" "-"
13.90.61.254 - - [06/Apr/2025:22:39:57 -0400] "GET /invoice.php HTTP/1.1" 404 0 "-" "-"
13.90.61.254 - - [06/Apr/2025:22:39:57 -0400] "GET /index/function.php HTTP/1.1" 404 0 "-" "-"
13.90.61.254 - - [06/Apr/2025:22:39:57 -0400] "GET /wp-includes/wp-includes/ HTTP/1.1" 404 0 "-" "-"
13.90.61.254 - - [06/Apr/2025:22:39:57 -0400] "GET /wordpress/wp-includes/ HTTP/1.1" 404 0 "-" "-"
13.90.61.254 - - [06/Apr/2025:22:39:58 -0400] "GET /wp-admin/maint/wp-login.php HTTP/1.1" 404 0 "-" "-"
13.90.61.254 - - [06/Apr/2025:22:39:58 -0400] "GET /comment.php HTTP/1.1" 404 0 "-" "-"
13.90.61.254 - - [06/Apr/2025:22:39:58 -0400] "GET /wp-includes/js/tinymce/plugins/charmap/ HTTP/1.1" 403 1242 "-" "-"
13.90.61.254 - - [06/Apr/2025:22:39:58 -0400] "GET /wp-content/uploads/2023/11/ HTTP/1.1" 404 0 "-" "-"
13.90.61.254 - - [06/Apr/2025:22:39:58 -0400] "GET /.well-known/acme-challenge/plugins.php HTTP/1.1" 404 0 "-" "-"
13.90.61.254 - - [06/Apr/2025:22:39:58 -0400] "GET /wp-includes/images/1.php HTTP/1.1" 404 0 "-" "-"
13.90.61.254 - - [06/Apr/2025:22:39:59 -0400] "GET /wp-includes/blocks/xBrain.php HTTP/1.1" 404 0 "-" "-"
13.90.61.254 - - [06/Apr/2025:22:39:59 -0400] "GET /wp-content/themes/onum-child/custom-templates/dir/ HTTP/1.1" 404 0 "-" "-"
13.90.61.254 - - [06/Apr/2025:22:39:59 -0400] "GET /wp-content/plugins/wp-hps/sh/ HTTP/1.1" 404 0 "-" "-"
13.90.61.254 - - [06/Apr/2025:22:39:59 -0400] "GET /wp-content/plugins/awesome-coming-soon/ HTTP/1.1" 404 0 "-" "-"
13.90.61.254 - - [06/Apr/2025:22:40:00 -0400] "GET /.well-known/pki-validation/about.php HTTP/1.1" 404 1251 "-" "-"
13.90.61.254 - - [06/Apr/2025:22:40:00 -0400] "GET /cong.php HTTP/1.1" 404 0 "-" "-"
13.90.61.254 - - [06/Apr/2025:22:40:00 -0400] "GET /wp-content/plugins/press/ HTTP/1.1" 404 0 "-" "-"
13.90.61.254 - - [06/Apr/2025:22:40:00 -0400] "GET /wp-content/themes/travelscape/ HTTP/1.1" 404 0 "-" "-"
13.90.61.254 - - [06/Apr/2025:22:40:00 -0400] "GET /smaxx.php HTTP/1.1" 404 0 "-" "-"
13.90.61.254 - - [06/Apr/2025:22:40:01 -0400] "GET /wp-includes/smaxx.php HTTP/1.1" 404 0 "-" "-"
13.90.61.254 - - [06/Apr/2025:22:40:01 -0400] "GET /template.php HTTP/1.1" 404 0 "-" "-"
13.90.61.254 - - [06/Apr/2025:22:40:01 -0400] "GET /wp-includes/blocks/list/ HTTP/1.1" 403 1242 "-" "-"
13.90.61.254 - - [06/Apr/2025:22:40:01 -0400] "GET /wp-admin/css/colors/blue/blkcdojh.php HTTP/1.1" 404 0 "-" "-"
13.90.61.254 - - [06/Apr/2025:22:40:01 -0400] "GET /wp-init.php HTTP/1.1" 404 0 "-" "-"
13.90.61.254 - - [06/Apr/2025:22:40:02 -0400] "GET /.well-known/ HTTP/1.1" 404 0 "-" "-"
13.90.61.254 - - [06/Apr/2025:22:40:02 -0400] "GET /user_data.php HTTP/1.1" 404 0 "-" "-"
13.90.61.254 - - [06/Apr/2025:22:40:02 -0400] "GET /wp-content/languages/about.php HTTP/1.1" 404 0 "-" "-"
13.90.61.254 - - [06/Apr/2025:22:40:04 -0400] "GET /.well-known/pki-validation/mar.php HTTP/1.1" 404 1251 "-" "-"
13.90.61.254 - - [06/Apr/2025:22:40:04 -0400] "GET /settings.php HTTP/1.1" 404 0 "-" "-"
13.90.61.254 - - [06/Apr/2025:22:40:04 -0400] "GET /wp-content/fonts/ HTTP/1.1" 404 0 "-" "-"
13.90.61.254 - - [06/Apr/2025:22:40:04 -0400] "GET /wp-admin/user/1.php HTTP/1.1" 404 0 "-" "-"
13.90.61.254 - - [06/Apr/2025:22:40:05 -0400] "GET /wp-content/themes/jhie8k08/ HTTP/1.1" 404 0 "-" "-"
13.90.61.254 - - [06/Apr/2025:22:40:05 -0400] "GET /wp-content/plugins/lwgvais/ HTTP/1.1" 404 0 "-" "-"
13.90.61.254 - - [06/Apr/2025:22:40:06 -0400] "GET /wp-content/plugins/revslider/includes/external/page/ HTTP/1.1" 404 0 "-" "-"
13.90.61.254 - - [06/Apr/2025:22:40:06 -0400] "GET /wp-includes/js/tinymce/plugins/compat3x/css/ HTTP/1.1" 403 1242 "-" "-"
13.90.61.254 - - [06/Apr/2025:22:40:06 -0400] "GET /fonts/ HTTP/1.1" 404 0 "-" "-"
13.90.61.254 - - [06/Apr/2025:22:40:07 -0400] "GET /wp-includes/rest-api/about.php HTTP/1.1" 404 0 "-" "-"
13.90.61.254 - - [06/Apr/2025:22:40:07 -0400] "GET /down.php HTTP/1.1" 404 0 "-" "-"
13.90.61.254 - - [06/Apr/2025:22:40:08 -0400] "GET /wp-content/plugins/init HTTP/1.1" 404 0 "-" "-"
13.90.61.254 - - [06/Apr/2025:22:40:08 -0400] "GET /wp-content/themes/sketch/ HTTP/1.1" 404 0 "-" "-"
13.90.61.254 - - [06/Apr/2025:22:40:08 -0400] "GET /wp-admin/includes/xmrlpc.php HTTP/1.1" 404 0 "-" "-"
13.90.61.254 - - [06/Apr/2025:22:40:09 -0400] "GET /wordpress/wp-includes/shell20211028.php HTTP/1.1" 404 0 "-" "-"
13.90.61.254 - - [06/Apr/2025:22:40:09 -0400] "GET /input.php HTTP/1.1" 404 0 "-" "-"
13.90.61.254 - - [06/Apr/2025:22:40:09 -0400] "GET /images/IMG_contenidos/ HTTP/1.1" 404 0 "-" "-"
13.90.61.254 - - [06/Apr/2025:22:40:10 -0400] "GET /wp-content/themes/twentytwentyfour/ HTTP/1.1" 403 1242 "-" "-"
13.90.61.254 - - [06/Apr/2025:22:40:10 -0400] "GET /wp-includes/js/dist/vendor/ HTTP/1.1" 403 1242 "-" "-"
13.90.61.254 - - [06/Apr/2025:22:40:10 -0400] "GET /wp-includes/interactivity-api/ HTTP/1.1" 403 1242 "-" "-"
13.90.61.254 - - [06/Apr/2025:22:40:10 -0400] "GET /wp-content/plugins/custom/ HTTP/1.1" 404 0 "-" "-"
13.90.61.254 - - [06/Apr/2025:22:40:11 -0400] "GET /libraries/legacy/updates.php HTTP/1.1" 404 0 "-" "-"
13.90.61.254 - - [06/Apr/2025:22:40:11 -0400] "GET /wp-includes/certificates/wp-login.php HTTP/1.1" 404 0 "-" "-"
13.90.61.254 - - [06/Apr/2025:22:40:11 -0400] "GET /wp-includes/js/dist/vendor/vcard.php HTTP/1.1" 404 0 "-" "-"
13.90.61.254 - - [06/Apr/2025:22:40:12 -0400] "GET /wp-content/uploads/2016/03/wp-admin-block.php HTTP/1.1" 404 0 "-" "-"
13.90.61.254 - - [06/Apr/2025:22:40:12 -0400] "GET /wp-admin/css/colors/ectoplasm/ HTTP/1.1" 403 1242 "-" "-"
13.90.61.254 - - [06/Apr/2025:22:40:12 -0400] "GET /wp-admin/smaxx.php HTTP/1.1" 404 0 "-" "-"
13.90.61.254 - - [06/Apr/2025:22:40:12 -0400] "GET /wp-signup.php HTTP/1.1" 302 0 "-" "-"
13.90.61.254 - - [06/Apr/2025:22:40:14 -0400] "GET /wp-content/themes/alera/alpha.php HTTP/1.1" 404 0 "-" "-"
13.90.61.254 - - [06/Apr/2025:22:40:14 -0400] "GET /manage.php HTTP/1.1" 404 0 "-" "-"
13.90.61.254 - - [06/Apr/2025:22:40:15 -0400] "GET /uploads/files/merchants/NadeemHajouj/20190321194634/ HTTP/1.1" 404 0 "-" "-"
13.90.61.254 - - [06/Apr/2025:22:40:15 -0400] "GET /wp-content/uploads/2016/03/ HTTP/1.1" 404 0 "-" "-"
13.90.61.254 - - [06/Apr/2025:22:40:15 -0400] "GET /wp-content/plugins/instabuilder2/cache/plugins/ HTTP/1.1" 404 0 "-" "-"
13.90.61.254 - - [06/Apr/2025:22:40:15 -0400] "GET /wp-content/uploads/2021/03/ HTTP/1.1" 404 0 "-" "-"
13.90.61.254 - - [06/Apr/2025:22:40:16 -0400] "GET /allez.php HTTP/1.1" 404 0 "-" "-"
13.90.61.254 - - [06/Apr/2025:22:40:16 -0400] "GET /wp-admin/network/about.php HTTP/1.1" 302 0 "-" "-"
13.90.61.254 - - [06/Apr/2025:22:40:18 -0400] "GET /admin_logs.php HTTP/1.1" 404 0 "-" "-"
13.90.61.254 - - [06/Apr/2025:22:40:18 -0400] "GET /new-index.php HTTP/1.1" 404 0 "-" "-"
13.90.61.254 - - [06/Apr/2025:22:40:18 -0400] "GET /wp-content/plugins/sem-wysiwyg/fckeditor/editor/plugins/ImageManager/ HTTP/1.1" 404 0 "-" "-"
13.90.61.254 - - [06/Apr/2025:22:40:18 -0400] "GET /wp-content/uploads/suit5y.php HTTP/1.1" 404 0 "-" "-"
13.90.61.254 - - [06/Apr/2025:22:40:19 -0400] "GET /wp-content/themes/f25zgwig/ HTTP/1.1" 404 0 "-" "-"
13.90.61.254 - - [06/Apr/2025:22:40:20 -0400] "GET /worm3.PhP7 HTTP/1.1" 404 0 "-" "-"
13.90.61.254 - - [06/Apr/2025:22:40:21 -0400] "GET /wp-content/upgrade/index.php HTTP/1.1" 301 0 "-" "-"
13.90.61.254 - - [06/Apr/2025:22:40:21 -0400] "GET /wp-content/upgrade/ HTTP/1.1" 403 1242 "-" "-"
13.90.61.254 - - [06/Apr/2025:22:40:21 -0400] "GET /plugins/ HTTP/1.1" 404 0 "-" "-"
13.90.61.254 - - [06/Apr/2025:22:40:22 -0400] "GET /wp-content/plugins/masterx/ HTTP/1.1" 404 0 "-" "-"
13.90.61.254 - - [06/Apr/2025:22:40:23 -0400] "GET /wp-content/uploads/2014/06/ HTTP/1.1" 404 0 "-" "-"
13.90.61.254 - - [06/Apr/2025:22:40:23 -0400] "GET /indec.php HTTP/1.1" 404 0 "-" "-"
13.90.61.254 - - [06/Apr/2025:22:40:24 -0400] "GET /wp-content/plugins/ioptimization/ HTTP/1.1" 404 0 "-" "-"
13.90.61.254 - - [06/Apr/2025:22:40:24 -0400] "GET /wp-includes/fonts/wp-login.php HTTP/1.1" 404 0 "-" "-"
13.90.61.254 - - [06/Apr/2025:22:40:24 -0400] "GET /jindex.php HTTP/1.1" 404 0 "-" "-"
13.90.61.254 - - [06/Apr/2025:22:40:25 -0400] "GET /wp-includes/ID3/cache.php HTTP/1.1" 404 0 "-" "-"
13.90.61.254 - - [06/Apr/2025:22:40:25 -0400] "GET /wp-content/plugins/background-image-cropper/ups.php HTTP/1.1" 404 0 "-" "-"
13.90.61.254 - - [06/Apr/2025:22:40:26 -0400] "GET /plugins.php HTTP/1.1" 404 0 "-" "-"
13.90.61.254 - - [06/Apr/2025:22:40:26 -0400] "GET /logins.php HTTP/1.1" 404 0 "-" "-"
13.90.61.254 - - [06/Apr/2025:22:40:27 -0400] "GET /cgi-bin/cgi-bin/ HTTP/1.1" 404 0 "-" "-"
13.90.61.254 - - [06/Apr/2025:22:40:27 -0400] "GET /img/cloud.php HTTP/1.1" 404 0 "-" "-"
13.90.61.254 - - [06/Apr/2025:22:40:28 -0400] "GET /wp-content/plugins/fix/sx.php HTTP/1.1" 404 0 "-" "-"
13.90.61.254 - - [06/Apr/2025:22:40:28 -0400] "GET /wp-blog-header.php HTTP/1.1" 404 0 "-" "-"
