13.74.129.148 - - [07/Apr/2025:16:34:45 -0400] "GET /contacts.php HTTP/1.1" 404 0 "-" "-"
13.74.129.148 - - [07/Apr/2025:16:34:45 -0400] "GET /wp-admin/includes/themes.php HTTP/1.1" 404 0 "-" "-"
13.74.129.148 - - [07/Apr/2025:16:34:47 -0400] "GET /catuploadcsv.php HTTP/1.1" 404 0 "-" "-"
13.74.129.148 - - [07/Apr/2025:16:34:48 -0400] "GET /wp-admin/maint/index.php HTTP/1.1" 301 0 "-" "-"
13.74.129.148 - - [07/Apr/2025:16:34:49 -0400] "GET /wp-admin/maint/ HTTP/1.1" 403 1242 "-" "-"
13.74.129.148 - - [07/Apr/2025:16:34:49 -0400] "GET /alfa.php HTTP/1.1" 404 0 "-" "-"
13.74.129.148 - - [07/Apr/2025:16:34:49 -0400] "GET /version.php HTTP/1.1" 404 0 "-" "-"
13.74.129.148 - - [07/Apr/2025:16:34:50 -0400] "GET /wp-theme.php HTTP/1.1" 404 0 "-" "-"
13.74.129.148 - - [07/Apr/2025:16:34:51 -0400] "GET /alfacgiapi/perl.alfa.php HTTP/1.1" 404 0 "-" "-"
13.74.129.148 - - [07/Apr/2025:16:34:51 -0400] "GET /blog/fw.php HTTP/1.1" 404 0 "-" "-"
13.74.129.148 - - [07/Apr/2025:16:34:52 -0400] "GET /libraries/joomla/jmails.php HTTP/1.1" 404 0 "-" "-"
13.74.129.148 - - [07/Apr/2025:16:34:52 -0400] "GET /about.php?dir=/home/tvfuazjx/ HTTP/1.1" 404 0 "-" "-"
13.74.129.148 - - [07/Apr/2025:16:34:54 -0400] "GET /.well-known/info.php HTTP/1.1" 404 0 "-" "-"
13.74.129.148 - - [07/Apr/2025:16:34:54 -0400] "GET /css/sxo.php HTTP/1.1" 404 0 "-" "-"
13.74.129.148 - - [07/Apr/2025:16:34:55 -0400] "GET /templates/beez5/error.php HTTP/1.1" 404 0 "-" "-"
13.74.129.148 - - [07/Apr/2025:16:34:56 -0400] "GET /error.php HTTP/1.1" 404 0 "-" "-"
13.74.129.148 - - [07/Apr/2025:16:34:56 -0400] "GET /.well-known/acme-challenge/index.php HTTP/1.1" 301 0 "-" "-"
13.74.129.148 - - [07/Apr/2025:16:34:57 -0400] "GET /.well-known/acme-challenge/ HTTP/1.1" 404 0 "-" "-"
13.74.129.148 - - [07/Apr/2025:16:34:57 -0400] "GET /simple.php HTTP/1.1" 404 0 "-" "-"
13.74.129.148 - - [07/Apr/2025:16:34:58 -0400] "GET /wp-admin/css/colors/midnight/colors.php HTTP/1.1" 404 0 "-" "-"
13.74.129.148 - - [07/Apr/2025:16:34:58 -0400] "GET /alwso.php HTTP/1.1" 404 0 "-" "-"
13.74.129.148 - - [07/Apr/2025:16:34:59 -0400] "GET /new-index.php HTTP/1.1" 404 0 "-" "-"
13.74.129.148 - - [07/Apr/2025:16:34:59 -0400] "GET /wp-includes/cqhnpmqs.php HTTP/1.1" 404 0 "-" "-"
13.74.129.148 - - [07/Apr/2025:16:35:01 -0400] "GET /fosil.php HTTP/1.1" 404 0 "-" "-"
13.74.129.148 - - [07/Apr/2025:16:35:04 -0400] "GET /cookie.php HTTP/1.1" 404 0 "-" "-"
198.54.114.83 - - [07/Apr/2025:16:35:08 -0400] "POST /wp-cron.php?doing_wp_cron=1744058107.5684928894042968750000 HTTP/1.1" 200 0 "-" "WordPress/6.7.2; https://bakingsecurityin.com"
13.74.129.148 - - [07/Apr/2025:16:35:07 -0400] "GET /yanz.php HTTP/1.1" 404 0 "-" "-"
13.74.129.148 - - [07/Apr/2025:16:35:09 -0400] "GET /V5.php HTTP/1.1" 404 0 "-" "-"
13.74.129.148 - - [07/Apr/2025:16:35:10 -0400] "GET /wp-includes/radio.php HTTP/1.1" 404 0 "-" "-"
13.74.129.148 - - [07/Apr/2025:16:35:12 -0400] "GET /css/dmtixucz/golden-access/ HTTP/1.1" 404 0 "-" "-"
13.74.129.148 - - [07/Apr/2025:16:35:13 -0400] "GET /images/cloud.php HTTP/1.1" 404 0 "-" "-"
145.224.125.135 - - [07/Apr/2025:16:35:13 -0400] "GET /?p=3232&wp_automatic=download&link=file:///etc/passwd HTTP/1.1" 404 0 "-" "Mozilla/5.0 (Windows NT 6.3; Win64; x64; rv:76.0) Gecko/20100101 Firefox/76.0"
13.74.129.148 - - [07/Apr/2025:16:35:15 -0400] "GET /headerg.php HTTP/1.1" 404 0 "-" "-"
13.74.129.148 - - [07/Apr/2025:16:35:16 -0400] "GET /wp-content/themes/config.bak.php HTTP/1.1" 404 0 "-" "-"
13.74.129.148 - - [07/Apr/2025:16:35:16 -0400] "GET /wq.php7 HTTP/1.1" 404 0 "-" "-"
13.74.129.148 - - [07/Apr/2025:16:35:17 -0400] "GET /.well-known/acme-challenge/mariju.php HTTP/1.1" 404 0 "-" "-"
13.74.129.148 - - [07/Apr/2025:16:35:20 -0400] "GET /wp-admin/images/atomlib.php HTTP/1.1" 404 0 "-" "-"
13.74.129.148 - - [07/Apr/2025:16:35:21 -0400] "GET /database.php HTTP/1.1" 404 0 "-" "-"
216.244.66.236 - - [07/Apr/2025:16:35:20 -0400] "GET /cheap-boat-rental-tulum/ HTTP/1.1" 200 0 "-" "Mozilla/5.0 (compatible; DotBot/1.2; +https://opensiteexplorer.org/dotbot; help@moz.com)"
13.74.129.148 - - [07/Apr/2025:16:35:21 -0400] "GET /wp-admin/css/network.php HTTP/1.1" 404 0 "-" "-"
13.74.129.148 - - [07/Apr/2025:16:35:24 -0400] "GET /wso2.php HTTP/1.1" 404 0 "-" "-"
13.74.129.148 - - [07/Apr/2025:16:35:25 -0400] "GET /wso1.php HTTP/1.1" 404 0 "-" "-"
13.74.129.148 - - [07/Apr/2025:16:35:25 -0400] "GET /about.php7 HTTP/1.1" 404 0 "-" "-"
13.74.129.148 - - [07/Apr/2025:16:35:27 -0400] "GET /sim.php/wp-includes/certificates/plugins.php HTTP/1.1" 404 0 "-" "-"
13.74.129.148 - - [07/Apr/2025:16:35:28 -0400] "GET /webadmin.php HTTP/1.1" 404 0 "-" "-"
13.74.129.148 - - [07/Apr/2025:16:35:29 -0400] "GET /wp-comments-post.php HTTP/1.1" 405 0 "-" "-"
13.74.129.148 - - [07/Apr/2025:16:35:30 -0400] "GET /wp-content/themes/fitnessbase/404.php?ok HTTP/1.1" 404 0 "-" "-"
13.74.129.148 - - [07/Apr/2025:16:35:30 -0400] "GET /wp-admin/shell.php HTTP/1.1" 404 0 "-" "-"
13.74.129.148 - - [07/Apr/2025:16:35:31 -0400] "GET /wp-includes/pomo/ HTTP/1.1" 403 1242 "-" "-"
13.74.129.148 - - [07/Apr/2025:16:35:32 -0400] "GET /classwithtostring.php HTTP/1.1" 404 0 "-" "-"
13.74.129.148 - - [07/Apr/2025:16:35:33 -0400] "GET /wp-content/plugins/ubh/index.php HTTP/1.1" 301 0 "-" "-"
13.74.129.148 - - [07/Apr/2025:16:35:33 -0400] "GET /wp-content/plugins/ubh/ HTTP/1.1" 404 0 "-" "-"
13.74.129.148 - - [07/Apr/2025:16:35:33 -0400] "GET /r.php HTTP/1.1" 404 0 "-" "-"
13.74.129.148 - - [07/Apr/2025:16:35:34 -0400] "GET /MARIJUANA.php HTTP/1.1" 404 0 "-" "-"
13.74.129.148 - - [07/Apr/2025:16:35:35 -0400] "GET /wp-content/x.php HTTP/1.1" 404 0 "-" "-"
13.74.129.148 - - [07/Apr/2025:16:35:36 -0400] "GET /wp-content/uploads/2023/ HTTP/1.1" 404 0 "-" "-"
13.74.129.148 - - [07/Apr/2025:16:35:37 -0400] "GET /BIBIL_0DAY.php HTTP/1.1" 404 0 "-" "-"
13.74.129.148 - - [07/Apr/2025:16:35:38 -0400] "GET /cjfuns.php HTTP/1.1" 404 0 "-" "-"
13.74.129.148 - - [07/Apr/2025:16:35:39 -0400] "GET /wp-content/plugins/fix/up.php HTTP/1.1" 404 0 "-" "-"
13.74.129.148 - - [07/Apr/2025:16:35:39 -0400] "GET /aleXus.php HTTP/1.1" 404 0 "-" "-"
145.224.125.135 - - [07/Apr/2025:16:50:04 -0400] "GET /?p=3232&wp_automatic=download&link=file:///etc/passwd HTTP/1.1" 404 0 "-" "Mozilla/5.0 (Macintosh; Intel Mac OS X 10_15_7) AppleWebKit/605.1.15 (KHTML, like Gecko) Version/17.0 Safari/605.1.15"
198.54.114.83 - - [07/Apr/2025:17:25:41 -0400] "POST /wp-cron.php?doing_wp_cron=1744061141.6063981056213378906250 HTTP/1.1" 200 0 "-" "WordPress/6.7.2; https://bakingsecurityin.com"
85.203.44.248 - - [07/Apr/2025:17:25:41 -0400] "GET /how-does-red-light-therapy-work/ HTTP/1.1" 200 0 "http://bakingsecurityin.com/how-does-red-light-therapy-work/" "Mozilla/5.0 (Windows NT 10.0; Win64; x64) AppleWebKit/537.36 (KHTML, like Gecko) Chrome/129.0.0.0 Safari/537.36"
85.203.44.13 - - [07/Apr/2025:17:25:42 -0400] "GET / HTTP/1.1" 200 0 "http://bakingsecurityin.com/" "Mozilla/5.0 (Windows NT 10.0; Win64; x64) AppleWebKit/537.36 (KHTML, like Gecko) Chrome/129.0.0.0 Safari/537.36"
36.41.75.167 - - [07/Apr/2025:17:37:41 -0400] "GET / HTTP/1.1" 200 0 "-" "Mozilla/5.0 (iPhone; CPU iPhone OS 13_2_3 like Mac OS X) AppleWebKit/605.1.15 (KHTML, like Gecko) Version/13.0.3 Mobile/15E148 Safari/604.1"
198.54.114.83 - - [07/Apr/2025:17:38:46 -0400] "POST /wp-cron.php?doing_wp_cron=1744061926.4396030902862548828125 HTTP/1.1" 200 0 "-" "WordPress/6.7.2; https://bakingsecurityin.com"
68.183.145.0 - - [07/Apr/2025:17:38:45 -0400] "POST /xmlrpc.php HTTP/1.1" 200 236 "-" "Mozilla/5.0 (X11; Fedora; Linux x86_64; rv:94.0) Gecko/20100101 Firefox/95.0"
198.54.114.83 - - [07/Apr/2025:18:06:23 -0400] "POST /wp-cron.php?doing_wp_cron=1744063583.5393829345703125000000 HTTP/1.1" 200 0 "-" "WordPress/6.7.2; https://bakingsecurityin.com"
82.180.145.13 - - [07/Apr/2025:18:06:23 -0400] "POST /xmlrpc.php HTTP/1.1" 200 236 "-" "Mozilla/5.0 (X11; Fedora; Linux x86_64; rv:94.0) Gecko/20100101 Firefox/95.0"
43.157.38.228 - - [07/Apr/2025:18:29:29 -0400] "GET / HTTP/1.1" 200 0 "-" "Mozilla/5.0 (iPhone; CPU iPhone OS 13_2_3 like Mac OS X) AppleWebKit/605.1.15 (KHTML, like Gecko) Version/13.0.3 Mobile/15E148 Safari/604.1"
198.54.114.83 - - [07/Apr/2025:18:35:23 -0400] "POST /wp-cron.php?doing_wp_cron=1744065323.5319790840148925781250 HTTP/1.1" 200 0 "-" "WordPress/6.7.2; https://bakingsecurityin.com"
47.114.165.248 - - [07/Apr/2025:18:35:23 -0400] "POST /xmlrpc.php HTTP/1.1" 200 236 "-" "Mozilla/5.0 (X11; Fedora; Linux x86_64; rv:94.0) Gecko/20100101 Firefox/95.0"
216.244.66.236 - - [07/Apr/2025:19:06:24 -0400] "GET /robots.txt HTTP/1.1" 304 0 "-" "Mozilla/5.0 (compatible; DotBot/1.2; +https://opensiteexplorer.org/dotbot; help@moz.com)"
198.54.114.83 - - [07/Apr/2025:19:07:15 -0400] "POST /wp-cron.php?doing_wp_cron=1744067235.5584828853607177734375 HTTP/1.1" 200 0 "-" "WordPress/6.7.2; https://bakingsecurityin.com"
95.216.90.214 - - [07/Apr/2025:19:07:15 -0400] "POST /xmlrpc.php HTTP/1.1" 200 236 "-" "Mozilla/5.0 (X11; Fedora; Linux x86_64; rv:94.0) Gecko/20100101 Firefox/95.0"
198.54.114.83 - - [07/Apr/2025:19:09:52 -0400] "POST /wp-cron.php?doing_wp_cron=1744067392.0766139030456542968750 HTTP/1.1" 200 0 "-" "WordPress/6.7.2; https://bakingsecurityin.com"
13.74.98.148 - - [07/Apr/2025:19:09:49 -0400] "GET /gins/wp-help/ HTTP/1.1" 404 0 "-" "-"
13.74.98.148 - - [07/Apr/2025:19:09:53 -0400] "GET /wp-content HTTP/1.1" 301 795 "-" "-"
13.74.98.148 - - [07/Apr/2025:19:09:53 -0400] "GET /wp-content/ HTTP/1.1" 200 0 "-" "-"
13.74.98.148 - - [07/Apr/2025:19:09:53 -0400] "GET /wp-includes/images/wlw/ HTTP/1.1" 404 0 "-" "-"
13.74.98.148 - - [07/Apr/2025:19:09:54 -0400] "GET /sim.php/wp-includes/certificates/plugins.php HTTP/1.1" 404 0 "-" "-"
13.74.98.148 - - [07/Apr/2025:19:09:55 -0400] "GET /site/ HTTP/1.1" 404 0 "-" "-"
13.74.98.148 - - [07/Apr/2025:19:09:55 -0400] "GET /templates/beez3/ HTTP/1.1" 404 0 "-" "-"
13.74.98.148 - - [07/Apr/2025:19:09:55 -0400] "GET /wp-content/plugins/dummyyummy/ HTTP/1.1" 404 0 "-" "-"
13.74.98.148 - - [07/Apr/2025:19:09:56 -0400] "GET /wp/wp-admin/includes/ HTTP/1.1" 404 0 "-" "-"
13.74.98.148 - - [07/Apr/2025:19:09:56 -0400] "GET /wp-includes/Text/autoload_classmap.php HTTP/1.1" 404 0 "-" "-"
13.74.98.148 - - [07/Apr/2025:19:09:56 -0400] "GET /wp-content/plugins/dazmhjz/ HTTP/1.1" 404 0 "-" "-"
13.74.98.148 - - [07/Apr/2025:19:09:57 -0400] "GET /wp-content/languages/about.php HTTP/1.1" 404 0 "-" "-"
13.74.98.148 - - [07/Apr/2025:19:09:57 -0400] "GET /storage/ HTTP/1.1" 404 0 "-" "-"
13.74.98.148 - - [07/Apr/2025:19:09:57 -0400] "GET /wp-content/themes/twentytwenty/404.php HTTP/1.1" 404 0 "-" "-"
13.74.98.148 - - [07/Apr/2025:19:09:58 -0400] "GET /pomo/ HTTP/1.1" 404 0 "-" "-"
13.74.98.148 - - [07/Apr/2025:19:09:58 -0400] "GET /wp-content/upgrade/sx.php HTTP/1.1" 404 0 "-" "-"
13.74.98.148 - - [07/Apr/2025:19:09:58 -0400] "GET /wp-content/plugins/WordPressCore/fm.php HTTP/1.1" 404 0 "-" "-"
13.74.98.148 - - [07/Apr/2025:19:09:59 -0400] "GET /wp-includes/images/include.php HTTP/1.1" 404 0 "-" "-"
13.74.98.148 - - [07/Apr/2025:19:09:59 -0400] "GET /admin-post.php HTTP/1.1" 404 0 "-" "-"
198.54.114.83 - - [07/Apr/2025:19:16:38 -0400] "POST /wp-cron.php?doing_wp_cron=1744067798.0200450420379638671875 HTTP/1.1" 200 0 "-" "WordPress/6.7.2; https://bakingsecurityin.com"
216.244.66.236 - - [07/Apr/2025:19:16:37 -0400] "GET /ice-breaker-questions-for-kids/ HTTP/1.1" 200 0 "-" "Mozilla/5.0 (compatible; DotBot/1.2; +https://opensiteexplorer.org/dotbot; help@moz.com)"
198.54.114.83 - - [07/Apr/2025:19:17:10 -0400] "POST /wp-cron.php?doing_wp_cron=1744067829.8998889923095703125000 HTTP/1.1" 200 0 "-" "WordPress/6.7.2; https://bakingsecurityin.com"
216.244.66.236 - - [07/Apr/2025:19:17:09 -0400] "GET /medical-beauty-enhance-skin-health-and-confidence/ HTTP/1.1" 200 0 "-" "Mozilla/5.0 (compatible; DotBot/1.2; +https://opensiteexplorer.org/dotbot; help@moz.com)"
216.244.66.236 - - [07/Apr/2025:19:17:25 -0400] "GET /how-moving-companies-calculate-their-quotes-online/feed/ HTTP/1.1" 200 457 "-" "Mozilla/5.0 (compatible; DotBot/1.2; +https://opensiteexplorer.org/dotbot; help@moz.com)"
216.244.66.236 - - [07/Apr/2025:19:17:29 -0400] "GET /how-will-voice-technology-change-the-gambling-industry/ HTTP/1.1" 200 0 "-" "Mozilla/5.0 (compatible; DotBot/1.2; +https://opensiteexplorer.org/dotbot; help@moz.com)"
198.54.114.83 - - [07/Apr/2025:19:18:09 -0400] "POST /wp-cron.php?doing_wp_cron=1744067888.9713509082794189453125 HTTP/1.1" 200 0 "-" "WordPress/6.7.2; https://bakingsecurityin.com"
216.244.66.236 - - [07/Apr/2025:19:18:08 -0400] "GET /window-shutters-north-east/ HTTP/1.1" 200 0 "-" "Mozilla/5.0 (compatible; DotBot/1.2; +https://opensiteexplorer.org/dotbot; help@moz.com)"
198.54.114.83 - - [07/Apr/2025:19:38:27 -0400] "POST /wp-cron.php?doing_wp_cron=1744069107.3732841014862060546875 HTTP/1.1" 200 0 "-" "WordPress/6.7.2; https://bakingsecurityin.com"
109.199.124.78 - - [07/Apr/2025:19:38:27 -0400] "POST /xmlrpc.php HTTP/1.1" 200 236 "-" "Mozilla/5.0 (X11; Fedora; Linux x86_64; rv:94.0) Gecko/20100101 Firefox/95.0"
13.82.27.229 - - [07/Apr/2025:19:46:02 -0400] "HEAD /wordpress HTTP/1.1" 301 0 "-" "Mozilla/5.0 (Windows NT 10.0; Win64; x64) AppleWebKit/537.36 (KHTML, like Gecko) Chrome/74.0.3729.169 Safari/537.36"
13.82.27.229 - - [07/Apr/2025:19:46:02 -0400] "HEAD /wordpress/ HTTP/1.1" 403 0 "http://bakingsecurityin.com/wordpress" "Mozilla/5.0 (Windows NT 10.0; Win64; x64) AppleWebKit/537.36 (KHTML, like Gecko) Chrome/74.0.3729.169 Safari/537.36"
198.54.114.83 - - [07/Apr/2025:19:46:04 -0400] "POST /wp-cron.php?doing_wp_cron=1744069564.7511279582977294921875 HTTP/1.1" 200 0 "-" "WordPress/6.7.2; https://bakingsecurityin.com"
13.82.27.229 - - [07/Apr/2025:19:46:02 -0400] "HEAD / HTTP/1.1" 200 0 "-" "Mozilla/5.0 (Windows NT 10.0; Win64; x64) AppleWebKit/537.36 (KHTML, like Gecko) Chrome/74.0.3729.169 Safari/537.36"
13.82.27.229 - - [07/Apr/2025:19:46:05 -0400] "HEAD /wp HTTP/1.1" 404 0 "-" "Mozilla/5.0 (Windows NT 10.0; Win64; x64) AppleWebKit/537.36 (KHTML, like Gecko) Chrome/74.0.3729.169 Safari/537.36"
13.82.27.229 - - [07/Apr/2025:19:46:05 -0400] "HEAD /bc HTTP/1.1" 404 0 "-" "Mozilla/5.0 (Windows NT 10.0; Win64; x64) AppleWebKit/537.36 (KHTML, like Gecko) Chrome/74.0.3729.169 Safari/537.36"
13.82.27.229 - - [07/Apr/2025:19:46:06 -0400] "HEAD /bk HTTP/1.1" 404 0 "-" "Mozilla/5.0 (Windows NT 10.0; Win64; x64) AppleWebKit/537.36 (KHTML, like Gecko) Chrome/74.0.3729.169 Safari/537.36"
13.82.27.229 - - [07/Apr/2025:19:46:06 -0400] "HEAD /backup HTTP/1.1" 404 0 "-" "Mozilla/5.0 (Windows NT 10.0; Win64; x64) AppleWebKit/537.36 (KHTML, like Gecko) Chrome/74.0.3729.169 Safari/537.36"
13.82.27.229 - - [07/Apr/2025:19:46:06 -0400] "HEAD /old HTTP/1.1" 404 0 "-" "Mozilla/5.0 (Windows NT 10.0; Win64; x64) AppleWebKit/537.36 (KHTML, like Gecko) Chrome/74.0.3729.169 Safari/537.36"
13.82.27.229 - - [07/Apr/2025:19:46:06 -0400] "HEAD /new HTTP/1.1" 301 0 "-" "Mozilla/5.0 (Windows NT 10.0; Win64; x64) AppleWebKit/537.36 (KHTML, like Gecko) Chrome/74.0.3729.169 Safari/537.36"
198.54.114.83 - - [07/Apr/2025:19:46:07 -0400] "POST /wp-cron.php?doing_wp_cron=1744069567.3925778865814208984375 HTTP/1.1" 200 0 "-" "WordPress/6.7.2; https://bakingsecurityin.com"
13.82.27.229 - - [07/Apr/2025:19:46:07 -0400] "HEAD /main HTTP/1.1" 404 0 "-" "Mozilla/5.0 (Windows NT 10.0; Win64; x64) AppleWebKit/537.36 (KHTML, like Gecko) Chrome/74.0.3729.169 Safari/537.36"
13.82.27.229 - - [07/Apr/2025:19:46:07 -0400] "HEAD /home HTTP/1.1" 404 0 "-" "Mozilla/5.0 (Windows NT 10.0; Win64; x64) AppleWebKit/537.36 (KHTML, like Gecko) Chrome/74.0.3729.169 Safari/537.36"
216.244.66.236 - - [07/Apr/2025:19:54:24 -0400] "GET /robots.txt HTTP/1.1" 304 0 "-" "Mozilla/5.0 (compatible; DotBot/1.2; +https://opensiteexplorer.org/dotbot; help@moz.com)"
198.54.114.83 - - [07/Apr/2025:20:08:55 -0400] "POST /wp-cron.php?doing_wp_cron=1744070934.9905829429626464843750 HTTP/1.1" 200 0 "-" "WordPress/6.7.2; https://bakingsecurityin.com"
216.244.66.236 - - [07/Apr/2025:20:08:53 -0400] "GET /window-shutters-north-east/feed/ HTTP/1.1" 200 430 "-" "Mozilla/5.0 (compatible; DotBot/1.2; +https://opensiteexplorer.org/dotbot; help@moz.com)"
198.54.114.83 - - [07/Apr/2025:20:09:54 -0400] "POST /wp-cron.php?doing_wp_cron=1744070994.6576349735260009765625 HTTP/1.1" 200 0 "-" "WordPress/6.7.2; https://bakingsecurityin.com"
2a02:4780:14:6954::1 - - [07/Apr/2025:20:09:54 -0400] "POST /xmlrpc.php HTTP/1.1" 200 236 "-" "Mozilla/5.0 (X11; Fedora; Linux x86_64; rv:94.0) Gecko/20100101 Firefox/95.0"
198.54.114.83 - - [07/Apr/2025:20:21:42 -0400] "POST /wp-cron.php?doing_wp_cron=1744071701.9353089332580566406250 HTTP/1.1" 200 0 "-" "WordPress/6.7.2; https://bakingsecurityin.com"
193.24.211.3 - - [07/Apr/2025:20:21:41 -0400] "GET / HTTP/1.1" 200 0 "-" "Mozilla/5.0 (Windows NT 10.0; Win64; x64) AppleWebKit/537.36 (KHTML, like Gecko) Chrome/118.0.0.0 Safari/537.36"
195.191.219.132 - - [07/Apr/2025:20:35:06 -0400] "GET /robots.txt HTTP/1.1" 200 116 "-" "Mozilla/5.0 (compatible; MJ12bot/v2.0.0; http://mj12bot.com/)"
198.54.114.83 - - [07/Apr/2025:20:35:10 -0400] "POST /wp-cron.php?doing_wp_cron=1744072510.2993199825286865234375 HTTP/1.1" 200 0 "-" "WordPress/6.7.2; https://bakingsecurityin.com"
195.191.219.132 - - [07/Apr/2025:20:35:07 -0400] "GET / HTTP/1.1" 200 0 "-" "Mozilla/5.0 (compatible; MJ12bot/v2.0.0; http://mj12bot.com/)"
198.54.114.83 - - [07/Apr/2025:20:43:49 -0400] "POST /wp-cron.php?doing_wp_cron=1744073028.9292240142822265625000 HTTP/1.1" 200 0 "-" "WordPress/6.7.2; https://bakingsecurityin.com"
35.175.146.31 - - [07/Apr/2025:20:43:44 -0400] "POST /xmlrpc.php HTTP/1.1" 200 236 "-" "Mozilla/5.0 (X11; Fedora; Linux x86_64; rv:94.0) Gecko/20100101 Firefox/95.0"
216.244.66.236 - - [07/Apr/2025:20:58:52 -0400] "GET /luxurious-living-at-arina-east-residences/ HTTP/1.1" 200 0 "-" "Mozilla/5.0 (compatible; DotBot/1.2; +https://opensiteexplorer.org/dotbot; help@moz.com)"
198.54.114.83 - - [07/Apr/2025:20:59:30 -0400] "POST /wp-cron.php?doing_wp_cron=1744073969.2193620204925537109375 HTTP/1.1" 200 0 "-" "WordPress/6.7.2; https://bakingsecurityin.com"
216.244.66.236 - - [07/Apr/2025:20:59:29 -0400] "GET /runner-rugs/feed/ HTTP/1.1" 200 409 "-" "Mozilla/5.0 (compatible; DotBot/1.2; +https://opensiteexplorer.org/dotbot; help@moz.com)"
216.244.66.236 - - [07/Apr/2025:21:04:21 -0400] "GET /requirements-for-a-russian-visa/feed/ HTTP/1.1" 200 433 "-" "Mozilla/5.0 (compatible; DotBot/1.2; +https://opensiteexplorer.org/dotbot; help@moz.com)"
198.54.114.83 - - [07/Apr/2025:21:04:23 -0400] "POST /wp-cron.php?doing_wp_cron=1744074262.1418240070343017578125 HTTP/1.1" 200 0 "-" "WordPress/6.7.2; https://bakingsecurityin.com"
103.167.217.137 - - [07/Apr/2025:21:19:05 -0400] "POST /xmlrpc.php HTTP/1.1" 200 236 "-" "Mozilla/5.0 (X11; Fedora; Linux x86_64; rv:94.0) Gecko/20100101 Firefox/95.0"
216.244.66.236 - - [07/Apr/2025:21:36:56 -0400] "GET /robots.txt HTTP/1.1" 304 0 "-" "Mozilla/5.0 (compatible; DotBot/1.2; +https://opensiteexplorer.org/dotbot; help@moz.com)"
198.54.114.83 - - [07/Apr/2025:21:49:03 -0400] "POST /wp-cron.php?doing_wp_cron=1744076943.3681559562683105468750 HTTP/1.1" 200 0 "-" "WordPress/6.7.2; https://bakingsecurityin.com"
216.244.66.236 - - [07/Apr/2025:21:49:03 -0400] "GET /die-besten-umzugsdienste-in-luneburg/ HTTP/1.1" 200 0 "-" "Mozilla/5.0 (compatible; DotBot/1.2; +https://opensiteexplorer.org/dotbot; help@moz.com)"
198.54.114.83 - - [07/Apr/2025:21:50:48 -0400] "POST /wp-cron.php?doing_wp_cron=1744077047.9865860939025878906250 HTTP/1.1" 200 0 "-" "WordPress/6.7.2; https://bakingsecurityin.com"
216.244.66.236 - - [07/Apr/2025:21:50:44 -0400] "GET /exploring-the-elegance-of-lentoria-condo/feed/ HTTP/1.1" 200 447 "-" "Mozilla/5.0 (compatible; DotBot/1.2; +https://opensiteexplorer.org/dotbot; help@moz.com)"
85.208.98.23 - - [07/Apr/2025:21:55:55 -0400] "GET /robots.txt HTTP/1.1" 304 0 "-" "Mozilla/5.0 (compatible; SemrushBot-BA; +http://www.semrush.com/bot.html)"
45.90.73.206 - - [07/Apr/2025:21:56:36 -0400] "POST /xmlrpc.php HTTP/1.1" 200 236 "-" "Mozilla/5.0 (X11; Fedora; Linux x86_64; rv:94.0) Gecko/20100101 Firefox/95.0"
216.244.66.236 - - [07/Apr/2025:21:56:53 -0400] "GET /how-to-find-the-best-sarms-for-sale/feed/ HTTP/1.1" 200 448 "-" "Mozilla/5.0 (compatible; DotBot/1.2; +https://opensiteexplorer.org/dotbot; help@moz.com)"
216.244.66.236 - - [07/Apr/2025:22:27:03 -0400] "GET /robots.txt HTTP/1.1" 304 0 "-" "Mozilla/5.0 (compatible; DotBot/1.2; +https://opensiteexplorer.org/dotbot; help@moz.com)"
216.244.66.236 - - [07/Apr/2025:22:38:21 -0400] "GET /how-to-get-more-hearts-on-musically/ HTTP/1.1" 200 0 "-" "Mozilla/5.0 (compatible; DotBot/1.2; +https://opensiteexplorer.org/dotbot; help@moz.com)"
198.54.114.83 - - [07/Apr/2025:22:39:52 -0400] "POST /wp-cron.php?doing_wp_cron=1744079992.5232179164886474609375 HTTP/1.1" 200 0 "-" "WordPress/6.7.2; https://bakingsecurityin.com"
216.244.66.236 - - [07/Apr/2025:22:39:50 -0400] "GET /dwi-driving-while-impaired-intoxicated-and-implied-consent-in-north-carolina/ HTTP/1.1" 200 0 "-" "Mozilla/5.0 (compatible; DotBot/1.2; +https://opensiteexplorer.org/dotbot; help@moz.com)"
198.54.114.83 - - [07/Apr/2025:22:40:47 -0400] "POST /wp-cron.php?doing_wp_cron=1744080047.4573030471801757812500 HTTP/1.1" 200 0 "-" "WordPress/6.7.2; https://bakingsecurityin.com"
216.244.66.236 - - [07/Apr/2025:22:40:47 -0400] "GET /lentor-hills-residences/feed/ HTTP/1.1" 200 425 "-" "Mozilla/5.0 (compatible; DotBot/1.2; +https://opensiteexplorer.org/dotbot; help@moz.com)"
216.244.66.236 - - [07/Apr/2025:22:40:51 -0400] "GET /the-mediation-process/feed/ HTTP/1.1" 200 422 "-" "Mozilla/5.0 (compatible; DotBot/1.2; +https://opensiteexplorer.org/dotbot; help@moz.com)"
198.54.114.83 - - [07/Apr/2025:22:42:31 -0400] "POST /wp-cron.php?doing_wp_cron=1744080150.6717979907989501953125 HTTP/1.1" 200 0 "-" "WordPress/6.7.2; https://bakingsecurityin.com"
24.199.103.52 - - [07/Apr/2025:22:42:30 -0400] "GET / HTTP/1.1" 200 0 "-" "Mozilla/5.0 (compatible)"
198.54.114.83 - - [07/Apr/2025:22:49:13 -0400] "POST /wp-cron.php?doing_wp_cron=1744080552.8021299839019775390625 HTTP/1.1" 200 0 "-" "WordPress/6.7.2; https://bakingsecurityin.com"
216.244.66.236 - - [07/Apr/2025:22:49:12 -0400] "GET /how-to-turn-off-firewall-on-iphone/feed/ HTTP/1.1" 200 445 "-" "Mozilla/5.0 (compatible; DotBot/1.2; +https://opensiteexplorer.org/dotbot; help@moz.com)"
216.244.66.236 - - [07/Apr/2025:22:49:19 -0400] "GET /what-to-look-for-in-an-online-casino/feed/ HTTP/1.1" 200 446 "-" "Mozilla/5.0 (compatible; DotBot/1.2; +https://opensiteexplorer.org/dotbot; help@moz.com)"
198.54.114.83 - - [07/Apr/2025:22:51:30 -0400] "POST /wp-cron.php?doing_wp_cron=1744080689.4996750354766845703125 HTTP/1.1" 200 0 "-" "WordPress/6.7.2; https://bakingsecurityin.com"
183.56.236.152 - - [07/Apr/2025:22:51:26 -0400] "GET /wp-login.php HTTP/1.1" 302 0 "-" "Apache-HttpClient/4.5.2 (Java/1.8.0_161)"
183.56.236.152 - - [07/Apr/2025:22:51:34 -0400] "GET /?author=1 HTTP/1.1" 301 0 "-" "Apache-HttpClient/4.5.2 (Java/1.8.0_161)"
183.56.236.152 - - [07/Apr/2025:22:51:37 -0400] "GET /?author=2 HTTP/1.1" 301 0 "-" "Apache-HttpClient/4.5.2 (Java/1.8.0_161)"
183.56.236.152 - - [07/Apr/2025:22:51:40 -0400] "GET /?author=3 HTTP/1.1" 404 0 "-" "Apache-HttpClient/4.5.2 (Java/1.8.0_161)"
183.56.236.152 - - [07/Apr/2025:22:51:42 -0400] "GET /?author=4 HTTP/1.1" 404 0 "-" "Apache-HttpClient/4.5.2 (Java/1.8.0_161)"
183.56.236.152 - - [07/Apr/2025:22:51:43 -0400] "GET /?author=5 HTTP/1.1" 404 0 "-" "Apache-HttpClient/4.5.2 (Java/1.8.0_161)"
183.56.236.152 - - [07/Apr/2025:22:51:44 -0400] "GET /?author=6 HTTP/1.1" 404 0 "-" "Apache-HttpClient/4.5.2 (Java/1.8.0_161)"
183.56.236.152 - - [07/Apr/2025:22:51:45 -0400] "GET /?author=7 HTTP/1.1" 404 0 "-" "Apache-HttpClient/4.5.2 (Java/1.8.0_161)"
183.56.236.152 - - [07/Apr/2025:22:51:46 -0400] "GET /?author=8 HTTP/1.1" 404 0 "-" "Apache-HttpClient/4.5.2 (Java/1.8.0_161)"
183.56.236.152 - - [07/Apr/2025:22:51:47 -0400] "GET /?author=9 HTTP/1.1" 404 0 "-" "Apache-HttpClient/4.5.2 (Java/1.8.0_161)"
183.56.236.152 - - [07/Apr/2025:22:51:48 -0400] "GET /?author=10 HTTP/1.1" 404 0 "-" "Apache-HttpClient/4.5.2 (Java/1.8.0_161)"
183.56.236.152 - - [07/Apr/2025:22:51:49 -0400] "GET /?author=11 HTTP/1.1" 404 0 "-" "Apache-HttpClient/4.5.2 (Java/1.8.0_161)"
183.56.236.152 - - [07/Apr/2025:22:51:50 -0400] "GET /?author=12 HTTP/1.1" 404 0 "-" "Apache-HttpClient/4.5.2 (Java/1.8.0_161)"
183.56.236.152 - - [07/Apr/2025:22:51:51 -0400] "GET /?author=13 HTTP/1.1" 404 0 "-" "Apache-HttpClient/4.5.2 (Java/1.8.0_161)"
183.56.236.152 - - [07/Apr/2025:22:51:52 -0400] "GET /?author=14 HTTP/1.1" 404 0 "-" "Apache-HttpClient/4.5.2 (Java/1.8.0_161)"
183.56.236.152 - - [07/Apr/2025:22:51:53 -0400] "GET /?author=15 HTTP/1.1" 404 0 "-" "Apache-HttpClient/4.5.2 (Java/1.8.0_161)"
183.56.236.152 - - [07/Apr/2025:22:51:54 -0400] "GET /?author=16 HTTP/1.1" 404 0 "-" "Apache-HttpClient/4.5.2 (Java/1.8.0_161)"
183.56.236.152 - - [07/Apr/2025:22:51:55 -0400] "GET /?author=17 HTTP/1.1" 404 0 "-" "Apache-HttpClient/4.5.2 (Java/1.8.0_161)"
183.56.236.152 - - [07/Apr/2025:22:51:55 -0400] "GET /?author=18 HTTP/1.1" 404 0 "-" "Apache-HttpClient/4.5.2 (Java/1.8.0_161)"
183.56.236.152 - - [07/Apr/2025:22:51:56 -0400] "GET /?author=19 HTTP/1.1" 404 0 "-" "Apache-HttpClient/4.5.2 (Java/1.8.0_161)"
183.56.236.152 - - [07/Apr/2025:22:51:57 -0400] "GET /?author=20 HTTP/1.1" 404 0 "-" "Apache-HttpClient/4.5.2 (Java/1.8.0_161)"
162.0.229.109 - - [07/Apr/2025:22:53:41 -0400] "POST /xmlrpc.php HTTP/1.1" 200 212 "http://bakingsecurityin.com" "Mozilla/5.0 (Macintosh; Intel Mac OS X 10_15_7) AppleWebKit/537.36 (KHTML, like Gecko) Chrome/126.0.0.0 Safari/537.36"
198.54.114.83 - - [07/Apr/2025:22:54:40 -0400] "POST /wp-cron.php?doing_wp_cron=1744080879.9420320987701416015625 HTTP/1.1" 200 0 "-" "WordPress/6.7.2; https://bakingsecurityin.com"
103.255.250.210 - - [07/Apr/2025:22:54:39 -0400] "POST /xmlrpc.php HTTP/1.1" 200 236 "-" "Mozilla/5.0 (X11; Fedora; Linux x86_64; rv:94.0) Gecko/20100101 Firefox/95.0"
198.54.114.83 - - [07/Apr/2025:22:59:51 -0400] "POST /wp-cron.php?doing_wp_cron=1744081190.7812969684600830078125 HTTP/1.1" 200 0 "-" "WordPress/6.7.2; https://bakingsecurityin.com"
196.251.80.228 - - [07/Apr/2025:22:59:46 -0400] "GET / HTTP/1.1" 200 0 "-" "-"
128.199.126.239 - - [07/Apr/2025:23:06:25 -0400] "POST /xmlrpc.php HTTP/1.1" 200 212 "http://bakingsecurityin.com" "Mozilla/5.0 (Windows NT 10.0; Win64; x64) AppleWebKit/537.36 (KHTML, like Gecko) Chrome/115.0.5790.171 Safari/537.36 Edg/115.0.1901.203"
198.54.114.83 - - [07/Apr/2025:23:06:32 -0400] "POST /wp-cron.php?doing_wp_cron=1744081589.5813279151916503906250 HTTP/1.1" 200 0 "-" "WordPress/6.7.2; https://bakingsecurityin.com"
216.244.66.236 - - [07/Apr/2025:23:15:27 -0400] "GET /robots.txt HTTP/1.1" 304 0 "-" "Mozilla/5.0 (compatible; DotBot/1.2; +https://opensiteexplorer.org/dotbot; help@moz.com)"
118.139.180.100 - - [07/Apr/2025:23:19:15 -0400] "POST /xmlrpc.php HTTP/1.1" 200 212 "http://bakingsecurityin.com" "Mozilla/5.0 (Macintosh; Intel Mac OS X 14_6) AppleWebKit/605.1.15 (KHTML, like Gecko) Version/17.5 Safari/605.1.15"
198.54.114.83 - - [07/Apr/2025:23:19:21 -0400] "POST /wp-cron.php?doing_wp_cron=1744082357.8891589641571044921875 HTTP/1.1" 200 0 "-" "WordPress/6.7.2; https://bakingsecurityin.com"
216.244.66.236 - - [07/Apr/2025:23:29:06 -0400] "GET /fertility-clinic-dubai/feed/ HTTP/1.1" 200 422 "-" "Mozilla/5.0 (compatible; DotBot/1.2; +https://opensiteexplorer.org/dotbot; help@moz.com)"
216.244.66.236 - - [07/Apr/2025:23:29:32 -0400] "GET /michael-kors-satchel-bag/feed/ HTTP/1.1" 200 432 "-" "Mozilla/5.0 (compatible; DotBot/1.2; +https://opensiteexplorer.org/dotbot; help@moz.com)"
198.54.114.83 - - [07/Apr/2025:23:29:35 -0400] "POST /wp-cron.php?doing_wp_cron=1744082973.0168418884277343750000 HTTP/1.1" 200 0 "-" "WordPress/6.7.2; https://bakingsecurityin.com"
103.124.95.168 - - [07/Apr/2025:23:32:39 -0400] "POST /xmlrpc.php HTTP/1.1" 200 212 "http://bakingsecurityin.com" "Mozilla/5.0 (Macintosh; Intel Mac OS X 10_15_7) AppleWebKit/537.36 (KHTML, like Gecko) Chrome/116.0.5845.96 Safari/537.36"
198.54.114.83 - - [07/Apr/2025:23:32:45 -0400] "POST /wp-cron.php?doing_wp_cron=1744083163.5475308895111083984375 HTTP/1.1" 200 0 "-" "WordPress/6.7.2; https://bakingsecurityin.com"
216.244.66.236 - - [07/Apr/2025:23:32:55 -0400] "GET /les-plateaux-repas-en-entreprise-une-solution-pratique-et-gourmande/ HTTP/1.1" 200 0 "-" "Mozilla/5.0 (compatible; DotBot/1.2; +https://opensiteexplorer.org/dotbot; help@moz.com)"
216.244.66.236 - - [07/Apr/2025:23:36:44 -0400] "GET /what-are-the-benefits-of-mindfulness/feed/ HTTP/1.1" 200 444 "-" "Mozilla/5.0 (compatible; DotBot/1.2; +https://opensiteexplorer.org/dotbot; help@moz.com)"
198.54.114.83 - - [07/Apr/2025:23:36:51 -0400] "POST /wp-cron.php?doing_wp_cron=1744083407.7746090888977050781250 HTTP/1.1" 200 0 "-" "WordPress/6.7.2; https://bakingsecurityin.com"
216.244.66.236 - - [07/Apr/2025:23:37:19 -0400] "GET /finding-where-to-donate-food-near-you/feed/ HTTP/1.1" 200 445 "-" "Mozilla/5.0 (compatible; DotBot/1.2; +https://opensiteexplorer.org/dotbot; help@moz.com)"
216.244.66.236 - - [07/Apr/2025:23:37:51 -0400] "GET /the-arden-is-not-just-a-village-or-a-town/feed/ HTTP/1.1" 200 453 "-" "Mozilla/5.0 (compatible; DotBot/1.2; +https://opensiteexplorer.org/dotbot; help@moz.com)"
198.54.114.83 - - [07/Apr/2025:23:37:53 -0400] "POST /wp-cron.php?doing_wp_cron=1744083471.8119339942932128906250 HTTP/1.1" 200 0 "-" "WordPress/6.7.2; https://bakingsecurityin.com"
62.169.20.37 - - [07/Apr/2025:23:43:45 -0400] "POST /xmlrpc.php HTTP/1.1" 200 236 "-" "Mozilla/5.0 (X11; Fedora; Linux x86_64; rv:94.0) Gecko/20100101 Firefox/95.0"
198.54.114.83 - - [07/Apr/2025:23:46:12 -0400] "POST /wp-cron.php?doing_wp_cron=1744083970.6853849887847900390625 HTTP/1.1" 200 0 "-" "WordPress/6.7.2; https://bakingsecurityin.com"
104.43.93.163 - - [07/Apr/2025:23:46:10 -0400] "POST /xmlrpc.php HTTP/1.1" 200 212 "http://bakingsecurityin.com" "Mozilla/5.0 (Macintosh; Intel Mac OS X 10_15_7; rv:127.0) Gecko/20100101 Firefox/127.0"
198.54.114.83 - - [07/Apr/2025:23:59:33 -0400] "POST /wp-cron.php?doing_wp_cron=1744084772.2233879566192626953125 HTTP/1.1" 200 0 "-" "WordPress/6.7.2; https://bakingsecurityin.com"
51.222.110.187 - - [07/Apr/2025:23:59:31 -0400] "POST /xmlrpc.php HTTP/1.1" 200 212 "http://bakingsecurityin.com" "Mozilla/5.0 (Windows NT 10.0; Win64; x64) AppleWebKit/537.36 (KHTML, like Gecko) Chrome/116.0.5845.96 Safari/537.36"
82.156.199.117 - - [08/Apr/2025:00:12:56 -0400] "POST /xmlrpc.php HTTP/1.1" 200 212 "http://bakingsecurityin.com" "Mozilla/5.0 (Macintosh; Intel Mac OS X 10_15_7) AppleWebKit/537.36 (KHTML, like Gecko) Chrome/113.0.5672.93 Safari/537.36"
216.244.66.236 - - [08/Apr/2025:00:15:45 -0400] "GET /robots.txt HTTP/1.1" 304 0 "-" "Mozilla/5.0 (compatible; DotBot/1.2; +https://opensiteexplorer.org/dotbot; help@moz.com)"
198.54.114.83 - - [08/Apr/2025:00:20:15 -0400] "POST /wp-cron.php?doing_wp_cron=1744086015.0655078887939453125000 HTTP/1.1" 200 0 "-" "WordPress/6.7.2; https://bakingsecurityin.com"
103.159.239.202 - - [08/Apr/2025:00:20:14 -0400] "POST /xmlrpc.php HTTP/1.1" 200 236 "-" "Mozilla/5.0 (X11; Fedora; Linux x86_64; rv:94.0) Gecko/20100101 Firefox/95.0"
13.72.65.189 - - [08/Apr/2025:00:22:07 -0400] "GET /erin1.PhP7 HTTP/1.1" 404 0 "-" "-"
13.72.65.189 - - [08/Apr/2025:00:22:10 -0400] "GET /wp-admin/network/xmrlpc.php HTTP/1.1" 404 0 "-" "-"
13.72.65.189 - - [08/Apr/2025:00:22:12 -0400] "GET /.well-known/acme-challenge/fond.php HTTP/1.1" 404 0 "-" "-"
13.72.65.189 - - [08/Apr/2025:00:22:15 -0400] "GET /wp-includes/css/dist/widgets/ HTTP/1.1" 403 1242 "-" "-"
13.72.65.189 - - [08/Apr/2025:00:22:17 -0400] "GET /assets/app.php HTTP/1.1" 404 0 "-" "-"
13.72.65.189 - - [08/Apr/2025:00:22:19 -0400] "GET /profile.php HTTP/1.1" 404 0 "-" "-"
13.72.65.189 - - [08/Apr/2025:00:22:21 -0400] "GET /wp-admin/ccx/ HTTP/1.1" 404 0 "-" "-"
13.72.65.189 - - [08/Apr/2025:00:22:25 -0400] "GET /wp-content/plugins/wp-theme-editor/include.php HTTP/1.1" 404 0 "-" "-"
13.72.65.189 - - [08/Apr/2025:00:22:28 -0400] "GET /makeasmtp.php HTTP/1.1" 404 0 "-" "-"
13.72.65.189 - - [08/Apr/2025:00:22:31 -0400] "GET /navigation.php HTTP/1.1" 404 0 "-" "-"
13.72.65.189 - - [08/Apr/2025:00:22:34 -0400] "GET /wp-includes/ID3/berlin.php HTTP/1.1" 404 0 "-" "-"
13.72.65.189 - - [08/Apr/2025:00:22:36 -0400] "GET /wp-content/themes/ HTTP/1.1" 200 0 "-" "-"
13.72.65.189 - - [08/Apr/2025:00:22:38 -0400] "GET /wp-admin/css/colors/blue/blkhfvco.php HTTP/1.1" 404 0 "-" "-"
13.72.65.189 - - [08/Apr/2025:00:22:40 -0400] "GET /wp-content/uploads/gfwisone.php HTTP/1.1" 404 0 "-" "-"
13.72.65.189 - - [08/Apr/2025:00:22:43 -0400] "GET /token.php HTTP/1.1" 404 0 "-" "-"
13.72.65.189 - - [08/Apr/2025:00:22:44 -0400] "GET /sidebar.php HTTP/1.1" 404 0 "-" "-"
13.72.65.189 - - [08/Apr/2025:00:22:46 -0400] "GET /wp-includes/l10n/ HTTP/1.1" 403 1242 "-" "-"
13.72.65.189 - - [08/Apr/2025:00:22:48 -0400] "GET /wp-content/plugins/lsxvhpg/ HTTP/1.1" 404 0 "-" "-"
13.72.65.189 - - [08/Apr/2025:00:22:49 -0400] "GET /services.php HTTP/1.1" 404 0 "-" "-"
13.72.65.189 - - [08/Apr/2025:00:22:50 -0400] "GET /wp-includes/certificates/about.php HTTP/1.1" 404 0 "-" "-"
198.54.114.83 - - [08/Apr/2025:00:22:52 -0400] "POST /wp-cron.php?doing_wp_cron=1744086170.9052889347076416015625 HTTP/1.1" 200 0 "-" "WordPress/6.7.2; https://bakingsecurityin.com"
13.72.65.189 - - [08/Apr/2025:00:22:54 -0400] "GET /wp-admin/maint/wp-login.php HTTP/1.1" 404 0 "-" "-"
13.72.65.189 - - [08/Apr/2025:00:22:55 -0400] "GET /css/cloud.php HTTP/1.1" 404 0 "-" "-"
13.72.65.189 - - [08/Apr/2025:00:22:56 -0400] "GET /indeex.php HTTP/1.1" 404 0 "-" "-"
13.72.65.189 - - [08/Apr/2025:00:22:58 -0400] "GET /assets/fonts/admin.php HTTP/1.1" 404 0 "-" "-"
13.72.65.189 - - [08/Apr/2025:00:23:00 -0400] "GET /header.php HTTP/1.1" 404 0 "-" "-"
13.72.65.189 - - [08/Apr/2025:00:23:02 -0400] "GET /12.php HTTP/1.1" 404 0 "-" "-"
13.72.65.189 - - [08/Apr/2025:00:23:05 -0400] "GET /wp-includes/language/ HTTP/1.1" 404 0 "-" "-"
13.72.65.189 - - [08/Apr/2025:00:23:07 -0400] "GET /wp-includes/js/tinymce/plugins/fullscreen/ HTTP/1.1" 403 1242 "-" "-"
13.72.65.189 - - [08/Apr/2025:00:23:08 -0400] "GET /wp-includes/random_compat/ HTTP/1.1" 404 0 "-" "-"
13.72.65.189 - - [08/Apr/2025:00:23:09 -0400] "GET /mini.php HTTP/1.1" 404 0 "-" "-"
13.72.65.189 - - [08/Apr/2025:00:23:11 -0400] "GET /wp-apxupx.php?apx=upx HTTP/1.1" 404 0 "-" "-"
13.72.65.189 - - [08/Apr/2025:00:23:13 -0400] "GET /wp-includes/PHPMailer/autoload_classmap.php HTTP/1.1" 404 0 "-" "-"
13.72.65.189 - - [08/Apr/2025:00:23:14 -0400] "GET /cron_job.php HTTP/1.1" 404 0 "-" "-"
13.72.65.189 - - [08/Apr/2025:00:23:16 -0400] "GET /images/headers/ HTTP/1.1" 404 0 "-" "-"
13.72.65.189 - - [08/Apr/2025:00:23:17 -0400] "GET /wp-blog-header.php HTTP/1.1" 404 0 "-" "-"
13.72.65.189 - - [08/Apr/2025:00:23:18 -0400] "GET /wp-includes/css/about.php7 HTTP/1.1" 404 0 "-" "-"
13.72.65.189 - - [08/Apr/2025:00:23:19 -0400] "GET /wp-content/themes/newstoday/ HTTP/1.1" 404 0 "-" "-"
13.72.65.189 - - [08/Apr/2025:00:23:21 -0400] "GET /content.php HTTP/1.1" 404 0 "-" "-"
13.72.65.189 - - [08/Apr/2025:00:23:23 -0400] "GET /predeploy.php HTTP/1.1" 404 0 "-" "-"
13.72.65.189 - - [08/Apr/2025:00:23:24 -0400] "GET /wp-admin/themes/index HTTP/1.1" 404 0 "-" "-"
13.72.65.189 - - [08/Apr/2025:00:23:25 -0400] "GET /wp-includes//wp-includes/admin-bar.php HTTP/1.1" 301 0 "-" "-"
13.72.65.189 - - [08/Apr/2025:00:23:27 -0400] "GET /wp-includes/wp-includes/admin-bar.php HTTP/1.1" 404 0 "-" "-"
13.72.65.189 - - [08/Apr/2025:00:23:31 -0400] "GET /wp-content/languages/ HTTP/1.1" 404 0 "-" "-"
13.72.65.189 - - [08/Apr/2025:00:23:33 -0400] "GET /batm.php HTTP/1.1" 404 0 "-" "-"
13.72.65.189 - - [08/Apr/2025:00:23:35 -0400] "GET /wp-admin/atomlib.php HTTP/1.1" 404 0 "-" "-"
13.72.65.189 - - [08/Apr/2025:00:23:37 -0400] "GET /wp-admin/user/about.php HTTP/1.1" 302 0 "-" "-"
13.72.65.189 - - [08/Apr/2025:00:23:45 -0400] "GET /wp-admin/dropdown.php HTTP/1.1" 404 0 "-" "-"
13.72.65.189 - - [08/Apr/2025:00:23:47 -0400] "GET /back.php HTTP/1.1" 404 0 "-" "-"
13.72.65.189 - - [08/Apr/2025:00:23:49 -0400] "GET /upload/ HTTP/1.1" 404 0 "-" "-"
13.72.65.189 - - [08/Apr/2025:00:23:52 -0400] "GET /index.php HTTP/1.1" 301 0 "-" "-"
13.72.65.189 - - [08/Apr/2025:00:23:54 -0400] "GET / HTTP/1.1" 200 0 "-" "-"
198.54.114.83 - - [08/Apr/2025:00:23:56 -0400] "POST /wp-cron.php?doing_wp_cron=1744086234.9606668949127197265625 HTTP/1.1" 200 0 "-" "WordPress/6.7.2; https://bakingsecurityin.com"
13.72.65.189 - - [08/Apr/2025:00:23:58 -0400] "GET /favicon.php HTTP/1.1" 404 0 "-" "-"
13.72.65.189 - - [08/Apr/2025:00:24:02 -0400] "GET /alfanew.php7 HTTP/1.1" 404 0 "-" "-"
13.72.65.189 - - [08/Apr/2025:00:24:06 -0400] "GET /ioxi001.PhP7 HTTP/1.1" 404 0 "-" "-"
13.72.65.189 - - [08/Apr/2025:00:24:10 -0400] "GET /wp-includes/pomo/autoload_classmap.php HTTP/1.1" 404 0 "-" "-"
13.72.65.189 - - [08/Apr/2025:00:24:14 -0400] "GET /bak.php HTTP/1.1" 404 0 "-" "-"
13.72.65.189 - - [08/Apr/2025:00:24:18 -0400] "GET /wp-includes/luuf.php HTTP/1.1" 404 0 "-" "-"
13.72.65.189 - - [08/Apr/2025:00:24:21 -0400] "GET /lock.php HTTP/1.1" 404 0 "-" "-"
13.72.65.189 - - [08/Apr/2025:00:24:24 -0400] "GET /wp-admin/css/colors/coffee/ HTTP/1.1" 403 1242 "-" "-"
13.72.65.189 - - [08/Apr/2025:00:24:27 -0400] "GET /wp-content/plugins/css-ready-sel/ HTTP/1.1" 404 0 "-" "-"
13.72.65.189 - - [08/Apr/2025:00:24:30 -0400] "GET /.well-known/acme-challenge/content.php HTTP/1.1" 404 0 "-" "-"
13.72.65.189 - - [08/Apr/2025:00:24:33 -0400] "GET /wp-admin/css/colors/coffee/cloud.php HTTP/1.1" 404 0 "-" "-"
13.72.65.189 - - [08/Apr/2025:00:24:36 -0400] "GET /wp-includes.bak/html-api/about.php HTTP/1.1" 404 0 "-" "-"
13.72.65.189 - - [08/Apr/2025:00:24:40 -0400] "GET /wp-includes/images/media/ HTTP/1.1" 403 1242 "-" "-"
13.72.65.189 - - [08/Apr/2025:00:24:43 -0400] "GET /wp-content/plugins/html404/ HTTP/1.1" 404 0 "-" "-"
13.72.65.189 - - [08/Apr/2025:00:24:46 -0400] "GET /wp-configs.php HTTP/1.1" 404 0 "-" "-"
13.72.65.189 - - [08/Apr/2025:00:24:50 -0400] "GET /users.php HTTP/1.1" 404 0 "-" "-"
13.72.65.189 - - [08/Apr/2025:00:24:53 -0400] "GET /wp-content/themes/h47vbpo2/ HTTP/1.1" 404 0 "-" "-"
13.72.65.189 - - [08/Apr/2025:00:24:55 -0400] "GET /wp-includes/Text/Diff/Engine/ftp_rmdir.php HTTP/1.1" 404 0 "-" "-"
198.54.114.83 - - [08/Apr/2025:00:24:59 -0400] "POST /wp-cron.php?doing_wp_cron=1744086295.8393681049346923828125 HTTP/1.1" 200 0 "-" "WordPress/6.7.2; https://bakingsecurityin.com"
13.72.65.189 - - [08/Apr/2025:00:25:00 -0400] "GET /system_log.php HTTP/1.1" 404 0 "-" "-"
13.72.65.189 - - [08/Apr/2025:00:25:05 -0400] "GET /wp-content/uploads/index.php HTTP/1.1" 301 0 "-" "-"
13.72.65.189 - - [08/Apr/2025:00:25:08 -0400] "GET /wp-content/uploads/ HTTP/1.1" 403 1242 "-" "-"
13.72.65.189 - - [08/Apr/2025:00:25:11 -0400] "GET /wp-includes/css/dist/block-library/alfa-rex.php HTTP/1.1" 404 0 "-" "-"
13.72.65.189 - - [08/Apr/2025:00:25:15 -0400] "GET /wp-includes/ID3/autoload_classmap.php HTTP/1.1" 404 0 "-" "-"
13.72.65.189 - - [08/Apr/2025:00:25:17 -0400] "GET /wp-content/plugins/vheezid/ HTTP/1.1" 404 0 "-" "-"
13.72.65.189 - - [08/Apr/2025:00:25:21 -0400] "GET /wp-content/uploads/wpr-addons/forms/ HTTP/1.1" 404 0 "-" "-"
13.72.65.189 - - [08/Apr/2025:00:25:24 -0400] "GET /wp-includes.bak/html-api/ HTTP/1.1" 404 0 "-" "-"
13.72.65.189 - - [08/Apr/2025:00:25:27 -0400] "GET /jindex.php HTTP/1.1" 404 0 "-" "-"
13.72.65.189 - - [08/Apr/2025:00:25:30 -0400] "GET /wp-content/updraft/about.php HTTP/1.1" 404 0 "-" "-"
13.72.65.189 - - [08/Apr/2025:00:25:35 -0400] "GET /wp-content/plugins/npqzdpk/ HTTP/1.1" 404 0 "-" "-"
13.72.65.189 - - [08/Apr/2025:00:25:38 -0400] "GET /wp-content/plugins/fix/up.php HTTP/1.1" 404 0 "-" "-"
13.72.65.189 - - [08/Apr/2025:00:25:41 -0400] "GET /bitrix/js/seo/ads/client_selector/lang/ru/ HTTP/1.1" 404 0 "-" "-"
13.72.65.189 - - [08/Apr/2025:00:25:44 -0400] "GET /blog/wp-content/plugins/ubh/up.php HTTP/1.1" 404 0 "-" "-"
13.72.65.189 - - [08/Apr/2025:00:25:47 -0400] "GET /status.php HTTP/1.1" 404 0 "-" "-"
13.72.65.189 - - [08/Apr/2025:00:25:50 -0400] "GET /email.php HTTP/1.1" 404 0 "-" "-"
13.72.65.189 - - [08/Apr/2025:00:25:52 -0400] "GET /maintenance/ HTTP/1.1" 404 0 "-" "-"
198.54.114.83 - - [08/Apr/2025:00:25:57 -0400] "POST /wp-cron.php?doing_wp_cron=1744086356.2004239559173583984375 HTTP/1.1" 200 0 "-" "WordPress/6.7.2; https://bakingsecurityin.com"
13.72.65.189 - - [08/Apr/2025:00:25:56 -0400] "GET /wp-includes/class-controller-theme-comment.php HTTP/1.1" 404 0 "-" "-"
13.72.65.189 - - [08/Apr/2025:00:25:58 -0400] "GET /wp-includes/pomo/yellow.php HTTP/1.1" 404 0 "-" "-"
13.72.65.189 - - [08/Apr/2025:00:26:00 -0400] "GET /wp-content/plugins/classic-editor/ HTTP/1.1" 404 0 "-" "-"
13.72.65.189 - - [08/Apr/2025:00:26:02 -0400] "GET /wp-includes/about.php HTTP/1.1" 404 0 "-" "-"
13.72.65.189 - - [08/Apr/2025:00:26:04 -0400] "GET /wp-includes/repeater.php HTTP/1.1" 404 0 "-" "-"
13.72.65.189 - - [08/Apr/2025:00:26:06 -0400] "GET /.well-known/content.php HTTP/1.1" 404 0 "-" "-"
13.72.65.189 - - [08/Apr/2025:00:26:09 -0400] "GET /wp-admin/setup-config.php HTTP/1.1" 409 1222 "-" "-"
192.99.19.65 - - [08/Apr/2025:00:26:09 -0400] "POST /xmlrpc.php HTTP/1.1" 200 212 "http://bakingsecurityin.com" "Mozilla/5.0 (Macintosh; Intel Mac OS X 10.15; rv:126.0) Gecko/20100101 Firefox/126.0"
198.54.114.83 - - [08/Apr/2025:00:26:10 -0400] "POST /wp-cron.php?doing_wp_cron=1744086369.1920349597930908203125 HTTP/1.1" 200 0 "-" "WordPress/6.7.2; https://bakingsecurityin.com"
13.72.65.189 - - [08/Apr/2025:00:26:10 -0400] "GET /chosen HTTP/1.1" 404 0 "-" "-"
13.72.65.189 - - [08/Apr/2025:00:26:13 -0400] "GET /priv8.php HTTP/1.1" 404 0 "-" "-"
13.72.65.189 - - [08/Apr/2025:00:26:14 -0400] "GET /cong.php HTTP/1.1" 404 0 "-" "-"
13.72.65.189 - - [08/Apr/2025:00:26:17 -0400] "GET /.well-known/kwggvpup.php HTTP/1.1" 404 0 "-" "-"
13.72.65.189 - - [08/Apr/2025:00:26:18 -0400] "GET /wp-content/plugins/widget-logic/ui.php HTTP/1.1" 404 0 "-" "-"
13.72.65.189 - - [08/Apr/2025:00:26:20 -0400] "GET /configure.php HTTP/1.1" 404 0 "-" "-"
13.72.65.189 - - [08/Apr/2025:00:26:22 -0400] "GET /wp-content/plugins/qufeaoy/ HTTP/1.1" 404 0 "-" "-"
13.72.65.189 - - [08/Apr/2025:00:26:25 -0400] "GET /.well-known/pki-validation/iR7SzrsOUEP.php HTTP/1.1" 404 1251 "-" "-"
13.72.65.189 - - [08/Apr/2025:00:26:27 -0400] "GET /assets/cms/plugins/ckfinder/_samples/php/ HTTP/1.1" 404 0 "-" "-"
13.72.65.189 - - [08/Apr/2025:00:26:30 -0400] "GET /wp-includes/html-api/ HTTP/1.1" 403 1242 "-" "-"
13.72.65.189 - - [08/Apr/2025:00:26:31 -0400] "GET /wp-includes/js/tinymce/skins/lightgray/img/ HTTP/1.1" 403 1242 "-" "-"
13.72.65.189 - - [08/Apr/2025:00:26:33 -0400] "GET /credits.php HTTP/1.1" 404 0 "-" "-"
13.72.65.189 - - [08/Apr/2025:00:26:36 -0400] "GET /.well-known/acme-challenge/classsmtps.php HTTP/1.1" 404 0 "-" "-"
13.72.65.189 - - [08/Apr/2025:00:26:39 -0400] "GET /wp-admin/sx.php HTTP/1.1" 404 0 "-" "-"
13.72.65.189 - - [08/Apr/2025:00:26:41 -0400] "GET /log.php HTTP/1.1" 404 0 "-" "-"
13.72.65.189 - - [08/Apr/2025:00:26:44 -0400] "GET /wp-includes/qw.php HTTP/1.1" 404 0 "-" "-"
13.72.65.189 - - [08/Apr/2025:00:26:46 -0400] "GET /wp-content/plugins/sfdfryt/ HTTP/1.1" 404 0 "-" "-"
13.72.65.189 - - [08/Apr/2025:00:26:49 -0400] "GET /wp-includes/css/dist/edit-widgets/ HTTP/1.1" 403 1242 "-" "-"
13.72.65.189 - - [08/Apr/2025:00:26:51 -0400] "GET /auth.php HTTP/1.1" 404 0 "-" "-"
13.72.65.189 - - [08/Apr/2025:00:26:53 -0400] "GET /wp-content/plugins/ubh/1.php HTTP/1.1" 404 0 "-" "-"
13.72.65.189 - - [08/Apr/2025:00:26:56 -0400] "GET /wp-includes/ID3/classwithtostring.php HTTP/1.1" 404 0 "-" "-"
13.72.65.189 - - [08/Apr/2025:00:26:58 -0400] "GET /wp-content/plugins/seoo/wsoyanz.php HTTP/1.1" 404 0 "-" "-"
13.72.65.189 - - [08/Apr/2025:00:27:00 -0400] "GET /pi.php HTTP/1.1" 404 0 "-" "-"
13.72.65.189 - - [08/Apr/2025:00:27:02 -0400] "GET /wp-admin/css/colors/sunrise/ HTTP/1.1" 403 1242 "-" "-"
13.72.65.189 - - [08/Apr/2025:00:27:04 -0400] "GET /wp-content/uploads/2018/03/ab.php HTTP/1.1" 404 0 "-" "-"
216.244.66.236 - - [08/Apr/2025:00:27:05 -0400] "GET /buying-followers-on-tiktok/ HTTP/1.1" 200 0 "-" "Mozilla/5.0 (compatible; DotBot/1.2; +https://opensiteexplorer.org/dotbot; help@moz.com)"
13.72.65.189 - - [08/Apr/2025:00:27:06 -0400] "GET /new/transjule.php HTTP/1.1" 404 0 "-" "-"
13.72.65.189 - - [08/Apr/2025:00:27:08 -0400] "GET /wp-content/plugins/background-image-cropper/tmpls.php HTTP/1.1" 404 0 "-" "-"
13.72.65.189 - - [08/Apr/2025:00:27:10 -0400] "GET /wp-content/plugins/blwrume/ HTTP/1.1" 404 0 "-" "-"
198.54.114.83 - - [08/Apr/2025:00:27:12 -0400] "POST /wp-cron.php?doing_wp_cron=1744086430.7017099857330322265625 HTTP/1.1" 200 0 "-" "WordPress/6.7.2; https://bakingsecurityin.com"
13.72.65.189 - - [08/Apr/2025:00:27:13 -0400] "GET /.well-known/autoload_classmap.php HTTP/1.1" 404 0 "-" "-"
13.72.65.189 - - [08/Apr/2025:00:27:15 -0400] "GET /alfa-rex.php8 HTTP/1.1" 404 0 "-" "-"
13.72.65.189 - - [08/Apr/2025:00:27:17 -0400] "GET /wp-content/uploads/error_log.php HTTP/1.1" 404 0 "-" "-"
13.72.65.189 - - [08/Apr/2025:00:27:19 -0400] "GET /wp-includes/PHPMailer/upfile_(2).php HTTP/1.1" 404 0 "-" "-"
13.72.65.189 - - [08/Apr/2025:00:27:23 -0400] "GET /wp-content/languages/index.php HTTP/1.1" 301 0 "-" "-"
216.244.66.236 - - [08/Apr/2025:00:27:23 -0400] "GET /die-faszination-von-videoanimationen/ HTTP/1.1" 200 0 "-" "Mozilla/5.0 (compatible; DotBot/1.2; +https://opensiteexplorer.org/dotbot; help@moz.com)"
13.72.65.189 - - [08/Apr/2025:00:27:26 -0400] "GET /wp-content/languages/ HTTP/1.1" 404 0 "-" "-"
13.72.65.189 - - [08/Apr/2025:00:27:28 -0400] "GET /wp-includes/theme-compat/ HTTP/1.1" 403 1242 "-" "-"
13.72.65.189 - - [08/Apr/2025:00:27:31 -0400] "GET /jquery.php HTTP/1.1" 404 0 "-" "-"
13.72.65.189 - - [08/Apr/2025:00:27:34 -0400] "GET /wp-admin/user/cloud.php HTTP/1.1" 404 0 "-" "-"
13.72.65.189 - - [08/Apr/2025:00:27:37 -0400] "GET /wp-admin/uploads/init HTTP/1.1" 404 0 "-" "-"
13.72.65.189 - - [08/Apr/2025:00:27:40 -0400] "GET /wp-admin/css/colors/blue/blkqvmih.php HTTP/1.1" 404 0 "-" "-"
13.72.65.189 - - [08/Apr/2025:00:27:44 -0400] "GET /wp-content/uploads/ HTTP/1.1" 403 1242 "-" "-"
13.72.65.189 - - [08/Apr/2025:00:27:47 -0400] "GET /audit.php HTTP/1.1" 404 0 "-" "-"
13.72.65.189 - - [08/Apr/2025:00:27:49 -0400] "GET /wp-content/themes/pridmag/1.php HTTP/1.1" 404 0 "-" "-"
13.72.65.189 - - [08/Apr/2025:00:27:52 -0400] "GET /unix.php HTTP/1.1" 404 0 "-" "-"
13.72.65.189 - - [08/Apr/2025:00:27:54 -0400] "GET /wp-includes_old/Requests/Cookie/ HTTP/1.1" 404 0 "-" "-"
13.72.65.189 - - [08/Apr/2025:00:27:56 -0400] "GET /upload/info/ HTTP/1.1" 404 0 "-" "-"
13.72.65.189 - - [08/Apr/2025:00:27:59 -0400] "GET /wp-content/plugins/core-plugin/smaxx.php HTTP/1.1" 404 0 "-" "-"
13.72.65.189 - - [08/Apr/2025:00:28:01 -0400] "GET /uploads/files/merchants/NadeemHajouj/20190321194634/ HTTP/1.1" 404 0 "-" "-"
13.72.65.189 - - [08/Apr/2025:00:28:03 -0400] "GET /wp-content/plugins/fix/sx.php HTTP/1.1" 404 0 "-" "-"
13.72.65.189 - - [08/Apr/2025:00:28:05 -0400] "GET /wp-content/plugins/ygdfcil/ HTTP/1.1" 404 0 "-" "-"
13.72.65.189 - - [08/Apr/2025:00:28:06 -0400] "GET /wp-includes/certificates/cloud.php HTTP/1.1" 404 0 "-" "-"
13.72.65.189 - - [08/Apr/2025:00:28:08 -0400] "GET /certificates/ HTTP/1.1" 404 0 "-" "-"
13.72.65.189 - - [08/Apr/2025:00:28:10 -0400] "GET /wp-includes/widgets/index.php HTTP/1.1" 301 0 "-" "-"
198.54.114.83 - - [08/Apr/2025:00:28:12 -0400] "POST /wp-cron.php?doing_wp_cron=1744086491.1898870468139648437500 HTTP/1.1" 200 0 "-" "WordPress/6.7.2; https://bakingsecurityin.com"
13.72.65.189 - - [08/Apr/2025:00:28:14 -0400] "GET /wp-includes/widgets/ HTTP/1.1" 403 1242 "-" "-"
13.72.65.189 - - [08/Apr/2025:00:28:16 -0400] "GET /moded.php HTTP/1.1" 404 0 "-" "-"
13.72.65.189 - - [08/Apr/2025:00:28:20 -0400] "GET /wp-content/uploads/about.php HTTP/1.1" 404 0 "-" "-"
13.72.65.189 - - [08/Apr/2025:00:28:23 -0400] "GET /wp-content/plugins/zgtzwun/ HTTP/1.1" 404 0 "-" "-"
216.244.66.236 - - [08/Apr/2025:00:28:25 -0400] "GET /a-modern-oasis-in-the-heart-of-the-city/feed/ HTTP/1.1" 200 447 "-" "Mozilla/5.0 (compatible; DotBot/1.2; +https://opensiteexplorer.org/dotbot; help@moz.com)"
13.72.65.189 - - [08/Apr/2025:00:28:27 -0400] "GET /wp-content/themes/index.php HTTP/1.1" 200 0 "-" "-"
13.72.65.189 - - [08/Apr/2025:00:28:28 -0400] "GET /wp-includes/css/dist/components/ HTTP/1.1" 403 1242 "-" "-"
13.72.65.189 - - [08/Apr/2025:00:28:31 -0400] "GET /wp-content/updraft/ HTTP/1.1" 404 0 "-" "-"
13.72.65.189 - - [08/Apr/2025:00:28:34 -0400] "GET /gif.php HTTP/1.1" 404 0 "-" "-"
13.72.65.189 - - [08/Apr/2025:00:28:37 -0400] "GET /locale.php HTTP/1.1" 404 0 "-" "-"
13.72.65.189 - - [08/Apr/2025:00:28:39 -0400] "GET /wp-content/plugins/smelzou/ HTTP/1.1" 404 0 "-" "-"
13.72.65.189 - - [08/Apr/2025:00:28:42 -0400] "GET /mail_logs.php HTTP/1.1" 404 0 "-" "-"
13.72.65.189 - - [08/Apr/2025:00:28:44 -0400] "GET /nav-menus.php HTTP/1.1" 404 0 "-" "-"
13.72.65.189 - - [08/Apr/2025:00:28:47 -0400] "GET /wp-includes/blocks/post-author/ HTTP/1.1" 403 1242 "-" "-"
13.72.65.189 - - [08/Apr/2025:00:28:50 -0400] "GET /editor.php HTTP/1.1" 404 0 "-" "-"
13.72.65.189 - - [08/Apr/2025:00:28:54 -0400] "GET /GOD.php HTTP/1.1" 404 0 "-" "-"
13.72.65.189 - - [08/Apr/2025:00:28:57 -0400] "GET /index/function.php HTTP/1.1" 404 0 "-" "-"
13.72.65.189 - - [08/Apr/2025:00:29:01 -0400] "GET /wp-content/upgrade/index.php HTTP/1.1" 301 0 "-" "-"
13.72.65.189 - - [08/Apr/2025:00:29:03 -0400] "GET /wp-content/upgrade/ HTTP/1.1" 403 1242 "-" "-"
13.72.65.189 - - [08/Apr/2025:00:29:06 -0400] "GET /wp-includes/blocks/term-description/ HTTP/1.1" 403 1242 "-" "-"
198.54.114.83 - - [08/Apr/2025:00:29:11 -0400] "POST /wp-cron.php?doing_wp_cron=1744086549.9600019454956054687500 HTTP/1.1" 200 0 "-" "WordPress/6.7.2; https://bakingsecurityin.com"
