91.201.113.132 - - [31/Mar/2025:11:16:20 -0400] "GET /the-growing-popularity-of-online-casinos/ HTTP/1.1" 200 0 "http://bakingsecurityin.com/the-growing-popularity-of-online-casinos/" "Mozilla/5.0 (Windows NT 10.0; Win64; x64) AppleWebKit/537.36 (KHTML, like Gecko) Chrome/130.0.0.0 Safari/537.36"
198.54.114.83 - - [31/Mar/2025:11:16:21 -0400] "POST /wp-cron.php?doing_wp_cron=1743434180.9208230972290039062500 HTTP/1.1" 200 0 "-" "WordPress/6.7.2; https://bakingsecurityin.com"
91.201.113.132 - - [31/Mar/2025:11:16:20 -0400] "GET / HTTP/1.1" 200 0 "http://bakingsecurityin.com/" "Mozilla/5.0 (Windows NT 10.0; Win64; x64) AppleWebKit/537.36 (KHTML, like Gecko) Chrome/130.0.0.0 Safari/537.36"
216.244.66.236 - - [31/Mar/2025:11:20:31 -0400] "GET /robots.txt HTTP/1.1" 304 0 "-" "Mozilla/5.0 (compatible; DotBot/1.2; +https://opensiteexplorer.org/dotbot; help@moz.com)"
198.54.114.83 - - [31/Mar/2025:11:23:21 -0400] "POST /wp-cron.php?doing_wp_cron=1743434600.9178190231323242187500 HTTP/1.1" 200 0 "-" "WordPress/6.7.2; https://bakingsecurityin.com"
198.54.120.17 - - [31/Mar/2025:11:23:18 -0400] "POST /xmlrpc.php HTTP/1.1" 200 212 "http://bakingsecurityin.com" "Mozilla/5.0 (Macintosh; Intel Mac OS X 10_15_7; rv:129.0) Gecko/20100101 Firefox/129.0"
198.54.114.83 - - [31/Mar/2025:11:27:08 -0400] "POST /wp-cron.php?doing_wp_cron=1743434828.6339609622955322265625 HTTP/1.1" 200 0 "-" "WordPress/6.7.2; https://bakingsecurityin.com"
18.237.35.241 - - [31/Mar/2025:11:27:08 -0400] "GET / HTTP/1.1" 200 0 "-" "Mozilla/5.0 (Macintosh; Intel Mac OS X 10_15_7) AppleWebKit/537.36 (KHTML, like Gecko) Chrome/113.0.0.0 Safari/537.36"
216.244.66.236 - - [31/Mar/2025:11:30:01 -0400] "GET /vintage-persian-rugs HTTP/1.1" 301 0 "-" "Mozilla/5.0 (compatible; DotBot/1.2; +https://opensiteexplorer.org/dotbot; help@moz.com)"
198.54.114.83 - - [31/Mar/2025:11:30:59 -0400] "POST /wp-cron.php?doing_wp_cron=1743435058.4334180355072021484375 HTTP/1.1" 200 0 "-" "WordPress/6.7.2; https://bakingsecurityin.com"
216.244.66.236 - - [31/Mar/2025:11:30:57 -0400] "GET /a-peek-into-the-financial-chronicles-of-a-budget-conscious-individual/feed/ HTTP/1.1" 200 480 "-" "Mozilla/5.0 (compatible; DotBot/1.2; +https://opensiteexplorer.org/dotbot; help@moz.com)"
216.244.66.236 - - [31/Mar/2025:11:31:12 -0400] "GET /a-glimpse-into-luxury-living-exploring-the-arden-showflat/ HTTP/1.1" 200 0 "-" "Mozilla/5.0 (compatible; DotBot/1.2; +https://opensiteexplorer.org/dotbot; help@moz.com)"
198.54.114.83 - - [31/Mar/2025:11:36:32 -0400] "POST /wp-cron.php?doing_wp_cron=1743435391.9407470226287841796875 HTTP/1.1" 200 0 "-" "WordPress/6.7.2; https://bakingsecurityin.com"
91.238.162.8 - - [31/Mar/2025:11:36:29 -0400] "POST /xmlrpc.php HTTP/1.1" 200 212 "http://bakingsecurityin.com" "Mozilla/5.0 (Windows NT 10.0; Win64; x64) AppleWebKit/537.36 (KHTML, like Gecko) Chrome/112.0.5615.138 Safari/537.36"
198.54.114.83 - - [31/Mar/2025:11:38:01 -0400] "POST /wp-cron.php?doing_wp_cron=1743435481.4234430789947509765625 HTTP/1.1" 200 0 "-" "WordPress/6.7.2; https://bakingsecurityin.com"
104.207.60.168 - - [31/Mar/2025:11:38:00 -0400] "GET /vendor/phpunit/phpunit/LICENSE HTTP/1.1" 404 0 "-" "Mozilla/5.0 (Windows NT 10.0; Win64; x64) AppleWebKit/537.36 (KHTML, like Gecko) Chrome/106.0.0.0 Safari/537.36"
104.207.60.168 - - [31/Mar/2025:11:38:04 -0400] "GET /vendor/phpunit/phpunit/src/Util/PHP/ HTTP/1.1" 404 0 "-" "Mozilla/5.0 (Windows NT 10.0; Win64; x64) AppleWebKit/537.36 (KHTML, like Gecko) Chrome/106.0.0.0 Safari/537.36"
104.207.60.168 - - [31/Mar/2025:11:38:05 -0400] "GET /wp-login.php HTTP/1.1" 302 0 "-" "Mozilla/5.0 (Windows NT 10.0; Win64; x64) AppleWebKit/537.36 (KHTML, like Gecko) Chrome/106.0.0.0 Safari/537.36"
198.54.114.83 - - [31/Mar/2025:11:49:45 -0400] "POST /wp-cron.php?doing_wp_cron=1743436185.5729019641876220703125 HTTP/1.1" 200 0 "-" "WordPress/6.7.2; https://bakingsecurityin.com"
148.72.126.119 - - [31/Mar/2025:11:49:44 -0400] "POST /xmlrpc.php HTTP/1.1" 200 212 "http://bakingsecurityin.com" "Mozilla/5.0 (Macintosh; Intel Mac OS X 10_15_7) AppleWebKit/537.36 (KHTML, like Gecko) Chrome/126.0.0.0 Safari/537.36"
85.208.98.23 - - [31/Mar/2025:11:55:34 -0400] "GET /robots.txt HTTP/1.1" 200 116 "-" "Mozilla/5.0 (compatible; SemrushBot-BA; +http://www.semrush.com/bot.html)"
37.187.26.72 - - [31/Mar/2025:12:03:03 -0400] "POST /xmlrpc.php HTTP/1.1" 200 212 "http://bakingsecurityin.com" "Mozilla/5.0 (Macintosh; Intel Mac OS X 10_15_7; rv:126.0) Gecko/20100101 Firefox/126.0"
198.54.114.83 - - [31/Mar/2025:12:04:01 -0400] "POST /wp-cron.php?doing_wp_cron=1743437040.9649300575256347656250 HTTP/1.1" 200 0 "-" "WordPress/6.7.2; https://bakingsecurityin.com"
106.119.167.146 - - [31/Mar/2025:12:04:00 -0400] "GET / HTTP/1.1" 200 0 "-" "Mozilla/5.0 (iPhone; CPU iPhone OS 13_2_3 like Mac OS X) AppleWebKit/605.1.15 (KHTML, like Gecko) Version/13.0.3 Mobile/15E148 Safari/604.1"
216.244.66.236 - - [31/Mar/2025:12:05:41 -0400] "GET /robots.txt HTTP/1.1" 304 0 "-" "Mozilla/5.0 (compatible; DotBot/1.2; +https://opensiteexplorer.org/dotbot; help@moz.com)"
91.201.113.132 - - [31/Mar/2025:12:09:54 -0400] "GET /the-growing-popularity-of-online-casinos/ HTTP/1.1" 200 0 "http://bakingsecurityin.com/the-growing-popularity-of-online-casinos/" "Mozilla/5.0 (Windows NT 10.0; Win64; x64) AppleWebKit/537.36 (KHTML, like Gecko) Chrome/129.0.0.0 Safari/537.36"
91.201.113.132 - - [31/Mar/2025:12:09:55 -0400] "GET / HTTP/1.1" 200 0 "http://bakingsecurityin.com/" "Mozilla/5.0 (Windows NT 10.0; Win64; x64) AppleWebKit/537.36 (KHTML, like Gecko) Chrome/129.0.0.0 Safari/537.36"
216.244.66.236 - - [31/Mar/2025:12:15:07 -0400] "GET /how-to-delete-a-course-on-duolingo/ HTTP/1.1" 200 0 "-" "Mozilla/5.0 (compatible; DotBot/1.2; +https://opensiteexplorer.org/dotbot; help@moz.com)"
198.54.114.83 - - [31/Mar/2025:12:15:40 -0400] "POST /wp-cron.php?doing_wp_cron=1743437740.7177100181579589843750 HTTP/1.1" 200 0 "-" "WordPress/6.7.2; https://bakingsecurityin.com"
216.244.66.236 - - [31/Mar/2025:12:15:40 -0400] "GET /top-unternehmen-die-gitarrenunterricht-in-los-angeles-anbieten/ HTTP/1.1" 200 0 "-" "Mozilla/5.0 (compatible; DotBot/1.2; +https://opensiteexplorer.org/dotbot; help@moz.com)"
198.54.114.83 - - [31/Mar/2025:12:16:35 -0400] "POST /wp-cron.php?doing_wp_cron=1743437793.7877829074859619140625 HTTP/1.1" 200 0 "-" "WordPress/6.7.2; https://bakingsecurityin.com"
107.172.243.11 - - [31/Mar/2025:12:16:31 -0400] "POST /xmlrpc.php HTTP/1.1" 200 212 "http://bakingsecurityin.com" "Mozilla/5.0 (Windows NT 10.0; Win64; x64; rv:125.0.1) Gecko/20100101 Firefox/125.0.1"
198.54.114.83 - - [31/Mar/2025:12:20:52 -0400] "POST /wp-cron.php?doing_wp_cron=1743438052.7627220153808593750000 HTTP/1.1" 200 0 "-" "WordPress/6.7.2; https://bakingsecurityin.com"
216.244.66.236 - - [31/Mar/2025:12:20:52 -0400] "GET /funko-pop-marvel-a-must-have-for-fans-of-the-marvel-franchise/feed/ HTTP/1.1" 200 482 "-" "Mozilla/5.0 (compatible; DotBot/1.2; +https://opensiteexplorer.org/dotbot; help@moz.com)"
216.244.66.236 - - [31/Mar/2025:12:20:58 -0400] "GET /the-basics-of-pokemon-cards/feed/ HTTP/1.1" 200 432 "-" "Mozilla/5.0 (compatible; DotBot/1.2; +https://opensiteexplorer.org/dotbot; help@moz.com)"
54.245.147.62 - - [31/Mar/2025:12:22:23 -0400] "GET / HTTP/1.1" 200 0 "-" "Mozilla/5.0 (Macintosh; Intel Mac OS X 10_15_7) AppleWebKit/537.36 (KHTML, like Gecko) Chrome/113.0.0.0 Safari/537.36"
47.119.16.237 - - [31/Mar/2025:12:29:51 -0400] "POST /xmlrpc.php HTTP/1.1" 200 212 "http://bakingsecurityin.com" "Mozilla/5.0 (Macintosh; Intel Mac OS X 13.3; rv:126.0) Gecko/20100101 Firefox/126.0"
198.54.114.83 - - [31/Mar/2025:12:29:59 -0400] "POST /wp-cron.php?doing_wp_cron=1743438592.0559220314025878906250 HTTP/1.1" 200 0 "-" "WordPress/6.7.2; https://bakingsecurityin.com"
85.208.98.23 - - [31/Mar/2025:12:35:38 -0400] "GET /robots.txt HTTP/1.1" 304 0 "-" "Mozilla/5.0 (compatible; SemrushBot-BA; +http://www.semrush.com/bot.html)"
114.55.74.90 - - [31/Mar/2025:12:42:53 -0400] "POST /xmlrpc.php HTTP/1.1" 200 212 "http://bakingsecurityin.com" "Mozilla/5.0 (Windows NT 10.0; Win64; x64) AppleWebKit/537.36 (KHTML, like Gecko) Chrome/114.0.5735.199 Safari/537.36 Edg/114.0.1823.67"
198.54.114.83 - - [31/Mar/2025:12:42:57 -0400] "POST /wp-cron.php?doing_wp_cron=1743439375.4739940166473388671875 HTTP/1.1" 200 0 "-" "WordPress/6.7.2; https://bakingsecurityin.com"
216.244.66.236 - - [31/Mar/2025:12:51:03 -0400] "GET /robots.txt HTTP/1.1" 304 0 "-" "Mozilla/5.0 (compatible; DotBot/1.2; +https://opensiteexplorer.org/dotbot; help@moz.com)"
198.54.114.83 - - [31/Mar/2025:12:55:25 -0400] "POST /wp-cron.php?doing_wp_cron=1743440125.6069109439849853515625 HTTP/1.1" 200 0 "-" "WordPress/6.7.2; https://bakingsecurityin.com"
95.217.147.111 - - [31/Mar/2025:12:55:23 -0400] "POST /xmlrpc.php HTTP/1.1" 200 212 "http://bakingsecurityin.com" "Mozilla/5.0 (Macintosh; Intel Mac OS X 10_15_7) AppleWebKit/537.36 (KHTML, like Gecko) Chrome/113.0.5672.93 Safari/537.36"
216.244.66.236 - - [31/Mar/2025:12:58:06 -0400] "GET /comment-nettoyer-largenterie/ HTTP/1.1" 200 0 "-" "Mozilla/5.0 (compatible; DotBot/1.2; +https://opensiteexplorer.org/dotbot; help@moz.com)"
198.54.114.83 - - [31/Mar/2025:13:01:30 -0400] "POST /wp-cron.php?doing_wp_cron=1743440489.9350430965423583984375 HTTP/1.1" 200 0 "-" "WordPress/6.7.2; https://bakingsecurityin.com"
216.244.66.236 - - [31/Mar/2025:13:01:29 -0400] "GET /a-glimpse-into-luxury-living/feed/ HTTP/1.1" 200 436 "-" "Mozilla/5.0 (compatible; DotBot/1.2; +https://opensiteexplorer.org/dotbot; help@moz.com)"
216.244.66.236 - - [31/Mar/2025:13:01:34 -0400] "GET /dwi-lawyer-near-me/feed/ HTTP/1.1" 200 422 "-" "Mozilla/5.0 (compatible; DotBot/1.2; +https://opensiteexplorer.org/dotbot; help@moz.com)"
216.244.66.236 - - [31/Mar/2025:13:01:37 -0400] "GET /what-is-a-dentist-office/feed/ HTTP/1.1" 200 429 "-" "Mozilla/5.0 (compatible; DotBot/1.2; +https://opensiteexplorer.org/dotbot; help@moz.com)"
91.201.113.132 - - [31/Mar/2025:13:04:53 -0400] "GET /the-growing-popularity-of-online-casinos/ HTTP/1.1" 200 0 "http://bakingsecurityin.com/the-growing-popularity-of-online-casinos/" "Mozilla/5.0 (Windows NT 10.0; Win64; x64) AppleWebKit/537.36 (KHTML, like Gecko) Chrome/131.0.0.0 Safari/537.36 Avast/131.0.0.0"
91.201.113.132 - - [31/Mar/2025:13:04:56 -0400] "GET / HTTP/1.1" 200 0 "http://bakingsecurityin.com/" "Mozilla/5.0 (Windows NT 10.0; Win64; x64) AppleWebKit/537.36 (KHTML, like Gecko) Chrome/131.0.0.0 Safari/537.36 Avast/131.0.0.0"
198.54.114.83 - - [31/Mar/2025:13:07:52 -0400] "POST /wp-cron.php?doing_wp_cron=1743440871.9374868869781494140625 HTTP/1.1" 200 0 "-" "WordPress/6.7.2; https://bakingsecurityin.com"
103.169.35.190 - - [31/Mar/2025:13:07:50 -0400] "POST /xmlrpc.php HTTP/1.1" 200 212 "http://bakingsecurityin.com" "Mozilla/5.0 (Macintosh; Intel Mac OS X 10_15_7) AppleWebKit/537.36 (KHTML, like Gecko) Chrome/116.0.5845.96 Safari/537.36"
198.54.114.83 - - [31/Mar/2025:13:19:58 -0400] "POST /wp-cron.php?doing_wp_cron=1743441597.9740169048309326171875 HTTP/1.1" 200 0 "-" "WordPress/6.7.2; https://bakingsecurityin.com"
43.153.54.138 - - [31/Mar/2025:13:19:56 -0400] "GET / HTTP/1.1" 200 0 "-" "Mozilla/5.0 (iPhone; CPU iPhone OS 13_2_3 like Mac OS X) AppleWebKit/605.1.15 (KHTML, like Gecko) Version/13.0.3 Mobile/15E148 Safari/604.1"
5.253.60.4 - - [31/Mar/2025:13:20:03 -0400] "POST /xmlrpc.php HTTP/1.1" 200 212 "http://bakingsecurityin.com" "Mozilla/5.0 (Windows NT 10.0; Win64; x64; rv:126.0) Gecko/20100101 Firefox/126.0"
198.54.114.83 - - [31/Mar/2025:13:44:05 -0400] "POST /wp-cron.php?doing_wp_cron=1743443044.9846320152282714843750 HTTP/1.1" 200 0 "-" "WordPress/6.7.2; https://bakingsecurityin.com"
95.188.65.216 - - [31/Mar/2025:13:44:01 -0400] "POST /xmlrpc.php HTTP/1.1" 200 212 "http://bakingsecurityin.com" "Mozilla/5.0 (Windows NT 11.0; Win64; x64) AppleWebKit/537.36 (KHTML, like Gecko) Chrome/126.0.0.0 Safari/537.36"
51.178.81.248 - - [31/Mar/2025:13:55:53 -0400] "POST /xmlrpc.php HTTP/1.1" 200 212 "http://bakingsecurityin.com" "Mozilla/5.0 (Windows NT 10.0; Win64; x64) AppleWebKit/537.36 (KHTML, like Gecko) Chrome/112.0.5615.138 Safari/537.36 Edg/112.0.1722.68"
91.201.113.132 - - [31/Mar/2025:14:05:32 -0400] "GET /the-growing-popularity-of-online-casinos/ HTTP/1.1" 200 0 "http://bakingsecurityin.com/the-growing-popularity-of-online-casinos/" "Mozilla/5.0 (Windows NT 10.0; Win64; x64) AppleWebKit/537.36 (KHTML, like Gecko) Chrome/131.0.0.0 Safari/537.36 Avast/131.0.0.0"
198.54.114.83 - - [31/Mar/2025:14:05:35 -0400] "POST /wp-cron.php?doing_wp_cron=1743444335.6344790458679199218750 HTTP/1.1" 200 0 "-" "WordPress/6.7.2; https://bakingsecurityin.com"
91.201.113.132 - - [31/Mar/2025:14:05:32 -0400] "GET / HTTP/1.1" 200 0 "http://bakingsecurityin.com/" "Mozilla/5.0 (Windows NT 10.0; Win64; x64) AppleWebKit/537.36 (KHTML, like Gecko) Chrome/131.0.0.0 Safari/537.36 Avast/131.0.0.0"
198.54.114.83 - - [31/Mar/2025:14:07:32 -0400] "POST /wp-cron.php?doing_wp_cron=1743444452.4496169090270996093750 HTTP/1.1" 200 0 "-" "WordPress/6.7.2; https://bakingsecurityin.com"
2605:6f00:1234:701:1::14d - - [31/Mar/2025:14:07:32 -0400] "POST /xmlrpc.php HTTP/1.1" 200 212 "http://bakingsecurityin.com" "Mozilla/5.0 (Macintosh; Intel Mac OS X 10_15_7) AppleWebKit/537.36 (KHTML, like Gecko) Chrome/126.0.0.0 Safari/537.36"
198.54.114.83 - - [31/Mar/2025:14:19:01 -0400] "POST /wp-cron.php?doing_wp_cron=1743445140.9166181087493896484375 HTTP/1.1" 200 0 "-" "WordPress/6.7.2; https://bakingsecurityin.com"
162.0.232.73 - - [31/Mar/2025:14:18:58 -0400] "POST /xmlrpc.php HTTP/1.1" 200 212 "http://bakingsecurityin.com" "Mozilla/5.0 (Macintosh; Intel Mac OS X 14.3) AppleWebKit/614.31.14 (KHTML, like Gecko) Version/17.0.96 Safari/614.31.14"
198.54.114.83 - - [31/Mar/2025:14:33:05 -0400] "POST /wp-cron.php?doing_wp_cron=1743445984.9272179603576660156250 HTTP/1.1" 200 0 "-" "WordPress/6.7.2; https://bakingsecurityin.com"
34.64.218.102 - - [31/Mar/2025:14:33:03 -0400] "GET /wp-login.php HTTP/1.1" 302 0 "-" "Mozilla/5.0 (X11; Fedora; Linux x86_64; rv:94.0) Gecko/20100101 Firefox/95.0"
34.64.218.102 - - [31/Mar/2025:14:33:06 -0400] "GET ///?author=1 HTTP/1.1" 301 0 "-" "Mozilla/5.0 (X11; Fedora; Linux x86_64; rv:94.0) Gecko/20100101 Firefox/95.0"
31.171.152.109 - - [31/Mar/2025:14:42:19 -0400] "GET / HTTP/1.1" 200 0 "http://bakingsecurityin.com/" "Mozilla/5.0 (Windows NT 10.0; Win64; x64) AppleWebKit/537.36 (KHTML, like Gecko) Chrome/131.0.0.0 Safari/537.36"
91.201.113.132 - - [31/Mar/2025:15:02:53 -0400] "GET /the-growing-popularity-of-online-casinos/ HTTP/1.1" 200 0 "http://bakingsecurityin.com/the-growing-popularity-of-online-casinos/" "Mozilla/5.0 (Windows NT 10.0; Win64; x64) AppleWebKit/537.36 (KHTML, like Gecko) Chrome/129.0.0.0 Safari/537.36"
91.201.113.132 - - [31/Mar/2025:15:02:54 -0400] "GET / HTTP/1.1" 200 0 "http://bakingsecurityin.com/" "Mozilla/5.0 (Windows NT 10.0; Win64; x64) AppleWebKit/537.36 (KHTML, like Gecko) Chrome/129.0.0.0 Safari/537.36"
213.136.81.226 - - [31/Mar/2025:15:05:06 -0400] "GET /wp-includes/ HTTP/1.1" 403 1242 "-" "Mozlila/5.0 (Linux; Android 7.0; SM-G892A Bulid/NRD90M; wv) AppleWebKit/537.36 (KHTML, like Gecko) Version/4.0 Chrome/60.0.3112.107 Moblie Safari/537.36"
91.201.113.132 - - [31/Mar/2025:15:59:47 -0400] "GET /the-growing-popularity-of-online-casinos/ HTTP/1.1" 200 0 "http://bakingsecurityin.com/the-growing-popularity-of-online-casinos/" "Mozilla/5.0 (Windows NT 10.0; Win64; x64) AppleWebKit/537.36 (KHTML, like Gecko) Chrome/130.0.0.0 Safari/537.36 CCleaner/130.0.0.0"
91.201.113.132 - - [31/Mar/2025:15:59:49 -0400] "GET / HTTP/1.1" 200 0 "http://bakingsecurityin.com/" "Mozilla/5.0 (Windows NT 10.0; Win64; x64) AppleWebKit/537.36 (KHTML, like Gecko) Chrome/130.0.0.0 Safari/537.36 CCleaner/130.0.0.0"
173.245.207.242 - - [31/Mar/2025:17:02:36 -0400] "GET /how-does-red-light-therapy-work/ HTTP/1.1" 200 0 "http://bakingsecurityin.com/how-does-red-light-therapy-work/" "Mozilla/5.0 (Windows NT 10.0; Win64; x64) AppleWebKit/537.36 (KHTML, like Gecko) Chrome/130.0.0.0 Safari/537.36 CCleaner/130.0.0.0"
173.245.207.242 - - [31/Mar/2025:17:02:37 -0400] "GET / HTTP/1.1" 200 0 "http://bakingsecurityin.com/" "Mozilla/5.0 (Windows NT 10.0; Win64; x64) AppleWebKit/537.36 (KHTML, like Gecko) Chrome/130.0.0.0 Safari/537.36 CCleaner/130.0.0.0"
91.201.113.132 - - [31/Mar/2025:17:05:52 -0400] "GET /the-growing-popularity-of-online-casinos/ HTTP/1.1" 200 0 "http://bakingsecurityin.com/the-growing-popularity-of-online-casinos/" "Mozilla/5.0 (Windows NT 10.0; Win64; x64) AppleWebKit/537.36 (KHTML, like Gecko) Chrome/129.0.0.0 Safari/537.36"
91.201.113.132 - - [31/Mar/2025:17:05:54 -0400] "GET / HTTP/1.1" 200 0 "http://bakingsecurityin.com/" "Mozilla/5.0 (Windows NT 10.0; Win64; x64) AppleWebKit/537.36 (KHTML, like Gecko) Chrome/129.0.0.0 Safari/537.36"
172.177.21.198 - - [31/Mar/2025:17:07:53 -0400] "HEAD /wordpress HTTP/1.1" 301 0 "-" "Mozilla/5.0 (Windows NT 10.0; Win64; x64) AppleWebKit/537.36 (KHTML, like Gecko) Chrome/74.0.3729.169 Safari/537.36"
172.177.21.198 - - [31/Mar/2025:17:07:53 -0400] "HEAD /wordpress/ HTTP/1.1" 403 0 "http://bakingsecurityin.com/wordpress" "Mozilla/5.0 (Windows NT 10.0; Win64; x64) AppleWebKit/537.36 (KHTML, like Gecko) Chrome/74.0.3729.169 Safari/537.36"
172.177.21.198 - - [31/Mar/2025:17:07:53 -0400] "HEAD / HTTP/1.1" 200 0 "-" "Mozilla/5.0 (Windows NT 10.0; Win64; x64) AppleWebKit/537.36 (KHTML, like Gecko) Chrome/74.0.3729.169 Safari/537.36"
172.177.21.198 - - [31/Mar/2025:17:07:53 -0400] "HEAD /wp HTTP/1.1" 404 0 "-" "Mozilla/5.0 (Windows NT 10.0; Win64; x64) AppleWebKit/537.36 (KHTML, like Gecko) Chrome/74.0.3729.169 Safari/537.36"
172.177.21.198 - - [31/Mar/2025:17:07:54 -0400] "HEAD /bc HTTP/1.1" 404 0 "-" "Mozilla/5.0 (Windows NT 10.0; Win64; x64) AppleWebKit/537.36 (KHTML, like Gecko) Chrome/74.0.3729.169 Safari/537.36"
172.177.21.198 - - [31/Mar/2025:17:07:54 -0400] "HEAD /bk HTTP/1.1" 404 0 "-" "Mozilla/5.0 (Windows NT 10.0; Win64; x64) AppleWebKit/537.36 (KHTML, like Gecko) Chrome/74.0.3729.169 Safari/537.36"
172.177.21.198 - - [31/Mar/2025:17:07:54 -0400] "HEAD /backup HTTP/1.1" 404 0 "-" "Mozilla/5.0 (Windows NT 10.0; Win64; x64) AppleWebKit/537.36 (KHTML, like Gecko) Chrome/74.0.3729.169 Safari/537.36"
172.177.21.198 - - [31/Mar/2025:17:07:54 -0400] "HEAD /old HTTP/1.1" 404 0 "-" "Mozilla/5.0 (Windows NT 10.0; Win64; x64) AppleWebKit/537.36 (KHTML, like Gecko) Chrome/74.0.3729.169 Safari/537.36"
172.177.21.198 - - [31/Mar/2025:17:07:55 -0400] "HEAD /new HTTP/1.1" 301 0 "-" "Mozilla/5.0 (Windows NT 10.0; Win64; x64) AppleWebKit/537.36 (KHTML, like Gecko) Chrome/74.0.3729.169 Safari/537.36"
172.177.21.198 - - [31/Mar/2025:17:07:55 -0400] "HEAD /main HTTP/1.1" 404 0 "-" "Mozilla/5.0 (Windows NT 10.0; Win64; x64) AppleWebKit/537.36 (KHTML, like Gecko) Chrome/74.0.3729.169 Safari/537.36"
172.177.21.198 - - [31/Mar/2025:17:07:55 -0400] "HEAD /home HTTP/1.1" 404 0 "-" "Mozilla/5.0 (Windows NT 10.0; Win64; x64) AppleWebKit/537.36 (KHTML, like Gecko) Chrome/74.0.3729.169 Safari/537.36"
85.208.98.23 - - [31/Mar/2025:17:47:08 -0400] "GET /robots.txt HTTP/1.1" 304 0 "-" "Mozilla/5.0 (compatible; SemrushBot-BA; +http://www.semrush.com/bot.html)"
205.210.31.41 - - [31/Mar/2025:17:49:25 -0400] "GET / HTTP/1.1" 200 0 "-" "Expanse, a Palo Alto Networks company, searches across the global IPv4 space multiple times per day to identify customers&#39; presences on the Internet. If you would like to be excluded from our scans, please send IP addresses/domains to: scaninfo@paloaltonetworks.com"
91.201.113.132 - - [31/Mar/2025:18:04:21 -0400] "GET /the-growing-popularity-of-online-casinos/ HTTP/1.1" 200 0 "http://bakingsecurityin.com/the-growing-popularity-of-online-casinos/" "Mozilla/5.0 (Windows NT 10.0; Win64; x64) AppleWebKit/537.36 (KHTML, like Gecko) Chrome/129.0.0.0 Safari/537.36"
91.201.113.132 - - [31/Mar/2025:18:04:33 -0400] "GET / HTTP/1.1" 200 0 "http://bakingsecurityin.com/" "Mozilla/5.0 (Windows NT 10.0; Win64; x64) AppleWebKit/537.36 (KHTML, like Gecko) Chrome/129.0.0.0 Safari/537.36"
91.201.113.132 - - [31/Mar/2025:18:58:59 -0400] "GET /the-growing-popularity-of-online-casinos/ HTTP/1.1" 200 0 "http://bakingsecurityin.com/the-growing-popularity-of-online-casinos/" "Mozilla/5.0 (Windows NT 10.0; Win64; x64) AppleWebKit/537.36 (KHTML, like Gecko) Chrome/131.0.0.0 Safari/537.36 Avast/131.0.0.0"
198.54.114.83 - - [31/Mar/2025:18:59:05 -0400] "POST /wp-cron.php?doing_wp_cron=1743461945.4890859127044677734375 HTTP/1.1" 200 0 "-" "WordPress/6.7.2; https://bakingsecurityin.com"
91.201.113.132 - - [31/Mar/2025:18:59:03 -0400] "GET / HTTP/1.1" 200 0 "http://bakingsecurityin.com/" "Mozilla/5.0 (Windows NT 10.0; Win64; x64) AppleWebKit/537.36 (KHTML, like Gecko) Chrome/131.0.0.0 Safari/537.36 Avast/131.0.0.0"
198.54.114.83 - - [31/Mar/2025:19:07:23 -0400] "POST /wp-cron.php?doing_wp_cron=1743462443.4248349666595458984375 HTTP/1.1" 200 0 "-" "WordPress/6.7.2; https://bakingsecurityin.com"
2a02:c206:3015:2326::1 - - [31/Mar/2025:19:07:21 -0400] "GET / HTTP/1.1" 200 0 "-" "Mozilla/5.0 (Windows NT 10.0; Win64; x64) AppleWebKit/537.36 (KHTML, like Gecko) Chrome/91.0.4472.114 Safari/537.36 Edg/91.0.864.54"
43.131.36.84 - - [31/Mar/2025:19:18:26 -0400] "GET / HTTP/1.1" 200 0 "-" "Mozilla/5.0 (iPhone; CPU iPhone OS 13_2_3 like Mac OS X) AppleWebKit/605.1.15 (KHTML, like Gecko) Version/13.0.3 Mobile/15E148 Safari/604.1"
198.54.114.83 - - [31/Mar/2025:19:18:32 -0400] "POST /wp-cron.php?doing_wp_cron=1743463107.9878280162811279296875 HTTP/1.1" 200 0 "-" "WordPress/6.7.2; https://bakingsecurityin.com"
198.54.114.83 - - [31/Mar/2025:19:30:46 -0400] "POST /wp-cron.php?doing_wp_cron=1743463845.5388860702514648437500 HTTP/1.1" 200 0 "-" "WordPress/6.7.2; https://bakingsecurityin.com"
198.235.24.103 - - [31/Mar/2025:19:30:45 -0400] "GET / HTTP/1.1" 200 0 "-" "Expanse, a Palo Alto Networks company, searches across the global IPv4 space multiple times per day to identify customers&#39; presences on the Internet. If you would like to be excluded from our scans, please send IP addresses/domains to: scaninfo@paloaltonetworks.com"
91.201.113.132 - - [31/Mar/2025:19:59:14 -0400] "GET /the-growing-popularity-of-online-casinos/ HTTP/1.1" 200 0 "http://bakingsecurityin.com/the-growing-popularity-of-online-casinos/" "Mozilla/5.0 (Windows NT 10.0; Win64; x64) AppleWebKit/537.36 (KHTML, like Gecko) Chrome/130.0.0.0 Safari/537.36 CCleaner/130.0.0.0"
198.54.114.83 - - [31/Mar/2025:19:59:19 -0400] "POST /wp-cron.php?doing_wp_cron=1743465559.0241520404815673828125 HTTP/1.1" 200 0 "-" "WordPress/6.7.2; https://bakingsecurityin.com"
91.201.113.132 - - [31/Mar/2025:19:59:17 -0400] "GET / HTTP/1.1" 200 0 "http://bakingsecurityin.com/" "Mozilla/5.0 (Windows NT 10.0; Win64; x64) AppleWebKit/537.36 (KHTML, like Gecko) Chrome/130.0.0.0 Safari/537.36 CCleaner/130.0.0.0"
85.208.98.23 - - [31/Mar/2025:20:03:34 -0400] "GET /robots.txt HTTP/1.1" 304 0 "-" "Mozilla/5.0 (compatible; SemrushBot-BA; +http://www.semrush.com/bot.html)"
195.191.219.132 - - [31/Mar/2025:20:41:51 -0400] "GET /robots.txt HTTP/1.1" 304 0 "-" "Mozilla/5.0 (compatible; MJ12bot/v2.0.0; http://mj12bot.com/)"
198.54.114.83 - - [31/Mar/2025:20:41:55 -0400] "POST /wp-cron.php?doing_wp_cron=1743468115.3436009883880615234375 HTTP/1.1" 200 0 "-" "WordPress/6.7.2; https://bakingsecurityin.com"
195.191.219.132 - - [31/Mar/2025:20:41:52 -0400] "GET / HTTP/1.1" 200 0 "-" "Mozilla/5.0 (compatible; MJ12bot/v2.0.0; http://mj12bot.com/)"
198.54.114.83 - - [31/Mar/2025:21:30:14 -0400] "POST /wp-cron.php?doing_wp_cron=1743471014.4348030090332031250000 HTTP/1.1" 200 0 "-" "WordPress/6.7.2; https://bakingsecurityin.com"
222.79.104.23 - - [31/Mar/2025:21:30:10 -0400] "GET / HTTP/1.1" 200 0 "-" "Mozilla/5.0 (iPhone; CPU iPhone OS 13_2_3 like Mac OS X) AppleWebKit/605.1.15 (KHTML, like Gecko) Version/13.0.3 Mobile/15E148 Safari/604.1"
91.201.113.132 - - [31/Mar/2025:21:35:03 -0400] "GET /the-growing-popularity-of-online-casinos/ HTTP/1.1" 200 0 "http://bakingsecurityin.com/the-growing-popularity-of-online-casinos/" "Mozilla/5.0 (Windows NT 10.0; Win64; x64) AppleWebKit/537.36 (KHTML, like Gecko) Chrome/129.0.0.0 Safari/537.36"
91.201.113.132 - - [31/Mar/2025:21:35:04 -0400] "GET / HTTP/1.1" 200 0 "http://bakingsecurityin.com/" "Mozilla/5.0 (Windows NT 10.0; Win64; x64) AppleWebKit/537.36 (KHTML, like Gecko) Chrome/129.0.0.0 Safari/537.36"
198.54.114.83 - - [31/Mar/2025:22:45:46 -0400] "POST /wp-cron.php?doing_wp_cron=1743475546.1397430896759033203125 HTTP/1.1" 200 0 "-" "WordPress/6.7.2; https://bakingsecurityin.com"
2607:5300:60:7e27::1 - - [31/Mar/2025:22:45:44 -0400] "GET / HTTP/1.1" 200 0 "-" "Mozilla/5.0 (Windows NT 10.0; Win64; x64) AppleWebKit/537.36 (KHTML, like Gecko) Chrome/118.0.0.0 Safari/537.36 Edg/118.0.2088.46"
91.201.113.132 - - [31/Mar/2025:22:49:32 -0400] "GET /the-growing-popularity-of-online-casinos/ HTTP/1.1" 200 0 "http://bakingsecurityin.com/the-growing-popularity-of-online-casinos/" "Mozilla/5.0 (Windows NT 10.0; Win64; x64) AppleWebKit/537.36 (KHTML, like Gecko) Chrome/129.0.0.0 Safari/537.36"
198.54.114.83 - - [31/Mar/2025:22:49:36 -0400] "POST /wp-cron.php?doing_wp_cron=1743475775.5167269706726074218750 HTTP/1.1" 200 0 "-" "WordPress/6.7.2; https://bakingsecurityin.com"
91.201.113.132 - - [31/Mar/2025:22:49:33 -0400] "GET / HTTP/1.1" 200 0 "http://bakingsecurityin.com/" "Mozilla/5.0 (Windows NT 10.0; Win64; x64) AppleWebKit/537.36 (KHTML, like Gecko) Chrome/129.0.0.0 Safari/537.36"
198.54.114.83 - - [31/Mar/2025:23:27:46 -0400] "POST /wp-cron.php?doing_wp_cron=1743478064.0137379169464111328125 HTTP/1.1" 200 0 "-" "WordPress/6.7.2; https://bakingsecurityin.com"
2a01:4f8:c012:c85f::1 - - [31/Mar/2025:23:27:43 -0400] "GET / HTTP/1.1" 200 0 "https://www.google.com/" "Mozilla/5.0 (Windows NT 10.0; Win64; x64; rv:110.0) Gecko/20100101 Firefox/110.0"
85.208.98.23 - - [01/Apr/2025:00:27:06 -0400] "GET /robots.txt HTTP/1.1" 304 0 "-" "Mozilla/5.0 (compatible; SemrushBot-BA; +http://www.semrush.com/bot.html)"
91.201.113.132 - - [01/Apr/2025:00:49:51 -0400] "GET /the-growing-popularity-of-online-casinos/ HTTP/1.1" 200 0 "http://bakingsecurityin.com/the-growing-popularity-of-online-casinos/" "Mozilla/5.0 (Windows NT 10.0; Win64; x64) AppleWebKit/537.36 (KHTML, like Gecko) Chrome/131.0.0.0 Safari/537.36"
198.54.114.83 - - [01/Apr/2025:00:49:53 -0400] "POST /wp-cron.php?doing_wp_cron=1743482993.0357079505920410156250 HTTP/1.1" 200 0 "-" "WordPress/6.7.2; https://bakingsecurityin.com"
91.201.113.132 - - [01/Apr/2025:00:49:51 -0400] "GET / HTTP/1.1" 200 0 "http://bakingsecurityin.com/" "Mozilla/5.0 (Windows NT 10.0; Win64; x64) AppleWebKit/537.36 (KHTML, like Gecko) Chrome/131.0.0.0 Safari/537.36"
185.141.57.94 - - [01/Apr/2025:01:33:15 -0400] "GET /how-does-red-light-therapy-work/ HTTP/1.1" 200 0 "http://bakingsecurityin.com/how-does-red-light-therapy-work/" "Mozilla/5.0 (Windows NT 10.0; Win64; x64) AppleWebKit/537.36 (KHTML, like Gecko) Chrome/131.0.0.0 Safari/537.36"
198.54.114.83 - - [01/Apr/2025:01:33:17 -0400] "POST /wp-cron.php?doing_wp_cron=1743485597.3907051086425781250000 HTTP/1.1" 200 0 "-" "WordPress/6.7.2; https://bakingsecurityin.com"
185.141.57.94 - - [01/Apr/2025:01:33:16 -0400] "GET / HTTP/1.1" 200 0 "http://bakingsecurityin.com/" "Mozilla/5.0 (Windows NT 10.0; Win64; x64) AppleWebKit/537.36 (KHTML, like Gecko) Chrome/131.0.0.0 Safari/537.36"
91.201.113.132 - - [01/Apr/2025:01:54:59 -0400] "GET /the-growing-popularity-of-online-casinos/ HTTP/1.1" 200 0 "http://bakingsecurityin.com/the-growing-popularity-of-online-casinos/" "Mozilla/5.0 (Windows NT 10.0; Win64; x64) AppleWebKit/537.36 (KHTML, like Gecko) Chrome/129.0.0.0 Safari/537.36"
198.54.114.83 - - [01/Apr/2025:01:55:01 -0400] "POST /wp-cron.php?doing_wp_cron=1743486901.6318919658660888671875 HTTP/1.1" 200 0 "-" "WordPress/6.7.2; https://bakingsecurityin.com"
91.201.113.132 - - [01/Apr/2025:01:54:59 -0400] "GET / HTTP/1.1" 200 0 "http://bakingsecurityin.com/" "Mozilla/5.0 (Windows NT 10.0; Win64; x64) AppleWebKit/537.36 (KHTML, like Gecko) Chrome/129.0.0.0 Safari/537.36"
172.177.21.198 - - [01/Apr/2025:02:03:38 -0400] "HEAD /wordpress HTTP/1.1" 301 0 "-" "Mozilla/5.0 (Windows NT 10.0; Win64; x64) AppleWebKit/537.36 (KHTML, like Gecko) Chrome/74.0.3729.169 Safari/537.36"
172.177.21.198 - - [01/Apr/2025:02:03:39 -0400] "HEAD /wordpress/ HTTP/1.1" 403 0 "http://bakingsecurityin.com/wordpress" "Mozilla/5.0 (Windows NT 10.0; Win64; x64) AppleWebKit/537.36 (KHTML, like Gecko) Chrome/74.0.3729.169 Safari/537.36"
198.54.114.83 - - [01/Apr/2025:02:03:42 -0400] "POST /wp-cron.php?doing_wp_cron=1743487422.2256228923797607421875 HTTP/1.1" 200 0 "-" "WordPress/6.7.2; https://bakingsecurityin.com"
172.177.21.198 - - [01/Apr/2025:02:03:39 -0400] "HEAD / HTTP/1.1" 200 0 "-" "Mozilla/5.0 (Windows NT 10.0; Win64; x64) AppleWebKit/537.36 (KHTML, like Gecko) Chrome/74.0.3729.169 Safari/537.36"
172.177.21.198 - - [01/Apr/2025:02:03:44 -0400] "HEAD /wp HTTP/1.1" 404 0 "-" "Mozilla/5.0 (Windows NT 10.0; Win64; x64) AppleWebKit/537.36 (KHTML, like Gecko) Chrome/74.0.3729.169 Safari/537.36"
172.177.21.198 - - [01/Apr/2025:02:03:44 -0400] "HEAD /bc HTTP/1.1" 404 0 "-" "Mozilla/5.0 (Windows NT 10.0; Win64; x64) AppleWebKit/537.36 (KHTML, like Gecko) Chrome/74.0.3729.169 Safari/537.36"
172.177.21.198 - - [01/Apr/2025:02:03:44 -0400] "HEAD /bk HTTP/1.1" 404 0 "-" "Mozilla/5.0 (Windows NT 10.0; Win64; x64) AppleWebKit/537.36 (KHTML, like Gecko) Chrome/74.0.3729.169 Safari/537.36"
172.177.21.198 - - [01/Apr/2025:02:03:45 -0400] "HEAD /backup HTTP/1.1" 404 0 "-" "Mozilla/5.0 (Windows NT 10.0; Win64; x64) AppleWebKit/537.36 (KHTML, like Gecko) Chrome/74.0.3729.169 Safari/537.36"
172.177.21.198 - - [01/Apr/2025:02:03:46 -0400] "HEAD /old HTTP/1.1" 404 0 "-" "Mozilla/5.0 (Windows NT 10.0; Win64; x64) AppleWebKit/537.36 (KHTML, like Gecko) Chrome/74.0.3729.169 Safari/537.36"
172.177.21.198 - - [01/Apr/2025:02:03:46 -0400] "HEAD /new HTTP/1.1" 301 0 "-" "Mozilla/5.0 (Windows NT 10.0; Win64; x64) AppleWebKit/537.36 (KHTML, like Gecko) Chrome/74.0.3729.169 Safari/537.36"
172.177.21.198 - - [01/Apr/2025:02:03:49 -0400] "HEAD /main HTTP/1.1" 404 0 "-" "Mozilla/5.0 (Windows NT 10.0; Win64; x64) AppleWebKit/537.36 (KHTML, like Gecko) Chrome/74.0.3729.169 Safari/537.36"
172.177.21.198 - - [01/Apr/2025:02:03:49 -0400] "HEAD /home HTTP/1.1" 404 0 "-" "Mozilla/5.0 (Windows NT 10.0; Win64; x64) AppleWebKit/537.36 (KHTML, like Gecko) Chrome/74.0.3729.169 Safari/537.36"
198.54.114.83 - - [01/Apr/2025:02:16:25 -0400] "POST /wp-cron.php?doing_wp_cron=1743488185.7034850120544433593750 HTTP/1.1" 200 0 "-" "WordPress/6.7.2; https://bakingsecurityin.com"
119.45.114.138 - - [01/Apr/2025:02:16:23 -0400] "GET /wp-login.php HTTP/1.1" 302 0 "-" "Apache-HttpClient/4.5.2 (Java/1.8.0_161)"
198.54.114.83 - - [01/Apr/2025:02:16:32 -0400] "POST /wp-cron.php?doing_wp_cron=1743488191.9390699863433837890625 HTTP/1.1" 200 0 "-" "WordPress/6.7.2; https://bakingsecurityin.com"
119.45.114.138 - - [01/Apr/2025:02:16:31 -0400] "GET /?author=1 HTTP/1.1" 301 0 "-" "Apache-HttpClient/4.5.2 (Java/1.8.0_161)"
119.45.114.138 - - [01/Apr/2025:02:16:33 -0400] "GET /?author=2 HTTP/1.1" 301 0 "-" "Apache-HttpClient/4.5.2 (Java/1.8.0_161)"
119.45.114.138 - - [01/Apr/2025:02:16:36 -0400] "GET /?author=3 HTTP/1.1" 404 0 "-" "Apache-HttpClient/4.5.2 (Java/1.8.0_161)"
119.45.114.138 - - [01/Apr/2025:02:16:37 -0400] "GET /?author=4 HTTP/1.1" 404 0 "-" "Apache-HttpClient/4.5.2 (Java/1.8.0_161)"
119.45.114.138 - - [01/Apr/2025:02:16:38 -0400] "GET /?author=5 HTTP/1.1" 404 0 "-" "Apache-HttpClient/4.5.2 (Java/1.8.0_161)"
119.45.114.138 - - [01/Apr/2025:02:16:38 -0400] "GET /?author=6 HTTP/1.1" 404 0 "-" "Apache-HttpClient/4.5.2 (Java/1.8.0_161)"
119.45.114.138 - - [01/Apr/2025:02:16:39 -0400] "GET /?author=7 HTTP/1.1" 404 0 "-" "Apache-HttpClient/4.5.2 (Java/1.8.0_161)"
119.45.114.138 - - [01/Apr/2025:02:16:40 -0400] "GET /?author=8 HTTP/1.1" 404 0 "-" "Apache-HttpClient/4.5.2 (Java/1.8.0_161)"
119.45.114.138 - - [01/Apr/2025:02:16:40 -0400] "GET /?author=9 HTTP/1.1" 404 0 "-" "Apache-HttpClient/4.5.2 (Java/1.8.0_161)"
119.45.114.138 - - [01/Apr/2025:02:16:41 -0400] "GET /?author=10 HTTP/1.1" 404 0 "-" "Apache-HttpClient/4.5.2 (Java/1.8.0_161)"
119.45.114.138 - - [01/Apr/2025:02:16:41 -0400] "GET /?author=11 HTTP/1.1" 404 0 "-" "Apache-HttpClient/4.5.2 (Java/1.8.0_161)"
119.45.114.138 - - [01/Apr/2025:02:16:42 -0400] "GET /?author=12 HTTP/1.1" 404 0 "-" "Apache-HttpClient/4.5.2 (Java/1.8.0_161)"
119.45.114.138 - - [01/Apr/2025:02:16:43 -0400] "GET /?author=13 HTTP/1.1" 404 0 "-" "Apache-HttpClient/4.5.2 (Java/1.8.0_161)"
119.45.114.138 - - [01/Apr/2025:02:16:44 -0400] "GET /?author=14 HTTP/1.1" 404 0 "-" "Apache-HttpClient/4.5.2 (Java/1.8.0_161)"
119.45.114.138 - - [01/Apr/2025:02:16:45 -0400] "GET /?author=15 HTTP/1.1" 404 0 "-" "Apache-HttpClient/4.5.2 (Java/1.8.0_161)"
119.45.114.138 - - [01/Apr/2025:02:16:47 -0400] "GET /?author=16 HTTP/1.1" 404 0 "-" "Apache-HttpClient/4.5.2 (Java/1.8.0_161)"
119.45.114.138 - - [01/Apr/2025:02:16:48 -0400] "GET /?author=17 HTTP/1.1" 404 0 "-" "Apache-HttpClient/4.5.2 (Java/1.8.0_161)"
119.45.114.138 - - [01/Apr/2025:02:16:49 -0400] "GET /?author=18 HTTP/1.1" 404 0 "-" "Apache-HttpClient/4.5.2 (Java/1.8.0_161)"
119.45.114.138 - - [01/Apr/2025:02:16:51 -0400] "GET /?author=19 HTTP/1.1" 404 0 "-" "Apache-HttpClient/4.5.2 (Java/1.8.0_161)"
119.45.114.138 - - [01/Apr/2025:02:16:51 -0400] "GET /?author=20 HTTP/1.1" 404 0 "-" "Apache-HttpClient/4.5.2 (Java/1.8.0_161)"
198.54.114.83 - - [01/Apr/2025:03:08:38 -0400] "POST /wp-cron.php?doing_wp_cron=1743491317.3325750827789306640625 HTTP/1.1" 200 0 "-" "WordPress/6.7.2; https://bakingsecurityin.com"
194.38.23.16 - - [01/Apr/2025:03:08:34 -0400] "GET /plugins/html5-file-upload/html5fileupload.php HTTP/1.1" 404 0 "-" "ALittle Client"
91.201.113.132 - - [01/Apr/2025:03:11:20 -0400] "GET /the-growing-popularity-of-online-casinos/ HTTP/1.1" 200 0 "http://bakingsecurityin.com/the-growing-popularity-of-online-casinos/" "Mozilla/5.0 (Windows NT 10.0; Win64; x64) AppleWebKit/537.36 (KHTML, like Gecko) Chrome/129.0.0.0 Safari/537.36"
91.201.113.132 - - [01/Apr/2025:03:11:22 -0400] "GET / HTTP/1.1" 200 0 "http://bakingsecurityin.com/" "Mozilla/5.0 (Windows NT 10.0; Win64; x64) AppleWebKit/537.36 (KHTML, like Gecko) Chrome/129.0.0.0 Safari/537.36"
198.54.114.83 - - [01/Apr/2025:03:11:27 -0400] "POST /wp-cron.php?doing_wp_cron=1743491485.7696669101715087890625 HTTP/1.1" 200 0 "-" "WordPress/6.7.2; https://bakingsecurityin.com"
198.54.114.83 - - [01/Apr/2025:04:29:39 -0400] "POST /wp-cron.php?doing_wp_cron=1743496178.9584999084472656250000 HTTP/1.1" 200 0 "-" "WordPress/6.7.2; https://bakingsecurityin.com"
181.214.107.99 - - [01/Apr/2025:04:29:35 -0400] "GET / HTTP/1.1" 200 0 "-" "Mozilla/5.0 (Windows NT 10.0; Win64; x64) AppleWebKit/537.36 (KHTML, like Gecko) Chrome/58.0.3029.110 Safari/537.3"
91.201.113.132 - - [01/Apr/2025:04:41:24 -0400] "GET /the-growing-popularity-of-online-casinos/ HTTP/1.1" 200 0 "http://bakingsecurityin.com/the-growing-popularity-of-online-casinos/" "Mozilla/5.0 (Windows NT 10.0; Win64; x64) AppleWebKit/537.36 (KHTML, like Gecko) Chrome/130.0.0.0 Safari/537.36 CCleaner/130.0.0.0"
198.54.114.83 - - [01/Apr/2025:04:41:33 -0400] "POST /wp-cron.php?doing_wp_cron=1743496892.1141660213470458984375 HTTP/1.1" 200 0 "-" "WordPress/6.7.2; https://bakingsecurityin.com"
91.201.113.132 - - [01/Apr/2025:04:41:28 -0400] "GET / HTTP/1.1" 200 0 "http://bakingsecurityin.com/" "Mozilla/5.0 (Windows NT 10.0; Win64; x64) AppleWebKit/537.36 (KHTML, like Gecko) Chrome/130.0.0.0 Safari/537.36 CCleaner/130.0.0.0"
198.54.114.83 - - [01/Apr/2025:04:49:43 -0400] "POST /wp-cron.php?doing_wp_cron=1743497381.9146618843078613281250 HTTP/1.1" 200 0 "-" "WordPress/6.7.2; https://bakingsecurityin.com"
111.229.111.163 - - [01/Apr/2025:04:49:38 -0400] "POST /xmlrpc.php HTTP/1.1" 200 212 "http://bakingsecurityin.com" "Mozilla/5.0 (Macintosh; Intel Mac OS X 10_15_7; rv:126.0) Gecko/20100101 Firefox/126.0"
194.163.180.153 - - [01/Apr/2025:05:02:01 -0400] "POST /xmlrpc.php HTTP/1.1" 200 0 "http://bakingsecurityin.com" "Mozilla/5.0 (Macintosh; Intel Mac OS X 10_15_7; rv:126.0) Gecko/20100101 Firefox/126.0"
102.157.122.249 - - [01/Apr/2025:05:03:23 -0400] "POST /wp-login.php HTTP/1.1" 302 0 "http://bakingsecurityin.com/wp-admin/" "Mozilla/5.0 (Windows NT 10.0; Win64; x64) AppleWebKit/537.36 (KHTML, like Gecko) Chrome/90.0.4430.85 Safari/537.36"
198.54.114.83 - - [01/Apr/2025:05:27:09 -0400] "POST /wp-cron.php?doing_wp_cron=1743499628.8620541095733642578125 HTTP/1.1" 200 0 "-" "WordPress/6.7.2; https://bakingsecurityin.com"
199.188.200.151 - - [01/Apr/2025:05:27:06 -0400] "POST /xmlrpc.php HTTP/1.1" 200 212 "http://bakingsecurityin.com" "Mozilla/5.0 (Macintosh; Intel Mac OS X 14.5) AppleWebKit/618.3.5 (KHTML, like Gecko) Version/17.4 Safari/618.3.5"
162.0.232.166 - - [01/Apr/2025:05:40:00 -0400] "POST /xmlrpc.php HTTP/1.1" 200 212 "http://bakingsecurityin.com" "Mozilla/5.0 (Macintosh; Intel Mac OS X 14.5) AppleWebKit/618.3.5 (KHTML, like Gecko) Version/17.4 Safari/618.3.5"
198.54.114.83 - - [01/Apr/2025:05:40:07 -0400] "POST /wp-cron.php?doing_wp_cron=1743500405.0415959358215332031250 HTTP/1.1" 200 0 "-" "WordPress/6.7.2; https://bakingsecurityin.com"
198.54.114.83 - - [01/Apr/2025:05:52:59 -0400] "POST /wp-cron.php?doing_wp_cron=1743501178.3537569046020507812500 HTTP/1.1" 200 0 "-" "WordPress/6.7.2; https://bakingsecurityin.com"
185.218.124.157 - - [01/Apr/2025:05:52:55 -0400] "POST /xmlrpc.php HTTP/1.1" 200 212 "http://bakingsecurityin.com" "Mozilla/5.0 (Macintosh; Intel Mac OS X 14_6) AppleWebKit/605.1.15 (KHTML, like Gecko) Version/17.5 Safari/605.1.15"
217.156.65.24 - - [01/Apr/2025:06:07:33 -0400] "POST /xmlrpc.php HTTP/1.1" 200 212 "http://bakingsecurityin.com" "Mozilla/5.0 (Macintosh; Intel Mac OS X 10_15_7) AppleWebKit/537.36 (KHTML, like Gecko) Chrome/115.0.5790.102 Safari/537.36"
198.54.114.83 - - [01/Apr/2025:06:20:34 -0400] "POST /wp-cron.php?doing_wp_cron=1743502834.6084470748901367187500 HTTP/1.1" 200 0 "-" "WordPress/6.7.2; https://bakingsecurityin.com"
107.172.243.11 - - [01/Apr/2025:06:20:31 -0400] "POST /xmlrpc.php HTTP/1.1" 200 212 "http://bakingsecurityin.com" "Mozilla/5.0 (Macintosh; Intel Mac OS X 10_15_7; rv:127.0) Gecko/20100101 Firefox/127.0"
2a13:adc0::d267:26ff:fed2:b782 - - [01/Apr/2025:06:33:38 -0400] "POST /xmlrpc.php HTTP/1.1" 200 212 "http://bakingsecurityin.com" "Mozilla/5.0 (Windows NT 10.0; Win64; x64) AppleWebKit/537.36 (KHTML, like Gecko) Chrome/114.0.5735.199 Safari/537.36 Edg/114.0.1823.67"
198.54.114.83 - - [01/Apr/2025:06:33:43 -0400] "POST /wp-cron.php?doing_wp_cron=1743503621.7377820014953613281250 HTTP/1.1" 200 0 "-" "WordPress/6.7.2; https://bakingsecurityin.com"
198.54.114.83 - - [01/Apr/2025:06:46:36 -0400] "POST /wp-cron.php?doing_wp_cron=1743504395.5599410533905029296875 HTTP/1.1" 200 0 "-" "WordPress/6.7.2; https://bakingsecurityin.com"
199.188.205.87 - - [01/Apr/2025:06:46:31 -0400] "POST /xmlrpc.php HTTP/1.1" 200 212 "http://bakingsecurityin.com" "Mozilla/5.0 (Windows NT 11.0; Win64; x64) AppleWebKit/537.36 (KHTML, like Gecko) Chrome/126.0.0.0 Safari/537.36 Edg/126.0.0.0"
198.54.114.83 - - [01/Apr/2025:06:59:28 -0400] "POST /wp-cron.php?doing_wp_cron=1743505167.5343210697174072265625 HTTP/1.1" 200 0 "-" "WordPress/6.7.2; https://bakingsecurityin.com"
103.90.232.143 - - [01/Apr/2025:06:59:24 -0400] "POST /xmlrpc.php HTTP/1.1" 200 212 "http://bakingsecurityin.com" "Mozilla/5.0 (Windows NT 10.0; Win64; x64) AppleWebKit/537.36 (KHTML, like Gecko) Chrome/116.0.5845.96 Safari/537.36"
80.253.248.125 - - [01/Apr/2025:07:00:49 -0400] "GET /wp-login.php HTTP/1.1" 302 0 "-" "Mozilla/5.0 (Windows NT 10.0; WOW64; rv:45.0) Gecko/20100101 Firefox/45.0"
198.54.114.83 - - [01/Apr/2025:07:00:54 -0400] "POST /wp-cron.php?doing_wp_cron=1743505249.8381190299987792968750 HTTP/1.1" 200 0 "-" "WordPress/6.7.2; https://bakingsecurityin.com"
80.253.248.125 - - [01/Apr/2025:07:00:59 -0400] "GET /wp-login.php HTTP/1.1" 302 0 "-" "Mozilla/5.0 (Windows NT 10.0; WOW64; rv:45.0) Gecko/20100101 Firefox/45.0"
80.253.248.125 - - [01/Apr/2025:07:01:07 -0400] "POST /wp-login.php HTTP/1.1" 302 0 "bakingsecurityin.com/wp-login.php" "Mozilla/5.0 (Windows NT 10.0; WOW64; rv:45.0) Gecko/20100101 Firefox/45.0"
80.253.248.125 - - [01/Apr/2025:07:01:11 -0400] "GET /wp-admin/ HTTP/1.1" 302 0 "-" "Mozilla/5.0 (Windows NT 10.0; WOW64; rv:45.0) Gecko/20100101 Firefox/45.0"
200.10.33.154 - - [01/Apr/2025:07:01:22 -0400] "GET /wp-login.php HTTP/1.1" 302 0 "-" "Mozilla/5.0 (Windows NT 10.0; Win64; x64) AppleWebKit/537.36 (KHTML, like Gecko) Chrome/131.0.0.0 Safari/537.36"
193.3.177.175 - - [01/Apr/2025:07:01:49 -0400] "GET /wp-login.php HTTP/1.1" 302 0 "-" "Mozilla/5.0 (Windows NT 10.0; WOW64; rv:45.0) Gecko/20100101 Firefox/45.0"
193.3.177.175 - - [01/Apr/2025:07:01:54 -0400] "GET /wp-login.php HTTP/1.1" 302 0 "-" "Mozilla/5.0 (Windows NT 10.0; WOW64; rv:45.0) Gecko/20100101 Firefox/45.0"
198.54.114.83 - - [01/Apr/2025:07:01:56 -0400] "POST /wp-cron.php?doing_wp_cron=1743505314.9539439678192138671875 HTTP/1.1" 200 0 "-" "WordPress/6.7.2; https://bakingsecurityin.com"
193.3.177.175 - - [01/Apr/2025:07:02:01 -0400] "POST /wp-login.php HTTP/1.1" 302 0 "bakingsecurityin.com/wp-login.php" "Mozilla/5.0 (Windows NT 10.0; WOW64; rv:45.0) Gecko/20100101 Firefox/45.0"
193.3.177.175 - - [01/Apr/2025:07:02:07 -0400] "GET /wp-admin/ HTTP/1.1" 302 0 "-" "Mozilla/5.0 (Windows NT 10.0; WOW64; rv:45.0) Gecko/20100101 Firefox/45.0"
200.10.33.154 - - [01/Apr/2025:07:02:14 -0400] "GET /wp-login.php HTTP/1.1" 302 0 "-" "Mozilla/5.0 (Windows NT 10.0; Win64; x64) AppleWebKit/537.36 (KHTML, like Gecko) Chrome/131.0.0.0 Safari/537.36"
212.102.153.56 - - [01/Apr/2025:07:02:38 -0400] "GET /wp-login.php HTTP/1.1" 302 0 "-" "Mozilla/5.0 (Windows NT 10.0; WOW64; rv:45.0) Gecko/20100101 Firefox/45.0"
212.102.153.56 - - [01/Apr/2025:07:02:41 -0400] "GET /wp-login.php HTTP/1.1" 302 0 "-" "Mozilla/5.0 (Windows NT 10.0; WOW64; rv:45.0) Gecko/20100101 Firefox/45.0"
212.102.153.56 - - [01/Apr/2025:07:02:43 -0400] "POST /wp-login.php HTTP/1.1" 302 0 "bakingsecurityin.com/wp-login.php" "Mozilla/5.0 (Windows NT 10.0; WOW64; rv:45.0) Gecko/20100101 Firefox/45.0"
212.102.153.56 - - [01/Apr/2025:07:02:44 -0400] "GET /wp-admin/ HTTP/1.1" 302 0 "-" "Mozilla/5.0 (Windows NT 10.0; WOW64; rv:45.0) Gecko/20100101 Firefox/45.0"
200.10.33.154 - - [01/Apr/2025:07:02:48 -0400] "GET /wp-login.php HTTP/1.1" 302 0 "-" "Mozilla/5.0 (Windows NT 10.0; Win64; x64) AppleWebKit/537.36 (KHTML, like Gecko) Chrome/131.0.0.0 Safari/537.36"
198.54.114.83 - - [01/Apr/2025:07:10:36 -0400] "POST /wp-cron.php?doing_wp_cron=1743505835.2310869693756103515625 HTTP/1.1" 200 0 "-" "WordPress/6.7.2; https://bakingsecurityin.com"
14.215.163.132 - - [01/Apr/2025:07:10:32 -0400] "GET / HTTP/1.1" 200 0 "-" "Mozilla/5.0 (iPhone; CPU iPhone OS 13_2_3 like Mac OS X) AppleWebKit/605.1.15 (KHTML, like Gecko) Version/13.0.3 Mobile/15E148 Safari/604.1"
198.54.114.83 - - [01/Apr/2025:07:12:28 -0400] "POST /wp-cron.php?doing_wp_cron=1743505947.4838759899139404296875 HTTP/1.1" 200 0 "-" "WordPress/6.7.2; https://bakingsecurityin.com"
198.54.114.91 - - [01/Apr/2025:07:12:24 -0400] "POST /xmlrpc.php HTTP/1.1" 200 212 "http://bakingsecurityin.com" "Mozilla/5.0 (Macintosh; Intel Mac OS X 10_15_7; rv:127.0) Gecko/20100101 Firefox/127.0"
2406:da1a:c1e:5a00:fc4a:667:788f:cffc - - [01/Apr/2025:07:25:21 -0400] "POST /xmlrpc.php HTTP/1.1" 200 212 "http://bakingsecurityin.com" "Mozilla/5.0 (Macintosh; Intel Mac OS X 10_15_7; rv:126.0) Gecko/20100101 Firefox/126.0"
198.54.114.83 - - [01/Apr/2025:07:25:26 -0400] "POST /wp-cron.php?doing_wp_cron=1743506724.7696120738983154296875 HTTP/1.1" 200 0 "-" "WordPress/6.7.2; https://bakingsecurityin.com"
198.54.114.83 - - [01/Apr/2025:07:41:15 -0400] "POST /wp-cron.php?doing_wp_cron=1743507674.7902760505676269531250 HTTP/1.1" 200 0 "-" "WordPress/6.7.2; https://bakingsecurityin.com"
85.209.132.14 - - [01/Apr/2025:07:41:10 -0400] "GET / HTTP/1.1" 200 0 "https://www.google.com/" "Mozilla/5.0 (Windows NT 10.0; Win64; x64; rv:110.0) Gecko/20100101 Firefox/110.0"
198.54.114.83 - - [01/Apr/2025:07:51:43 -0400] "POST /wp-cron.php?doing_wp_cron=1743508303.2071430683135986328125 HTTP/1.1" 200 0 "-" "WordPress/6.7.2; https://bakingsecurityin.com"
51.161.7.9 - - [01/Apr/2025:07:51:40 -0400] "POST /xmlrpc.php HTTP/1.1" 200 212 "http://bakingsecurityin.com" "Mozilla/5.0 (Macintosh; Intel Mac OS X 14.5) AppleWebKit/618.3.5 (KHTML, like Gecko) Version/17.4 Safari/618.3.5"
198.54.114.83 - - [01/Apr/2025:08:05:08 -0400] "POST /wp-cron.php?doing_wp_cron=1743509107.5238571166992187500000 HTTP/1.1" 200 0 "-" "WordPress/6.7.2; https://bakingsecurityin.com"
54.36.209.164 - - [01/Apr/2025:08:05:03 -0400] "POST /xmlrpc.php HTTP/1.1" 200 212 "http://bakingsecurityin.com" "Mozilla/5.0 (Windows NT 10.0; Win64; x64) AppleWebKit/537.36 (KHTML, like Gecko) Chrome/115.0.5790.171 Safari/537.36 Edg/115.0.1901.203"
198.54.114.83 - - [01/Apr/2025:08:18:31 -0400] "POST /wp-cron.php?doing_wp_cron=1743509910.9727699756622314453125 HTTP/1.1" 200 0 "-" "WordPress/6.7.2; https://bakingsecurityin.com"
5.253.60.4 - - [01/Apr/2025:08:18:30 -0400] "POST /xmlrpc.php HTTP/1.1" 200 212 "http://bakingsecurityin.com" "Mozilla/5.0 (Windows NT 10.0; Win64; x64) AppleWebKit/537.36 (KHTML, like Gecko) Chrome/126.0.0.0 Safari/537.36 Edg/126.0.0.0"
216.244.66.236 - - [01/Apr/2025:08:30:19 -0400] "GET /robots.txt HTTP/1.1" 304 0 "-" "Mozilla/5.0 (compatible; DotBot/1.2; +https://opensiteexplorer.org/dotbot; help@moz.com)"
198.54.114.83 - - [01/Apr/2025:08:31:27 -0400] "POST /wp-cron.php?doing_wp_cron=1743510687.5866949558258056640625 HTTP/1.1" 200 0 "-" "WordPress/6.7.2; https://bakingsecurityin.com"
43.153.79.218 - - [01/Apr/2025:08:31:24 -0400] "GET / HTTP/1.1" 200 0 "-" "Mozilla/5.0 (iPhone; CPU iPhone OS 13_2_3 like Mac OS X) AppleWebKit/605.1.15 (KHTML, like Gecko) Version/13.0.3 Mobile/15E148 Safari/604.1"
208.107.66.243 - - [01/Apr/2025:08:32:10 -0400] "POST /xmlrpc.php HTTP/1.1" 200 212 "http://bakingsecurityin.com" "Mozilla/5.0 (Macintosh; Intel Mac OS X 10_15_7; rv:128.0) Gecko/20100101 Firefox/128.0"
198.54.114.83 - - [01/Apr/2025:08:39:33 -0400] "POST /wp-cron.php?doing_wp_cron=1743511173.3187179565429687500000 HTTP/1.1" 200 0 "-" "WordPress/6.7.2; https://bakingsecurityin.com"
216.244.66.236 - - [01/Apr/2025:08:39:30 -0400] "GET /how-to-choose-a-custom-socks-manufacturer/ HTTP/1.1" 200 0 "-" "Mozilla/5.0 (compatible; DotBot/1.2; +https://opensiteexplorer.org/dotbot; help@moz.com)"
198.54.114.83 - - [01/Apr/2025:08:45:52 -0400] "POST /wp-cron.php?doing_wp_cron=1743511552.4226949214935302734375 HTTP/1.1" 200 0 "-" "WordPress/6.7.2; https://bakingsecurityin.com"
142.93.15.2 - - [01/Apr/2025:08:45:49 -0400] "POST /xmlrpc.php HTTP/1.1" 200 212 "http://bakingsecurityin.com" "Mozilla/5.0 (Macintosh; Intel Mac OS X 10_15_7) AppleWebKit/537.36 (KHTML, like Gecko) Chrome/115.0.5790.102 Safari/537.36"
196.251.80.22 - - [01/Apr/2025:09:03:24 -0400] "POST /wp-plain.php HTTP/1.1" 404 0 "www.google.com" "Mozilla/5.0 (Linux; Android 7.0; SM-G892A Bulid/NRD90M; wv) AppleWebKit/537.36 (KHTML, like Gecko) Version/4.0 Chrome/60.0.3112.107 Moblie Safari/537.36"
196.251.80.22 - - [01/Apr/2025:09:03:24 -0400] "GET /wp-content/plugins/fix/up.php HTTP/1.1" 404 0 "-" "Mozilla/5.0 (Windows NT 10.0; Win64; x64) AppleWebKit/537.36 (KHTML, like Gecko) Chrome/85.0.4183.102 Safari/537.36"
196.251.80.22 - - [01/Apr/2025:09:03:24 -0400] "GET /wp-content/themes/seotheme/db.php?u HTTP/1.1" 404 0 "www.google.com" "Mozlila/5.0 (Linux; Android 7.0; SM-G892A Bulid/NRD90M; wv) AppleWebKit/537.36 (KHTML, like Gecko) Version/4.0 Chrome/60.0.3112.107 Moblie Safari/537.36"
196.251.80.22 - - [01/Apr/2025:09:03:24 -0400] "GET / HTTP/1.1" 200 0 "-" "Mozlila/5.0 (Linux; Android 7.0; SM-G892A Bulid/NRD90M; wv) AppleWebKit/537.36 (KHTML, like Gecko) Version/4.0 Chrome/60.0.3112.107 Moblie Safari/537.36"
196.251.80.22 - - [01/Apr/2025:09:03:24 -0400] "POST /ALFA_DATA/alfacgiapi/perl.alfa HTTP/1.1" 404 0 "www.google.com" "Mozlila/5.0 (Linux; Android 7.0; SM-G892A Bulid/NRD90M; wv) AppleWebKit/537.36 (KHTML, like Gecko) Version/4.0 Chrome/60.0.3112.107 Moblie Safari/537.36"
198.54.114.83 - - [01/Apr/2025:09:03:27 -0400] "POST /wp-cron.php?doing_wp_cron=1743512605.4020669460296630859375 HTTP/1.1" 200 0 "-" "WordPress/6.7.2; https://bakingsecurityin.com"
198.54.114.83 - - [01/Apr/2025:09:03:27 -0400] "POST /wp-cron.php?doing_wp_cron=1743512605.4021060466766357421875 HTTP/1.1" 200 0 "-" "WordPress/6.7.2; https://bakingsecurityin.com"
198.54.114.83 - - [01/Apr/2025:09:03:27 -0400] "POST /wp-cron.php?doing_wp_cron=1743512605.4324760437011718750000 HTTP/1.1" 200 0 "-" "WordPress/6.7.2; https://bakingsecurityin.com"
198.54.114.83 - - [01/Apr/2025:09:03:27 -0400] "POST /wp-cron.php?doing_wp_cron=1743512605.4310629367828369140625 HTTP/1.1" 200 0 "-" "WordPress/6.7.2; https://bakingsecurityin.com"
198.54.114.83 - - [01/Apr/2025:09:03:27 -0400] "POST /wp-cron.php?doing_wp_cron=1743512605.4386830329895019531250 HTTP/1.1" 200 0 "-" "WordPress/6.7.2; https://bakingsecurityin.com"
196.251.80.22 - - [01/Apr/2025:09:03:28 -0400] "GET /foxkbisu.php?Fox=d3wL7 HTTP/1.1" 404 0 "www.google.com" "Mozilla/5.0 (Linux; Android 7.0; SM-G892A Bulid/NRD90M; wv) AppleWebKit/537.36 (KHTML, like Gecko) Version/4.0 Chrome/60.0.3112.107 Moblie Safari/537.36"
196.251.80.22 - - [01/Apr/2025:09:03:28 -0400] "POST /alfacgiapi/perl.alfa HTTP/1.1" 404 0 "www.google.com" "Mozlila/5.0 (Linux; Android 7.0; SM-G892A Bulid/NRD90M; wv) AppleWebKit/537.36 (KHTML, like Gecko) Version/4.0 Chrome/60.0.3112.107 Moblie Safari/537.36"
198.54.114.83 - - [01/Apr/2025:09:13:08 -0400] "POST /wp-cron.php?doing_wp_cron=1743513188.3721940517425537109375 HTTP/1.1" 200 0 "-" "WordPress/6.7.2; https://bakingsecurityin.com"
