216.244.66.236 - - [08/Apr/2025:17:43:12 -0400] "GET /robots.txt HTTP/1.1" 304 0 "-" "Mozilla/5.0 (compatible; DotBot/1.2; +https://opensiteexplorer.org/dotbot; help@moz.com)"
198.54.114.83 - - [08/Apr/2025:17:45:28 -0400] "POST /wp-cron.php?doing_wp_cron=1744148727.2402589321136474609375 HTTP/1.1" 200 0 "-" "WordPress/6.7.2; https://bakingsecurityin.com"
162.254.39.79 - - [08/Apr/2025:17:45:23 -0400] "POST /wp-login.php HTTP/1.1" 302 0 "http://bakingsecurityin.com" "Mozilla/5.0 (Macintosh; Intel Mac OS X 14_4_1) AppleWebKit/605.1.15 (KHTML, like Gecko) Version/17.3.1 Safari/605.1.15"
198.54.114.83 - - [08/Apr/2025:17:52:04 -0400] "POST /wp-cron.php?doing_wp_cron=1744149124.0202269554138183593750 HTTP/1.1" 200 0 "-" "WordPress/6.7.2; https://bakingsecurityin.com"
185.204.169.102 - - [08/Apr/2025:17:52:03 -0400] "POST /wp-login.php HTTP/1.1" 302 0 "http://bakingsecurityin.com" "Mozilla/5.0 (Windows NT 11.0; Win64; x64) AppleWebKit/537.36 (KHTML, like Gecko) Chrome/126.0.0.0 Safari/537.36"
216.244.66.236 - - [08/Apr/2025:17:54:12 -0400] "GET /norcold-refrigerator-parts/ HTTP/1.1" 200 0 "-" "Mozilla/5.0 (compatible; DotBot/1.2; +https://opensiteexplorer.org/dotbot; help@moz.com)"
198.54.114.83 - - [08/Apr/2025:17:54:19 -0400] "POST /wp-cron.php?doing_wp_cron=1744149257.7402698993682861328125 HTTP/1.1" 200 0 "-" "WordPress/6.7.2; https://bakingsecurityin.com"
198.54.114.83 - - [08/Apr/2025:17:55:25 -0400] "POST /wp-cron.php?doing_wp_cron=1744149325.3884449005126953125000 HTTP/1.1" 200 0 "-" "WordPress/6.7.2; https://bakingsecurityin.com"
216.244.66.236 - - [08/Apr/2025:17:55:25 -0400] "GET /how-to-zoom-on-tiktok/feed/ HTTP/1.1" 200 430 "-" "Mozilla/5.0 (compatible; DotBot/1.2; +https://opensiteexplorer.org/dotbot; help@moz.com)"
185.88.154.204 - - [08/Apr/2025:17:56:00 -0400] "POST /xmlrpc.php HTTP/1.1" 200 236 "-" "Mozilla/5.0 (X11; Fedora; Linux x86_64; rv:94.0) Gecko/20100101 Firefox/95.0"
216.244.66.236 - - [08/Apr/2025:17:56:54 -0400] "GET /the-art-of-cryptocurrency-trading/feed/ HTTP/1.1" 200 435 "-" "Mozilla/5.0 (compatible; DotBot/1.2; +https://opensiteexplorer.org/dotbot; help@moz.com)"
198.54.114.83 - - [08/Apr/2025:17:56:56 -0400] "POST /wp-cron.php?doing_wp_cron=1744149414.4634110927581787109375 HTTP/1.1" 200 0 "-" "WordPress/6.7.2; https://bakingsecurityin.com"
216.244.66.236 - - [08/Apr/2025:18:00:59 -0400] "GET /how-to-prevent-thread-galling/feed/ HTTP/1.1" 200 434 "-" "Mozilla/5.0 (compatible; DotBot/1.2; +https://opensiteexplorer.org/dotbot; help@moz.com)"
198.54.114.83 - - [08/Apr/2025:18:01:35 -0400] "POST /wp-cron.php?doing_wp_cron=1744149695.3997719287872314453125 HTTP/1.1" 200 0 "-" "WordPress/6.7.2; https://bakingsecurityin.com"
216.244.66.236 - - [08/Apr/2025:18:01:35 -0400] "GET /elevated-living-exploring-the-charms-of-park-hill-condo/feed/ HTTP/1.1" 200 470 "-" "Mozilla/5.0 (compatible; DotBot/1.2; +https://opensiteexplorer.org/dotbot; help@moz.com)"
85.208.98.23 - - [08/Apr/2025:18:26:43 -0400] "GET /robots.txt HTTP/1.1" 304 0 "-" "Mozilla/5.0 (compatible; SemrushBot-BA; +http://www.semrush.com/bot.html)"
216.244.66.236 - - [08/Apr/2025:18:30:42 -0400] "GET /robots.txt HTTP/1.1" 304 0 "-" "Mozilla/5.0 (compatible; DotBot/1.2; +https://opensiteexplorer.org/dotbot; help@moz.com)"
216.244.66.236 - - [08/Apr/2025:18:42:39 -0400] "GET /the-benefits-of-sports-grip-socks/ HTTP/1.1" 200 0 "-" "Mozilla/5.0 (compatible; DotBot/1.2; +https://opensiteexplorer.org/dotbot; help@moz.com)"
216.244.66.236 - - [08/Apr/2025:18:42:56 -0400] "GET /le-tazze-personalizzate-sono-un-ottimo-modo-per-mostrare-la-tua-personalita/ HTTP/1.1" 200 0 "-" "Mozilla/5.0 (compatible; DotBot/1.2; +https://opensiteexplorer.org/dotbot; help@moz.com)"
216.244.66.236 - - [08/Apr/2025:18:43:30 -0400] "GET /affordable-dental-insurance-meets-your-dental-needs/ HTTP/1.1" 200 0 "-" "Mozilla/5.0 (compatible; DotBot/1.2; +https://opensiteexplorer.org/dotbot; help@moz.com)"
198.54.114.83 - - [08/Apr/2025:18:43:36 -0400] "POST /wp-cron.php?doing_wp_cron=1744152210.9843308925628662109375 HTTP/1.1" 200 0 "-" "WordPress/6.7.2; https://bakingsecurityin.com"
213.136.84.43 - - [08/Apr/2025:18:45:19 -0400] "POST /xmlrpc.php HTTP/1.1" 200 236 "-" "Mozilla/5.0 (X11; Fedora; Linux x86_64; rv:94.0) Gecko/20100101 Firefox/95.0"
198.54.114.83 - - [08/Apr/2025:18:45:27 -0400] "POST /wp-cron.php?doing_wp_cron=1744152323.7642109394073486328125 HTTP/1.1" 200 0 "-" "WordPress/6.7.2; https://bakingsecurityin.com"
216.244.66.236 - - [08/Apr/2025:18:47:50 -0400] "GET /pharma-shopping-how-consumers-can-save-on-prescription-drugs/ HTTP/1.1" 301 0 "-" "Mozilla/5.0 (compatible; DotBot/1.2; +https://opensiteexplorer.org/dotbot; help@moz.com)"
198.54.114.83 - - [08/Apr/2025:18:47:55 -0400] "POST /wp-cron.php?doing_wp_cron=1744152470.2993500232696533203125 HTTP/1.1" 200 0 "-" "WordPress/6.7.2; https://bakingsecurityin.com"
216.244.66.236 - - [08/Apr/2025:19:18:51 -0400] "GET /robots.txt HTTP/1.1" 200 116 "-" "Mozilla/5.0 (compatible; DotBot/1.2; +https://opensiteexplorer.org/dotbot; help@moz.com)"
162.142.125.195 - - [08/Apr/2025:19:20:39 -0400] "GET / HTTP/1.1" 200 0 "-" "Mozilla/5.0 (compatible; CensysInspect/1.1; +https://about.censys.io/)"
2620:96:e000::c3 - - [08/Apr/2025:19:20:48 -0400] "GET /favicon.ico HTTP/1.1" 404 1251 "-" "Mozilla/5.0 (compatible; CensysInspect/1.1; +https://about.censys.io/)"
2620:96:e000::c3 - - [08/Apr/2025:19:21:10 -0400] "GET /favicon.ico HTTP/1.1" 404 1251 "-" "Mozilla/5.0 (compatible; CensysInspect/1.1; +https://about.censys.io/)"
216.244.66.236 - - [08/Apr/2025:19:27:38 -0400] "GET /ihr-umzugspartner-in-luneburg-professionelle-umzugsdienste/ HTTP/1.1" 200 0 "-" "Mozilla/5.0 (compatible; DotBot/1.2; +https://opensiteexplorer.org/dotbot; help@moz.com)"
198.54.114.83 - - [08/Apr/2025:19:27:42 -0400] "POST /wp-cron.php?doing_wp_cron=1744154859.4865651130676269531250 HTTP/1.1" 200 0 "-" "WordPress/6.7.2; https://bakingsecurityin.com"
216.244.66.236 - - [08/Apr/2025:19:32:06 -0400] "GET /custom-sports-team-socks/feed/ HTTP/1.1" 200 425 "-" "Mozilla/5.0 (compatible; DotBot/1.2; +https://opensiteexplorer.org/dotbot; help@moz.com)"
198.54.114.83 - - [08/Apr/2025:19:32:13 -0400] "POST /wp-cron.php?doing_wp_cron=1744155130.4505059719085693359375 HTTP/1.1" 200 0 "-" "WordPress/6.7.2; https://bakingsecurityin.com"
198.54.114.83 - - [08/Apr/2025:19:38:25 -0400] "POST /wp-cron.php?doing_wp_cron=1744155504.9090809822082519531250 HTTP/1.1" 200 0 "-" "WordPress/6.7.2; https://bakingsecurityin.com"
148.72.214.194 - - [08/Apr/2025:19:38:19 -0400] "POST /xmlrpc.php HTTP/1.1" 200 236 "-" "Mozilla/5.0 (X11; Fedora; Linux x86_64; rv:94.0) Gecko/20100101 Firefox/95.0"
198.54.114.83 - - [08/Apr/2025:19:51:13 -0400] "POST /wp-cron.php?doing_wp_cron=1744156271.7807788848876953125000 HTTP/1.1" 200 0 "-" "WordPress/6.7.2; https://bakingsecurityin.com"
52.170.78.113 - - [08/Apr/2025:19:51:07 -0400] "GET /autoload_classmap.php HTTP/1.1" 404 0 "-" "-"
52.170.78.113 - - [08/Apr/2025:19:51:13 -0400] "GET /post.php HTTP/1.1" 404 0 "-" "-"
198.54.114.83 - - [08/Apr/2025:19:51:16 -0400] "POST /wp-cron.php?doing_wp_cron=1744156275.7337250709533691406250 HTTP/1.1" 200 0 "-" "WordPress/6.7.2; https://bakingsecurityin.com"
52.170.78.113 - - [08/Apr/2025:19:51:15 -0400] "GET /1.php HTTP/1.1" 404 0 "-" "-"
52.170.78.113 - - [08/Apr/2025:19:51:17 -0400] "GET /flower.php HTTP/1.1" 404 0 "-" "-"
52.170.78.113 - - [08/Apr/2025:19:51:19 -0400] "GET /admin.php HTTP/1.1" 404 0 "-" "-"
52.170.78.113 - - [08/Apr/2025:19:51:20 -0400] "GET /file.php HTTP/1.1" 404 0 "-" "-"
52.170.78.113 - - [08/Apr/2025:19:51:22 -0400] "GET /meta.php HTTP/1.1" 404 0 "-" "-"
52.170.78.113 - - [08/Apr/2025:19:51:23 -0400] "GET /index.php HTTP/1.1" 301 0 "-" "-"
52.170.78.113 - - [08/Apr/2025:19:51:25 -0400] "GET / HTTP/1.1" 200 0 "-" "-"
52.170.78.113 - - [08/Apr/2025:19:51:26 -0400] "GET /yindu.php HTTP/1.1" 404 0 "-" "-"
52.170.78.113 - - [08/Apr/2025:19:51:27 -0400] "GET /about.php HTTP/1.1" 404 0 "-" "-"
52.170.78.113 - - [08/Apr/2025:19:51:29 -0400] "GET /randkeyword.php HTTP/1.1" 404 0 "-" "-"
52.170.78.113 - - [08/Apr/2025:19:51:30 -0400] "GET /goods.php HTTP/1.1" 404 0 "-" "-"
52.170.78.113 - - [08/Apr/2025:19:51:31 -0400] "GET /hehe.php HTTP/1.1" 404 0 "-" "-"
52.170.78.113 - - [08/Apr/2025:19:51:33 -0400] "GET /user.php HTTP/1.1" 404 0 "-" "-"
52.170.78.113 - - [08/Apr/2025:19:51:34 -0400] "GET /wp-2019.php HTTP/1.1" 404 0 "-" "-"
52.170.78.113 - - [08/Apr/2025:19:51:36 -0400] "GET /chosen.php HTTP/1.1" 404 0 "-" "-"
52.170.78.113 - - [08/Apr/2025:19:51:38 -0400] "GET /functions.php HTTP/1.1" 404 0 "-" "-"
52.170.78.113 - - [08/Apr/2025:19:51:40 -0400] "GET /cron.php HTTP/1.1" 404 0 "-" "-"
52.170.78.113 - - [08/Apr/2025:19:51:42 -0400] "GET /edit.php HTTP/1.1" 404 0 "-" "-"
52.170.78.113 - - [08/Apr/2025:19:51:43 -0400] "GET /gecko-new.php HTTP/1.1" 404 0 "-" "-"
52.170.78.113 - - [08/Apr/2025:19:51:44 -0400] "GET /cookie.php HTTP/1.1" 404 0 "-" "-"
52.170.78.113 - - [08/Apr/2025:19:51:48 -0400] "GET /xleet.php HTTP/1.1" 404 0 "-" "-"
52.170.78.113 - - [08/Apr/2025:19:51:50 -0400] "GET /spip.php HTTP/1.1" 404 0 "-" "-"
52.170.78.113 - - [08/Apr/2025:19:51:52 -0400] "GET /22.php HTTP/1.1" 404 0 "-" "-"
52.170.78.113 - - [08/Apr/2025:19:51:54 -0400] "GET /room.php HTTP/1.1" 404 0 "-" "-"
52.170.78.113 - - [08/Apr/2025:19:51:56 -0400] "GET /disagreed.php HTTP/1.1" 404 0 "-" "-"
52.170.78.113 - - [08/Apr/2025:19:51:56 -0400] "GET /text.php HTTP/1.1" 404 0 "-" "-"
52.170.78.113 - - [08/Apr/2025:19:51:59 -0400] "GET /alfa-rex.php HTTP/1.1" 404 0 "-" "-"
52.170.78.113 - - [08/Apr/2025:19:52:00 -0400] "GET /alfa-rex.php7 HTTP/1.1" 404 0 "-" "-"
52.170.78.113 - - [08/Apr/2025:19:52:02 -0400] "GET /feeds.php HTTP/1.1" 404 0 "-" "-"
52.170.78.113 - - [08/Apr/2025:19:52:04 -0400] "GET /radio.php HTTP/1.1" 404 0 "-" "-"
52.170.78.113 - - [08/Apr/2025:19:52:05 -0400] "GET /dropdown.php HTTP/1.1" 404 0 "-" "-"
52.170.78.113 - - [08/Apr/2025:19:52:06 -0400] "GET /defaults.php HTTP/1.1" 404 0 "-" "-"
52.170.78.113 - - [08/Apr/2025:19:52:08 -0400] "GET /system.php HTTP/1.1" 404 0 "-" "-"
52.170.78.113 - - [08/Apr/2025:19:52:09 -0400] "GET /xmlrpc.php HTTP/1.1" 405 60 "-" "-"
52.170.78.113 - - [08/Apr/2025:19:52:11 -0400] "GET /xmlrpc.php0 HTTP/1.1" 404 0 "-" "-"
52.170.78.113 - - [08/Apr/2025:19:52:12 -0400] "GET /colors.php HTTP/1.1" 404 0 "-" "-"
52.170.78.113 - - [08/Apr/2025:19:52:13 -0400] "GET /updates.php HTTP/1.1" 404 0 "-" "-"
52.170.78.113 - - [08/Apr/2025:19:52:14 -0400] "GET /alfa-rex1.php HTTP/1.1" 404 0 "-" "-"
52.170.78.113 - - [08/Apr/2025:19:52:15 -0400] "GET /wp-index.php HTTP/1.1" 404 0 "-" "-"
198.54.114.83 - - [08/Apr/2025:19:52:18 -0400] "POST /wp-cron.php?doing_wp_cron=1744156337.1016740798950195312500 HTTP/1.1" 200 0 "-" "WordPress/6.7.2; https://bakingsecurityin.com"
52.170.78.113 - - [08/Apr/2025:19:52:16 -0400] "GET /wp-admin.php HTTP/1.1" 404 0 "-" "-"
52.170.78.113 - - [08/Apr/2025:19:52:18 -0400] "GET /alfa.php HTTP/1.1" 404 0 "-" "-"
52.170.78.113 - - [08/Apr/2025:19:52:20 -0400] "GET /alfanew.php7 HTTP/1.1" 404 0 "-" "-"
52.170.78.113 - - [08/Apr/2025:19:52:20 -0400] "GET /locale.php HTTP/1.1" 404 0 "-" "-"
52.170.78.113 - - [08/Apr/2025:19:52:21 -0400] "GET /wxo.php HTTP/1.1" 404 0 "-" "-"
52.170.78.113 - - [08/Apr/2025:19:52:24 -0400] "GET /colour.php HTTP/1.1" 404 0 "-" "-"
52.170.78.113 - - [08/Apr/2025:19:52:24 -0400] "GET /files.php HTTP/1.1" 404 0 "-" "-"
52.170.78.113 - - [08/Apr/2025:19:52:25 -0400] "GET /install.php HTTP/1.1" 404 0 "-" "-"
52.170.78.113 - - [08/Apr/2025:19:52:27 -0400] "GET /wp-contentt.php HTTP/1.1" 404 0 "-" "-"
52.170.78.113 - - [08/Apr/2025:19:52:28 -0400] "GET /config.php7 HTTP/1.1" 404 0 "-" "-"
52.170.78.113 - - [08/Apr/2025:19:52:29 -0400] "GET /config.php HTTP/1.1" 404 0 "-" "-"
52.170.78.113 - - [08/Apr/2025:19:52:30 -0400] "GET /theme.php HTTP/1.1" 404 0 "-" "-"
52.170.78.113 - - [08/Apr/2025:19:52:30 -0400] "GET /block-bindings.php HTTP/1.1" 404 0 "-" "-"
52.170.78.113 - - [08/Apr/2025:19:52:31 -0400] "GET /class_api.php HTTP/1.1" 404 0 "-" "-"
52.170.78.113 - - [08/Apr/2025:19:52:32 -0400] "GET /inputs.php HTTP/1.1" 404 0 "-" "-"
52.170.78.113 - - [08/Apr/2025:19:52:32 -0400] "GET /root.php HTTP/1.1" 404 0 "-" "-"
52.170.78.113 - - [08/Apr/2025:19:52:32 -0400] "GET /menu.php HTTP/1.1" 404 0 "-" "-"
52.170.78.113 - - [08/Apr/2025:19:52:33 -0400] "GET /plugin.php HTTP/1.1" 404 0 "-" "-"
52.170.78.113 - - [08/Apr/2025:19:52:35 -0400] "GET /cloud.php HTTP/1.1" 404 0 "-" "-"
52.170.78.113 - - [08/Apr/2025:19:52:36 -0400] "GET /configs.php HTTP/1.1" 404 0 "-" "-"
52.170.78.113 - - [08/Apr/2025:19:52:37 -0400] "GET /wp-configs.php HTTP/1.1" 404 0 "-" "-"
52.170.78.113 - - [08/Apr/2025:19:52:38 -0400] "GET /update.php HTTP/1.1" 404 0 "-" "-"
52.170.78.113 - - [08/Apr/2025:19:52:39 -0400] "GET /2.php HTTP/1.1" 404 0 "-" "-"
52.170.78.113 - - [08/Apr/2025:19:52:41 -0400] "GET /input.php HTTP/1.1" 404 0 "-" "-"
52.170.78.113 - - [08/Apr/2025:19:52:42 -0400] "GET /aaa.php HTTP/1.1" 404 0 "-" "-"
172.176.72.198 - - [08/Apr/2025:20:03:09 -0400] "HEAD /wordpress HTTP/1.1" 301 0 "-" "Mozilla/5.0 (Windows NT 10.0; Win64; x64) AppleWebKit/537.36 (KHTML, like Gecko) Chrome/74.0.3729.169 Safari/537.36"
172.176.72.198 - - [08/Apr/2025:20:03:09 -0400] "HEAD /wordpress/ HTTP/1.1" 403 0 "http://bakingsecurityin.com/wordpress" "Mozilla/5.0 (Windows NT 10.0; Win64; x64) AppleWebKit/537.36 (KHTML, like Gecko) Chrome/74.0.3729.169 Safari/537.36"
198.54.114.83 - - [08/Apr/2025:20:03:14 -0400] "POST /wp-cron.php?doing_wp_cron=1744156993.8732891082763671875000 HTTP/1.1" 200 0 "-" "WordPress/6.7.2; https://bakingsecurityin.com"
172.176.72.198 - - [08/Apr/2025:20:03:10 -0400] "HEAD / HTTP/1.1" 200 0 "-" "Mozilla/5.0 (Windows NT 10.0; Win64; x64) AppleWebKit/537.36 (KHTML, like Gecko) Chrome/74.0.3729.169 Safari/537.36"
172.176.72.198 - - [08/Apr/2025:20:03:15 -0400] "HEAD /wp HTTP/1.1" 404 0 "-" "Mozilla/5.0 (Windows NT 10.0; Win64; x64) AppleWebKit/537.36 (KHTML, like Gecko) Chrome/74.0.3729.169 Safari/537.36"
172.176.72.198 - - [08/Apr/2025:20:03:16 -0400] "HEAD /bc HTTP/1.1" 404 0 "-" "Mozilla/5.0 (Windows NT 10.0; Win64; x64) AppleWebKit/537.36 (KHTML, like Gecko) Chrome/74.0.3729.169 Safari/537.36"
172.176.72.198 - - [08/Apr/2025:20:03:17 -0400] "HEAD /bk HTTP/1.1" 404 0 "-" "Mozilla/5.0 (Windows NT 10.0; Win64; x64) AppleWebKit/537.36 (KHTML, like Gecko) Chrome/74.0.3729.169 Safari/537.36"
172.176.72.198 - - [08/Apr/2025:20:03:19 -0400] "HEAD /backup HTTP/1.1" 404 0 "-" "Mozilla/5.0 (Windows NT 10.0; Win64; x64) AppleWebKit/537.36 (KHTML, like Gecko) Chrome/74.0.3729.169 Safari/537.36"
172.176.72.198 - - [08/Apr/2025:20:03:20 -0400] "HEAD /old HTTP/1.1" 404 0 "-" "Mozilla/5.0 (Windows NT 10.0; Win64; x64) AppleWebKit/537.36 (KHTML, like Gecko) Chrome/74.0.3729.169 Safari/537.36"
172.176.72.198 - - [08/Apr/2025:20:03:21 -0400] "HEAD /new HTTP/1.1" 301 0 "-" "Mozilla/5.0 (Windows NT 10.0; Win64; x64) AppleWebKit/537.36 (KHTML, like Gecko) Chrome/74.0.3729.169 Safari/537.36"
172.176.72.198 - - [08/Apr/2025:20:03:25 -0400] "HEAD /main HTTP/1.1" 404 0 "-" "Mozilla/5.0 (Windows NT 10.0; Win64; x64) AppleWebKit/537.36 (KHTML, like Gecko) Chrome/74.0.3729.169 Safari/537.36"
172.176.72.198 - - [08/Apr/2025:20:03:26 -0400] "HEAD /home HTTP/1.1" 404 0 "-" "Mozilla/5.0 (Windows NT 10.0; Win64; x64) AppleWebKit/537.36 (KHTML, like Gecko) Chrome/74.0.3729.169 Safari/537.36"
216.244.66.236 - - [08/Apr/2025:20:07:02 -0400] "GET /robots.txt HTTP/1.1" 304 0 "-" "Mozilla/5.0 (compatible; DotBot/1.2; +https://opensiteexplorer.org/dotbot; help@moz.com)"
212.30.36.142 - - [08/Apr/2025:20:13:38 -0400] "GET /how-does-red-light-therapy-work/ HTTP/1.1" 200 0 "http://bakingsecurityin.com/how-does-red-light-therapy-work/" "Mozilla/5.0 (Windows NT 10.0; Win64; x64) AppleWebKit/537.36 (KHTML, like Gecko) Chrome/129.0.0.0 Safari/537.36"
198.54.114.83 - - [08/Apr/2025:20:13:41 -0400] "POST /wp-cron.php?doing_wp_cron=1744157621.8236310482025146484375 HTTP/1.1" 200 0 "-" "WordPress/6.7.2; https://bakingsecurityin.com"
212.30.36.168 - - [08/Apr/2025:20:13:39 -0400] "GET / HTTP/1.1" 200 0 "http://bakingsecurityin.com/" "Mozilla/5.0 (Windows NT 10.0; Win64; x64) AppleWebKit/537.36 (KHTML, like Gecko) Chrome/129.0.0.0 Safari/537.36"
198.54.114.83 - - [08/Apr/2025:20:17:24 -0400] "POST /wp-cron.php?doing_wp_cron=1744157844.8044741153717041015625 HTTP/1.1" 200 0 "-" "WordPress/6.7.2; https://bakingsecurityin.com"
216.244.66.236 - - [08/Apr/2025:20:17:22 -0400] "GET /review-of-the-relx-vape-pods/ HTTP/1.1" 200 0 "-" "Mozilla/5.0 (compatible; DotBot/1.2; +https://opensiteexplorer.org/dotbot; help@moz.com)"
216.244.66.236 - - [08/Apr/2025:20:17:52 -0400] "GET /what-you-should-know-about-a-tummy-tuck/feed/ HTTP/1.1" 200 454 "-" "Mozilla/5.0 (compatible; DotBot/1.2; +https://opensiteexplorer.org/dotbot; help@moz.com)"
216.244.66.236 - - [08/Apr/2025:20:20:54 -0400] "GET /how-to-remix-a-snap/feed/ HTTP/1.1" 200 426 "-" "Mozilla/5.0 (compatible; DotBot/1.2; +https://opensiteexplorer.org/dotbot; help@moz.com)"
195.191.219.131 - - [08/Apr/2025:20:47:53 -0400] "GET /robots.txt HTTP/1.1" 200 116 "-" "Mozilla/5.0 (compatible; MJ12bot/v2.0.0; http://mj12bot.com/)"
198.54.114.83 - - [08/Apr/2025:20:47:59 -0400] "POST /wp-cron.php?doing_wp_cron=1744159678.5811150074005126953125 HTTP/1.1" 200 0 "-" "WordPress/6.7.2; https://bakingsecurityin.com"
195.191.219.131 - - [08/Apr/2025:20:47:55 -0400] "GET / HTTP/1.1" 200 0 "-" "Mozilla/5.0 (compatible; MJ12bot/v2.0.0; http://mj12bot.com/)"
146.70.160.254 - - [08/Apr/2025:20:50:41 -0400] "GET /wp-includes/js/jquery/jquery.js HTTP/1.1" 200 102492 "-" "-"
85.208.98.23 - - [08/Apr/2025:20:55:32 -0400] "GET /robots.txt HTTP/1.1" 304 0 "-" "Mozilla/5.0 (compatible; SemrushBot-BA; +http://www.semrush.com/bot.html)"
198.54.114.83 - - [08/Apr/2025:21:40:16 -0400] "POST /wp-cron.php?doing_wp_cron=1744162816.2519330978393554687500 HTTP/1.1" 200 0 "-" "WordPress/6.7.2; https://bakingsecurityin.com"
185.7.214.130 - - [08/Apr/2025:21:40:16 -0400] "GET / HTTP/1.1" 200 0 "http://bakingsecurityin.com/" "Mozilla/5.0 (Windows NT 10.0; Win64; x64) AppleWebKit/537.36 (KHTML, like Gecko) Chrome/131.0.0.0 Safari/537.36 Avast/131.0.0.0"
216.244.66.236 - - [08/Apr/2025:21:41:34 -0400] "GET /robots.txt HTTP/1.1" 304 0 "-" "Mozilla/5.0 (compatible; DotBot/1.2; +https://opensiteexplorer.org/dotbot; help@moz.com)"
2600:1f18:40c9:5600:19bb:f906:ce5b:bd11 - - [08/Apr/2025:21:41:35 -0400] "POST /xmlrpc.php HTTP/1.1" 200 236 "-" "Mozilla/5.0 (X11; Fedora; Linux x86_64; rv:94.0) Gecko/20100101 Firefox/95.0"
40.77.167.108 - - [08/Apr/2025:21:44:19 -0400] "GET /robots.txt HTTP/1.1" 304 0 "-" "Mozilla/5.0 AppleWebKit/537.36 (KHTML, like Gecko; compatible; bingbot/2.0; +http://www.bing.com/bingbot.htm) Chrome/116.0.1938.76 Safari/537.36"
198.54.114.83 - - [08/Apr/2025:21:44:30 -0400] "POST /wp-cron.php?doing_wp_cron=1744163069.9920859336853027343750 HTTP/1.1" 200 0 "-" "WordPress/6.7.2; https://bakingsecurityin.com"
52.167.144.169 - - [08/Apr/2025:21:44:29 -0400] "GET /sitemap.xml HTTP/1.1" 301 0 "-" "Mozilla/5.0 AppleWebKit/537.36 (KHTML, like Gecko; compatible; bingbot/2.0; +http://www.bing.com/bingbot.htm) Chrome/116.0.1938.76 Safari/537.36"
198.54.114.83 - - [08/Apr/2025:21:52:14 -0400] "POST /wp-cron.php?doing_wp_cron=1744163533.3527920246124267578125 HTTP/1.1" 200 0 "-" "WordPress/6.7.2; https://bakingsecurityin.com"
216.244.66.236 - - [08/Apr/2025:21:52:10 -0400] "GET /audit-engagement-letter-sample/ HTTP/1.1" 200 0 "-" "Mozilla/5.0 (compatible; DotBot/1.2; +https://opensiteexplorer.org/dotbot; help@moz.com)"
216.244.66.236 - - [08/Apr/2025:21:53:02 -0400] "GET /what-is-a-thailand-privilege-visa/feed/ HTTP/1.1" 200 440 "-" "Mozilla/5.0 (compatible; DotBot/1.2; +https://opensiteexplorer.org/dotbot; help@moz.com)"
198.54.114.83 - - [08/Apr/2025:21:53:22 -0400] "POST /wp-cron.php?doing_wp_cron=1744163602.3258039951324462890625 HTTP/1.1" 200 0 "-" "WordPress/6.7.2; https://bakingsecurityin.com"
216.244.66.236 - - [08/Apr/2025:21:53:22 -0400] "GET /atas-accredited-travel-agents/ HTTP/1.1" 200 0 "-" "Mozilla/5.0 (compatible; DotBot/1.2; +https://opensiteexplorer.org/dotbot; help@moz.com)"
185.103.39.36 - - [08/Apr/2025:22:02:18 -0400] "POST /wp-login.php HTTP/1.1" 302 0 "http://bakingsecurityin.com" "Mozilla/5.0 (Macintosh; Intel Mac OS X 10_15_7) AppleWebKit/537.36 (KHTML, like Gecko) Chrome/113.0.5672.93 Safari/537.36"
198.54.114.83 - - [08/Apr/2025:22:08:29 -0400] "POST /wp-cron.php?doing_wp_cron=1744164508.3924989700317382812500 HTTP/1.1" 200 0 "-" "WordPress/6.7.2; https://bakingsecurityin.com"
47.244.50.243 - - [08/Apr/2025:22:08:24 -0400] "POST /wp-login.php HTTP/1.1" 302 0 "http://bakingsecurityin.com" "Mozilla/5.0 (Macintosh; Intel Mac OS X 14_6) AppleWebKit/605.1.15 (KHTML, like Gecko) Version/17.5 Safari/605.1.15"
185.204.169.102 - - [08/Apr/2025:22:14:36 -0400] "POST /wp-login.php HTTP/1.1" 302 0 "http://bakingsecurityin.com" "Mozilla/5.0 (Windows NT 10.0; Win64; x64) AppleWebKit/537.36 (KHTML, like Gecko) Chrome/114.0.5735.199 Safari/537.36 Edg/114.0.1823.67"
199.188.200.139 - - [08/Apr/2025:22:20:51 -0400] "POST /wp-login.php HTTP/1.1" 302 0 "http://bakingsecurityin.com" "Mozilla/5.0 (Windows NT 10.0; Win64; x64; rv:125.0.1) Gecko/20100101 Firefox/125.0.1"
198.54.114.83 - - [08/Apr/2025:22:20:57 -0400] "POST /wp-cron.php?doing_wp_cron=1744165255.5618700981140136718750 HTTP/1.1" 200 0 "-" "WordPress/6.7.2; https://bakingsecurityin.com"
198.54.114.83 - - [08/Apr/2025:22:27:05 -0400] "POST /wp-cron.php?doing_wp_cron=1744165624.8722829818725585937500 HTTP/1.1" 200 0 "-" "WordPress/6.7.2; https://bakingsecurityin.com"
2a10:4646:411:0:be24:11ff:fefd:3c0f - - [08/Apr/2025:22:27:01 -0400] "POST /wp-login.php HTTP/1.1" 302 0 "http://bakingsecurityin.com" "Mozilla/5.0 (Macintosh; Intel Mac OS X 10_15_7) AppleWebKit/537.36 (KHTML, like Gecko) Chrome/115.0.5790.102 Safari/537.36"
52.225.254.109 - - [08/Apr/2025:22:28:23 -0400] "HEAD /wordpress HTTP/1.1" 301 0 "-" "Mozilla/5.0 (Windows NT 10.0; Win64; x64) AppleWebKit/537.36 (KHTML, like Gecko) Chrome/74.0.3729.169 Safari/537.36"
52.225.254.109 - - [08/Apr/2025:22:28:24 -0400] "HEAD /wordpress/ HTTP/1.1" 403 0 "http://bakingsecurityin.com/wordpress" "Mozilla/5.0 (Windows NT 10.0; Win64; x64) AppleWebKit/537.36 (KHTML, like Gecko) Chrome/74.0.3729.169 Safari/537.36"
198.54.114.83 - - [08/Apr/2025:22:28:26 -0400] "POST /wp-cron.php?doing_wp_cron=1744165705.9080519676208496093750 HTTP/1.1" 200 0 "-" "WordPress/6.7.2; https://bakingsecurityin.com"
52.225.254.109 - - [08/Apr/2025:22:28:25 -0400] "HEAD / HTTP/1.1" 200 0 "-" "Mozilla/5.0 (Windows NT 10.0; Win64; x64) AppleWebKit/537.36 (KHTML, like Gecko) Chrome/74.0.3729.169 Safari/537.36"
52.225.254.109 - - [08/Apr/2025:22:28:28 -0400] "HEAD /wp HTTP/1.1" 404 0 "-" "Mozilla/5.0 (Windows NT 10.0; Win64; x64) AppleWebKit/537.36 (KHTML, like Gecko) Chrome/74.0.3729.169 Safari/537.36"
52.225.254.109 - - [08/Apr/2025:22:28:28 -0400] "HEAD /bc HTTP/1.1" 404 0 "-" "Mozilla/5.0 (Windows NT 10.0; Win64; x64) AppleWebKit/537.36 (KHTML, like Gecko) Chrome/74.0.3729.169 Safari/537.36"
52.225.254.109 - - [08/Apr/2025:22:28:30 -0400] "HEAD /bk HTTP/1.1" 404 0 "-" "Mozilla/5.0 (Windows NT 10.0; Win64; x64) AppleWebKit/537.36 (KHTML, like Gecko) Chrome/74.0.3729.169 Safari/537.36"
52.225.254.109 - - [08/Apr/2025:22:28:31 -0400] "HEAD /backup HTTP/1.1" 404 0 "-" "Mozilla/5.0 (Windows NT 10.0; Win64; x64) AppleWebKit/537.36 (KHTML, like Gecko) Chrome/74.0.3729.169 Safari/537.36"
52.225.254.109 - - [08/Apr/2025:22:28:33 -0400] "HEAD /old HTTP/1.1" 404 0 "-" "Mozilla/5.0 (Windows NT 10.0; Win64; x64) AppleWebKit/537.36 (KHTML, like Gecko) Chrome/74.0.3729.169 Safari/537.36"
52.225.254.109 - - [08/Apr/2025:22:28:34 -0400] "HEAD /new HTTP/1.1" 301 0 "-" "Mozilla/5.0 (Windows NT 10.0; Win64; x64) AppleWebKit/537.36 (KHTML, like Gecko) Chrome/74.0.3729.169 Safari/537.36"
52.225.254.109 - - [08/Apr/2025:22:28:36 -0400] "HEAD /main HTTP/1.1" 404 0 "-" "Mozilla/5.0 (Windows NT 10.0; Win64; x64) AppleWebKit/537.36 (KHTML, like Gecko) Chrome/74.0.3729.169 Safari/537.36"
52.225.254.109 - - [08/Apr/2025:22:28:38 -0400] "HEAD /home HTTP/1.1" 404 0 "-" "Mozilla/5.0 (Windows NT 10.0; Win64; x64) AppleWebKit/537.36 (KHTML, like Gecko) Chrome/74.0.3729.169 Safari/537.36"
198.54.114.83 - - [08/Apr/2025:22:33:20 -0400] "POST /wp-cron.php?doing_wp_cron=1744165999.4183940887451171875000 HTTP/1.1" 200 0 "-" "WordPress/6.7.2; https://bakingsecurityin.com"
2001:1bb0:e000:1e::96 - - [08/Apr/2025:22:33:15 -0400] "POST /wp-login.php HTTP/1.1" 302 0 "http://bakingsecurityin.com" "Mozilla/5.0 (Windows NT 11.0; Win64; x64) AppleWebKit/537.36 (KHTML, like Gecko) Chrome/126.0.0.0 Safari/537.36"
203.33.203.148 - - [08/Apr/2025:22:33:47 -0400] "GET / HTTP/1.1" 200 0 "-" "Mozilla/5.0 (iPhone; CPU iPhone OS 13_2_3 like Mac OS X) AppleWebKit/605.1.15 (KHTML, like Gecko) Version/13.0.3 Mobile/15E148 Safari/604.1"
198.54.114.83 - - [08/Apr/2025:22:39:41 -0400] "POST /wp-cron.php?doing_wp_cron=1744166380.8239979743957519531250 HTTP/1.1" 200 0 "-" "WordPress/6.7.2; https://bakingsecurityin.com"
2a01:4f8:210:20a3::2 - - [08/Apr/2025:22:39:37 -0400] "POST /wp-login.php HTTP/1.1" 302 0 "http://bakingsecurityin.com" "Mozilla/5.0 (Macintosh; Intel Mac OS X 10.15; rv:126.0) Gecko/20100101 Firefox/126.0"
23.111.188.34 - - [08/Apr/2025:22:46:02 -0400] "POST /wp-login.php HTTP/1.1" 302 0 "http://bakingsecurityin.com" "Mozilla/5.0 (Windows NT 10.0; Win64; x64; rv:129.0) Gecko/20100101 Firefox/129.0"
198.54.114.83 - - [08/Apr/2025:22:46:09 -0400] "POST /wp-cron.php?doing_wp_cron=1744166767.3093259334564208984375 HTTP/1.1" 200 0 "-" "WordPress/6.7.2; https://bakingsecurityin.com"
198.54.114.83 - - [08/Apr/2025:22:52:19 -0400] "POST /wp-cron.php?doing_wp_cron=1744167138.7469120025634765625000 HTTP/1.1" 200 0 "-" "WordPress/6.7.2; https://bakingsecurityin.com"
172.96.191.19 - - [08/Apr/2025:22:52:18 -0400] "POST /wp-login.php HTTP/1.1" 302 0 "http://bakingsecurityin.com" "Mozilla/5.0 (Macintosh; Intel Mac OS X 10_15_7) AppleWebKit/537.36 (KHTML, like Gecko) Chrome/112.0.5615.138 Safari/537.36"
198.54.114.83 - - [08/Apr/2025:22:58:46 -0400] "POST /wp-cron.php?doing_wp_cron=1744167525.3513031005859375000000 HTTP/1.1" 200 0 "-" "WordPress/6.7.2; https://bakingsecurityin.com"
162.0.235.2 - - [08/Apr/2025:22:58:41 -0400] "POST /wp-login.php HTTP/1.1" 302 0 "http://bakingsecurityin.com" "Mozilla/5.0 (Macintosh; Intel Mac OS X 10_15_7) AppleWebKit/537.36 (KHTML, like Gecko) Chrome/113.0.5672.93 Safari/537.36"
198.54.126.68 - - [08/Apr/2025:23:05:08 -0400] "POST /wp-login.php HTTP/1.1" 302 0 "http://bakingsecurityin.com" "Mozilla/5.0 (Windows NT 10.0; Win64; x64) AppleWebKit/537.36 (KHTML, like Gecko) Chrome/112.0.5615.138 Safari/537.36 Edg/112.0.1722.68"
198.54.114.83 - - [08/Apr/2025:23:05:13 -0400] "POST /wp-cron.php?doing_wp_cron=1744167912.1360459327697753906250 HTTP/1.1" 200 0 "-" "WordPress/6.7.2; https://bakingsecurityin.com"
198.54.114.83 - - [08/Apr/2025:23:11:36 -0400] "POST /wp-cron.php?doing_wp_cron=1744168295.1049358844757080078125 HTTP/1.1" 200 0 "-" "WordPress/6.7.2; https://bakingsecurityin.com"
132.148.183.184 - - [08/Apr/2025:23:11:31 -0400] "POST /wp-login.php HTTP/1.1" 302 0 "http://bakingsecurityin.com" "Mozilla/5.0 (Macintosh; Intel Mac OS X 10_15_7) AppleWebKit/537.36 (KHTML, like Gecko) Chrome/116.0.5845.96 Safari/537.36"
198.54.114.83 - - [08/Apr/2025:23:16:17 -0400] "POST /wp-cron.php?doing_wp_cron=1744168577.2195858955383300781250 HTTP/1.1" 200 0 "-" "WordPress/6.7.2; https://bakingsecurityin.com"
13.90.85.106 - - [08/Apr/2025:23:16:13 -0400] "GET /autoload_classmap.php HTTP/1.1" 404 0 "-" "-"
13.90.85.106 - - [08/Apr/2025:23:16:19 -0400] "GET /post.php HTTP/1.1" 404 0 "-" "-"
13.90.85.106 - - [08/Apr/2025:23:16:20 -0400] "GET /1.php HTTP/1.1" 404 0 "-" "-"
13.90.85.106 - - [08/Apr/2025:23:16:21 -0400] "GET /flower.php HTTP/1.1" 404 0 "-" "-"
13.90.85.106 - - [08/Apr/2025:23:16:22 -0400] "GET /admin.php HTTP/1.1" 404 0 "-" "-"
13.90.85.106 - - [08/Apr/2025:23:16:24 -0400] "GET /file.php HTTP/1.1" 404 0 "-" "-"
13.90.85.106 - - [08/Apr/2025:23:16:25 -0400] "GET /meta.php HTTP/1.1" 404 0 "-" "-"
13.90.85.106 - - [08/Apr/2025:23:16:26 -0400] "GET /index.php HTTP/1.1" 301 0 "-" "-"
13.90.85.106 - - [08/Apr/2025:23:16:26 -0400] "GET / HTTP/1.1" 200 0 "-" "-"
13.90.85.106 - - [08/Apr/2025:23:16:27 -0400] "GET /about.php HTTP/1.1" 404 0 "-" "-"
13.90.85.106 - - [08/Apr/2025:23:16:28 -0400] "GET /randkeyword.php HTTP/1.1" 404 0 "-" "-"
13.90.85.106 - - [08/Apr/2025:23:16:28 -0400] "GET /goods.php HTTP/1.1" 404 0 "-" "-"
13.90.85.106 - - [08/Apr/2025:23:16:29 -0400] "GET /hehe.php HTTP/1.1" 404 0 "-" "-"
13.90.85.106 - - [08/Apr/2025:23:16:30 -0400] "GET /user.php HTTP/1.1" 404 0 "-" "-"
13.90.85.106 - - [08/Apr/2025:23:16:30 -0400] "GET /wp-2019.php HTTP/1.1" 404 0 "-" "-"
13.90.85.106 - - [08/Apr/2025:23:16:31 -0400] "GET /chosen.php HTTP/1.1" 404 0 "-" "-"
13.90.85.106 - - [08/Apr/2025:23:16:31 -0400] "GET /functions.php HTTP/1.1" 404 0 "-" "-"
13.90.85.106 - - [08/Apr/2025:23:16:32 -0400] "GET /cron.php HTTP/1.1" 404 0 "-" "-"
13.90.85.106 - - [08/Apr/2025:23:16:32 -0400] "GET /edit.php HTTP/1.1" 404 0 "-" "-"
13.90.85.106 - - [08/Apr/2025:23:16:33 -0400] "GET /gecko-new.php HTTP/1.1" 404 0 "-" "-"
13.90.85.106 - - [08/Apr/2025:23:16:33 -0400] "GET /cookie.php HTTP/1.1" 404 0 "-" "-"
216.244.66.236 - - [08/Apr/2025:23:16:34 -0400] "GET /robots.txt HTTP/1.1" 304 0 "-" "Mozilla/5.0 (compatible; DotBot/1.2; +https://opensiteexplorer.org/dotbot; help@moz.com)"
13.90.85.106 - - [08/Apr/2025:23:16:34 -0400] "GET /xleet.php HTTP/1.1" 404 0 "-" "-"
13.90.85.106 - - [08/Apr/2025:23:16:35 -0400] "GET /spip.php HTTP/1.1" 404 0 "-" "-"
13.90.85.106 - - [08/Apr/2025:23:16:36 -0400] "GET /22.php HTTP/1.1" 404 0 "-" "-"
13.90.85.106 - - [08/Apr/2025:23:16:36 -0400] "GET /room.php HTTP/1.1" 404 0 "-" "-"
13.90.85.106 - - [08/Apr/2025:23:16:37 -0400] "GET /disagreed.php HTTP/1.1" 404 0 "-" "-"
13.90.85.106 - - [08/Apr/2025:23:16:37 -0400] "GET /text.php HTTP/1.1" 404 0 "-" "-"
13.90.85.106 - - [08/Apr/2025:23:16:38 -0400] "GET /alfa-rex.php HTTP/1.1" 404 0 "-" "-"
13.90.85.106 - - [08/Apr/2025:23:16:38 -0400] "GET /alfa-rex.php7 HTTP/1.1" 404 0 "-" "-"
13.90.85.106 - - [08/Apr/2025:23:16:39 -0400] "GET /feeds.php HTTP/1.1" 404 0 "-" "-"
13.90.85.106 - - [08/Apr/2025:23:16:39 -0400] "GET /radio.php HTTP/1.1" 404 0 "-" "-"
13.90.85.106 - - [08/Apr/2025:23:16:39 -0400] "GET /dropdown.php HTTP/1.1" 404 0 "-" "-"
13.90.85.106 - - [08/Apr/2025:23:16:40 -0400] "GET /defaults.php HTTP/1.1" 404 0 "-" "-"
13.90.85.106 - - [08/Apr/2025:23:16:40 -0400] "GET /system.php HTTP/1.1" 404 0 "-" "-"
13.90.85.106 - - [08/Apr/2025:23:16:41 -0400] "GET /xmlrpc.php HTTP/1.1" 405 60 "-" "-"
13.90.85.106 - - [08/Apr/2025:23:16:41 -0400] "GET /xmlrpc.php0 HTTP/1.1" 404 0 "-" "-"
13.90.85.106 - - [08/Apr/2025:23:16:42 -0400] "GET /colors.php HTTP/1.1" 404 0 "-" "-"
13.90.85.106 - - [08/Apr/2025:23:16:42 -0400] "GET /updates.php HTTP/1.1" 404 0 "-" "-"
13.90.85.106 - - [08/Apr/2025:23:16:44 -0400] "GET /alfa-rex1.php HTTP/1.1" 404 0 "-" "-"
13.90.85.106 - - [08/Apr/2025:23:16:45 -0400] "GET /wp-index.php HTTP/1.1" 404 0 "-" "-"
13.90.85.106 - - [08/Apr/2025:23:16:45 -0400] "GET /wp-admin.php HTTP/1.1" 404 0 "-" "-"
13.90.85.106 - - [08/Apr/2025:23:16:45 -0400] "GET /alfa.php HTTP/1.1" 404 0 "-" "-"
13.90.85.106 - - [08/Apr/2025:23:16:46 -0400] "GET /alfanew.php7 HTTP/1.1" 404 0 "-" "-"
13.90.85.106 - - [08/Apr/2025:23:16:46 -0400] "GET /locale.php HTTP/1.1" 404 0 "-" "-"
13.90.85.106 - - [08/Apr/2025:23:16:46 -0400] "GET /wxo.php HTTP/1.1" 404 0 "-" "-"
13.90.85.106 - - [08/Apr/2025:23:16:47 -0400] "GET /colour.php HTTP/1.1" 404 0 "-" "-"
13.90.85.106 - - [08/Apr/2025:23:16:47 -0400] "GET /files.php HTTP/1.1" 404 0 "-" "-"
13.90.85.106 - - [08/Apr/2025:23:16:47 -0400] "GET /install.php HTTP/1.1" 404 0 "-" "-"
13.90.85.106 - - [08/Apr/2025:23:16:48 -0400] "GET /wp-contentt.php HTTP/1.1" 404 0 "-" "-"
13.90.85.106 - - [08/Apr/2025:23:16:48 -0400] "GET /config.php7 HTTP/1.1" 404 0 "-" "-"
13.90.85.106 - - [08/Apr/2025:23:16:51 -0400] "GET /config.php HTTP/1.1" 404 0 "-" "-"
13.90.85.106 - - [08/Apr/2025:23:16:52 -0400] "GET /theme.php HTTP/1.1" 404 0 "-" "-"
13.90.85.106 - - [08/Apr/2025:23:16:53 -0400] "GET /block-bindings.php HTTP/1.1" 404 0 "-" "-"
13.90.85.106 - - [08/Apr/2025:23:16:53 -0400] "GET /class_api.php HTTP/1.1" 404 0 "-" "-"
13.90.85.106 - - [08/Apr/2025:23:16:55 -0400] "GET /inputs.php HTTP/1.1" 404 0 "-" "-"
13.90.85.106 - - [08/Apr/2025:23:16:55 -0400] "GET /root.php HTTP/1.1" 404 0 "-" "-"
13.90.85.106 - - [08/Apr/2025:23:16:56 -0400] "GET /menu.php HTTP/1.1" 404 0 "-" "-"
13.90.85.106 - - [08/Apr/2025:23:16:57 -0400] "GET /plugin.php HTTP/1.1" 404 0 "-" "-"
13.90.85.106 - - [08/Apr/2025:23:16:57 -0400] "GET /cloud.php HTTP/1.1" 404 0 "-" "-"
13.90.85.106 - - [08/Apr/2025:23:16:58 -0400] "GET /configs.php HTTP/1.1" 404 0 "-" "-"
13.90.85.106 - - [08/Apr/2025:23:16:59 -0400] "GET /wp-configs.php HTTP/1.1" 404 0 "-" "-"
13.90.85.106 - - [08/Apr/2025:23:16:59 -0400] "GET /update.php HTTP/1.1" 404 0 "-" "-"
13.90.85.106 - - [08/Apr/2025:23:17:00 -0400] "GET /2.php HTTP/1.1" 404 0 "-" "-"
13.90.85.106 - - [08/Apr/2025:23:17:01 -0400] "GET /input.php HTTP/1.1" 404 0 "-" "-"
13.90.85.106 - - [08/Apr/2025:23:17:01 -0400] "GET /aaa.php HTTP/1.1" 404 0 "-" "-"
198.54.114.83 - - [08/Apr/2025:23:17:49 -0400] "POST /wp-cron.php?doing_wp_cron=1744168669.3213710784912109375000 HTTP/1.1" 200 0 "-" "WordPress/6.7.2; https://bakingsecurityin.com"
198.187.29.15 - - [08/Apr/2025:23:17:48 -0400] "POST /wp-login.php HTTP/1.1" 302 0 "http://bakingsecurityin.com" "Mozilla/5.0 (Macintosh; Intel Mac OS X 13.3; rv:126.0) Gecko/20100101 Firefox/126.0"
196.251.80.228 - - [08/Apr/2025:23:17:52 -0400] "GET /wp-content/themes/seotheme/db.php?u HTTP/1.1" 404 0 "www.google.com" "Mozlila/5.0 (Linux; Android 7.0; SM-G892A Bulid/NRD90M; wv) AppleWebKit/537.36 (KHTML, like Gecko) Version/4.0 Chrome/60.0.3112.107 Moblie Safari/537.36"
196.251.80.228 - - [08/Apr/2025:23:17:52 -0400] "POST /ALFA_DATA/alfacgiapi/perl.alfa HTTP/1.1" 404 0 "www.google.com" "Mozlila/5.0 (Linux; Android 7.0; SM-G892A Bulid/NRD90M; wv) AppleWebKit/537.36 (KHTML, like Gecko) Version/4.0 Chrome/60.0.3112.107 Moblie Safari/537.36"
196.251.80.228 - - [08/Apr/2025:23:17:52 -0400] "POST /wp-plain.php HTTP/1.1" 404 0 "www.google.com" "Mozilla/5.0 (Linux; Android 7.0; SM-G892A Bulid/NRD90M; wv) AppleWebKit/537.36 (KHTML, like Gecko) Version/4.0 Chrome/60.0.3112.107 Moblie Safari/537.36"
196.251.80.228 - - [08/Apr/2025:23:17:52 -0400] "GET / HTTP/1.1" 200 0 "-" "Mozlila/5.0 (Linux; Android 7.0; SM-G892A Bulid/NRD90M; wv) AppleWebKit/537.36 (KHTML, like Gecko) Version/4.0 Chrome/60.0.3112.107 Moblie Safari/537.36"
196.251.80.228 - - [08/Apr/2025:23:17:52 -0400] "GET /wp-content/plugins/fix/up.php HTTP/1.1" 404 0 "-" "Mozilla/5.0 (Windows NT 10.0; Win64; x64) AppleWebKit/537.36 (KHTML, like Gecko) Chrome/85.0.4183.102 Safari/537.36"
196.251.80.228 - - [08/Apr/2025:23:17:53 -0400] "POST /alfacgiapi/perl.alfa HTTP/1.1" 404 0 "www.google.com" "Mozlila/5.0 (Linux; Android 7.0; SM-G892A Bulid/NRD90M; wv) AppleWebKit/537.36 (KHTML, like Gecko) Version/4.0 Chrome/60.0.3112.107 Moblie Safari/537.36"
196.251.80.228 - - [08/Apr/2025:23:17:53 -0400] "GET /ltghgrzi.php?Fox=d3wL7 HTTP/1.1" 404 0 "www.google.com" "Mozilla/5.0 (Linux; Android 7.0; SM-G892A Bulid/NRD90M; wv) AppleWebKit/537.36 (KHTML, like Gecko) Version/4.0 Chrome/60.0.3112.107 Moblie Safari/537.36"
52.184.180.195 - - [08/Apr/2025:23:22:44 -0400] "GET /.well-known/pki-validation/wp-admin/install.php HTTP/1.1" 404 1251 "-" "-"
198.54.114.83 - - [08/Apr/2025:23:22:45 -0400] "POST /wp-cron.php?doing_wp_cron=1744168965.2571101188659667968750 HTTP/1.1" 200 0 "-" "WordPress/6.7.2; https://bakingsecurityin.com"
52.184.180.195 - - [08/Apr/2025:23:22:45 -0400] "GET /wp-content/banners/about.php HTTP/1.1" 404 0 "-" "-"
52.184.180.195 - - [08/Apr/2025:23:22:46 -0400] "GET /1p.php HTTP/1.1" 404 0 "-" "-"
52.184.180.195 - - [08/Apr/2025:23:22:47 -0400] "GET /wp-includes/SimplePie/HdGGN/index.php HTTP/1.1" 301 0 "-" "-"
52.184.180.195 - - [08/Apr/2025:23:22:48 -0400] "GET /wp-includes/SimplePie/HdGGN/ HTTP/1.1" 404 0 "-" "-"
52.184.180.195 - - [08/Apr/2025:23:22:50 -0400] "GET /wp-includes/js/tinymce/plugins/compat3x/css/ HTTP/1.1" 403 1242 "-" "-"
52.184.180.195 - - [08/Apr/2025:23:22:50 -0400] "GET /wp-admin/css/colors/ectoplasm/ HTTP/1.1" 403 1242 "-" "-"
52.184.180.195 - - [08/Apr/2025:23:22:51 -0400] "GET /css/dist/block-directory/ HTTP/1.1" 404 0 "-" "-"
52.184.180.195 - - [08/Apr/2025:23:22:51 -0400] "GET /migrate.php HTTP/1.1" 404 0 "-" "-"
52.184.180.195 - - [08/Apr/2025:23:22:52 -0400] "GET /wp-content/themes/twentytwentytwo/inc/patterns/ HTTP/1.1" 404 0 "-" "-"
52.184.180.195 - - [08/Apr/2025:23:22:53 -0400] "GET /lib.php HTTP/1.1" 404 0 "-" "-"
52.184.180.195 - - [08/Apr/2025:23:22:53 -0400] "GET /Njima.php HTTP/1.1" 404 0 "-" "-"
52.184.180.195 - - [08/Apr/2025:23:22:54 -0400] "GET /wp-content/plugins/ojyiyys/ HTTP/1.1" 404 0 "-" "-"
52.184.180.195 - - [08/Apr/2025:23:22:55 -0400] "GET /wp-content/plugins/not/includes/about.php HTTP/1.1" 404 0 "-" "-"
52.184.180.195 - - [08/Apr/2025:23:22:56 -0400] "GET /wp-includes/blocks/shortcode/ HTTP/1.1" 403 1242 "-" "-"
52.184.180.195 - - [08/Apr/2025:23:22:56 -0400] "GET /customize.php HTTP/1.1" 404 0 "-" "-"
52.184.180.195 - - [08/Apr/2025:23:22:56 -0400] "GET /wp-includes/Text/Diff/Engine/ HTTP/1.1" 403 1242 "-" "-"
52.184.180.195 - - [08/Apr/2025:23:22:56 -0400] "GET /.well-known/pki-validation/ssl.php HTTP/1.1" 404 1251 "-" "-"
52.184.180.195 - - [08/Apr/2025:23:22:56 -0400] "GET /resize.php HTTP/1.1" 404 0 "-" "-"
52.184.180.195 - - [08/Apr/2025:23:22:57 -0400] "GET /wp-includes/css/loco.php HTTP/1.1" 404 0 "-" "-"
52.184.180.195 - - [08/Apr/2025:23:22:59 -0400] "GET /wp-content/plugins/xt/ HTTP/1.1" 404 0 "-" "-"
52.184.180.195 - - [08/Apr/2025:23:22:59 -0400] "GET /wander.php HTTP/1.1" 404 0 "-" "-"
52.184.180.195 - - [08/Apr/2025:23:23:00 -0400] "GET /wp-content/uploads/suit5y.php HTTP/1.1" 404 0 "-" "-"
52.184.180.195 - - [08/Apr/2025:23:23:01 -0400] "GET /wp-content/plugins/qwfdsop/ HTTP/1.1" 404 0 "-" "-"
52.184.180.195 - - [08/Apr/2025:23:23:01 -0400] "GET /wp-includes/admin.php HTTP/1.1" 404 0 "-" "-"
52.184.180.195 - - [08/Apr/2025:23:23:01 -0400] "GET /wp-includes/sitemaps/about.php HTTP/1.1" 404 0 "-" "-"
52.184.180.195 - - [08/Apr/2025:23:23:02 -0400] "GET /wp-includes/php-compat/ HTTP/1.1" 403 1242 "-" "-"
52.184.180.195 - - [08/Apr/2025:23:23:03 -0400] "GET /olux.php HTTP/1.1" 404 0 "-" "-"
52.184.180.195 - - [08/Apr/2025:23:23:03 -0400] "GET /ws.php7 HTTP/1.1" 404 0 "-" "-"
52.184.180.195 - - [08/Apr/2025:23:23:04 -0400] "GET /stats.php HTTP/1.1" 404 0 "-" "-"
52.184.180.195 - - [08/Apr/2025:23:23:05 -0400] "GET /wp-admin/css/colors/cloud.php HTTP/1.1" 404 0 "-" "-"
52.184.180.195 - - [08/Apr/2025:23:23:06 -0400] "GET /libraries/phpmailer/ HTTP/1.1" 404 0 "-" "-"
52.184.180.195 - - [08/Apr/2025:23:23:06 -0400] "GET /wp-admin/includes/ HTTP/1.1" 403 1242 "-" "-"
52.184.180.195 - - [08/Apr/2025:23:23:07 -0400] "GET /wp-includes/rest-api/about.php HTTP/1.1" 404 0 "-" "-"
52.184.180.195 - - [08/Apr/2025:23:23:08 -0400] "GET /.well-known/caches.php.suspected HTTP/1.1" 404 0 "-" "-"
52.184.180.195 - - [08/Apr/2025:23:23:09 -0400] "GET /.well-known/acme-challenge/adminfuns.php HTTP/1.1" 404 0 "-" "-"
52.184.180.195 - - [08/Apr/2025:23:23:10 -0400] "GET /images/headers/strenms.php HTTP/1.1" 404 0 "-" "-"
52.184.180.195 - - [08/Apr/2025:23:23:12 -0400] "GET /wp-content/plugins/mqdlgzp/ HTTP/1.1" 404 0 "-" "-"
52.184.180.195 - - [08/Apr/2025:23:23:12 -0400] "GET /wp-content/themes/twentyfive/include.php HTTP/1.1" 404 0 "-" "-"
198.54.114.83 - - [08/Apr/2025:23:23:14 -0400] "POST /wp-cron.php?doing_wp_cron=1744168994.2567970752716064453125 HTTP/1.1" 200 0 "-" "WordPress/6.7.2; https://bakingsecurityin.com"
52.184.180.195 - - [08/Apr/2025:23:23:13 -0400] "GET /wp-includes/plugins.php HTTP/1.1" 404 0 "-" "-"
52.184.180.195 - - [08/Apr/2025:23:23:16 -0400] "GET /wp-content/plugins/lgexwbe/ HTTP/1.1" 404 0 "-" "-"
52.184.180.195 - - [08/Apr/2025:23:23:16 -0400] "GET /wordpress/wp-content/plugins/sdxxcfgt/ HTTP/1.1" 404 0 "-" "-"
52.184.180.195 - - [08/Apr/2025:23:23:18 -0400] "GET /wp-content/plugins/WordPressCore/smaxx.php HTTP/1.1" 404 0 "-" "-"
52.184.180.195 - - [08/Apr/2025:23:23:18 -0400] "GET /logout.php HTTP/1.1" 404 0 "-" "-"
52.184.180.195 - - [08/Apr/2025:23:23:21 -0400] "GET /wp-includes/php-compat/wp/ HTTP/1.1" 404 0 "-" "-"
52.184.180.195 - - [08/Apr/2025:23:23:22 -0400] "GET /new-index.php HTTP/1.1" 404 0 "-" "-"
52.184.180.195 - - [08/Apr/2025:23:23:23 -0400] "GET /wp-admin/css/sx.php HTTP/1.1" 404 0 "-" "-"
52.184.180.195 - - [08/Apr/2025:23:23:25 -0400] "GET /alfanew.PHP7 HTTP/1.1" 404 0 "-" "-"
52.184.180.195 - - [08/Apr/2025:23:23:26 -0400] "GET /wp-content/plugins/myhbidf/ HTTP/1.1" 404 0 "-" "-"
52.184.180.195 - - [08/Apr/2025:23:23:28 -0400] "GET /xt/smaxx.php HTTP/1.1" 404 0 "-" "-"
52.184.180.195 - - [08/Apr/2025:23:23:30 -0400] "GET /01.php HTTP/1.1" 404 0 "-" "-"
52.184.180.195 - - [08/Apr/2025:23:23:30 -0400] "GET /wp-content/upgrade/alfa-shell-v4.1-tesla-decoded.php HTTP/1.1" 404 0 "-" "-"
52.184.180.195 - - [08/Apr/2025:23:23:30 -0400] "GET /wp-content/themes/astra/inc/ HTTP/1.1" 404 0 "-" "-"
52.184.180.195 - - [08/Apr/2025:23:23:32 -0400] "GET /modules/mod_webshell/ HTTP/1.1" 404 0 "-" "-"
52.184.180.195 - - [08/Apr/2025:23:23:32 -0400] "GET /wp-content/plugins/plugins/ HTTP/1.1" 404 0 "-" "-"
52.184.180.195 - - [08/Apr/2025:23:23:34 -0400] "GET /.well-known/acme-challenge/cloud.php HTTP/1.1" 404 0 "-" "-"
52.184.180.195 - - [08/Apr/2025:23:23:34 -0400] "GET /.well-known/config HTTP/1.1" 404 0 "-" "-"
52.184.180.195 - - [08/Apr/2025:23:23:35 -0400] "GET /filefuns.php HTTP/1.1" 404 0 "-" "-"
52.184.180.195 - - [08/Apr/2025:23:23:35 -0400] "GET /wp-includes/Text/Diff/Engine/com_search.php HTTP/1.1" 404 0 "-" "-"
52.184.180.195 - - [08/Apr/2025:23:23:37 -0400] "GET /images/resumes/ HTTP/1.1" 404 0 "-" "-"
52.184.180.195 - - [08/Apr/2025:23:23:37 -0400] "GET /wp-admin/user/ HTTP/1.1" 302 0 "-" "-"
52.184.180.195 - - [08/Apr/2025:23:23:39 -0400] "GET /wp-admin/plugins HTTP/1.1" 404 0 "-" "-"
52.184.180.195 - - [08/Apr/2025:23:23:40 -0400] "GET /wp-admin/css/colors/coffee/xmrlpc.php HTTP/1.1" 404 0 "-" "-"
52.184.180.195 - - [08/Apr/2025:23:23:41 -0400] "GET /wp-includes/customize/about.php HTTP/1.1" 404 0 "-" "-"
52.184.180.195 - - [08/Apr/2025:23:23:41 -0400] "GET /wp-content/themes/astra/inc/builder/type/header/button/ HTTP/1.1" 404 0 "-" "-"
52.184.180.195 - - [08/Apr/2025:23:23:42 -0400] "GET /wp-includes/Cez57/ HTTP/1.1" 404 0 "-" "-"
52.184.180.195 - - [08/Apr/2025:23:23:43 -0400] "GET /wp-admin/css/ HTTP/1.1" 403 1242 "-" "-"
52.184.180.195 - - [08/Apr/2025:23:23:43 -0400] "GET /user-edit.php HTTP/1.1" 404 0 "-" "-"
52.184.180.195 - - [08/Apr/2025:23:23:43 -0400] "GET /vendor/phpunit/phpunit/src/Util/PHP/jasmine.php HTTP/1.1" 404 0 "-" "-"
52.184.180.195 - - [08/Apr/2025:23:23:44 -0400] "GET /wp-consar.php HTTP/1.1" 404 0 "-" "-"
52.184.180.195 - - [08/Apr/2025:23:23:44 -0400] "GET /wp-links.php/wp-content/plugins/wp-content/uploads/wp_live_chat/ HTTP/1.1" 404 0 "-" "-"
52.184.180.195 - - [08/Apr/2025:23:23:44 -0400] "GET /admin/ HTTP/1.1" 302 0 "-" "-"
52.184.180.195 - - [08/Apr/2025:23:23:46 -0400] "GET /wp-content/plugins/backup-backup/includes/1a895fa06f.php HTTP/1.1" 404 0 "-" "-"
52.184.180.195 - - [08/Apr/2025:23:23:47 -0400] "GET /wp-content/plugins/vslnxrk/ HTTP/1.1" 404 0 "-" "-"
52.184.180.195 - - [08/Apr/2025:23:23:48 -0400] "GET /wp-includes/customize/class-wp-customize-sidebar-secure.php HTTP/1.1" 404 0 "-" "-"
52.184.180.195 - - [08/Apr/2025:23:23:50 -0400] "GET /0z.php HTTP/1.1" 404 0 "-" "-"
52.184.180.195 - - [08/Apr/2025:23:23:51 -0400] "GET /.well-known/zxhfwqyt.php HTTP/1.1" 404 0 "-" "-"
52.184.180.195 - - [08/Apr/2025:23:23:52 -0400] "GET /wp-includes/js/tinymce/ HTTP/1.1" 403 1242 "-" "-"
52.184.180.195 - - [08/Apr/2025:23:23:53 -0400] "GET /admin.php HTTP/1.1" 404 0 "-" "-"
52.184.180.195 - - [08/Apr/2025:23:23:55 -0400] "GET /wp-content/uploads/2014/03/ HTTP/1.1" 404 0 "-" "-"
52.184.180.195 - - [08/Apr/2025:23:23:56 -0400] "GET /system.php HTTP/1.1" 404 0 "-" "-"
52.184.180.195 - - [08/Apr/2025:23:23:56 -0400] "GET /print/bkindex.php HTTP/1.1" 404 0 "-" "-"
52.184.180.195 - - [08/Apr/2025:23:23:58 -0400] "GET /authorize.php HTTP/1.1" 404 0 "-" "-"
52.184.180.195 - - [08/Apr/2025:23:24:00 -0400] "GET /wp-includes/images/smilies/about.php HTTP/1.1" 404 0 "-" "-"
52.184.180.195 - - [08/Apr/2025:23:24:00 -0400] "GET /m.php HTTP/1.1" 404 0 "-" "-"
52.184.180.195 - - [08/Apr/2025:23:24:01 -0400] "GET /wp-includes/customize/chosen.php HTTP/1.1" 404 0 "-" "-"
52.184.180.195 - - [08/Apr/2025:23:24:04 -0400] "GET /wxo.php HTTP/1.1" 404 0 "-" "-"
52.184.180.195 - - [08/Apr/2025:23:24:05 -0400] "GET /notifications.php HTTP/1.1" 404 0 "-" "-"
52.184.180.195 - - [08/Apr/2025:23:24:07 -0400] "GET /assets/fonts/ HTTP/1.1" 404 0 "-" "-"
52.184.180.195 - - [08/Apr/2025:23:24:08 -0400] "GET /wp-admin/js/wp-admin/js/ HTTP/1.1" 404 0 "-" "-"
52.184.180.195 - - [08/Apr/2025:23:24:10 -0400] "GET /wp-includes/assets/ HTTP/1.1" 403 1242 "-" "-"
52.184.180.195 - - [08/Apr/2025:23:24:11 -0400] "GET /wp-content/plugins/6i85g10k/ HTTP/1.1" 404 0 "-" "-"
185.218.124.157 - - [08/Apr/2025:23:24:11 -0400] "POST /wp-login.php HTTP/1.1" 302 0 "http://bakingsecurityin.com" "Mozilla/5.0 (Macintosh; Intel Mac OS X 13_3) AppleWebKit/537.36 (KHTML, like Gecko) Chrome/126.0.0.0 Safari/537.36 Edg/126.0.0.0"
52.184.180.195 - - [08/Apr/2025:23:24:12 -0400] "GET /wp-includes/images/smaxx.php HTTP/1.1" 404 0 "-" "-"
52.184.180.195 - - [08/Apr/2025:23:24:14 -0400] "GET /new.php HTTP/1.1" 404 0 "-" "-"
198.54.114.83 - - [08/Apr/2025:23:24:16 -0400] "POST /wp-cron.php?doing_wp_cron=1744169054.7545518875122070312500 HTTP/1.1" 200 0 "-" "WordPress/6.7.2; https://bakingsecurityin.com"
52.184.180.195 - - [08/Apr/2025:23:24:17 -0400] "GET /comment.php HTTP/1.1" 404 0 "-" "-"
52.184.180.195 - - [08/Apr/2025:23:24:19 -0400] "GET /bala.php HTTP/1.1" 404 0 "-" "-"
52.184.180.195 - - [08/Apr/2025:23:24:21 -0400] "GET /wp-includes/blocks/block/moon.php HTTP/1.1" 404 0 "-" "-"
52.184.180.195 - - [08/Apr/2025:23:24:22 -0400] "GET /wp-admin HTTP/1.1" 301 795 "-" "-"
52.184.180.195 - - [08/Apr/2025:23:24:23 -0400] "GET /wp-admin/ HTTP/1.1" 302 0 "-" "-"
52.184.180.195 - - [08/Apr/2025:23:24:27 -0400] "GET /wp-contentt.php HTTP/1.1" 404 0 "-" "-"
52.184.180.195 - - [08/Apr/2025:23:24:28 -0400] "GET /wp-includes/css/dist/edit-site/ HTTP/1.1" 403 1242 "-" "-"
52.184.180.195 - - [08/Apr/2025:23:24:29 -0400] "GET /crop.php HTTP/1.1" 404 0 "-" "-"
52.184.180.195 - - [08/Apr/2025:23:24:30 -0400] "GET /wp-content/plugins/erin/yani/ HTTP/1.1" 404 0 "-" "-"
52.184.180.195 - - [08/Apr/2025:23:24:31 -0400] "GET /config_load.php HTTP/1.1" 404 0 "-" "-"
52.184.180.195 - - [08/Apr/2025:23:24:33 -0400] "GET /wp-content/plugins/about HTTP/1.1" 404 0 "-" "-"
52.184.180.195 - - [08/Apr/2025:23:24:36 -0400] "GET /plugin.php HTTP/1.1" 404 0 "-" "-"
52.184.180.195 - - [08/Apr/2025:23:24:37 -0400] "GET /.well-known/uploads HTTP/1.1" 404 0 "-" "-"
52.184.180.195 - - [08/Apr/2025:23:24:40 -0400] "GET /wp-content/plugins/vmgbzgi/ HTTP/1.1" 404 0 "-" "-"
52.184.180.195 - - [08/Apr/2025:23:24:41 -0400] "GET /img/about.php HTTP/1.1" 404 0 "-" "-"
52.184.180.195 - - [08/Apr/2025:23:24:43 -0400] "GET /wp-includes/log404.php HTTP/1.1" 404 0 "-" "-"
52.184.180.195 - - [08/Apr/2025:23:24:45 -0400] "GET /wp-content/themes/onum-child/custom-templates/dir/ HTTP/1.1" 404 0 "-" "-"
52.184.180.195 - - [08/Apr/2025:23:24:47 -0400] "GET /wp-theme.php HTTP/1.1" 404 0 "-" "-"
52.184.180.195 - - [08/Apr/2025:23:24:48 -0400] "GET /wp-content/plugins/elementor/ HTTP/1.1" 404 0 "-" "-"
52.184.180.195 - - [08/Apr/2025:23:24:50 -0400] "GET /wp-admin/themes HTTP/1.1" 404 0 "-" "-"
52.184.180.195 - - [08/Apr/2025:23:24:51 -0400] "GET /as.php HTTP/1.1" 404 0 "-" "-"
52.184.180.195 - - [08/Apr/2025:23:24:52 -0400] "GET /wp-content/themes/9rafadt6/ HTTP/1.1" 404 0 "-" "-"
52.184.180.195 - - [08/Apr/2025:23:24:53 -0400] "GET /wp-content/plugins/wp-db-ajax-made/wp-ajax.php/ HTTP/1.1" 404 0 "-" "-"
52.184.180.195 - - [08/Apr/2025:23:24:55 -0400] "GET /simple.php HTTP/1.1" 404 0 "-" "-"
52.184.180.195 - - [08/Apr/2025:23:24:57 -0400] "GET /pdf.php HTTP/1.1" 404 0 "-" "-"
52.184.180.195 - - [08/Apr/2025:23:24:58 -0400] "GET /wp-includes/pomo/ HTTP/1.1" 403 1242 "-" "-"
52.184.180.195 - - [08/Apr/2025:23:24:59 -0400] "GET /wp-content/plugins/yyobang/ HTTP/1.1" 404 0 "-" "-"
52.184.180.195 - - [08/Apr/2025:23:25:02 -0400] "GET /wp-content/themes/twentytwentyfour/ HTTP/1.1" 403 1242 "-" "-"
52.184.180.195 - - [08/Apr/2025:23:25:06 -0400] "GET /wp-includes/block-patterns/about.php HTTP/1.1" 404 0 "-" "-"
52.184.180.195 - - [08/Apr/2025:23:25:09 -0400] "GET /maintenance.php HTTP/1.1" 404 0 "-" "-"
52.184.180.195 - - [08/Apr/2025:23:25:13 -0400] "GET /wp-admin/user/1.php HTTP/1.1" 404 0 "-" "-"
52.184.180.195 - - [08/Apr/2025:23:25:16 -0400] "GET /assets/ HTTP/1.1" 404 0 "-" "-"
198.54.114.83 - - [08/Apr/2025:23:25:19 -0400] "POST /wp-cron.php?doing_wp_cron=1744169116.9617249965667724609375 HTTP/1.1" 200 0 "-" "WordPress/6.7.2; https://bakingsecurityin.com"
52.184.180.195 - - [08/Apr/2025:23:25:20 -0400] "GET /wp-includes/js/tinymce/wp-includes/js/tinymce/ HTTP/1.1" 404 0 "-" "-"
52.184.180.195 - - [08/Apr/2025:23:25:23 -0400] "GET /wp-includes/block-patterns/ HTTP/1.1" 403 1242 "-" "-"
52.184.180.195 - - [08/Apr/2025:23:25:25 -0400] "GET /wp-includes/blocks/heading/ HTTP/1.1" 403 1242 "-" "-"
52.184.180.195 - - [08/Apr/2025:23:25:29 -0400] "GET /.well-known/index.php HTTP/1.1" 301 0 "-" "-"
