193.24.211.4 - - [02/Apr/2025:07:06:13 -0400] "GET /wp-admin/maint/ HTTP/1.1" 403 1242 "-" "Mozlila/5.0 (Linux; Android 7.0; SM-G892A Bulid/NRD90M; wv) AppleWebKit/537.36 (KHTML, like Gecko) Version/4.0 Chrome/60.0.3112.107 Moblie Safari/537.36"
193.24.211.4 - - [02/Apr/2025:07:06:18 -0400] "GET /wp-admin/maint/ HTTP/1.1" 403 1242 "-" "Mozlila/5.0 (Linux; Android 7.0; SM-G892A Bulid/NRD90M; wv) AppleWebKit/537.36 (KHTML, like Gecko) Version/4.0 Chrome/60.0.3112.107 Moblie Safari/537.36"
198.54.114.83 - - [02/Apr/2025:07:06:33 -0400] "POST /wp-cron.php?doing_wp_cron=1743591993.1544508934020996093750 HTTP/1.1" 200 0 "-" "WordPress/6.7.2; https://bakingsecurityin.com"
193.24.211.4 - - [02/Apr/2025:07:06:32 -0400] "GET /wp-admin/meta/ HTTP/1.1" 404 0 "-" "Mozlila/5.0 (Linux; Android 7.0; SM-G892A Bulid/NRD90M; wv) AppleWebKit/537.36 (KHTML, like Gecko) Version/4.0 Chrome/60.0.3112.107 Moblie Safari/537.36"
193.24.211.4 - - [02/Apr/2025:07:06:44 -0400] "GET /wp-admin/meta/ HTTP/1.1" 404 0 "-" "Mozlila/5.0 (Linux; Android 7.0; SM-G892A Bulid/NRD90M; wv) AppleWebKit/537.36 (KHTML, like Gecko) Version/4.0 Chrome/60.0.3112.107 Moblie Safari/537.36"
193.24.211.4 - - [02/Apr/2025:07:06:47 -0400] "GET /wp-admin/network/ HTTP/1.1" 302 0 "-" "Mozlila/5.0 (Linux; Android 7.0; SM-G892A Bulid/NRD90M; wv) AppleWebKit/537.36 (KHTML, like Gecko) Version/4.0 Chrome/60.0.3112.107 Moblie Safari/537.36"
193.24.211.4 - - [02/Apr/2025:07:06:51 -0400] "GET /wp-admin/network/ HTTP/1.1" 302 0 "-" "Mozlila/5.0 (Linux; Android 7.0; SM-G892A Bulid/NRD90M; wv) AppleWebKit/537.36 (KHTML, like Gecko) Version/4.0 Chrome/60.0.3112.107 Moblie Safari/537.36"
193.24.211.4 - - [02/Apr/2025:07:07:14 -0400] "GET /wp-admin/user/ HTTP/1.1" 302 0 "-" "Mozlila/5.0 (Linux; Android 7.0; SM-G892A Bulid/NRD90M; wv) AppleWebKit/537.36 (KHTML, like Gecko) Version/4.0 Chrome/60.0.3112.107 Moblie Safari/537.36"
193.24.211.4 - - [02/Apr/2025:07:07:19 -0400] "GET /wp-admin/user/ HTTP/1.1" 302 0 "-" "Mozlila/5.0 (Linux; Android 7.0; SM-G892A Bulid/NRD90M; wv) AppleWebKit/537.36 (KHTML, like Gecko) Version/4.0 Chrome/60.0.3112.107 Moblie Safari/537.36"
193.24.211.4 - - [02/Apr/2025:07:07:42 -0400] "GET /wp-content/ HTTP/1.1" 200 0 "-" "Mozlila/5.0 (Linux; Android 7.0; SM-G892A Bulid/NRD90M; wv) AppleWebKit/537.36 (KHTML, like Gecko) Version/4.0 Chrome/60.0.3112.107 Moblie Safari/537.36"
193.24.211.4 - - [02/Apr/2025:07:07:48 -0400] "GET /wp-content/ HTTP/1.1" 200 0 "-" "Mozlila/5.0 (Linux; Android 7.0; SM-G892A Bulid/NRD90M; wv) AppleWebKit/537.36 (KHTML, like Gecko) Version/4.0 Chrome/60.0.3112.107 Moblie Safari/537.36"
193.24.211.4 - - [02/Apr/2025:07:07:55 -0400] "GET /wp-content/plugins/ HTTP/1.1" 200 0 "-" "Mozlila/5.0 (Linux; Android 7.0; SM-G892A Bulid/NRD90M; wv) AppleWebKit/537.36 (KHTML, like Gecko) Version/4.0 Chrome/60.0.3112.107 Moblie Safari/537.36"
193.24.211.4 - - [02/Apr/2025:07:08:01 -0400] "GET /wp-content/plugins/ HTTP/1.1" 200 0 "-" "Mozlila/5.0 (Linux; Android 7.0; SM-G892A Bulid/NRD90M; wv) AppleWebKit/537.36 (KHTML, like Gecko) Version/4.0 Chrome/60.0.3112.107 Moblie Safari/537.36"
193.24.211.4 - - [02/Apr/2025:07:08:08 -0400] "GET /wp-content/themes/ HTTP/1.1" 200 0 "-" "Mozlila/5.0 (Linux; Android 7.0; SM-G892A Bulid/NRD90M; wv) AppleWebKit/537.36 (KHTML, like Gecko) Version/4.0 Chrome/60.0.3112.107 Moblie Safari/537.36"
193.24.211.4 - - [02/Apr/2025:07:08:13 -0400] "GET /wp-content/themes/ HTTP/1.1" 200 0 "-" "Mozlila/5.0 (Linux; Android 7.0; SM-G892A Bulid/NRD90M; wv) AppleWebKit/537.36 (KHTML, like Gecko) Version/4.0 Chrome/60.0.3112.107 Moblie Safari/537.36"
193.24.211.4 - - [02/Apr/2025:07:08:20 -0400] "GET /wp-admin/includes/ HTTP/1.1" 403 1242 "-" "Mozlila/5.0 (Linux; Android 7.0; SM-G892A Bulid/NRD90M; wv) AppleWebKit/537.36 (KHTML, like Gecko) Version/4.0 Chrome/60.0.3112.107 Moblie Safari/537.36"
193.24.211.4 - - [02/Apr/2025:07:08:24 -0400] "GET /wp-admin/includes/ HTTP/1.1" 403 1242 "-" "Mozlila/5.0 (Linux; Android 7.0; SM-G892A Bulid/NRD90M; wv) AppleWebKit/537.36 (KHTML, like Gecko) Version/4.0 Chrome/60.0.3112.107 Moblie Safari/537.36"
198.54.114.83 - - [02/Apr/2025:07:08:31 -0400] "POST /wp-cron.php?doing_wp_cron=1743592111.3946070671081542968750 HTTP/1.1" 200 0 "-" "WordPress/6.7.2; https://bakingsecurityin.com"
193.24.211.4 - - [02/Apr/2025:07:08:31 -0400] "GET /.X1-unix/ HTTP/1.1" 404 0 "-" "Mozlila/5.0 (Linux; Android 7.0; SM-G892A Bulid/NRD90M; wv) AppleWebKit/537.36 (KHTML, like Gecko) Version/4.0 Chrome/60.0.3112.107 Moblie Safari/537.36"
193.24.211.4 - - [02/Apr/2025:07:08:38 -0400] "GET /.X1-unix/ HTTP/1.1" 404 0 "-" "Mozlila/5.0 (Linux; Android 7.0; SM-G892A Bulid/NRD90M; wv) AppleWebKit/537.36 (KHTML, like Gecko) Version/4.0 Chrome/60.0.3112.107 Moblie Safari/537.36"
193.24.211.4 - - [02/Apr/2025:07:08:42 -0400] "GET /cgi-bin/ HTTP/1.1" 404 1251 "-" "Mozlila/5.0 (Linux; Android 7.0; SM-G892A Bulid/NRD90M; wv) AppleWebKit/537.36 (KHTML, like Gecko) Version/4.0 Chrome/60.0.3112.107 Moblie Safari/537.36"
193.24.211.4 - - [02/Apr/2025:07:08:49 -0400] "GET /cgi-bin/ HTTP/1.1" 404 1251 "-" "Mozlila/5.0 (Linux; Android 7.0; SM-G892A Bulid/NRD90M; wv) AppleWebKit/537.36 (KHTML, like Gecko) Version/4.0 Chrome/60.0.3112.107 Moblie Safari/537.36"
193.24.211.4 - - [02/Apr/2025:07:08:56 -0400] "GET /.qidb/ HTTP/1.1" 404 0 "-" "Mozlila/5.0 (Linux; Android 7.0; SM-G892A Bulid/NRD90M; wv) AppleWebKit/537.36 (KHTML, like Gecko) Version/4.0 Chrome/60.0.3112.107 Moblie Safari/537.36"
193.24.211.4 - - [02/Apr/2025:07:09:01 -0400] "GET /.qidb/ HTTP/1.1" 404 0 "-" "Mozlila/5.0 (Linux; Android 7.0; SM-G892A Bulid/NRD90M; wv) AppleWebKit/537.36 (KHTML, like Gecko) Version/4.0 Chrome/60.0.3112.107 Moblie Safari/537.36"
193.24.211.4 - - [02/Apr/2025:07:09:07 -0400] "GET /ALFA_DATA/ HTTP/1.1" 404 0 "-" "Mozlila/5.0 (Linux; Android 7.0; SM-G892A Bulid/NRD90M; wv) AppleWebKit/537.36 (KHTML, like Gecko) Version/4.0 Chrome/60.0.3112.107 Moblie Safari/537.36"
193.24.211.4 - - [02/Apr/2025:07:09:13 -0400] "GET /ALFA_DATA/ HTTP/1.1" 404 0 "-" "Mozlila/5.0 (Linux; Android 7.0; SM-G892A Bulid/NRD90M; wv) AppleWebKit/537.36 (KHTML, like Gecko) Version/4.0 Chrome/60.0.3112.107 Moblie Safari/537.36"
193.24.211.4 - - [02/Apr/2025:07:09:19 -0400] "GET /.well-knownold/ HTTP/1.1" 404 0 "-" "Mozlila/5.0 (Linux; Android 7.0; SM-G892A Bulid/NRD90M; wv) AppleWebKit/537.36 (KHTML, like Gecko) Version/4.0 Chrome/60.0.3112.107 Moblie Safari/537.36"
193.24.211.4 - - [02/Apr/2025:07:09:24 -0400] "GET /.well-knownold/ HTTP/1.1" 404 0 "-" "Mozlila/5.0 (Linux; Android 7.0; SM-G892A Bulid/NRD90M; wv) AppleWebKit/537.36 (KHTML, like Gecko) Version/4.0 Chrome/60.0.3112.107 Moblie Safari/537.36"
198.54.114.83 - - [02/Apr/2025:07:14:39 -0400] "POST /wp-cron.php?doing_wp_cron=1743592479.3939490318298339843750 HTTP/1.1" 200 0 "-" "WordPress/6.7.2; https://bakingsecurityin.com"
103.186.31.45 - - [02/Apr/2025:07:14:39 -0400] "GET / HTTP/1.1" 200 0 "-" "Mozilla/5.0 (Windows NT 10.0; Win64; x64) AppleWebKit/537.36 (KHTML, like Gecko) Chrome/80.0.3987.149 Safari/537.36"
103.186.31.45 - - [02/Apr/2025:07:14:40 -0400] "GET /?author=1 HTTP/1.1" 301 0 "-" "Mozilla/5.0 (Windows NT 10.0; Win64; x64) AppleWebKit/537.36 (KHTML, like Gecko) Chrome/80.0.3987.149 Safari/537.36"
103.186.31.45 - - [02/Apr/2025:07:14:40 -0400] "GET /?author=2 HTTP/1.1" 301 0 "-" "Mozilla/5.0 (Windows NT 10.0; Win64; x64) AppleWebKit/537.36 (KHTML, like Gecko) Chrome/80.0.3987.149 Safari/537.36"
103.186.31.45 - - [02/Apr/2025:07:14:41 -0400] "GET /wp-json/wp/v2/users/ HTTP/1.1" 200 1292 "-" "Mozilla/5.0 (Windows NT 10.0; Win64; x64) AppleWebKit/537.36 (KHTML, like Gecko) Chrome/80.0.3987.149 Safari/537.36"
103.186.31.45 - - [02/Apr/2025:07:14:42 -0400] "POST /xmlrpc.php HTTP/1.1" 200 212 "-" "Mozilla/5.0 (Windows NT 10.0; Win64; x64) AppleWebKit/537.36 (KHTML, like Gecko) Chrome/80.0.3987.149 Safari/537.36"
103.186.31.45 - - [02/Apr/2025:07:14:43 -0400] "POST /xmlrpc.php HTTP/1.1" 200 212 "-" "Mozilla/5.0 (Windows NT 10.0; Win64; x64) AppleWebKit/537.36 (KHTML, like Gecko) Chrome/80.0.3987.149 Safari/537.36"
103.186.31.45 - - [02/Apr/2025:07:14:44 -0400] "POST /xmlrpc.php HTTP/1.1" 200 236 "-" "Mozilla/5.0 (Windows NT 10.0; Win64; x64) AppleWebKit/537.36 (KHTML, like Gecko) Chrome/80.0.3987.149 Safari/537.36"
103.186.31.45 - - [02/Apr/2025:07:14:45 -0400] "POST /xmlrpc.php HTTP/1.1" 200 236 "-" "Mozilla/5.0 (Windows NT 10.0; Win64; x64) AppleWebKit/537.36 (KHTML, like Gecko) Chrome/80.0.3987.149 Safari/537.36"
103.186.31.45 - - [02/Apr/2025:07:14:46 -0400] "POST /xmlrpc.php HTTP/1.1" 200 236 "-" "Mozilla/5.0 (Windows NT 10.0; Win64; x64) AppleWebKit/537.36 (KHTML, like Gecko) Chrome/80.0.3987.149 Safari/537.36"
103.186.31.45 - - [02/Apr/2025:07:14:47 -0400] "POST /xmlrpc.php HTTP/1.1" 200 236 "-" "Mozilla/5.0 (Windows NT 10.0; Win64; x64) AppleWebKit/537.36 (KHTML, like Gecko) Chrome/80.0.3987.149 Safari/537.36"
198.54.114.83 - - [02/Apr/2025:07:20:56 -0400] "POST /wp-cron.php?doing_wp_cron=1743592855.9563100337982177734375 HTTP/1.1" 200 0 "-" "WordPress/6.7.2; https://bakingsecurityin.com"
164.90.171.162 - - [02/Apr/2025:07:20:51 -0400] "POST /xmlrpc.php HTTP/1.1" 200 236 "-" "Mozilla/5.0 (X11; Fedora; Linux x86_64; rv:94.0) Gecko/20100101 Firefox/95.0"
5.3.220.139 - - [02/Apr/2025:07:32:25 -0400] "GET / HTTP/1.1" 200 0 "-" "Mozilla/5.0 (Windows NT 6.3; WOW64) AppleWebKit/537.36 (KHTML, like Gecko) Chrome/50.0.2661.102 Safari/537.36"
198.54.114.83 - - [02/Apr/2025:07:32:29 -0400] "POST /wp-cron.php?doing_wp_cron=1743593548.6048629283905029296875 HTTP/1.1" 200 0 "-" "WordPress/6.7.2; https://bakingsecurityin.com"
5.3.220.139 - - [02/Apr/2025:07:32:28 -0400] "GET / HTTP/1.1" 200 0 "-" "Mozilla/5.0 (Windows NT 6.3; WOW64) AppleWebKit/537.36 (KHTML, like Gecko) Chrome/50.0.2661.102 Safari/537.36"
5.3.220.139 - - [02/Apr/2025:07:32:31 -0400] "GET / HTTP/1.1" 200 0 "-" "Mozilla/5.0 (Windows NT 6.3; WOW64) AppleWebKit/537.36 (KHTML, like Gecko) Chrome/50.0.2661.102 Safari/537.36"
139.59.100.51 - - [02/Apr/2025:07:36:12 -0400] "GET /wp-content/plugins/pwnd/pwnd.php HTTP/1.1" 404 0 "-" "Mozilla/5.0 (Linux; Android 7.0; SM-G892A Build/NRD90M; wv) AppleWebKit/537.36 (KHTML, like Gecko) Version/4.0 Chrome/60.0.3112.107 Mobile Safari/537.36"
139.59.100.51 - - [02/Apr/2025:07:36:26 -0400] "GET /wp-content/plugins/pwnd-1/pwnd.php HTTP/1.1" 404 0 "-" "Mozilla/5.0 (Linux; Android 7.0; SM-G892A Build/NRD90M; wv) AppleWebKit/537.36 (KHTML, like Gecko) Version/4.0 Chrome/60.0.3112.107 Mobile Safari/537.36"
198.54.114.83 - - [02/Apr/2025:07:36:55 -0400] "POST /wp-cron.php?doing_wp_cron=1743593815.4838979244232177734375 HTTP/1.1" 200 0 "-" "WordPress/6.7.2; https://bakingsecurityin.com"
139.59.100.51 - - [02/Apr/2025:07:36:55 -0400] "GET /wp-content/plugins/pwnd-2/pwnd.php HTTP/1.1" 404 0 "-" "Mozilla/5.0 (Linux; Android 7.0; SM-G892A Build/NRD90M; wv) AppleWebKit/537.36 (KHTML, like Gecko) Version/4.0 Chrome/60.0.3112.107 Mobile Safari/537.36"
139.59.100.51 - - [02/Apr/2025:07:37:01 -0400] "GET /wp-content/plugins/fix/up.php HTTP/1.1" 404 0 "-" "Mozilla/5.0 (Linux; Android 7.0; SM-G892A Build/NRD90M; wv) AppleWebKit/537.36 (KHTML, like Gecko) Version/4.0 Chrome/60.0.3112.107 Mobile Safari/537.36"
198.54.114.83 - - [02/Apr/2025:07:48:16 -0400] "POST /wp-cron.php?doing_wp_cron=1743594495.9014530181884765625000 HTTP/1.1" 200 0 "-" "WordPress/6.7.2; https://bakingsecurityin.com"
34.151.116.180 - - [02/Apr/2025:07:48:13 -0400] "GET /wp-login.php HTTP/1.1" 302 0 "-" "ddg_android/5.169.0 (com.duckduckgo.mobile.android; Android API 33)"
66.29.132.86 - - [02/Apr/2025:07:52:25 -0400] "POST /xmlrpc.php HTTP/1.1" 200 212 "http://bakingsecurityin.com" "Mozilla/5.0 (Windows NT 10.0; Win64; x64) AppleWebKit/537.36 (KHTML, like Gecko) Chrome/126.0.0.0 Safari/537.36"
198.54.114.83 - - [02/Apr/2025:08:22:39 -0400] "POST /wp-cron.php?doing_wp_cron=1743596559.5903859138488769531250 HTTP/1.1" 200 0 "-" "WordPress/6.7.2; https://bakingsecurityin.com"
185.36.145.205 - - [02/Apr/2025:08:22:39 -0400] "POST /xmlrpc.php HTTP/1.1" 200 212 "http://bakingsecurityin.com" "Mozilla/5.0 (Macintosh; Intel Mac OS X 14.3) AppleWebKit/614.31.14 (KHTML, like Gecko) Version/17.0.96 Safari/614.31.14"
198.54.114.83 - - [02/Apr/2025:08:24:46 -0400] "POST /wp-cron.php?doing_wp_cron=1743596685.8906280994415283203125 HTTP/1.1" 200 0 "-" "WordPress/6.7.2; https://bakingsecurityin.com"
173.236.208.250 - - [02/Apr/2025:08:24:43 -0400] "POST /xmlrpc.php HTTP/1.1" 200 236 "-" "Mozilla/5.0 (X11; Fedora; Linux x86_64; rv:94.0) Gecko/20100101 Firefox/95.0"
85.208.98.23 - - [02/Apr/2025:08:28:21 -0400] "GET /robots.txt HTTP/1.1" 304 0 "-" "Mozilla/5.0 (compatible; SemrushBot-BA; +http://www.semrush.com/bot.html)"
198.54.114.83 - - [02/Apr/2025:08:53:22 -0400] "POST /wp-cron.php?doing_wp_cron=1743598402.6532900333404541015625 HTTP/1.1" 200 0 "-" "WordPress/6.7.2; https://bakingsecurityin.com"
68.65.122.90 - - [02/Apr/2025:08:53:19 -0400] "POST /xmlrpc.php HTTP/1.1" 200 212 "http://bakingsecurityin.com" "Mozilla/5.0 (Macintosh; Intel Mac OS X 10_15_7) AppleWebKit/537.36 (KHTML, like Gecko) Chrome/126.0.0.0 Safari/537.36"
198.54.114.83 - - [02/Apr/2025:09:40:11 -0400] "POST /wp-cron.php?doing_wp_cron=1743601210.9994709491729736328125 HTTP/1.1" 200 0 "-" "WordPress/6.7.2; https://bakingsecurityin.com"
2400:6180:100:d0::37a:2001 - - [02/Apr/2025:09:40:09 -0400] "POST /xmlrpc.php HTTP/1.1" 200 236 "-" "Mozilla/5.0 (X11; Fedora; Linux x86_64; rv:94.0) Gecko/20100101 Firefox/95.0"
85.208.98.23 - - [02/Apr/2025:10:27:38 -0400] "GET /robots.txt HTTP/1.1" 304 0 "-" "Mozilla/5.0 (compatible; SemrushBot-BA; +http://www.semrush.com/bot.html)"
198.54.114.83 - - [02/Apr/2025:10:37:24 -0400] "POST /wp-cron.php?doing_wp_cron=1743604644.0854771137237548828125 HTTP/1.1" 200 0 "-" "WordPress/6.7.2; https://bakingsecurityin.com"
34.68.155.155 - - [02/Apr/2025:10:37:22 -0400] "GET / HTTP/1.1" 200 0 "-" "Mozilla/5.0 (X11; OpenBSD i386) AppleWebKit/537.36 (KHTML, like Gecko) Chrome/36.0.1985.125 Safari/537.36"
198.54.114.83 - - [02/Apr/2025:10:50:40 -0400] "POST /wp-cron.php?doing_wp_cron=1743605440.6522960662841796875000 HTTP/1.1" 200 0 "-" "WordPress/6.7.2; https://bakingsecurityin.com"
198.54.120.87 - - [02/Apr/2025:10:50:38 -0400] "POST /xmlrpc.php HTTP/1.1" 200 212 "http://bakingsecurityin.com" "Mozilla/5.0 (Macintosh; Intel Mac OS X 10_15_7) AppleWebKit/537.36 (KHTML, like Gecko) Chrome/116.0.5845.96 Safari/537.36"
85.208.98.23 - - [02/Apr/2025:10:58:55 -0400] "GET /robots.txt HTTP/1.1" 304 0 "-" "Mozilla/5.0 (compatible; SemrushBot-BA; +http://www.semrush.com/bot.html)"
198.54.114.83 - - [02/Apr/2025:10:59:55 -0400] "POST /wp-cron.php?doing_wp_cron=1743605995.2820489406585693359375 HTTP/1.1" 200 0 "-" "WordPress/6.7.2; https://bakingsecurityin.com"
2400:8500:1301:738:133:130:103:36 - - [02/Apr/2025:10:59:55 -0400] "POST /xmlrpc.php HTTP/1.1" 200 236 "-" "Mozilla/5.0 (X11; Fedora; Linux x86_64; rv:94.0) Gecko/20100101 Firefox/95.0"
103.169.35.190 - - [02/Apr/2025:11:04:50 -0400] "POST /xmlrpc.php HTTP/1.1" 200 212 "http://bakingsecurityin.com" "Mozilla/5.0 (Macintosh; Intel Mac OS X 10_15_7) AppleWebKit/537.36 (KHTML, like Gecko) Chrome/112.0.5615.138 Safari/537.36"
198.54.114.83 - - [02/Apr/2025:11:04:55 -0400] "POST /wp-cron.php?doing_wp_cron=1743606293.3096280097961425781250 HTTP/1.1" 200 0 "-" "WordPress/6.7.2; https://bakingsecurityin.com"
198.54.114.83 - - [02/Apr/2025:11:18:57 -0400] "POST /wp-cron.php?doing_wp_cron=1743607136.8341948986053466796875 HTTP/1.1" 200 0 "-" "WordPress/6.7.2; https://bakingsecurityin.com"
198.54.120.130 - - [02/Apr/2025:11:18:54 -0400] "POST /xmlrpc.php HTTP/1.1" 200 212 "http://bakingsecurityin.com" "Mozilla/5.0 (Windows NT 10.0; Win64; x64; rv:128.0) Gecko/20100101 Firefox/128.0"
198.54.114.83 - - [02/Apr/2025:11:32:40 -0400] "POST /wp-cron.php?doing_wp_cron=1743607959.5906510353088378906250 HTTP/1.1" 200 0 "-" "WordPress/6.7.2; https://bakingsecurityin.com"
192.64.117.93 - - [02/Apr/2025:11:32:37 -0400] "POST /xmlrpc.php HTTP/1.1" 200 212 "http://bakingsecurityin.com" "Mozilla/5.0 (Windows NT 10.0; Win64; x64) AppleWebKit/537.36 (KHTML, like Gecko) Chrome/126.0.0.0 Safari/537.36 Edg/126.0.0.0"
198.54.114.83 - - [02/Apr/2025:11:46:17 -0400] "POST /wp-cron.php?doing_wp_cron=1743608776.0419569015502929687500 HTTP/1.1" 200 0 "-" "WordPress/6.7.2; https://bakingsecurityin.com"
162.213.249.63 - - [02/Apr/2025:11:46:08 -0400] "POST /xmlrpc.php HTTP/1.1" 200 0 "http://bakingsecurityin.com" "Mozilla/5.0 (Macintosh; Intel Mac OS X 10_15_7; rv:128.0) Gecko/20100101 Firefox/128.0"
198.54.114.83 - - [02/Apr/2025:11:50:20 -0400] "POST /wp-cron.php?doing_wp_cron=1743609019.3062939643859863281250 HTTP/1.1" 200 0 "-" "WordPress/6.7.2; https://bakingsecurityin.com"
95.216.90.214 - - [02/Apr/2025:11:50:14 -0400] "POST /xmlrpc.php HTTP/1.1" 200 236 "-" "Mozilla/5.0 (X11; Fedora; Linux x86_64; rv:94.0) Gecko/20100101 Firefox/95.0"
198.54.114.83 - - [02/Apr/2025:11:59:27 -0400] "POST /wp-cron.php?doing_wp_cron=1743609566.8867690563201904296875 HTTP/1.1" 200 0 "-" "WordPress/6.7.2; https://bakingsecurityin.com"
198.54.114.58 - - [02/Apr/2025:11:59:24 -0400] "POST /xmlrpc.php HTTP/1.1" 200 212 "http://bakingsecurityin.com" "Mozilla/5.0 (Macintosh; Intel Mac OS X 14_6) AppleWebKit/605.1.15 (KHTML, like Gecko) Version/17.5 Safari/605.1.15"
198.54.114.83 - - [02/Apr/2025:12:12:10 -0400] "POST /wp-cron.php?doing_wp_cron=1743610330.2847790718078613281250 HTTP/1.1" 200 0 "-" "WordPress/6.7.2; https://bakingsecurityin.com"
194.163.180.153 - - [02/Apr/2025:12:12:06 -0400] "POST /xmlrpc.php HTTP/1.1" 200 212 "http://bakingsecurityin.com" "Mozilla/5.0 (Windows NT 10.0; Win64; x64) AppleWebKit/537.36 (KHTML, like Gecko) Chrome/126.0.0.0 Safari/537.36 Edg/126.0.0.0"
198.54.114.83 - - [02/Apr/2025:12:24:28 -0400] "POST /wp-cron.php?doing_wp_cron=1743611067.8958270549774169921875 HTTP/1.1" 200 0 "-" "WordPress/6.7.2; https://bakingsecurityin.com"
35.238.203.213 - - [02/Apr/2025:12:24:26 -0400] "POST /xmlrpc.php HTTP/1.1" 200 212 "http://bakingsecurityin.com" "Mozilla/5.0 (Macintosh; Intel Mac OS X 10_15_7; rv:128.0) Gecko/20100101 Firefox/128.0"
186.64.116.180 - - [02/Apr/2025:12:25:01 -0400] "POST /xmlrpc.php HTTP/1.1" 200 236 "-" "Mozilla/5.0 (X11; Fedora; Linux x86_64; rv:94.0) Gecko/20100101 Firefox/95.0"
194.5.82.85 - - [02/Apr/2025:12:27:06 -0400] "GET /size.php HTTP/1.1" 200 0 "-" "Go-http-client/1.1"
198.54.114.83 - - [02/Apr/2025:12:27:10 -0400] "POST /wp-cron.php?doing_wp_cron=1743611229.4420270919799804687500 HTTP/1.1" 200 0 "-" "WordPress/6.7.2; https://bakingsecurityin.com"
194.5.82.101 - - [02/Apr/2025:12:27:10 -0400] "GET /wp-content/themes/news-portal/error.php HTTP/1.1" 404 0 "-" "Go-http-client/1.1"
194.5.82.101 - - [02/Apr/2025:12:27:12 -0400] "GET /utchiha505.php HTTP/1.1" 404 0 "-" "Go-http-client/1.1"
194.5.82.101 - - [02/Apr/2025:12:27:13 -0400] "GET /wp-content/click.php HTTP/1.1" 404 0 "-" "Go-http-client/1.1"
194.5.82.101 - - [02/Apr/2025:12:27:14 -0400] "GET /wp-admin/plugins.php HTTP/1.1" 302 0 "-" "Go-http-client/1.1"
194.5.82.101 - - [02/Apr/2025:12:27:17 -0400] "GET /product.php HTTP/1.1" 404 0 "-" "Go-http-client/1.1"
194.5.82.101 - - [02/Apr/2025:12:27:18 -0400] "GET /wp-log1n.php HTTP/1.1" 404 0 "-" "Go-http-client/1.1"
194.5.82.101 - - [02/Apr/2025:12:27:19 -0400] "GET /wp-content/wp-log1n.php HTTP/1.1" 404 0 "-" "Go-http-client/1.1"
194.5.82.101 - - [02/Apr/2025:12:27:19 -0400] "GET /wp-admin/item.php HTTP/1.1" 404 0 "-" "Go-http-client/1.1"
194.5.82.101 - - [02/Apr/2025:12:27:20 -0400] "GET /wp-admin/product.php HTTP/1.1" 404 0 "-" "Go-http-client/1.1"
194.5.82.101 - - [02/Apr/2025:12:27:21 -0400] "GET /wp-includes/networks.php HTTP/1.1" 404 0 "-" "Go-http-client/1.1"
194.5.82.101 - - [02/Apr/2025:12:27:22 -0400] "GET /wp-content/options.php HTTP/1.1" 404 0 "-" "Go-http-client/1.1"
194.5.82.101 - - [02/Apr/2025:12:27:23 -0400] "GET /wp-content/networks.php HTTP/1.1" 404 0 "-" "Go-http-client/1.1"
194.5.82.101 - - [02/Apr/2025:12:27:24 -0400] "GET /options.php HTTP/1.1" 404 0 "-" "Go-http-client/1.1"
194.5.82.101 - - [02/Apr/2025:12:27:25 -0400] "GET /item.php HTTP/1.1" 404 0 "-" "Go-http-client/1.1"
194.5.82.101 - - [02/Apr/2025:12:27:26 -0400] "GET /wp-content/themes/admin.php?taf HTTP/1.1" 404 0 "-" "Go-http-client/1.1"
194.5.82.101 - - [02/Apr/2025:12:27:27 -0400] "GET /wp-admin/maint/smile.php HTTP/1.1" 404 0 "-" "Go-http-client/1.1"
198.54.114.83 - - [02/Apr/2025:12:27:28 -0400] "POST /wp-cron.php?doing_wp_cron=1743611248.4419019222259521484375 HTTP/1.1" 200 0 "-" "WordPress/6.7.2; https://bakingsecurityin.com"
194.5.82.101 - - [02/Apr/2025:12:27:28 -0400] "GET /wp-admin/maint/wp-act.php HTTP/1.1" 404 0 "-" "Go-http-client/1.1"
194.5.82.101 - - [02/Apr/2025:12:27:29 -0400] "GET /wp-content/plugins/WordPressCore/admin.php? HTTP/1.1" 404 0 "-" "Go-http-client/1.1"
194.5.82.101 - - [02/Apr/2025:12:27:30 -0400] "GET /ctafwp-admin/maint/go.php HTTP/1.1" 404 0 "-" "Go-http-client/1.1"
194.5.82.101 - - [02/Apr/2025:12:27:31 -0400] "GET /click.php HTTP/1.1" 404 0 "-" "Go-http-client/1.1"
194.5.82.101 - - [02/Apr/2025:12:27:31 -0400] "GET /rcc.php HTTP/1.1" 404 0 "-" "Go-http-client/1.1"
194.5.82.101 - - [02/Apr/2025:12:27:32 -0400] "GET /sellSEX.php HTTP/1.1" 404 0 "-" "Go-http-client/1.1"
194.5.82.101 - - [02/Apr/2025:12:27:32 -0400] "GET /termps.php HTTP/1.1" 404 0 "-" "Go-http-client/1.1"
194.5.82.101 - - [02/Apr/2025:12:27:33 -0400] "GET /sck.php HTTP/1.1" 404 0 "-" "Go-http-client/1.1"
194.5.82.101 - - [02/Apr/2025:12:27:34 -0400] "GET /ans.php HTTP/1.1" 404 0 "-" "Go-http-client/1.1"
194.5.82.101 - - [02/Apr/2025:12:27:34 -0400] "GET /buy.php HTTP/1.1" 404 0 "-" "Go-http-client/1.1"
194.5.82.101 - - [02/Apr/2025:12:27:36 -0400] "GET /wp-content/plugins/Core-EconX/up.php HTTP/1.1" 404 0 "-" "Go-http-client/1.1"
194.5.82.101 - - [02/Apr/2025:12:27:36 -0400] "GET /index4.php HTTP/1.1" 404 0 "-" "Go-http-client/1.1"
194.5.82.101 - - [02/Apr/2025:12:27:37 -0400] "GET /wp-content/termps.php HTTP/1.1" 404 0 "-" "Go-http-client/1.1"
194.5.82.101 - - [02/Apr/2025:12:27:38 -0400] "GET /rbh/log.php HTTP/1.1" 404 0 "-" "Go-http-client/1.1"
194.5.82.101 - - [02/Apr/2025:12:27:39 -0400] "GET /pwp-admin/network/login.php HTTP/1.1" 404 0 "-" "Go-http-client/1.1"
194.5.82.101 - - [02/Apr/2025:12:27:39 -0400] "GET /wander.php HTTP/1.1" 404 0 "-" "Go-http-client/1.1"
194.5.82.101 - - [02/Apr/2025:12:27:40 -0400] "GET /fck.php HTTP/1.1" 404 0 "-" "Go-http-client/1.1"
194.5.82.101 - - [02/Apr/2025:12:27:41 -0400] "GET /wp-includes/css/about.php HTTP/1.1" 404 0 "-" "Go-http-client/1.1"
194.5.82.101 - - [02/Apr/2025:12:27:41 -0400] "GET /writeable.php HTTP/1.1" 404 0 "-" "Go-http-client/1.1"
194.5.82.101 - - [02/Apr/2025:12:27:42 -0400] "GET /admin/function.php HTTP/1.1" 404 0 "-" "Go-http-client/1.1"
194.5.82.101 - - [02/Apr/2025:12:27:43 -0400] "GET /wp-content/themes/deeto/login.php HTTP/1.1" 404 0 "-" "Go-http-client/1.1"
194.5.82.101 - - [02/Apr/2025:12:27:44 -0400] "GET /wp-includes/IXR/wp-login.php HTTP/1.1" 404 0 "-" "Go-http-client/1.1"
194.5.82.101 - - [02/Apr/2025:12:27:45 -0400] "GET /ans.php HTTP/1.1" 404 0 "-" "Go-http-client/1.1"
194.5.82.101 - - [02/Apr/2025:12:27:45 -0400] "GET /.tmb/about.php HTTP/1.1" 404 0 "-" "Go-http-client/1.1"
194.5.82.101 - - [02/Apr/2025:12:27:46 -0400] "GET /wp-content/plugins/helloapx/wp-apxupx.php?apx=upx HTTP/1.1" 404 0 "-" "Go-http-client/1.1"
194.5.82.101 - - [02/Apr/2025:12:27:47 -0400] "GET /wp-content/themes/about.php HTTP/1.1" 404 0 "-" "Go-http-client/1.1"
194.5.82.101 - - [02/Apr/2025:12:27:48 -0400] "GET /wp-content/plugins/hello-dolly/hello.php HTTP/1.1" 404 0 "-" "Go-http-client/1.1"
194.5.82.101 - - [02/Apr/2025:12:27:49 -0400] "GET /shell20211028.php HTTP/1.1" 404 0 "-" "Go-http-client/1.1"
194.5.82.101 - - [02/Apr/2025:12:27:50 -0400] "GET /wp-includes/images/about.php HTTP/1.1" 404 0 "-" "Go-http-client/1.1"
194.5.82.101 - - [02/Apr/2025:12:27:52 -0400] "GET /makeasmtp.php HTTP/1.1" 404 0 "-" "Go-http-client/1.1"
194.5.82.101 - - [02/Apr/2025:12:27:53 -0400] "GET /mah/function.php HTTP/1.1" 404 0 "-" "Go-http-client/1.1"
194.5.82.101 - - [02/Apr/2025:12:27:53 -0400] "GET /simple.php HTTP/1.1" 404 0 "-" "Go-http-client/1.1"
194.5.82.101 - - [02/Apr/2025:12:27:54 -0400] "GET /shell.php HTTP/1.1" 404 0 "-" "Go-http-client/1.1"
194.5.82.101 - - [02/Apr/2025:12:27:55 -0400] "GET /file.php HTTP/1.1" 404 0 "-" "Go-http-client/1.1"
194.5.82.101 - - [02/Apr/2025:12:27:55 -0400] "GET /admin.php HTTP/1.1" 404 0 "-" "Go-http-client/1.1"
194.5.82.101 - - [02/Apr/2025:12:27:56 -0400] "GET /mah.php HTTP/1.1" 404 0 "-" "Go-http-client/1.1"
194.5.82.101 - - [02/Apr/2025:12:27:58 -0400] "GET /about.php HTTP/1.1" 404 0 "-" "Go-http-client/1.1"
194.5.82.101 - - [02/Apr/2025:12:27:59 -0400] "GET /css/index.php HTTP/1.1" 301 0 "-" "Go-http-client/1.1"
194.5.82.101 - - [02/Apr/2025:12:28:00 -0400] "GET /css/ HTTP/1.1" 404 0 "http://bakingsecurityin.com/css/index.php" "Go-http-client/1.1"
194.5.82.101 - - [02/Apr/2025:12:28:01 -0400] "GET /index/function.php HTTP/1.1" 404 0 "-" "Go-http-client/1.1"
194.5.82.101 - - [02/Apr/2025:12:28:01 -0400] "GET /chosen.php HTTP/1.1" 404 0 "-" "Go-http-client/1.1"
194.5.82.101 - - [02/Apr/2025:12:28:02 -0400] "GET /fm.php HTTP/1.1" 404 0 "-" "Go-http-client/1.1"
194.5.82.101 - - [02/Apr/2025:12:28:03 -0400] "GET /1.php HTTP/1.1" 404 0 "-" "Go-http-client/1.1"
194.5.82.101 - - [02/Apr/2025:12:28:04 -0400] "GET /wp-admin/js/index.php HTTP/1.1" 301 0 "-" "Go-http-client/1.1"
194.5.82.101 - - [02/Apr/2025:12:28:04 -0400] "GET /wp-admin/js/ HTTP/1.1" 403 1242 "http://bakingsecurityin.com/wp-admin/js/index.php" "Go-http-client/1.1"
194.5.82.101 - - [02/Apr/2025:12:28:05 -0400] "GET /about/function.php HTTP/1.1" 404 0 "-" "Go-http-client/1.1"
194.5.82.101 - - [02/Apr/2025:12:28:06 -0400] "GET /alfa-rex.php HTTP/1.1" 404 0 "-" "Go-http-client/1.1"
194.5.82.101 - - [02/Apr/2025:12:28:06 -0400] "GET /wp-content/plugins/core-plugin/include.php HTTP/1.1" 404 0 "-" "Go-http-client/1.1"
194.5.82.101 - - [02/Apr/2025:12:28:07 -0400] "GET /moon.php HTTP/1.1" 404 0 "-" "Go-http-client/1.1"
194.5.82.101 - - [02/Apr/2025:12:28:08 -0400] "GET /wp-content/index.php HTTP/1.1" 200 0 "-" "Go-http-client/1.1"
194.5.82.101 - - [02/Apr/2025:12:28:09 -0400] "GET /wp-content/themes/sketch/404.php HTTP/1.1" 404 0 "-" "Go-http-client/1.1"
194.5.82.101 - - [02/Apr/2025:12:28:09 -0400] "GET /wp-admin/network/index.php HTTP/1.1" 302 0 "-" "Go-http-client/1.1"
194.5.82.101 - - [02/Apr/2025:12:28:12 -0400] "GET /404.php HTTP/1.1" 404 0 "-" "Go-http-client/1.1"
194.5.82.101 - - [02/Apr/2025:12:28:13 -0400] "GET /wp-admin/maint/index.php HTTP/1.1" 301 0 "-" "Go-http-client/1.1"
194.5.82.101 - - [02/Apr/2025:12:28:13 -0400] "GET /wp-admin/maint/ HTTP/1.1" 403 1242 "http://bakingsecurityin.com/wp-admin/maint/index.php" "Go-http-client/1.1"
194.5.82.101 - - [02/Apr/2025:12:28:14 -0400] "GET /blog/index.php HTTP/1.1" 301 0 "-" "Go-http-client/1.1"
194.5.82.101 - - [02/Apr/2025:12:28:14 -0400] "GET /blog/ HTTP/1.1" 404 0 "http://bakingsecurityin.com/blog/index.php" "Go-http-client/1.1"
194.5.82.101 - - [02/Apr/2025:12:28:15 -0400] "GET /autoload_classmap.php HTTP/1.1" 404 0 "-" "Go-http-client/1.1"
194.5.82.101 - - [02/Apr/2025:12:28:16 -0400] "GET /xml.php HTTP/1.1" 404 0 "-" "Go-http-client/1.1"
194.5.82.101 - - [02/Apr/2025:12:28:17 -0400] "GET /jindex.php HTTP/1.1" 404 0 "-" "Go-http-client/1.1"
194.5.82.101 - - [02/Apr/2025:12:28:18 -0400] "GET /.well-known/ HTTP/1.1" 404 0 "-" "Go-http-client/1.1"
194.5.82.101 - - [02/Apr/2025:12:28:20 -0400] "GET /wp-content/uploads/index.php HTTP/1.1" 301 0 "-" "Go-http-client/1.1"
194.5.82.101 - - [02/Apr/2025:12:28:20 -0400] "GET /wp-content/uploads/ HTTP/1.1" 403 1242 "http://bakingsecurityin.com/wp-content/uploads/index.php" "Go-http-client/1.1"
194.5.82.101 - - [02/Apr/2025:12:28:21 -0400] "GET /wp-content/plugins/index.php HTTP/1.1" 200 0 "-" "Go-http-client/1.1"
194.5.82.101 - - [02/Apr/2025:12:28:22 -0400] "GET /en/index.php HTTP/1.1" 301 0 "-" "Go-http-client/1.1"
194.5.82.101 - - [02/Apr/2025:12:28:23 -0400] "GET /en/ HTTP/1.1" 301 0 "http://bakingsecurityin.com/en/index.php" "Go-http-client/1.1"
194.5.82.101 - - [02/Apr/2025:12:28:25 -0400] "GET /wp-content/plugins/WordPressCore/include.php HTTP/1.1" 404 0 "-" "Go-http-client/1.1"
194.5.82.101 - - [02/Apr/2025:12:28:25 -0400] "GET /wso.php HTTP/1.1" 404 0 "-" "Go-http-client/1.1"
194.5.82.101 - - [02/Apr/2025:12:28:26 -0400] "GET /ini.php HTTP/1.1" 404 0 "-" "Go-http-client/1.1"
194.5.82.101 - - [02/Apr/2025:12:28:27 -0400] "GET /bk/index.php HTTP/1.1" 301 0 "-" "Go-http-client/1.1"
198.54.114.83 - - [02/Apr/2025:12:28:28 -0400] "POST /wp-cron.php?doing_wp_cron=1743611308.2411561012268066406250 HTTP/1.1" 200 0 "-" "WordPress/6.7.2; https://bakingsecurityin.com"
194.5.82.101 - - [02/Apr/2025:12:28:28 -0400] "GET /bk/ HTTP/1.1" 404 0 "http://bakingsecurityin.com/bk/index.php" "Go-http-client/1.1"
194.5.82.101 - - [02/Apr/2025:12:28:29 -0400] "GET /themes.php HTTP/1.1" 404 0 "-" "Go-http-client/1.1"
194.5.82.101 - - [02/Apr/2025:12:28:30 -0400] "GET /wp-content/plugins/revslider/includes/external/page/index.php HTTP/1.1" 301 0 "-" "Go-http-client/1.1"
194.5.82.101 - - [02/Apr/2025:12:28:30 -0400] "GET /wp-content/plugins/revslider/includes/external/page/ HTTP/1.1" 404 0 "http://bakingsecurityin.com/wp-content/plugins/revslider/includes/external/page/index.php" "Go-http-client/1.1"
194.5.82.101 - - [02/Apr/2025:12:28:31 -0400] "GET /install.php HTTP/1.1" 404 0 "-" "Go-http-client/1.1"
194.5.82.101 - - [02/Apr/2025:12:28:32 -0400] "GET /wp-includes/css/index.php HTTP/1.1" 301 0 "-" "Go-http-client/1.1"
194.5.82.101 - - [02/Apr/2025:12:28:33 -0400] "GET /wp-includes/css/ HTTP/1.1" 403 1242 "http://bakingsecurityin.com/wp-includes/css/index.php" "Go-http-client/1.1"
194.5.82.101 - - [02/Apr/2025:12:28:34 -0400] "GET /.well-known/pki-validation/moon.php HTTP/1.1" 404 1251 "-" "Go-http-client/1.1"
194.5.82.101 - - [02/Apr/2025:12:28:34 -0400] "GET /classwithtostring.php HTTP/1.1" 404 0 "-" "Go-http-client/1.1"
194.5.82.101 - - [02/Apr/2025:12:28:37 -0400] "GET /wp-includes/ID3/index.php HTTP/1.1" 301 0 "-" "Go-http-client/1.1"
194.5.82.101 - - [02/Apr/2025:12:28:37 -0400] "GET /wp-includes/ID3/ HTTP/1.1" 403 1242 "http://bakingsecurityin.com/wp-includes/ID3/index.php" "Go-http-client/1.1"
194.5.82.101 - - [02/Apr/2025:12:28:38 -0400] "GET /goods.php HTTP/1.1" 404 0 "-" "Go-http-client/1.1"
194.5.82.101 - - [02/Apr/2025:12:28:39 -0400] "GET /wp-admin/images/index.php HTTP/1.1" 301 0 "-" "Go-http-client/1.1"
194.5.82.101 - - [02/Apr/2025:12:28:40 -0400] "GET /wp-admin/images/ HTTP/1.1" 403 1242 "http://bakingsecurityin.com/wp-admin/images/index.php" "Go-http-client/1.1"
194.5.82.101 - - [02/Apr/2025:12:28:40 -0400] "GET /wp-links.php HTTP/1.1" 404 0 "-" "Go-http-client/1.1"
194.5.82.101 - - [02/Apr/2025:12:28:41 -0400] "GET /new.php HTTP/1.1" 404 0 "-" "Go-http-client/1.1"
194.5.82.101 - - [02/Apr/2025:12:28:41 -0400] "GET /wp-content/languages/wp-login.php HTTP/1.1" 404 0 "-" "Go-http-client/1.1"
194.5.82.101 - - [02/Apr/2025:12:28:42 -0400] "GET /wp.php HTTP/1.1" 404 0 "-" "Go-http-client/1.1"
194.5.82.101 - - [02/Apr/2025:12:28:43 -0400] "GET /elp.php HTTP/1.1" 404 0 "-" "Go-http-client/1.1"
194.5.82.101 - - [02/Apr/2025:12:28:43 -0400] "GET /a.php HTTP/1.1" 404 0 "-" "Go-http-client/1.1"
194.5.82.101 - - [02/Apr/2025:12:28:44 -0400] "GET /m.php HTTP/1.1" 404 0 "-" "Go-http-client/1.1"
194.5.82.101 - - [02/Apr/2025:12:28:44 -0400] "GET /wp-includes/product.php HTTP/1.1" 404 0 "-" "Go-http-client/1.1"
194.5.82.101 - - [02/Apr/2025:12:28:45 -0400] "GET /wp-content/admin.php HTTP/1.1" 404 0 "-" "Go-http-client/1.1"
194.5.82.101 - - [02/Apr/2025:12:28:46 -0400] "GET /wp-admin/images/about.php HTTP/1.1" 404 0 "-" "Go-http-client/1.1"
194.5.82.101 - - [02/Apr/2025:12:28:47 -0400] "GET /log.php HTTP/1.1" 404 0 "-" "Go-http-client/1.1"
194.5.82.101 - - [02/Apr/2025:12:28:48 -0400] "GET /inc.php HTTP/1.1" 404 0 "-" "Go-http-client/1.1"
194.5.82.101 - - [02/Apr/2025:12:28:50 -0400] "GET /wp-admin/css/index.php HTTP/1.1" 301 0 "-" "Go-http-client/1.1"
194.5.82.101 - - [02/Apr/2025:12:28:51 -0400] "GET /wp-admin/css/ HTTP/1.1" 403 1242 "http://bakingsecurityin.com/wp-admin/css/index.php" "Go-http-client/1.1"
194.5.82.101 - - [02/Apr/2025:12:28:53 -0400] "GET /wp-conflg.php HTTP/1.1" 404 0 "-" "Go-http-client/1.1"
194.5.82.101 - - [02/Apr/2025:12:28:54 -0400] "GET /cong.php HTTP/1.1" 404 0 "-" "Go-http-client/1.1"
194.5.82.101 - - [02/Apr/2025:12:28:56 -0400] "GET /content.php HTTP/1.1" 404 0 "-" "Go-http-client/1.1"
194.5.82.101 - - [02/Apr/2025:12:28:57 -0400] "GET /wp-content/themes/seotheme/mar.php HTTP/1.1" 404 0 "-" "Go-http-client/1.1"
194.5.82.101 - - [02/Apr/2025:12:28:59 -0400] "GET /wp-info.php HTTP/1.1" 404 0 "-" "Go-http-client/1.1"
194.5.82.101 - - [02/Apr/2025:12:29:00 -0400] "GET /wp-content/languages/index.php HTTP/1.1" 301 0 "-" "Go-http-client/1.1"
194.5.82.101 - - [02/Apr/2025:12:29:01 -0400] "GET /wp-content/languages/ HTTP/1.1" 404 0 "http://bakingsecurityin.com/wp-content/languages/index.php" "Go-http-client/1.1"
194.5.82.101 - - [02/Apr/2025:12:29:03 -0400] "GET /edit.php HTTP/1.1" 404 0 "-" "Go-http-client/1.1"
194.5.82.101 - - [02/Apr/2025:12:29:05 -0400] "GET /wp-mail.php HTTP/1.1" 403 1138 "-" "Go-http-client/1.1"
198.54.114.83 - - [02/Apr/2025:12:29:07 -0400] "POST /wp-cron.php?doing_wp_cron=1743611347.0895419120788574218750 HTTP/1.1" 200 0 "-" "WordPress/6.7.2; https://bakingsecurityin.com"
194.5.82.101 - - [02/Apr/2025:12:29:06 -0400] "GET /wp-includes/SimplePie/index.php HTTP/1.1" 301 0 "-" "Go-http-client/1.1"
194.5.82.101 - - [02/Apr/2025:12:29:08 -0400] "GET /wp-includes/SimplePie/ HTTP/1.1" 403 1242 "http://bakingsecurityin.com/wp-includes/SimplePie/index.php" "Go-http-client/1.1"
194.5.82.101 - - [02/Apr/2025:12:29:10 -0400] "GET /login.php HTTP/1.1" 302 0 "-" "Go-http-client/1.1"
194.5.82.101 - - [02/Apr/2025:12:29:12 -0400] "GET /text.php HTTP/1.1" 404 0 "-" "Go-http-client/1.1"
194.5.82.101 - - [02/Apr/2025:12:29:14 -0400] "GET /wp-content/upgrade/about.php HTTP/1.1" 404 0 "-" "Go-http-client/1.1"
194.5.82.101 - - [02/Apr/2025:12:29:15 -0400] "GET /wp-includes/assets/index.php HTTP/1.1" 301 0 "-" "Go-http-client/1.1"
194.5.82.101 - - [02/Apr/2025:12:29:17 -0400] "GET /wp-includes/assets/ HTTP/1.1" 403 1242 "http://bakingsecurityin.com/wp-includes/assets/index.php" "Go-http-client/1.1"
194.5.82.101 - - [02/Apr/2025:12:29:18 -0400] "GET /wp-includes/js/index.php HTTP/1.1" 301 0 "-" "Go-http-client/1.1"
194.5.82.101 - - [02/Apr/2025:12:29:19 -0400] "GET /wp-includes/js/ HTTP/1.1" 403 1242 "http://bakingsecurityin.com/wp-includes/js/index.php" "Go-http-client/1.1"
194.5.82.101 - - [02/Apr/2025:12:29:19 -0400] "GET /ws.php HTTP/1.1" 404 0 "-" "Go-http-client/1.1"
194.5.82.101 - - [02/Apr/2025:12:29:20 -0400] "GET /dropdown.php HTTP/1.1" 404 0 "-" "Go-http-client/1.1"
194.5.82.101 - - [02/Apr/2025:12:29:21 -0400] "GET /.well-known/pki-validation/index.php HTTP/1.1" 404 1251 "-" "Go-http-client/1.1"
194.5.82.101 - - [02/Apr/2025:12:29:21 -0400] "GET /doc.php HTTP/1.1" 404 0 "-" "Go-http-client/1.1"
194.5.82.101 - - [02/Apr/2025:12:29:23 -0400] "GET /administrator/templates/bluestork/error.php HTTP/1.1" 404 0 "-" "Go-http-client/1.1"
194.5.82.101 - - [02/Apr/2025:12:29:23 -0400] "GET /administrator/templates/hathor/index.php HTTP/1.1" 301 0 "-" "Go-http-client/1.1"
194.5.82.101 - - [02/Apr/2025:12:29:25 -0400] "GET /administrator/templates/hathor/ HTTP/1.1" 404 0 "http://bakingsecurityin.com/administrator/templates/hathor/index.php" "Go-http-client/1.1"
194.5.82.101 - - [02/Apr/2025:12:29:26 -0400] "GET /administrator/templates/hathor/error.php HTTP/1.1" 404 0 "-" "Go-http-client/1.1"
194.5.82.101 - - [02/Apr/2025:12:29:26 -0400] "GET /administrator/templates/isis/index.php HTTP/1.1" 301 0 "-" "Go-http-client/1.1"
198.54.114.83 - - [02/Apr/2025:12:29:29 -0400] "POST /wp-cron.php?doing_wp_cron=1743611368.2208330631256103515625 HTTP/1.1" 200 0 "-" "WordPress/6.7.2; https://bakingsecurityin.com"
194.5.82.101 - - [02/Apr/2025:12:29:28 -0400] "GET /administrator/templates/isis/ HTTP/1.1" 404 0 "http://bakingsecurityin.com/administrator/templates/isis/index.php" "Go-http-client/1.1"
194.5.82.101 - - [02/Apr/2025:12:29:29 -0400] "GET /administrator/templates/isis/error.php HTTP/1.1" 404 0 "-" "Go-http-client/1.1"
194.5.82.101 - - [02/Apr/2025:12:29:30 -0400] "GET /modules/mod_simplefileuploadv1.3/elements/udd.php HTTP/1.1" 404 0 "-" "Go-http-client/1.1"
194.5.82.101 - - [02/Apr/2025:12:29:31 -0400] "GET /templates/beez/index.php HTTP/1.1" 301 0 "-" "Go-http-client/1.1"
194.5.82.101 - - [02/Apr/2025:12:29:33 -0400] "GET /templates/beez/ HTTP/1.1" 404 0 "http://bakingsecurityin.com/templates/beez/index.php" "Go-http-client/1.1"
194.5.82.101 - - [02/Apr/2025:12:29:34 -0400] "GET /templates/beez3/error.php HTTP/1.1" 404 0 "-" "Go-http-client/1.1"
194.5.82.101 - - [02/Apr/2025:12:29:36 -0400] "GET /templates/beez5/index.php HTTP/1.1" 301 0 "-" "Go-http-client/1.1"
194.5.82.101 - - [02/Apr/2025:12:29:37 -0400] "GET /templates/beez5/ HTTP/1.1" 404 0 "http://bakingsecurityin.com/templates/beez5/index.php" "Go-http-client/1.1"
194.5.82.101 - - [02/Apr/2025:12:29:39 -0400] "GET /templates/beez5/error.php HTTP/1.1" 404 0 "-" "Go-http-client/1.1"
194.5.82.101 - - [02/Apr/2025:12:29:41 -0400] "GET /templates/beez_20/index.php HTTP/1.1" 301 0 "-" "Go-http-client/1.1"
194.5.82.101 - - [02/Apr/2025:12:29:43 -0400] "GET /templates/beez_20/ HTTP/1.1" 404 0 "http://bakingsecurityin.com/templates/beez_20/index.php" "Go-http-client/1.1"
194.5.82.101 - - [02/Apr/2025:12:29:44 -0400] "GET /templates/beez_20/error.php HTTP/1.1" 404 0 "-" "Go-http-client/1.1"
194.5.82.101 - - [02/Apr/2025:12:29:46 -0400] "GET /templates/protostar/index.php HTTP/1.1" 301 0 "-" "Go-http-client/1.1"
194.5.82.101 - - [02/Apr/2025:12:29:48 -0400] "GET /templates/protostar/ HTTP/1.1" 404 0 "http://bakingsecurityin.com/templates/protostar/index.php" "Go-http-client/1.1"
194.5.82.101 - - [02/Apr/2025:12:29:49 -0400] "GET /templates/protostar/error.php HTTP/1.1" 404 0 "-" "Go-http-client/1.1"
194.5.82.101 - - [02/Apr/2025:12:29:51 -0400] "GET /templates/atomic/index.php HTTP/1.1" 301 0 "-" "Go-http-client/1.1"
194.5.82.101 - - [02/Apr/2025:12:29:53 -0400] "GET /templates/atomic/ HTTP/1.1" 404 0 "http://bakingsecurityin.com/templates/atomic/index.php" "Go-http-client/1.1"
194.5.82.101 - - [02/Apr/2025:12:29:54 -0400] "GET /templates/atomic/error.php HTTP/1.1" 404 0 "-" "Go-http-client/1.1"
194.5.82.101 - - [02/Apr/2025:12:29:56 -0400] "GET /modules/mod_simplefileuploadv1.3/elements/Clean.php HTTP/1.1" 404 0 "-" "Go-http-client/1.1"
194.5.82.101 - - [02/Apr/2025:12:29:57 -0400] "GET /radio.php HTTP/1.1" 404 0 "-" "Go-http-client/1.1"
194.5.82.101 - - [02/Apr/2025:12:29:58 -0400] "GET /wp-includes/customize/index.php HTTP/1.1" 301 0 "-" "Go-http-client/1.1"
194.5.82.101 - - [02/Apr/2025:12:30:00 -0400] "GET /wp-includes/customize/ HTTP/1.1" 403 1242 "http://bakingsecurityin.com/wp-includes/customize/index.php" "Go-http-client/1.1"
194.5.82.101 - - [02/Apr/2025:12:30:01 -0400] "GET /css.php HTTP/1.1" 404 0 "-" "Go-http-client/1.1"
194.5.82.101 - - [02/Apr/2025:12:30:03 -0400] "GET /wp-content/plugins/hello.php HTTP/1.1" 500 0 "-" "Go-http-client/1.1"
194.5.82.101 - - [02/Apr/2025:12:30:05 -0400] "GET /function.php HTTP/1.1" 404 0 "-" "Go-http-client/1.1"
194.5.82.101 - - [02/Apr/2025:12:30:07 -0400] "GET /randkeyword.php HTTP/1.1" 404 0 "-" "Go-http-client/1.1"
194.5.82.101 - - [02/Apr/2025:12:30:09 -0400] "GET /wp-includes/fonts/index.php HTTP/1.1" 301 0 "-" "Go-http-client/1.1"
194.5.82.101 - - [02/Apr/2025:12:30:10 -0400] "GET /wp-includes/fonts/ HTTP/1.1" 403 1242 "http://bakingsecurityin.com/wp-includes/fonts/index.php" "Go-http-client/1.1"
194.5.82.101 - - [02/Apr/2025:12:30:11 -0400] "GET /plugin.php HTTP/1.1" 404 0 "-" "Go-http-client/1.1"
194.5.82.101 - - [02/Apr/2025:12:30:13 -0400] "GET /wp-includes/Text/wp-login.php HTTP/1.1" 404 0 "-" "Go-http-client/1.1"
194.5.82.101 - - [02/Apr/2025:12:30:15 -0400] "GET /link.php HTTP/1.1" 404 0 "-" "Go-http-client/1.1"
194.5.82.101 - - [02/Apr/2025:12:30:16 -0400] "GET /wp-login.php HTTP/1.1" 302 0 "-" "Go-http-client/1.1"
194.5.82.101 - - [02/Apr/2025:12:30:21 -0400] "GET /wp-includes/fonts/about.php HTTP/1.1" 404 0 "-" "Go-http-client/1.1"
194.5.82.101 - - [02/Apr/2025:12:30:23 -0400] "GET /wp-includes/admin.php HTTP/1.1" 404 0 "-" "Go-http-client/1.1"
194.5.82.101 - - [02/Apr/2025:12:30:25 -0400] "GET /defaults.php HTTP/1.1" 404 0 "-" "Go-http-client/1.1"
194.5.82.101 - - [02/Apr/2025:12:30:26 -0400] "GET /user.php HTTP/1.1" 404 0 "-" "Go-http-client/1.1"
194.5.82.101 - - [02/Apr/2025:12:30:27 -0400] "GET /wp-content/themes/twentyfive/include.php HTTP/1.1" 404 0 "-" "Go-http-client/1.1"
198.54.114.83 - - [02/Apr/2025:12:30:29 -0400] "POST /wp-cron.php?doing_wp_cron=1743611429.0325651168823242187500 HTTP/1.1" 200 0 "-" "WordPress/6.7.2; https://bakingsecurityin.com"
194.5.82.101 - - [02/Apr/2025:12:30:28 -0400] "GET /alfa.php HTTP/1.1" 404 0 "-" "Go-http-client/1.1"
194.5.82.101 - - [02/Apr/2025:12:30:30 -0400] "GET /wp-config-sample.php HTTP/1.1" 500 1083 "-" "Go-http-client/1.1"
194.5.82.101 - - [02/Apr/2025:12:30:31 -0400] "GET /wp-admin/css/colors/blue/ HTTP/1.1" 403 1242 "-" "Go-http-client/1.1"
194.5.82.101 - - [02/Apr/2025:12:30:33 -0400] "GET /wp-content/mah.php HTTP/1.1" 404 0 "-" "Go-http-client/1.1"
194.5.82.101 - - [02/Apr/2025:12:30:34 -0400] "GET /x/index.php HTTP/1.1" 301 0 "-" "Go-http-client/1.1"
194.5.82.101 - - [02/Apr/2025:12:30:35 -0400] "GET /x/ HTTP/1.1" 404 0 "http://bakingsecurityin.com/x/index.php" "Go-http-client/1.1"
194.5.82.101 - - [02/Apr/2025:12:30:36 -0400] "GET /wp-admin.php HTTP/1.1" 404 0 "-" "Go-http-client/1.1"
194.5.82.101 - - [02/Apr/2025:12:30:37 -0400] "GET /templates/beez3/jsstrings.php HTTP/1.1" 404 0 "-" "Go-http-client/1.1"
194.5.82.101 - - [02/Apr/2025:12:30:38 -0400] "GET /403.php HTTP/1.1" 404 0 "-" "Go-http-client/1.1"
194.5.82.101 - - [02/Apr/2025:12:30:39 -0400] "GET /wp-includes/mah.php HTTP/1.1" 404 0 "-" "Go-http-client/1.1"
194.5.82.101 - - [02/Apr/2025:12:30:39 -0400] "GET /wp-content/shell.php HTTP/1.1" 404 0 "-" "Go-http-client/1.1"
194.5.82.101 - - [02/Apr/2025:12:30:41 -0400] "GET /wp-includes/rest-api/index.php HTTP/1.1" 301 0 "-" "Go-http-client/1.1"
194.5.82.101 - - [02/Apr/2025:12:30:41 -0400] "GET /wp-includes/rest-api/ HTTP/1.1" 403 1242 "http://bakingsecurityin.com/wp-includes/rest-api/index.php" "Go-http-client/1.1"
194.5.82.101 - - [02/Apr/2025:12:30:42 -0400] "GET /menu.php HTTP/1.1" 404 0 "-" "Go-http-client/1.1"
194.5.82.101 - - [02/Apr/2025:12:30:43 -0400] "GET /data.php HTTP/1.1" 404 0 "-" "Go-http-client/1.1"
194.5.82.101 - - [02/Apr/2025:12:30:44 -0400] "GET /lock.php HTTP/1.1" 404 0 "-" "Go-http-client/1.1"
194.5.82.101 - - [02/Apr/2025:12:30:44 -0400] "GET /wp-header.php HTTP/1.1" 404 0 "-" "Go-http-client/1.1"
194.5.82.101 - - [02/Apr/2025:12:30:45 -0400] "GET /mini.php HTTP/1.1" 404 0 "-" "Go-http-client/1.1"
194.5.82.101 - - [02/Apr/2025:12:30:46 -0400] "GET /atomlib.php HTTP/1.1" 404 0 "-" "Go-http-client/1.1"
194.5.82.101 - - [02/Apr/2025:12:30:47 -0400] "GET /randkeyword.PhP7 HTTP/1.1" 404 0 "-" "Go-http-client/1.1"
194.5.82.101 - - [02/Apr/2025:12:30:48 -0400] "GET /b.php HTTP/1.1" 404 0 "-" "Go-http-client/1.1"
194.5.82.101 - - [02/Apr/2025:12:30:48 -0400] "GET /s.php HTTP/1.1" 404 0 "-" "Go-http-client/1.1"
194.5.82.101 - - [02/Apr/2025:12:30:49 -0400] "GET /hehehehe.php HTTP/1.1" 404 0 "-" "Go-http-client/1.1"
194.5.82.101 - - [02/Apr/2025:12:30:50 -0400] "GET /wp-includes/wp-login.php HTTP/1.1" 404 0 "-" "Go-http-client/1.1"
194.5.82.101 - - [02/Apr/2025:12:30:51 -0400] "GET /cgi-bin/wp-login.php HTTP/1.1" 404 0 "-" "Go-http-client/1.1"
194.5.82.101 - - [02/Apr/2025:12:30:52 -0400] "GET /xmlrpc.php HTTP/1.1" 405 60 "-" "Go-http-client/1.1"
194.5.82.101 - - [02/Apr/2025:12:30:53 -0400] "GET /.well-known/acme-challenge/index.php HTTP/1.1" 301 0 "-" "Go-http-client/1.1"
194.5.82.101 - - [02/Apr/2025:12:30:53 -0400] "GET /.well-known/acme-challenge/ HTTP/1.1" 404 0 "http://bakingsecurityin.com/.well-known/acme-challenge/index.php" "Go-http-client/1.1"
194.5.82.101 - - [02/Apr/2025:12:30:54 -0400] "GET /wp-admin/css/colors/index.php HTTP/1.1" 301 0 "-" "Go-http-client/1.1"
194.5.82.101 - - [02/Apr/2025:12:30:55 -0400] "GET /wp-admin/css/colors/ HTTP/1.1" 403 1242 "http://bakingsecurityin.com/wp-admin/css/colors/index.php" "Go-http-client/1.1"
194.5.82.101 - - [02/Apr/2025:12:30:56 -0400] "GET /web.php HTTP/1.1" 404 0 "-" "Go-http-client/1.1"
194.5.82.101 - - [02/Apr/2025:12:30:57 -0400] "GET /xx.php HTTP/1.1" 404 0 "-" "Go-http-client/1.1"
194.5.82.101 - - [02/Apr/2025:12:30:57 -0400] "GET /as.php HTTP/1.1" 404 0 "-" "Go-http-client/1.1"
194.5.82.101 - - [02/Apr/2025:12:30:58 -0400] "GET /worksec.php HTTP/1.1" 404 0 "-" "Go-http-client/1.1"
194.5.82.101 - - [02/Apr/2025:12:30:59 -0400] "GET /ioxi002.PhP7 HTTP/1.1" 404 0 "-" "Go-http-client/1.1"
194.5.82.101 - - [02/Apr/2025:12:31:00 -0400] "GET /wp-admin/network/about.php HTTP/1.1" 302 0 "-" "Go-http-client/1.1"
194.5.82.101 - - [02/Apr/2025:12:31:04 -0400] "GET /back.php HTTP/1.1" 404 0 "-" "Go-http-client/1.1"
194.5.82.101 - - [02/Apr/2025:12:31:05 -0400] "GET /.well-known/about.php HTTP/1.1" 404 0 "-" "Go-http-client/1.1"
194.5.82.101 - - [02/Apr/2025:12:31:07 -0400] "GET /plugins.php HTTP/1.1" 404 0 "-" "Go-http-client/1.1"
194.5.82.101 - - [02/Apr/2025:12:31:09 -0400] "GET /wp-content/about.php HTTP/1.1" 404 0 "-" "Go-http-client/1.1"
194.5.82.101 - - [02/Apr/2025:12:31:11 -0400] "GET /class.api.php HTTP/1.1" 404 0 "-" "Go-http-client/1.1"
194.5.82.101 - - [02/Apr/2025:12:31:13 -0400] "GET /baxa1.phP8 HTTP/1.1" 404 0 "-" "Go-http-client/1.1"
194.5.82.101 - - [02/Apr/2025:12:31:15 -0400] "GET /wp-includes/SimplePie/about.php HTTP/1.1" 404 0 "-" "Go-http-client/1.1"
194.5.82.101 - - [02/Apr/2025:12:31:17 -0400] "GET /wp-includes/sitemaps/about.php HTTP/1.1" 404 0 "-" "Go-http-client/1.1"
194.5.82.101 - - [02/Apr/2025:12:31:18 -0400] "GET /.well-known/acme-challenge/about.php HTTP/1.1" 404 0 "-" "Go-http-client/1.1"
194.5.82.101 - - [02/Apr/2025:12:31:19 -0400] "GET /ova.php HTTP/1.1" 404 0 "-" "Go-http-client/1.1"
194.5.82.101 - - [02/Apr/2025:12:31:20 -0400] "GET /wp-content/item.php HTTP/1.1" 404 0 "-" "Go-http-client/1.1"
194.5.82.101 - - [02/Apr/2025:12:31:21 -0400] "GET /wp-content/classwithtostring.php HTTP/1.1" 404 0 "-" "Go-http-client/1.1"
194.5.82.101 - - [02/Apr/2025:12:31:21 -0400] "GET /wp-admin/css/about.php HTTP/1.1" 404 0 "-" "Go-http-client/1.1"
194.5.82.101 - - [02/Apr/2025:12:31:22 -0400] "GET /home.php HTTP/1.1" 404 0 "-" "Go-http-client/1.1"
194.5.82.101 - - [02/Apr/2025:12:31:23 -0400] "GET /wp-includes/item.php HTTP/1.1" 404 0 "-" "Go-http-client/1.1"
194.5.82.101 - - [02/Apr/2025:12:31:24 -0400] "GET /wp-admin/network/admin.php HTTP/1.1" 302 0 "-" "Go-http-client/1.1"
198.54.114.83 - - [02/Apr/2025:12:31:28 -0400] "POST /wp-cron.php?doing_wp_cron=1743611488.1062738895416259765625 HTTP/1.1" 200 0 "-" "WordPress/6.7.2; https://bakingsecurityin.com"
194.5.82.101 - - [02/Apr/2025:12:31:27 -0400] "GET /wp-content/cong.php HTTP/1.1" 404 0 "-" "Go-http-client/1.1"
194.5.82.101 - - [02/Apr/2025:12:31:28 -0400] "GET /wp-content/themes/digital-download/new.php HTTP/1.1" 404 0 "-" "Go-http-client/1.1"
194.5.82.101 - - [02/Apr/2025:12:31:30 -0400] "GET /x.php HTTP/1.1" 404 0 "-" "Go-http-client/1.1"
194.5.82.101 - - [02/Apr/2025:12:31:31 -0400] "GET /wp-admin/images/admin.php HTTP/1.1" 404 0 "-" "Go-http-client/1.1"
194.5.82.101 - - [02/Apr/2025:12:31:32 -0400] "GET /byp.php HTTP/1.1" 404 0 "-" "Go-http-client/1.1"
194.5.82.101 - - [02/Apr/2025:12:31:33 -0400] "GET /wp-admin/css/colors/about.php HTTP/1.1" 404 0 "-" "Go-http-client/1.1"
194.5.82.101 - - [02/Apr/2025:12:31:36 -0400] "GET /wp-includes/customize/about.php HTTP/1.1" 404 0 "-" "Go-http-client/1.1"
194.5.82.101 - - [02/Apr/2025:12:31:37 -0400] "GET /wp-admin/wp-login.php HTTP/1.1" 404 0 "-" "Go-http-client/1.1"
194.5.82.101 - - [02/Apr/2025:12:31:38 -0400] "GET /.well-known/acme-challenge/upfile.php HTTP/1.1" 404 0 "-" "Go-http-client/1.1"
194.5.82.101 - - [02/Apr/2025:12:31:41 -0400] "GET /wp-content/themes/include.php HTTP/1.1" 404 0 "-" "Go-http-client/1.1"
194.5.82.101 - - [02/Apr/2025:12:31:43 -0400] "GET /wp-admin/classwithtostring.php HTTP/1.1" 404 0 "-" "Go-http-client/1.1"
194.5.82.101 - - [02/Apr/2025:12:31:45 -0400] "GET /wp-content/plugins/WordPressCore/index.php HTTP/1.1" 301 0 "-" "Go-http-client/1.1"
194.5.82.101 - - [02/Apr/2025:12:31:47 -0400] "GET /wp-content/plugins/WordPressCore/ HTTP/1.1" 404 0 "http://bakingsecurityin.com/wp-content/plugins/WordPressCore/index.php" "Go-http-client/1.1"
194.5.82.101 - - [02/Apr/2025:12:31:48 -0400] "GET /ova-tools.php HTTP/1.1" 404 0 "-" "Go-http-client/1.1"
194.5.82.101 - - [02/Apr/2025:12:31:50 -0400] "GET /version.php HTTP/1.1" 404 0 "-" "Go-http-client/1.1"
194.5.82.101 - - [02/Apr/2025:12:31:51 -0400] "GET /lufix.php HTTP/1.1" 404 0 "-" "Go-http-client/1.1"
194.5.82.101 - - [02/Apr/2025:12:31:53 -0400] "GET /wp-includes/images/wp-login.php HTTP/1.1" 404 0 "-" "Go-http-client/1.1"
194.5.82.101 - - [02/Apr/2025:12:31:56 -0400] "GET /wp-includes/pomo/wp-login.php HTTP/1.1" 404 0 "-" "Go-http-client/1.1"
194.5.82.101 - - [02/Apr/2025:12:31:57 -0400] "GET /wp-admin/user/index.php HTTP/1.1" 302 0 "-" "Go-http-client/1.1"
194.5.82.101 - - [02/Apr/2025:12:32:03 -0400] "GET /wp-content/themes.php HTTP/1.1" 404 0 "-" "Go-http-client/1.1"
194.5.82.101 - - [02/Apr/2025:12:32:07 -0400] "GET /wp-content/uploads/about.php HTTP/1.1" 404 0 "-" "Go-http-client/1.1"
194.5.82.101 - - [02/Apr/2025:12:32:09 -0400] "GET /wp-admin/css/colors/coffee/index.php HTTP/1.1" 301 0 "-" "Go-http-client/1.1"
