91.201.113.132 - - [30/Mar/2025:04:24:12 -0400] "GET /the-growing-popularity-of-online-casinos/ HTTP/1.1" 200 0 "http://bakingsecurityin.com/the-growing-popularity-of-online-casinos/" "Mozilla/5.0 (Windows NT 10.0; Win64; x64) AppleWebKit/537.36 (KHTML, like Gecko) Chrome/131.0.0.0 Safari/537.36 Avast/131.0.0.0"
91.201.113.132 - - [30/Mar/2025:04:24:13 -0400] "GET / HTTP/1.1" 200 0 "http://bakingsecurityin.com/" "Mozilla/5.0 (Windows NT 10.0; Win64; x64) AppleWebKit/537.36 (KHTML, like Gecko) Chrome/131.0.0.0 Safari/537.36 Avast/131.0.0.0"
34.93.16.66 - - [30/Mar/2025:04:33:45 -0400] "POST /xmlrpc.php HTTP/1.1" 200 212 "http://bakingsecurityin.com" "Mozilla/5.0 (Windows NT 10.0; Win64; x64) AppleWebKit/537.36 (KHTML, like Gecko) Chrome/114.0.5735.134 Safari/537.36"
198.54.114.83 - - [30/Mar/2025:04:44:24 -0400] "POST /wp-cron.php?doing_wp_cron=1743324264.1972069740295410156250 HTTP/1.1" 200 0 "-" "WordPress/6.7.2; https://bakingsecurityin.com"
103.8.25.98 - - [30/Mar/2025:04:44:23 -0400] "POST /xmlrpc.php HTTP/1.1" 200 212 "http://bakingsecurityin.com" "Mozilla/5.0 (Windows NT 10.0; Win64; x64) AppleWebKit/537.36 (KHTML, like Gecko) Chrome/114.0.5735.199 Safari/537.36 Edg/114.0.1823.67"
198.54.114.83 - - [30/Mar/2025:04:50:58 -0400] "POST /wp-cron.php?doing_wp_cron=1743324658.6676609516143798828125 HTTP/1.1" 200 0 "-" "WordPress/6.7.2; https://bakingsecurityin.com"
2607:f298:5:114b::f43:417a - - [30/Mar/2025:04:50:58 -0400] "POST /xmlrpc.php HTTP/1.1" 200 236 "-" "Mozilla/5.0 (X11; Fedora; Linux x86_64; rv:94.0) Gecko/20100101 Firefox/95.0"
139.99.68.31 - - [30/Mar/2025:05:03:10 -0400] "GET /wp-content/uploads/2017-------/09/wp-console.php HTTP/1.1" 404 0 "-" "Mozilla/5.0 (Linux; Android 11; M2010J19SI) AppleWebKit/537.36 (KHTML, like Gecko) Chrome/109.0.0.0 Mobile Safari/537.36"
139.99.68.31 - - [30/Mar/2025:05:03:11 -0400] "GET /wp-includes/js/crop/uword.php HTTP/1.1" 404 0 "-" "Mozilla/5.0 (Linux; Android 11; M2010J19SI) AppleWebKit/537.36 (KHTML, like Gecko) Chrome/109.0.0.0 Mobile Safari/537.36"
139.99.68.31 - - [30/Mar/2025:05:03:12 -0400] "GET /wp-content/themes/bltm/wp-login.php HTTP/1.1" 404 0 "-" "Mozilla/5.0 (Linux; Android 11; M2010J19SI) AppleWebKit/537.36 (KHTML, like Gecko) Chrome/109.0.0.0 Mobile Safari/537.36"
139.99.68.31 - - [30/Mar/2025:05:03:13 -0400] "GET /autoload_classmap.php HTTP/1.1" 404 0 "-" "Mozilla/5.0 (Linux; Android 11; M2010J19SI) AppleWebKit/537.36 (KHTML, like Gecko) Chrome/109.0.0.0 Mobile Safari/537.36"
139.99.68.31 - - [30/Mar/2025:05:03:13 -0400] "GET /wp-content/uploads/2014/07/olx.php HTTP/1.1" 404 0 "-" "Mozilla/5.0 (Linux; Android 11; M2010J19SI) AppleWebKit/537.36 (KHTML, like Gecko) Chrome/109.0.0.0 Mobile Safari/537.36"
139.99.68.31 - - [30/Mar/2025:05:03:14 -0400] "GET /wp-admin/css/colors/midnight/index.php HTTP/1.1" 301 0 "-" "Mozilla/5.0 (Linux; Android 11; M2010J19SI) AppleWebKit/537.36 (KHTML, like Gecko) Chrome/109.0.0.0 Mobile Safari/537.36"
139.99.68.31 - - [30/Mar/2025:05:03:15 -0400] "GET /wp-admin/css/colors/midnight/ HTTP/1.1" 403 1242 "-" "Mozilla/5.0 (Linux; Android 11; M2010J19SI) AppleWebKit/537.36 (KHTML, like Gecko) Chrome/109.0.0.0 Mobile Safari/537.36"
139.99.68.31 - - [30/Mar/2025:05:03:16 -0400] "GET /wp-content/uploads/2020/wp-couldent.php.suspected HTTP/1.1" 404 0 "-" "Mozilla/5.0 (Linux; Android 11; M2010J19SI) AppleWebKit/537.36 (KHTML, like Gecko) Chrome/109.0.0.0 Mobile Safari/537.36"
139.99.68.31 - - [30/Mar/2025:05:03:17 -0400] "GET /wp-content/plugins/523453244/ninja.php HTTP/1.1" 404 0 "-" "Mozilla/5.0 (Linux; Android 11; M2010J19SI) AppleWebKit/537.36 (KHTML, like Gecko) Chrome/109.0.0.0 Mobile Safari/537.36"
139.99.68.31 - - [30/Mar/2025:05:03:19 -0400] "GET /wp-includes/js/imgareaselect/index.php HTTP/1.1" 301 0 "-" "Mozilla/5.0 (Linux; Android 11; M2010J19SI) AppleWebKit/537.36 (KHTML, like Gecko) Chrome/109.0.0.0 Mobile Safari/537.36"
139.99.68.31 - - [30/Mar/2025:05:03:20 -0400] "GET /wp-includes/js/imgareaselect/ HTTP/1.1" 403 1242 "-" "Mozilla/5.0 (Linux; Android 11; M2010J19SI) AppleWebKit/537.36 (KHTML, like Gecko) Chrome/109.0.0.0 Mobile Safari/537.36"
139.99.68.31 - - [30/Mar/2025:05:03:21 -0400] "GET /wp-includes/PHPMailer/load.php HTTP/1.1" 404 0 "-" "Mozilla/5.0 (Linux; Android 11; M2010J19SI) AppleWebKit/537.36 (KHTML, like Gecko) Chrome/109.0.0.0 Mobile Safari/537.36"
139.99.68.31 - - [30/Mar/2025:05:03:26 -0400] "GET /wp-links.php HTTP/1.1" 404 0 "-" "Mozilla/5.0 (Linux; Android 11; M2010J19SI) AppleWebKit/537.36 (KHTML, like Gecko) Chrome/109.0.0.0 Mobile Safari/537.36"
198.54.114.83 - - [30/Mar/2025:05:03:28 -0400] "POST /wp-cron.php?doing_wp_cron=1743325408.3291859626770019531250 HTTP/1.1" 200 0 "-" "WordPress/6.7.2; https://bakingsecurityin.com"
139.99.68.31 - - [30/Mar/2025:05:03:28 -0400] "GET /wp-aa.php HTTP/1.1" 404 0 "-" "Mozilla/5.0 (Linux; Android 11; M2010J19SI) AppleWebKit/537.36 (KHTML, like Gecko) Chrome/109.0.0.0 Mobile Safari/537.36"
139.99.68.31 - - [30/Mar/2025:05:03:29 -0400] "GET /wp-content/themes/travelscape/json.php HTTP/1.1" 404 0 "-" "Mozilla/5.0 (Linux; Android 11; M2010J19SI) AppleWebKit/537.36 (KHTML, like Gecko) Chrome/109.0.0.0 Mobile Safari/537.36"
139.99.68.31 - - [30/Mar/2025:05:03:37 -0400] "GET /wp-content/themes/travel/issue.php HTTP/1.1" 404 0 "-" "Mozilla/5.0 (Linux; Android 11; M2010J19SI) AppleWebKit/537.36 (KHTML, like Gecko) Chrome/109.0.0.0 Mobile Safari/537.36"
139.99.68.31 - - [30/Mar/2025:05:03:38 -0400] "GET /about.php HTTP/1.1" 404 0 "-" "Mozilla/5.0 (Linux; Android 11; M2010J19SI) AppleWebKit/537.36 (KHTML, like Gecko) Chrome/109.0.0.0 Mobile Safari/537.36"
139.99.68.31 - - [30/Mar/2025:05:03:38 -0400] "GET /xx.php HTTP/1.1" 404 0 "-" "Mozilla/5.0 (Linux; Android 11; M2010J19SI) AppleWebKit/537.36 (KHTML, like Gecko) Chrome/109.0.0.0 Mobile Safari/537.36"
139.99.68.31 - - [30/Mar/2025:05:03:39 -0400] "GET /wp-content/themes/digital-download/new.php HTTP/1.1" 404 0 "-" "Mozilla/5.0 (Linux; Android 11; M2010J19SI) AppleWebKit/537.36 (KHTML, like Gecko) Chrome/109.0.0.0 Mobile Safari/537.36"
139.99.68.31 - - [30/Mar/2025:05:03:40 -0400] "GET /epinyins.php HTTP/1.1" 404 0 "-" "Mozilla/5.0 (Linux; Android 11; M2010J19SI) AppleWebKit/537.36 (KHTML, like Gecko) Chrome/109.0.0.0 Mobile Safari/537.36"
139.99.68.31 - - [30/Mar/2025:05:03:40 -0400] "GET /wp-admin/dropdown.php HTTP/1.1" 404 0 "-" "Mozilla/5.0 (Linux; Android 11; M2010J19SI) AppleWebKit/537.36 (KHTML, like Gecko) Chrome/109.0.0.0 Mobile Safari/537.36"
139.99.68.31 - - [30/Mar/2025:05:03:41 -0400] "GET /dropdown.php HTTP/1.1" 404 0 "-" "Mozilla/5.0 (Linux; Android 11; M2010J19SI) AppleWebKit/537.36 (KHTML, like Gecko) Chrome/109.0.0.0 Mobile Safari/537.36"
139.99.68.31 - - [30/Mar/2025:05:03:42 -0400] "GET /wp-admin/css/index.php HTTP/1.1" 301 0 "-" "Mozilla/5.0 (Linux; Android 11; M2010J19SI) AppleWebKit/537.36 (KHTML, like Gecko) Chrome/109.0.0.0 Mobile Safari/537.36"
139.99.68.31 - - [30/Mar/2025:05:03:42 -0400] "GET /wp-admin/css/ HTTP/1.1" 403 1242 "-" "Mozilla/5.0 (Linux; Android 11; M2010J19SI) AppleWebKit/537.36 (KHTML, like Gecko) Chrome/109.0.0.0 Mobile Safari/537.36"
139.99.68.31 - - [30/Mar/2025:05:03:43 -0400] "GET /wp-content/mah.php HTTP/1.1" 404 0 "-" "Mozilla/5.0 (Linux; Android 11; M2010J19SI) AppleWebKit/537.36 (KHTML, like Gecko) Chrome/109.0.0.0 Mobile Safari/537.36"
139.99.68.31 - - [30/Mar/2025:05:03:43 -0400] "GET /wp-content/item.php HTTP/1.1" 404 0 "-" "Mozilla/5.0 (Linux; Android 11; M2010J19SI) AppleWebKit/537.36 (KHTML, like Gecko) Chrome/109.0.0.0 Mobile Safari/537.36"
139.99.68.31 - - [30/Mar/2025:05:03:44 -0400] "GET /wp-content/plugins/shell/about.php HTTP/1.1" 404 0 "-" "Mozilla/5.0 (Linux; Android 11; M2010J19SI) AppleWebKit/537.36 (KHTML, like Gecko) Chrome/109.0.0.0 Mobile Safari/537.36"
139.99.68.31 - - [30/Mar/2025:05:03:45 -0400] "GET /wp-content/plugins/pwnd/pwnd.php HTTP/1.1" 404 0 "-" "Mozilla/5.0 (Linux; Android 11; M2010J19SI) AppleWebKit/537.36 (KHTML, like Gecko) Chrome/109.0.0.0 Mobile Safari/537.36"
139.99.68.31 - - [30/Mar/2025:05:03:46 -0400] "GET /wp-content/plugins/fix/up.php HTTP/1.1" 404 0 "-" "Mozilla/5.0 (Linux; Android 11; M2010J19SI) AppleWebKit/537.36 (KHTML, like Gecko) Chrome/109.0.0.0 Mobile Safari/537.36"
139.99.68.31 - - [30/Mar/2025:05:03:46 -0400] "GET /wp-content/plugins/ph-file-manager/wp-file.php HTTP/1.1" 404 0 "-" "Mozilla/5.0 (Linux; Android 11; M2010J19SI) AppleWebKit/537.36 (KHTML, like Gecko) Chrome/109.0.0.0 Mobile Safari/537.36"
139.99.68.31 - - [30/Mar/2025:05:03:47 -0400] "GET /wp-content/plugins/root-file-manager/wp-file.php HTTP/1.1" 404 0 "-" "Mozilla/5.0 (Linux; Android 11; M2010J19SI) AppleWebKit/537.36 (KHTML, like Gecko) Chrome/109.0.0.0 Mobile Safari/537.36"
139.99.68.31 - - [30/Mar/2025:05:03:55 -0400] "GET /wp-content/plugins/wp-help/mini.php HTTP/1.1" 404 0 "-" "Mozilla/5.0 (Linux; Android 11; M2010J19SI) AppleWebKit/537.36 (KHTML, like Gecko) Chrome/109.0.0.0 Mobile Safari/537.36"
139.99.68.31 - - [30/Mar/2025:05:03:55 -0400] "GET /wp-content/themes/travel/issue.php HTTP/1.1" 404 0 "-" "Mozilla/5.0 (Linux; Android 11; M2010J19SI) AppleWebKit/537.36 (KHTML, like Gecko) Chrome/109.0.0.0 Mobile Safari/537.36"
139.99.68.31 - - [30/Mar/2025:05:03:56 -0400] "GET /wp-content/themes/jaida/lang.php HTTP/1.1" 404 0 "-" "Mozilla/5.0 (Linux; Android 11; M2010J19SI) AppleWebKit/537.36 (KHTML, like Gecko) Chrome/109.0.0.0 Mobile Safari/537.36"
139.99.68.31 - - [30/Mar/2025:05:03:57 -0400] "GET /wp-l0gin.php HTTP/1.1" 404 0 "-" "Mozilla/5.0 (Linux; Android 11; M2010J19SI) AppleWebKit/537.36 (KHTML, like Gecko) Chrome/109.0.0.0 Mobile Safari/537.36"
139.99.68.31 - - [30/Mar/2025:05:03:58 -0400] "GET /ext.php HTTP/1.1" 404 0 "-" "Mozilla/5.0 (Linux; Android 11; M2010J19SI) AppleWebKit/537.36 (KHTML, like Gecko) Chrome/109.0.0.0 Mobile Safari/537.36"
139.99.68.31 - - [30/Mar/2025:05:03:58 -0400] "GET /wp-l0gin.php HTTP/1.1" 404 0 "-" "Mozilla/5.0 (Linux; Android 11; M2010J19SI) AppleWebKit/537.36 (KHTML, like Gecko) Chrome/109.0.0.0 Mobile Safari/537.36"
104.43.93.163 - - [30/Mar/2025:05:05:54 -0400] "POST /xmlrpc.php HTTP/1.1" 200 212 "http://bakingsecurityin.com" "Mozilla/5.0 (Windows NT 10.0; Win64; x64) AppleWebKit/537.36 (KHTML, like Gecko) Chrome/116.0.5845.96 Safari/537.36 Edg/116.0.1938.62"
198.54.114.83 - - [30/Mar/2025:05:12:20 -0400] "POST /wp-cron.php?doing_wp_cron=1743325940.2414889335632324218750 HTTP/1.1" 200 0 "-" "WordPress/6.7.2; https://bakingsecurityin.com"
216.244.66.236 - - [30/Mar/2025:05:12:19 -0400] "GET /robots.txt HTTP/1.1" 200 116 "-" "Mozilla/5.0 (compatible; DotBot/1.2; +https://opensiteexplorer.org/dotbot; help@moz.com)"
196.251.71.229 - - [30/Mar/2025:05:13:28 -0400] "GET /wp-content/plugins/fix/up.php HTTP/1.1" 404 0 "-" "Mozilla/5.0 (Windows NT 10.0; Win64; x64) AppleWebKit/537.36 (KHTML, like Gecko) Chrome/85.0.4183.102 Safari/537.36"
196.251.71.229 - - [30/Mar/2025:05:13:28 -0400] "POST /wp-plain.php HTTP/1.1" 404 0 "www.google.com" "Mozilla/5.0 (Linux; Android 7.0; SM-G892A Bulid/NRD90M; wv) AppleWebKit/537.36 (KHTML, like Gecko) Version/4.0 Chrome/60.0.3112.107 Moblie Safari/537.36"
196.251.71.229 - - [30/Mar/2025:05:13:28 -0400] "GET / HTTP/1.1" 200 0 "-" "Mozlila/5.0 (Linux; Android 7.0; SM-G892A Bulid/NRD90M; wv) AppleWebKit/537.36 (KHTML, like Gecko) Version/4.0 Chrome/60.0.3112.107 Moblie Safari/537.36"
196.251.71.229 - - [30/Mar/2025:05:13:28 -0400] "GET /wp-content/themes/seotheme/db.php?u HTTP/1.1" 404 0 "www.google.com" "Mozlila/5.0 (Linux; Android 7.0; SM-G892A Bulid/NRD90M; wv) AppleWebKit/537.36 (KHTML, like Gecko) Version/4.0 Chrome/60.0.3112.107 Moblie Safari/537.36"
198.54.114.83 - - [30/Mar/2025:05:13:29 -0400] "POST /wp-cron.php?doing_wp_cron=1743326008.8897650241851806640625 HTTP/1.1" 200 0 "-" "WordPress/6.7.2; https://bakingsecurityin.com"
196.251.71.229 - - [30/Mar/2025:05:13:28 -0400] "POST /ALFA_DATA/alfacgiapi/perl.alfa HTTP/1.1" 404 0 "www.google.com" "Mozlila/5.0 (Linux; Android 7.0; SM-G892A Bulid/NRD90M; wv) AppleWebKit/537.36 (KHTML, like Gecko) Version/4.0 Chrome/60.0.3112.107 Moblie Safari/537.36"
196.251.71.229 - - [30/Mar/2025:05:13:29 -0400] "GET /bvujeujt.php?Fox=d3wL7 HTTP/1.1" 404 0 "www.google.com" "Mozilla/5.0 (Linux; Android 7.0; SM-G892A Bulid/NRD90M; wv) AppleWebKit/537.36 (KHTML, like Gecko) Version/4.0 Chrome/60.0.3112.107 Moblie Safari/537.36"
196.251.71.229 - - [30/Mar/2025:05:13:30 -0400] "POST /alfacgiapi/perl.alfa HTTP/1.1" 404 0 "www.google.com" "Mozlila/5.0 (Linux; Android 7.0; SM-G892A Bulid/NRD90M; wv) AppleWebKit/537.36 (KHTML, like Gecko) Version/4.0 Chrome/60.0.3112.107 Moblie Safari/537.36"
198.54.114.83 - - [30/Mar/2025:05:16:30 -0400] "POST /wp-cron.php?doing_wp_cron=1743326190.4669001102447509765625 HTTP/1.1" 200 0 "-" "WordPress/6.7.2; https://bakingsecurityin.com"
195.26.245.159 - - [30/Mar/2025:05:16:30 -0400] "POST /xmlrpc.php HTTP/1.1" 200 212 "http://bakingsecurityin.com" "Mozilla/5.0 (Windows NT 10.0; Win64; x64) AppleWebKit/537.36 (KHTML, like Gecko) Chrome/115.0.5790.171 Safari/537.36 Edg/115.0.1901.203"
216.244.66.236 - - [30/Mar/2025:05:24:16 -0400] "GET /where-luxury-living-meets-urban-convenience/ HTTP/1.1" 200 0 "-" "Mozilla/5.0 (compatible; DotBot/1.2; +https://opensiteexplorer.org/dotbot; help@moz.com)"
198.54.114.83 - - [30/Mar/2025:05:24:32 -0400] "POST /wp-cron.php?doing_wp_cron=1743326672.7032189369201660156250 HTTP/1.1" 200 0 "-" "WordPress/6.7.2; https://bakingsecurityin.com"
101.201.108.203 - - [30/Mar/2025:05:24:32 -0400] "POST /xmlrpc.php HTTP/1.1" 200 236 "-" "Mozilla/5.0 (X11; Fedora; Linux x86_64; rv:94.0) Gecko/20100101 Firefox/95.0"
216.244.66.236 - - [30/Mar/2025:05:30:27 -0400] "GET /how-to-eat-noodles-with-chopsticks/feed/ HTTP/1.1" 200 444 "-" "Mozilla/5.0 (compatible; DotBot/1.2; +https://opensiteexplorer.org/dotbot; help@moz.com)"
157.245.197.94 - - [30/Mar/2025:05:31:29 -0400] "GET / HTTP/1.1" 200 0 "-" "Mozilla/5.0 (Windows NT 10.0; Win64; x64) AppleWebKit/537.36 (KHTML, like Gecko) Chrome/95.0.4638.69 Safari/537.36"
157.245.197.94 - - [30/Mar/2025:05:31:30 -0400] "GET /wp-includes/ID3/license.txt HTTP/1.1" 200 501 "-" "Mozilla/5.0 (Windows NT 10.0; Win64; x64) AppleWebKit/537.36 (KHTML, like Gecko) Chrome/95.0.4638.69 Safari/537.36"
157.245.197.94 - - [30/Mar/2025:05:31:30 -0400] "GET /feed/ HTTP/1.1" 200 282283 "-" "Mozilla/5.0 (Windows NT 10.0; Win64; x64) AppleWebKit/537.36 (KHTML, like Gecko) Chrome/95.0.4638.69 Safari/537.36"
91.201.113.132 - - [30/Mar/2025:05:31:31 -0400] "GET /the-growing-popularity-of-online-casinos/ HTTP/1.1" 200 0 "http://bakingsecurityin.com/the-growing-popularity-of-online-casinos/" "Mozilla/5.0 (Windows NT 10.0; Win64; x64) AppleWebKit/537.36 (KHTML, like Gecko) Chrome/130.0.0.0 Safari/537.36"
91.201.113.132 - - [30/Mar/2025:05:31:32 -0400] "GET / HTTP/1.1" 200 0 "http://bakingsecurityin.com/" "Mozilla/5.0 (Windows NT 10.0; Win64; x64) AppleWebKit/537.36 (KHTML, like Gecko) Chrome/130.0.0.0 Safari/537.36"
157.245.197.94 - - [30/Mar/2025:05:31:33 -0400] "GET /?author=1 HTTP/1.1" 301 0 "-" "Mozilla/5.0 (Windows NT 10.0; Win64; x64) AppleWebKit/537.36 (KHTML, like Gecko) Chrome/95.0.4638.69 Safari/537.36"
157.245.197.94 - - [30/Mar/2025:05:31:34 -0400] "GET /?author=2 HTTP/1.1" 301 0 "-" "Mozilla/5.0 (Windows NT 10.0; Win64; x64) AppleWebKit/537.36 (KHTML, like Gecko) Chrome/95.0.4638.69 Safari/537.36"
157.245.197.94 - - [30/Mar/2025:05:31:35 -0400] "GET /?author=3 HTTP/1.1" 404 0 "-" "Mozilla/5.0 (Windows NT 10.0; Win64; x64) AppleWebKit/537.36 (KHTML, like Gecko) Chrome/95.0.4638.69 Safari/537.36"
157.245.197.94 - - [30/Mar/2025:05:31:36 -0400] "GET /wp-json/wp/v2/users/ HTTP/1.1" 200 1292 "-" "Mozilla/5.0 (Windows NT 10.0; Win64; x64) AppleWebKit/537.36 (KHTML, like Gecko) Chrome/95.0.4638.69 Safari/537.36"
157.245.197.94 - - [30/Mar/2025:05:31:36 -0400] "POST /xmlrpc.php HTTP/1.1" 200 236 "-" "Mozilla/5.0 (Windows NT 10.0; Win64; x64) AppleWebKit/537.36 (KHTML, like Gecko) Chrome/95.0.4638.69 Safari/537.36"
157.245.197.94 - - [30/Mar/2025:05:31:39 -0400] "POST /xmlrpc.php HTTP/1.1" 200 236 "-" "Mozilla/5.0 (Windows NT 10.0; Win64; x64) AppleWebKit/537.36 (KHTML, like Gecko) Chrome/95.0.4638.69 Safari/537.36"
216.244.66.236 - - [30/Mar/2025:05:31:45 -0400] "GET /unlocking-the-power-of-youtube-buying-views-and-subscribers/ HTTP/1.1" 200 0 "-" "Mozilla/5.0 (compatible; DotBot/1.2; +https://opensiteexplorer.org/dotbot; help@moz.com)"
198.54.114.83 - - [30/Mar/2025:05:32:30 -0400] "POST /wp-cron.php?doing_wp_cron=1743327150.7477838993072509765625 HTTP/1.1" 200 0 "-" "WordPress/6.7.2; https://bakingsecurityin.com"
157.245.197.94 - - [30/Mar/2025:05:31:45 -0400] "POST /xmlrpc.php HTTP/1.1" 200 236 "-" "Mozilla/5.0 (Windows NT 10.0; Win64; x64) AppleWebKit/537.36 (KHTML, like Gecko) Chrome/95.0.4638.69 Safari/537.36"
198.54.114.83 - - [30/Mar/2025:05:34:00 -0400] "POST /wp-cron.php?doing_wp_cron=1743327240.5370359420776367187500 HTTP/1.1" 200 0 "-" "WordPress/6.7.2; https://bakingsecurityin.com"
157.245.197.94 - - [30/Mar/2025:05:32:31 -0400] "POST /xmlrpc.php HTTP/1.1" 200 236 "-" "Mozilla/5.0 (Windows NT 10.0; Win64; x64) AppleWebKit/537.36 (KHTML, like Gecko) Chrome/95.0.4638.69 Safari/537.36"
198.54.114.83 - - [30/Mar/2025:05:34:41 -0400] "POST /wp-cron.php?doing_wp_cron=1743327280.9532639980316162109375 HTTP/1.1" 200 0 "-" "WordPress/6.7.2; https://bakingsecurityin.com"
216.244.66.236 - - [30/Mar/2025:05:34:40 -0400] "GET /powerball-only-sites HTTP/1.1" 301 0 "-" "Mozilla/5.0 (compatible; DotBot/1.2; +https://opensiteexplorer.org/dotbot; help@moz.com)"
157.245.197.94 - - [30/Mar/2025:05:34:01 -0400] "POST /xmlrpc.php HTTP/1.1" 200 0 "-" "Mozilla/5.0 (Windows NT 10.0; Win64; x64) AppleWebKit/537.36 (KHTML, like Gecko) Chrome/95.0.4638.69 Safari/537.36"
157.245.197.94 - - [30/Mar/2025:05:35:33 -0400] "POST /xmlrpc.php HTTP/1.1" 200 236 "-" "Mozilla/5.0 (Windows NT 10.0; Win64; x64) AppleWebKit/537.36 (KHTML, like Gecko) Chrome/95.0.4638.69 Safari/537.36"
198.54.114.83 - - [30/Mar/2025:05:37:30 -0400] "POST /wp-cron.php?doing_wp_cron=1743327450.8429899215698242187500 HTTP/1.1" 200 0 "-" "WordPress/6.7.2; https://bakingsecurityin.com"
84.239.40.245 - - [30/Mar/2025:05:37:30 -0400] "GET / HTTP/1.1" 200 0 "-" "Mozilla/5.0 (Windows NT 10.0; Win64; x64) AppleWebKit/537.36 (KHTML, like Gecko) Chrome/102.0.0.0 Safari/537.36"
198.54.114.83 - - [30/Mar/2025:05:51:06 -0400] "POST /wp-cron.php?doing_wp_cron=1743328266.4024109840393066406250 HTTP/1.1" 200 0 "-" "WordPress/6.7.2; https://bakingsecurityin.com"
216.244.66.236 - - [30/Mar/2025:05:51:06 -0400] "GET /nova-nutrition-review/feed/ HTTP/1.1" 200 422 "-" "Mozilla/5.0 (compatible; DotBot/1.2; +https://opensiteexplorer.org/dotbot; help@moz.com)"
216.244.66.236 - - [30/Mar/2025:06:00:26 -0400] "GET /robots.txt HTTP/1.1" 200 116 "-" "Mozilla/5.0 (compatible; DotBot/1.2; +https://opensiteexplorer.org/dotbot; help@moz.com)"
198.54.114.83 - - [30/Mar/2025:06:01:29 -0400] "POST /wp-cron.php?doing_wp_cron=1743328889.5160639286041259765625 HTTP/1.1" 200 0 "-" "WordPress/6.7.2; https://bakingsecurityin.com"
8.218.30.127 - - [30/Mar/2025:06:01:29 -0400] "POST /xmlrpc.php HTTP/1.1" 200 236 "-" "Mozilla/5.0 (X11; Fedora; Linux x86_64; rv:94.0) Gecko/20100101 Firefox/95.0"
216.244.66.236 - - [30/Mar/2025:06:11:24 -0400] "GET /assurance-de-bureau-protegez-votre-entreprise-avec-assurance-commerciale/feed/ HTTP/1.1" 200 483 "-" "Mozilla/5.0 (compatible; DotBot/1.2; +https://opensiteexplorer.org/dotbot; help@moz.com)"
198.54.114.83 - - [30/Mar/2025:06:11:31 -0400] "POST /wp-cron.php?doing_wp_cron=1743329490.7095980644226074218750 HTTP/1.1" 200 0 "-" "WordPress/6.7.2; https://bakingsecurityin.com"
216.244.66.236 - - [30/Mar/2025:06:11:29 -0400] "GET /the-realm-of-money-lenders-in-singapore/feed/ HTTP/1.1" 200 446 "-" "Mozilla/5.0 (compatible; DotBot/1.2; +https://opensiteexplorer.org/dotbot; help@moz.com)"
91.201.113.132 - - [30/Mar/2025:06:35:38 -0400] "GET /the-growing-popularity-of-online-casinos/ HTTP/1.1" 200 0 "http://bakingsecurityin.com/the-growing-popularity-of-online-casinos/" "Mozilla/5.0 (Windows NT 10.0; Win64; x64) AppleWebKit/537.36 (KHTML, like Gecko) Chrome/131.0.0.0 Safari/537.36"
198.54.114.83 - - [30/Mar/2025:06:35:39 -0400] "POST /wp-cron.php?doing_wp_cron=1743330939.0028350353240966796875 HTTP/1.1" 200 0 "-" "WordPress/6.7.2; https://bakingsecurityin.com"
91.201.113.132 - - [30/Mar/2025:06:35:38 -0400] "GET / HTTP/1.1" 200 0 "http://bakingsecurityin.com/" "Mozilla/5.0 (Windows NT 10.0; Win64; x64) AppleWebKit/537.36 (KHTML, like Gecko) Chrome/131.0.0.0 Safari/537.36"
216.244.66.236 - - [30/Mar/2025:06:47:54 -0400] "GET /robots.txt HTTP/1.1" 200 116 "-" "Mozilla/5.0 (compatible; DotBot/1.2; +https://opensiteexplorer.org/dotbot; help@moz.com)"
198.54.114.83 - - [30/Mar/2025:07:06:02 -0400] "POST /wp-cron.php?doing_wp_cron=1743332762.6611850261688232421875 HTTP/1.1" 200 0 "-" "WordPress/6.7.2; https://bakingsecurityin.com"
216.244.66.236 - - [30/Mar/2025:07:06:02 -0400] "GET /unlock-efficiency-with-raymond-reach-truck-rentals/feed/ HTTP/1.1" 200 455 "-" "Mozilla/5.0 (compatible; DotBot/1.2; +https://opensiteexplorer.org/dotbot; help@moz.com)"
198.54.114.83 - - [30/Mar/2025:07:10:18 -0400] "POST /wp-cron.php?doing_wp_cron=1743333018.1875779628753662109375 HTTP/1.1" 200 0 "-" "WordPress/6.7.2; https://bakingsecurityin.com"
125.75.66.97 - - [30/Mar/2025:07:10:18 -0400] "GET / HTTP/1.1" 200 0 "-" "Mozilla/5.0 (iPhone; CPU iPhone OS 13_2_3 like Mac OS X) AppleWebKit/605.1.15 (KHTML, like Gecko) Version/13.0.3 Mobile/15E148 Safari/604.1"
198.54.114.83 - - [30/Mar/2025:07:24:51 -0400] "POST /wp-cron.php?doing_wp_cron=1743333891.7217259407043457031250 HTTP/1.1" 200 0 "-" "WordPress/6.7.2; https://bakingsecurityin.com"
185.235.245.165 - - [30/Mar/2025:07:24:51 -0400] "POST /xmlrpc.php HTTP/1.1" 200 236 "-" "Mozilla/5.0 (X11; Fedora; Linux x86_64; rv:94.0) Gecko/20100101 Firefox/95.0"
216.244.66.236 - - [30/Mar/2025:07:47:44 -0400] "GET /robots.txt HTTP/1.1" 200 116 "-" "Mozilla/5.0 (compatible; DotBot/1.2; +https://opensiteexplorer.org/dotbot; help@moz.com)"
91.201.113.132 - - [30/Mar/2025:07:47:47 -0400] "GET /the-growing-popularity-of-online-casinos/ HTTP/1.1" 200 0 "http://bakingsecurityin.com/the-growing-popularity-of-online-casinos/" "Mozilla/5.0 (Windows NT 10.0; Win64; x64) AppleWebKit/537.36 (KHTML, like Gecko) Chrome/131.0.0.0 Safari/537.36 Avast/131.0.0.0"
198.54.114.83 - - [30/Mar/2025:07:47:47 -0400] "POST /wp-cron.php?doing_wp_cron=1743335267.9050829410552978515625 HTTP/1.1" 200 0 "-" "WordPress/6.7.2; https://bakingsecurityin.com"
91.201.113.132 - - [30/Mar/2025:07:47:47 -0400] "GET / HTTP/1.1" 200 0 "http://bakingsecurityin.com/" "Mozilla/5.0 (Windows NT 10.0; Win64; x64) AppleWebKit/537.36 (KHTML, like Gecko) Chrome/131.0.0.0 Safari/537.36 Avast/131.0.0.0"
216.244.66.236 - - [30/Mar/2025:08:00:57 -0400] "GET /2023/06/ HTTP/1.1" 200 0 "-" "Mozilla/5.0 (compatible; DotBot/1.2; +https://opensiteexplorer.org/dotbot; help@moz.com)"
198.54.114.83 - - [30/Mar/2025:08:04:39 -0400] "POST /wp-cron.php?doing_wp_cron=1743336279.1433351039886474609375 HTTP/1.1" 200 0 "-" "WordPress/6.7.2; https://bakingsecurityin.com"
216.244.66.236 - - [30/Mar/2025:08:04:38 -0400] "GET /intranets-and-intranet-applications/ HTTP/1.1" 200 0 "-" "Mozilla/5.0 (compatible; DotBot/1.2; +https://opensiteexplorer.org/dotbot; help@moz.com)"
216.244.66.236 - - [30/Mar/2025:08:04:43 -0400] "GET /proficient-wedding-picture-takers-exhortation-on-picking/feed/ HTTP/1.1" 200 461 "-" "Mozilla/5.0 (compatible; DotBot/1.2; +https://opensiteexplorer.org/dotbot; help@moz.com)"
139.9.216.3 - - [30/Mar/2025:08:11:48 -0400] "POST /xmlrpc.php HTTP/1.1" 200 236 "-" "Mozilla/5.0 (X11; Fedora; Linux x86_64; rv:94.0) Gecko/20100101 Firefox/95.0"
198.54.114.83 - - [30/Mar/2025:08:18:59 -0400] "POST /wp-cron.php?doing_wp_cron=1743337138.9467461109161376953125 HTTP/1.1" 200 0 "-" "WordPress/6.7.2; https://bakingsecurityin.com"
114.168.236.183 - - [30/Mar/2025:08:18:58 -0400] "POST /wp-login.php HTTP/1.1" 302 0 "-" "Mozilla/5.0 (Windows NT 10.0; Win64; x64; rv:95.0) Gecko/20100101 Firefox/95.0"
198.54.114.83 - - [30/Mar/2025:08:33:45 -0400] "POST /wp-cron.php?doing_wp_cron=1743338025.6188600063323974609375 HTTP/1.1" 200 0 "-" "WordPress/6.7.2; https://bakingsecurityin.com"
198.54.114.83 - - [30/Mar/2025:08:33:45 -0400] "POST /wp-cron.php?doing_wp_cron=1743338025.6187260150909423828125 HTTP/1.1" 200 0 "-" "WordPress/6.7.2; https://bakingsecurityin.com"
196.251.80.22 - - [30/Mar/2025:08:33:44 -0400] "GET / HTTP/1.1" 200 0 "-" "Mozlila/5.0 (Linux; Android 7.0; SM-G892A Bulid/NRD90M; wv) AppleWebKit/537.36 (KHTML, like Gecko) Version/4.0 Chrome/60.0.3112.107 Moblie Safari/537.36"
196.251.80.22 - - [30/Mar/2025:08:33:44 -0400] "POST /wp-plain.php HTTP/1.1" 404 0 "www.google.com" "Mozilla/5.0 (Linux; Android 7.0; SM-G892A Bulid/NRD90M; wv) AppleWebKit/537.36 (KHTML, like Gecko) Version/4.0 Chrome/60.0.3112.107 Moblie Safari/537.36"
196.251.80.22 - - [30/Mar/2025:08:33:44 -0400] "GET /wp-content/themes/seotheme/db.php?u HTTP/1.1" 404 0 "www.google.com" "Mozlila/5.0 (Linux; Android 7.0; SM-G892A Bulid/NRD90M; wv) AppleWebKit/537.36 (KHTML, like Gecko) Version/4.0 Chrome/60.0.3112.107 Moblie Safari/537.36"
196.251.80.22 - - [30/Mar/2025:08:33:44 -0400] "POST /ALFA_DATA/alfacgiapi/perl.alfa HTTP/1.1" 404 0 "www.google.com" "Mozlila/5.0 (Linux; Android 7.0; SM-G892A Bulid/NRD90M; wv) AppleWebKit/537.36 (KHTML, like Gecko) Version/4.0 Chrome/60.0.3112.107 Moblie Safari/537.36"
196.251.80.22 - - [30/Mar/2025:08:33:44 -0400] "GET /wp-content/plugins/fix/up.php HTTP/1.1" 404 0 "-" "Mozilla/5.0 (Windows NT 10.0; Win64; x64) AppleWebKit/537.36 (KHTML, like Gecko) Chrome/85.0.4183.102 Safari/537.36"
196.251.80.22 - - [30/Mar/2025:08:33:46 -0400] "GET /ikfwmeti.php?Fox=d3wL7 HTTP/1.1" 404 0 "www.google.com" "Mozilla/5.0 (Linux; Android 7.0; SM-G892A Bulid/NRD90M; wv) AppleWebKit/537.36 (KHTML, like Gecko) Version/4.0 Chrome/60.0.3112.107 Moblie Safari/537.36"
196.251.80.22 - - [30/Mar/2025:08:33:46 -0400] "POST /alfacgiapi/perl.alfa HTTP/1.1" 404 0 "www.google.com" "Mozlila/5.0 (Linux; Android 7.0; SM-G892A Bulid/NRD90M; wv) AppleWebKit/537.36 (KHTML, like Gecko) Version/4.0 Chrome/60.0.3112.107 Moblie Safari/537.36"
216.244.66.236 - - [30/Mar/2025:08:35:00 -0400] "GET /robots.txt HTTP/1.1" 200 116 "-" "Mozilla/5.0 (compatible; DotBot/1.2; +https://opensiteexplorer.org/dotbot; help@moz.com)"
196.251.80.22 - - [30/Mar/2025:08:35:58 -0400] "GET /wp-content/themes/seotheme/db.php?u HTTP/1.1" 404 0 "www.google.com" "Mozlila/5.0 (Linux; Android 7.0; SM-G892A Bulid/NRD90M; wv) AppleWebKit/537.36 (KHTML, like Gecko) Version/4.0 Chrome/60.0.3112.107 Moblie Safari/537.36"
196.251.80.22 - - [30/Mar/2025:08:35:58 -0400] "GET /wp-content/plugins/fix/up.php HTTP/1.1" 404 0 "-" "Mozilla/5.0 (Windows NT 10.0; Win64; x64) AppleWebKit/537.36 (KHTML, like Gecko) Chrome/85.0.4183.102 Safari/537.36"
196.251.80.22 - - [30/Mar/2025:08:35:58 -0400] "GET / HTTP/1.1" 200 0 "-" "Mozlila/5.0 (Linux; Android 7.0; SM-G892A Bulid/NRD90M; wv) AppleWebKit/537.36 (KHTML, like Gecko) Version/4.0 Chrome/60.0.3112.107 Moblie Safari/537.36"
196.251.80.22 - - [30/Mar/2025:08:35:58 -0400] "POST /ALFA_DATA/alfacgiapi/perl.alfa HTTP/1.1" 404 0 "www.google.com" "Mozlila/5.0 (Linux; Android 7.0; SM-G892A Bulid/NRD90M; wv) AppleWebKit/537.36 (KHTML, like Gecko) Version/4.0 Chrome/60.0.3112.107 Moblie Safari/537.36"
198.54.114.83 - - [30/Mar/2025:08:36:01 -0400] "POST /wp-cron.php?doing_wp_cron=1743338160.5391600131988525390625 HTTP/1.1" 200 0 "-" "WordPress/6.7.2; https://bakingsecurityin.com"
196.251.80.22 - - [30/Mar/2025:08:35:58 -0400] "POST /wp-plain.php HTTP/1.1" 404 0 "www.google.com" "Mozilla/5.0 (Linux; Android 7.0; SM-G892A Bulid/NRD90M; wv) AppleWebKit/537.36 (KHTML, like Gecko) Version/4.0 Chrome/60.0.3112.107 Moblie Safari/537.36"
196.251.80.22 - - [30/Mar/2025:08:36:02 -0400] "POST /alfacgiapi/perl.alfa HTTP/1.1" 404 0 "www.google.com" "Mozlila/5.0 (Linux; Android 7.0; SM-G892A Bulid/NRD90M; wv) AppleWebKit/537.36 (KHTML, like Gecko) Version/4.0 Chrome/60.0.3112.107 Moblie Safari/537.36"
196.251.80.22 - - [30/Mar/2025:08:36:02 -0400] "GET /jtglaxqz.php?Fox=d3wL7 HTTP/1.1" 404 0 "www.google.com" "Mozilla/5.0 (Linux; Android 7.0; SM-G892A Bulid/NRD90M; wv) AppleWebKit/537.36 (KHTML, like Gecko) Version/4.0 Chrome/60.0.3112.107 Moblie Safari/537.36"
111.229.111.163 - - [30/Mar/2025:08:42:09 -0400] "POST /xmlrpc.php HTTP/1.1" 200 212 "http://bakingsecurityin.com" "Mozilla/5.0 (Macintosh; Intel Mac OS X 13_3) AppleWebKit/537.36 (KHTML, like Gecko) Chrome/126.0.0.0 Safari/537.36"
91.201.113.132 - - [30/Mar/2025:08:43:28 -0400] "GET /the-growing-popularity-of-online-casinos/ HTTP/1.1" 200 0 "http://bakingsecurityin.com/the-growing-popularity-of-online-casinos/" "Mozilla/5.0 (Windows NT 10.0; Win64; x64) AppleWebKit/537.36 (KHTML, like Gecko) Chrome/131.0.0.0 Safari/537.36 Avast/131.0.0.0"
198.54.114.83 - - [30/Mar/2025:08:43:29 -0400] "POST /wp-cron.php?doing_wp_cron=1743338608.9939830303192138671875 HTTP/1.1" 200 0 "-" "WordPress/6.7.2; https://bakingsecurityin.com"
91.201.113.132 - - [30/Mar/2025:08:43:28 -0400] "GET / HTTP/1.1" 200 0 "http://bakingsecurityin.com/" "Mozilla/5.0 (Windows NT 10.0; Win64; x64) AppleWebKit/537.36 (KHTML, like Gecko) Chrome/131.0.0.0 Safari/537.36 Avast/131.0.0.0"
198.54.114.83 - - [30/Mar/2025:08:48:35 -0400] "POST /wp-cron.php?doing_wp_cron=1743338915.3279139995574951171875 HTTP/1.1" 200 0 "-" "WordPress/6.7.2; https://bakingsecurityin.com"
216.244.66.236 - - [30/Mar/2025:08:48:35 -0400] "GET /dallas-housekeepers/ HTTP/1.1" 200 0 "-" "Mozilla/5.0 (compatible; DotBot/1.2; +https://opensiteexplorer.org/dotbot; help@moz.com)"
216.244.66.236 - - [30/Mar/2025:08:49:04 -0400] "GET /decoding-the-dangers-of-buying-youtube-subscribers/ HTTP/1.1" 200 0 "-" "Mozilla/5.0 (compatible; DotBot/1.2; +https://opensiteexplorer.org/dotbot; help@moz.com)"
216.244.66.236 - - [30/Mar/2025:08:49:09 -0400] "GET /how-to-turn-off-sos-on-iphone-14/ HTTP/1.1" 200 0 "-" "Mozilla/5.0 (compatible; DotBot/1.2; +https://opensiteexplorer.org/dotbot; help@moz.com)"
198.54.114.83 - - [30/Mar/2025:08:50:49 -0400] "POST /wp-cron.php?doing_wp_cron=1743339049.5540881156921386718750 HTTP/1.1" 200 0 "-" "WordPress/6.7.2; https://bakingsecurityin.com"
216.244.66.236 - - [30/Mar/2025:08:50:46 -0400] "GET /the-myst-by-cdl-developer/feed/ HTTP/1.1" 200 432 "-" "Mozilla/5.0 (compatible; DotBot/1.2; +https://opensiteexplorer.org/dotbot; help@moz.com)"
216.244.66.236 - - [30/Mar/2025:08:51:00 -0400] "GET /unlocking-the-power-of-qr-codes-the-best-free-qr-code-generators/feed/ HTTP/1.1" 200 468 "-" "Mozilla/5.0 (compatible; DotBot/1.2; +https://opensiteexplorer.org/dotbot; help@moz.com)"
198.54.114.83 - - [30/Mar/2025:08:53:00 -0400] "POST /wp-cron.php?doing_wp_cron=1743339180.1956679821014404296875 HTTP/1.1" 200 0 "-" "WordPress/6.7.2; https://bakingsecurityin.com"
198.54.120.17 - - [30/Mar/2025:08:52:57 -0400] "POST /xmlrpc.php HTTP/1.1" 200 212 "http://bakingsecurityin.com" "Mozilla/5.0 (Windows NT 10.0; Win64; x64) AppleWebKit/537.36 (KHTML, like Gecko) Chrome/126.0.0.0 Safari/537.36 Edg/126.0.0.0"
216.244.66.236 - - [30/Mar/2025:08:53:23 -0400] "GET /how-to-use-a-youtube-live-stream-viewers-bot/feed/ HTTP/1.1" 200 460 "-" "Mozilla/5.0 (compatible; DotBot/1.2; +https://opensiteexplorer.org/dotbot; help@moz.com)"
198.54.114.83 - - [30/Mar/2025:08:55:01 -0400] "POST /wp-cron.php?doing_wp_cron=1743339301.1368179321289062500000 HTTP/1.1" 200 0 "-" "WordPress/6.7.2; https://bakingsecurityin.com"
216.244.66.236 - - [30/Mar/2025:08:54:58 -0400] "GET /page/32/ HTTP/1.1" 200 0 "-" "Mozilla/5.0 (compatible; DotBot/1.2; +https://opensiteexplorer.org/dotbot; help@moz.com)"
198.54.114.83 - - [30/Mar/2025:09:03:42 -0400] "POST /wp-cron.php?doing_wp_cron=1743339821.7844479084014892578125 HTTP/1.1" 200 0 "-" "WordPress/6.7.2; https://bakingsecurityin.com"
103.124.95.168 - - [30/Mar/2025:09:03:41 -0400] "POST /xmlrpc.php HTTP/1.1" 200 212 "http://bakingsecurityin.com" "Mozilla/5.0 (Macintosh; Intel Mac OS X 10_15_7; rv:127.0) Gecko/20100101 Firefox/127.0"
198.54.114.83 - - [30/Mar/2025:09:04:47 -0400] "POST /wp-cron.php?doing_wp_cron=1743339887.4307889938354492187500 HTTP/1.1" 200 0 "-" "WordPress/6.7.2; https://bakingsecurityin.com"
185.218.125.245 - - [30/Mar/2025:09:04:47 -0400] "POST /xmlrpc.php HTTP/1.1" 200 236 "-" "Mozilla/5.0 (X11; Fedora; Linux x86_64; rv:94.0) Gecko/20100101 Firefox/95.0"
198.54.114.83 - - [30/Mar/2025:09:07:53 -0400] "POST /wp-cron.php?doing_wp_cron=1743340072.9691150188446044921875 HTTP/1.1" 200 0 "-" "WordPress/6.7.2; https://bakingsecurityin.com"
216.244.66.236 - - [30/Mar/2025:09:07:52 -0400] "GET /les-pantoufles-sont-populaires-partout-dans-le-monde/feed/ HTTP/1.1" 200 426 "-" "Mozilla/5.0 (compatible; DotBot/1.2; +https://opensiteexplorer.org/dotbot; help@moz.com)"
2604:a880:400:d0::8f4:f001 - - [30/Mar/2025:09:14:26 -0400] "POST /xmlrpc.php HTTP/1.1" 200 212 "http://bakingsecurityin.com" "Mozilla/5.0 (Windows NT 10.0; Win64; x64) AppleWebKit/537.36 (KHTML, like Gecko) Chrome/112.0.5615.138 Safari/537.36"
43.173.1.57 - - [30/Mar/2025:09:30:19 -0400] "GET / HTTP/1.1" 200 0 "-" "Mozilla/5.0 (iPhone; CPU iPhone OS 13_2_3 like Mac OS X) AppleWebKit/605.1.15 (KHTML, like Gecko) Version/13.0.3 Mobile/15E148 Safari/604.1"
198.54.114.83 - - [30/Mar/2025:09:35:00 -0400] "POST /wp-cron.php?doing_wp_cron=1743341699.1778719425201416015625 HTTP/1.1" 200 0 "-" "WordPress/6.7.2; https://bakingsecurityin.com"
216.244.66.236 - - [30/Mar/2025:09:34:58 -0400] "GET /la-realite-virtuelle-une-vision-davenir/ HTTP/1.1" 200 0 "-" "Mozilla/5.0 (compatible; DotBot/1.2; +https://opensiteexplorer.org/dotbot; help@moz.com)"
46.148.206.226 - - [30/Mar/2025:09:39:56 -0400] "GET /how-does-red-light-therapy-work/ HTTP/1.1" 200 0 "http://bakingsecurityin.com/how-does-red-light-therapy-work/" "Mozilla/5.0 (Windows NT 10.0; Win64; x64) AppleWebKit/537.36 (KHTML, like Gecko) Chrome/129.0.0.0 Safari/537.36"
46.148.206.226 - - [30/Mar/2025:09:39:56 -0400] "GET / HTTP/1.1" 200 0 "http://bakingsecurityin.com/" "Mozilla/5.0 (Windows NT 10.0; Win64; x64) AppleWebKit/537.36 (KHTML, like Gecko) Chrome/129.0.0.0 Safari/537.36"
216.244.66.236 - - [30/Mar/2025:09:50:13 -0400] "GET /category/activity/page/11/ HTTP/1.1" 200 0 "-" "Mozilla/5.0 (compatible; DotBot/1.2; +https://opensiteexplorer.org/dotbot; help@moz.com)"
91.201.113.132 - - [30/Mar/2025:09:57:02 -0400] "GET /the-growing-popularity-of-online-casinos/ HTTP/1.1" 200 0 "http://bakingsecurityin.com/the-growing-popularity-of-online-casinos/" "Mozilla/5.0 (Windows NT 10.0; Win64; x64) AppleWebKit/537.36 (KHTML, like Gecko) Chrome/129.0.0.0 Safari/537.36"
91.201.113.132 - - [30/Mar/2025:09:57:02 -0400] "GET / HTTP/1.1" 200 0 "http://bakingsecurityin.com/" "Mozilla/5.0 (Windows NT 10.0; Win64; x64) AppleWebKit/537.36 (KHTML, like Gecko) Chrome/129.0.0.0 Safari/537.36"
198.54.114.83 - - [30/Mar/2025:10:01:00 -0400] "POST /wp-cron.php?doing_wp_cron=1743343260.6136090755462646484375 HTTP/1.1" 200 0 "-" "WordPress/6.7.2; https://bakingsecurityin.com"
103.253.14.90 - - [30/Mar/2025:10:01:00 -0400] "POST /xmlrpc.php HTTP/1.1" 200 236 "-" "Mozilla/5.0 (X11; Fedora; Linux x86_64; rv:94.0) Gecko/20100101 Firefox/95.0"
216.244.66.236 - - [30/Mar/2025:10:11:55 -0400] "GET /robots.txt HTTP/1.1" 304 0 "-" "Mozilla/5.0 (compatible; DotBot/1.2; +https://opensiteexplorer.org/dotbot; help@moz.com)"
172.172.2.214 - - [30/Mar/2025:10:18:36 -0400] "HEAD /wordpress HTTP/1.1" 301 0 "-" "Mozilla/5.0 (Windows NT 10.0; Win64; x64) AppleWebKit/537.36 (KHTML, like Gecko) Chrome/74.0.3729.169 Safari/537.36"
172.172.2.214 - - [30/Mar/2025:10:18:38 -0400] "HEAD /wordpress/ HTTP/1.1" 403 0 "http://bakingsecurityin.com/wordpress" "Mozilla/5.0 (Windows NT 10.0; Win64; x64) AppleWebKit/537.36 (KHTML, like Gecko) Chrome/74.0.3729.169 Safari/537.36"
172.172.2.214 - - [30/Mar/2025:10:18:40 -0400] "HEAD / HTTP/1.1" 200 0 "-" "Mozilla/5.0 (Windows NT 10.0; Win64; x64) AppleWebKit/537.36 (KHTML, like Gecko) Chrome/74.0.3729.169 Safari/537.36"
172.172.2.214 - - [30/Mar/2025:10:18:43 -0400] "HEAD /wp HTTP/1.1" 404 0 "-" "Mozilla/5.0 (Windows NT 10.0; Win64; x64) AppleWebKit/537.36 (KHTML, like Gecko) Chrome/74.0.3729.169 Safari/537.36"
172.172.2.214 - - [30/Mar/2025:10:18:47 -0400] "HEAD /bc HTTP/1.1" 404 0 "-" "Mozilla/5.0 (Windows NT 10.0; Win64; x64) AppleWebKit/537.36 (KHTML, like Gecko) Chrome/74.0.3729.169 Safari/537.36"
172.172.2.214 - - [30/Mar/2025:10:18:49 -0400] "HEAD /bk HTTP/1.1" 404 0 "-" "Mozilla/5.0 (Windows NT 10.0; Win64; x64) AppleWebKit/537.36 (KHTML, like Gecko) Chrome/74.0.3729.169 Safari/537.36"
172.172.2.214 - - [30/Mar/2025:10:18:52 -0400] "HEAD /backup HTTP/1.1" 404 0 "-" "Mozilla/5.0 (Windows NT 10.0; Win64; x64) AppleWebKit/537.36 (KHTML, like Gecko) Chrome/74.0.3729.169 Safari/537.36"
172.172.2.214 - - [30/Mar/2025:10:18:53 -0400] "HEAD /old HTTP/1.1" 404 0 "-" "Mozilla/5.0 (Windows NT 10.0; Win64; x64) AppleWebKit/537.36 (KHTML, like Gecko) Chrome/74.0.3729.169 Safari/537.36"
172.172.2.214 - - [30/Mar/2025:10:18:55 -0400] "HEAD /new HTTP/1.1" 301 0 "-" "Mozilla/5.0 (Windows NT 10.0; Win64; x64) AppleWebKit/537.36 (KHTML, like Gecko) Chrome/74.0.3729.169 Safari/537.36"
172.172.2.214 - - [30/Mar/2025:10:18:58 -0400] "HEAD /main HTTP/1.1" 404 0 "-" "Mozilla/5.0 (Windows NT 10.0; Win64; x64) AppleWebKit/537.36 (KHTML, like Gecko) Chrome/74.0.3729.169 Safari/537.36"
172.172.2.214 - - [30/Mar/2025:10:19:00 -0400] "HEAD /home HTTP/1.1" 404 0 "-" "Mozilla/5.0 (Windows NT 10.0; Win64; x64) AppleWebKit/537.36 (KHTML, like Gecko) Chrome/74.0.3729.169 Safari/537.36"
216.244.66.236 - - [30/Mar/2025:10:26:16 -0400] "GET /die-eleganz-der-moderne-die-hangelampe-im-zeitgeist/feed/ HTTP/1.1" 200 470 "-" "Mozilla/5.0 (compatible; DotBot/1.2; +https://opensiteexplorer.org/dotbot; help@moz.com)"
198.54.114.83 - - [30/Mar/2025:10:32:54 -0400] "POST /wp-cron.php?doing_wp_cron=1743345174.2584528923034667968750 HTTP/1.1" 200 0 "-" "WordPress/6.7.2; https://bakingsecurityin.com"
194.38.23.16 - - [30/Mar/2025:10:32:54 -0400] "GET /theme/assets/plugins/file-upload/server/php/index.php?file=tf2rghf.jpg HTTP/1.1" 301 0 "-" "ALittle Client"
2400:6180:100:d0::4fe:6001 - - [30/Mar/2025:10:33:13 -0400] "POST /xmlrpc.php HTTP/1.1" 200 212 "http://bakingsecurityin.com" "Mozilla/5.0 (Macintosh; Intel Mac OS X 14.3) AppleWebKit/614.31.14 (KHTML, like Gecko) Version/17.0.96 Safari/614.31.14"
198.54.114.83 - - [30/Mar/2025:10:42:53 -0400] "POST /wp-cron.php?doing_wp_cron=1743345773.1606280803680419921875 HTTP/1.1" 200 0 "-" "WordPress/6.7.2; https://bakingsecurityin.com"
103.132.20.2 - - [30/Mar/2025:10:42:51 -0400] "POST /xmlrpc.php HTTP/1.1" 200 212 "http://bakingsecurityin.com" "Mozilla/5.0 (Macintosh; Intel Mac OS X 10_15_7) AppleWebKit/537.36 (KHTML, like Gecko) Chrome/114.0.5735.134 Safari/537.36"
216.244.66.236 - - [30/Mar/2025:10:43:20 -0400] "GET /de-plus-soins-spa-centre-daffaires-et-salle-de-reunion-sont-a-votre-disposition-sur-place/feed/ HTTP/1.1" 200 516 "-" "Mozilla/5.0 (compatible; DotBot/1.2; +https://opensiteexplorer.org/dotbot; help@moz.com)"
202.69.38.12 - - [30/Mar/2025:10:46:09 -0400] "HEAD / HTTP/1.1" 200 0 "https://bakingsecurityin.com/" "Mozilla/5.0 (Windows NT 10.0; Win64; x64) AppleWebKit/537.36 (KHTML, like Gecko) Chrome/91.0.4472.124 Safari/537.36"
42.118.3.163 - - [30/Mar/2025:10:53:56 -0400] "POST /xmlrpc.php HTTP/1.1" 200 212 "http://bakingsecurityin.com" "Mozilla/5.0 (Windows NT 10.0; Win64; x64; rv:125.0.1) Gecko/20100101 Firefox/125.0.1"
91.201.113.132 - - [30/Mar/2025:10:56:56 -0400] "GET /the-growing-popularity-of-online-casinos/ HTTP/1.1" 200 0 "http://bakingsecurityin.com/the-growing-popularity-of-online-casinos/" "Mozilla/5.0 (Windows NT 10.0; Win64; x64) AppleWebKit/537.36 (KHTML, like Gecko) Chrome/130.0.0.0 Safari/537.36 CCleaner/130.0.0.0"
91.201.113.132 - - [30/Mar/2025:10:56:57 -0400] "GET / HTTP/1.1" 200 0 "http://bakingsecurityin.com/" "Mozilla/5.0 (Windows NT 10.0; Win64; x64) AppleWebKit/537.36 (KHTML, like Gecko) Chrome/130.0.0.0 Safari/537.36 CCleaner/130.0.0.0"
216.244.66.236 - - [30/Mar/2025:10:59:27 -0400] "GET /robots.txt HTTP/1.1" 200 116 "-" "Mozilla/5.0 (compatible; DotBot/1.2; +https://opensiteexplorer.org/dotbot; help@moz.com)"
198.54.114.83 - - [30/Mar/2025:11:00:51 -0400] "POST /wp-cron.php?doing_wp_cron=1743346850.6447780132293701171875 HTTP/1.1" 200 0 "-" "WordPress/6.7.2; https://bakingsecurityin.com"
171.244.0.91 - - [30/Mar/2025:11:00:49 -0400] "POST /xmlrpc.php HTTP/1.1" 200 236 "-" "Mozilla/5.0 (X11; Fedora; Linux x86_64; rv:94.0) Gecko/20100101 Firefox/95.0"
198.54.114.83 - - [30/Mar/2025:11:05:07 -0400] "POST /wp-cron.php?doing_wp_cron=1743347106.2600839138031005859375 HTTP/1.1" 200 0 "-" "WordPress/6.7.2; https://bakingsecurityin.com"
120.24.23.234 - - [30/Mar/2025:11:05:01 -0400] "POST /xmlrpc.php HTTP/1.1" 200 212 "http://bakingsecurityin.com" "Mozilla/5.0 (Macintosh; Intel Mac OS X 10.15; rv:126.0) Gecko/20100101 Firefox/126.0"
198.54.114.83 - - [30/Mar/2025:11:11:32 -0400] "POST /wp-cron.php?doing_wp_cron=1743347492.1046679019927978515625 HTTP/1.1" 200 0 "-" "WordPress/6.7.2; https://bakingsecurityin.com"
216.244.66.236 - - [30/Mar/2025:11:11:32 -0400] "GET /how-to-turn-airdrop-off-on-iphone/ HTTP/1.1" 200 0 "-" "Mozilla/5.0 (compatible; DotBot/1.2; +https://opensiteexplorer.org/dotbot; help@moz.com)"
198.54.114.83 - - [30/Mar/2025:11:12:37 -0400] "POST /wp-cron.php?doing_wp_cron=1743347556.8977260589599609375000 HTTP/1.1" 200 0 "-" "WordPress/6.7.2; https://bakingsecurityin.com"
216.244.66.236 - - [30/Mar/2025:11:12:36 -0400] "GET /does-fenbendazole-cure-cancr/ HTTP/1.1" 200 0 "-" "Mozilla/5.0 (compatible; DotBot/1.2; +https://opensiteexplorer.org/dotbot; help@moz.com)"
198.54.114.83 - - [30/Mar/2025:11:13:47 -0400] "POST /wp-cron.php?doing_wp_cron=1743347626.8022940158843994140625 HTTP/1.1" 200 0 "-" "WordPress/6.7.2; https://bakingsecurityin.com"
216.244.66.236 - - [30/Mar/2025:11:13:46 -0400] "GET /gold-shark-tooth-necklace/feed/ HTTP/1.1" 200 431 "-" "Mozilla/5.0 (compatible; DotBot/1.2; +https://opensiteexplorer.org/dotbot; help@moz.com)"
83.149.93.194 - - [30/Mar/2025:11:16:01 -0400] "POST /xmlrpc.php HTTP/1.1" 200 212 "http://bakingsecurityin.com" "Mozilla/5.0 (Macintosh; Intel Mac OS X 14_4_1) AppleWebKit/605.1.15 (KHTML, like Gecko) Version/17.3.1 Safari/605.1.15"
198.54.114.83 - - [30/Mar/2025:11:16:04 -0400] "POST /wp-cron.php?doing_wp_cron=1743347762.3221349716186523437500 HTTP/1.1" 200 0 "-" "WordPress/6.7.2; https://bakingsecurityin.com"
198.54.114.83 - - [30/Mar/2025:11:19:23 -0400] "POST /wp-cron.php?doing_wp_cron=1743347962.8098070621490478515625 HTTP/1.1" 200 0 "-" "WordPress/6.7.2; https://bakingsecurityin.com"
216.244.66.236 - - [30/Mar/2025:11:19:22 -0400] "GET /the-allure-of-ardor-residence/feed/ HTTP/1.1" 200 434 "-" "Mozilla/5.0 (compatible; DotBot/1.2; +https://opensiteexplorer.org/dotbot; help@moz.com)"
198.54.114.83 - - [30/Mar/2025:11:19:28 -0400] "POST /wp-cron.php?doing_wp_cron=1743347968.5588541030883789062500 HTTP/1.1" 200 0 "-" "WordPress/6.7.2; https://bakingsecurityin.com"
216.244.66.236 - - [30/Mar/2025:11:19:28 -0400] "GET /the-magnificence-exploring-the-grand-dunman-showflat/feed/ HTTP/1.1" 200 459 "-" "Mozilla/5.0 (compatible; DotBot/1.2; +https://opensiteexplorer.org/dotbot; help@moz.com)"
198.54.114.83 - - [30/Mar/2025:11:25:43 -0400] "POST /wp-cron.php?doing_wp_cron=1743348343.3624269962310791015625 HTTP/1.1" 200 0 "-" "WordPress/6.7.2; https://bakingsecurityin.com"
216.244.66.236 - - [30/Mar/2025:11:25:42 -0400] "GET /page/31/ HTTP/1.1" 200 0 "-" "Mozilla/5.0 (compatible; DotBot/1.2; +https://opensiteexplorer.org/dotbot; help@moz.com)"
171.25.193.25 - - [30/Mar/2025:11:26:20 -0400] "GET / HTTP/1.1" 200 0 "bakingsecurityin.com" "Mozilla/5.0 (compatible; MSIE 10.0; Windows NT 6.1; WOW64; Trident/6.0; Touch; MASMJS)"
198.54.114.83 - - [30/Mar/2025:11:26:46 -0400] "POST /wp-cron.php?doing_wp_cron=1743348406.6547670364379882812500 HTTP/1.1" 200 0 "-" "WordPress/6.7.2; https://bakingsecurityin.com"
198.54.120.87 - - [30/Mar/2025:11:26:46 -0400] "POST /xmlrpc.php HTTP/1.1" 200 212 "http://bakingsecurityin.com" "Mozilla/5.0 (Macintosh; Intel Mac OS X 10_15_7; rv:127.0) Gecko/20100101 Firefox/127.0"
120.24.23.234 - - [30/Mar/2025:11:37:25 -0400] "POST /xmlrpc.php HTTP/1.1" 200 212 "http://bakingsecurityin.com" "Mozilla/5.0 (Macintosh; Intel Mac OS X 10_15_7) AppleWebKit/537.36 (KHTML, like Gecko) Chrome/112.0.5615.138 Safari/537.36"
216.244.66.236 - - [30/Mar/2025:11:47:04 -0400] "GET /robots.txt HTTP/1.1" 304 0 "-" "Mozilla/5.0 (compatible; DotBot/1.2; +https://opensiteexplorer.org/dotbot; help@moz.com)"
198.54.114.83 - - [30/Mar/2025:11:47:18 -0400] "POST /wp-cron.php?doing_wp_cron=1743349637.6373970508575439453125 HTTP/1.1" 200 0 "-" "WordPress/6.7.2; https://bakingsecurityin.com"
156.248.102.175 - - [30/Mar/2025:11:47:17 -0400] "GET /a-journey-into-skincare/ HTTP/1.1" 200 0 "-" "Mozilla/5.0 (X11; Linux x86_64) AppleWebKit/537.36 (KHTML, like Gecko) Chrome/114.0.0.0 Safari/537.36"
156.248.102.175 - - [30/Mar/2025:11:47:19 -0400] "GET /a-journey-into-skincare/ HTTP/1.1" 200 0 "-" "Mozilla/5.0 (X11; Linux x86_64) AppleWebKit/537.36 (KHTML, like Gecko) Chrome/114.0.0.0 Safari/537.36"
156.248.102.175 - - [30/Mar/2025:11:47:19 -0400] "GET /a-journey-into-skincare/ HTTP/1.1" 200 0 "-" "Mozilla/5.0 (X11; Linux x86_64) AppleWebKit/537.36 (KHTML, like Gecko) Chrome/114.0.0.0 Safari/537.36"
162.240.168.197 - - [30/Mar/2025:11:48:01 -0400] "POST /xmlrpc.php HTTP/1.1" 200 212 "http://bakingsecurityin.com" "Mozilla/5.0 (Windows NT 11.0; Win64; x64) AppleWebKit/537.36 (KHTML, like Gecko) Chrome/126.0.0.0 Safari/537.36"
18.158.88.235 - - [30/Mar/2025:11:51:16 -0400] "POST /xmlrpc.php HTTP/1.1" 200 236 "-" "Mozilla/5.0 (X11; Fedora; Linux x86_64; rv:94.0) Gecko/20100101 Firefox/95.0"
198.54.114.83 - - [30/Mar/2025:11:57:34 -0400] "POST /wp-cron.php?doing_wp_cron=1743350254.5997490882873535156250 HTTP/1.1" 200 0 "-" "WordPress/6.7.2; https://bakingsecurityin.com"
156.228.82.202 - - [30/Mar/2025:11:57:34 -0400] "GET /vendor/phpunit/phpunit/LICENSE HTTP/1.1" 404 0 "-" "Mozilla/5.0 (Windows NT 10.0; Win64; x64) AppleWebKit/537.36 (KHTML, like Gecko) Chrome/106.0.0.0 Safari/537.36"
156.228.82.202 - - [30/Mar/2025:11:57:35 -0400] "GET /vendor/phpunit/phpunit/src/Util/PHP/ HTTP/1.1" 404 0 "-" "Mozilla/5.0 (Windows NT 10.0; Win64; x64) AppleWebKit/537.36 (KHTML, like Gecko) Chrome/106.0.0.0 Safari/537.36"
156.228.82.202 - - [30/Mar/2025:11:57:37 -0400] "GET /wp-login.php HTTP/1.1" 302 0 "-" "Mozilla/5.0 (Windows NT 10.0; Win64; x64) AppleWebKit/537.36 (KHTML, like Gecko) Chrome/106.0.0.0 Safari/537.36"
162.213.255.38 - - [30/Mar/2025:11:58:19 -0400] "POST /xmlrpc.php HTTP/1.1" 200 212 "http://bakingsecurityin.com" "Mozilla/5.0 (Windows NT 10.0; Win64; x64) AppleWebKit/537.36 (KHTML, like Gecko) Chrome/113.0.5672.126 Safari/537.36 Edg/113.0.1774.50"
198.54.114.83 - - [30/Mar/2025:12:01:14 -0400] "POST /wp-cron.php?doing_wp_cron=1743350474.1494369506835937500000 HTTP/1.1" 200 0 "-" "WordPress/6.7.2; https://bakingsecurityin.com"
216.244.66.236 - - [30/Mar/2025:12:01:13 -0400] "GET /discovering-unblocked-games-6x-a-gateway-to-fun/feed/ HTTP/1.1" 200 455 "-" "Mozilla/5.0 (compatible; DotBot/1.2; +https://opensiteexplorer.org/dotbot; help@moz.com)"
216.244.66.236 - - [30/Mar/2025:12:01:21 -0400] "GET /the-versatility-and-efficiency-of-drywall-partitions/feed/ HTTP/1.1" 200 454 "-" "Mozilla/5.0 (compatible; DotBot/1.2; +https://opensiteexplorer.org/dotbot; help@moz.com)"
176.67.86.247 - - [30/Mar/2025:12:04:54 -0400] "GET /how-does-red-light-therapy-work/ HTTP/1.1" 200 0 "http://bakingsecurityin.com/how-does-red-light-therapy-work/" "Mozilla/5.0 (Windows NT 10.0; Win64; x64) AppleWebKit/537.36 (KHTML, like Gecko) Chrome/131.0.0.0 Safari/537.36"
176.67.86.247 - - [30/Mar/2025:12:04:54 -0400] "GET / HTTP/1.1" 200 0 "http://bakingsecurityin.com/" "Mozilla/5.0 (Windows NT 10.0; Win64; x64) AppleWebKit/537.36 (KHTML, like Gecko) Chrome/131.0.0.0 Safari/537.36"
198.54.114.83 - - [30/Mar/2025:12:08:46 -0400] "POST /wp-cron.php?doing_wp_cron=1743350926.2616419792175292968750 HTTP/1.1" 200 0 "-" "WordPress/6.7.2; https://bakingsecurityin.com"
198.54.114.80 - - [30/Mar/2025:12:08:46 -0400] "POST /xmlrpc.php HTTP/1.1" 200 212 "http://bakingsecurityin.com" "Mozilla/5.0 (Windows NT 10.0; Win64; x64; rv:126.0) Gecko/20100101 Firefox/126.0"
216.244.66.236 - - [30/Mar/2025:12:08:53 -0400] "GET /how-to-choose-a-belt-cutting-machine/ HTTP/1.1" 200 0 "-" "Mozilla/5.0 (compatible; DotBot/1.2; +https://opensiteexplorer.org/dotbot; help@moz.com)"
198.54.114.83 - - [30/Mar/2025:12:13:33 -0400] "POST /wp-cron.php?doing_wp_cron=1743351212.9176969528198242187500 HTTP/1.1" 200 0 "-" "WordPress/6.7.2; https://bakingsecurityin.com"
216.244.66.236 - - [30/Mar/2025:12:13:32 -0400] "GET /category/activity/page/52/ HTTP/1.1" 200 0 "-" "Mozilla/5.0 (compatible; DotBot/1.2; +https://opensiteexplorer.org/dotbot; help@moz.com)"
91.201.113.132 - - [30/Mar/2025:12:14:37 -0400] "GET /the-growing-popularity-of-online-casinos/ HTTP/1.1" 200 0 "http://bakingsecurityin.com/the-growing-popularity-of-online-casinos/" "Mozilla/5.0 (Windows NT 10.0; Win64; x64) AppleWebKit/537.36 (KHTML, like Gecko) Chrome/129.0.0.0 Safari/537.36"
198.54.114.83 - - [30/Mar/2025:12:14:39 -0400] "POST /wp-cron.php?doing_wp_cron=1743351278.9251899719238281250000 HTTP/1.1" 200 0 "-" "WordPress/6.7.2; https://bakingsecurityin.com"
91.201.113.132 - - [30/Mar/2025:12:14:38 -0400] "GET / HTTP/1.1" 200 0 "http://bakingsecurityin.com/" "Mozilla/5.0 (Windows NT 10.0; Win64; x64) AppleWebKit/537.36 (KHTML, like Gecko) Chrome/129.0.0.0 Safari/537.36"
198.54.114.83 - - [30/Mar/2025:12:15:49 -0400] "POST /wp-cron.php?doing_wp_cron=1743351349.6592469215393066406250 HTTP/1.1" 200 0 "-" "WordPress/6.7.2; https://bakingsecurityin.com"
