198.54.114.83 - - [08/Apr/2025:23:39:17 -0400] "POST /wp-cron.php?doing_wp_cron=1744169956.7225289344787597656250 HTTP/1.1" 200 0 "-" "WordPress/6.7.2; https://bakingsecurityin.com"
52.184.180.195 - - [08/Apr/2025:23:39:16 -0400] "GET /wp-content/themes/tflow/ HTTP/1.1" 404 0 "-" "-"
52.184.180.195 - - [08/Apr/2025:23:39:18 -0400] "GET /wp-content/uploads/js_composer/ HTTP/1.1" 404 0 "-" "-"
52.184.180.195 - - [08/Apr/2025:23:39:20 -0400] "GET /wp-includes/SimplePie/Parse/ HTTP/1.1" 404 0 "-" "-"
52.184.180.195 - - [08/Apr/2025:23:39:22 -0400] "GET /wp-includes/IXR/autoload_classmap.php HTTP/1.1" 404 0 "-" "-"
52.184.180.195 - - [08/Apr/2025:23:39:23 -0400] "GET /.well-known/acme-challenge/sx.php HTTP/1.1" 404 0 "-" "-"
52.184.180.195 - - [08/Apr/2025:23:39:25 -0400] "GET /wp-content/themes/tk9zgum9/ HTTP/1.1" 404 0 "-" "-"
52.184.180.195 - - [08/Apr/2025:23:39:25 -0400] "GET /wp-content/uploads/2023/11/system.php HTTP/1.1" 404 0 "-" "-"
52.184.180.195 - - [08/Apr/2025:23:39:26 -0400] "GET /.well-known/setup HTTP/1.1" 404 0 "-" "-"
52.184.180.195 - - [08/Apr/2025:23:39:28 -0400] "GET /wp-content/plugins/seoo/alfa-rex.php HTTP/1.1" 404 0 "-" "-"
52.184.180.195 - - [08/Apr/2025:23:39:29 -0400] "GET /wp-content/plugins/wp-mail-smtp/src/ HTTP/1.1" 404 0 "-" "-"
52.184.180.195 - - [08/Apr/2025:23:39:30 -0400] "GET /.wp-cli/wp-login.php HTTP/1.1" 404 0 "-" "-"
52.184.180.195 - - [08/Apr/2025:23:39:31 -0400] "GET /byp.php HTTP/1.1" 404 0 "-" "-"
52.184.180.195 - - [08/Apr/2025:23:39:33 -0400] "GET /classwithtostring.php HTTP/1.1" 404 0 "-" "-"
52.184.180.195 - - [08/Apr/2025:23:39:34 -0400] "GET /wp-admin/js/index.php HTTP/1.1" 301 0 "-" "-"
52.184.180.195 - - [08/Apr/2025:23:39:35 -0400] "GET /wp-admin/js/ HTTP/1.1" 403 1242 "-" "-"
52.184.180.195 - - [08/Apr/2025:23:39:36 -0400] "GET /wp-includes/images/autoload_classmap.php HTTP/1.1" 404 0 "-" "-"
52.184.180.195 - - [08/Apr/2025:23:39:37 -0400] "GET /wp-p.php7 HTTP/1.1" 404 0 "-" "-"
52.184.180.195 - - [08/Apr/2025:23:39:38 -0400] "GET /xt/index.php HTTP/1.1" 301 0 "-" "-"
52.184.180.195 - - [08/Apr/2025:23:39:39 -0400] "GET /xt/ HTTP/1.1" 404 0 "-" "-"
52.184.180.195 - - [08/Apr/2025:23:39:41 -0400] "GET /wp-content/plugins/custom/issue.php HTTP/1.1" 404 0 "-" "-"
52.184.180.195 - - [08/Apr/2025:23:39:42 -0400] "GET /wsa.php HTTP/1.1" 404 0 "-" "-"
52.184.180.195 - - [08/Apr/2025:23:39:43 -0400] "GET /wp-content/themes/krs2kdwa/ HTTP/1.1" 404 0 "-" "-"
52.184.180.195 - - [08/Apr/2025:23:39:44 -0400] "GET /wp-includes/js/tinymce/themes/ HTTP/1.1" 403 1242 "-" "-"
52.184.180.195 - - [08/Apr/2025:23:39:44 -0400] "GET /wp-admin/doc.php HTTP/1.1" 404 0 "-" "-"
52.184.180.195 - - [08/Apr/2025:23:39:45 -0400] "GET /wp-admin/css/colors/blue/blkaabkj.php HTTP/1.1" 404 0 "-" "-"
52.184.180.195 - - [08/Apr/2025:23:39:46 -0400] "GET /hinfofuns.php HTTP/1.1" 404 0 "-" "-"
52.184.180.195 - - [08/Apr/2025:23:39:48 -0400] "GET /wp-index.php HTTP/1.1" 404 0 "-" "-"
52.184.180.195 - - [08/Apr/2025:23:39:49 -0400] "GET /wp-admin/images/Mhbgf.php HTTP/1.1" 404 0 "-" "-"
52.184.180.195 - - [08/Apr/2025:23:39:51 -0400] "GET /wp-includes/PHPMailer/about.php HTTP/1.1" 404 0 "-" "-"
52.184.180.195 - - [08/Apr/2025:23:39:52 -0400] "GET /wp-content/plugins/backup-backup/includes/438788106...php HTTP/1.1" 404 0 "-" "-"
52.184.180.195 - - [08/Apr/2025:23:39:54 -0400] "GET /wp-content/uploads/2023/05/404.php HTTP/1.1" 404 0 "-" "-"
52.184.180.195 - - [08/Apr/2025:23:39:56 -0400] "GET /wp-admin/uploads HTTP/1.1" 404 0 "-" "-"
52.184.180.195 - - [08/Apr/2025:23:39:58 -0400] "GET /wp-content/style-css.php HTTP/1.1" 404 0 "-" "-"
52.184.180.195 - - [08/Apr/2025:23:39:59 -0400] "GET /ynz.PhP7 HTTP/1.1" 404 0 "-" "-"
52.184.180.195 - - [08/Apr/2025:23:40:00 -0400] "GET /css/sgd.php HTTP/1.1" 404 0 "-" "-"
52.184.180.195 - - [08/Apr/2025:23:40:01 -0400] "GET /wp-admin/YP1cuvy6WrD.php HTTP/1.1" 404 0 "-" "-"
52.184.180.195 - - [08/Apr/2025:23:40:02 -0400] "GET /LA.php HTTP/1.1" 404 0 "-" "-"
52.184.180.195 - - [08/Apr/2025:23:40:04 -0400] "GET /wp-content/plugins/gdrxuof/ HTTP/1.1" 404 0 "-" "-"
52.184.180.195 - - [08/Apr/2025:23:40:07 -0400] "GET /.well-known/about HTTP/1.1" 404 0 "-" "-"
52.184.180.195 - - [08/Apr/2025:23:40:09 -0400] "GET /wp-content/plugins/placester/views/partials/ HTTP/1.1" 404 0 "-" "-"
52.184.180.195 - - [08/Apr/2025:23:40:10 -0400] "GET /adminfuns.php HTTP/1.1" 404 0 "-" "-"
52.184.180.195 - - [08/Apr/2025:23:40:12 -0400] "GET /restart.php HTTP/1.1" 404 0 "-" "-"
52.184.180.195 - - [08/Apr/2025:23:40:15 -0400] "GET /wp-content/mu-plugins/ HTTP/1.1" 404 0 "-" "-"
198.54.114.83 - - [08/Apr/2025:23:40:17 -0400] "POST /wp-cron.php?doing_wp_cron=1744170015.2337670326232910156250 HTTP/1.1" 200 0 "-" "WordPress/6.7.2; https://bakingsecurityin.com"
52.184.180.195 - - [08/Apr/2025:23:40:18 -0400] "GET /wp-admin/includes/sx.php HTTP/1.1" 404 0 "-" "-"
52.184.180.195 - - [08/Apr/2025:23:40:20 -0400] "GET /down.php HTTP/1.1" 404 0 "-" "-"
52.184.180.195 - - [08/Apr/2025:23:40:22 -0400] "GET /wp-includes/assets/autoload_classmap.php HTTP/1.1" 404 0 "-" "-"
52.184.180.195 - - [08/Apr/2025:23:40:23 -0400] "GET /vendor/ HTTP/1.1" 404 0 "-" "-"
52.184.180.195 - - [08/Apr/2025:23:40:25 -0400] "GET /wp-admin/js/wp-login.php HTTP/1.1" 404 0 "-" "-"
52.184.180.195 - - [08/Apr/2025:23:40:26 -0400] "GET /wp-includes/SimplePie/Cache/contents.php HTTP/1.1" 404 0 "-" "-"
52.184.180.195 - - [08/Apr/2025:23:40:28 -0400] "GET /wp-admin/network/sx.php HTTP/1.1" 404 0 "-" "-"
52.184.180.195 - - [08/Apr/2025:23:40:29 -0400] "GET /css/admin.php HTTP/1.1" 404 0 "-" "-"
52.184.180.195 - - [08/Apr/2025:23:40:31 -0400] "GET /libraries/legacy/updates.php HTTP/1.1" 404 0 "-" "-"
52.184.180.195 - - [08/Apr/2025:23:40:32 -0400] "GET /wp-includes/js/tinymce/skins/wordpress/images/ HTTP/1.1" 403 1242 "-" "-"
52.184.180.195 - - [08/Apr/2025:23:40:33 -0400] "GET /wp-includes/js/tinymce/wp-tinymce.php HTTP/1.1" 200 146896 "-" "-"
52.184.180.195 - - [08/Apr/2025:23:40:35 -0400] "GET /wp-includes/style-engine/about.php HTTP/1.1" 404 0 "-" "-"
52.184.180.195 - - [08/Apr/2025:23:40:36 -0400] "GET /Text/Diff/ HTTP/1.1" 301 0 "-" "-"
52.184.180.195 - - [08/Apr/2025:23:40:38 -0400] "GET /ee.php HTTP/1.1" 404 0 "-" "-"
52.184.180.195 - - [08/Apr/2025:23:40:39 -0400] "GET /wp-content/upgrade/wp-login.php HTTP/1.1" 404 0 "-" "-"
52.184.180.195 - - [08/Apr/2025:23:40:40 -0400] "GET /filter.php HTTP/1.1" 404 0 "-" "-"
52.184.180.195 - - [08/Apr/2025:23:40:41 -0400] "GET /wp-content/plugins/WordPressCore/blkfqnikz.php HTTP/1.1" 404 0 "-" "-"
52.184.180.195 - - [08/Apr/2025:23:40:42 -0400] "GET /wp-includes/gCdfg/index.php HTTP/1.1" 301 0 "-" "-"
52.184.180.195 - - [08/Apr/2025:23:40:43 -0400] "GET /wp-includes/gCdfg/ HTTP/1.1" 404 0 "-" "-"
52.184.180.195 - - [08/Apr/2025:23:40:45 -0400] "GET /aaa.php HTTP/1.1" 404 0 "-" "-"
52.184.180.195 - - [08/Apr/2025:23:40:46 -0400] "GET /files.php HTTP/1.1" 404 0 "-" "-"
52.184.180.195 - - [08/Apr/2025:23:40:46 -0400] "GET /wp-includes/sodium_compat/namespaced/ HTTP/1.1" 403 1242 "-" "-"
52.184.180.195 - - [08/Apr/2025:23:40:47 -0400] "GET /wp-includes/wp-widgets.php HTTP/1.1" 404 0 "-" "-"
52.184.180.195 - - [08/Apr/2025:23:40:48 -0400] "GET /tinyfilemanager/ HTTP/1.1" 404 0 "-" "-"
52.184.180.195 - - [08/Apr/2025:23:40:50 -0400] "GET /lai/robotica/wp-content/themes/seotheme/ HTTP/1.1" 404 0 "-" "-"
52.184.180.195 - - [08/Apr/2025:23:40:51 -0400] "GET /wp-content/plugins/upspy/ HTTP/1.1" 404 0 "-" "-"
52.184.180.195 - - [08/Apr/2025:23:40:52 -0400] "GET /thumbnail.php HTTP/1.1" 404 0 "-" "-"
52.184.180.195 - - [08/Apr/2025:23:40:54 -0400] "GET /wp-admin/js/ HTTP/1.1" 403 1242 "-" "-"
52.184.180.195 - - [08/Apr/2025:23:40:56 -0400] "GET /wp-includes/blocks/block/ HTTP/1.1" 403 1242 "-" "-"
52.184.180.195 - - [08/Apr/2025:23:40:58 -0400] "GET /wp-content/plugins/yfsmxkj/ HTTP/1.1" 404 0 "-" "-"
52.184.180.195 - - [08/Apr/2025:23:41:00 -0400] "GET /cgi-bin/cloud.php HTTP/1.1" 404 0 "-" "-"
52.184.180.195 - - [08/Apr/2025:23:41:01 -0400] "GET /wp-content/themes/aahana/ HTTP/1.1" 404 0 "-" "-"
52.184.180.195 - - [08/Apr/2025:23:41:03 -0400] "GET /.well-known/pki-validation/gkiliuew.php HTTP/1.1" 404 1251 "-" "-"
52.184.180.195 - - [08/Apr/2025:23:41:05 -0400] "GET /video.php HTTP/1.1" 404 0 "-" "-"
52.184.180.195 - - [08/Apr/2025:23:41:07 -0400] "GET /wp-content/shell20211028.php HTTP/1.1" 404 0 "-" "-"
52.184.180.195 - - [08/Apr/2025:23:41:07 -0400] "GET /ALFA_DATA/alfacgiapi/function.php HTTP/1.1" 404 0 "-" "-"
52.184.180.195 - - [08/Apr/2025:23:41:09 -0400] "GET /wp-admin/css/colors/coffee/about.php HTTP/1.1" 404 0 "-" "-"
52.184.180.195 - - [08/Apr/2025:23:41:11 -0400] "GET /vendor/bin/loader.php/wp-admin/ HTTP/1.1" 404 0 "-" "-"
52.184.180.195 - - [08/Apr/2025:23:41:12 -0400] "GET /wp-content/plugins/core/include.php HTTP/1.1" 404 0 "-" "-"
52.184.180.195 - - [08/Apr/2025:23:41:13 -0400] "GET /avaa.php HTTP/1.1" 404 0 "-" "-"
52.184.180.195 - - [08/Apr/2025:23:41:14 -0400] "GET /ern.PhP7 HTTP/1.1" 404 0 "-" "-"
52.184.180.195 - - [08/Apr/2025:23:41:15 -0400] "GET /upload/2021_02_08/ HTTP/1.1" 404 0 "-" "-"
198.54.114.83 - - [08/Apr/2025:23:41:17 -0400] "POST /wp-cron.php?doing_wp_cron=1744170076.1779971122741699218750 HTTP/1.1" 200 0 "-" "WordPress/6.7.2; https://bakingsecurityin.com"
52.184.180.195 - - [08/Apr/2025:23:41:18 -0400] "GET /wp-includes/customize/themes.php HTTP/1.1" 404 0 "-" "-"
52.184.180.195 - - [08/Apr/2025:23:41:19 -0400] "GET /payment.php HTTP/1.1" 404 0 "-" "-"
52.184.180.195 - - [08/Apr/2025:23:41:21 -0400] "GET /wp-init.php HTTP/1.1" 404 0 "-" "-"
52.184.180.195 - - [08/Apr/2025:23:41:23 -0400] "GET /indec.php HTTP/1.1" 404 0 "-" "-"
52.184.180.195 - - [08/Apr/2025:23:41:24 -0400] "GET /.well-known/plugins/default HTTP/1.1" 404 0 "-" "-"
52.184.180.195 - - [08/Apr/2025:23:41:26 -0400] "GET /wp-content/uploads/cache.php HTTP/1.1" 404 0 "-" "-"
52.184.180.195 - - [08/Apr/2025:23:41:28 -0400] "GET /chtmlfuns.php HTTP/1.1" 404 0 "-" "-"
52.184.180.195 - - [08/Apr/2025:23:41:29 -0400] "GET /assets/libs/filemanager/ HTTP/1.1" 404 0 "-" "-"
52.184.180.195 - - [08/Apr/2025:23:41:30 -0400] "GET /wp-includes/images/wp-login.php HTTP/1.1" 404 0 "-" "-"
52.184.180.195 - - [08/Apr/2025:23:41:31 -0400] "GET /wp-includes/product.php HTTP/1.1" 404 0 "-" "-"
52.184.180.195 - - [08/Apr/2025:23:41:32 -0400] "GET /wp-content/upload.php HTTP/1.1" 404 0 "-" "-"
52.184.180.195 - - [08/Apr/2025:23:41:33 -0400] "GET /wp-admin/plugins/config HTTP/1.1" 404 0 "-" "-"
52.184.180.195 - - [08/Apr/2025:23:41:34 -0400] "GET /wp-includes/css/wp-login.php HTTP/1.1" 404 0 "-" "-"
52.184.180.195 - - [08/Apr/2025:23:41:35 -0400] "GET /wp-content/plugins/fix/00.php HTTP/1.1" 404 0 "-" "-"
52.184.180.195 - - [08/Apr/2025:23:41:37 -0400] "GET /wp-includes/rest-api/ZVQCc/ HTTP/1.1" 404 0 "-" "-"
52.184.180.195 - - [08/Apr/2025:23:41:37 -0400] "GET /wp-admin/includes/themes.php HTTP/1.1" 404 0 "-" "-"
52.184.180.195 - - [08/Apr/2025:23:41:38 -0400] "GET /.well-known/acme-challenge/doc.php HTTP/1.1" 404 0 "-" "-"
52.184.180.195 - - [08/Apr/2025:23:41:39 -0400] "GET /wp-content/plugins/gzzmasp/ HTTP/1.1" 404 0 "-" "-"
52.184.180.195 - - [08/Apr/2025:23:41:40 -0400] "GET /admin/upload/css.php HTTP/1.1" 404 0 "-" "-"
52.184.180.195 - - [08/Apr/2025:23:41:41 -0400] "GET /shell.php HTTP/1.1" 404 0 "-" "-"
52.184.180.195 - - [08/Apr/2025:23:41:41 -0400] "GET /config.php HTTP/1.1" 404 0 "-" "-"
52.184.180.195 - - [08/Apr/2025:23:41:42 -0400] "GET /wp-includes/css/index.php HTTP/1.1" 301 0 "-" "-"
52.184.180.195 - - [08/Apr/2025:23:41:42 -0400] "GET /wp-includes/css/ HTTP/1.1" 403 1242 "-" "-"
52.184.180.195 - - [08/Apr/2025:23:41:42 -0400] "GET /estudiante16/ HTTP/1.1" 404 0 "-" "-"
52.184.180.195 - - [08/Apr/2025:23:41:43 -0400] "GET /access.php HTTP/1.1" 404 0 "-" "-"
52.184.180.195 - - [08/Apr/2025:23:41:43 -0400] "GET /lv.php HTTP/1.1" 404 0 "-" "-"
52.184.180.195 - - [08/Apr/2025:23:41:43 -0400] "GET /wp-content/uploads/wp-booter.php HTTP/1.1" 404 0 "-" "-"
52.184.180.195 - - [08/Apr/2025:23:41:44 -0400] "GET /wp-admin/css/colors/blue/atomlib.php HTTP/1.1" 404 0 "-" "-"
52.184.180.195 - - [08/Apr/2025:23:41:45 -0400] "GET /11index.php HTTP/1.1" 404 0 "-" "-"
52.184.180.195 - - [08/Apr/2025:23:41:45 -0400] "GET /b0.php HTTP/1.1" 404 0 "-" "-"
52.184.180.195 - - [08/Apr/2025:23:41:46 -0400] "GET /invoice.php HTTP/1.1" 404 0 "-" "-"
52.184.180.195 - - [08/Apr/2025:23:41:47 -0400] "GET /logs_view.php HTTP/1.1" 404 0 "-" "-"
52.184.180.195 - - [08/Apr/2025:23:41:48 -0400] "GET /wikindex.php HTTP/1.1" 404 0 "-" "-"
52.184.180.195 - - [08/Apr/2025:23:41:48 -0400] "GET /ern1.php HTTP/1.1" 404 0 "-" "-"
52.184.180.195 - - [08/Apr/2025:23:41:50 -0400] "GET /access_logs.php HTTP/1.1" 404 0 "-" "-"
52.184.180.195 - - [08/Apr/2025:23:41:51 -0400] "GET /wp-content/plugins/instabuilder2/cache/plugins/ HTTP/1.1" 404 0 "-" "-"
52.184.180.195 - - [08/Apr/2025:23:41:53 -0400] "GET /wp-content/plugins/masterx/ HTTP/1.1" 404 0 "-" "-"
52.184.180.195 - - [08/Apr/2025:23:41:54 -0400] "GET /1.php7 HTTP/1.1" 404 0 "-" "-"
52.184.180.195 - - [08/Apr/2025:23:41:56 -0400] "GET /defaults.php HTTP/1.1" 404 0 "-" "-"
52.184.180.195 - - [08/Apr/2025:23:41:57 -0400] "GET /wp-content/plugins/WordPressCore/ HTTP/1.1" 404 0 "-" "-"
52.184.180.195 - - [08/Apr/2025:23:41:58 -0400] "GET /wp-includes/js/tinymce/skins/wordpress/images/index.php HTTP/1.1" 301 0 "-" "-"
52.184.180.195 - - [08/Apr/2025:23:41:59 -0400] "GET /wp-includes/js/tinymce/skins/wordpress/images/ HTTP/1.1" 403 1242 "-" "-"
52.184.180.195 - - [08/Apr/2025:23:42:00 -0400] "GET /audio.php HTTP/1.1" 404 0 "-" "-"
52.184.180.195 - - [08/Apr/2025:23:42:01 -0400] "GET /block-bindings.php HTTP/1.1" 404 0 "-" "-"
52.184.180.195 - - [08/Apr/2025:23:42:03 -0400] "GET /wso.php HTTP/1.1" 404 0 "-" "-"
52.184.180.195 - - [08/Apr/2025:23:42:03 -0400] "GET /activity.php HTTP/1.1" 404 0 "-" "-"
52.184.180.195 - - [08/Apr/2025:23:42:05 -0400] "GET /database.php HTTP/1.1" 404 0 "-" "-"
52.184.180.195 - - [08/Apr/2025:23:42:06 -0400] "GET /endpoint.php HTTP/1.1" 404 0 "-" "-"
52.184.180.195 - - [08/Apr/2025:23:42:06 -0400] "GET /wp-admin/css/colors/sunrise/about.php HTTP/1.1" 404 0 "-" "-"
52.184.180.195 - - [08/Apr/2025:23:42:08 -0400] "GET /admin.php7 HTTP/1.1" 404 0 "-" "-"
52.184.180.195 - - [08/Apr/2025:23:42:10 -0400] "GET /tutorial.php HTTP/1.1" 404 0 "-" "-"
52.184.180.195 - - [08/Apr/2025:23:42:11 -0400] "GET /logs.php HTTP/1.1" 404 0 "-" "-"
52.184.180.195 - - [08/Apr/2025:23:42:12 -0400] "GET /wp-includes/js/imgareaselect/ HTTP/1.1" 403 1242 "-" "-"
52.184.180.195 - - [08/Apr/2025:23:42:12 -0400] "GET /wp-content/languages/wp-login.php HTTP/1.1" 404 0 "-" "-"
198.54.114.83 - - [08/Apr/2025:23:42:14 -0400] "POST /wp-cron.php?doing_wp_cron=1744170134.0731070041656494140625 HTTP/1.1" 200 0 "-" "WordPress/6.7.2; https://bakingsecurityin.com"
52.184.180.195 - - [08/Apr/2025:23:42:13 -0400] "GET /wp-content/themes/twentytwenty/ HTTP/1.1" 404 0 "-" "-"
52.184.180.195 - - [08/Apr/2025:23:42:15 -0400] "GET /cgi-bin/upfile.php HTTP/1.1" 404 0 "-" "-"
52.184.180.195 - - [08/Apr/2025:23:42:16 -0400] "GET /cgi-sys/ HTTP/1.1" 403 1242 "-" "-"
52.184.180.195 - - [08/Apr/2025:23:42:17 -0400] "GET /wp-includes/blocks/more/ HTTP/1.1" 403 1242 "-" "-"
52.184.180.195 - - [08/Apr/2025:23:42:18 -0400] "GET /shellv3.php HTTP/1.1" 404 0 "-" "-"
52.184.180.195 - - [08/Apr/2025:23:42:20 -0400] "GET /wp-admin/includes/xmrlpc.php HTTP/1.1" 404 0 "-" "-"
52.184.180.195 - - [08/Apr/2025:23:42:20 -0400] "GET /wp-content/themes/9geiaoo5/ HTTP/1.1" 404 0 "-" "-"
52.184.180.195 - - [08/Apr/2025:23:42:22 -0400] "GET /wp-2019.php HTTP/1.1" 404 0 "-" "-"
52.184.180.195 - - [08/Apr/2025:23:42:23 -0400] "GET /.well-known/acme-challenge/about.php HTTP/1.1" 404 0 "-" "-"
52.184.180.195 - - [08/Apr/2025:23:42:24 -0400] "GET /wp-content/plugins/whusrhk/ HTTP/1.1" 404 0 "-" "-"
52.184.180.195 - - [08/Apr/2025:23:42:26 -0400] "GET /articles.php HTTP/1.1" 404 0 "-" "-"
52.184.180.195 - - [08/Apr/2025:23:42:26 -0400] "GET /wp-content/upgrade-temp-backup/ HTTP/1.1" 403 1242 "-" "-"
198.54.114.83 - - [08/Apr/2025:23:43:17 -0400] "POST /wp-cron.php?doing_wp_cron=1744170197.1048090457916259765625 HTTP/1.1" 200 0 "-" "WordPress/6.7.2; https://bakingsecurityin.com"
195.201.202.169 - - [08/Apr/2025:23:43:16 -0400] "POST /wp-login.php HTTP/1.1" 302 0 "http://bakingsecurityin.com" "Mozilla/5.0 (Macintosh; Intel Mac OS X 10_15_7) AppleWebKit/537.36 (KHTML, like Gecko) Chrome/113.0.5672.93 Safari/537.36"
52.169.16.160 - - [08/Apr/2025:23:46:43 -0400] "GET /wp-content/uploads/ HTTP/1.1" 403 1242 "-" "-"
52.169.16.160 - - [08/Apr/2025:23:46:44 -0400] "GET /wp-includes/ HTTP/1.1" 403 1242 "-" "-"
52.169.16.160 - - [08/Apr/2025:23:46:45 -0400] "GET /wp-includes/css/ HTTP/1.1" 403 1242 "-" "-"
52.169.16.160 - - [08/Apr/2025:23:46:45 -0400] "GET /wp-includes/ID3/ HTTP/1.1" 403 1242 "-" "-"
52.169.16.160 - - [08/Apr/2025:23:46:46 -0400] "GET /wp-includes/IXR/ HTTP/1.1" 403 1242 "-" "-"
52.169.16.160 - - [08/Apr/2025:23:46:48 -0400] "GET /wp-includes/Requests/ HTTP/1.1" 403 1242 "-" "-"
52.169.16.160 - - [08/Apr/2025:23:46:50 -0400] "GET /wp-includes/SimplePie/ HTTP/1.1" 403 1242 "-" "-"
52.169.16.160 - - [08/Apr/2025:23:46:50 -0400] "GET /wp-includes/Text/ HTTP/1.1" 403 1242 "-" "-"
198.54.114.83 - - [08/Apr/2025:23:46:51 -0400] "POST /wp-cron.php?doing_wp_cron=1744170411.4090290069580078125000 HTTP/1.1" 200 0 "-" "WordPress/6.7.2; https://bakingsecurityin.com"
52.169.16.160 - - [08/Apr/2025:23:46:50 -0400] "GET /wp-content/mu-plugins-old/ HTTP/1.1" 404 0 "-" "-"
52.169.16.160 - - [08/Apr/2025:23:46:52 -0400] "GET /wp-content/themes/classic/inc/ HTTP/1.1" 404 0 "-" "-"
52.169.16.160 - - [08/Apr/2025:23:46:53 -0400] "GET /wp-content/plugins/ninja-forms/ HTTP/1.1" 404 0 "-" "-"
52.169.16.160 - - [08/Apr/2025:23:46:53 -0400] "GET /wp-content/mu-plugins/ HTTP/1.1" 404 0 "-" "-"
52.169.16.160 - - [08/Apr/2025:23:46:54 -0400] "GET /wp-includes/Text/Diff/Renderer/ HTTP/1.1" 403 1242 "-" "-"
52.169.16.160 - - [08/Apr/2025:23:46:54 -0400] "GET /wp-includes/blocks/ HTTP/1.1" 200 22 "-" "-"
52.169.16.160 - - [08/Apr/2025:23:46:56 -0400] "GET /wp-includes/certificates/ HTTP/1.1" 403 1242 "-" "-"
52.169.16.160 - - [08/Apr/2025:23:46:57 -0400] "GET /wp-includes/customize/ HTTP/1.1" 403 1242 "-" "-"
52.169.16.160 - - [08/Apr/2025:23:46:58 -0400] "GET /wp-includes/fonts/ HTTP/1.1" 403 1242 "-" "-"
52.169.16.160 - - [08/Apr/2025:23:46:59 -0400] "GET /wp-includes/images/ HTTP/1.1" 403 1242 "-" "-"
52.169.16.160 - - [08/Apr/2025:23:47:00 -0400] "GET /.well-known/ HTTP/1.1" 404 0 "-" "-"
52.169.16.160 - - [08/Apr/2025:23:47:01 -0400] "GET /ALFA_DATA/ HTTP/1.1" 404 0 "-" "-"
52.169.16.160 - - [08/Apr/2025:23:47:03 -0400] "GET /.well-knownold/ HTTP/1.1" 404 0 "-" "-"
52.169.16.160 - - [08/Apr/2025:23:47:05 -0400] "GET /.well-known/acme-challenge/ HTTP/1.1" 404 0 "-" "-"
52.169.16.160 - - [08/Apr/2025:23:47:06 -0400] "GET /.well-known/ HTTP/1.1" 404 0 "-" "-"
52.169.16.160 - - [08/Apr/2025:23:47:07 -0400] "GET /cgi-bin/ HTTP/1.1" 404 1251 "-" "-"
52.169.16.160 - - [08/Apr/2025:23:47:08 -0400] "GET /ALFA_DATA/ HTTP/1.1" 404 0 "-" "-"
52.169.16.160 - - [08/Apr/2025:23:47:09 -0400] "GET /.well-knownold/ HTTP/1.1" 404 0 "-" "-"
52.169.16.160 - - [08/Apr/2025:23:47:09 -0400] "GET /.well-known/acme-challenge/ HTTP/1.1" 404 0 "-" "-"
52.169.16.160 - - [08/Apr/2025:23:47:10 -0400] "GET /.well-known/ HTTP/1.1" 404 0 "-" "-"
52.169.16.160 - - [08/Apr/2025:23:47:10 -0400] "GET /uploads/ HTTP/1.1" 404 0 "-" "-"
52.169.16.160 - - [08/Apr/2025:23:47:11 -0400] "GET /upload/ HTTP/1.1" 404 0 "-" "-"
52.169.16.160 - - [08/Apr/2025:23:47:12 -0400] "GET /admin/uploads/ HTTP/1.1" 404 0 "-" "-"
52.169.16.160 - - [08/Apr/2025:23:47:13 -0400] "GET /Admin/uploads/ HTTP/1.1" 404 0 "-" "-"
52.169.16.160 - - [08/Apr/2025:23:47:14 -0400] "GET /admin/ HTTP/1.1" 302 0 "-" "-"
52.169.16.160 - - [08/Apr/2025:23:47:18 -0400] "GET /images/ HTTP/1.1" 404 0 "-" "-"
52.169.16.160 - - [08/Apr/2025:23:47:19 -0400] "GET /assets/ HTTP/1.1" 404 0 "-" "-"
52.169.16.160 - - [08/Apr/2025:23:47:20 -0400] "GET /vendor/phpunit/phpunit/src/Util/PHP/ HTTP/1.1" 404 0 "-" "-"
52.169.16.160 - - [08/Apr/2025:23:47:21 -0400] "GET /upload/image/ HTTP/1.1" 404 0 "-" "-"
52.169.16.160 - - [08/Apr/2025:23:47:22 -0400] "GET /assets/images/ HTTP/1.1" 404 0 "-" "-"
52.169.16.160 - - [08/Apr/2025:23:47:23 -0400] "GET /Public/ HTTP/1.1" 404 0 "-" "-"
52.169.16.160 - - [08/Apr/2025:23:47:24 -0400] "GET /vendor/ HTTP/1.1" 404 0 "-" "-"
52.169.16.160 - - [08/Apr/2025:23:47:24 -0400] "GET /local/ HTTP/1.1" 404 0 "-" "-"
52.169.16.160 - - [08/Apr/2025:23:47:25 -0400] "GET /modules/ HTTP/1.1" 404 0 "-" "-"
52.169.16.160 - - [08/Apr/2025:23:47:27 -0400] "GET /Site/ HTTP/1.1" 404 0 "-" "-"
52.169.16.160 - - [08/Apr/2025:23:47:29 -0400] "GET /system/ HTTP/1.1" 404 0 "-" "-"
52.169.16.160 - - [08/Apr/2025:23:47:30 -0400] "GET /template/ HTTP/1.1" 404 0 "-" "-"
52.169.16.160 - - [08/Apr/2025:23:47:32 -0400] "GET /shop/ HTTP/1.1" 301 0 "-" "-"
52.169.16.160 - - [08/Apr/2025:23:47:34 -0400] "GET /files/ HTTP/1.1" 404 0 "-" "-"
52.169.16.160 - - [08/Apr/2025:23:47:35 -0400] "GET /admin/editor/ HTTP/1.1" 404 0 "-" "-"
52.169.16.160 - - [08/Apr/2025:23:47:37 -0400] "GET /include/ HTTP/1.1" 404 0 "-" "-"
52.169.16.160 - - [08/Apr/2025:23:47:38 -0400] "GET /Assets/ HTTP/1.1" 404 0 "-" "-"
52.169.16.160 - - [08/Apr/2025:23:47:39 -0400] "GET /images/stories/ HTTP/1.1" 404 0 "-" "-"
52.169.16.160 - - [08/Apr/2025:23:47:40 -0400] "GET /plugins/ HTTP/1.1" 404 0 "-" "-"
52.169.16.160 - - [08/Apr/2025:23:47:40 -0400] "GET /php/ HTTP/1.1" 404 0 "-" "-"
52.169.16.160 - - [08/Apr/2025:23:47:42 -0400] "GET /wp-includes/assets/ HTTP/1.1" 403 1242 "-" "-"
52.169.16.160 - - [08/Apr/2025:23:47:43 -0400] "GET /wp-includes/Text/Diff/Engine/ HTTP/1.1" 403 1242 "-" "-"
52.169.16.160 - - [08/Apr/2025:23:47:44 -0400] "GET /wp-includes/block-patterns/ HTTP/1.1" 403 1242 "-" "-"
52.169.16.160 - - [08/Apr/2025:23:47:45 -0400] "GET /wp-includes/Text/Diff/ HTTP/1.1" 403 1242 "-" "-"
52.169.16.160 - - [08/Apr/2025:23:47:46 -0400] "GET /wp-includes/block-supports/ HTTP/1.1" 403 1242 "-" "-"
52.169.16.160 - - [08/Apr/2025:23:47:47 -0400] "GET /wp-includes/blocks/ HTTP/1.1" 200 22 "-" "-"
52.169.16.160 - - [08/Apr/2025:23:47:50 -0400] "GET /wp-includes/certificates/ HTTP/1.1" 403 1242 "-" "-"
52.169.16.160 - - [08/Apr/2025:23:47:51 -0400] "GET /wp-includes/SimplePie/Cache/ HTTP/1.1" 404 0 "-" "-"
52.169.16.160 - - [08/Apr/2025:23:47:52 -0400] "GET /wp-includes/SimplePie/Content/Type/ HTTP/1.1" 404 0 "-" "-"
52.169.16.160 - - [08/Apr/2025:23:47:53 -0400] "GET /wp-includes/css/ HTTP/1.1" 403 1242 "-" "-"
52.169.16.160 - - [08/Apr/2025:23:47:54 -0400] "GET /wp-includes/SimplePie/Content/ HTTP/1.1" 404 0 "-" "-"
52.169.16.160 - - [08/Apr/2025:23:47:56 -0400] "GET /wp-includes/rest-api/endpoints/ HTTP/1.1" 403 1242 "-" "-"
52.169.16.160 - - [08/Apr/2025:23:47:57 -0400] "GET /wp-includes/rest-api/fields/ HTTP/1.1" 403 1242 "-" "-"
52.169.16.160 - - [08/Apr/2025:23:47:57 -0400] "GET /wp-includes/Requests/Cookie/ HTTP/1.1" 404 0 "-" "-"
52.169.16.160 - - [08/Apr/2025:23:47:58 -0400] "GET /wp-includes/Requests/Proxy/ HTTP/1.1" 404 0 "-" "-"
52.169.16.160 - - [08/Apr/2025:23:47:59 -0400] "GET /wp-includes/Requests/Response/ HTTP/1.1" 404 0 "-" "-"
52.169.16.160 - - [08/Apr/2025:23:48:00 -0400] "GET /wp-includes/Requests/Transport/ HTTP/1.1" 404 0 "-" "-"
52.169.16.160 - - [08/Apr/2025:23:48:01 -0400] "GET /wp-includes/Requests/Utility/ HTTP/1.1" 404 0 "-" "-"
52.169.16.160 - - [08/Apr/2025:23:48:03 -0400] "GET /wp-includes/js/codemirror/ HTTP/1.1" 403 1242 "-" "-"
52.169.16.160 - - [08/Apr/2025:23:48:03 -0400] "GET /wp-includes/Requests/Exception/HTTP/ HTTP/1.1" 404 0 "-" "-"
52.169.16.160 - - [08/Apr/2025:23:48:06 -0400] "GET /wp-includes/js/crop/ HTTP/1.1" 403 1242 "-" "-"
52.169.16.160 - - [08/Apr/2025:23:48:07 -0400] "GET /wp-includes/images/crystal/ HTTP/1.1" 403 1242 "-" "-"
52.169.16.160 - - [08/Apr/2025:23:48:08 -0400] "GET /wp-includes/images/media/ HTTP/1.1" 403 1242 "-" "-"
52.169.16.160 - - [08/Apr/2025:23:48:10 -0400] "GET /wp-includes/images/smilies/ HTTP/1.1" 403 1242 "-" "-"
52.169.16.160 - - [08/Apr/2025:23:48:12 -0400] "GET /wp-includes/images/wlw/ HTTP/1.1" 404 0 "-" "-"
52.169.16.160 - - [08/Apr/2025:23:48:14 -0400] "GET /wp-includes/rest-api/search/ HTTP/1.1" 403 1242 "-" "-"
198.54.114.83 - - [08/Apr/2025:23:48:16 -0400] "POST /wp-cron.php?doing_wp_cron=1744170495.4587259292602539062500 HTTP/1.1" 200 0 "-" "WordPress/6.7.2; https://bakingsecurityin.com"
52.169.16.160 - - [08/Apr/2025:23:48:15 -0400] "GET /wp-includes/Requests/Exception/ HTTP/1.1" 404 0 "-" "-"
52.169.16.160 - - [08/Apr/2025:23:48:18 -0400] "GET /wp-includes/Requests/Auth/ HTTP/1.1" 404 0 "-" "-"
52.169.16.160 - - [08/Apr/2025:23:48:20 -0400] "GET /wp-includes/sodium_compat/src/ HTTP/1.1" 403 1242 "-" "-"
52.169.16.160 - - [08/Apr/2025:23:48:21 -0400] "GET /wp-includes/sitemaps/providers/ HTTP/1.1" 403 1242 "-" "-"
52.169.16.160 - - [08/Apr/2025:23:48:22 -0400] "GET /wp-includes/Text/Diff/Engine/Engine/ HTTP/1.1" 404 0 "-" "-"
52.169.16.160 - - [08/Apr/2025:23:48:23 -0400] "GET /wp-includes/customize/ HTTP/1.1" 403 1242 "-" "-"
52.169.16.160 - - [08/Apr/2025:23:48:25 -0400] "GET /wp-includes/fonts/ HTTP/1.1" 403 1242 "-" "-"
52.169.16.160 - - [08/Apr/2025:23:48:26 -0400] "GET /wp-includes/html-api/ HTTP/1.1" 403 1242 "-" "-"
52.169.16.160 - - [08/Apr/2025:23:48:27 -0400] "GET /wp-includes/ID3/ HTTP/1.1" 403 1242 "-" "-"
52.169.16.160 - - [08/Apr/2025:23:48:28 -0400] "GET /wp-includes/images/ HTTP/1.1" 403 1242 "-" "-"
52.169.16.160 - - [08/Apr/2025:23:48:29 -0400] "GET /wp-includes/IXR/ HTTP/1.1" 403 1242 "-" "-"
52.169.16.160 - - [08/Apr/2025:23:48:31 -0400] "GET /wp-includes/js/ HTTP/1.1" 403 1242 "-" "-"
52.169.16.160 - - [08/Apr/2025:23:48:32 -0400] "GET /wp-includes/php-compat/ HTTP/1.1" 403 1242 "-" "-"
52.169.16.160 - - [08/Apr/2025:23:48:33 -0400] "GET /wp-includes/PHPMailer/ HTTP/1.1" 403 1242 "-" "-"
52.169.16.160 - - [08/Apr/2025:23:48:35 -0400] "GET /wp-includes/pomo/ HTTP/1.1" 403 1242 "-" "-"
52.169.16.160 - - [08/Apr/2025:23:48:36 -0400] "GET /wp-includes/random_compat/ HTTP/1.1" 404 0 "-" "-"
52.169.16.160 - - [08/Apr/2025:23:48:38 -0400] "GET /wp-includes/Requests/ HTTP/1.1" 403 1242 "-" "-"
52.169.16.160 - - [08/Apr/2025:23:48:39 -0400] "GET /wp-includes/rest-api/ HTTP/1.1" 403 1242 "-" "-"
52.169.16.160 - - [08/Apr/2025:23:48:41 -0400] "GET /wp-includes/SimplePie/ HTTP/1.1" 403 1242 "-" "-"
52.169.16.160 - - [08/Apr/2025:23:48:43 -0400] "GET /wp-includes/sitemaps/ HTTP/1.1" 403 1242 "-" "-"
52.169.16.160 - - [08/Apr/2025:23:48:44 -0400] "GET /wp-includes/sodium_compat/ HTTP/1.1" 403 1242 "-" "-"
52.169.16.160 - - [08/Apr/2025:23:48:46 -0400] "GET /wp-includes/style-engine/ HTTP/1.1" 403 1242 "-" "-"
52.169.16.160 - - [08/Apr/2025:23:48:47 -0400] "GET /wp-includes/Text/ HTTP/1.1" 403 1242 "-" "-"
52.169.16.160 - - [08/Apr/2025:23:48:50 -0400] "GET /wp-includes/theme-compat/ HTTP/1.1" 403 1242 "-" "-"
52.169.16.160 - - [08/Apr/2025:23:48:51 -0400] "GET /wp-includes/widgets/ HTTP/1.1" 403 1242 "-" "-"
52.169.16.160 - - [08/Apr/2025:23:48:52 -0400] "GET /wp-admin/css/colors/ectoplasm/ HTTP/1.1" 403 1242 "-" "-"
52.169.16.160 - - [08/Apr/2025:23:48:54 -0400] "GET /wp-admin/css/colors/ HTTP/1.1" 403 1242 "-" "-"
52.169.16.160 - - [08/Apr/2025:23:48:54 -0400] "GET /admin/images/slider/ HTTP/1.1" 404 0 "-" "-"
52.169.16.160 - - [08/Apr/2025:23:48:56 -0400] "GET /admin/fckeditor/editor/filemanager/ HTTP/1.1" 404 0 "-" "-"
52.169.16.160 - - [08/Apr/2025:23:48:56 -0400] "GET /sites/default/files/ HTTP/1.1" 404 0 "-" "-"
52.169.16.160 - - [08/Apr/2025:23:48:58 -0400] "GET /admin/controller/extension/extension/ HTTP/1.1" 404 0 "-" "-"
52.169.16.160 - - [08/Apr/2025:23:49:00 -0400] "GET /modules/mod_simplefileuploadv1.3/elements/ HTTP/1.1" 404 0 "-" "-"
52.169.16.160 - - [08/Apr/2025:23:49:01 -0400] "GET /components/ HTTP/1.1" 404 0 "-" "-"
52.169.16.160 - - [08/Apr/2025:23:49:02 -0400] "GET /admin/uploads/images/ HTTP/1.1" 404 0 "-" "-"
52.169.16.160 - - [08/Apr/2025:23:49:05 -0400] "GET /wp-includes/js/ HTTP/1.1" 403 1242 "-" "-"
52.169.16.160 - - [08/Apr/2025:23:49:06 -0400] "GET /wp-includes/pomo/ HTTP/1.1" 403 1242 "-" "-"
52.169.16.160 - - [08/Apr/2025:23:49:08 -0400] "GET /wp-includes/rest-api/ HTTP/1.1" 403 1242 "-" "-"
52.169.16.160 - - [08/Apr/2025:23:49:10 -0400] "GET /wp-includes/widgets/ HTTP/1.1" 403 1242 "-" "-"
52.169.16.160 - - [08/Apr/2025:23:49:11 -0400] "GET /wp-admin/css/ HTTP/1.1" 403 1242 "-" "-"
52.169.16.160 - - [08/Apr/2025:23:49:12 -0400] "GET /wp-admin/images/ HTTP/1.1" 403 1242 "-" "-"
52.169.16.160 - - [08/Apr/2025:23:49:13 -0400] "GET /wp-admin/maint/ HTTP/1.1" 403 1242 "-" "-"
198.54.114.83 - - [08/Apr/2025:23:49:15 -0400] "POST /wp-cron.php?doing_wp_cron=1744170554.6743910312652587890625 HTTP/1.1" 200 0 "-" "WordPress/6.7.2; https://bakingsecurityin.com"
52.169.16.160 - - [08/Apr/2025:23:49:14 -0400] "GET /wp-admin/meta/ HTTP/1.1" 404 0 "-" "-"
52.169.16.160 - - [08/Apr/2025:23:49:16 -0400] "GET /wp-admin/network/ HTTP/1.1" 302 0 "-" "-"
52.169.16.160 - - [08/Apr/2025:23:49:21 -0400] "GET /wp-admin/user/ HTTP/1.1" 302 0 "-" "-"
52.169.16.160 - - [08/Apr/2025:23:49:25 -0400] "GET /wp-content/ HTTP/1.1" 200 0 "-" "-"
52.169.16.160 - - [08/Apr/2025:23:49:26 -0400] "GET /wp-content/plugins/ HTTP/1.1" 200 0 "-" "-"
52.169.16.160 - - [08/Apr/2025:23:49:27 -0400] "GET /wp-content/themes/ HTTP/1.1" 200 0 "-" "-"
52.169.16.160 - - [08/Apr/2025:23:49:28 -0400] "GET /wp-admin/includes/ HTTP/1.1" 403 1242 "-" "-"
52.169.16.160 - - [08/Apr/2025:23:49:29 -0400] "GET /wp-admin/ HTTP/1.1" 302 0 "-" "-"
52.169.16.160 - - [08/Apr/2025:23:49:34 -0400] "GET /wp-content/upgrade/ HTTP/1.1" 403 1242 "-" "-"
162.0.215.103 - - [08/Apr/2025:23:49:42 -0400] "POST /wp-login.php HTTP/1.1" 302 0 "http://bakingsecurityin.com" "Mozilla/5.0 (Windows NT 10.0; Win64; x64; rv:128.0) Gecko/20100101 Firefox/128.0"
103.118.29.120 - - [08/Apr/2025:23:56:10 -0400] "POST /wp-login.php HTTP/1.1" 302 0 "http://bakingsecurityin.com" "Mozilla/5.0 (Windows NT 10.0; Win64; x64; rv:129.0) Gecko/20100101 Firefox/129.0"
164.160.91.40 - - [09/Apr/2025:00:02:38 -0400] "POST /wp-login.php HTTP/1.1" 302 0 "http://bakingsecurityin.com" "Mozilla/5.0 (Macintosh; Intel Mac OS X 13_3) AppleWebKit/537.36 (KHTML, like Gecko) Chrome/126.0.0.0 Safari/537.36"
198.54.114.83 - - [09/Apr/2025:00:02:39 -0400] "POST /wp-cron.php?doing_wp_cron=1744171358.2668099403381347656250 HTTP/1.1" 200 0 "-" "WordPress/6.7.2; https://bakingsecurityin.com"
43.153.67.21 - - [08/Apr/2025:23:57:22 -0400] "GET / HTTP/1.1" 200 0 "-" "Mozilla/5.0 (iPhone; CPU iPhone OS 13_2_3 like Mac OS X) AppleWebKit/605.1.15 (KHTML, like Gecko) Version/13.0.3 Mobile/15E148 Safari/604.1"
198.54.114.83 - - [08/Apr/2025:23:57:24 -0400] "POST /wp-cron.php?doing_wp_cron=1744171042.5585339069366455078125 HTTP/1.1" 200 0 "-" "WordPress/6.7.2; https://bakingsecurityin.com"
186.64.114.20 - - [09/Apr/2025:00:01:23 -0400] "POST /xmlrpc.php HTTP/1.1" 200 236 "-" "Mozilla/5.0 (X11; Fedora; Linux x86_64; rv:94.0) Gecko/20100101 Firefox/95.0"
216.244.66.236 - - [09/Apr/2025:00:04:34 -0400] "GET /robots.txt HTTP/1.1" 304 0 "-" "Mozilla/5.0 (compatible; DotBot/1.2; +https://opensiteexplorer.org/dotbot; help@moz.com)"
198.54.114.83 - - [09/Apr/2025:00:09:00 -0400] "POST /wp-cron.php?doing_wp_cron=1744171739.3299980163574218750000 HTTP/1.1" 200 0 "-" "WordPress/6.7.2; https://bakingsecurityin.com"
63.250.32.87 - - [09/Apr/2025:00:08:55 -0400] "POST /wp-login.php HTTP/1.1" 302 0 "http://bakingsecurityin.com" "Mozilla/5.0 (Windows NT 10.0; Win64; x64; rv:128.0) Gecko/20100101 Firefox/128.0"
198.54.114.83 - - [09/Apr/2025:00:15:20 -0400] "POST /wp-cron.php?doing_wp_cron=1744172119.9441349506378173828125 HTTP/1.1" 200 0 "-" "WordPress/6.7.2; https://bakingsecurityin.com"
89.46.7.238 - - [09/Apr/2025:00:15:17 -0400] "POST /wp-login.php HTTP/1.1" 302 0 "http://bakingsecurityin.com" "Mozilla/5.0 (Windows NT 10.0; Win64; x64) AppleWebKit/537.36 (KHTML, like Gecko) Chrome/114.0.5735.134 Safari/537.36"
216.244.66.236 - - [09/Apr/2025:00:21:03 -0400] "GET /navigating-the-digital-casino-landscape-a-journey-through-online-gaming/feed/ HTTP/1.1" 200 483 "-" "Mozilla/5.0 (compatible; DotBot/1.2; +https://opensiteexplorer.org/dotbot; help@moz.com)"
198.54.114.83 - - [09/Apr/2025:00:21:38 -0400] "POST /wp-cron.php?doing_wp_cron=1744172497.9255371093750000000000 HTTP/1.1" 200 0 "-" "WordPress/6.7.2; https://bakingsecurityin.com"
38.57.3.35 - - [09/Apr/2025:00:21:37 -0400] "POST /wp-login.php HTTP/1.1" 302 0 "http://bakingsecurityin.com" "Mozilla/5.0 (Macintosh; Intel Mac OS X 13_3) AppleWebKit/537.36 (KHTML, like Gecko) Chrome/126.0.0.0 Safari/537.36"
65.181.111.151 - - [09/Apr/2025:00:27:47 -0400] "POST /wp-login.php HTTP/1.1" 302 0 "http://bakingsecurityin.com" "Mozilla/5.0 (Macintosh; Intel Mac OS X 10_15_7) AppleWebKit/537.36 (KHTML, like Gecko) Chrome/115.0.5790.102 Safari/537.36"
198.54.114.83 - - [09/Apr/2025:00:27:54 -0400] "POST /wp-cron.php?doing_wp_cron=1744172870.4437260627746582031250 HTTP/1.1" 200 0 "-" "WordPress/6.7.2; https://bakingsecurityin.com"
103.11.101.122 - - [09/Apr/2025:00:33:59 -0400] "POST /wp-login.php HTTP/1.1" 302 0 "http://bakingsecurityin.com" "Mozilla/5.0 (Windows NT 10.0; Win64; x64) AppleWebKit/537.36 (KHTML, like Gecko) Chrome/115.0.5790.102 Safari/537.36"
78.110.121.156 - - [09/Apr/2025:00:40:09 -0400] "POST /wp-login.php HTTP/1.1" 302 0 "http://bakingsecurityin.com" "Mozilla/5.0 (Macintosh; Intel Mac OS X 10_15_7) AppleWebKit/537.36 (KHTML, like Gecko) Chrome/114.0.5735.134 Safari/537.36"
103.81.84.34 - - [09/Apr/2025:00:41:03 -0400] "POST /xmlrpc.php HTTP/1.1" 200 236 "-" "Mozilla/5.0 (X11; Fedora; Linux x86_64; rv:94.0) Gecko/20100101 Firefox/95.0"
198.54.114.83 - - [09/Apr/2025:00:41:06 -0400] "POST /wp-cron.php?doing_wp_cron=1744173664.3042070865631103515625 HTTP/1.1" 200 0 "-" "WordPress/6.7.2; https://bakingsecurityin.com"
198.54.114.83 - - [09/Apr/2025:00:46:23 -0400] "POST /wp-cron.php?doing_wp_cron=1744173982.3784759044647216796875 HTTP/1.1" 200 0 "-" "WordPress/6.7.2; https://bakingsecurityin.com"
178.32.112.62 - - [09/Apr/2025:00:46:21 -0400] "POST /wp-login.php HTTP/1.1" 302 0 "http://bakingsecurityin.com" "Mozilla/5.0 (Macintosh; Intel Mac OS X 10_15_7) AppleWebKit/537.36 (KHTML, like Gecko) Chrome/112.0.5615.138 Safari/537.36"
198.54.114.83 - - [09/Apr/2025:00:52:23 -0400] "POST /wp-cron.php?doing_wp_cron=1744174343.2179889678955078125000 HTTP/1.1" 200 0 "-" "WordPress/6.7.2; https://bakingsecurityin.com"
81.88.53.135 - - [09/Apr/2025:00:52:23 -0400] "POST /wp-login.php HTTP/1.1" 302 0 "http://bakingsecurityin.com" "Mozilla/5.0 (Windows NT 10.0; Win64; x64) AppleWebKit/537.36 (KHTML, like Gecko) Chrome/112.0.5615.138 Safari/537.36"
198.54.114.83 - - [09/Apr/2025:00:58:38 -0400] "POST /wp-cron.php?doing_wp_cron=1744174716.8641459941864013671875 HTTP/1.1" 200 0 "-" "WordPress/6.7.2; https://bakingsecurityin.com"
160.16.215.164 - - [09/Apr/2025:00:58:33 -0400] "POST /wp-login.php HTTP/1.1" 302 0 "http://bakingsecurityin.com" "Mozilla/5.0 (Windows NT 10.0; Win64; x64) AppleWebKit/537.36 (KHTML, like Gecko) Chrome/116.0.5845.96 Safari/537.36 Edg/116.0.1938.62"
2a06:6440:0:2c40::1 - - [09/Apr/2025:01:04:48 -0400] "POST /wp-login.php HTTP/1.1" 302 0 "http://bakingsecurityin.com" "Mozilla/5.0 (Windows NT 10.0; Win64; x64; rv:125.0.1) Gecko/20100101 Firefox/125.0.1"
196.251.72.179 - - [09/Apr/2025:01:07:42 -0400] "GET /wp-content/themes/seotheme/db.php?u HTTP/1.1" 404 0 "www.google.com" "Mozlila/5.0 (Linux; Android 7.0; SM-G892A Bulid/NRD90M; wv) AppleWebKit/537.36 (KHTML, like Gecko) Version/4.0 Chrome/60.0.3112.107 Moblie Safari/537.36"
196.251.72.179 - - [09/Apr/2025:01:07:42 -0400] "POST /wp-plain.php HTTP/1.1" 404 0 "www.google.com" "Mozilla/5.0 (Linux; Android 7.0; SM-G892A Bulid/NRD90M; wv) AppleWebKit/537.36 (KHTML, like Gecko) Version/4.0 Chrome/60.0.3112.107 Moblie Safari/537.36"
196.251.72.179 - - [09/Apr/2025:01:07:42 -0400] "GET / HTTP/1.1" 200 0 "-" "Mozlila/5.0 (Linux; Android 7.0; SM-G892A Bulid/NRD90M; wv) AppleWebKit/537.36 (KHTML, like Gecko) Version/4.0 Chrome/60.0.3112.107 Moblie Safari/537.36"
196.251.72.179 - - [09/Apr/2025:01:07:42 -0400] "POST /ALFA_DATA/alfacgiapi/perl.alfa HTTP/1.1" 404 0 "www.google.com" "Mozlila/5.0 (Linux; Android 7.0; SM-G892A Bulid/NRD90M; wv) AppleWebKit/537.36 (KHTML, like Gecko) Version/4.0 Chrome/60.0.3112.107 Moblie Safari/537.36"
196.251.72.179 - - [09/Apr/2025:01:07:44 -0400] "GET /jurpjnuf.php?Fox=d3wL7 HTTP/1.1" 404 0 "www.google.com" "Mozilla/5.0 (Linux; Android 7.0; SM-G892A Bulid/NRD90M; wv) AppleWebKit/537.36 (KHTML, like Gecko) Version/4.0 Chrome/60.0.3112.107 Moblie Safari/537.36"
196.251.72.179 - - [09/Apr/2025:01:07:44 -0400] "POST /alfacgiapi/perl.alfa HTTP/1.1" 404 0 "www.google.com" "Mozlila/5.0 (Linux; Android 7.0; SM-G892A Bulid/NRD90M; wv) AppleWebKit/537.36 (KHTML, like Gecko) Version/4.0 Chrome/60.0.3112.107 Moblie Safari/537.36"
37.46.112.100 - - [09/Apr/2025:01:11:02 -0400] "POST /wp-login.php HTTP/1.1" 302 0 "http://bakingsecurityin.com" "Mozilla/5.0 (Windows NT 10.0; Win64; x64) AppleWebKit/537.36 (KHTML, like Gecko) Chrome/115.0.5790.171 Safari/537.36 Edg/115.0.1901.203"
216.244.66.236 - - [09/Apr/2025:01:11:42 -0400] "GET /category/activity/page/53/ HTTP/1.1" 200 0 "-" "Mozilla/5.0 (compatible; DotBot/1.2; +https://opensiteexplorer.org/dotbot; help@moz.com)"
198.54.114.83 - - [09/Apr/2025:01:15:19 -0400] "POST /wp-cron.php?doing_wp_cron=1744175718.6611359119415283203125 HTTP/1.1" 200 0 "-" "WordPress/6.7.2; https://bakingsecurityin.com"
203.205.6.137 - - [09/Apr/2025:01:15:18 -0400] "POST /xmlrpc.php HTTP/1.1" 200 236 "-" "Mozilla/5.0 (X11; Fedora; Linux x86_64; rv:94.0) Gecko/20100101 Firefox/95.0"
190.3.171.54 - - [09/Apr/2025:01:17:09 -0400] "POST /wp-login.php HTTP/1.1" 302 0 "http://bakingsecurityin.com" "Mozilla/5.0 (Macintosh; Intel Mac OS X 10_15_7; rv:127.0) Gecko/20100101 Firefox/127.0"
198.54.114.83 - - [09/Apr/2025:01:23:19 -0400] "POST /wp-cron.php?doing_wp_cron=1744176199.4916648864746093750000 HTTP/1.1" 200 0 "-" "WordPress/6.7.2; https://bakingsecurityin.com"
163.61.72.36 - - [09/Apr/2025:01:23:19 -0400] "POST /wp-login.php HTTP/1.1" 302 0 "http://bakingsecurityin.com" "Mozilla/5.0 (Windows NT 10.0; Win64; x64) AppleWebKit/537.36 (KHTML, like Gecko) Chrome/116.0.5845.96 Safari/537.36 Edg/116.0.1938.62"
198.54.114.83 - - [09/Apr/2025:01:29:24 -0400] "POST /wp-cron.php?doing_wp_cron=1744176564.0488829612731933593750 HTTP/1.1" 200 0 "-" "WordPress/6.7.2; https://bakingsecurityin.com"
51.222.110.187 - - [09/Apr/2025:01:29:23 -0400] "POST /wp-login.php HTTP/1.1" 302 0 "http://bakingsecurityin.com" "Mozilla/5.0 (Windows NT 10.0; Win64; x64) AppleWebKit/537.36 (KHTML, like Gecko) Chrome/116.0.5845.96 Safari/537.36 Edg/116.0.1938.62"
85.208.98.23 - - [09/Apr/2025:01:33:05 -0400] "GET /robots.txt HTTP/1.1" 304 0 "-" "Mozilla/5.0 (compatible; SemrushBot-BA; +http://www.semrush.com/bot.html)"
69.57.162.14 - - [09/Apr/2025:01:35:40 -0400] "POST /wp-login.php HTTP/1.1" 302 0 "http://bakingsecurityin.com" "Mozilla/5.0 (Macintosh; Intel Mac OS X 13_3) AppleWebKit/537.36 (KHTML, like Gecko) Chrome/126.0.0.0 Safari/537.36"
198.54.114.83 - - [09/Apr/2025:01:35:42 -0400] "POST /wp-cron.php?doing_wp_cron=1744176940.8929419517517089843750 HTTP/1.1" 200 0 "-" "WordPress/6.7.2; https://bakingsecurityin.com"
216.244.66.236 - - [09/Apr/2025:01:40:02 -0400] "GET /robots.txt HTTP/1.1" 304 0 "-" "Mozilla/5.0 (compatible; DotBot/1.2; +https://opensiteexplorer.org/dotbot; help@moz.com)"
159.203.56.115 - - [09/Apr/2025:01:41:34 -0400] "GET / HTTP/1.1" 200 0 "https://www.google.com" "Mozilla/5.0 (X11; Ubuntu; Linux x86_64; rv:105.0) Gecko/20100101 Firefox/105.0"
209.17.114.78 - - [09/Apr/2025:01:41:39 -0400] "POST /wp-login.php HTTP/1.1" 302 0 "http://bakingsecurityin.com" "Mozilla/5.0 (Macintosh; Intel Mac OS X 10_15_7) AppleWebKit/537.36 (KHTML, like Gecko) Chrome/126.0.0.0 Safari/537.36"
209.38.202.220 - - [09/Apr/2025:01:41:40 -0400] "GET / HTTP/1.1" 200 0 "https://www.google.com" "Mozilla/5.0 (X11; Ubuntu; Linux x86_64; rv:105.0) Gecko/20100101 Firefox/105.0"
52.230.98.98 - - [09/Apr/2025:01:47:12 -0400] "POST /xmlrpc.php HTTP/1.1" 200 236 "-" "Mozilla/5.0 (X11; Gentoo; Linux x86_64; rv:91.0) Gecko/20100101 Firefox/91.0"
89.46.7.238 - - [09/Apr/2025:01:47:52 -0400] "POST /wp-login.php HTTP/1.1" 302 0 "http://bakingsecurityin.com" "Mozilla/5.0 (Macintosh; Intel Mac OS X 14.5) AppleWebKit/618.3.5 (KHTML, like Gecko) Version/17.4 Safari/618.3.5"
198.54.114.83 - - [09/Apr/2025:01:47:54 -0400] "POST /wp-cron.php?doing_wp_cron=1744177672.7619059085845947265625 HTTP/1.1" 200 0 "-" "WordPress/6.7.2; https://bakingsecurityin.com"
216.244.66.236 - - [09/Apr/2025:01:51:29 -0400] "GET /the-ultimate-guide-to-instant-hot-and-cold-water-dispensers/ HTTP/1.1" 200 0 "-" "Mozilla/5.0 (compatible; DotBot/1.2; +https://opensiteexplorer.org/dotbot; help@moz.com)"
198.54.114.83 - - [09/Apr/2025:01:51:34 -0400] "POST /wp-cron.php?doing_wp_cron=1744177893.0691668987274169921875 HTTP/1.1" 200 0 "-" "WordPress/6.7.2; https://bakingsecurityin.com"
68.65.120.171 - - [09/Apr/2025:01:53:59 -0400] "POST /wp-login.php HTTP/1.1" 302 0 "http://bakingsecurityin.com" "Mozilla/5.0 (Windows NT 10.0; Win64; x64; rv:128.0) Gecko/20100101 Firefox/128.0"
198.54.114.83 - - [09/Apr/2025:01:54:41 -0400] "POST /wp-cron.php?doing_wp_cron=1744178080.6002979278564453125000 HTTP/1.1" 200 0 "-" "WordPress/6.7.2; https://bakingsecurityin.com"
199.244.88.232 - - [09/Apr/2025:01:54:40 -0400] "GET / HTTP/1.1" 200 0 "-" "Mozilla/5.0 (X11; Linux x86_64) AppleWebKit/537.36 (KHTML, like Gecko) Chrome/105.0.0.0 Safari/537.36"
216.244.66.236 - - [09/Apr/2025:01:55:59 -0400] "GET /lumina-grand-showroom/feed/ HTTP/1.1" 200 427 "-" "Mozilla/5.0 (compatible; DotBot/1.2; +https://opensiteexplorer.org/dotbot; help@moz.com)"
162.0.209.35 - - [09/Apr/2025:02:00:07 -0400] "POST /wp-login.php HTTP/1.1" 302 0 "http://bakingsecurityin.com" "Mozilla/5.0 (Macintosh; Intel Mac OS X 10_15_7) AppleWebKit/537.36 (KHTML, like Gecko) Chrome/116.0.5845.96 Safari/537.36"
2607:f748:1301:0:184:107:112:66 - - [09/Apr/2025:02:12:34 -0400] "POST /wp-login.php HTTP/1.1" 302 0 "http://bakingsecurityin.com" "Mozilla/5.0 (Macintosh; Intel Mac OS X 13_3) AppleWebKit/537.36 (KHTML, like Gecko) Chrome/126.0.0.0 Safari/537.36"
198.54.114.83 - - [09/Apr/2025:02:17:56 -0400] "POST /wp-cron.php?doing_wp_cron=1744179475.3012681007385253906250 HTTP/1.1" 200 0 "-" "WordPress/6.7.2; https://bakingsecurityin.com"
94.229.76.74 - - [09/Apr/2025:02:17:51 -0400] "POST /xmlrpc.php HTTP/1.1" 200 236 "-" "Mozilla/5.0 (X11; Fedora; Linux x86_64; rv:94.0) Gecko/20100101 Firefox/95.0"
198.54.114.83 - - [09/Apr/2025:02:18:48 -0400] "POST /wp-cron.php?doing_wp_cron=1744179526.6993660926818847656250 HTTP/1.1" 200 0 "-" "WordPress/6.7.2; https://bakingsecurityin.com"
31.172.67.59 - - [09/Apr/2025:02:18:46 -0400] "POST /wp-login.php HTTP/1.1" 302 0 "http://bakingsecurityin.com" "Mozilla/5.0 (Windows NT 10.0; Win64; x64) AppleWebKit/537.36 (KHTML, like Gecko) Chrome/115.0.5790.171 Safari/537.36 Edg/115.0.1901.203"
195.201.202.169 - - [09/Apr/2025:02:24:53 -0400] "POST /wp-login.php HTTP/1.1" 302 0 "http://bakingsecurityin.com" "Mozilla/5.0 (Macintosh; Intel Mac OS X 10_15_7) AppleWebKit/537.36 (KHTML, like Gecko) Chrome/112.0.5615.138 Safari/537.36"
198.54.114.83 - - [09/Apr/2025:02:24:55 -0400] "POST /wp-cron.php?doing_wp_cron=1744179893.9328269958496093750000 HTTP/1.1" 200 0 "-" "WordPress/6.7.2; https://bakingsecurityin.com"
192.36.109.98 - - [09/Apr/2025:02:25:32 -0400] "GET /robots.txt HTTP/1.1" 200 116 "-" "Mozilla/5.0 (Linux; U; Android 13; sk-sk; Xiaomi 11T Pro Build/TKQ1.220829.002) AppleWebKit/537.36 (KHTML, like Gecko) Version/4.0 Chrome/112.0.5615.136 Mobile Safari/537.36 XiaoMi/MiuiBrowser/14.4.0-g"
192.36.109.131 - - [09/Apr/2025:02:25:33 -0400] "GET / HTTP/1.1" 200 0 "-" "Mozilla/5.0 (Linux; U; Android 13; sk-sk; Xiaomi 11T Pro Build/TKQ1.220829.002) AppleWebKit/537.36 (KHTML, like Gecko) Version/4.0 Chrome/112.0.5615.136 Mobile Safari/537.36 XiaoMi/MiuiBrowser/14.4.0-g"
216.244.66.236 - - [09/Apr/2025:02:28:18 -0400] "GET /robots.txt HTTP/1.1" 304 0 "-" "Mozilla/5.0 (compatible; DotBot/1.2; +https://opensiteexplorer.org/dotbot; help@moz.com)"
133.242.131.226 - - [09/Apr/2025:02:31:04 -0400] "POST /wp-login.php HTTP/1.1" 302 0 "http://bakingsecurityin.com" "Mozilla/5.0 (Windows NT 10.0; Win64; x64) AppleWebKit/537.36 (KHTML, like Gecko) Chrome/116.0.5845.96 Safari/537.36"
198.54.114.83 - - [09/Apr/2025:02:37:19 -0400] "POST /wp-cron.php?doing_wp_cron=1744180638.9849629402160644531250 HTTP/1.1" 200 0 "-" "WordPress/6.7.2; https://bakingsecurityin.com"
162.254.39.110 - - [09/Apr/2025:02:37:16 -0400] "POST /wp-login.php HTTP/1.1" 302 0 "http://bakingsecurityin.com" "Mozilla/5.0 (Windows NT 10.0; Win64; x64) AppleWebKit/537.36 (KHTML, like Gecko) Chrome/114.0.5735.199 Safari/537.36 Edg/114.0.1823.67"
2001:4c88:0:6b::100 - - [09/Apr/2025:03:01:24 -0400] "POST /wp-login.php HTTP/1.1" 302 0 "http://bakingsecurityin.com" "Mozilla/5.0 (Windows NT 10.0; Win64; x64) AppleWebKit/537.36 (KHTML, like Gecko) Chrome/126.0.0.0 Safari/537.36"
198.54.114.83 - - [09/Apr/2025:03:01:28 -0400] "POST /wp-cron.php?doing_wp_cron=1744182086.3938639163970947265625 HTTP/1.1" 200 0 "-" "WordPress/6.7.2; https://bakingsecurityin.com"
68.65.120.246 - - [09/Apr/2025:02:43:25 -0400] "POST /wp-login.php HTTP/1.1" 302 0 "http://bakingsecurityin.com" "Mozilla/5.0 (Macintosh; Intel Mac OS X 10_15_7; rv:127.0) Gecko/20100101 Firefox/127.0"
198.54.114.83 - - [09/Apr/2025:02:43:28 -0400] "POST /wp-cron.php?doing_wp_cron=1744181007.6350140571594238281250 HTTP/1.1" 200 0 "-" "WordPress/6.7.2; https://bakingsecurityin.com"
198.54.114.83 - - [09/Apr/2025:02:46:19 -0400] "POST /wp-cron.php?doing_wp_cron=1744181178.5017449855804443359375 HTTP/1.1" 200 0 "-" "WordPress/6.7.2; https://bakingsecurityin.com"
216.244.66.236 - - [09/Apr/2025:02:46:18 -0400] "GET /luxe-living-unveiling-the-emerald-of-katong-condo/feed/ HTTP/1.1" 200 459 "-" "Mozilla/5.0 (compatible; DotBot/1.2; +https://opensiteexplorer.org/dotbot; help@moz.com)"
198.54.114.83 - - [09/Apr/2025:02:49:20 -0400] "POST /wp-cron.php?doing_wp_cron=1744181359.8935940265655517578125 HTTP/1.1" 200 0 "-" "WordPress/6.7.2; https://bakingsecurityin.com"
192.99.19.65 - - [09/Apr/2025:02:49:19 -0400] "POST /wp-login.php HTTP/1.1" 302 0 "http://bakingsecurityin.com" "Mozilla/5.0 (Windows NT 10.0; Win64; x64; rv:129.0) Gecko/20100101 Firefox/129.0"
198.54.114.83 - - [09/Apr/2025:02:50:30 -0400] "POST /wp-cron.php?doing_wp_cron=1744181429.9589140415191650390625 HTTP/1.1" 200 0 "-" "WordPress/6.7.2; https://bakingsecurityin.com"
52.230.98.98 - - [09/Apr/2025:02:50:29 -0400] "POST /xmlrpc.php HTTP/1.1" 200 236 "-" "Mozilla/5.0 (X11; Gentoo; Linux x86_64; rv:91.0) Gecko/20100101 Firefox/91.0"
68.178.168.103 - - [09/Apr/2025:03:07:32 -0400] "POST /wp-login.php HTTP/1.1" 302 0 "http://bakingsecurityin.com" "Mozilla/5.0 (Macintosh; Intel Mac OS X 10_15_7; rv:125.0.1) Gecko/20100101 Firefox/125.0.1"
198.54.114.83 - - [09/Apr/2025:03:07:36 -0400] "POST /wp-cron.php?doing_wp_cron=1744182454.8160231113433837890625 HTTP/1.1" 200 0 "-" "WordPress/6.7.2; https://bakingsecurityin.com"
51.81.207.12 - - [09/Apr/2025:03:13:39 -0400] "POST /wp-login.php HTTP/1.1" 302 0 "http://bakingsecurityin.com" "Mozilla/5.0 (Macintosh; Intel Mac OS X 10_15_7) AppleWebKit/537.36 (KHTML, like Gecko) Chrome/114.0.5735.134 Safari/537.36"
198.54.114.83 - - [09/Apr/2025:03:13:43 -0400] "POST /wp-cron.php?doing_wp_cron=1744182822.4150290489196777343750 HTTP/1.1" 200 0 "-" "WordPress/6.7.2; https://bakingsecurityin.com"
198.54.114.83 - - [09/Apr/2025:03:19:51 -0400] "POST /wp-cron.php?doing_wp_cron=1744183191.0103449821472167968750 HTTP/1.1" 200 0 "-" "WordPress/6.7.2; https://bakingsecurityin.com"
198.54.119.106 - - [09/Apr/2025:03:19:47 -0400] "POST /wp-login.php HTTP/1.1" 302 0 "http://bakingsecurityin.com" "Mozilla/5.0 (Macintosh; Intel Mac OS X 14.3) AppleWebKit/614.31.14 (KHTML, like Gecko) Version/17.0.96 Safari/614.31.14"
51.178.81.248 - - [09/Apr/2025:03:25:58 -0400] "POST /wp-login.php HTTP/1.1" 302 0 "http://bakingsecurityin.com" "Mozilla/5.0 (Macintosh; Intel Mac OS X 10_15_7; rv:127.0) Gecko/20100101 Firefox/127.0"
198.54.114.83 - - [09/Apr/2025:03:26:05 -0400] "POST /wp-cron.php?doing_wp_cron=1744183561.6859979629516601562500 HTTP/1.1" 200 0 "-" "WordPress/6.7.2; https://bakingsecurityin.com"
198.54.114.83 - - [09/Apr/2025:03:26:21 -0400] "POST /wp-cron.php?doing_wp_cron=1744183580.6725850105285644531250 HTTP/1.1" 200 0 "-" "WordPress/6.7.2; https://bakingsecurityin.com"
92.205.182.254 - - [09/Apr/2025:03:26:20 -0400] "POST /xmlrpc.php HTTP/1.1" 200 236 "-" "Mozilla/5.0 (X11; Fedora; Linux x86_64; rv:94.0) Gecko/20100101 Firefox/95.0"
216.244.66.236 - - [09/Apr/2025:03:29:23 -0400] "GET /robots.txt HTTP/1.1" 304 0 "-" "Mozilla/5.0 (compatible; DotBot/1.2; +https://opensiteexplorer.org/dotbot; help@moz.com)"
2001:8d8:1800:2ef::1 - - [09/Apr/2025:03:32:07 -0400] "POST /wp-login.php HTTP/1.1" 302 0 "http://bakingsecurityin.com" "Mozilla/5.0 (Macintosh; Intel Mac OS X 10_15_7; rv:129.0) Gecko/20100101 Firefox/129.0"
198.54.114.83 - - [09/Apr/2025:03:32:12 -0400] "POST /wp-cron.php?doing_wp_cron=1744183928.7612209320068359375000 HTTP/1.1" 200 0 "-" "WordPress/6.7.2; https://bakingsecurityin.com"
192.64.117.43 - - [09/Apr/2025:03:38:22 -0400] "POST /wp-login.php HTTP/1.1" 302 0 "http://bakingsecurityin.com" "Mozilla/5.0 (Macintosh; Intel Mac OS X 10_15_7) AppleWebKit/537.36 (KHTML, like Gecko) Chrome/112.0.5615.138 Safari/537.36"
216.244.66.236 - - [09/Apr/2025:03:39:51 -0400] "GET /black-seed-oil-uk/ HTTP/1.1" 200 0 "-" "Mozilla/5.0 (compatible; DotBot/1.2; +https://opensiteexplorer.org/dotbot; help@moz.com)"
