54.254.137.198 - - [04/Apr/2025:17:16:57 -0400] "GET /wp-content/plugins/index.php HTTP/1.1" 200 0 "-" "Mozlila/5.0 (Linux; Android 7.0; SM-G892A Bulid/NRD90M; wv) AppleWebKit/537.36 (KHTML, like Gecko) Version/4.0 Chrome/60.0.3112.107 Moblie Safari/537.36"
54.254.137.198 - - [04/Apr/2025:17:16:58 -0400] "GET /wp-admin/network/index.php HTTP/1.1" 302 0 "-" "Mozlila/5.0 (Linux; Android 7.0; SM-G892A Bulid/NRD90M; wv) AppleWebKit/537.36 (KHTML, like Gecko) Version/4.0 Chrome/60.0.3112.107 Moblie Safari/537.36"
198.54.114.83 - - [04/Apr/2025:17:17:03 -0400] "POST /wp-cron.php?doing_wp_cron=1743801420.1351540088653564453125 HTTP/1.1" 200 0 "-" "WordPress/6.7.2; https://bakingsecurityin.com"
54.254.137.198 - - [04/Apr/2025:17:17:12 -0400] "GET /wp-includes/IXR/index.php HTTP/1.1" 301 0 "-" "Mozlila/5.0 (Linux; Android 7.0; SM-G892A Bulid/NRD90M; wv) AppleWebKit/537.36 (KHTML, like Gecko) Version/4.0 Chrome/60.0.3112.107 Moblie Safari/537.36"
54.254.137.198 - - [04/Apr/2025:17:17:14 -0400] "GET /wp-includes/IXR/ HTTP/1.1" 403 1242 "-" "Mozlila/5.0 (Linux; Android 7.0; SM-G892A Bulid/NRD90M; wv) AppleWebKit/537.36 (KHTML, like Gecko) Version/4.0 Chrome/60.0.3112.107 Moblie Safari/537.36"
54.254.137.198 - - [04/Apr/2025:17:17:15 -0400] "GET /wp-admin/images/index.php HTTP/1.1" 301 0 "-" "Mozlila/5.0 (Linux; Android 7.0; SM-G892A Bulid/NRD90M; wv) AppleWebKit/537.36 (KHTML, like Gecko) Version/4.0 Chrome/60.0.3112.107 Moblie Safari/537.36"
54.254.137.198 - - [04/Apr/2025:17:17:16 -0400] "GET /wp-admin/images/ HTTP/1.1" 403 1242 "-" "Mozlila/5.0 (Linux; Android 7.0; SM-G892A Bulid/NRD90M; wv) AppleWebKit/537.36 (KHTML, like Gecko) Version/4.0 Chrome/60.0.3112.107 Moblie Safari/537.36"
54.254.137.198 - - [04/Apr/2025:17:17:18 -0400] "GET /wp-login.php HTTP/1.1" 302 0 "-" "Mozlila/5.0 (Linux; Android 7.0; SM-G892A Bulid/NRD90M; wv) AppleWebKit/537.36 (KHTML, like Gecko) Version/4.0 Chrome/60.0.3112.107 Moblie Safari/537.36"
54.254.137.198 - - [04/Apr/2025:17:17:23 -0400] "GET /wp-content/plugins/admin.php HTTP/1.1" 404 0 "-" "Mozlila/5.0 (Linux; Android 7.0; SM-G892A Bulid/NRD90M; wv) AppleWebKit/537.36 (KHTML, like Gecko) Version/4.0 Chrome/60.0.3112.107 Moblie Safari/537.36"
54.254.137.198 - - [04/Apr/2025:17:17:24 -0400] "GET /xmlrpc.php HTTP/1.1" 405 60 "-" "Mozlila/5.0 (Linux; Android 7.0; SM-G892A Bulid/NRD90M; wv) AppleWebKit/537.36 (KHTML, like Gecko) Version/4.0 Chrome/60.0.3112.107 Moblie Safari/537.36"
54.254.137.198 - - [04/Apr/2025:17:17:27 -0400] "GET /wp-admin.php HTTP/1.1" 404 0 "-" "Mozlila/5.0 (Linux; Android 7.0; SM-G892A Bulid/NRD90M; wv) AppleWebKit/537.36 (KHTML, like Gecko) Version/4.0 Chrome/60.0.3112.107 Moblie Safari/537.36"
54.254.137.198 - - [04/Apr/2025:17:17:28 -0400] "GET /wp-content/plugins/Core-Econ/upH.php HTTP/1.1" 404 0 "-" "Mozlila/5.0 (Linux; Android 7.0; SM-G892A Bulid/NRD90M; wv) AppleWebKit/537.36 (KHTML, like Gecko) Version/4.0 Chrome/60.0.3112.107 Moblie Safari/537.36"
54.254.137.198 - - [04/Apr/2025:17:17:28 -0400] "GET /wp-content/plugins/fix/up.php HTTP/1.1" 404 0 "-" "Mozlila/5.0 (Linux; Android 7.0; SM-G892A Bulid/NRD90M; wv) AppleWebKit/537.36 (KHTML, like Gecko) Version/4.0 Chrome/60.0.3112.107 Moblie Safari/537.36"
54.254.137.198 - - [04/Apr/2025:17:17:29 -0400] "GET /wp-content/plugins/pwnd/pwnd.php HTTP/1.1" 404 0 "-" "Mozlila/5.0 (Linux; Android 7.0; SM-G892A Bulid/NRD90M; wv) AppleWebKit/537.36 (KHTML, like Gecko) Version/4.0 Chrome/60.0.3112.107 Moblie Safari/537.36"
54.254.137.198 - - [04/Apr/2025:17:17:30 -0400] "GET /wp-content/plugins/shell/noimg.php HTTP/1.1" 404 0 "-" "Mozlila/5.0 (Linux; Android 7.0; SM-G892A Bulid/NRD90M; wv) AppleWebKit/537.36 (KHTML, like Gecko) Version/4.0 Chrome/60.0.3112.107 Moblie Safari/537.36"
54.254.137.198 - - [04/Apr/2025:17:17:32 -0400] "GET /WSOEnigma.php HTTP/1.1" 404 0 "-" "Mozlila/5.0 (Linux; Android 7.0; SM-G892A Bulid/NRD90M; wv) AppleWebKit/537.36 (KHTML, like Gecko) Version/4.0 Chrome/60.0.3112.107 Moblie Safari/537.36"
54.254.137.198 - - [04/Apr/2025:17:17:34 -0400] "GET /wp-content/plugins/pwnd-1/pwnd.php HTTP/1.1" 404 0 "-" "Mozlila/5.0 (Linux; Android 7.0; SM-G892A Bulid/NRD90M; wv) AppleWebKit/537.36 (KHTML, like Gecko) Version/4.0 Chrome/60.0.3112.107 Moblie Safari/537.36"
54.254.137.198 - - [04/Apr/2025:17:17:35 -0400] "GET /wp-content/plugins/dummyyummy/wp-signup.php HTTP/1.1" 404 0 "-" "Mozlila/5.0 (Linux; Android 7.0; SM-G892A Bulid/NRD90M; wv) AppleWebKit/537.36 (KHTML, like Gecko) Version/4.0 Chrome/60.0.3112.107 Moblie Safari/537.36"
54.254.137.198 - - [04/Apr/2025:17:17:35 -0400] "GET /wp-content/plugins/clara/clara.php HTTP/1.1" 404 0 "-" "Mozlila/5.0 (Linux; Android 7.0; SM-G892A Bulid/NRD90M; wv) AppleWebKit/537.36 (KHTML, like Gecko) Version/4.0 Chrome/60.0.3112.107 Moblie Safari/537.36"
162.0.232.166 - - [04/Apr/2025:17:21:29 -0400] "POST /xmlrpc.php HTTP/1.1" 200 0 "http://bakingsecurityin.com" "Mozilla/5.0 (Macintosh; Intel Mac OS X 10_15_7) AppleWebKit/537.36 (KHTML, like Gecko) Chrome/126.0.0.0 Safari/537.36"
198.54.114.83 - - [04/Apr/2025:17:21:39 -0400] "POST /wp-cron.php?doing_wp_cron=1743801696.3338990211486816406250 HTTP/1.1" 200 0 "-" "WordPress/6.7.2; https://bakingsecurityin.com"
20.204.164.126 - - [04/Apr/2025:17:35:12 -0400] "POST /xmlrpc.php HTTP/1.1" 200 212 "http://bakingsecurityin.com" "Mozilla/5.0 (Windows NT 11.0; Win64; x64; rv:126.0) Gecko/20100101 Firefox/126.0"
68.178.168.103 - - [04/Apr/2025:17:48:30 -0400] "POST /xmlrpc.php HTTP/1.1" 200 212 "http://bakingsecurityin.com" "Mozilla/5.0 (Macintosh; Intel Mac OS X 10_15_7) AppleWebKit/537.36 (KHTML, like Gecko) Chrome/112.0.5615.138 Safari/537.36"
203.175.9.41 - - [04/Apr/2025:18:01:40 -0400] "POST /xmlrpc.php HTTP/1.1" 200 212 "http://bakingsecurityin.com" "Mozilla/5.0 (Macintosh; Intel Mac OS X 10_15_7; rv:129.0) Gecko/20100101 Firefox/129.0"
198.54.114.83 - - [04/Apr/2025:18:27:41 -0400] "POST /wp-cron.php?doing_wp_cron=1743805660.0176949501037597656250 HTTP/1.1" 200 0 "-" "WordPress/6.7.2; https://bakingsecurityin.com"
185.218.124.157 - - [04/Apr/2025:18:27:35 -0400] "POST /xmlrpc.php HTTP/1.1" 200 0 "http://bakingsecurityin.com" "Mozilla/5.0 (Macintosh; Intel Mac OS X 10_15_7; rv:127.0) Gecko/20100101 Firefox/127.0"
162.55.100.32 - - [04/Apr/2025:18:40:07 -0400] "POST /xmlrpc.php HTTP/1.1" 200 212 "http://bakingsecurityin.com" "Mozilla/5.0 (Windows NT 11.0; Win64; x64) AppleWebKit/537.36 (KHTML, like Gecko) Chrome/126.0.0.0 Safari/537.36 Edg/126.0.0.0"
198.54.114.83 - - [04/Apr/2025:18:40:11 -0400] "POST /wp-cron.php?doing_wp_cron=1743806407.6918280124664306640625 HTTP/1.1" 200 0 "-" "WordPress/6.7.2; https://bakingsecurityin.com"
85.208.98.18 - - [04/Apr/2025:18:42:52 -0400] "GET /robots.txt HTTP/1.1" 304 0 "-" "Mozilla/5.0 (compatible; SemrushBot; +http://www.semrush.com/bot.html)"
198.54.114.83 - - [04/Apr/2025:18:52:46 -0400] "POST /wp-cron.php?doing_wp_cron=1743807164.3061370849609375000000 HTTP/1.1" 200 0 "-" "WordPress/6.7.2; https://bakingsecurityin.com"
176.74.26.54 - - [04/Apr/2025:18:52:43 -0400] "POST /xmlrpc.php HTTP/1.1" 200 212 "http://bakingsecurityin.com" "Mozilla/5.0 (Macintosh; Intel Mac OS X 13_3) AppleWebKit/537.36 (KHTML, like Gecko) Chrome/126.0.0.0 Safari/537.36 Edg/126.0.0.0"
129.153.86.212 - - [04/Apr/2025:18:53:54 -0400] "GET / HTTP/1.1" 200 0 "-" "python-requests/2.32.3"
198.54.114.83 - - [04/Apr/2025:18:53:56 -0400] "POST /wp-cron.php?doing_wp_cron=1743807234.6501901149749755859375 HTTP/1.1" 200 0 "-" "WordPress/6.7.2; https://bakingsecurityin.com"
198.54.114.83 - - [04/Apr/2025:19:05:00 -0400] "POST /wp-cron.php?doing_wp_cron=1743807900.0897350311279296875000 HTTP/1.1" 200 0 "-" "WordPress/6.7.2; https://bakingsecurityin.com"
103.124.95.168 - - [04/Apr/2025:19:04:57 -0400] "POST /xmlrpc.php HTTP/1.1" 200 212 "http://bakingsecurityin.com" "Mozilla/5.0 (Windows NT 10.0; Win64; x64) AppleWebKit/537.36 (KHTML, like Gecko) Chrome/116.0.5845.96 Safari/537.36"
198.54.114.83 - - [04/Apr/2025:19:17:12 -0400] "POST /wp-cron.php?doing_wp_cron=1743808631.5002739429473876953125 HTTP/1.1" 200 0 "-" "WordPress/6.7.2; https://bakingsecurityin.com"
68.178.168.103 - - [04/Apr/2025:19:17:11 -0400] "POST /xmlrpc.php HTTP/1.1" 200 212 "http://bakingsecurityin.com" "Mozilla/5.0 (Macintosh; Intel Mac OS X 10_15_7) AppleWebKit/537.36 (KHTML, like Gecko) Chrome/116.0.5845.96 Safari/537.36"
54.183.180.55 - - [04/Apr/2025:19:24:54 -0400] "GET / HTTP/1.1" 200 0 "-" "Mozilla/5.0 (X11; Linux x86_64) AppleWebKit/537.36 (KHTML, like Gecko) Chrome/51.0.2704.103 Safari/537.36"
198.54.114.83 - - [04/Apr/2025:19:29:14 -0400] "POST /wp-cron.php?doing_wp_cron=1743809353.4111900329589843750000 HTTP/1.1" 200 0 "-" "WordPress/6.7.2; https://bakingsecurityin.com"
198.54.114.80 - - [04/Apr/2025:19:29:08 -0400] "POST /xmlrpc.php HTTP/1.1" 200 0 "http://bakingsecurityin.com" "Mozilla/5.0 (Windows NT 10.0; Win64; x64) AppleWebKit/537.36 (KHTML, like Gecko) Chrome/112.0.5615.138 Safari/537.36 Edg/112.0.1722.68"
2604:a880:400:d0::8f4:f001 - - [04/Apr/2025:19:40:52 -0400] "POST /xmlrpc.php HTTP/1.1" 200 212 "http://bakingsecurityin.com" "Mozilla/5.0 (Windows NT 10.0; Win64; x64) AppleWebKit/537.36 (KHTML, like Gecko) Chrome/116.0.5845.96 Safari/537.36 Edg/116.0.1938.62"
198.54.114.83 - - [04/Apr/2025:19:41:01 -0400] "POST /wp-cron.php?doing_wp_cron=1743810056.8765580654144287109375 HTTP/1.1" 200 0 "-" "WordPress/6.7.2; https://bakingsecurityin.com"
208.109.173.103 - - [04/Apr/2025:19:52:37 -0400] "POST /xmlrpc.php HTTP/1.1" 200 212 "http://bakingsecurityin.com" "Mozilla/5.0 (Windows NT 10.0; Win64; x64) AppleWebKit/537.36 (KHTML, like Gecko) Chrome/115.0.5790.171 Safari/537.36 Edg/115.0.1901.203"
194.38.23.16 - - [04/Apr/2025:19:55:53 -0400] "GET / HTTP/1.1" 200 0 "-" "ALittle Client"
198.54.114.83 - - [04/Apr/2025:20:04:33 -0400] "POST /wp-cron.php?doing_wp_cron=1743811473.5123391151428222656250 HTTP/1.1" 200 0 "-" "WordPress/6.7.2; https://bakingsecurityin.com"
2a02:4780:11:1234::73 - - [04/Apr/2025:20:04:28 -0400] "POST /xmlrpc.php HTTP/1.1" 200 212 "http://bakingsecurityin.com" "Mozilla/5.0 (Windows NT 10.0; Win64; x64) AppleWebKit/537.36 (KHTML, like Gecko) Chrome/115.0.5790.171 Safari/537.36 Edg/115.0.1901.203"
162.0.232.211 - - [04/Apr/2025:20:16:14 -0400] "POST /xmlrpc.php HTTP/1.1" 200 212 "http://bakingsecurityin.com" "Mozilla/5.0 (Macintosh; Intel Mac OS X 10_15_7) AppleWebKit/537.36 (KHTML, like Gecko) Chrome/114.0.5735.134 Safari/537.36"
198.54.114.83 - - [04/Apr/2025:20:16:18 -0400] "POST /wp-cron.php?doing_wp_cron=1743812174.7841739654541015625000 HTTP/1.1" 200 0 "-" "WordPress/6.7.2; https://bakingsecurityin.com"
170.39.213.43 - - [04/Apr/2025:20:27:35 -0400] "POST /xmlrpc.php HTTP/1.1" 200 212 "http://bakingsecurityin.com" "Mozilla/5.0 (Windows NT 10.0; Win64; x64; rv:128.0) Gecko/20100101 Firefox/128.0"
198.54.114.83 - - [04/Apr/2025:20:38:47 -0400] "POST /wp-cron.php?doing_wp_cron=1743813527.5844740867614746093750 HTTP/1.1" 200 0 "-" "WordPress/6.7.2; https://bakingsecurityin.com"
162.213.251.40 - - [04/Apr/2025:20:38:47 -0400] "POST /xmlrpc.php HTTP/1.1" 200 212 "http://bakingsecurityin.com" "Mozilla/5.0 (Macintosh; Intel Mac OS X 14_4_1) AppleWebKit/605.1.15 (KHTML, like Gecko) Version/17.3.1 Safari/605.1.15"
198.54.114.83 - - [04/Apr/2025:20:45:23 -0400] "POST /wp-cron.php?doing_wp_cron=1743813923.4693489074707031250000 HTTP/1.1" 200 0 "-" "WordPress/6.7.2; https://bakingsecurityin.com"
170.106.160.90 - - [04/Apr/2025:20:45:23 -0400] "GET / HTTP/1.1" 200 0 "-" "Mozilla/5.0 (iPhone; CPU iPhone OS 13_2_3 like Mac OS X) AppleWebKit/605.1.15 (KHTML, like Gecko) Version/13.0.3 Mobile/15E148 Safari/604.1"
72.167.57.117 - - [04/Apr/2025:20:50:04 -0400] "POST /xmlrpc.php HTTP/1.1" 200 212 "http://bakingsecurityin.com" "Mozilla/5.0 (Macintosh; Intel Mac OS X 10_15_7) AppleWebKit/537.36 (KHTML, like Gecko) Chrome/115.0.5790.102 Safari/537.36"
198.54.114.83 - - [04/Apr/2025:21:12:54 -0400] "POST /wp-cron.php?doing_wp_cron=1743815574.1342949867248535156250 HTTP/1.1" 200 0 "-" "WordPress/6.7.2; https://bakingsecurityin.com"
162.240.170.99 - - [04/Apr/2025:21:12:52 -0400] "POST /xmlrpc.php HTTP/1.1" 200 212 "http://bakingsecurityin.com" "Mozilla/5.0 (Macintosh; Intel Mac OS X 14_4_1) AppleWebKit/605.1.15 (KHTML, like Gecko) Version/17.3.1 Safari/605.1.15"
198.54.114.83 - - [04/Apr/2025:21:21:44 -0400] "POST /wp-cron.php?doing_wp_cron=1743816103.8071830272674560546875 HTTP/1.1" 200 0 "-" "WordPress/6.7.2; https://bakingsecurityin.com"
195.20.18.175 - - [04/Apr/2025:21:21:41 -0400] "GET / HTTP/1.1" 200 0 "-" "ALittle Client"
162.0.209.248 - - [04/Apr/2025:21:35:55 -0400] "POST /xmlrpc.php HTTP/1.1" 200 212 "http://bakingsecurityin.com" "Mozilla/5.0 (Macintosh; Intel Mac OS X 10_15_7; rv:129.0) Gecko/20100101 Firefox/129.0"
66.249.66.68 - - [04/Apr/2025:21:38:06 -0400] "GET /robots.txt HTTP/1.1" 304 0 "-" "Mozilla/5.0 (compatible; Googlebot/2.1; +http://www.google.com/bot.html)"
198.54.114.83 - - [04/Apr/2025:21:38:07 -0400] "POST /wp-cron.php?doing_wp_cron=1743817087.4422359466552734375000 HTTP/1.1" 200 0 "-" "WordPress/6.7.2; https://bakingsecurityin.com"
66.249.66.68 - - [04/Apr/2025:21:38:07 -0400] "GET / HTTP/1.1" 200 0 "-" "Mozilla/5.0 (compatible; Googlebot/2.1; +http://www.google.com/bot.html)"
66.249.66.67 - - [04/Apr/2025:21:38:16 -0400] "GET /favicon.ico HTTP/1.1" 404 1251 "-" "Googlebot-Image/1.0"
195.191.219.132 - - [04/Apr/2025:21:41:44 -0400] "GET /robots.txt HTTP/1.1" 200 116 "-" "Mozilla/5.0 (compatible; MJ12bot/v2.0.0; http://mj12bot.com/; ident=m08fNQhyTiR7)"
198.54.114.83 - - [04/Apr/2025:21:41:45 -0400] "POST /wp-cron.php?doing_wp_cron=1743817305.0589818954467773437500 HTTP/1.1" 200 0 "-" "WordPress/6.7.2; https://bakingsecurityin.com"
195.191.219.132 - - [04/Apr/2025:21:41:44 -0400] "GET / HTTP/1.1" 200 0 "-" "Mozilla/5.0 (compatible; MJ12bot/v2.0.0; http://mj12bot.com/; ident=m08fNQhyTiR7)"
162.0.232.166 - - [04/Apr/2025:21:47:33 -0400] "POST /xmlrpc.php HTTP/1.1" 200 212 "http://bakingsecurityin.com" "Mozilla/5.0 (Macintosh; Intel Mac OS X 10_15_7; rv:126.0) Gecko/20100101 Firefox/126.0"
188.166.237.78 - - [04/Apr/2025:21:59:13 -0400] "POST /xmlrpc.php HTTP/1.1" 200 212 "http://bakingsecurityin.com" "Mozilla/5.0 (Macintosh; Intel Mac OS X 14_4_1) AppleWebKit/605.1.15 (KHTML, like Gecko) Version/17.3.1 Safari/605.1.15"
203.33.203.148 - - [04/Apr/2025:22:02:33 -0400] "GET / HTTP/1.1" 200 0 "-" "Mozilla/5.0 (iPhone; CPU iPhone OS 13_2_3 like Mac OS X) AppleWebKit/605.1.15 (KHTML, like Gecko) Version/13.0.3 Mobile/15E148 Safari/604.1"
198.54.114.83 - - [04/Apr/2025:22:02:35 -0400] "POST /wp-cron.php?doing_wp_cron=1743818554.3093550205230712890625 HTTP/1.1" 200 0 "-" "WordPress/6.7.2; https://bakingsecurityin.com"
182.92.110.55 - - [04/Apr/2025:22:11:44 -0400] "POST /xmlrpc.php HTTP/1.1" 200 212 "http://bakingsecurityin.com" "Mozilla/5.0 (Windows NT 10.0; Win64; x64; rv:126.0) Gecko/20100101 Firefox/126.0"
198.54.114.83 - - [04/Apr/2025:22:11:50 -0400] "POST /wp-cron.php?doing_wp_cron=1743819108.2138230800628662109375 HTTP/1.1" 200 0 "-" "WordPress/6.7.2; https://bakingsecurityin.com"
89.46.109.92 - - [04/Apr/2025:22:24:15 -0400] "POST /xmlrpc.php HTTP/1.1" 200 212 "http://bakingsecurityin.com" "Mozilla/5.0 (Windows NT 10.0; Win64; x64; rv:129.0) Gecko/20100101 Firefox/129.0"
198.54.114.15 - - [04/Apr/2025:22:36:41 -0400] "POST /xmlrpc.php HTTP/1.1" 200 212 "http://bakingsecurityin.com" "Mozilla/5.0 (Windows NT 10.0; Win64; x64; rv:126.0) Gecko/20100101 Firefox/126.0"
198.54.114.83 - - [04/Apr/2025:22:36:43 -0400] "POST /wp-cron.php?doing_wp_cron=1743820601.8920550346374511718750 HTTP/1.1" 200 0 "-" "WordPress/6.7.2; https://bakingsecurityin.com"
198.54.114.83 - - [04/Apr/2025:22:40:00 -0400] "POST /wp-cron.php?doing_wp_cron=1743820799.8019800186157226562500 HTTP/1.1" 200 0 "-" "WordPress/6.7.2; https://bakingsecurityin.com"
212.102.39.196 - - [04/Apr/2025:22:39:59 -0400] "GET /top-5-retinol-creams/ HTTP/1.1" 200 0 "http://bakingsecurityin.com/top-5-retinol-creams/" "Mozilla/5.0 (Windows NT 10.0; Win64; x64) AppleWebKit/537.36 (KHTML, like Gecko) Chrome/129.0.0.0 Safari/537.36"
212.102.39.196 - - [04/Apr/2025:22:40:05 -0400] "GET / HTTP/1.1" 200 0 "http://bakingsecurityin.com/" "Mozilla/5.0 (Windows NT 10.0; Win64; x64) AppleWebKit/537.36 (KHTML, like Gecko) Chrome/129.0.0.0 Safari/537.36"
142.93.15.2 - - [04/Apr/2025:22:49:26 -0400] "POST /xmlrpc.php HTTP/1.1" 200 0 "http://bakingsecurityin.com" "Mozilla/5.0 (Windows NT 10.0; Win64; x64) AppleWebKit/537.36 (KHTML, like Gecko) Chrome/114.0.5735.199 Safari/537.36 Edg/114.0.1823.67"
198.54.114.83 - - [04/Apr/2025:23:01:47 -0400] "POST /wp-cron.php?doing_wp_cron=1743822106.4404499530792236328125 HTTP/1.1" 200 0 "-" "WordPress/6.7.2; https://bakingsecurityin.com"
113.36.242.229 - - [04/Apr/2025:23:01:46 -0400] "POST /xmlrpc.php HTTP/1.1" 200 212 "http://bakingsecurityin.com" "Mozilla/5.0 (Macintosh; Intel Mac OS X 14_6) AppleWebKit/605.1.15 (KHTML, like Gecko) Version/17.5 Safari/605.1.15"
198.54.114.83 - - [04/Apr/2025:23:14:30 -0400] "POST /wp-cron.php?doing_wp_cron=1743822870.2727599143981933593750 HTTP/1.1" 200 0 "-" "WordPress/6.7.2; https://bakingsecurityin.com"
162.214.124.144 - - [04/Apr/2025:23:14:27 -0400] "POST /xmlrpc.php HTTP/1.1" 200 212 "http://bakingsecurityin.com" "Mozilla/5.0 (Macintosh; Intel Mac OS X 10_15_7) AppleWebKit/537.36 (KHTML, like Gecko) Chrome/114.0.5735.134 Safari/537.36"
103.169.35.190 - - [04/Apr/2025:23:27:12 -0400] "POST /xmlrpc.php HTTP/1.1" 200 212 "http://bakingsecurityin.com" "Mozilla/5.0 (Macintosh; Intel Mac OS X 10_15_7; rv:125.0.1) Gecko/20100101 Firefox/125.0.1"
198.54.114.83 - - [04/Apr/2025:23:40:10 -0400] "POST /wp-cron.php?doing_wp_cron=1743824408.7263689041137695312500 HTTP/1.1" 200 0 "-" "WordPress/6.7.2; https://bakingsecurityin.com"
162.0.235.2 - - [04/Apr/2025:23:40:06 -0400] "POST /xmlrpc.php HTTP/1.1" 200 212 "http://bakingsecurityin.com" "Mozilla/5.0 (Macintosh; Intel Mac OS X 10_15_7; rv:125.0.1) Gecko/20100101 Firefox/125.0.1"
85.208.98.23 - - [04/Apr/2025:23:40:17 -0400] "GET /robots.txt HTTP/1.1" 304 0 "-" "Mozilla/5.0 (compatible; SemrushBot-BA; +http://www.semrush.com/bot.html)"
198.54.114.83 - - [04/Apr/2025:23:53:01 -0400] "POST /wp-cron.php?doing_wp_cron=1743825180.4945759773254394531250 HTTP/1.1" 200 0 "-" "WordPress/6.7.2; https://bakingsecurityin.com"
2600:1f18:7497:3900:a8b:a2f9:7144:e846 - - [04/Apr/2025:23:53:00 -0400] "POST /xmlrpc.php HTTP/1.1" 200 212 "http://bakingsecurityin.com" "Mozilla/5.0 (Macintosh; Intel Mac OS X 10_15_7) AppleWebKit/537.36 (KHTML, like Gecko) Chrome/116.0.5845.96 Safari/537.36"
198.54.114.83 - - [05/Apr/2025:00:06:04 -0400] "POST /wp-cron.php?doing_wp_cron=1743825962.2324800491333007812500 HTTP/1.1" 200 0 "-" "WordPress/6.7.2; https://bakingsecurityin.com"
198.54.114.91 - - [05/Apr/2025:00:05:58 -0400] "POST /xmlrpc.php HTTP/1.1" 200 212 "http://bakingsecurityin.com" "Mozilla/5.0 (Windows NT 10.0; Win64; x64) AppleWebKit/537.36 (KHTML, like Gecko) Chrome/115.0.5790.171 Safari/537.36 Edg/115.0.1901.203"
216.244.66.236 - - [05/Apr/2025:00:31:41 -0400] "GET /robots.txt HTTP/1.1" 200 116 "-" "Mozilla/5.0 (compatible; DotBot/1.2; +https://opensiteexplorer.org/dotbot; help@moz.com)"
199.188.200.151 - - [05/Apr/2025:00:32:19 -0400] "POST /xmlrpc.php HTTP/1.1" 200 212 "http://bakingsecurityin.com" "Mozilla/5.0 (Macintosh; Intel Mac OS X 10_15_7) AppleWebKit/537.36 (KHTML, like Gecko) Chrome/115.0.5790.102 Safari/537.36"
198.54.114.83 - - [05/Apr/2025:00:32:22 -0400] "POST /wp-cron.php?doing_wp_cron=1743827539.3095419406890869140625 HTTP/1.1" 200 0 "-" "WordPress/6.7.2; https://bakingsecurityin.com"
216.244.66.236 - - [05/Apr/2025:00:41:00 -0400] "GET /what-to-look-for-in-an-online-casino/ HTTP/1.1" 200 0 "-" "Mozilla/5.0 (compatible; DotBot/1.2; +https://opensiteexplorer.org/dotbot; help@moz.com)"
198.54.114.83 - - [05/Apr/2025:00:41:12 -0400] "POST /wp-cron.php?doing_wp_cron=1743828066.6761848926544189453125 HTTP/1.1" 200 0 "-" "WordPress/6.7.2; https://bakingsecurityin.com"
216.244.66.236 - - [05/Apr/2025:00:43:45 -0400] "GET /integrative-and-holistic-medicine/feed/ HTTP/1.1" 200 436 "-" "Mozilla/5.0 (compatible; DotBot/1.2; +https://opensiteexplorer.org/dotbot; help@moz.com)"
198.54.114.83 - - [05/Apr/2025:00:43:52 -0400] "POST /wp-cron.php?doing_wp_cron=1743828228.4189999103546142578125 HTTP/1.1" 200 0 "-" "WordPress/6.7.2; https://bakingsecurityin.com"
91.151.95.70 - - [05/Apr/2025:00:45:45 -0400] "POST /xmlrpc.php HTTP/1.1" 200 212 "http://bakingsecurityin.com" "Mozilla/5.0 (Macintosh; Intel Mac OS X 10_15_7) AppleWebKit/537.36 (KHTML, like Gecko) Chrome/114.0.5735.134 Safari/537.36"
198.54.114.83 - - [05/Apr/2025:00:45:50 -0400] "POST /wp-cron.php?doing_wp_cron=1743828345.4301600456237792968750 HTTP/1.1" 200 0 "-" "WordPress/6.7.2; https://bakingsecurityin.com"
149.22.84.119 - - [05/Apr/2025:00:57:20 -0400] "GET / HTTP/1.1" 200 0 "-" "Mozilla/5.0 (Macintosh; Intel Mac OS X 10_15_7) AppleWebKit/605.1.15 (KHTML, like Gecko) Version/17.6 Safari/605.1.15"
198.54.114.83 - - [05/Apr/2025:00:57:26 -0400] "POST /wp-cron.php?doing_wp_cron=1743829045.7335820198059082031250 HTTP/1.1" 200 0 "-" "WordPress/6.7.2; https://bakingsecurityin.com"
149.22.84.119 - - [05/Apr/2025:00:57:26 -0400] "GET / HTTP/1.1" 200 0 "-" "Mozilla/5.0 (Macintosh; Intel Mac OS X 10_15_7) AppleWebKit/605.1.15 (KHTML, like Gecko) Version/17.6 Safari/605.1.15"
205.185.193.123 - - [05/Apr/2025:00:58:35 -0400] "GET /how-does-red-light-therapy-work/ HTTP/1.1" 200 0 "http://bakingsecurityin.com/how-does-red-light-therapy-work/" "Mozilla/5.0 (Windows NT 10.0; Win64; x64) AppleWebKit/537.36 (KHTML, like Gecko) Chrome/130.0.0.0 Safari/537.36 CCleaner/130.0.0.0"
205.185.193.123 - - [05/Apr/2025:00:58:38 -0400] "GET / HTTP/1.1" 200 0 "http://bakingsecurityin.com/" "Mozilla/5.0 (Windows NT 10.0; Win64; x64) AppleWebKit/537.36 (KHTML, like Gecko) Chrome/130.0.0.0 Safari/537.36 CCleaner/130.0.0.0"
162.213.255.8 - - [05/Apr/2025:00:59:16 -0400] "POST /xmlrpc.php HTTP/1.1" 200 212 "http://bakingsecurityin.com" "Mozilla/5.0 (Macintosh; Intel Mac OS X 14_6) AppleWebKit/605.1.15 (KHTML, like Gecko) Version/17.5 Safari/605.1.15"
198.54.114.83 - - [05/Apr/2025:00:59:18 -0400] "POST /wp-cron.php?doing_wp_cron=1743829156.3432080745697021484375 HTTP/1.1" 200 0 "-" "WordPress/6.7.2; https://bakingsecurityin.com"
132.145.29.111 - - [05/Apr/2025:00:59:31 -0400] "GET /.env HTTP/1.1" 404 0 "-" "Mozilla/5.0 (X11; Linux x86_64) AppleWebKit/537.36 (KHTML, like Gecko) Chrome/81.0.4044.129 Safari/537.36"
132.145.29.111 - - [05/Apr/2025:00:59:37 -0400] "POST / HTTP/1.1" 200 0 "-" "Mozilla/5.0 (X11; Linux x86_64) AppleWebKit/537.36 (KHTML, like Gecko) Chrome/81.0.4044.129 Safari/537.36"
198.186.130.214 - - [05/Apr/2025:01:12:30 -0400] "POST /xmlrpc.php HTTP/1.1" 200 212 "http://bakingsecurityin.com" "Mozilla/5.0 (Macintosh; Intel Mac OS X 13_3) AppleWebKit/537.36 (KHTML, like Gecko) Chrome/126.0.0.0 Safari/537.36"
216.244.66.236 - - [05/Apr/2025:01:17:46 -0400] "GET /robots.txt HTTP/1.1" 200 116 "-" "Mozilla/5.0 (compatible; DotBot/1.2; +https://opensiteexplorer.org/dotbot; help@moz.com)"
103.8.25.98 - - [05/Apr/2025:01:25:54 -0400] "POST /xmlrpc.php HTTP/1.1" 200 212 "http://bakingsecurityin.com" "Mozilla/5.0 (Macintosh; Intel Mac OS X 13.3; rv:126.0) Gecko/20100101 Firefox/126.0"
216.244.66.236 - - [05/Apr/2025:01:27:18 -0400] "GET /der-weg-das-herz-zu-beruhren/ HTTP/1.1" 200 0 "-" "Mozilla/5.0 (compatible; DotBot/1.2; +https://opensiteexplorer.org/dotbot; help@moz.com)"
198.54.114.83 - - [05/Apr/2025:01:28:28 -0400] "POST /wp-cron.php?doing_wp_cron=1743830906.6246919631958007812500 HTTP/1.1" 200 0 "-" "WordPress/6.7.2; https://bakingsecurityin.com"
216.244.66.236 - - [05/Apr/2025:01:28:26 -0400] "GET /relx-pod-review/feed/ HTTP/1.1" 200 417 "-" "Mozilla/5.0 (compatible; DotBot/1.2; +https://opensiteexplorer.org/dotbot; help@moz.com)"
216.244.66.236 - - [05/Apr/2025:01:29:49 -0400] "GET /birdseye-cloth-diapers-cloth-diapering-simplicity/feed/ HTTP/1.1" 200 451 "-" "Mozilla/5.0 (compatible; DotBot/1.2; +https://opensiteexplorer.org/dotbot; help@moz.com)"
198.54.114.83 - - [05/Apr/2025:01:29:52 -0400] "POST /wp-cron.php?doing_wp_cron=1743830989.5358529090881347656250 HTTP/1.1" 200 0 "-" "WordPress/6.7.2; https://bakingsecurityin.com"
216.244.66.236 - - [05/Apr/2025:01:32:26 -0400] "GET /star-plus-electrical-services/feed/ HTTP/1.1" 200 433 "-" "Mozilla/5.0 (compatible; DotBot/1.2; +https://opensiteexplorer.org/dotbot; help@moz.com)"
176.126.103.125 - - [05/Apr/2025:01:34:19 -0400] "GET /phpinfo HTTP/1.1" 200 0 "-" "Mozilla/5.0 (X11; Linux x86_64) AppleWebKit/537.36 (KHTML, like Gecko) Chrome/91.0.4472.124 Safari/537.36"
198.54.114.83 - - [05/Apr/2025:01:34:26 -0400] "POST /wp-cron.php?doing_wp_cron=1743831262.8259129524230957031250 HTTP/1.1" 200 0 "-" "WordPress/6.7.2; https://bakingsecurityin.com"
176.126.103.125 - - [05/Apr/2025:01:34:30 -0400] "GET /phpinfo.php HTTP/1.1" 404 0 "-" "Mozilla/5.0 (Macintosh; Intel Mac OS X 10_15_7) AppleWebKit/537.36 (KHTML, like Gecko) Chrome/91.0.4472.124 Safari/537.36"
176.126.103.125 - - [05/Apr/2025:01:34:36 -0400] "GET /test.php HTTP/1.1" 404 0 "-" "Mozilla/5.0 (Macintosh; Intel Mac OS X 10_15_7) AppleWebKit/537.36 (KHTML, like Gecko) Chrome/91.0.4472.124 Safari/537.36"
176.126.103.125 - - [05/Apr/2025:01:34:47 -0400] "GET /_profiler/phpinfo HTTP/1.1" 404 0 "-" "Mozilla/5.0 (Windows NT 10.0; Win64; x64) AppleWebKit/537.36 (KHTML, like Gecko) Chrome/91.0.4472.124 Safari/537.36"
176.126.103.125 - - [05/Apr/2025:01:34:59 -0400] "GET /info.php HTTP/1.1" 404 0 "-" "Mozilla/5.0 (X11; Linux x86_64) AppleWebKit/537.36 (KHTML, like Gecko) Chrome/91.0.4472.124 Safari/537.36"
176.126.103.125 - - [05/Apr/2025:01:35:13 -0400] "GET /php.php HTTP/1.1" 200 0 "-" "Mozilla/5.0 (Windows NT 10.0; Win64; x64) AppleWebKit/537.36 (KHTML, like Gecko) Chrome/91.0.4472.124 Safari/537.36"
176.126.103.125 - - [05/Apr/2025:01:35:22 -0400] "GET /php_info.php HTTP/1.1" 200 0 "-" "Mozilla/5.0 (Windows NT 10.0; Win64; x64) AppleWebKit/537.36 (KHTML, like Gecko) Chrome/91.0.4472.124 Safari/537.36"
198.54.114.83 - - [05/Apr/2025:01:35:28 -0400] "POST /wp-cron.php?doing_wp_cron=1743831322.8264501094818115234375 HTTP/1.1" 200 0 "-" "WordPress/6.7.2; https://bakingsecurityin.com"
176.126.103.125 - - [05/Apr/2025:01:35:33 -0400] "GET /i.php HTTP/1.1" 200 0 "-" "Mozilla/5.0 (Windows NT 10.0; Win64; x64) AppleWebKit/537.36 (KHTML, like Gecko) Chrome/91.0.4472.124 Safari/537.36"
176.126.103.125 - - [05/Apr/2025:01:35:42 -0400] "GET /pi.php HTTP/1.1" 200 0 "-" "Mozilla/5.0 (X11; Linux x86_64) AppleWebKit/537.36 (KHTML, like Gecko) Chrome/91.0.4472.124 Safari/537.36"
198.54.114.83 - - [05/Apr/2025:01:35:48 -0400] "POST /wp-cron.php?doing_wp_cron=1743831342.4767520427703857421875 HTTP/1.1" 200 0 "-" "WordPress/6.7.2; https://bakingsecurityin.com"
176.126.103.125 - - [05/Apr/2025:01:35:52 -0400] "GET /config.phpinfo HTTP/1.1" 404 0 "-" "Mozilla/5.0 (Macintosh; Intel Mac OS X 10_15_7) AppleWebKit/537.36 (KHTML, like Gecko) Chrome/91.0.4472.124 Safari/537.36"
176.126.103.125 - - [05/Apr/2025:01:35:59 -0400] "GET /admin/phpinfo.php HTTP/1.1" 404 0 "-" "Mozilla/5.0 (Windows NT 10.0; Win64; x64) AppleWebKit/537.36 (KHTML, like Gecko) Chrome/91.0.4472.124 Safari/537.36"
176.126.103.125 - - [05/Apr/2025:01:36:06 -0400] "GET /.aws/credentials HTTP/1.1" 404 0 "-" "Mozilla/5.0 (X11; Linux x86_64) AppleWebKit/537.36 (KHTML, like Gecko) Chrome/91.0.4472.124 Safari/537.36"
162.0.217.136 - - [05/Apr/2025:01:39:22 -0400] "POST /xmlrpc.php HTTP/1.1" 200 212 "http://bakingsecurityin.com" "Mozilla/5.0 (Windows NT 10.0; Win64; x64) AppleWebKit/537.36 (KHTML, like Gecko) Chrome/126.0.0.0 Safari/537.36 Edg/126.0.0.0"
198.54.114.83 - - [05/Apr/2025:01:39:31 -0400] "POST /wp-cron.php?doing_wp_cron=1743831567.9844200611114501953125 HTTP/1.1" 200 0 "-" "WordPress/6.7.2; https://bakingsecurityin.com"
198.54.114.80 - - [05/Apr/2025:01:52:56 -0400] "POST /xmlrpc.php HTTP/1.1" 200 212 "http://bakingsecurityin.com" "Mozilla/5.0 (Windows NT 10.0; Win64; x64) AppleWebKit/537.36 (KHTML, like Gecko) Chrome/116.0.5845.96 Safari/537.36 Edg/116.0.1938.62"
198.54.114.83 - - [05/Apr/2025:01:53:04 -0400] "POST /wp-cron.php?doing_wp_cron=1743832380.9340679645538330078125 HTTP/1.1" 200 0 "-" "WordPress/6.7.2; https://bakingsecurityin.com"
216.244.66.236 - - [05/Apr/2025:02:15:11 -0400] "GET /the-procedure-to-be-followed-to-find-a-good-dentist/ HTTP/1.1" 301 0 "-" "Mozilla/5.0 (compatible; DotBot/1.2; +https://opensiteexplorer.org/dotbot; help@moz.com)"
198.54.114.83 - - [05/Apr/2025:02:15:13 -0400] "POST /wp-cron.php?doing_wp_cron=1743833711.6401970386505126953125 HTTP/1.1" 200 0 "-" "WordPress/6.7.2; https://bakingsecurityin.com"
185.189.114.115 - - [05/Apr/2025:02:42:07 -0400] "GET / HTTP/1.1" 200 0 "http://bakingsecurityin.com/" "Mozilla/5.0 (Windows NT 10.0; Win64; x64) AppleWebKit/537.36 (KHTML, like Gecko) Chrome/129.0.0.0 Safari/537.36"
216.244.66.236 - - [05/Apr/2025:02:51:05 -0400] "GET /robots.txt HTTP/1.1" 304 0 "-" "Mozilla/5.0 (compatible; DotBot/1.2; +https://opensiteexplorer.org/dotbot; help@moz.com)"
198.54.114.83 - - [05/Apr/2025:02:59:28 -0400] "POST /wp-cron.php?doing_wp_cron=1743836367.2755250930786132812500 HTTP/1.1" 200 0 "-" "WordPress/6.7.2; https://bakingsecurityin.com"
216.244.66.236 - - [05/Apr/2025:02:59:24 -0400] "GET /gucci-briefcases-for-women/ HTTP/1.1" 200 0 "-" "Mozilla/5.0 (compatible; DotBot/1.2; +https://opensiteexplorer.org/dotbot; help@moz.com)"
216.244.66.236 - - [05/Apr/2025:03:00:19 -0400] "GET /melbet-india-review/ HTTP/1.1" 200 0 "-" "Mozilla/5.0 (compatible; DotBot/1.2; +https://opensiteexplorer.org/dotbot; help@moz.com)"
216.244.66.236 - - [05/Apr/2025:03:02:26 -0400] "GET /what-to-look-for-when-buying-a-used-bike/ HTTP/1.1" 404 0 "-" "Mozilla/5.0 (compatible; DotBot/1.2; +https://opensiteexplorer.org/dotbot; help@moz.com)"
216.244.66.236 - - [05/Apr/2025:03:05:34 -0400] "GET /cheap-banners-are-a-great-way-to-advertise/feed/ HTTP/1.1" 200 451 "-" "Mozilla/5.0 (compatible; DotBot/1.2; +https://opensiteexplorer.org/dotbot; help@moz.com)"
49.51.72.76 - - [05/Apr/2025:03:17:27 -0400] "GET / HTTP/1.1" 200 0 "-" "Mozilla/5.0 (iPhone; CPU iPhone OS 13_2_3 like Mac OS X) AppleWebKit/605.1.15 (KHTML, like Gecko) Version/13.0.3 Mobile/15E148 Safari/604.1"
198.54.114.83 - - [05/Apr/2025:03:17:36 -0400] "POST /wp-cron.php?doing_wp_cron=1743837452.1264359951019287109375 HTTP/1.1" 200 0 "-" "WordPress/6.7.2; https://bakingsecurityin.com"
216.244.66.236 - - [05/Apr/2025:03:47:36 -0400] "GET /how-to-use-a-bitcoin-mixer/ HTTP/1.1" 200 0 "-" "Mozilla/5.0 (compatible; DotBot/1.2; +https://opensiteexplorer.org/dotbot; help@moz.com)"
198.54.114.83 - - [05/Apr/2025:03:47:39 -0400] "POST /wp-cron.php?doing_wp_cron=1743839257.2318849563598632812500 HTTP/1.1" 200 0 "-" "WordPress/6.7.2; https://bakingsecurityin.com"
216.244.66.236 - - [05/Apr/2025:03:48:03 -0400] "GET /borracce-personalizzate/ HTTP/1.1" 200 0 "-" "Mozilla/5.0 (compatible; DotBot/1.2; +https://opensiteexplorer.org/dotbot; help@moz.com)"
216.244.66.236 - - [05/Apr/2025:03:50:42 -0400] "GET /sample-page/ HTTP/1.1" 200 0 "-" "Mozilla/5.0 (compatible; DotBot/1.2; +https://opensiteexplorer.org/dotbot; help@moz.com)"
216.244.66.236 - - [05/Apr/2025:03:53:19 -0400] "GET /buying-a-michael-kors-satchel-bag/feed/ HTTP/1.1" 200 441 "-" "Mozilla/5.0 (compatible; DotBot/1.2; +https://opensiteexplorer.org/dotbot; help@moz.com)"
216.244.66.236 - - [05/Apr/2025:03:53:29 -0400] "GET /entdecke-das-lebendige-viertel-dusseldorf-unterbilk/feed/ HTTP/1.1" 200 458 "-" "Mozilla/5.0 (compatible; DotBot/1.2; +https://opensiteexplorer.org/dotbot; help@moz.com)"
198.54.114.83 - - [05/Apr/2025:03:53:35 -0400] "POST /wp-cron.php?doing_wp_cron=1743839615.1924719810485839843750 HTTP/1.1" 200 0 "-" "WordPress/6.7.2; https://bakingsecurityin.com"
216.244.66.236 - - [05/Apr/2025:03:53:34 -0400] "GET /resolving-party-wall-disputes-amicably/feed/ HTTP/1.1" 200 443 "-" "Mozilla/5.0 (compatible; DotBot/1.2; +https://opensiteexplorer.org/dotbot; help@moz.com)"
2602:fb54:313:: - - [05/Apr/2025:04:14:20 -0400] "GET /administrator/index.php HTTP/1.1" 301 0 "http://bakingsecurityin.com" "Mozilla/5.0 (Windows NT 10.0; Win64; x64) AppleWebKit/537.36 (KHTML, like Gecko) Chrome/124.0.0.0 Safari/537.36"
2602:fb54:313:: - - [05/Apr/2025:04:14:21 -0400] "GET /administrator/ HTTP/1.1" 404 0 "http://bakingsecurityin.com" "Mozilla/5.0 (Windows NT 10.0; Win64; x64) AppleWebKit/537.36 (KHTML, like Gecko) Chrome/124.0.0.0 Safari/537.36"
2602:fb54:313:: - - [05/Apr/2025:04:14:25 -0400] "POST /user/login HTTP/1.1" 404 0 "https://bakingsecurityin.com/user/login" "Mozilla/5.0 (Windows NT 10.0; Win64; x64) AppleWebKit/537.36 (KHTML, like Gecko) Chrome/129.0.0.0 Safari/537.36"
216.244.66.236 - - [05/Apr/2025:04:25:21 -0400] "GET /robots.txt HTTP/1.1" 304 0 "-" "Mozilla/5.0 (compatible; DotBot/1.2; +https://opensiteexplorer.org/dotbot; help@moz.com)"
216.244.66.236 - - [05/Apr/2025:04:35:20 -0400] "GET /how-to-zoom-on-tiktok/feed/ HTTP/1.1" 200 430 "-" "Mozilla/5.0 (compatible; DotBot/1.2; +https://opensiteexplorer.org/dotbot; help@moz.com)"
198.54.114.83 - - [05/Apr/2025:04:39:18 -0400] "POST /wp-cron.php?doing_wp_cron=1743842358.3491530418395996093750 HTTP/1.1" 200 0 "-" "WordPress/6.7.2; https://bakingsecurityin.com"
216.244.66.236 - - [05/Apr/2025:04:39:14 -0400] "GET /how-to-prevent-thread-galling/feed/ HTTP/1.1" 200 434 "-" "Mozilla/5.0 (compatible; DotBot/1.2; +https://opensiteexplorer.org/dotbot; help@moz.com)"
216.244.66.236 - - [05/Apr/2025:05:14:29 -0400] "GET /robots.txt HTTP/1.1" 304 0 "-" "Mozilla/5.0 (compatible; DotBot/1.2; +https://opensiteexplorer.org/dotbot; help@moz.com)"
198.54.114.83 - - [05/Apr/2025:05:24:19 -0400] "POST /wp-cron.php?doing_wp_cron=1743845059.0164151191711425781250 HTTP/1.1" 200 0 "-" "WordPress/6.7.2; https://bakingsecurityin.com"
216.244.66.236 - - [05/Apr/2025:05:24:17 -0400] "GET /the-benefits-of-sports-grip-socks/ HTTP/1.1" 200 0 "-" "Mozilla/5.0 (compatible; DotBot/1.2; +https://opensiteexplorer.org/dotbot; help@moz.com)"
198.54.114.83 - - [05/Apr/2025:05:24:32 -0400] "POST /wp-cron.php?doing_wp_cron=1743845072.0277020931243896484375 HTTP/1.1" 200 0 "-" "WordPress/6.7.2; https://bakingsecurityin.com"
216.244.66.236 - - [05/Apr/2025:05:24:31 -0400] "GET /le-tazze-personalizzate-sono-un-ottimo-modo-per-mostrare-la-tua-personalita/ HTTP/1.1" 200 0 "-" "Mozilla/5.0 (compatible; DotBot/1.2; +https://opensiteexplorer.org/dotbot; help@moz.com)"
216.244.66.236 - - [05/Apr/2025:05:24:43 -0400] "GET /affordable-dental-insurance-meets-your-dental-needs/ HTTP/1.1" 200 0 "-" "Mozilla/5.0 (compatible; DotBot/1.2; +https://opensiteexplorer.org/dotbot; help@moz.com)"
198.54.114.83 - - [05/Apr/2025:05:27:39 -0400] "POST /wp-cron.php?doing_wp_cron=1743845259.6895039081573486328125 HTTP/1.1" 200 0 "-" "WordPress/6.7.2; https://bakingsecurityin.com"
216.244.66.236 - - [05/Apr/2025:05:27:36 -0400] "GET /pharma-shopping-how-consumers-can-save-on-prescription-drugs/ HTTP/1.1" 301 0 "-" "Mozilla/5.0 (compatible; DotBot/1.2; +https://opensiteexplorer.org/dotbot; help@moz.com)"
198.54.114.83 - - [05/Apr/2025:06:12:11 -0400] "POST /wp-cron.php?doing_wp_cron=1743847931.6603109836578369140625 HTTP/1.1" 200 0 "-" "WordPress/6.7.2; https://bakingsecurityin.com"
216.244.66.236 - - [05/Apr/2025:06:12:11 -0400] "GET /the-benefits-of-an-mba/ HTTP/1.1" 200 0 "-" "Mozilla/5.0 (compatible; DotBot/1.2; +https://opensiteexplorer.org/dotbot; help@moz.com)"
216.244.66.236 - - [05/Apr/2025:06:12:23 -0400] "GET /how-much-does-a-bathroom-renovation-cost-in-melbourne/ HTTP/1.1" 200 0 "-" "Mozilla/5.0 (compatible; DotBot/1.2; +https://opensiteexplorer.org/dotbot; help@moz.com)"
103.190.204.38 - - [05/Apr/2025:06:15:25 -0400] "POST /wp-login.php HTTP/1.1" 302 0 "http://bakingsecurityin.com/wp-admin/" "Mozilla/5.0 (Windows NT 10.0; Win64; x64) AppleWebKit/537.36 (KHTML, like Gecko) Chrome/90.0.4430.85 Safari/537.36"
216.244.66.236 - - [05/Apr/2025:06:49:35 -0400] "GET /robots.txt HTTP/1.1" 200 116 "-" "Mozilla/5.0 (compatible; DotBot/1.2; +https://opensiteexplorer.org/dotbot; help@moz.com)"
156.146.35.166 - - [05/Apr/2025:06:56:20 -0400] "GET /.env HTTP/1.1" 404 0 "-" "-"
156.146.35.166 - - [05/Apr/2025:06:56:20 -0400] "GET /.env HTTP/1.1" 404 0 "-" "-"
198.54.114.83 - - [05/Apr/2025:06:57:53 -0400] "POST /wp-cron.php?doing_wp_cron=1743850673.4204640388488769531250 HTTP/1.1" 200 0 "-" "WordPress/6.7.2; https://bakingsecurityin.com"
216.244.66.236 - - [05/Apr/2025:06:57:52 -0400] "GET /a-look-at-deck-fasteners/ HTTP/1.1" 200 0 "-" "Mozilla/5.0 (compatible; DotBot/1.2; +https://opensiteexplorer.org/dotbot; help@moz.com)"
198.54.114.83 - - [05/Apr/2025:06:58:47 -0400] "POST /wp-cron.php?doing_wp_cron=1743850727.8206501007080078125000 HTTP/1.1" 200 0 "-" "WordPress/6.7.2; https://bakingsecurityin.com"
216.244.66.236 - - [05/Apr/2025:06:58:47 -0400] "GET /creative-solutions-for-small-bathroom-renovations/feed/ HTTP/1.1" 200 450 "-" "Mozilla/5.0 (compatible; DotBot/1.2; +https://opensiteexplorer.org/dotbot; help@moz.com)"
216.244.66.236 - - [05/Apr/2025:06:58:52 -0400] "GET /mastering-instagram-the-art-of-freezing-your-account/feed/ HTTP/1.1" 200 463 "-" "Mozilla/5.0 (compatible; DotBot/1.2; +https://opensiteexplorer.org/dotbot; help@moz.com)"
216.244.66.236 - - [05/Apr/2025:07:00:01 -0400] "GET /enjoy-the-convenience-of-online-delivery-services/ HTTP/1.1" 200 0 "-" "Mozilla/5.0 (compatible; DotBot/1.2; +https://opensiteexplorer.org/dotbot; help@moz.com)"
198.54.114.83 - - [05/Apr/2025:07:01:38 -0400] "POST /wp-cron.php?doing_wp_cron=1743850897.6960780620574951171875 HTTP/1.1" 200 0 "-" "WordPress/6.7.2; https://bakingsecurityin.com"
52.167.169.58 - - [05/Apr/2025:07:01:34 -0400] "GET /wp-content/plugins/hellopress/wp_filemanager.php HTTP/1.1" 404 0 "-" "-"
52.167.169.58 - - [05/Apr/2025:07:01:39 -0400] "GET /wp-includes/Text/network.php HTTP/1.1" 404 0 "-" "-"
52.167.169.58 - - [05/Apr/2025:07:01:40 -0400] "GET /wp-content/upgrade-temp-backup/wp-login.php HTTP/1.1" 404 0 "-" "-"
52.167.169.58 - - [05/Apr/2025:07:01:41 -0400] "GET /js/fm.php HTTP/1.1" 404 0 "-" "-"
52.167.169.58 - - [05/Apr/2025:07:01:43 -0400] "GET /wp-content/themes/astra/inc/ki1k.php HTTP/1.1" 404 0 "-" "-"
52.167.169.58 - - [05/Apr/2025:07:01:46 -0400] "GET /WordPress/wp-admin/includes/zmFM.php HTTP/1.1" 404 0 "-" "-"
52.167.169.58 - - [05/Apr/2025:07:01:47 -0400] "GET /default.php HTTP/1.1" 404 0 "-" "-"
52.167.169.58 - - [05/Apr/2025:07:01:49 -0400] "GET /ty.php HTTP/1.1" 404 0 "-" "-"
52.167.169.58 - - [05/Apr/2025:07:01:50 -0400] "GET /wp-content/themes/cay-van-phong/filemanager.php HTTP/1.1" 404 0 "-" "-"
52.167.169.58 - - [05/Apr/2025:07:01:51 -0400] "GET /fm.php HTTP/1.1" 404 0 "-" "-"
52.167.169.58 - - [05/Apr/2025:07:01:51 -0400] "GET /wp-content/plugins/seoplugins/index.php HTTP/1.1" 301 0 "-" "-"
52.167.169.58 - - [05/Apr/2025:07:01:52 -0400] "GET /wp-content/plugins/seoplugins/ HTTP/1.1" 404 0 "-" "-"
52.167.169.58 - - [05/Apr/2025:07:01:52 -0400] "GET /ini.php HTTP/1.1" 404 0 "-" "-"
52.167.169.58 - - [05/Apr/2025:07:01:53 -0400] "GET /libraries/legacy/info.php HTTP/1.1" 404 0 "-" "-"
52.167.169.58 - - [05/Apr/2025:07:01:53 -0400] "GET /wp-content/themes/include.php HTTP/1.1" 404 0 "-" "-"
52.167.169.58 - - [05/Apr/2025:07:01:54 -0400] "GET /wp-admin/network/about.php HTTP/1.1" 302 0 "-" "-"
52.167.169.58 - - [05/Apr/2025:07:01:56 -0400] "GET /alfa.php HTTP/1.1" 404 0 "-" "-"
52.167.169.58 - - [05/Apr/2025:07:01:56 -0400] "GET /wp-mail.php/wp-includes/ID3/rk2.php HTTP/1.1" 403 1138 "-" "-"
52.167.169.58 - - [05/Apr/2025:07:01:57 -0400] "GET /assets/images/28c5400b0b.php HTTP/1.1" 404 0 "-" "-"
52.167.169.58 - - [05/Apr/2025:07:01:57 -0400] "GET /wordpress/wp-includes/wp-config-sample.php HTTP/1.1" 404 0 "-" "-"
52.167.169.58 - - [05/Apr/2025:07:01:58 -0400] "GET /wp-mail.php/wp-includes/ID3/.info.php HTTP/1.1" 403 1138 "-" "-"
52.167.169.58 - - [05/Apr/2025:07:01:58 -0400] "GET /wp-includes/Text/Diff/Engine/about.php HTTP/1.1" 404 0 "-" "-"
52.167.169.58 - - [05/Apr/2025:07:01:59 -0400] "GET /wp-includes/js/tinymce/skins/lightgray/img/about.php HTTP/1.1" 404 0 "-" "-"
52.167.169.58 - - [05/Apr/2025:07:02:00 -0400] "GET /wp-includes/block-supports/autoload_classmap.php HTTP/1.1" 404 0 "-" "-"
52.167.169.58 - - [05/Apr/2025:07:02:00 -0400] "GET /wp-content/uploads/classwithtostring.php HTTP/1.1" 404 0 "-" "-"
52.167.169.58 - - [05/Apr/2025:07:02:01 -0400] "GET /wp-admin/images/install.php HTTP/1.1" 404 0 "-" "-"
52.167.169.58 - - [05/Apr/2025:07:02:02 -0400] "GET /.well-known/link.php HTTP/1.1" 404 0 "-" "-"
52.167.169.58 - - [05/Apr/2025:07:02:02 -0400] "GET /wp-admin/chosen.php HTTP/1.1" 404 0 "-" "-"
52.167.169.58 - - [05/Apr/2025:07:02:02 -0400] "GET /info.php HTTP/1.1" 404 0 "-" "-"
52.167.169.58 - - [05/Apr/2025:07:02:03 -0400] "GET /wp-includes/assets/about.php HTTP/1.1" 404 0 "-" "-"
52.167.169.58 - - [05/Apr/2025:07:02:03 -0400] "GET /test.php HTTP/1.1" 404 0 "-" "-"
52.167.169.58 - - [05/Apr/2025:07:02:04 -0400] "GET /wp-admin/css/colors/ectoplasm/wp-login.php HTTP/1.1" 404 0 "-" "-"
52.167.169.58 - - [05/Apr/2025:07:02:04 -0400] "GET /Assets/item.php HTTP/1.1" 404 0 "-" "-"
52.167.169.58 - - [05/Apr/2025:07:02:05 -0400] "GET /shop/lock.php HTTP/1.1" 404 0 "-" "-"
52.167.169.58 - - [05/Apr/2025:07:02:05 -0400] "GET /th/plugins/phpThumb/404.php HTTP/1.1" 404 0 "-" "-"
52.167.169.58 - - [05/Apr/2025:07:02:05 -0400] "GET /wp-includes/css/dist/preferences/index.php HTTP/1.1" 301 0 "-" "-"
52.167.169.58 - - [05/Apr/2025:07:02:06 -0400] "GET /wp-includes/css/dist/preferences/ HTTP/1.1" 403 1242 "-" "-"
52.167.169.58 - - [05/Apr/2025:07:02:06 -0400] "GET /files/log.php HTTP/1.1" 404 0 "-" "-"
52.167.169.58 - - [05/Apr/2025:07:02:07 -0400] "GET /wp-includes/html-api/index.php HTTP/1.1" 301 0 "-" "-"
52.167.169.58 - - [05/Apr/2025:07:02:08 -0400] "GET /wp-includes/html-api/ HTTP/1.1" 403 1242 "-" "-"
52.167.169.58 - - [05/Apr/2025:07:02:08 -0400] "GET /x.php HTTP/1.1" 404 0 "-" "-"
52.167.169.58 - - [05/Apr/2025:07:02:09 -0400] "GET /wp-includes/assets/index.php HTTP/1.1" 301 0 "-" "-"
52.167.169.58 - - [05/Apr/2025:07:02:09 -0400] "GET /wp-includes/assets/ HTTP/1.1" 403 1242 "-" "-"
52.167.169.58 - - [05/Apr/2025:07:02:09 -0400] "GET /wp-includes/block-patterns/vuln.php HTTP/1.1" 404 0 "-" "-"
52.167.169.58 - - [05/Apr/2025:07:02:12 -0400] "GET /wp-includes/rest-api/fields/index.php HTTP/1.1" 301 0 "-" "-"
52.167.169.58 - - [05/Apr/2025:07:02:13 -0400] "GET /wp-includes/rest-api/fields/ HTTP/1.1" 403 1242 "-" "-"
52.167.169.58 - - [05/Apr/2025:07:02:13 -0400] "GET /wp-includes/images/media/wp-login.php HTTP/1.1" 404 0 "-" "-"
52.167.169.58 - - [05/Apr/2025:07:02:14 -0400] "GET /wp-content/uploads/autoload_classmap.php HTTP/1.1" 404 0 "-" "-"
52.167.169.58 - - [05/Apr/2025:07:02:14 -0400] "GET /images/404.php HTTP/1.1" 404 0 "-" "-"
52.167.169.58 - - [05/Apr/2025:07:02:15 -0400] "GET /wp-content/languages/asus.php HTTP/1.1" 404 0 "-" "-"
52.167.169.58 - - [05/Apr/2025:07:02:15 -0400] "GET /admin.php HTTP/1.1" 404 0 "-" "-"
52.167.169.58 - - [05/Apr/2025:07:02:16 -0400] "GET /.well-known/pki-validation/parx.php HTTP/1.1" 404 1251 "-" "-"
52.167.169.58 - - [05/Apr/2025:07:02:16 -0400] "GET /wp-content/plugins/wp-login.php HTTP/1.1" 404 0 "-" "-"
52.167.169.58 - - [05/Apr/2025:07:02:16 -0400] "GET /12wudscz.php HTTP/1.1" 404 0 "-" "-"
52.167.169.58 - - [05/Apr/2025:07:02:17 -0400] "GET /wp-content/themes/wp-pridmag/admin.php HTTP/1.1" 404 0 "-" "-"
52.167.169.58 - - [05/Apr/2025:07:02:17 -0400] "GET /wp-includes/Text/wp-conflg.php HTTP/1.1" 404 0 "-" "-"
52.167.169.58 - - [05/Apr/2025:07:02:18 -0400] "GET /wp-content/plugins/background-image-cropper/plugins.php HTTP/1.1" 404 0 "-" "-"
52.167.169.58 - - [05/Apr/2025:07:02:18 -0400] "GET /classwithtostring.php HTTP/1.1" 404 0 "-" "-"
52.167.169.58 - - [05/Apr/2025:07:02:19 -0400] "GET /wp-includes/Text/Diff/Renderer/wp-login.php HTTP/1.1" 404 0 "-" "-"
52.167.169.58 - - [05/Apr/2025:07:02:19 -0400] "GET /wp-admin/images/users.php HTTP/1.1" 404 0 "-" "-"
52.167.169.58 - - [05/Apr/2025:07:02:20 -0400] "GET /wp-includes/rest-api/endpoints/index.php HTTP/1.1" 301 0 "-" "-"
52.167.169.58 - - [05/Apr/2025:07:02:20 -0400] "GET /wp-includes/rest-api/endpoints/ HTTP/1.1" 403 1242 "-" "-"
52.167.169.58 - - [05/Apr/2025:07:02:20 -0400] "GET /wp-includes/random_compat/about.php HTTP/1.1" 404 0 "-" "-"
52.167.169.58 - - [05/Apr/2025:07:02:21 -0400] "GET /index/about.php HTTP/1.1" 404 0 "-" "-"
52.167.169.58 - - [05/Apr/2025:07:02:21 -0400] "GET /manager.php HTTP/1.1" 404 0 "-" "-"
52.167.169.58 - - [05/Apr/2025:07:02:22 -0400] "GET /.well-known/pki-validation/about.php HTTP/1.1" 404 1251 "-" "-"
52.167.169.58 - - [05/Apr/2025:07:02:23 -0400] "GET /wp-admin/user/content.php HTTP/1.1" 404 0 "-" "-"
52.167.169.58 - - [05/Apr/2025:07:02:24 -0400] "GET /modules/mod_simplefileuploadv1.3/elements/filemanager.php HTTP/1.1" 404 0 "-" "-"
52.167.169.58 - - [05/Apr/2025:07:02:25 -0400] "GET /about/function.php HTTP/1.1" 404 0 "-" "-"
52.167.169.58 - - [05/Apr/2025:07:02:26 -0400] "GET /wp-content/plugins/wp.php HTTP/1.1" 404 0 "-" "-"
52.167.169.58 - - [05/Apr/2025:07:02:27 -0400] "GET /wp-admin/includes/index.php HTTP/1.1" 301 0 "-" "-"
52.167.169.58 - - [05/Apr/2025:07:02:27 -0400] "GET /wp-admin/includes/ HTTP/1.1" 403 1242 "-" "-"
52.167.169.58 - - [05/Apr/2025:07:02:27 -0400] "GET /wp-includes/SimplePie/Cache/content.php HTTP/1.1" 404 0 "-" "-"
52.167.169.58 - - [05/Apr/2025:07:02:28 -0400] "GET /wp-content/themes/xmrlpc.php HTTP/1.1" 404 0 "-" "-"
52.167.169.58 - - [05/Apr/2025:07:02:29 -0400] "GET /wp-includes/js/wp-login.php HTTP/1.1" 404 0 "-" "-"
52.167.169.58 - - [05/Apr/2025:07:02:30 -0400] "GET /wp-mail.php/wp-includes/ID3/taptap-null.php HTTP/1.1" 403 1138 "-" "-"
52.167.169.58 - - [05/Apr/2025:07:02:30 -0400] "GET /.well-known/as.php HTTP/1.1" 404 0 "-" "-"
52.167.169.58 - - [05/Apr/2025:07:02:30 -0400] "GET /wp-includes/customize/wp-login.php HTTP/1.1" 404 0 "-" "-"
52.167.169.58 - - [05/Apr/2025:07:02:31 -0400] "GET /.well-known/lv.php HTTP/1.1" 404 0 "-" "-"
198.54.114.83 - - [05/Apr/2025:07:02:32 -0400] "POST /wp-cron.php?doing_wp_cron=1743850952.1686859130859375000000 HTTP/1.1" 200 0 "-" "WordPress/6.7.2; https://bakingsecurityin.com"
52.167.169.58 - - [05/Apr/2025:07:02:31 -0400] "GET /themes.php HTTP/1.1" 404 0 "-" "-"
52.167.169.58 - - [05/Apr/2025:07:02:32 -0400] "GET /wp-content/plugins/duplicator/assets/about.php HTTP/1.1" 404 0 "-" "-"
52.167.169.58 - - [05/Apr/2025:07:02:33 -0400] "GET /wp-admin/network/upfile.php HTTP/1.1" 404 0 "-" "-"
52.167.169.58 - - [05/Apr/2025:07:02:34 -0400] "GET /wp-content/plugins/index.php HTTP/1.1" 200 0 "-" "-"
52.167.169.58 - - [05/Apr/2025:07:02:34 -0400] "GET /wp-includes/sitemaps/providers/about.php HTTP/1.1" 404 0 "-" "-"
52.167.169.58 - - [05/Apr/2025:07:02:35 -0400] "GET /wp-content/upgrade/autoload_classmap.php HTTP/1.1" 404 0 "-" "-"
52.167.169.58 - - [05/Apr/2025:07:02:35 -0400] "GET /images/cjfuns.php HTTP/1.1" 404 0 "-" "-"
52.167.169.58 - - [05/Apr/2025:07:02:36 -0400] "GET /wp-includes/sodium_compat/src/content.php HTTP/1.1" 404 0 "-" "-"
52.167.169.58 - - [05/Apr/2025:07:02:36 -0400] "GET /wp-includes/rest-api/admin.php HTTP/1.1" 404 0 "-" "-"
52.167.169.58 - - [05/Apr/2025:07:02:37 -0400] "GET /wp-includes/js/crop/zmFM.php HTTP/1.1" 404 0 "-" "-"
52.167.169.58 - - [05/Apr/2025:07:02:37 -0400] "GET /wp-2019.php HTTP/1.1" 404 0 "-" "-"
52.167.169.58 - - [05/Apr/2025:07:02:38 -0400] "GET /wp-includes/js/about.php HTTP/1.1" 404 0 "-" "-"
52.167.169.58 - - [05/Apr/2025:07:02:38 -0400] "GET /wp-content/plugin.php HTTP/1.1" 404 0 "-" "-"
52.167.169.58 - - [05/Apr/2025:07:02:39 -0400] "GET /wp-admin/js/widgets/xmrlpc.php HTTP/1.1" 404 0 "-" "-"
52.167.169.58 - - [05/Apr/2025:07:02:39 -0400] "GET /wp-configs.php HTTP/1.1" 404 0 "-" "-"
52.167.169.58 - - [05/Apr/2025:07:02:40 -0400] "GET /wp-includes/Text/wp.php HTTP/1.1" 404 0 "-" "-"
52.167.169.58 - - [05/Apr/2025:07:02:40 -0400] "GET /inputs.php HTTP/1.1" 404 0 "-" "-"
52.167.169.58 - - [05/Apr/2025:07:02:41 -0400] "GET /wp-includes/block-supports/about.php HTTP/1.1" 404 0 "-" "-"
52.167.169.58 - - [05/Apr/2025:07:02:41 -0400] "GET /wp-admin/network/chosen.php HTTP/1.1" 404 0 "-" "-"
52.167.169.58 - - [05/Apr/2025:07:02:42 -0400] "GET /wp-includes/images/chosen.php HTTP/1.1" 404 0 "-" "-"
52.167.169.58 - - [05/Apr/2025:07:02:42 -0400] "GET /.well-known/acme-challenge/parx.php HTTP/1.1" 404 0 "-" "-"
52.167.169.58 - - [05/Apr/2025:07:02:43 -0400] "GET /wp-includes/sodium_compat/src/Core32/Curve25519/Ge/about.php HTTP/1.1" 404 0 "-" "-"
52.167.169.58 - - [05/Apr/2025:07:02:43 -0400] "GET /index/function.php HTTP/1.1" 404 0 "-" "-"
52.167.169.58 - - [05/Apr/2025:07:02:43 -0400] "GET /css.php HTTP/1.1" 404 0 "-" "-"
52.167.169.58 - - [05/Apr/2025:07:02:43 -0400] "GET /wp-content/languages/index.php HTTP/1.1" 301 0 "-" "-"
52.167.169.58 - - [05/Apr/2025:07:02:44 -0400] "GET /wp-content/languages/ HTTP/1.1" 404 0 "-" "-"
52.167.169.58 - - [05/Apr/2025:07:02:44 -0400] "GET /network.php HTTP/1.1" 404 0 "-" "-"
52.167.169.58 - - [05/Apr/2025:07:02:45 -0400] "GET /wp-admin/css/colors/blue/wp-login.php HTTP/1.1" 404 0 "-" "-"
52.167.169.58 - - [05/Apr/2025:07:02:45 -0400] "GET /admin/fckeditor/editor/filemanager/updates.php HTTP/1.1" 404 0 "-" "-"
52.167.169.58 - - [05/Apr/2025:07:02:45 -0400] "GET /wp-content/uploads/file.php HTTP/1.1" 404 0 "-" "-"
52.167.169.58 - - [05/Apr/2025:07:02:46 -0400] "GET /wp-includes/Requests/Response/wp-login.php HTTP/1.1" 404 0 "-" "-"
52.167.169.58 - - [05/Apr/2025:07:02:46 -0400] "GET /wp-admin/css/colors/coffee/alfa-rex.php HTTP/1.1" 404 0 "-" "-"
52.167.169.58 - - [05/Apr/2025:07:02:46 -0400] "GET /wp-includes/SimplePie/Cache/about.php HTTP/1.1" 404 0 "-" "-"
52.167.169.58 - - [05/Apr/2025:07:02:47 -0400] "GET /wp-includes/sodium_compat/src/alfa-rex.php HTTP/1.1" 404 0 "-" "-"
