198.54.114.83 - - [08/Apr/2025:02:04:16 -0400] "POST /wp-cron.php?doing_wp_cron=1744092255.5242490768432617187500 HTTP/1.1" 200 0 "-" "WordPress/6.7.2; https://bakingsecurityin.com"
45.90.73.208 - - [08/Apr/2025:02:04:15 -0400] "POST /xmlrpc.php HTTP/1.1" 200 236 "-" "Mozilla/5.0 (X11; Fedora; Linux x86_64; rv:94.0) Gecko/20100101 Firefox/95.0"
198.54.114.83 - - [08/Apr/2025:02:06:17 -0400] "POST /wp-cron.php?doing_wp_cron=1744092376.5759770870208740234375 HTTP/1.1" 200 0 "-" "WordPress/6.7.2; https://bakingsecurityin.com"
150.109.230.210 - - [08/Apr/2025:02:06:13 -0400] "GET / HTTP/1.1" 200 0 "-" "Mozilla/5.0 (iPhone; CPU iPhone OS 13_2_3 like Mac OS X) AppleWebKit/605.1.15 (KHTML, like Gecko) Version/13.0.3 Mobile/15E148 Safari/604.1"
198.54.114.83 - - [08/Apr/2025:02:07:25 -0400] "POST /wp-cron.php?doing_wp_cron=1744092444.8790938854217529296875 HTTP/1.1" 200 0 "-" "WordPress/6.7.2; https://bakingsecurityin.com"
216.244.66.236 - - [08/Apr/2025:02:07:24 -0400] "GET /navigating-the-digital-casino-landscape-a-journey-through-online-gaming/ HTTP/1.1" 200 0 "-" "Mozilla/5.0 (compatible; DotBot/1.2; +https://opensiteexplorer.org/dotbot; help@moz.com)"
216.244.66.236 - - [08/Apr/2025:02:07:38 -0400] "GET /wie-vertriebsautomatisierung-ihrem-unternehmen-helfen-kann/ HTTP/1.1" 200 0 "-" "Mozilla/5.0 (compatible; DotBot/1.2; +https://opensiteexplorer.org/dotbot; help@moz.com)"
216.244.66.236 - - [08/Apr/2025:02:08:36 -0400] "GET /how-does-red-light-therapy-work/ HTTP/1.1" 200 0 "-" "Mozilla/5.0 (compatible; DotBot/1.2; +https://opensiteexplorer.org/dotbot; help@moz.com)"
198.54.114.83 - - [08/Apr/2025:02:08:56 -0400] "POST /wp-cron.php?doing_wp_cron=1744092535.9753379821777343750000 HTTP/1.1" 200 0 "-" "WordPress/6.7.2; https://bakingsecurityin.com"
216.244.66.236 - - [08/Apr/2025:02:08:55 -0400] "GET /the-benefits-of-an-mba/feed/ HTTP/1.1" 200 428 "-" "Mozilla/5.0 (compatible; DotBot/1.2; +https://opensiteexplorer.org/dotbot; help@moz.com)"
198.54.114.83 - - [08/Apr/2025:02:11:44 -0400] "POST /wp-cron.php?doing_wp_cron=1744092704.0142219066619873046875 HTTP/1.1" 200 0 "-" "WordPress/6.7.2; https://bakingsecurityin.com"
198.54.125.232 - - [08/Apr/2025:02:11:43 -0400] "POST /xmlrpc.php HTTP/1.1" 200 212 "http://bakingsecurityin.com" "Mozilla/5.0 (Windows NT 10.0; Win64; x64) AppleWebKit/537.36 (KHTML, like Gecko) Chrome/116.0.5845.96 Safari/537.36"
216.244.66.236 - - [08/Apr/2025:02:11:45 -0400] "GET /page/75/ HTTP/1.1" 200 0 "-" "Mozilla/5.0 (compatible; DotBot/1.2; +https://opensiteexplorer.org/dotbot; help@moz.com)"
216.244.66.236 - - [08/Apr/2025:02:12:43 -0400] "GET /how-much-do-all-on-4-dental-implants-cost/feed/ HTTP/1.1" 200 423 "-" "Mozilla/5.0 (compatible; DotBot/1.2; +https://opensiteexplorer.org/dotbot; help@moz.com)"
198.54.114.83 - - [08/Apr/2025:02:12:45 -0400] "POST /wp-cron.php?doing_wp_cron=1744092763.7665469646453857421875 HTTP/1.1" 200 0 "-" "WordPress/6.7.2; https://bakingsecurityin.com"
171.244.0.91 - - [08/Apr/2025:02:21:05 -0400] "POST /xmlrpc.php HTTP/1.1" 200 236 "-" "Mozilla/5.0 (X11; Fedora; Linux x86_64; rv:94.0) Gecko/20100101 Firefox/95.0"
198.54.114.83 - - [08/Apr/2025:02:24:48 -0400] "POST /wp-cron.php?doing_wp_cron=1744093488.3776679039001464843750 HTTP/1.1" 200 0 "-" "WordPress/6.7.2; https://bakingsecurityin.com"
103.186.185.28 - - [08/Apr/2025:02:24:44 -0400] "POST /xmlrpc.php HTTP/1.1" 200 212 "http://bakingsecurityin.com" "Mozilla/5.0 (Windows NT 10.0; Win64; x64) AppleWebKit/537.36 (KHTML, like Gecko) Chrome/116.0.5845.96 Safari/537.36"
114.119.158.133 - - [08/Apr/2025:02:27:50 -0400] "GET /robots.txt HTTP/1.1" 200 116 "-" "Mozilla/5.0 (compatible;PetalBot;+https://webmaster.petalsearch.com/site/petalbot)"
198.54.114.83 - - [08/Apr/2025:02:37:23 -0400] "POST /wp-cron.php?doing_wp_cron=1744094242.6157720088958740234375 HTTP/1.1" 200 0 "-" "WordPress/6.7.2; https://bakingsecurityin.com"
198.54.114.56 - - [08/Apr/2025:02:37:19 -0400] "POST /xmlrpc.php HTTP/1.1" 200 212 "http://bakingsecurityin.com" "Mozilla/5.0 (Macintosh; Intel Mac OS X 13_3) AppleWebKit/537.36 (KHTML, like Gecko) Chrome/126.0.0.0 Safari/537.36 Edg/126.0.0.0"
198.54.114.83 - - [08/Apr/2025:02:39:19 -0400] "POST /wp-cron.php?doing_wp_cron=1744094358.6713581085205078125000 HTTP/1.1" 200 0 "-" "WordPress/6.7.2; https://bakingsecurityin.com"
195.88.211.130 - - [08/Apr/2025:02:39:18 -0400] "POST /xmlrpc.php HTTP/1.1" 200 236 "-" "Mozilla/5.0 (X11; Fedora; Linux x86_64; rv:94.0) Gecko/20100101 Firefox/95.0"
198.54.114.83 - - [08/Apr/2025:02:49:21 -0400] "POST /wp-cron.php?doing_wp_cron=1744094960.4127480983734130859375 HTTP/1.1" 200 0 "-" "WordPress/6.7.2; https://bakingsecurityin.com"
199.188.207.168 - - [08/Apr/2025:02:49:17 -0400] "POST /xmlrpc.php HTTP/1.1" 200 212 "http://bakingsecurityin.com" "Mozilla/5.0 (Windows NT 10.0; Win64; x64) AppleWebKit/537.36 (KHTML, like Gecko) Chrome/112.0.5615.138 Safari/537.36"
216.244.66.236 - - [08/Apr/2025:02:56:20 -0400] "GET /exploring-fenbendazole-potential-benefits-for-humans/ HTTP/1.1" 200 0 "-" "Mozilla/5.0 (compatible; DotBot/1.2; +https://opensiteexplorer.org/dotbot; help@moz.com)"
198.54.114.83 - - [08/Apr/2025:02:56:27 -0400] "POST /wp-cron.php?doing_wp_cron=1744095386.9495120048522949218750 HTTP/1.1" 200 0 "-" "WordPress/6.7.2; https://bakingsecurityin.com"
216.244.66.236 - - [08/Apr/2025:02:56:26 -0400] "GET /online-casino-games/ HTTP/1.1" 200 0 "-" "Mozilla/5.0 (compatible; DotBot/1.2; +https://opensiteexplorer.org/dotbot; help@moz.com)"
216.244.66.236 - - [08/Apr/2025:02:56:34 -0400] "GET /why-the-name-ronaldo-is-so-popular-in-the-football-arena/ HTTP/1.1" 200 0 "-" "Mozilla/5.0 (compatible; DotBot/1.2; +https://opensiteexplorer.org/dotbot; help@moz.com)"
216.244.66.236 - - [08/Apr/2025:02:58:49 -0400] "GET /bewertung-von-immobilien-eine-analyse/feed/ HTTP/1.1" 200 443 "-" "Mozilla/5.0 (compatible; DotBot/1.2; +https://opensiteexplorer.org/dotbot; help@moz.com)"
91.238.162.8 - - [08/Apr/2025:02:58:53 -0400] "POST /xmlrpc.php HTTP/1.1" 200 236 "-" "Mozilla/5.0 (X11; Fedora; Linux x86_64; rv:94.0) Gecko/20100101 Firefox/95.0"
198.54.114.83 - - [08/Apr/2025:02:58:54 -0400] "POST /wp-cron.php?doing_wp_cron=1744095532.1705019474029541015625 HTTP/1.1" 200 0 "-" "WordPress/6.7.2; https://bakingsecurityin.com"
114.55.74.90 - - [08/Apr/2025:03:01:06 -0400] "POST /xmlrpc.php HTTP/1.1" 200 212 "http://bakingsecurityin.com" "Mozilla/5.0 (Windows NT 11.0; Win64; x64) AppleWebKit/537.36 (KHTML, like Gecko) Chrome/126.0.0.0 Safari/537.36"
198.54.114.83 - - [08/Apr/2025:03:01:10 -0400] "POST /wp-cron.php?doing_wp_cron=1744095669.0973699092864990234375 HTTP/1.1" 200 0 "-" "WordPress/6.7.2; https://bakingsecurityin.com"
198.54.114.83 - - [08/Apr/2025:03:05:24 -0400] "POST /wp-cron.php?doing_wp_cron=1744095922.8194899559020996093750 HTTP/1.1" 200 0 "-" "WordPress/6.7.2; https://bakingsecurityin.com"
216.244.66.236 - - [08/Apr/2025:03:05:19 -0400] "GET /law-tuition-the-sticker-price-of-law-school/feed/ HTTP/1.1" 200 459 "-" "Mozilla/5.0 (compatible; DotBot/1.2; +https://opensiteexplorer.org/dotbot; help@moz.com)"
216.244.66.236 - - [08/Apr/2025:03:05:54 -0400] "GET /personnalisation-de-nappe-avec-logo-pour-salon-elegance-et-praticite/feed/ HTTP/1.1" 200 488 "-" "Mozilla/5.0 (compatible; DotBot/1.2; +https://opensiteexplorer.org/dotbot; help@moz.com)"
198.54.114.83 - - [08/Apr/2025:03:12:31 -0400] "POST /wp-cron.php?doing_wp_cron=1744096350.7629649639129638671875 HTTP/1.1" 200 0 "-" "WordPress/6.7.2; https://bakingsecurityin.com"
162.0.209.35 - - [08/Apr/2025:03:12:28 -0400] "POST /xmlrpc.php HTTP/1.1" 200 212 "http://bakingsecurityin.com" "Mozilla/5.0 (Windows NT 10.0; Win64; x64) AppleWebKit/537.36 (KHTML, like Gecko) Chrome/114.0.5735.199 Safari/537.36 Edg/114.0.1823.67"
182.42.104.32 - - [08/Apr/2025:03:14:42 -0400] "GET / HTTP/1.1" 200 0 "-" "Mozilla/5.0 (iPhone; CPU iPhone OS 13_2_3 like Mac OS X) AppleWebKit/605.1.15 (KHTML, like Gecko) Version/13.0.3 Mobile/15E148 Safari/604.1"
88.208.227.49 - - [08/Apr/2025:03:19:43 -0400] "POST /xmlrpc.php HTTP/1.1" 200 236 "-" "Mozilla/5.0 (X11; Fedora; Linux x86_64; rv:94.0) Gecko/20100101 Firefox/95.0"
198.54.114.83 - - [08/Apr/2025:03:19:49 -0400] "POST /wp-cron.php?doing_wp_cron=1744096786.6988999843597412109375 HTTP/1.1" 200 0 "-" "WordPress/6.7.2; https://bakingsecurityin.com"
176.74.26.54 - - [08/Apr/2025:03:23:44 -0400] "POST /xmlrpc.php HTTP/1.1" 200 212 "http://bakingsecurityin.com" "Mozilla/5.0 (Macintosh; Intel Mac OS X 14_4_1) AppleWebKit/605.1.15 (KHTML, like Gecko) Version/17.3.1 Safari/605.1.15"
198.54.114.83 - - [08/Apr/2025:03:23:52 -0400] "POST /wp-cron.php?doing_wp_cron=1744097028.5653750896453857421875 HTTP/1.1" 200 0 "-" "WordPress/6.7.2; https://bakingsecurityin.com"
85.203.44.243 - - [08/Apr/2025:03:26:01 -0400] "GET /how-does-red-light-therapy-work/ HTTP/1.1" 200 0 "http://bakingsecurityin.com/how-does-red-light-therapy-work/" "Mozilla/5.0 (Windows NT 10.0; Win64; x64) AppleWebKit/537.36 (KHTML, like Gecko) Chrome/130.0.0.0 Safari/537.36"
85.203.44.242 - - [08/Apr/2025:03:26:03 -0400] "GET / HTTP/1.1" 200 0 "http://bakingsecurityin.com/" "Mozilla/5.0 (Windows NT 10.0; Win64; x64) AppleWebKit/537.36 (KHTML, like Gecko) Chrome/130.0.0.0 Safari/537.36"
198.54.114.83 - - [08/Apr/2025:03:26:09 -0400] "POST /wp-cron.php?doing_wp_cron=1744097166.7824978828430175781250 HTTP/1.1" 200 0 "-" "WordPress/6.7.2; https://bakingsecurityin.com"
148.72.214.194 - - [08/Apr/2025:03:41:26 -0400] "POST /xmlrpc.php HTTP/1.1" 200 236 "-" "Mozilla/5.0 (X11; Fedora; Linux x86_64; rv:94.0) Gecko/20100101 Firefox/95.0"
103.179.190.244 - - [08/Apr/2025:03:45:50 -0400] "POST /xmlrpc.php HTTP/1.1" 200 212 "http://bakingsecurityin.com" "Mozilla/5.0 (Macintosh; Intel Mac OS X 14_4_1) AppleWebKit/605.1.15 (KHTML, like Gecko) Version/17.3.1 Safari/605.1.15"
85.208.98.23 - - [08/Apr/2025:03:49:33 -0400] "GET /robots.txt HTTP/1.1" 304 0 "-" "Mozilla/5.0 (compatible; SemrushBot-BA; +http://www.semrush.com/bot.html)"
216.244.66.236 - - [08/Apr/2025:03:50:14 -0400] "GET /page/55/ HTTP/1.1" 200 0 "-" "Mozilla/5.0 (compatible; DotBot/1.2; +https://opensiteexplorer.org/dotbot; help@moz.com)"
198.54.114.83 - - [08/Apr/2025:03:57:11 -0400] "POST /wp-cron.php?doing_wp_cron=1744099029.3119089603424072265625 HTTP/1.1" 200 0 "-" "WordPress/6.7.2; https://bakingsecurityin.com"
67.223.118.141 - - [08/Apr/2025:03:57:08 -0400] "POST /xmlrpc.php HTTP/1.1" 200 212 "http://bakingsecurityin.com" "Mozilla/5.0 (Macintosh; Intel Mac OS X 10_15_7) AppleWebKit/537.36 (KHTML, like Gecko) Chrome/116.0.5845.96 Safari/537.36"
198.54.114.83 - - [08/Apr/2025:04:06:00 -0400] "POST /wp-cron.php?doing_wp_cron=1744099559.3884880542755126953125 HTTP/1.1" 200 0 "-" "WordPress/6.7.2; https://bakingsecurityin.com"
2a03:b0c0:3:f0::6afb:f000 - - [08/Apr/2025:04:05:53 -0400] "POST /xmlrpc.php HTTP/1.1" 200 236 "-" "Mozilla/5.0 (X11; Fedora; Linux x86_64; rv:94.0) Gecko/20100101 Firefox/95.0"
139.59.16.194 - - [08/Apr/2025:04:08:02 -0400] "POST /xmlrpc.php HTTP/1.1" 200 212 "http://bakingsecurityin.com" "Mozilla/5.0 (Macintosh; Intel Mac OS X 13_3) AppleWebKit/537.36 (KHTML, like Gecko) Chrome/126.0.0.0 Safari/537.36"
146.59.150.51 - - [08/Apr/2025:04:19:07 -0400] "GET / HTTP/1.1" 200 0 "-" "Mozilla/5.0 (Windows NT 10.0; Win64; x64) AppleWebKit/537.36 (KHTML, like Gecko) Chrome/88.0.4240.193 Safari/537.36"
199.188.207.168 - - [08/Apr/2025:04:19:03 -0400] "POST /xmlrpc.php HTTP/1.1" 200 212 "http://bakingsecurityin.com" "Mozilla/5.0 (Windows NT 10.0; Win64; x64; rv:129.0) Gecko/20100101 Firefox/129.0"
198.54.114.83 - - [08/Apr/2025:04:19:09 -0400] "POST /wp-cron.php?doing_wp_cron=1744100347.0624990463256835937500 HTTP/1.1" 200 0 "-" "WordPress/6.7.2; https://bakingsecurityin.com"
146.59.150.51 - - [08/Apr/2025:04:19:10 -0400] "GET /wp-login.php HTTP/1.1" 302 0 "-" "Mozilla/5.0 (Windows NT 10.0; Win64; x64) AppleWebKit/537.36 (KHTML, like Gecko) Chrome/88.0.4240.193 Safari/537.36"
216.244.66.236 - - [08/Apr/2025:04:22:37 -0400] "GET /robots.txt HTTP/1.1" 200 116 "-" "Mozilla/5.0 (compatible; DotBot/1.2; +https://opensiteexplorer.org/dotbot; help@moz.com)"
198.54.114.83 - - [08/Apr/2025:04:22:41 -0400] "POST /wp-cron.php?doing_wp_cron=1744100559.5144150257110595703125 HTTP/1.1" 200 0 "-" "WordPress/6.7.2; https://bakingsecurityin.com"
198.54.114.36 - - [08/Apr/2025:04:29:30 -0400] "POST /xmlrpc.php HTTP/1.1" 200 0 "http://bakingsecurityin.com" "Mozilla/5.0 (Macintosh; Intel Mac OS X 10_15_7; rv:128.0) Gecko/20100101 Firefox/128.0"
198.54.114.83 - - [08/Apr/2025:04:29:37 -0400] "POST /wp-cron.php?doing_wp_cron=1744100974.7855899333953857421875 HTTP/1.1" 200 0 "-" "WordPress/6.7.2; https://bakingsecurityin.com"
2a07:4283:100:442:250:56ff:fead:c737 - - [08/Apr/2025:04:32:03 -0400] "POST /xmlrpc.php HTTP/1.1" 200 236 "-" "Mozilla/5.0 (X11; Fedora; Linux x86_64; rv:94.0) Gecko/20100101 Firefox/95.0"
198.54.114.83 - - [08/Apr/2025:04:32:10 -0400] "POST /wp-cron.php?doing_wp_cron=1744101126.9267380237579345703125 HTTP/1.1" 200 0 "-" "WordPress/6.7.2; https://bakingsecurityin.com"
216.244.66.236 - - [08/Apr/2025:04:35:04 -0400] "GET /top-5-employee-communication-apps/ HTTP/1.1" 200 0 "-" "Mozilla/5.0 (compatible; DotBot/1.2; +https://opensiteexplorer.org/dotbot; help@moz.com)"
198.54.114.83 - - [08/Apr/2025:04:35:09 -0400] "POST /wp-cron.php?doing_wp_cron=1744101304.7162160873413085937500 HTTP/1.1" 200 0 "-" "WordPress/6.7.2; https://bakingsecurityin.com"
216.244.66.236 - - [08/Apr/2025:04:36:44 -0400] "GET /luxe-living-unveiling-the-emerald-of-katong-condo/ HTTP/1.1" 200 0 "-" "Mozilla/5.0 (compatible; DotBot/1.2; +https://opensiteexplorer.org/dotbot; help@moz.com)"
134.209.104.76 - - [08/Apr/2025:04:39:33 -0400] "POST /xmlrpc.php HTTP/1.1" 200 212 "http://bakingsecurityin.com" "Mozilla/5.0 (Windows NT 11.0; Win64; x64) AppleWebKit/537.36 (KHTML, like Gecko) Chrome/126.0.0.0 Safari/537.36 Edg/126.0.0.0"
216.244.66.236 - - [08/Apr/2025:04:40:51 -0400] "GET /tennis-prediction/feed/ HTTP/1.1" 200 417 "-" "Mozilla/5.0 (compatible; DotBot/1.2; +https://opensiteexplorer.org/dotbot; help@moz.com)"
216.244.66.236 - - [08/Apr/2025:04:41:31 -0400] "GET /joyaux-culinaires-pres-de-chez-vous-explorer-les-meilleurs-restaurants-de-votre-region/feed/ HTTP/1.1" 200 505 "-" "Mozilla/5.0 (compatible; DotBot/1.2; +https://opensiteexplorer.org/dotbot; help@moz.com)"
82.156.199.117 - - [08/Apr/2025:04:49:14 -0400] "POST /xmlrpc.php HTTP/1.1" 200 212 "http://bakingsecurityin.com" "Mozilla/5.0 (Macintosh; Intel Mac OS X 13_3) AppleWebKit/537.36 (KHTML, like Gecko) Chrome/126.0.0.0 Safari/537.36"
198.54.114.83 - - [08/Apr/2025:04:49:21 -0400] "POST /wp-cron.php?doing_wp_cron=1744102157.2811150550842285156250 HTTP/1.1" 200 0 "-" "WordPress/6.7.2; https://bakingsecurityin.com"
162.240.170.99 - - [08/Apr/2025:04:58:47 -0400] "POST /xmlrpc.php HTTP/1.1" 200 212 "http://bakingsecurityin.com" "Mozilla/5.0 (Macintosh; Intel Mac OS X 10_15_7; rv:129.0) Gecko/20100101 Firefox/129.0"
198.54.114.83 - - [08/Apr/2025:04:58:50 -0400] "POST /wp-cron.php?doing_wp_cron=1744102727.8138790130615234375000 HTTP/1.1" 200 0 "-" "WordPress/6.7.2; https://bakingsecurityin.com"
5.56.132.109 - - [08/Apr/2025:04:59:45 -0400] "POST /xmlrpc.php HTTP/1.1" 200 236 "-" "Mozilla/5.0 (X11; Fedora; Linux x86_64; rv:94.0) Gecko/20100101 Firefox/95.0"
162.243.72.223 - - [08/Apr/2025:05:08:15 -0400] "POST /xmlrpc.php HTTP/1.1" 200 212 "http://bakingsecurityin.com" "Mozilla/5.0 (Windows NT 10.0; Win64; x64; rv:128.0) Gecko/20100101 Firefox/128.0"
198.54.114.83 - - [08/Apr/2025:05:08:21 -0400] "POST /wp-cron.php?doing_wp_cron=1744103298.8983829021453857421875 HTTP/1.1" 200 0 "-" "WordPress/6.7.2; https://bakingsecurityin.com"
185.244.182.178 - - [08/Apr/2025:05:09:38 -0400] "GET /how-does-red-light-therapy-work/ HTTP/1.1" 200 0 "http://bakingsecurityin.com/how-does-red-light-therapy-work/" "Mozilla/5.0 (Windows NT 10.0; Win64; x64) AppleWebKit/537.36 (KHTML, like Gecko) Chrome/130.0.0.0 Safari/537.36"
198.54.114.83 - - [08/Apr/2025:05:09:43 -0400] "POST /wp-cron.php?doing_wp_cron=1744103379.3229169845581054687500 HTTP/1.1" 200 0 "-" "WordPress/6.7.2; https://bakingsecurityin.com"
185.244.182.178 - - [08/Apr/2025:05:09:43 -0400] "GET / HTTP/1.1" 200 0 "http://bakingsecurityin.com/" "Mozilla/5.0 (Windows NT 10.0; Win64; x64) AppleWebKit/537.36 (KHTML, like Gecko) Chrome/130.0.0.0 Safari/537.36"
157.245.6.207 - - [08/Apr/2025:05:17:34 -0400] "POST /xmlrpc.php HTTP/1.1" 200 212 "http://bakingsecurityin.com" "Mozilla/5.0 (Macintosh; Intel Mac OS X 10_15_7) AppleWebKit/537.36 (KHTML, like Gecko) Chrome/126.0.0.0 Safari/537.36"
13.82.27.229 - - [08/Apr/2025:05:23:12 -0400] "HEAD /wordpress HTTP/1.1" 301 0 "-" "Mozilla/5.0 (Windows NT 10.0; Win64; x64) AppleWebKit/537.36 (KHTML, like Gecko) Chrome/74.0.3729.169 Safari/537.36"
13.82.27.229 - - [08/Apr/2025:05:23:13 -0400] "HEAD /wordpress/ HTTP/1.1" 403 0 "http://bakingsecurityin.com/wordpress" "Mozilla/5.0 (Windows NT 10.0; Win64; x64) AppleWebKit/537.36 (KHTML, like Gecko) Chrome/74.0.3729.169 Safari/537.36"
198.54.114.83 - - [08/Apr/2025:05:23:16 -0400] "POST /wp-cron.php?doing_wp_cron=1744104194.6605079174041748046875 HTTP/1.1" 200 0 "-" "WordPress/6.7.2; https://bakingsecurityin.com"
13.82.27.229 - - [08/Apr/2025:05:23:14 -0400] "HEAD / HTTP/1.1" 200 0 "-" "Mozilla/5.0 (Windows NT 10.0; Win64; x64) AppleWebKit/537.36 (KHTML, like Gecko) Chrome/74.0.3729.169 Safari/537.36"
13.82.27.229 - - [08/Apr/2025:05:23:16 -0400] "HEAD /wp HTTP/1.1" 404 0 "-" "Mozilla/5.0 (Windows NT 10.0; Win64; x64) AppleWebKit/537.36 (KHTML, like Gecko) Chrome/74.0.3729.169 Safari/537.36"
13.82.27.229 - - [08/Apr/2025:05:23:17 -0400] "HEAD /bc HTTP/1.1" 404 0 "-" "Mozilla/5.0 (Windows NT 10.0; Win64; x64) AppleWebKit/537.36 (KHTML, like Gecko) Chrome/74.0.3729.169 Safari/537.36"
13.82.27.229 - - [08/Apr/2025:05:23:20 -0400] "HEAD /bk HTTP/1.1" 404 0 "-" "Mozilla/5.0 (Windows NT 10.0; Win64; x64) AppleWebKit/537.36 (KHTML, like Gecko) Chrome/74.0.3729.169 Safari/537.36"
13.82.27.229 - - [08/Apr/2025:05:23:22 -0400] "HEAD /backup HTTP/1.1" 404 0 "-" "Mozilla/5.0 (Windows NT 10.0; Win64; x64) AppleWebKit/537.36 (KHTML, like Gecko) Chrome/74.0.3729.169 Safari/537.36"
13.82.27.229 - - [08/Apr/2025:05:23:23 -0400] "HEAD /old HTTP/1.1" 404 0 "-" "Mozilla/5.0 (Windows NT 10.0; Win64; x64) AppleWebKit/537.36 (KHTML, like Gecko) Chrome/74.0.3729.169 Safari/537.36"
13.82.27.229 - - [08/Apr/2025:05:23:23 -0400] "HEAD /new HTTP/1.1" 301 0 "-" "Mozilla/5.0 (Windows NT 10.0; Win64; x64) AppleWebKit/537.36 (KHTML, like Gecko) Chrome/74.0.3729.169 Safari/537.36"
13.82.27.229 - - [08/Apr/2025:05:23:27 -0400] "HEAD /main HTTP/1.1" 404 0 "-" "Mozilla/5.0 (Windows NT 10.0; Win64; x64) AppleWebKit/537.36 (KHTML, like Gecko) Chrome/74.0.3729.169 Safari/537.36"
13.82.27.229 - - [08/Apr/2025:05:23:29 -0400] "HEAD /home HTTP/1.1" 404 0 "-" "Mozilla/5.0 (Windows NT 10.0; Win64; x64) AppleWebKit/537.36 (KHTML, like Gecko) Chrome/74.0.3729.169 Safari/537.36"
162.254.39.79 - - [08/Apr/2025:05:27:00 -0400] "POST /xmlrpc.php HTTP/1.1" 200 212 "http://bakingsecurityin.com" "Mozilla/5.0 (Windows NT 10.0; Win64; x64; rv:129.0) Gecko/20100101 Firefox/129.0"
198.54.114.83 - - [08/Apr/2025:05:27:03 -0400] "POST /wp-cron.php?doing_wp_cron=1744104420.9204349517822265625000 HTTP/1.1" 200 0 "-" "WordPress/6.7.2; https://bakingsecurityin.com"
216.244.66.236 - - [08/Apr/2025:05:28:10 -0400] "GET /robots.txt HTTP/1.1" 200 116 "-" "Mozilla/5.0 (compatible; DotBot/1.2; +https://opensiteexplorer.org/dotbot; help@moz.com)"
35.243.150.173 - - [08/Apr/2025:05:28:49 -0400] "POST /xmlrpc.php HTTP/1.1" 200 236 "-" "Mozilla/5.0 (X11; Fedora; Linux x86_64; rv:94.0) Gecko/20100101 Firefox/95.0"
208.107.66.243 - - [08/Apr/2025:05:36:22 -0400] "POST /xmlrpc.php HTTP/1.1" 200 212 "http://bakingsecurityin.com" "Mozilla/5.0 (Windows NT 10.0; Win64; x64) AppleWebKit/537.36 (KHTML, like Gecko) Chrome/114.0.5735.199 Safari/537.36 Edg/114.0.1823.67"
198.54.114.83 - - [08/Apr/2025:05:36:27 -0400] "POST /wp-cron.php?doing_wp_cron=1744104985.6386189460754394531250 HTTP/1.1" 200 0 "-" "WordPress/6.7.2; https://bakingsecurityin.com"
216.244.66.236 - - [08/Apr/2025:05:40:58 -0400] "GET /why-it-is-beneficial-to-gamble-at-online-casinos/ HTTP/1.1" 200 0 "-" "Mozilla/5.0 (compatible; DotBot/1.2; +https://opensiteexplorer.org/dotbot; help@moz.com)"
216.244.66.236 - - [08/Apr/2025:05:41:14 -0400] "GET /affordable-dental-insurance-meets-your-dental-needs/feed/ HTTP/1.1" 200 463 "-" "Mozilla/5.0 (compatible; DotBot/1.2; +https://opensiteexplorer.org/dotbot; help@moz.com)"
139.59.16.194 - - [08/Apr/2025:05:45:38 -0400] "POST /xmlrpc.php HTTP/1.1" 200 212 "http://bakingsecurityin.com" "Mozilla/5.0 (Windows NT 10.0; Win64; x64) AppleWebKit/537.36 (KHTML, like Gecko) Chrome/113.0.5672.126 Safari/537.36 Edg/113.0.1774.50"
198.54.114.83 - - [08/Apr/2025:05:54:45 -0400] "POST /wp-cron.php?doing_wp_cron=1744106084.9640150070190429687500 HTTP/1.1" 200 0 "-" "WordPress/6.7.2; https://bakingsecurityin.com"
68.65.122.90 - - [08/Apr/2025:05:54:44 -0400] "POST /xmlrpc.php HTTP/1.1" 200 212 "http://bakingsecurityin.com" "Mozilla/5.0 (Macintosh; Intel Mac OS X 10_15_7; rv:129.0) Gecko/20100101 Firefox/129.0"
198.49.66.130 - - [08/Apr/2025:05:59:12 -0400] "POST /xmlrpc.php HTTP/1.1" 200 236 "-" "Mozilla/5.0 (X11; Fedora; Linux x86_64; rv:94.0) Gecko/20100101 Firefox/95.0"
198.54.114.83 - - [08/Apr/2025:06:12:47 -0400] "POST /wp-cron.php?doing_wp_cron=1744107166.6452009677886962890625 HTTP/1.1" 200 0 "-" "WordPress/6.7.2; https://bakingsecurityin.com"
162.254.39.142 - - [08/Apr/2025:06:12:43 -0400] "POST /xmlrpc.php HTTP/1.1" 200 212 "http://bakingsecurityin.com" "Mozilla/5.0 (Macintosh; Intel Mac OS X 10_15_7) AppleWebKit/537.36 (KHTML, like Gecko) Chrome/113.0.5672.93 Safari/537.36"
216.244.66.236 - - [08/Apr/2025:06:16:05 -0400] "GET /robots.txt HTTP/1.1" 200 116 "-" "Mozilla/5.0 (compatible; DotBot/1.2; +https://opensiteexplorer.org/dotbot; help@moz.com)"
2001:67c:2070:c83a::1 - - [08/Apr/2025:06:21:28 -0400] "POST /xmlrpc.php HTTP/1.1" 200 212 "http://bakingsecurityin.com" "Mozilla/5.0 (Macintosh; Intel Mac OS X 10_15_7) AppleWebKit/537.36 (KHTML, like Gecko) Chrome/115.0.5790.102 Safari/537.36"
198.54.114.83 - - [08/Apr/2025:06:21:33 -0400] "POST /wp-cron.php?doing_wp_cron=1744107691.7139480113983154296875 HTTP/1.1" 200 0 "-" "WordPress/6.7.2; https://bakingsecurityin.com"
216.244.66.236 - - [08/Apr/2025:06:27:16 -0400] "GET /how-to-prevent-thread-galling/ HTTP/1.1" 200 0 "-" "Mozilla/5.0 (compatible; DotBot/1.2; +https://opensiteexplorer.org/dotbot; help@moz.com)"
216.244.66.236 - - [08/Apr/2025:06:27:31 -0400] "GET /the-benefits-of-peptide-capsules/feed/ HTTP/1.1" 200 434 "-" "Mozilla/5.0 (compatible; DotBot/1.2; +https://opensiteexplorer.org/dotbot; help@moz.com)"
216.244.66.236 - - [08/Apr/2025:06:29:51 -0400] "GET /what-is-thermal-mastic/ HTTP/1.1" 200 0 "-" "Mozilla/5.0 (compatible; DotBot/1.2; +https://opensiteexplorer.org/dotbot; help@moz.com)"
66.29.153.28 - - [08/Apr/2025:06:30:04 -0400] "POST /xmlrpc.php HTTP/1.1" 200 212 "http://bakingsecurityin.com" "Mozilla/5.0 (Windows NT 10.0; Win64; x64; rv:129.0) Gecko/20100101 Firefox/129.0"
198.54.114.83 - - [08/Apr/2025:06:30:09 -0400] "POST /wp-cron.php?doing_wp_cron=1744108204.5743780136108398437500 HTTP/1.1" 200 0 "-" "WordPress/6.7.2; https://bakingsecurityin.com"
80.94.97.38 - - [08/Apr/2025:06:32:18 -0400] "POST /xmlrpc.php HTTP/1.1" 200 236 "-" "Mozilla/5.0 (X11; Fedora; Linux x86_64; rv:94.0) Gecko/20100101 Firefox/95.0"
162.0.209.5 - - [08/Apr/2025:06:38:29 -0400] "POST /xmlrpc.php HTTP/1.1" 200 212 "http://bakingsecurityin.com" "Mozilla/5.0 (Macintosh; Intel Mac OS X 10_15_7; rv:126.0) Gecko/20100101 Firefox/126.0"
196.251.86.53 - - [08/Apr/2025:06:42:08 -0400] "POST /wp-plain.php HTTP/1.1" 404 0 "www.google.com" "Mozilla/5.0 (Linux; Android 7.0; SM-G892A Bulid/NRD90M; wv) AppleWebKit/537.36 (KHTML, like Gecko) Version/4.0 Chrome/60.0.3112.107 Moblie Safari/537.36"
196.251.86.53 - - [08/Apr/2025:06:42:07 -0400] "POST /ALFA_DATA/alfacgiapi/perl.alfa HTTP/1.1" 404 0 "www.google.com" "Mozlila/5.0 (Linux; Android 7.0; SM-G892A Bulid/NRD90M; wv) AppleWebKit/537.36 (KHTML, like Gecko) Version/4.0 Chrome/60.0.3112.107 Moblie Safari/537.36"
196.251.86.53 - - [08/Apr/2025:06:42:07 -0400] "GET /wp-content/themes/seotheme/db.php?u HTTP/1.1" 404 0 "www.google.com" "Mozlila/5.0 (Linux; Android 7.0; SM-G892A Bulid/NRD90M; wv) AppleWebKit/537.36 (KHTML, like Gecko) Version/4.0 Chrome/60.0.3112.107 Moblie Safari/537.36"
198.54.114.83 - - [08/Apr/2025:06:42:10 -0400] "POST /wp-cron.php?doing_wp_cron=1744108928.3928940296173095703125 HTTP/1.1" 200 0 "-" "WordPress/6.7.2; https://bakingsecurityin.com"
198.54.114.83 - - [08/Apr/2025:06:42:10 -0400] "POST /wp-cron.php?doing_wp_cron=1744108928.3830699920654296875000 HTTP/1.1" 200 0 "-" "WordPress/6.7.2; https://bakingsecurityin.com"
198.54.114.83 - - [08/Apr/2025:06:42:11 -0400] "POST /wp-cron.php?doing_wp_cron=1744108928.4559509754180908203125 HTTP/1.1" 200 0 "-" "WordPress/6.7.2; https://bakingsecurityin.com"
196.251.86.53 - - [08/Apr/2025:06:42:14 -0400] "POST /alfacgiapi/perl.alfa HTTP/1.1" 404 0 "www.google.com" "Mozlila/5.0 (Linux; Android 7.0; SM-G892A Bulid/NRD90M; wv) AppleWebKit/537.36 (KHTML, like Gecko) Version/4.0 Chrome/60.0.3112.107 Moblie Safari/537.36"
196.251.86.53 - - [08/Apr/2025:06:42:14 -0400] "GET /htndarzi.php?Fox=d3wL7 HTTP/1.1" 404 0 "www.google.com" "Mozilla/5.0 (Linux; Android 7.0; SM-G892A Bulid/NRD90M; wv) AppleWebKit/537.36 (KHTML, like Gecko) Version/4.0 Chrome/60.0.3112.107 Moblie Safari/537.36"
103.169.35.190 - - [08/Apr/2025:06:46:59 -0400] "POST /xmlrpc.php HTTP/1.1" 200 212 "http://bakingsecurityin.com" "Mozilla/5.0 (Macintosh; Intel Mac OS X 10_15_7; rv:129.0) Gecko/20100101 Firefox/129.0"
123.1.133.4 - - [08/Apr/2025:06:55:34 -0400] "POST /xmlrpc.php HTTP/1.1" 200 212 "http://bakingsecurityin.com" "Mozilla/5.0 (Windows NT 10.0; Win64; x64) AppleWebKit/537.36 (KHTML, like Gecko) Chrome/113.0.5672.93 Safari/537.36"
198.54.114.83 - - [08/Apr/2025:06:55:35 -0400] "POST /wp-cron.php?doing_wp_cron=1744109734.3695030212402343750000 HTTP/1.1" 200 0 "-" "WordPress/6.7.2; https://bakingsecurityin.com"
216.244.66.236 - - [08/Apr/2025:07:03:13 -0400] "GET /robots.txt HTTP/1.1" 200 116 "-" "Mozilla/5.0 (compatible; DotBot/1.2; +https://opensiteexplorer.org/dotbot; help@moz.com)"
183.82.35.191 - - [08/Apr/2025:07:04:19 -0400] "POST /xmlrpc.php HTTP/1.1" 200 212 "http://bakingsecurityin.com" "Mozilla/5.0 (Windows NT 10.0; Win64; x64; rv:127.0) Gecko/20100101 Firefox/127.0"
114.119.174.226 - - [08/Apr/2025:07:08:19 -0400] "POST /xmlrpc.php HTTP/1.1" 200 236 "-" "Mozilla/5.0 (X11; Fedora; Linux x86_64; rv:94.0) Gecko/20100101 Firefox/95.0"
2a0f:2b84:2a:2:217:2aff:fec6:c42a - - [08/Apr/2025:07:13:01 -0400] "POST /xmlrpc.php HTTP/1.1" 200 212 "http://bakingsecurityin.com" "Mozilla/5.0 (Windows NT 11.0; Win64; x64) AppleWebKit/537.36 (KHTML, like Gecko) Chrome/126.0.0.0 Safari/537.36 Edg/126.0.0.0"
216.244.66.236 - - [08/Apr/2025:07:14:15 -0400] "GET /innovative-beleuchtung-moderne-hangelampen/ HTTP/1.1" 200 0 "-" "Mozilla/5.0 (compatible; DotBot/1.2; +https://opensiteexplorer.org/dotbot; help@moz.com)"
198.54.114.83 - - [08/Apr/2025:07:14:17 -0400] "POST /wp-cron.php?doing_wp_cron=1744110855.7913908958435058593750 HTTP/1.1" 200 0 "-" "WordPress/6.7.2; https://bakingsecurityin.com"
216.244.66.236 - - [08/Apr/2025:07:16:54 -0400] "GET /personalized-plates-a-unique-expression-of-identity/ HTTP/1.1" 301 0 "-" "Mozilla/5.0 (compatible; DotBot/1.2; +https://opensiteexplorer.org/dotbot; help@moz.com)"
198.54.114.83 - - [08/Apr/2025:07:16:57 -0400] "POST /wp-cron.php?doing_wp_cron=1744111015.3569779396057128906250 HTTP/1.1" 200 0 "-" "WordPress/6.7.2; https://bakingsecurityin.com"
198.54.114.83 - - [08/Apr/2025:07:21:41 -0400] "POST /wp-cron.php?doing_wp_cron=1744111300.6958870887756347656250 HTTP/1.1" 200 0 "-" "WordPress/6.7.2; https://bakingsecurityin.com"
190.3.171.54 - - [08/Apr/2025:07:21:40 -0400] "POST /xmlrpc.php HTTP/1.1" 200 212 "http://bakingsecurityin.com" "Mozilla/5.0 (Windows NT 10.0; Win64; x64) AppleWebKit/537.36 (KHTML, like Gecko) Chrome/115.0.5790.171 Safari/537.36 Edg/115.0.1901.203"
20.122.106.214 - - [08/Apr/2025:07:27:51 -0400] "GET /wp-content/plugins/hellopress/wp_filemanager.php HTTP/1.1" 404 0 "-" "-"
198.54.114.83 - - [08/Apr/2025:07:27:58 -0400] "POST /wp-cron.php?doing_wp_cron=1744111675.0696899890899658203125 HTTP/1.1" 200 0 "-" "WordPress/6.7.2; https://bakingsecurityin.com"
20.122.106.214 - - [08/Apr/2025:07:27:58 -0400] "GET /wp-includes/Text/network.php HTTP/1.1" 404 0 "-" "-"
20.122.106.214 - - [08/Apr/2025:07:28:01 -0400] "GET /wp-content/upgrade-temp-backup/wp-login.php HTTP/1.1" 404 0 "-" "-"
20.122.106.214 - - [08/Apr/2025:07:28:03 -0400] "GET /js/fm.php HTTP/1.1" 404 0 "-" "-"
20.122.106.214 - - [08/Apr/2025:07:28:07 -0400] "GET /wp-content/themes/astra/inc/ki1k.php HTTP/1.1" 404 0 "-" "-"
20.122.106.214 - - [08/Apr/2025:07:28:09 -0400] "GET /WordPress/wp-admin/includes/zmFM.php HTTP/1.1" 404 0 "-" "-"
20.122.106.214 - - [08/Apr/2025:07:28:13 -0400] "GET /default.php HTTP/1.1" 404 0 "-" "-"
20.122.106.214 - - [08/Apr/2025:07:28:16 -0400] "GET /ty.php HTTP/1.1" 404 0 "-" "-"
20.122.106.214 - - [08/Apr/2025:07:28:23 -0400] "GET /wp-content/themes/cay-van-phong/filemanager.php HTTP/1.1" 404 0 "-" "-"
20.122.106.214 - - [08/Apr/2025:07:28:26 -0400] "GET /fm.php HTTP/1.1" 404 0 "-" "-"
20.122.106.214 - - [08/Apr/2025:07:28:29 -0400] "GET /wp-content/plugins/seoplugins/index.php HTTP/1.1" 301 0 "-" "-"
20.122.106.214 - - [08/Apr/2025:07:28:31 -0400] "GET /wp-content/plugins/seoplugins/ HTTP/1.1" 404 0 "-" "-"
20.122.106.214 - - [08/Apr/2025:07:28:33 -0400] "GET /ini.php HTTP/1.1" 404 0 "-" "-"
20.122.106.214 - - [08/Apr/2025:07:28:35 -0400] "GET /libraries/legacy/info.php HTTP/1.1" 404 0 "-" "-"
20.122.106.214 - - [08/Apr/2025:07:28:37 -0400] "GET /wp-content/themes/include.php HTTP/1.1" 404 0 "-" "-"
20.122.106.214 - - [08/Apr/2025:07:28:39 -0400] "GET /wp-admin/network/about.php HTTP/1.1" 302 0 "-" "-"
20.122.106.214 - - [08/Apr/2025:07:28:44 -0400] "GET /alfa.php HTTP/1.1" 404 0 "-" "-"
20.122.106.214 - - [08/Apr/2025:07:28:45 -0400] "GET /wp-mail.php/wp-includes/ID3/rk2.php HTTP/1.1" 403 1138 "-" "-"
20.122.106.214 - - [08/Apr/2025:07:28:47 -0400] "GET /assets/images/28c5400b0b.php HTTP/1.1" 404 0 "-" "-"
20.122.106.214 - - [08/Apr/2025:07:28:48 -0400] "GET /wordpress/wp-includes/wp-config-sample.php HTTP/1.1" 404 0 "-" "-"
20.122.106.214 - - [08/Apr/2025:07:28:50 -0400] "GET /wp-mail.php/wp-includes/ID3/.info.php HTTP/1.1" 403 1138 "-" "-"
20.122.106.214 - - [08/Apr/2025:07:28:52 -0400] "GET /wp-includes/Text/Diff/Engine/about.php HTTP/1.1" 404 0 "-" "-"
20.122.106.214 - - [08/Apr/2025:07:28:53 -0400] "GET /wp-includes/js/tinymce/skins/lightgray/img/about.php HTTP/1.1" 404 0 "-" "-"
198.54.114.83 - - [08/Apr/2025:07:28:56 -0400] "POST /wp-cron.php?doing_wp_cron=1744111735.0780580043792724609375 HTTP/1.1" 200 0 "-" "WordPress/6.7.2; https://bakingsecurityin.com"
20.122.106.214 - - [08/Apr/2025:07:28:54 -0400] "GET /wp-includes/block-supports/autoload_classmap.php HTTP/1.1" 404 0 "-" "-"
20.122.106.214 - - [08/Apr/2025:07:28:58 -0400] "GET /wp-content/uploads/classwithtostring.php HTTP/1.1" 404 0 "-" "-"
20.122.106.214 - - [08/Apr/2025:07:29:00 -0400] "GET /wp-admin/images/install.php HTTP/1.1" 404 0 "-" "-"
20.122.106.214 - - [08/Apr/2025:07:29:01 -0400] "GET /.well-known/link.php HTTP/1.1" 404 0 "-" "-"
20.122.106.214 - - [08/Apr/2025:07:29:03 -0400] "GET /wp-admin/chosen.php HTTP/1.1" 404 0 "-" "-"
198.54.114.83 - - [08/Apr/2025:07:29:05 -0400] "POST /wp-cron.php?doing_wp_cron=1744111744.9510729312896728515625 HTTP/1.1" 200 0 "-" "WordPress/6.7.2; https://bakingsecurityin.com"
20.122.106.214 - - [08/Apr/2025:07:29:04 -0400] "GET /info.php HTTP/1.1" 404 0 "-" "-"
20.122.106.214 - - [08/Apr/2025:07:29:07 -0400] "GET /wp-includes/assets/about.php HTTP/1.1" 404 0 "-" "-"
20.122.106.214 - - [08/Apr/2025:07:29:08 -0400] "GET /test.php HTTP/1.1" 404 0 "-" "-"
20.122.106.214 - - [08/Apr/2025:07:29:09 -0400] "GET /wp-admin/css/colors/ectoplasm/wp-login.php HTTP/1.1" 404 0 "-" "-"
20.122.106.214 - - [08/Apr/2025:07:29:10 -0400] "GET /Assets/item.php HTTP/1.1" 404 0 "-" "-"
20.122.106.214 - - [08/Apr/2025:07:29:11 -0400] "GET /shop/lock.php HTTP/1.1" 404 0 "-" "-"
20.122.106.214 - - [08/Apr/2025:07:29:12 -0400] "GET /th/plugins/phpThumb/404.php HTTP/1.1" 404 0 "-" "-"
20.122.106.214 - - [08/Apr/2025:07:29:13 -0400] "GET /wp-includes/css/dist/preferences/index.php HTTP/1.1" 301 0 "-" "-"
20.122.106.214 - - [08/Apr/2025:07:29:14 -0400] "GET /wp-includes/css/dist/preferences/ HTTP/1.1" 403 1242 "-" "-"
20.122.106.214 - - [08/Apr/2025:07:29:15 -0400] "GET /files/log.php HTTP/1.1" 404 0 "-" "-"
20.122.106.214 - - [08/Apr/2025:07:29:15 -0400] "GET /wp-includes/html-api/index.php HTTP/1.1" 301 0 "-" "-"
20.122.106.214 - - [08/Apr/2025:07:29:16 -0400] "GET /wp-includes/html-api/ HTTP/1.1" 403 1242 "-" "-"
20.122.106.214 - - [08/Apr/2025:07:29:17 -0400] "GET /x.php HTTP/1.1" 404 0 "-" "-"
20.122.106.214 - - [08/Apr/2025:07:29:18 -0400] "GET /wp-includes/assets/index.php HTTP/1.1" 301 0 "-" "-"
20.122.106.214 - - [08/Apr/2025:07:29:18 -0400] "GET /wp-includes/assets/ HTTP/1.1" 403 1242 "-" "-"
20.122.106.214 - - [08/Apr/2025:07:29:19 -0400] "GET /wp-includes/block-patterns/vuln.php HTTP/1.1" 404 0 "-" "-"
20.122.106.214 - - [08/Apr/2025:07:29:20 -0400] "GET /wp-includes/rest-api/fields/index.php HTTP/1.1" 301 0 "-" "-"
20.122.106.214 - - [08/Apr/2025:07:29:21 -0400] "GET /wp-includes/rest-api/fields/ HTTP/1.1" 403 1242 "-" "-"
20.122.106.214 - - [08/Apr/2025:07:29:22 -0400] "GET /wp-includes/images/media/wp-login.php HTTP/1.1" 404 0 "-" "-"
20.122.106.214 - - [08/Apr/2025:07:29:24 -0400] "GET /wp-content/uploads/autoload_classmap.php HTTP/1.1" 404 0 "-" "-"
20.122.106.214 - - [08/Apr/2025:07:29:24 -0400] "GET /images/404.php HTTP/1.1" 404 0 "-" "-"
20.122.106.214 - - [08/Apr/2025:07:29:26 -0400] "GET /wp-content/languages/asus.php HTTP/1.1" 404 0 "-" "-"
20.122.106.214 - - [08/Apr/2025:07:29:27 -0400] "GET /admin.php HTTP/1.1" 404 0 "-" "-"
20.122.106.214 - - [08/Apr/2025:07:29:28 -0400] "GET /.well-known/pki-validation/parx.php HTTP/1.1" 404 1251 "-" "-"
20.122.106.214 - - [08/Apr/2025:07:29:30 -0400] "GET /wp-content/plugins/wp-login.php HTTP/1.1" 404 0 "-" "-"
20.122.106.214 - - [08/Apr/2025:07:29:33 -0400] "GET /12wudscz.php HTTP/1.1" 404 0 "-" "-"
20.122.106.214 - - [08/Apr/2025:07:29:34 -0400] "GET /wp-content/themes/wp-pridmag/admin.php HTTP/1.1" 404 0 "-" "-"
20.122.106.214 - - [08/Apr/2025:07:29:35 -0400] "GET /wp-includes/Text/wp-conflg.php HTTP/1.1" 404 0 "-" "-"
20.122.106.214 - - [08/Apr/2025:07:29:36 -0400] "GET /wp-content/plugins/background-image-cropper/plugins.php HTTP/1.1" 404 0 "-" "-"
20.122.106.214 - - [08/Apr/2025:07:29:39 -0400] "GET /classwithtostring.php HTTP/1.1" 404 0 "-" "-"
20.122.106.214 - - [08/Apr/2025:07:29:40 -0400] "GET /wp-includes/Text/Diff/Renderer/wp-login.php HTTP/1.1" 404 0 "-" "-"
20.122.106.214 - - [08/Apr/2025:07:29:41 -0400] "GET /wp-admin/images/users.php HTTP/1.1" 404 0 "-" "-"
20.122.106.214 - - [08/Apr/2025:07:29:43 -0400] "GET /wp-includes/rest-api/endpoints/index.php HTTP/1.1" 301 0 "-" "-"
20.122.106.214 - - [08/Apr/2025:07:29:44 -0400] "GET /wp-includes/rest-api/endpoints/ HTTP/1.1" 403 1242 "-" "-"
20.122.106.214 - - [08/Apr/2025:07:29:45 -0400] "GET /wp-includes/random_compat/about.php HTTP/1.1" 404 0 "-" "-"
20.122.106.214 - - [08/Apr/2025:07:29:46 -0400] "GET /index/about.php HTTP/1.1" 404 0 "-" "-"
20.122.106.214 - - [08/Apr/2025:07:29:48 -0400] "GET /manager.php HTTP/1.1" 404 0 "-" "-"
20.122.106.214 - - [08/Apr/2025:07:29:49 -0400] "GET /.well-known/pki-validation/about.php HTTP/1.1" 404 1251 "-" "-"
20.122.106.214 - - [08/Apr/2025:07:29:50 -0400] "GET /wp-admin/user/content.php HTTP/1.1" 404 0 "-" "-"
20.122.106.214 - - [08/Apr/2025:07:29:51 -0400] "GET /modules/mod_simplefileuploadv1.3/elements/filemanager.php HTTP/1.1" 404 0 "-" "-"
20.122.106.214 - - [08/Apr/2025:07:29:53 -0400] "GET /about/function.php HTTP/1.1" 404 0 "-" "-"
20.122.106.214 - - [08/Apr/2025:07:29:55 -0400] "GET /wp-content/plugins/wp.php HTTP/1.1" 404 0 "-" "-"
20.122.106.214 - - [08/Apr/2025:07:29:56 -0400] "GET /wp-admin/includes/index.php HTTP/1.1" 301 0 "-" "-"
20.122.106.214 - - [08/Apr/2025:07:29:59 -0400] "GET /wp-admin/includes/ HTTP/1.1" 403 1242 "-" "-"
20.122.106.214 - - [08/Apr/2025:07:29:59 -0400] "GET /wp-includes/SimplePie/Cache/content.php HTTP/1.1" 404 0 "-" "-"
20.122.106.214 - - [08/Apr/2025:07:30:00 -0400] "GET /wp-content/themes/xmrlpc.php HTTP/1.1" 404 0 "-" "-"
20.122.106.214 - - [08/Apr/2025:07:30:05 -0400] "GET /wp-includes/js/wp-login.php HTTP/1.1" 404 0 "-" "-"
198.54.114.83 - - [08/Apr/2025:07:30:07 -0400] "POST /wp-cron.php?doing_wp_cron=1744111805.3118948936462402343750 HTTP/1.1" 200 0 "-" "WordPress/6.7.2; https://bakingsecurityin.com"
20.122.106.214 - - [08/Apr/2025:07:30:07 -0400] "GET /wp-mail.php/wp-includes/ID3/taptap-null.php HTTP/1.1" 403 1138 "-" "-"
20.122.106.214 - - [08/Apr/2025:07:30:09 -0400] "GET /.well-known/as.php HTTP/1.1" 404 0 "-" "-"
20.122.106.214 - - [08/Apr/2025:07:30:11 -0400] "GET /wp-includes/customize/wp-login.php HTTP/1.1" 404 0 "-" "-"
20.122.106.214 - - [08/Apr/2025:07:30:14 -0400] "GET /.well-known/lv.php HTTP/1.1" 404 0 "-" "-"
2605:6f00:1234:701:1::14d - - [08/Apr/2025:07:30:14 -0400] "POST /xmlrpc.php HTTP/1.1" 200 212 "http://bakingsecurityin.com" "Mozilla/5.0 (Macintosh; Intel Mac OS X 10_15_7; rv:125.0.1) Gecko/20100101 Firefox/125.0.1"
20.122.106.214 - - [08/Apr/2025:07:30:16 -0400] "GET /themes.php HTTP/1.1" 404 0 "-" "-"
20.122.106.214 - - [08/Apr/2025:07:30:20 -0400] "GET /wp-content/plugins/duplicator/assets/about.php HTTP/1.1" 404 0 "-" "-"
20.122.106.214 - - [08/Apr/2025:07:30:22 -0400] "GET /wp-admin/network/upfile.php HTTP/1.1" 404 0 "-" "-"
20.122.106.214 - - [08/Apr/2025:07:30:25 -0400] "GET /wp-content/plugins/index.php HTTP/1.1" 200 0 "-" "-"
20.122.106.214 - - [08/Apr/2025:07:30:34 -0400] "GET /wp-includes/sitemaps/providers/about.php HTTP/1.1" 404 0 "-" "-"
20.122.106.214 - - [08/Apr/2025:07:30:35 -0400] "GET /wp-content/upgrade/autoload_classmap.php HTTP/1.1" 404 0 "-" "-"
20.122.106.214 - - [08/Apr/2025:07:30:37 -0400] "GET /images/cjfuns.php HTTP/1.1" 404 0 "-" "-"
20.122.106.214 - - [08/Apr/2025:07:30:39 -0400] "GET /wp-includes/sodium_compat/src/content.php HTTP/1.1" 404 0 "-" "-"
20.122.106.214 - - [08/Apr/2025:07:30:41 -0400] "GET /wp-includes/rest-api/admin.php HTTP/1.1" 404 0 "-" "-"
20.122.106.214 - - [08/Apr/2025:07:30:44 -0400] "GET /wp-includes/js/crop/zmFM.php HTTP/1.1" 404 0 "-" "-"
20.122.106.214 - - [08/Apr/2025:07:30:46 -0400] "GET /wp-2019.php HTTP/1.1" 404 0 "-" "-"
20.122.106.214 - - [08/Apr/2025:07:30:47 -0400] "GET /wp-includes/js/about.php HTTP/1.1" 404 0 "-" "-"
20.122.106.214 - - [08/Apr/2025:07:30:49 -0400] "GET /wp-content/plugin.php HTTP/1.1" 404 0 "-" "-"
20.122.106.214 - - [08/Apr/2025:07:30:50 -0400] "GET /wp-admin/js/widgets/xmrlpc.php HTTP/1.1" 404 0 "-" "-"
20.122.106.214 - - [08/Apr/2025:07:30:52 -0400] "GET /wp-configs.php HTTP/1.1" 404 0 "-" "-"
20.122.106.214 - - [08/Apr/2025:07:30:53 -0400] "GET /wp-includes/Text/wp.php HTTP/1.1" 404 0 "-" "-"
20.122.106.214 - - [08/Apr/2025:07:30:55 -0400] "GET /inputs.php HTTP/1.1" 404 0 "-" "-"
20.122.106.214 - - [08/Apr/2025:07:30:57 -0400] "GET /wp-includes/block-supports/about.php HTTP/1.1" 404 0 "-" "-"
20.122.106.214 - - [08/Apr/2025:07:30:58 -0400] "GET /wp-admin/network/chosen.php HTTP/1.1" 404 0 "-" "-"
20.122.106.214 - - [08/Apr/2025:07:31:01 -0400] "GET /wp-includes/images/chosen.php HTTP/1.1" 404 0 "-" "-"
20.122.106.214 - - [08/Apr/2025:07:31:03 -0400] "GET /.well-known/acme-challenge/parx.php HTTP/1.1" 404 0 "-" "-"
20.122.106.214 - - [08/Apr/2025:07:31:06 -0400] "GET /wp-includes/sodium_compat/src/Core32/Curve25519/Ge/about.php HTTP/1.1" 404 0 "-" "-"
198.54.114.83 - - [08/Apr/2025:07:31:08 -0400] "POST /wp-cron.php?doing_wp_cron=1744111866.5746109485626220703125 HTTP/1.1" 200 0 "-" "WordPress/6.7.2; https://bakingsecurityin.com"
20.122.106.214 - - [08/Apr/2025:07:31:10 -0400] "GET /index/function.php HTTP/1.1" 404 0 "-" "-"
20.122.106.214 - - [08/Apr/2025:07:31:12 -0400] "GET /css.php HTTP/1.1" 404 0 "-" "-"
20.122.106.214 - - [08/Apr/2025:07:31:15 -0400] "GET /wp-content/languages/index.php HTTP/1.1" 301 0 "-" "-"
20.122.106.214 - - [08/Apr/2025:07:31:17 -0400] "GET /wp-content/languages/ HTTP/1.1" 404 0 "-" "-"
20.122.106.214 - - [08/Apr/2025:07:31:20 -0400] "GET /network.php HTTP/1.1" 404 0 "-" "-"
20.122.106.214 - - [08/Apr/2025:07:31:23 -0400] "GET /wp-admin/css/colors/blue/wp-login.php HTTP/1.1" 404 0 "-" "-"
20.122.106.214 - - [08/Apr/2025:07:31:25 -0400] "GET /admin/fckeditor/editor/filemanager/updates.php HTTP/1.1" 404 0 "-" "-"
20.122.106.214 - - [08/Apr/2025:07:31:29 -0400] "GET /wp-content/uploads/file.php HTTP/1.1" 404 0 "-" "-"
20.122.106.214 - - [08/Apr/2025:07:31:31 -0400] "GET /wp-includes/Requests/Response/wp-login.php HTTP/1.1" 404 0 "-" "-"
20.122.106.214 - - [08/Apr/2025:07:31:33 -0400] "GET /wp-admin/css/colors/coffee/alfa-rex.php HTTP/1.1" 404 0 "-" "-"
20.122.106.214 - - [08/Apr/2025:07:31:35 -0400] "GET /wp-includes/SimplePie/Cache/about.php HTTP/1.1" 404 0 "-" "-"
20.122.106.214 - - [08/Apr/2025:07:31:39 -0400] "GET /wp-includes/sodium_compat/src/alfa-rex.php HTTP/1.1" 404 0 "-" "-"
20.122.106.214 - - [08/Apr/2025:07:31:40 -0400] "GET /wp-admin/css/colors/blue/index.php HTTP/1.1" 301 0 "-" "-"
20.122.106.214 - - [08/Apr/2025:07:31:43 -0400] "GET /wp-admin/css/colors/blue/ HTTP/1.1" 403 1242 "-" "-"
20.122.106.214 - - [08/Apr/2025:07:31:45 -0400] "GET /wp-mail.php/wp-includes/ID3/wp-mail.php HTTP/1.1" 403 1138 "-" "-"
20.122.106.214 - - [08/Apr/2025:07:31:47 -0400] "GET /wp-content/plugins/revslider/public/assets/assets/sources/wp-login.php HTTP/1.1" 404 0 "-" "-"
20.122.106.214 - - [08/Apr/2025:07:31:51 -0400] "GET /wp.php HTTP/1.1" 404 0 "-" "-"
20.122.106.214 - - [08/Apr/2025:07:31:55 -0400] "GET /wp-content/themes/file.php HTTP/1.1" 404 0 "-" "-"
20.122.106.214 - - [08/Apr/2025:07:31:58 -0400] "GET /css/item.php HTTP/1.1" 404 0 "-" "-"
20.122.106.214 - - [08/Apr/2025:07:32:01 -0400] "GET /wp-content/uploads/2020/admin.php HTTP/1.1" 404 0 "-" "-"
20.122.106.214 - - [08/Apr/2025:07:32:04 -0400] "GET /wp-admin/includes/xmrlpc.php HTTP/1.1" 404 0 "-" "-"
20.122.106.214 - - [08/Apr/2025:07:32:06 -0400] "GET /assets/images/wp-login.php HTTP/1.1" 404 0 "-" "-"
198.54.114.83 - - [08/Apr/2025:07:32:09 -0400] "POST /wp-cron.php?doing_wp_cron=1744111927.1158370971679687500000 HTTP/1.1" 200 0 "-" "WordPress/6.7.2; https://bakingsecurityin.com"
20.122.106.214 - - [08/Apr/2025:07:32:11 -0400] "GET /css/xp.php HTTP/1.1" 404 0 "-" "-"
20.122.106.214 - - [08/Apr/2025:07:32:14 -0400] "GET /wp-includes/assets/themes.php HTTP/1.1" 404 0 "-" "-"
20.122.106.214 - - [08/Apr/2025:07:32:17 -0400] "GET /wp-content/plugins/dummyyummy/wp-signup.php HTTP/1.1" 404 0 "-" "-"
20.122.106.214 - - [08/Apr/2025:07:32:19 -0400] "GET /wp-content/uploads/chosen.php HTTP/1.1" 404 0 "-" "-"
20.122.106.214 - - [08/Apr/2025:07:32:22 -0400] "GET /wp-includes/style-engine/autoload_classmap.php HTTP/1.1" 404 0 "-" "-"
20.122.106.214 - - [08/Apr/2025:07:32:24 -0400] "GET /wp-includes/SimplePie/Content/Type/wp-login.php HTTP/1.1" 404 0 "-" "-"
20.122.106.214 - - [08/Apr/2025:07:32:26 -0400] "GET /js/style.php HTTP/1.1" 404 0 "-" "-"
20.122.106.214 - - [08/Apr/2025:07:32:28 -0400] "GET /wp-content/languages/wp-login.php HTTP/1.1" 404 0 "-" "-"
20.122.106.214 - - [08/Apr/2025:07:32:30 -0400] "GET /lock.php HTTP/1.1" 404 0 "-" "-"
20.122.106.214 - - [08/Apr/2025:07:32:33 -0400] "GET /wp-includes/js/tinymce/skins/wordpress/images/about.php HTTP/1.1" 404 0 "-" "-"
20.122.106.214 - - [08/Apr/2025:07:32:34 -0400] "GET /wp-includes/SimplePie/Content/Type/index.php HTTP/1.1" 301 0 "-" "-"
20.122.106.214 - - [08/Apr/2025:07:32:37 -0400] "GET /wp-includes/SimplePie/Content/Type/ HTTP/1.1" 404 0 "-" "-"
20.122.106.214 - - [08/Apr/2025:07:32:39 -0400] "GET /.well-known/dropdown.php HTTP/1.1" 404 0 "-" "-"
20.122.106.214 - - [08/Apr/2025:07:32:42 -0400] "GET /wp-includes/rest-api/autoload_classmap.php HTTP/1.1" 404 0 "-" "-"
20.122.106.214 - - [08/Apr/2025:07:32:46 -0400] "GET /readme.php HTTP/1.1" 404 0 "-" "-"
20.122.106.214 - - [08/Apr/2025:07:32:50 -0400] "GET /edit.php HTTP/1.1" 404 0 "-" "-"
20.122.106.214 - - [08/Apr/2025:07:32:53 -0400] "GET /wp-content/themes/travelscape/json.php HTTP/1.1" 404 0 "-" "-"
20.122.106.214 - - [08/Apr/2025:07:32:55 -0400] "GET /wp-admin/wp-admin.php HTTP/1.1" 404 0 "-" "-"
20.122.106.214 - - [08/Apr/2025:07:32:58 -0400] "GET /wp-content/upgrade/shell.php HTTP/1.1" 404 0 "-" "-"
20.122.106.214 - - [08/Apr/2025:07:33:01 -0400] "GET /wp-admin/user/bak.php HTTP/1.1" 404 0 "-" "-"
20.122.106.214 - - [08/Apr/2025:07:33:04 -0400] "GET /wp-content/plugins/admin.php HTTP/1.1" 404 0 "-" "-"
20.122.106.214 - - [08/Apr/2025:07:33:08 -0400] "GET /wp-admin/css/about.php HTTP/1.1" 404 0 "-" "-"
198.54.114.83 - - [08/Apr/2025:07:33:11 -0400] "POST /wp-cron.php?doing_wp_cron=1744111988.9641671180725097656250 HTTP/1.1" 200 0 "-" "WordPress/6.7.2; https://bakingsecurityin.com"
20.122.106.214 - - [08/Apr/2025:07:33:13 -0400] "GET /wp-admin/date.php HTTP/1.1" 404 0 "-" "-"
20.122.106.214 - - [08/Apr/2025:07:33:16 -0400] "GET /index/x.php HTTP/1.1" 404 0 "-" "-"
20.122.106.214 - - [08/Apr/2025:07:33:18 -0400] "GET /wp-includes/network.php HTTP/1.1" 404 0 "-" "-"
20.122.106.214 - - [08/Apr/2025:07:33:22 -0400] "GET /.well-known/.well-known/cc.php HTTP/1.1" 404 0 "-" "-"
20.122.106.214 - - [08/Apr/2025:07:33:24 -0400] "GET /wp-includes/pomo/chosen.php HTTP/1.1" 404 0 "-" "-"
20.122.106.214 - - [08/Apr/2025:07:33:26 -0400] "GET /.well-known/pki-validation/pwnd.php HTTP/1.1" 404 1251 "-" "-"
20.122.106.214 - - [08/Apr/2025:07:33:28 -0400] "GET /css/cong.php HTTP/1.1" 404 0 "-" "-"
20.122.106.214 - - [08/Apr/2025:07:33:30 -0400] "GET /wp-includes/customize/shell.php HTTP/1.1" 404 0 "-" "-"
20.122.106.214 - - [08/Apr/2025:07:33:34 -0400] "GET /wp-content/mah.php HTTP/1.1" 404 0 "-" "-"
20.122.106.214 - - [08/Apr/2025:07:33:36 -0400] "GET /wp-content/upgrade/admin.php HTTP/1.1" 404 0 "-" "-"
20.122.106.214 - - [08/Apr/2025:07:33:39 -0400] "GET /wp-content/index.php HTTP/1.1" 200 0 "-" "-"
20.122.106.214 - - [08/Apr/2025:07:33:42 -0400] "GET /cgi-bin/fm.php HTTP/1.1" 404 0 "-" "-"
20.122.106.214 - - [08/Apr/2025:07:33:45 -0400] "GET /wp-includes/block-supports/variations.php HTTP/1.1" 404 0 "-" "-"
20.122.106.214 - - [08/Apr/2025:07:33:47 -0400] "GET /wp-includes/rest-api/wp-login.php HTTP/1.1" 404 0 "-" "-"
20.122.106.214 - - [08/Apr/2025:07:34:29 -0400] "GET /wp-includes/style-engine/content.php HTTP/1.1" 404 0 "-" "-"
20.122.106.214 - - [08/Apr/2025:07:34:34 -0400] "GET /wordpress/wp-admin/includeswp-conflg.php HTTP/1.1" 404 0 "-" "-"
20.122.106.214 - - [08/Apr/2025:07:34:37 -0400] "GET /wp-admin/mah.php HTTP/1.1" 404 0 "-" "-"
20.122.106.214 - - [08/Apr/2025:07:34:41 -0400] "GET /wp-admin/js/wp-login.php HTTP/1.1" 404 0 "-" "-"
20.122.106.214 - - [08/Apr/2025:07:34:46 -0400] "GET /wp-includes/js/codemirror/about.php HTTP/1.1" 404 0 "-" "-"
20.122.106.214 - - [08/Apr/2025:07:34:50 -0400] "GET /wp-includes/sitemaps/providers/index.php HTTP/1.1" 301 0 "-" "-"
20.122.106.214 - - [08/Apr/2025:07:34:52 -0400] "GET /wp-includes/sitemaps/providers/ HTTP/1.1" 403 1242 "-" "-"
20.122.106.214 - - [08/Apr/2025:07:34:54 -0400] "GET /wp-mail.php/wp-includes/ID3/Core32.php HTTP/1.1" 403 1138 "-" "-"
20.122.106.214 - - [08/Apr/2025:07:34:57 -0400] "GET /wp-includes/css/wp-login.php HTTP/1.1" 404 0 "-" "-"
20.122.106.214 - - [08/Apr/2025:07:35:01 -0400] "GET /wp-admin/includes/install.php HTTP/1.1" 404 0 "-" "-"
20.122.106.214 - - [08/Apr/2025:07:35:05 -0400] "GET /wp-content/themes/about.php HTTP/1.1" 404 0 "-" "-"
20.122.106.214 - - [08/Apr/2025:07:35:09 -0400] "GET /.well-known/pki-validation/muse.php HTTP/1.1" 404 1251 "-" "-"
20.122.106.214 - - [08/Apr/2025:07:35:12 -0400] "GET /wp-content/languages/chosen.php HTTP/1.1" 404 0 "-" "-"
198.54.114.83 - - [08/Apr/2025:07:35:15 -0400] "POST /wp-cron.php?doing_wp_cron=1744112112.6118299961090087890625 HTTP/1.1" 200 0 "-" "WordPress/6.7.2; https://bakingsecurityin.com"
20.122.106.214 - - [08/Apr/2025:07:35:16 -0400] "GET /buy.php HTTP/1.1" 404 0 "-" "-"
20.122.106.214 - - [08/Apr/2025:07:35:18 -0400] "GET /wp-includes/Text/alfa-rex.php HTTP/1.1" 404 0 "-" "-"
20.122.106.214 - - [08/Apr/2025:07:35:20 -0400] "GET /wp-includes/block-patterns/index.php HTTP/1.1" 301 0 "-" "-"
20.122.106.214 - - [08/Apr/2025:07:35:22 -0400] "GET /wp-includes/block-patterns/ HTTP/1.1" 403 1242 "-" "-"
20.122.106.214 - - [08/Apr/2025:07:35:24 -0400] "GET /admin/ty.php HTTP/1.1" 404 0 "-" "-"
20.122.106.214 - - [08/Apr/2025:07:35:25 -0400] "GET /assets/images/doc.php HTTP/1.1" 404 0 "-" "-"
20.122.106.214 - - [08/Apr/2025:07:35:27 -0400] "GET /wp-admin/network/admin.php HTTP/1.1" 302 0 "-" "-"
20.122.106.214 - - [08/Apr/2025:07:35:33 -0400] "GET /wp-content/themes/cay-van-phong/3luaO.php HTTP/1.1" 404 0 "-" "-"
20.122.106.214 - - [08/Apr/2025:07:35:34 -0400] "GET /wp-includes/sodium_compat/wp-login.php HTTP/1.1" 404 0 "-" "-"
20.122.106.214 - - [08/Apr/2025:07:35:37 -0400] "GET /wp-includes/theme-compat/about.php HTTP/1.1" 404 0 "-" "-"
20.122.106.214 - - [08/Apr/2025:07:35:40 -0400] "GET /wp-mail.php/wp-includes/ID3/info.php HTTP/1.1" 403 1138 "-" "-"
20.122.106.214 - - [08/Apr/2025:07:35:43 -0400] "GET /admin/images/slider/CUfcfoH.php HTTP/1.1" 404 0 "-" "-"
20.122.106.214 - - [08/Apr/2025:07:35:47 -0400] "GET /wp-admin/setup-config.php HTTP/1.1" 409 1222 "-" "-"
20.122.106.214 - - [08/Apr/2025:07:35:50 -0400] "GET /wp-includes/blocks/edit.php HTTP/1.1" 404 0 "-" "-"
