216.244.66.236 - - [08/Apr/2025:10:34:25 -0400] "GET /the-international-gaming-awards-2011/feed/ HTTP/1.1" 200 439 "-" "Mozilla/5.0 (compatible; DotBot/1.2; +https://opensiteexplorer.org/dotbot; help@moz.com)"
198.54.114.83 - - [08/Apr/2025:10:34:28 -0400] "POST /wp-cron.php?doing_wp_cron=1744122866.2888050079345703125000 HTTP/1.1" 200 0 "-" "WordPress/6.7.2; https://bakingsecurityin.com"
103.169.35.190 - - [08/Apr/2025:10:36:54 -0400] "POST /xmlrpc.php HTTP/1.1" 200 212 "http://bakingsecurityin.com" "Mozilla/5.0 (Macintosh; Intel Mac OS X 10_15_7) AppleWebKit/537.36 (KHTML, like Gecko) Chrome/114.0.5735.134 Safari/537.36"
198.54.114.83 - - [08/Apr/2025:10:36:56 -0400] "POST /wp-cron.php?doing_wp_cron=1744123014.9030818939208984375000 HTTP/1.1" 200 0 "-" "WordPress/6.7.2; https://bakingsecurityin.com"
161.35.47.151 - - [08/Apr/2025:10:40:19 -0400] "GET /heh.php HTTP/1.1" 404 0 "www.google.com" "Mozlila/5.0 (Linux; Android 7.0; SM-G892A Bulid/NRD90M; wv) AppleWebKit/537.36 (KHTML, like Gecko) Version/4.0 Chrome/60.0.3112.107 Moblie Safari/537.36"
198.54.114.83 - - [08/Apr/2025:10:40:21 -0400] "POST /wp-cron.php?doing_wp_cron=1744123219.8296689987182617187500 HTTP/1.1" 200 0 "-" "WordPress/6.7.2; https://bakingsecurityin.com"
161.35.47.151 - - [08/Apr/2025:10:40:27 -0400] "GET /wp-content/plugins/view-more/ioxi.php HTTP/1.1" 404 0 "www.google.com" "Mozlila/5.0 (Linux; Android 7.0; SM-G892A Bulid/NRD90M; wv) AppleWebKit/537.36 (KHTML, like Gecko) Version/4.0 Chrome/60.0.3112.107 Moblie Safari/537.36"
161.35.47.151 - - [08/Apr/2025:10:40:30 -0400] "GET /wp-content/plugins/erinyani/baxa1.php7 HTTP/1.1" 404 0 "www.google.com" "Mozlila/5.0 (Linux; Android 7.0; SM-G892A Bulid/NRD90M; wv) AppleWebKit/537.36 (KHTML, like Gecko) Version/4.0 Chrome/60.0.3112.107 Moblie Safari/537.36"
161.35.47.151 - - [08/Apr/2025:10:40:32 -0400] "GET /baxa1.php7 HTTP/1.1" 404 0 "www.google.com" "Mozlila/5.0 (Linux; Android 7.0; SM-G892A Bulid/NRD90M; wv) AppleWebKit/537.36 (KHTML, like Gecko) Version/4.0 Chrome/60.0.3112.107 Moblie Safari/537.36"
161.35.47.151 - - [08/Apr/2025:10:40:37 -0400] "GET /wp-content/plugins/erinyani/baxa1.php HTTP/1.1" 404 0 "www.google.com" "Mozlila/5.0 (Linux; Android 7.0; SM-G892A Bulid/NRD90M; wv) AppleWebKit/537.36 (KHTML, like Gecko) Version/4.0 Chrome/60.0.3112.107 Moblie Safari/537.36"
161.35.47.151 - - [08/Apr/2025:10:40:40 -0400] "GET /baxa1.php HTTP/1.1" 404 0 "www.google.com" "Mozlila/5.0 (Linux; Android 7.0; SM-G892A Bulid/NRD90M; wv) AppleWebKit/537.36 (KHTML, like Gecko) Version/4.0 Chrome/60.0.3112.107 Moblie Safari/537.36"
161.35.47.151 - - [08/Apr/2025:10:40:44 -0400] "GET /wp-content/plugins/seoxx/randkeyword.php HTTP/1.1" 404 0 "www.google.com" "Mozlila/5.0 (Linux; Android 7.0; SM-G892A Bulid/NRD90M; wv) AppleWebKit/537.36 (KHTML, like Gecko) Version/4.0 Chrome/60.0.3112.107 Moblie Safari/537.36"
45.39.35.12 - - [08/Apr/2025:10:45:27 -0400] "POST /xmlrpc.php HTTP/1.1" 200 212 "-" "Mozilla/5.0 (Macintosh; Intel Mac OS X 10_15_4) AppleWebKit/531.39 (KHTML, like Gecko111) Chrome/92.6 Safari/538.38"
23.95.255.60 - - [08/Apr/2025:10:45:27 -0400] "POST /xmlrpc.php HTTP/1.1" 200 212 "-" "Mozilla/5.0 (Macintosh; Intel Mac OS X 10_15_4) AppleWebKit/535.33 (KHTML, like Gecko111) Chrome/98.7 Safari/535.33"
38.170.172.185 - - [08/Apr/2025:10:45:27 -0400] "POST /xmlrpc.php HTTP/1.1" 200 212 "-" "Mozilla/5.0 (Macintosh; Intel Mac OS X 10_15_8) AppleWebKit/536.38 (KHTML, like Gecko111) Chrome/96.8 Safari/538.37"
38.170.173.172 - - [08/Apr/2025:10:45:27 -0400] "POST /xmlrpc.php HTTP/1.1" 200 212 "-" "Mozilla/5.0 (Macintosh; Intel Mac OS X 10_15_7) AppleWebKit/533.37 (KHTML, like Gecko111) Chrome/97.8 Safari/538.38"
198.54.114.83 - - [08/Apr/2025:10:45:31 -0400] "POST /wp-cron.php?doing_wp_cron=1744123527.9727180004119873046875 HTTP/1.1" 200 0 "-" "WordPress/6.7.2; https://bakingsecurityin.com"
198.54.114.83 - - [08/Apr/2025:10:45:31 -0400] "POST /wp-cron.php?doing_wp_cron=1744123527.9743270874023437500000 HTTP/1.1" 200 0 "-" "WordPress/6.7.2; https://bakingsecurityin.com"
167.99.66.166 - - [08/Apr/2025:10:46:03 -0400] "POST /xmlrpc.php HTTP/1.1" 200 212 "http://bakingsecurityin.com" "Mozilla/5.0 (Macintosh; Intel Mac OS X 10_15_7; rv:125.0.1) Gecko/20100101 Firefox/125.0.1"
198.54.114.15 - - [08/Apr/2025:10:55:19 -0400] "POST /xmlrpc.php HTTP/1.1" 200 212 "http://bakingsecurityin.com" "Mozilla/5.0 (Macintosh; Intel Mac OS X 13_3) AppleWebKit/537.36 (KHTML, like Gecko) Chrome/126.0.0.0 Safari/537.36"
103.120.176.171 - - [08/Apr/2025:10:58:32 -0400] "POST /xmlrpc.php HTTP/1.1" 200 236 "-" "Mozilla/5.0 (X11; Fedora; Linux x86_64; rv:94.0) Gecko/20100101 Firefox/95.0"
45.67.14.64 - - [08/Apr/2025:11:04:33 -0400] "POST /xmlrpc.php HTTP/1.1" 200 212 "http://bakingsecurityin.com" "Mozilla/5.0 (Macintosh; Intel Mac OS X 13_3) AppleWebKit/537.36 (KHTML, like Gecko) Chrome/126.0.0.0 Safari/537.36 Edg/126.0.0.0"
198.54.114.83 - - [08/Apr/2025:11:04:36 -0400] "POST /wp-cron.php?doing_wp_cron=1744124673.7801599502563476562500 HTTP/1.1" 200 0 "-" "WordPress/6.7.2; https://bakingsecurityin.com"
85.208.98.23 - - [08/Apr/2025:11:11:02 -0400] "GET /robots.txt HTTP/1.1" 200 116 "-" "Mozilla/5.0 (compatible; SemrushBot-BA; +http://www.semrush.com/bot.html)"
216.244.66.236 - - [08/Apr/2025:11:13:26 -0400] "GET /bewertung-von-immobilien-eine-analyse/ HTTP/1.1" 200 0 "-" "Mozilla/5.0 (compatible; DotBot/1.2; +https://opensiteexplorer.org/dotbot; help@moz.com)"
198.54.114.83 - - [08/Apr/2025:11:13:32 -0400] "POST /wp-cron.php?doing_wp_cron=1744125209.6308009624481201171875 HTTP/1.1" 200 0 "-" "WordPress/6.7.2; https://bakingsecurityin.com"
160.30.113.129 - - [08/Apr/2025:11:14:04 -0400] "POST /xmlrpc.php HTTP/1.1" 200 212 "http://bakingsecurityin.com" "Mozilla/5.0 (Macintosh; Intel Mac OS X 13.3; rv:126.0) Gecko/20100101 Firefox/126.0"
216.244.66.236 - - [08/Apr/2025:11:14:04 -0400] "GET /umzugsunternehmen-in-luneburg-ihr-partner-fur-stressfreie-umzuge/ HTTP/1.1" 200 0 "-" "Mozilla/5.0 (compatible; DotBot/1.2; +https://opensiteexplorer.org/dotbot; help@moz.com)"
216.244.66.236 - - [08/Apr/2025:11:14:33 -0400] "GET /8-prostate-cancer-treatment-with-home-remedies-that-work/ HTTP/1.1" 200 0 "-" "Mozilla/5.0 (compatible; DotBot/1.2; +https://opensiteexplorer.org/dotbot; help@moz.com)"
198.54.114.83 - - [08/Apr/2025:11:14:36 -0400] "POST /wp-cron.php?doing_wp_cron=1744125273.6745510101318359375000 HTTP/1.1" 200 0 "-" "WordPress/6.7.2; https://bakingsecurityin.com"
216.244.66.236 - - [08/Apr/2025:11:15:01 -0400] "GET /puerto-aventuras-yachts/ HTTP/1.1" 200 0 "-" "Mozilla/5.0 (compatible; DotBot/1.2; +https://opensiteexplorer.org/dotbot; help@moz.com)"
216.244.66.236 - - [08/Apr/2025:11:17:17 -0400] "GET /live-dealer-casinos-a-fad-or-the-future/ HTTP/1.1" 200 0 "-" "Mozilla/5.0 (compatible; DotBot/1.2; +https://opensiteexplorer.org/dotbot; help@moz.com)"
216.244.66.236 - - [08/Apr/2025:11:25:58 -0400] "GET /hattingen-deutschland-heimat-einer-vielzahl-historischer-wahrzeichen/feed/ HTTP/1.1" 200 477 "-" "Mozilla/5.0 (compatible; DotBot/1.2; +https://opensiteexplorer.org/dotbot; help@moz.com)"
192.99.19.65 - - [08/Apr/2025:11:28:29 -0400] "POST /wp-login.php HTTP/1.1" 302 0 "http://bakingsecurityin.com" "Mozilla/5.0 (Macintosh; Intel Mac OS X 10_15_7; rv:128.0) Gecko/20100101 Firefox/128.0"
198.54.114.83 - - [08/Apr/2025:11:28:32 -0400] "POST /wp-cron.php?doing_wp_cron=1744126110.3143730163574218750000 HTTP/1.1" 200 0 "-" "WordPress/6.7.2; https://bakingsecurityin.com"
198.54.114.125 - - [08/Apr/2025:11:39:13 -0400] "POST /wp-login.php HTTP/1.1" 302 0 "http://bakingsecurityin.com" "Mozilla/5.0 (Macintosh; Intel Mac OS X 14_4_1) AppleWebKit/605.1.15 (KHTML, like Gecko) Version/17.3.1 Safari/605.1.15"
103.132.20.2 - - [08/Apr/2025:11:50:10 -0400] "POST /wp-login.php HTTP/1.1" 302 0 "http://bakingsecurityin.com" "Mozilla/5.0 (Macintosh; Intel Mac OS X 10_15_7; rv:125.0.1) Gecko/20100101 Firefox/125.0.1"
213.108.241.235 - - [08/Apr/2025:11:54:50 -0400] "POST /xmlrpc.php HTTP/1.1" 200 236 "-" "Mozilla/5.0 (X11; Fedora; Linux x86_64; rv:94.0) Gecko/20100101 Firefox/95.0"
198.54.114.83 - - [08/Apr/2025:11:54:52 -0400] "POST /wp-cron.php?doing_wp_cron=1744127690.9519169330596923828125 HTTP/1.1" 200 0 "-" "WordPress/6.7.2; https://bakingsecurityin.com"
103.7.8.179 - - [08/Apr/2025:12:01:00 -0400] "POST /xmlrpc.php HTTP/1.1" 200 212 "http://bakingsecurityin.com" "Mozilla/5.0 (Windows NT 10.0; Win64; x64) AppleWebKit/537.36 (KHTML, like Gecko) Chrome/116.0.5845.96 Safari/537.36 Edg/116.0.1938.62"
216.244.66.236 - - [08/Apr/2025:12:01:36 -0400] "GET /insinkerator-disposers/ HTTP/1.1" 200 0 "-" "Mozilla/5.0 (compatible; DotBot/1.2; +https://opensiteexplorer.org/dotbot; help@moz.com)"
198.54.114.83 - - [08/Apr/2025:12:01:38 -0400] "POST /wp-cron.php?doing_wp_cron=1744128096.8256189823150634765625 HTTP/1.1" 200 0 "-" "WordPress/6.7.2; https://bakingsecurityin.com"
85.208.98.23 - - [08/Apr/2025:12:02:40 -0400] "GET /robots.txt HTTP/1.1" 304 0 "-" "Mozilla/5.0 (compatible; SemrushBot-BA; +http://www.semrush.com/bot.html)"
216.244.66.236 - - [08/Apr/2025:12:03:04 -0400] "GET /explore-unforgettable-2025-pesach-programs/ HTTP/1.1" 200 0 "-" "Mozilla/5.0 (compatible; DotBot/1.2; +https://opensiteexplorer.org/dotbot; help@moz.com)"
198.54.114.83 - - [08/Apr/2025:12:03:11 -0400] "POST /wp-cron.php?doing_wp_cron=1744128187.7353670597076416015625 HTTP/1.1" 200 0 "-" "WordPress/6.7.2; https://bakingsecurityin.com"
216.244.66.236 - - [08/Apr/2025:12:03:31 -0400] "GET /buroreinigung-hamburg/ HTTP/1.1" 200 0 "-" "Mozilla/5.0 (compatible; DotBot/1.2; +https://opensiteexplorer.org/dotbot; help@moz.com)"
216.244.66.236 - - [08/Apr/2025:12:04:04 -0400] "GET /how-to-turn-off-firewall-on-iphone/ HTTP/1.1" 200 0 "-" "Mozilla/5.0 (compatible; DotBot/1.2; +https://opensiteexplorer.org/dotbot; help@moz.com)"
198.54.114.83 - - [08/Apr/2025:12:06:24 -0400] "POST /wp-cron.php?doing_wp_cron=1744128383.2058289051055908203125 HTTP/1.1" 200 0 "-" "WordPress/6.7.2; https://bakingsecurityin.com"
216.244.66.236 - - [08/Apr/2025:12:06:19 -0400] "GET /neurofibromatose-de-type-2/feed/ HTTP/1.1" 200 424 "-" "Mozilla/5.0 (compatible; DotBot/1.2; +https://opensiteexplorer.org/dotbot; help@moz.com)"
104.219.248.110 - - [08/Apr/2025:12:11:35 -0400] "POST /wp-login.php HTTP/1.1" 302 0 "http://bakingsecurityin.com" "Mozilla/5.0 (Macintosh; Intel Mac OS X 14.3) AppleWebKit/614.31.14 (KHTML, like Gecko) Version/17.0.96 Safari/614.31.14"
198.54.114.83 - - [08/Apr/2025:12:11:42 -0400] "POST /wp-cron.php?doing_wp_cron=1744128699.2044289112091064453125 HTTP/1.1" 200 0 "-" "WordPress/6.7.2; https://bakingsecurityin.com"
68.65.123.234 - - [08/Apr/2025:12:21:44 -0400] "POST /wp-login.php HTTP/1.1" 302 0 "http://bakingsecurityin.com" "Mozilla/5.0 (Windows NT 11.0; Win64; x64; rv:126.0) Gecko/20100101 Firefox/126.0"
198.54.114.83 - - [08/Apr/2025:12:21:47 -0400] "POST /wp-cron.php?doing_wp_cron=1744129304.9771640300750732421875 HTTP/1.1" 200 0 "-" "WordPress/6.7.2; https://bakingsecurityin.com"
89.28.217.3 - - [08/Apr/2025:12:31:51 -0400] "POST /wp-login.php HTTP/1.1" 302 0 "http://bakingsecurityin.com" "Mozilla/5.0 (Windows NT 10.0; Win64; x64; rv:129.0) Gecko/20100101 Firefox/129.0"
198.54.114.83 - - [08/Apr/2025:12:31:53 -0400] "POST /wp-cron.php?doing_wp_cron=1744129911.7465620040893554687500 HTTP/1.1" 200 0 "-" "WordPress/6.7.2; https://bakingsecurityin.com"
198.54.114.83 - - [08/Apr/2025:12:38:19 -0400] "POST /wp-cron.php?doing_wp_cron=1744130298.7934861183166503906250 HTTP/1.1" 200 0 "-" "WordPress/6.7.2; https://bakingsecurityin.com"
2a07:4283:100:442:250:56ff:fead:c737 - - [08/Apr/2025:12:38:16 -0400] "POST /xmlrpc.php HTTP/1.1" 200 236 "-" "Mozilla/5.0 (X11; Fedora; Linux x86_64; rv:94.0) Gecko/20100101 Firefox/95.0"
216.244.66.236 - - [08/Apr/2025:12:38:25 -0400] "GET /robots.txt HTTP/1.1" 304 0 "-" "Mozilla/5.0 (compatible; DotBot/1.2; +https://opensiteexplorer.org/dotbot; help@moz.com)"
103.169.35.190 - - [08/Apr/2025:12:41:37 -0400] "POST /wp-login.php HTTP/1.1" 302 0 "http://bakingsecurityin.com" "Mozilla/5.0 (Windows NT 10.0; Win64; x64) AppleWebKit/537.36 (KHTML, like Gecko) Chrome/113.0.5672.126 Safari/537.36 Edg/113.0.1774.50"
52.225.254.109 - - [08/Apr/2025:12:48:51 -0400] "HEAD /wordpress HTTP/1.1" 301 0 "-" "Mozilla/5.0 (Windows NT 10.0; Win64; x64) AppleWebKit/537.36 (KHTML, like Gecko) Chrome/74.0.3729.169 Safari/537.36"
52.225.254.109 - - [08/Apr/2025:12:48:53 -0400] "HEAD /wordpress/ HTTP/1.1" 403 0 "http://bakingsecurityin.com/wordpress" "Mozilla/5.0 (Windows NT 10.0; Win64; x64) AppleWebKit/537.36 (KHTML, like Gecko) Chrome/74.0.3729.169 Safari/537.36"
52.225.254.109 - - [08/Apr/2025:12:48:54 -0400] "HEAD / HTTP/1.1" 200 0 "-" "Mozilla/5.0 (Windows NT 10.0; Win64; x64) AppleWebKit/537.36 (KHTML, like Gecko) Chrome/74.0.3729.169 Safari/537.36"
198.54.114.83 - - [08/Apr/2025:12:48:56 -0400] "POST /wp-cron.php?doing_wp_cron=1744130935.3202779293060302734375 HTTP/1.1" 200 0 "-" "WordPress/6.7.2; https://bakingsecurityin.com"
52.225.254.109 - - [08/Apr/2025:12:48:57 -0400] "HEAD /wp HTTP/1.1" 404 0 "-" "Mozilla/5.0 (Windows NT 10.0; Win64; x64) AppleWebKit/537.36 (KHTML, like Gecko) Chrome/74.0.3729.169 Safari/537.36"
52.225.254.109 - - [08/Apr/2025:12:48:59 -0400] "HEAD /bc HTTP/1.1" 404 0 "-" "Mozilla/5.0 (Windows NT 10.0; Win64; x64) AppleWebKit/537.36 (KHTML, like Gecko) Chrome/74.0.3729.169 Safari/537.36"
52.225.254.109 - - [08/Apr/2025:12:49:01 -0400] "HEAD /bk HTTP/1.1" 404 0 "-" "Mozilla/5.0 (Windows NT 10.0; Win64; x64) AppleWebKit/537.36 (KHTML, like Gecko) Chrome/74.0.3729.169 Safari/537.36"
52.225.254.109 - - [08/Apr/2025:12:49:03 -0400] "HEAD /backup HTTP/1.1" 404 0 "-" "Mozilla/5.0 (Windows NT 10.0; Win64; x64) AppleWebKit/537.36 (KHTML, like Gecko) Chrome/74.0.3729.169 Safari/537.36"
52.225.254.109 - - [08/Apr/2025:12:49:05 -0400] "HEAD /old HTTP/1.1" 404 0 "-" "Mozilla/5.0 (Windows NT 10.0; Win64; x64) AppleWebKit/537.36 (KHTML, like Gecko) Chrome/74.0.3729.169 Safari/537.36"
52.225.254.109 - - [08/Apr/2025:12:49:06 -0400] "HEAD /new HTTP/1.1" 301 0 "-" "Mozilla/5.0 (Windows NT 10.0; Win64; x64) AppleWebKit/537.36 (KHTML, like Gecko) Chrome/74.0.3729.169 Safari/537.36"
52.225.254.109 - - [08/Apr/2025:12:49:10 -0400] "HEAD /main HTTP/1.1" 404 0 "-" "Mozilla/5.0 (Windows NT 10.0; Win64; x64) AppleWebKit/537.36 (KHTML, like Gecko) Chrome/74.0.3729.169 Safari/537.36"
52.225.254.109 - - [08/Apr/2025:12:49:11 -0400] "HEAD /home HTTP/1.1" 404 0 "-" "Mozilla/5.0 (Windows NT 10.0; Win64; x64) AppleWebKit/537.36 (KHTML, like Gecko) Chrome/74.0.3729.169 Safari/537.36"
216.244.66.236 - - [08/Apr/2025:12:50:32 -0400] "GET /angst-sorge-schuchternheit-und-panik/ HTTP/1.1" 200 0 "-" "Mozilla/5.0 (compatible; DotBot/1.2; +https://opensiteexplorer.org/dotbot; help@moz.com)"
216.244.66.236 - - [08/Apr/2025:12:50:38 -0400] "GET /mac-oil-cartridges/ HTTP/1.1" 200 0 "-" "Mozilla/5.0 (compatible; DotBot/1.2; +https://opensiteexplorer.org/dotbot; help@moz.com)"
198.54.114.83 - - [08/Apr/2025:12:51:15 -0400] "POST /wp-cron.php?doing_wp_cron=1744131074.8621850013732910156250 HTTP/1.1" 200 0 "-" "WordPress/6.7.2; https://bakingsecurityin.com"
199.188.207.168 - - [08/Apr/2025:12:51:14 -0400] "POST /wp-login.php HTTP/1.1" 302 0 "http://bakingsecurityin.com" "Mozilla/5.0 (Macintosh; Intel Mac OS X 14.3) AppleWebKit/614.31.14 (KHTML, like Gecko) Version/17.0.96 Safari/614.31.14"
216.244.66.236 - - [08/Apr/2025:12:53:30 -0400] "GET /fishing-pickup-lines/feed/ HTTP/1.1" 200 405 "-" "Mozilla/5.0 (compatible; DotBot/1.2; +https://opensiteexplorer.org/dotbot; help@moz.com)"
216.244.66.236 - - [08/Apr/2025:12:57:51 -0400] "GET /page/33/ HTTP/1.1" 200 0 "-" "Mozilla/5.0 (compatible; DotBot/1.2; +https://opensiteexplorer.org/dotbot; help@moz.com)"
198.54.114.83 - - [08/Apr/2025:12:57:53 -0400] "POST /wp-cron.php?doing_wp_cron=1744131472.5404629707336425781250 HTTP/1.1" 200 0 "-" "WordPress/6.7.2; https://bakingsecurityin.com"
198.54.114.83 - - [08/Apr/2025:13:00:37 -0400] "POST /wp-cron.php?doing_wp_cron=1744131636.1884999275207519531250 HTTP/1.1" 200 0 "-" "WordPress/6.7.2; https://bakingsecurityin.com"
50.62.182.7 - - [08/Apr/2025:13:00:35 -0400] "POST /wp-login.php HTTP/1.1" 302 0 "http://bakingsecurityin.com" "Mozilla/5.0 (Windows NT 10.0; Win64; x64) AppleWebKit/537.36 (KHTML, like Gecko) Chrome/126.0.0.0 Safari/537.36"
62.60.160.33 - - [08/Apr/2025:13:10:03 -0400] "POST /wp-login.php HTTP/1.1" 302 0 "http://bakingsecurityin.com" "Mozilla/5.0 (Windows NT 10.0; Win64; x64) AppleWebKit/537.36 (KHTML, like Gecko) Chrome/116.0.5845.96 Safari/537.36 Edg/116.0.1938.62"
198.54.114.83 - - [08/Apr/2025:13:10:09 -0400] "POST /wp-cron.php?doing_wp_cron=1744132206.9850718975067138671875 HTTP/1.1" 200 0 "-" "WordPress/6.7.2; https://bakingsecurityin.com"
198.54.114.83 - - [08/Apr/2025:13:13:30 -0400] "POST /wp-cron.php?doing_wp_cron=1744132409.7642970085144042968750 HTTP/1.1" 200 0 "-" "WordPress/6.7.2; https://bakingsecurityin.com"
52.230.98.98 - - [08/Apr/2025:13:13:26 -0400] "POST /xmlrpc.php HTTP/1.1" 200 236 "-" "Mozilla/5.0 (X11; Gentoo; Linux x86_64; rv:91.0) Gecko/20100101 Firefox/91.0"
188.212.135.10 - - [08/Apr/2025:13:17:08 -0400] "GET /how-does-red-light-therapy-work/ HTTP/1.1" 200 0 "http://bakingsecurityin.com/how-does-red-light-therapy-work/" "Mozilla/5.0 (Windows NT 10.0; Win64; x64) AppleWebKit/537.36 (KHTML, like Gecko) Chrome/129.0.0.0 Safari/537.36"
188.212.135.52 - - [08/Apr/2025:13:17:10 -0400] "GET / HTTP/1.1" 200 0 "http://bakingsecurityin.com/" "Mozilla/5.0 (Windows NT 10.0; Win64; x64) AppleWebKit/537.36 (KHTML, like Gecko) Chrome/129.0.0.0 Safari/537.36"
198.54.114.83 - - [08/Apr/2025:13:17:13 -0400] "POST /wp-cron.php?doing_wp_cron=1744132631.2769989967346191406250 HTTP/1.1" 200 0 "-" "WordPress/6.7.2; https://bakingsecurityin.com"
80.244.168.80 - - [08/Apr/2025:13:19:27 -0400] "POST /wp-login.php HTTP/1.1" 302 0 "http://bakingsecurityin.com" "Mozilla/5.0 (Windows NT 10.0; Win64; x64) AppleWebKit/537.36 (KHTML, like Gecko) Chrome/116.0.5845.96 Safari/537.36 Edg/116.0.1938.62"
216.244.66.236 - - [08/Apr/2025:13:26:28 -0400] "GET /robots.txt HTTP/1.1" 304 0 "-" "Mozilla/5.0 (compatible; DotBot/1.2; +https://opensiteexplorer.org/dotbot; help@moz.com)"
216.244.66.236 - - [08/Apr/2025:13:37:18 -0400] "GET /what-to-look-for-in-an-online-casino/ HTTP/1.1" 200 0 "-" "Mozilla/5.0 (compatible; DotBot/1.2; +https://opensiteexplorer.org/dotbot; help@moz.com)"
198.54.114.83 - - [08/Apr/2025:13:37:20 -0400] "POST /wp-cron.php?doing_wp_cron=1744133838.9720070362091064453125 HTTP/1.1" 200 0 "-" "WordPress/6.7.2; https://bakingsecurityin.com"
116.204.78.140 - - [08/Apr/2025:13:38:19 -0400] "POST /wp-login.php HTTP/1.1" 302 0 "http://bakingsecurityin.com" "Mozilla/5.0 (Windows NT 10.0; Win64; x64) AppleWebKit/537.36 (KHTML, like Gecko) Chrome/113.0.5672.126 Safari/537.36 Edg/113.0.1774.50"
198.54.114.83 - - [08/Apr/2025:13:38:21 -0400] "POST /wp-cron.php?doing_wp_cron=1744133900.3507909774780273437500 HTTP/1.1" 200 0 "-" "WordPress/6.7.2; https://bakingsecurityin.com"
216.244.66.236 - - [08/Apr/2025:13:41:41 -0400] "GET /integrative-and-holistic-medicine/feed/ HTTP/1.1" 200 436 "-" "Mozilla/5.0 (compatible; DotBot/1.2; +https://opensiteexplorer.org/dotbot; help@moz.com)"
198.54.114.83 - - [08/Apr/2025:13:41:46 -0400] "POST /wp-cron.php?doing_wp_cron=1744134104.8826570510864257812500 HTTP/1.1" 200 0 "-" "WordPress/6.7.2; https://bakingsecurityin.com"
63.250.32.87 - - [08/Apr/2025:13:47:37 -0400] "POST /wp-login.php HTTP/1.1" 302 0 "http://bakingsecurityin.com" "Mozilla/5.0 (Macintosh; Intel Mac OS X 10_15_7) AppleWebKit/537.36 (KHTML, like Gecko) Chrome/115.0.5790.102 Safari/537.36"
194.38.23.16 - - [08/Apr/2025:13:49:56 -0400] "GET /server/php/index.php?file=tf2rghf.jpg HTTP/1.1" 301 0 "-" "ALittle Client"
194.38.23.16 - - [08/Apr/2025:13:50:39 -0400] "GET /server/php/?file=tf2rghf.jpg HTTP/1.1" 404 0 "-" "ALittle Client"
198.54.114.83 - - [08/Apr/2025:13:50:41 -0400] "POST /wp-cron.php?doing_wp_cron=1744134639.5716769695281982421875 HTTP/1.1" 200 0 "-" "WordPress/6.7.2; https://bakingsecurityin.com"
2a01:4f8:210:20a3::2 - - [08/Apr/2025:13:56:42 -0400] "POST /wp-login.php HTTP/1.1" 302 0 "http://bakingsecurityin.com" "Mozilla/5.0 (Windows NT 10.0; Win64; x64; rv:128.0) Gecko/20100101 Firefox/128.0"
2605:6f00:1234:701:1::14d - - [08/Apr/2025:14:05:39 -0400] "POST /wp-login.php HTTP/1.1" 302 0 "http://bakingsecurityin.com" "Mozilla/5.0 (Macintosh; Intel Mac OS X 14.5) AppleWebKit/618.3.5 (KHTML, like Gecko) Version/17.4 Safari/618.3.5"
198.54.114.83 - - [08/Apr/2025:14:05:45 -0400] "POST /wp-cron.php?doing_wp_cron=1744135542.6157350540161132812500 HTTP/1.1" 200 0 "-" "WordPress/6.7.2; https://bakingsecurityin.com"
89.175.12.245 - - [08/Apr/2025:14:08:15 -0400] "GET /how-does-red-light-therapy-work/ HTTP/1.1" 200 0 "http://bakingsecurityin.com/how-does-red-light-therapy-work/" "Mozilla/5.0 (Windows NT 10.0; Win64; x64) AppleWebKit/537.36 (KHTML, like Gecko) Chrome/131.0.0.0 Safari/537.36"
89.175.12.245 - - [08/Apr/2025:14:08:17 -0400] "GET / HTTP/1.1" 200 0 "http://bakingsecurityin.com/" "Mozilla/5.0 (Windows NT 10.0; Win64; x64) AppleWebKit/537.36 (KHTML, like Gecko) Chrome/131.0.0.0 Safari/537.36"
198.54.114.13 - - [08/Apr/2025:14:14:37 -0400] "POST /wp-login.php HTTP/1.1" 302 0 "http://bakingsecurityin.com" "Mozilla/5.0 (Windows NT 10.0; Win64; x64; rv:129.0) Gecko/20100101 Firefox/129.0"
216.244.66.236 - - [08/Apr/2025:14:14:43 -0400] "GET /robots.txt HTTP/1.1" 200 116 "-" "Mozilla/5.0 (compatible; DotBot/1.2; +https://opensiteexplorer.org/dotbot; help@moz.com)"
198.54.114.83 - - [08/Apr/2025:14:14:43 -0400] "POST /wp-cron.php?doing_wp_cron=1744136079.8556239604949951171875 HTTP/1.1" 200 0 "-" "WordPress/6.7.2; https://bakingsecurityin.com"
198.54.114.83 - - [08/Apr/2025:14:17:16 -0400] "POST /wp-cron.php?doing_wp_cron=1744136234.8375370502471923828125 HTTP/1.1" 200 0 "-" "WordPress/6.7.2; https://bakingsecurityin.com"
69.27.41.198 - - [08/Apr/2025:14:17:14 -0400] "POST /xmlrpc.php HTTP/1.1" 200 236 "-" "Mozilla/5.0 (X11; Fedora; Linux x86_64; rv:94.0) Gecko/20100101 Firefox/95.0"
198.54.114.15 - - [08/Apr/2025:14:23:20 -0400] "POST /wp-login.php HTTP/1.1" 302 0 "http://bakingsecurityin.com" "Mozilla/5.0 (Windows NT 10.0; Win64; x64; rv:126.0) Gecko/20100101 Firefox/126.0"
198.54.114.83 - - [08/Apr/2025:14:27:39 -0400] "POST /wp-cron.php?doing_wp_cron=1744136858.3067378997802734375000 HTTP/1.1" 200 0 "-" "WordPress/6.7.2; https://bakingsecurityin.com"
216.244.66.236 - - [08/Apr/2025:14:27:34 -0400] "GET /der-weg-das-herz-zu-beruhren/ HTTP/1.1" 200 0 "-" "Mozilla/5.0 (compatible; DotBot/1.2; +https://opensiteexplorer.org/dotbot; help@moz.com)"
216.244.66.236 - - [08/Apr/2025:14:29:18 -0400] "GET /relx-pod-review/feed/ HTTP/1.1" 200 417 "-" "Mozilla/5.0 (compatible; DotBot/1.2; +https://opensiteexplorer.org/dotbot; help@moz.com)"
198.54.114.83 - - [08/Apr/2025:14:29:20 -0400] "POST /wp-cron.php?doing_wp_cron=1744136958.8518679141998291015625 HTTP/1.1" 200 0 "-" "WordPress/6.7.2; https://bakingsecurityin.com"
198.54.114.83 - - [08/Apr/2025:14:31:19 -0400] "POST /wp-cron.php?doing_wp_cron=1744137077.6090869903564453125000 HTTP/1.1" 200 0 "-" "WordPress/6.7.2; https://bakingsecurityin.com"
216.244.66.236 - - [08/Apr/2025:14:31:13 -0400] "GET /birdseye-cloth-diapers-cloth-diapering-simplicity/feed/ HTTP/1.1" 200 451 "-" "Mozilla/5.0 (compatible; DotBot/1.2; +https://opensiteexplorer.org/dotbot; help@moz.com)"
93.191.156.44 - - [08/Apr/2025:14:32:00 -0400] "POST /wp-login.php HTTP/1.1" 302 0 "http://bakingsecurityin.com" "Mozilla/5.0 (Windows NT 11.0; Win64; x64; rv:126.0) Gecko/20100101 Firefox/126.0"
216.244.66.236 - - [08/Apr/2025:14:35:41 -0400] "GET /star-plus-electrical-services/feed/ HTTP/1.1" 200 433 "-" "Mozilla/5.0 (compatible; DotBot/1.2; +https://opensiteexplorer.org/dotbot; help@moz.com)"
198.54.114.83 - - [08/Apr/2025:14:37:02 -0400] "POST /wp-cron.php?doing_wp_cron=1744137421.9896290302276611328125 HTTP/1.1" 200 0 "-" "WordPress/6.7.2; https://bakingsecurityin.com"
216.244.66.236 - - [08/Apr/2025:14:37:01 -0400] "GET /borracce-personalizzate/feed/ HTTP/1.1" 200 420 "-" "Mozilla/5.0 (compatible; DotBot/1.2; +https://opensiteexplorer.org/dotbot; help@moz.com)"
198.54.114.83 - - [08/Apr/2025:14:40:32 -0400] "POST /wp-cron.php?doing_wp_cron=1744137631.0721280574798583984375 HTTP/1.1" 200 0 "-" "WordPress/6.7.2; https://bakingsecurityin.com"
115.245.68.141 - - [08/Apr/2025:14:40:27 -0400] "POST /wp-login.php HTTP/1.1" 302 0 "http://bakingsecurityin.com" "Mozilla/5.0 (Macintosh; Intel Mac OS X 10_15_7; rv:127.0) Gecko/20100101 Firefox/127.0"
205.210.31.225 - - [08/Apr/2025:14:40:53 -0400] "GET / HTTP/1.1" 200 0 "-" "Expanse, a Palo Alto Networks company, searches across the global IPv4 space multiple times per day to identify customers&#39; presences on the Internet. If you would like to be excluded from our scans, please send IP addresses/domains to: scaninfo@paloaltonetworks.com"
198.54.114.83 - - [08/Apr/2025:14:47:40 -0400] "POST /wp-cron.php?doing_wp_cron=1744138059.8730030059814453125000 HTTP/1.1" 200 0 "-" "WordPress/6.7.2; https://bakingsecurityin.com"
18.158.88.235 - - [08/Apr/2025:14:47:36 -0400] "POST /xmlrpc.php HTTP/1.1" 200 236 "-" "Mozilla/5.0 (X11; Fedora; Linux x86_64; rv:94.0) Gecko/20100101 Firefox/95.0"
198.54.114.83 - - [08/Apr/2025:14:48:56 -0400] "POST /wp-cron.php?doing_wp_cron=1744138136.2529399394989013671875 HTTP/1.1" 200 0 "-" "WordPress/6.7.2; https://bakingsecurityin.com"
2a02:4780:28:7ad8::1 - - [08/Apr/2025:14:48:55 -0400] "POST /wp-login.php HTTP/1.1" 302 0 "http://bakingsecurityin.com" "Mozilla/5.0 (Windows NT 10.0; Win64; x64; rv:126.0) Gecko/20100101 Firefox/126.0"
68.183.145.0 - - [08/Apr/2025:14:57:09 -0400] "POST /wp-login.php HTTP/1.1" 302 0 "http://bakingsecurityin.com" "Mozilla/5.0 (Windows NT 10.0; Win64; x64) AppleWebKit/537.36 (KHTML, like Gecko) Chrome/126.0.0.0 Safari/537.36"
198.54.114.83 - - [08/Apr/2025:14:57:14 -0400] "POST /wp-cron.php?doing_wp_cron=1744138633.4226930141448974609375 HTTP/1.1" 200 0 "-" "WordPress/6.7.2; https://bakingsecurityin.com"
82.102.18.220 - - [08/Apr/2025:15:03:12 -0400] "GET / HTTP/1.1" 200 0 "-" "Mozilla/5.0 (Windows NT 10.0; Win64; x64) AppleWebKit/537.36 (KHTML, like Gecko) Chrome/78.0.3904.108 Safari/537.36"
82.102.18.220 - - [08/Apr/2025:15:03:13 -0400] "GET /?author=1 HTTP/1.1" 301 0 "-" "Mozilla/5.0 (Windows NT 10.0; Win64; x64) AppleWebKit/537.36 (KHTML, like Gecko) Chrome/78.0.3904.108 Safari/537.36"
198.54.114.83 - - [08/Apr/2025:15:03:15 -0400] "POST /wp-cron.php?doing_wp_cron=1744138995.1471340656280517578125 HTTP/1.1" 200 0 "-" "WordPress/6.7.2; https://bakingsecurityin.com"
82.102.18.220 - - [08/Apr/2025:15:03:15 -0400] "GET /?author=2 HTTP/1.1" 301 0 "-" "Mozilla/5.0 (Windows NT 10.0; Win64; x64) AppleWebKit/537.36 (KHTML, like Gecko) Chrome/78.0.3904.108 Safari/537.36"
82.102.18.220 - - [08/Apr/2025:15:03:17 -0400] "GET /wp-json/wp/v2/users/ HTTP/1.1" 200 1292 "-" "Mozilla/5.0 (Windows NT 10.0; Win64; x64) AppleWebKit/537.36 (KHTML, like Gecko) Chrome/78.0.3904.108 Safari/537.36"
82.102.18.220 - - [08/Apr/2025:15:03:19 -0400] "POST /xmlrpc.php HTTP/1.1" 200 236 "-" "Mozilla/5.0 (Windows NT 10.0; Win64; x64) AppleWebKit/537.36 (KHTML, like Gecko) Chrome/78.0.3904.108 Safari/537.36"
82.102.18.220 - - [08/Apr/2025:15:03:20 -0400] "POST /xmlrpc.php HTTP/1.1" 200 236 "-" "Mozilla/5.0 (Windows NT 10.0; Win64; x64) AppleWebKit/537.36 (KHTML, like Gecko) Chrome/78.0.3904.108 Safari/537.36"
82.102.18.220 - - [08/Apr/2025:15:03:21 -0400] "POST /xmlrpc.php HTTP/1.1" 200 236 "-" "Mozilla/5.0 (Windows NT 10.0; Win64; x64) AppleWebKit/537.36 (KHTML, like Gecko) Chrome/78.0.3904.108 Safari/537.36"
82.102.18.220 - - [08/Apr/2025:15:03:22 -0400] "POST /xmlrpc.php HTTP/1.1" 200 236 "-" "Mozilla/5.0 (Windows NT 10.0; Win64; x64) AppleWebKit/537.36 (KHTML, like Gecko) Chrome/78.0.3904.108 Safari/537.36"
82.102.18.220 - - [08/Apr/2025:15:03:23 -0400] "POST /xmlrpc.php HTTP/1.1" 200 236 "-" "Mozilla/5.0 (Windows NT 10.0; Win64; x64) AppleWebKit/537.36 (KHTML, like Gecko) Chrome/78.0.3904.108 Safari/537.36"
82.102.18.220 - - [08/Apr/2025:15:03:24 -0400] "POST /xmlrpc.php HTTP/1.1" 200 236 "-" "Mozilla/5.0 (Windows NT 10.0; Win64; x64) AppleWebKit/537.36 (KHTML, like Gecko) Chrome/78.0.3904.108 Safari/537.36"
216.244.66.236 - - [08/Apr/2025:15:04:41 -0400] "GET /robots.txt HTTP/1.1" 304 0 "-" "Mozilla/5.0 (compatible; DotBot/1.2; +https://opensiteexplorer.org/dotbot; help@moz.com)"
35.187.250.253 - - [08/Apr/2025:15:05:23 -0400] "POST /wp-login.php HTTP/1.1" 302 0 "http://bakingsecurityin.com" "Mozilla/5.0 (Windows NT 10.0; Win64; x64) AppleWebKit/537.36 (KHTML, like Gecko) Chrome/126.0.0.0 Safari/537.36 Edg/126.0.0.0"
198.54.114.83 - - [08/Apr/2025:15:05:26 -0400] "POST /wp-cron.php?doing_wp_cron=1744139124.6332509517669677734375 HTTP/1.1" 200 0 "-" "WordPress/6.7.2; https://bakingsecurityin.com"
13.82.27.229 - - [08/Apr/2025:15:06:21 -0400] "HEAD /wordpress HTTP/1.1" 301 0 "-" "Mozilla/5.0 (Windows NT 10.0; Win64; x64) AppleWebKit/537.36 (KHTML, like Gecko) Chrome/74.0.3729.169 Safari/537.36"
13.82.27.229 - - [08/Apr/2025:15:06:23 -0400] "HEAD /wordpress/ HTTP/1.1" 403 0 "http://bakingsecurityin.com/wordpress" "Mozilla/5.0 (Windows NT 10.0; Win64; x64) AppleWebKit/537.36 (KHTML, like Gecko) Chrome/74.0.3729.169 Safari/537.36"
198.54.114.83 - - [08/Apr/2025:15:06:25 -0400] "POST /wp-cron.php?doing_wp_cron=1744139184.5091700553894042968750 HTTP/1.1" 200 0 "-" "WordPress/6.7.2; https://bakingsecurityin.com"
13.82.27.229 - - [08/Apr/2025:15:06:24 -0400] "HEAD / HTTP/1.1" 200 0 "-" "Mozilla/5.0 (Windows NT 10.0; Win64; x64) AppleWebKit/537.36 (KHTML, like Gecko) Chrome/74.0.3729.169 Safari/537.36"
13.82.27.229 - - [08/Apr/2025:15:06:27 -0400] "HEAD /wp HTTP/1.1" 404 0 "-" "Mozilla/5.0 (Windows NT 10.0; Win64; x64) AppleWebKit/537.36 (KHTML, like Gecko) Chrome/74.0.3729.169 Safari/537.36"
13.82.27.229 - - [08/Apr/2025:15:06:28 -0400] "HEAD /bc HTTP/1.1" 404 0 "-" "Mozilla/5.0 (Windows NT 10.0; Win64; x64) AppleWebKit/537.36 (KHTML, like Gecko) Chrome/74.0.3729.169 Safari/537.36"
13.82.27.229 - - [08/Apr/2025:15:06:30 -0400] "HEAD /bk HTTP/1.1" 404 0 "-" "Mozilla/5.0 (Windows NT 10.0; Win64; x64) AppleWebKit/537.36 (KHTML, like Gecko) Chrome/74.0.3729.169 Safari/537.36"
13.82.27.229 - - [08/Apr/2025:15:06:32 -0400] "HEAD /backup HTTP/1.1" 404 0 "-" "Mozilla/5.0 (Windows NT 10.0; Win64; x64) AppleWebKit/537.36 (KHTML, like Gecko) Chrome/74.0.3729.169 Safari/537.36"
13.82.27.229 - - [08/Apr/2025:15:06:34 -0400] "HEAD /old HTTP/1.1" 404 0 "-" "Mozilla/5.0 (Windows NT 10.0; Win64; x64) AppleWebKit/537.36 (KHTML, like Gecko) Chrome/74.0.3729.169 Safari/537.36"
13.82.27.229 - - [08/Apr/2025:15:06:35 -0400] "HEAD /new HTTP/1.1" 301 0 "-" "Mozilla/5.0 (Windows NT 10.0; Win64; x64) AppleWebKit/537.36 (KHTML, like Gecko) Chrome/74.0.3729.169 Safari/537.36"
13.82.27.229 - - [08/Apr/2025:15:06:42 -0400] "HEAD /main HTTP/1.1" 404 0 "-" "Mozilla/5.0 (Windows NT 10.0; Win64; x64) AppleWebKit/537.36 (KHTML, like Gecko) Chrome/74.0.3729.169 Safari/537.36"
13.82.27.229 - - [08/Apr/2025:15:06:45 -0400] "HEAD /home HTTP/1.1" 404 0 "-" "Mozilla/5.0 (Windows NT 10.0; Win64; x64) AppleWebKit/537.36 (KHTML, like Gecko) Chrome/74.0.3729.169 Safari/537.36"
198.54.114.83 - - [08/Apr/2025:15:13:10 -0400] "POST /wp-cron.php?doing_wp_cron=1744139589.5761768817901611328125 HTTP/1.1" 200 0 "-" "WordPress/6.7.2; https://bakingsecurityin.com"
2001:df7:ce00:1::8 - - [08/Apr/2025:15:13:09 -0400] "POST /wp-login.php HTTP/1.1" 302 0 "http://bakingsecurityin.com" "Mozilla/5.0 (Windows NT 10.0; Win64; x64) AppleWebKit/537.36 (KHTML, like Gecko) Chrome/126.0.0.0 Safari/537.36 Edg/126.0.0.0"
216.244.66.236 - - [08/Apr/2025:15:16:07 -0400] "GET /how-to-get-a-free-cavity-wall-insulation-grant/ HTTP/1.1" 200 0 "-" "Mozilla/5.0 (compatible; DotBot/1.2; +https://opensiteexplorer.org/dotbot; help@moz.com)"
198.54.114.83 - - [08/Apr/2025:15:18:22 -0400] "POST /wp-cron.php?doing_wp_cron=1744139901.4001839160919189453125 HTTP/1.1" 200 0 "-" "WordPress/6.7.2; https://bakingsecurityin.com"
216.244.66.236 - - [08/Apr/2025:15:18:17 -0400] "GET /the-procedure-to-be-followed-to-find-a-good-dentist/ HTTP/1.1" 301 0 "-" "Mozilla/5.0 (compatible; DotBot/1.2; +https://opensiteexplorer.org/dotbot; help@moz.com)"
103.120.176.224 - - [08/Apr/2025:15:18:50 -0400] "POST /xmlrpc.php HTTP/1.1" 200 236 "-" "Mozilla/5.0 (X11; Fedora; Linux x86_64; rv:94.0) Gecko/20100101 Firefox/95.0"
198.54.114.83 - - [08/Apr/2025:15:19:19 -0400] "POST /wp-cron.php?doing_wp_cron=1744139958.6023530960083007812500 HTTP/1.1" 200 0 "-" "WordPress/6.7.2; https://bakingsecurityin.com"
49.51.178.45 - - [08/Apr/2025:15:19:18 -0400] "GET / HTTP/1.1" 200 0 "-" "Mozilla/5.0 (iPhone; CPU iPhone OS 13_2_3 like Mac OS X) AppleWebKit/605.1.15 (KHTML, like Gecko) Version/13.0.3 Mobile/15E148 Safari/604.1"
198.54.114.83 - - [08/Apr/2025:15:20:49 -0400] "POST /wp-cron.php?doing_wp_cron=1744140048.5407340526580810546875 HTTP/1.1" 200 0 "-" "WordPress/6.7.2; https://bakingsecurityin.com"
81.88.52.227 - - [08/Apr/2025:15:20:44 -0400] "POST /wp-login.php HTTP/1.1" 302 0 "http://bakingsecurityin.com" "Mozilla/5.0 (Macintosh; Intel Mac OS X 10_15_7) AppleWebKit/537.36 (KHTML, like Gecko) Chrome/126.0.0.0 Safari/537.36"
198.54.114.83 - - [08/Apr/2025:15:27:40 -0400] "POST /wp-cron.php?doing_wp_cron=1744140459.8028130531311035156250 HTTP/1.1" 200 0 "-" "WordPress/6.7.2; https://bakingsecurityin.com"
216.244.66.236 - - [08/Apr/2025:15:27:39 -0400] "GET /a-hunters-essential-companion/feed/ HTTP/1.1" 200 441 "-" "Mozilla/5.0 (compatible; DotBot/1.2; +https://opensiteexplorer.org/dotbot; help@moz.com)"
198.54.114.83 - - [08/Apr/2025:15:28:14 -0400] "POST /wp-cron.php?doing_wp_cron=1744140494.6986300945281982421875 HTTP/1.1" 200 0 "-" "WordPress/6.7.2; https://bakingsecurityin.com"
2a0a:4cc0:c0:439b:2430:dfff:fe27:7696 - - [08/Apr/2025:15:28:14 -0400] "POST /wp-login.php HTTP/1.1" 302 0 "http://bakingsecurityin.com" "Mozilla/5.0 (Windows NT 10.0; Win64; x64) AppleWebKit/537.36 (KHTML, like Gecko) Chrome/112.0.5615.138 Safari/537.36 Edg/112.0.1722.68"
45.236.48.45 - - [08/Apr/2025:15:33:29 -0400] "GET /.env HTTP/1.1" 404 0 "-" "Mozilla/5.0 (Windows NT 10.0; Win64; x64; rv:58.0) Gecko/20100101 Firefox/58.0"
45.236.48.45 - - [08/Apr/2025:15:33:34 -0400] "GET /.env.example HTTP/1.1" 404 0 "-" "Mozilla/5.0 (Windows NT 10.0; Win64; x64; rv:58.0) Gecko/20100101 Firefox/58.0"
45.236.48.45 - - [08/Apr/2025:15:33:39 -0400] "GET /blog/.env HTTP/1.1" 404 0 "-" "Mozilla/5.0 (Windows NT 10.0; Win64; x64; rv:58.0) Gecko/20100101 Firefox/58.0"
45.236.48.45 - - [08/Apr/2025:15:33:42 -0400] "GET /api/.env HTTP/1.1" 404 0 "-" "Mozilla/5.0 (Windows NT 10.0; Win64; x64; rv:58.0) Gecko/20100101 Firefox/58.0"
45.236.48.45 - - [08/Apr/2025:15:33:46 -0400] "GET /laravel/.env HTTP/1.1" 404 0 "-" "Mozilla/5.0 (Windows NT 10.0; Win64; x64; rv:58.0) Gecko/20100101 Firefox/58.0"
45.236.48.45 - - [08/Apr/2025:15:33:48 -0400] "GET /docs/.env HTTP/1.1" 404 0 "-" "Mozilla/5.0 (Windows NT 10.0; Win64; x64; rv:58.0) Gecko/20100101 Firefox/58.0"
45.236.48.45 - - [08/Apr/2025:15:33:51 -0400] "GET /_profiler/phpinfo HTTP/1.1" 404 0 "-" "Mozilla/5.0 (Windows NT 10.0; Win64; x64; rv:58.0) Gecko/20100101 Firefox/58.0"
198.54.114.83 - - [08/Apr/2025:15:35:30 -0400] "POST /wp-cron.php?doing_wp_cron=1744140930.1210610866546630859375 HTTP/1.1" 200 0 "-" "WordPress/6.7.2; https://bakingsecurityin.com"
162.0.229.206 - - [08/Apr/2025:15:35:29 -0400] "POST /wp-login.php HTTP/1.1" 302 0 "http://bakingsecurityin.com" "Mozilla/5.0 (Windows NT 10.0; Win64; x64; rv:126.0) Gecko/20100101 Firefox/126.0"
198.54.114.83 - - [08/Apr/2025:15:42:43 -0400] "POST /wp-cron.php?doing_wp_cron=1744141362.3771829605102539062500 HTTP/1.1" 200 0 "-" "WordPress/6.7.2; https://bakingsecurityin.com"
104.219.248.110 - - [08/Apr/2025:15:42:42 -0400] "POST /wp-login.php HTTP/1.1" 302 0 "http://bakingsecurityin.com" "Mozilla/5.0 (Macintosh; Intel Mac OS X 10_15_7) AppleWebKit/537.36 (KHTML, like Gecko) Chrome/126.0.0.0 Safari/537.36"
91.151.95.70 - - [08/Apr/2025:15:49:52 -0400] "POST /wp-login.php HTTP/1.1" 302 0 "http://bakingsecurityin.com" "Mozilla/5.0 (Windows NT 10.0; Win64; x64) AppleWebKit/537.36 (KHTML, like Gecko) Chrome/114.0.5735.134 Safari/537.36"
216.244.66.236 - - [08/Apr/2025:15:56:04 -0400] "GET /robots.txt HTTP/1.1" 304 0 "-" "Mozilla/5.0 (compatible; DotBot/1.2; +https://opensiteexplorer.org/dotbot; help@moz.com)"
198.54.114.83 - - [08/Apr/2025:15:57:00 -0400] "POST /wp-cron.php?doing_wp_cron=1744142219.2849450111389160156250 HTTP/1.1" 200 0 "-" "WordPress/6.7.2; https://bakingsecurityin.com"
37.27.60.109 - - [08/Apr/2025:15:56:58 -0400] "POST /wp-login.php HTTP/1.1" 302 0 "http://bakingsecurityin.com" "Mozilla/5.0 (Windows NT 10.0; Win64; x64) AppleWebKit/537.36 (KHTML, like Gecko) Chrome/113.0.5672.93 Safari/537.36"
198.187.29.24 - - [08/Apr/2025:16:04:00 -0400] "POST /wp-login.php HTTP/1.1" 302 0 "http://bakingsecurityin.com" "Mozilla/5.0 (Windows NT 10.0; Win64; x64) AppleWebKit/537.36 (KHTML, like Gecko) Chrome/112.0.5615.138 Safari/537.36 Edg/112.0.1722.68"
198.54.114.83 - - [08/Apr/2025:16:04:02 -0400] "POST /wp-cron.php?doing_wp_cron=1744142641.6385281085968017578125 HTTP/1.1" 200 0 "-" "WordPress/6.7.2; https://bakingsecurityin.com"
216.244.66.236 - - [08/Apr/2025:16:07:12 -0400] "GET /gucci-briefcases-for-women/ HTTP/1.1" 200 0 "-" "Mozilla/5.0 (compatible; DotBot/1.2; +https://opensiteexplorer.org/dotbot; help@moz.com)"
216.244.66.236 - - [08/Apr/2025:16:07:52 -0400] "GET /melbet-india-review/ HTTP/1.1" 200 0 "-" "Mozilla/5.0 (compatible; DotBot/1.2; +https://opensiteexplorer.org/dotbot; help@moz.com)"
198.54.114.83 - - [08/Apr/2025:16:07:54 -0400] "POST /wp-cron.php?doing_wp_cron=1744142872.4817659854888916015625 HTTP/1.1" 200 0 "-" "WordPress/6.7.2; https://bakingsecurityin.com"
216.244.66.236 - - [08/Apr/2025:16:08:32 -0400] "GET /how-to-find-the-best-online-sports-betting-sites/ HTTP/1.1" 200 0 "-" "Mozilla/5.0 (compatible; DotBot/1.2; +https://opensiteexplorer.org/dotbot; help@moz.com)"
216.244.66.236 - - [08/Apr/2025:16:09:06 -0400] "GET /lowa-womens-hiking-boots/ HTTP/1.1" 200 0 "-" "Mozilla/5.0 (compatible; DotBot/1.2; +https://opensiteexplorer.org/dotbot; help@moz.com)"
95.188.65.216 - - [08/Apr/2025:16:11:05 -0400] "POST /wp-login.php HTTP/1.1" 302 0 "http://bakingsecurityin.com" "Mozilla/5.0 (Windows NT 10.0; Win64; x64) AppleWebKit/537.36 (KHTML, like Gecko) Chrome/126.0.0.0 Safari/537.36 Edg/126.0.0.0"
198.54.114.83 - - [08/Apr/2025:16:11:08 -0400] "POST /wp-cron.php?doing_wp_cron=1744143065.9905869960784912109375 HTTP/1.1" 200 0 "-" "WordPress/6.7.2; https://bakingsecurityin.com"
216.244.66.236 - - [08/Apr/2025:16:12:43 -0400] "GET /gitarrenunterricht-fur-anfanger/feed/ HTTP/1.1" 200 438 "-" "Mozilla/5.0 (compatible; DotBot/1.2; +https://opensiteexplorer.org/dotbot; help@moz.com)"
198.54.114.83 - - [08/Apr/2025:16:12:52 -0400] "POST /wp-cron.php?doing_wp_cron=1744143167.4213678836822509765625 HTTP/1.1" 200 0 "-" "WordPress/6.7.2; https://bakingsecurityin.com"
216.244.66.236 - - [08/Apr/2025:16:13:25 -0400] "GET /what-to-look-for-when-buying-a-used-bike/ HTTP/1.1" 404 0 "-" "Mozilla/5.0 (compatible; DotBot/1.2; +https://opensiteexplorer.org/dotbot; help@moz.com)"
198.54.114.83 - - [08/Apr/2025:16:13:30 -0400] "POST /wp-cron.php?doing_wp_cron=1744143205.6290020942687988281250 HTTP/1.1" 200 0 "-" "WordPress/6.7.2; https://bakingsecurityin.com"
198.54.114.83 - - [08/Apr/2025:16:18:09 -0400] "POST /wp-cron.php?doing_wp_cron=1744143488.4643299579620361328125 HTTP/1.1" 200 0 "-" "WordPress/6.7.2; https://bakingsecurityin.com"
178.22.126.103 - - [08/Apr/2025:16:18:08 -0400] "POST /wp-login.php HTTP/1.1" 302 0 "http://bakingsecurityin.com" "Mozilla/5.0 (Macintosh; Intel Mac OS X 10_15_7; rv:129.0) Gecko/20100101 Firefox/129.0"
216.244.66.236 - - [08/Apr/2025:16:18:37 -0400] "GET /cheap-banners-are-a-great-way-to-advertise/feed/ HTTP/1.1" 200 451 "-" "Mozilla/5.0 (compatible; DotBot/1.2; +https://opensiteexplorer.org/dotbot; help@moz.com)"
198.54.114.83 - - [08/Apr/2025:16:18:39 -0400] "POST /wp-cron.php?doing_wp_cron=1744143517.9535419940948486328125 HTTP/1.1" 200 0 "-" "WordPress/6.7.2; https://bakingsecurityin.com"
2a0a:4cc0:c0:439b:2430:dfff:fe27:7696 - - [08/Apr/2025:16:25:02 -0400] "POST /wp-login.php HTTP/1.1" 302 0 "http://bakingsecurityin.com" "Mozilla/5.0 (Windows NT 10.0; Win64; x64; rv:127.0) Gecko/20100101 Firefox/127.0"
198.54.114.83 - - [08/Apr/2025:16:25:12 -0400] "POST /wp-cron.php?doing_wp_cron=1744143906.6397399902343750000000 HTTP/1.1" 200 0 "-" "WordPress/6.7.2; https://bakingsecurityin.com"
188.166.234.199 - - [08/Apr/2025:16:30:22 -0400] "POST /xmlrpc.php HTTP/1.1" 200 236 "-" "Mozilla/5.0 (X11; Fedora; Linux x86_64; rv:94.0) Gecko/20100101 Firefox/95.0"
198.54.114.83 - - [08/Apr/2025:16:30:26 -0400] "POST /wp-cron.php?doing_wp_cron=1744144223.9951229095458984375000 HTTP/1.1" 200 0 "-" "WordPress/6.7.2; https://bakingsecurityin.com"
2001:41d0:2:3ea5:: - - [08/Apr/2025:16:31:47 -0400] "POST /wp-login.php HTTP/1.1" 302 0 "http://bakingsecurityin.com" "Mozilla/5.0 (Windows NT 10.0; Win64; x64; rv:127.0) Gecko/20100101 Firefox/127.0"
198.54.114.83 - - [08/Apr/2025:16:31:49 -0400] "POST /wp-cron.php?doing_wp_cron=1744144307.8050038814544677734375 HTTP/1.1" 200 0 "-" "WordPress/6.7.2; https://bakingsecurityin.com"
52.251.118.250 - - [08/Apr/2025:16:38:18 -0400] "GET /gins/wp-help/ HTTP/1.1" 404 0 "-" "-"
198.54.114.83 - - [08/Apr/2025:16:38:20 -0400] "POST /wp-cron.php?doing_wp_cron=1744144698.8063120841979980468750 HTTP/1.1" 200 0 "-" "WordPress/6.7.2; https://bakingsecurityin.com"
52.251.118.250 - - [08/Apr/2025:16:38:22 -0400] "GET /wp-content HTTP/1.1" 301 795 "-" "-"
52.251.118.250 - - [08/Apr/2025:16:38:24 -0400] "GET /wp-content/ HTTP/1.1" 200 0 "-" "-"
52.251.118.250 - - [08/Apr/2025:16:38:25 -0400] "GET /wp-includes/images/wlw/ HTTP/1.1" 404 0 "-" "-"
52.251.118.250 - - [08/Apr/2025:16:38:28 -0400] "GET /sim.php/wp-includes/certificates/plugins.php HTTP/1.1" 404 0 "-" "-"
52.251.118.250 - - [08/Apr/2025:16:38:30 -0400] "GET /site/ HTTP/1.1" 404 0 "-" "-"
195.201.202.169 - - [08/Apr/2025:16:38:31 -0400] "POST /wp-login.php HTTP/1.1" 302 0 "http://bakingsecurityin.com" "Mozilla/5.0 (Macintosh; Intel Mac OS X 14_4_1) AppleWebKit/605.1.15 (KHTML, like Gecko) Version/17.3.1 Safari/605.1.15"
52.251.118.250 - - [08/Apr/2025:16:38:32 -0400] "GET /templates/beez3/ HTTP/1.1" 404 0 "-" "-"
52.251.118.250 - - [08/Apr/2025:16:38:34 -0400] "GET /wp-content/plugins/dummyyummy/ HTTP/1.1" 404 0 "-" "-"
52.251.118.250 - - [08/Apr/2025:16:38:35 -0400] "GET /wp/wp-admin/includes/ HTTP/1.1" 404 0 "-" "-"
52.251.118.250 - - [08/Apr/2025:16:38:38 -0400] "GET /wp-includes/Text/autoload_classmap.php HTTP/1.1" 404 0 "-" "-"
52.251.118.250 - - [08/Apr/2025:16:38:41 -0400] "GET /wp-content/plugins/dazmhjz/ HTTP/1.1" 404 0 "-" "-"
52.251.118.250 - - [08/Apr/2025:16:38:45 -0400] "GET /wp-content/languages/about.php HTTP/1.1" 404 0 "-" "-"
52.251.118.250 - - [08/Apr/2025:16:38:48 -0400] "GET /storage/ HTTP/1.1" 404 0 "-" "-"
52.251.118.250 - - [08/Apr/2025:16:38:49 -0400] "GET /wp-content/themes/twentytwenty/404.php HTTP/1.1" 404 0 "-" "-"
52.251.118.250 - - [08/Apr/2025:16:38:52 -0400] "GET /pomo/ HTTP/1.1" 404 0 "-" "-"
52.251.118.250 - - [08/Apr/2025:16:38:55 -0400] "GET /wp-content/upgrade/sx.php HTTP/1.1" 404 0 "-" "-"
52.251.118.250 - - [08/Apr/2025:16:38:56 -0400] "GET /wp-content/plugins/WordPressCore/fm.php HTTP/1.1" 404 0 "-" "-"
52.251.118.250 - - [08/Apr/2025:16:39:00 -0400] "GET /wp-includes/images/include.php HTTP/1.1" 404 0 "-" "-"
52.251.118.250 - - [08/Apr/2025:16:39:03 -0400] "GET /admin-post.php HTTP/1.1" 404 0 "-" "-"
95.217.147.111 - - [08/Apr/2025:16:45:10 -0400] "POST /wp-login.php HTTP/1.1" 302 0 "http://bakingsecurityin.com" "Mozilla/5.0 (Macintosh; Intel Mac OS X 13_3) AppleWebKit/537.36 (KHTML, like Gecko) Chrome/126.0.0.0 Safari/537.36 Edg/126.0.0.0"
198.54.114.83 - - [08/Apr/2025:16:51:43 -0400] "POST /wp-cron.php?doing_wp_cron=1744145503.1338589191436767578125 HTTP/1.1" 200 0 "-" "WordPress/6.7.2; https://bakingsecurityin.com"
162.0.232.73 - - [08/Apr/2025:16:51:40 -0400] "POST /wp-login.php HTTP/1.1" 302 0 "http://bakingsecurityin.com" "Mozilla/5.0 (Windows NT 10.0; Win64; x64) AppleWebKit/537.36 (KHTML, like Gecko) Chrome/126.0.0.0 Safari/537.36 Edg/126.0.0.0"
216.244.66.236 - - [08/Apr/2025:16:55:57 -0400] "GET /robots.txt HTTP/1.1" 304 0 "-" "Mozilla/5.0 (compatible; DotBot/1.2; +https://opensiteexplorer.org/dotbot; help@moz.com)"
198.54.114.83 - - [08/Apr/2025:16:58:25 -0400] "POST /wp-cron.php?doing_wp_cron=1744145904.5479280948638916015625 HTTP/1.1" 200 0 "-" "WordPress/6.7.2; https://bakingsecurityin.com"
52.117.30.9 - - [08/Apr/2025:16:58:21 -0400] "POST /wp-login.php HTTP/1.1" 302 0 "http://bakingsecurityin.com" "Mozilla/5.0 (Windows NT 11.0; Win64; x64) AppleWebKit/537.36 (KHTML, like Gecko) Chrome/126.0.0.0 Safari/537.36"
195.201.202.169 - - [08/Apr/2025:17:05:09 -0400] "POST /wp-login.php HTTP/1.1" 302 0 "http://bakingsecurityin.com" "Mozilla/5.0 (Macintosh; Intel Mac OS X 10_15_7; rv:125.0.1) Gecko/20100101 Firefox/125.0.1"
198.54.114.83 - - [08/Apr/2025:17:05:15 -0400] "POST /wp-cron.php?doing_wp_cron=1744146310.1715240478515625000000 HTTP/1.1" 200 0 "-" "WordPress/6.7.2; https://bakingsecurityin.com"
216.244.66.236 - - [08/Apr/2025:17:06:04 -0400] "GET /how-to-use-a-bitcoin-mixer/ HTTP/1.1" 200 0 "-" "Mozilla/5.0 (compatible; DotBot/1.2; +https://opensiteexplorer.org/dotbot; help@moz.com)"
216.244.66.236 - - [08/Apr/2025:17:06:30 -0400] "GET /borracce-personalizzate/ HTTP/1.1" 200 0 "-" "Mozilla/5.0 (compatible; DotBot/1.2; +https://opensiteexplorer.org/dotbot; help@moz.com)"
198.54.114.83 - - [08/Apr/2025:17:06:32 -0400] "POST /wp-cron.php?doing_wp_cron=1744146390.6653659343719482421875 HTTP/1.1" 200 0 "-" "WordPress/6.7.2; https://bakingsecurityin.com"
216.244.66.236 - - [08/Apr/2025:17:09:49 -0400] "GET /sample-page/ HTTP/1.1" 200 0 "-" "Mozilla/5.0 (compatible; DotBot/1.2; +https://opensiteexplorer.org/dotbot; help@moz.com)"
198.54.114.83 - - [08/Apr/2025:17:09:56 -0400] "POST /wp-cron.php?doing_wp_cron=1744146594.3779449462890625000000 HTTP/1.1" 200 0 "-" "WordPress/6.7.2; https://bakingsecurityin.com"
92.222.181.205 - - [08/Apr/2025:17:10:43 -0400] "POST /xmlrpc.php HTTP/1.1" 200 236 "-" "Mozilla/5.0 (X11; Fedora; Linux x86_64; rv:94.0) Gecko/20100101 Firefox/95.0"
198.54.114.83 - - [08/Apr/2025:17:11:54 -0400] "POST /wp-cron.php?doing_wp_cron=1744146714.5082650184631347656250 HTTP/1.1" 200 0 "-" "WordPress/6.7.2; https://bakingsecurityin.com"
160.30.113.129 - - [08/Apr/2025:17:11:53 -0400] "POST /wp-login.php HTTP/1.1" 302 0 "http://bakingsecurityin.com" "Mozilla/5.0 (Macintosh; Intel Mac OS X 14_4_1) AppleWebKit/605.1.15 (KHTML, like Gecko) Version/17.3.1 Safari/605.1.15"
198.54.114.83 - - [08/Apr/2025:17:13:19 -0400] "POST /wp-cron.php?doing_wp_cron=1744146798.3908379077911376953125 HTTP/1.1" 200 0 "-" "WordPress/6.7.2; https://bakingsecurityin.com"
216.244.66.236 - - [08/Apr/2025:17:13:17 -0400] "GET /buying-a-michael-kors-satchel-bag/feed/ HTTP/1.1" 200 441 "-" "Mozilla/5.0 (compatible; DotBot/1.2; +https://opensiteexplorer.org/dotbot; help@moz.com)"
216.244.66.236 - - [08/Apr/2025:17:13:53 -0400] "GET /entdecke-das-lebendige-viertel-dusseldorf-unterbilk/feed/ HTTP/1.1" 200 458 "-" "Mozilla/5.0 (compatible; DotBot/1.2; +https://opensiteexplorer.org/dotbot; help@moz.com)"
216.244.66.236 - - [08/Apr/2025:17:14:26 -0400] "GET /resolving-party-wall-disputes-amicably/feed/ HTTP/1.1" 200 443 "-" "Mozilla/5.0 (compatible; DotBot/1.2; +https://opensiteexplorer.org/dotbot; help@moz.com)"
198.54.114.83 - - [08/Apr/2025:17:14:28 -0400] "POST /wp-cron.php?doing_wp_cron=1744146866.6999719142913818359375 HTTP/1.1" 200 0 "-" "WordPress/6.7.2; https://bakingsecurityin.com"
198.54.114.83 - - [08/Apr/2025:17:18:34 -0400] "POST /wp-cron.php?doing_wp_cron=1744147114.1370639801025390625000 HTTP/1.1" 200 0 "-" "WordPress/6.7.2; https://bakingsecurityin.com"
160.16.215.164 - - [08/Apr/2025:17:18:34 -0400] "POST /wp-login.php HTTP/1.1" 302 0 "http://bakingsecurityin.com" "Mozilla/5.0 (Macintosh; Intel Mac OS X 10_15_7; rv:126.0) Gecko/20100101 Firefox/126.0"
198.54.114.58 - - [08/Apr/2025:17:25:19 -0400] "POST /wp-login.php HTTP/1.1" 302 0 "http://bakingsecurityin.com" "Mozilla/5.0 (Macintosh; Intel Mac OS X 10_15_7; rv:127.0) Gecko/20100101 Firefox/127.0"
198.54.114.83 - - [08/Apr/2025:17:25:20 -0400] "POST /wp-cron.php?doing_wp_cron=1744147519.3491899967193603515625 HTTP/1.1" 200 0 "-" "WordPress/6.7.2; https://bakingsecurityin.com"
198.54.114.83 - - [08/Apr/2025:17:32:05 -0400] "POST /wp-cron.php?doing_wp_cron=1744147925.5273981094360351562500 HTTP/1.1" 200 0 "-" "WordPress/6.7.2; https://bakingsecurityin.com"
2a10:4646:411:0:be24:11ff:fefd:3c0f - - [08/Apr/2025:17:32:01 -0400] "POST /wp-login.php HTTP/1.1" 302 0 "http://bakingsecurityin.com" "Mozilla/5.0 (Windows NT 10.0; Win64; x64) AppleWebKit/537.36 (KHTML, like Gecko) Chrome/112.0.5615.138 Safari/537.36 Edg/112.0.1722.68"
51.178.139.213 - - [08/Apr/2025:17:37:27 -0400] "GET / HTTP/1.1" 200 0 "-" "Mozilla/5.0 (Windows NT 10.0; Win64; x64) AppleWebKit/537.36 (KHTML, like Gecko) Chrome/88.0.4240.193 Safari/537.36"
51.178.139.213 - - [08/Apr/2025:17:37:29 -0400] "GET /wp-login.php HTTP/1.1" 302 0 "-" "Mozilla/5.0 (Windows NT 10.0; Win64; x64) AppleWebKit/537.36 (KHTML, like Gecko) Chrome/88.0.4240.193 Safari/537.36"
198.54.114.83 - - [08/Apr/2025:17:38:46 -0400] "POST /wp-cron.php?doing_wp_cron=1744148325.9149379730224609375000 HTTP/1.1" 200 0 "-" "WordPress/6.7.2; https://bakingsecurityin.com"
199.188.200.101 - - [08/Apr/2025:17:38:45 -0400] "POST /wp-login.php HTTP/1.1" 302 0 "http://bakingsecurityin.com" "Mozilla/5.0 (Macintosh; Intel Mac OS X 13.3; rv:126.0) Gecko/20100101 Firefox/126.0"
