13.74.103.50 - - [03/Apr/2025:16:39:56 -0400] "GET /wp-admin/includes/xmrlpc.php?p= HTTP/1.1" 404 1251 "-" "-"
13.74.103.50 - - [03/Apr/2025:16:39:56 -0400] "GET /wp-admin/css/colors/coffee/index.php HTTP/1.1" 404 1251 "-" "-"
13.74.103.50 - - [03/Apr/2025:16:39:56 -0400] "GET /wp-admin/images/index.php HTTP/1.1" 404 1251 "-" "-"
13.74.103.50 - - [03/Apr/2025:16:39:56 -0400] "GET /buy.php HTTP/1.1" 404 1251 "-" "-"
13.74.103.50 - - [03/Apr/2025:16:39:57 -0400] "GET /wp-admin/setup-config.php HTTP/1.1" 409 1222 "-" "-"
13.74.103.50 - - [03/Apr/2025:16:39:57 -0400] "GET /mail.php HTTP/1.1" 404 1251 "-" "-"
13.74.103.50 - - [03/Apr/2025:16:39:57 -0400] "GET /wp-content/themes/wp-pridmag/init.php HTTP/1.1" 404 1251 "-" "-"
13.74.103.50 - - [03/Apr/2025:16:39:57 -0400] "GET /lv.php HTTP/1.1" 404 1251 "-" "-"
13.74.103.50 - - [03/Apr/2025:16:39:58 -0400] "GET /wp-admin/css/about.php HTTP/1.1" 404 1251 "-" "-"
13.74.103.50 - - [03/Apr/2025:16:39:58 -0400] "GET /bypass.php HTTP/1.1" 404 1251 "-" "-"
13.74.103.50 - - [03/Apr/2025:16:39:58 -0400] "GET /network.php HTTP/1.1" 404 1251 "-" "-"
13.74.103.50 - - [03/Apr/2025:16:39:58 -0400] "GET /.well-known/acme-challenge/index.php HTTP/1.1" 404 1251 "-" "-"
13.74.103.50 - - [03/Apr/2025:16:39:59 -0400] "GET /cgi-bin/xmrlpc.php?p= HTTP/1.1" 404 1251 "-" "-"
13.74.103.50 - - [03/Apr/2025:16:39:59 -0400] "GET /wp-includes/IXR/about.php HTTP/1.1" 404 1251 "-" "-"
13.74.103.50 - - [03/Apr/2025:16:40:00 -0400] "GET /wp-content/plugins/index.php HTTP/1.1" 200 0 "-" "-"
13.74.103.50 - - [03/Apr/2025:16:40:00 -0400] "GET /ini.php HTTP/1.1" 404 1251 "-" "-"
13.74.103.50 - - [03/Apr/2025:16:40:01 -0400] "GET /wp-content/themes/about.php HTTP/1.1" 404 1251 "-" "-"
13.74.103.50 - - [03/Apr/2025:16:40:01 -0400] "GET /info.php HTTP/1.1" 404 1251 "-" "-"
13.74.103.50 - - [03/Apr/2025:16:40:02 -0400] "GET /wp.php HTTP/1.1" 404 1251 "-" "-"
13.74.103.50 - - [03/Apr/2025:16:40:03 -0400] "GET /wp-includes/admin.php HTTP/1.1" 404 1251 "-" "-"
13.74.103.50 - - [03/Apr/2025:16:40:05 -0400] "GET /ae.php HTTP/1.1" 404 1251 "-" "-"
13.74.103.50 - - [03/Apr/2025:16:40:06 -0400] "GET /wp-content/plugins/pwnd/as.php HTTP/1.1" 404 1251 "-" "-"
13.74.103.50 - - [03/Apr/2025:16:40:08 -0400] "GET /edit.php HTTP/1.1" 404 1251 "-" "-"
13.74.103.50 - - [03/Apr/2025:16:40:09 -0400] "GET /index.php HTTP/1.1" 404 1251 "-" "-"
13.74.103.50 - - [03/Apr/2025:16:40:09 -0400] "GET /wp-content/index.php HTTP/1.1" 200 0 "-" "-"
13.74.103.50 - - [03/Apr/2025:16:40:10 -0400] "GET /wp-blog-header.php HTTP/1.1" 404 0 "-" "-"
13.74.103.50 - - [03/Apr/2025:16:40:12 -0400] "GET /user.php HTTP/1.1" 404 1251 "-" "-"
13.74.103.50 - - [03/Apr/2025:16:40:12 -0400] "GET /cong.php HTTP/1.1" 404 1251 "-" "-"
13.74.103.50 - - [03/Apr/2025:16:40:12 -0400] "GET /plugins.php HTTP/1.1" 404 1251 "-" "-"
13.74.103.50 - - [03/Apr/2025:16:40:13 -0400] "GET /chosen.php HTTP/1.1" 404 1251 "-" "-"
13.74.103.50 - - [03/Apr/2025:16:40:15 -0400] "GET /ws.php HTTP/1.1" 404 1251 "-" "-"
13.74.103.50 - - [03/Apr/2025:16:40:17 -0400] "GET /classsmtps.php HTTP/1.1" 404 1251 "-" "-"
13.74.103.50 - - [03/Apr/2025:16:40:18 -0400] "GET /link.php HTTP/1.1" 404 1251 "-" "-"
13.74.103.50 - - [03/Apr/2025:16:40:19 -0400] "GET /install.php HTTP/1.1" 404 1251 "-" "-"
13.74.103.50 - - [03/Apr/2025:16:40:20 -0400] "GET /wp-content/banners/about.php HTTP/1.1" 404 1251 "-" "-"
13.74.103.50 - - [03/Apr/2025:16:40:21 -0400] "GET /wso112233.php HTTP/1.1" 404 1251 "-" "-"
13.74.103.50 - - [03/Apr/2025:16:40:22 -0400] "GET /radio.php HTTP/1.1" 404 1251 "-" "-"
198.54.114.83 - - [03/Apr/2025:16:40:23 -0400] "POST /wp-cron.php?doing_wp_cron=1743712823.0619630813598632812500 HTTP/1.1" 200 0 "-" "WordPress/6.7.2; https://christianmantopoulos.com"
13.74.103.50 - - [03/Apr/2025:16:40:22 -0400] "GET /wp-signup.php HTTP/1.1" 302 0 "-" "-"
13.74.103.50 - - [03/Apr/2025:16:40:25 -0400] "GET /simple.php HTTP/1.1" 404 1251 "-" "-"
13.74.103.50 - - [03/Apr/2025:16:40:25 -0400] "GET /wp-content/about.php HTTP/1.1" 404 1251 "-" "-"
13.74.103.50 - - [03/Apr/2025:16:40:26 -0400] "GET /wp-includes/autoload_classmap.php HTTP/1.1" 404 1251 "-" "-"
13.74.103.50 - - [03/Apr/2025:16:40:26 -0400] "GET /wp-includes/customize/about.php HTTP/1.1" 404 1251 "-" "-"
13.74.103.50 - - [03/Apr/2025:16:40:26 -0400] "GET /wp-includes/Requests/about.php HTTP/1.1" 404 1251 "-" "-"
13.74.103.50 - - [03/Apr/2025:16:40:27 -0400] "GET /wp-admin/radio.php HTTP/1.1" 404 1251 "-" "-"
13.74.103.50 - - [03/Apr/2025:16:40:28 -0400] "GET /wp-2019.php HTTP/1.1" 404 1251 "-" "-"
13.74.103.50 - - [03/Apr/2025:16:40:28 -0400] "GET /shell.php HTTP/1.1" 404 1251 "-" "-"
13.74.103.50 - - [03/Apr/2025:16:40:28 -0400] "GET /wp-admin/css/colors/index.php HTTP/1.1" 404 1251 "-" "-"
66.249.68.130 - - [03/Apr/2025:16:42:44 -0400] "GET /%C2%A3-Maver-Transporta-barrow-Carp/Other-Terminal-Tackle-394801/ HTTP/1.1" 404 1251 "-" "Mozilla/5.0 (Linux; Android 6.0.1; Nexus 5X Build/MMB29P) AppleWebKit/537.36 (KHTML, like Gecko) Chrome/134.0.6998.165 Mobile Safari/537.36 (compatible; Googlebot/2.1; +http://www.google.com/bot.html)"
66.249.68.129 - - [03/Apr/2025:16:47:57 -0400] "GET /Medicordz-Head/Resistance-Trainers-429436/ HTTP/1.1" 404 1251 "-" "Mozilla/5.0 (Linux; Android 6.0.1; Nexus 5X Build/MMB29P) AppleWebKit/537.36 (KHTML, like Gecko) Chrome/134.0.6998.165 Mobile Safari/537.36 (compatible; Googlebot/2.1; +http://www.google.com/bot.html)"
66.249.68.128 - - [03/Apr/2025:16:53:09 -0400] "GET /RodMYS76MHF-St-Croix-Mojo-Yak/Spinning-Rods-380429/ HTTP/1.1" 404 1251 "-" "Mozilla/5.0 (Linux; Android 6.0.1; Nexus 5X Build/MMB29P) AppleWebKit/537.36 (KHTML, like Gecko) Chrome/134.0.6998.165 Mobile Safari/537.36 (compatible; Googlebot/2.1; +http://www.google.com/bot.html)"
40.77.167.70 - - [03/Apr/2025:16:58:00 -0400] "GET /?pid=158724303 HTTP/1.1" 200 97713 "-" "Mozilla/5.0 AppleWebKit/537.36 (KHTML, like Gecko; compatible; bingbot/2.0; +http://www.bing.com/bingbot.htm) Chrome/116.0.1938.76 Safari/537.36"
66.249.68.128 - - [03/Apr/2025:16:58:22 -0400] "GET /318mm-to-mm-Adapter-Aluminum-Alloy/Handlebars-124967/ HTTP/1.1" 404 1251 "-" "Mozilla/5.0 (Linux; Android 6.0.1; Nexus 5X Build/MMB29P) AppleWebKit/537.36 (KHTML, like Gecko) Chrome/134.0.6998.165 Mobile Safari/537.36 (compatible; Googlebot/2.1; +http://www.google.com/bot.html)"
185.231.155.169 - - [03/Apr/2025:16:59:05 -0400] "GET /how-to-win-at-gas-station-slots/ HTTP/1.1" 404 1251 "http://christianmantopoulos.com/how-to-win-at-gas-station-slots/" "Mozilla/5.0 (Windows NT 10.0; Win64; x64) AppleWebKit/537.36 (KHTML, like Gecko) Chrome/131.0.0.0 Safari/537.36 Avast/131.0.0.0"
185.231.155.169 - - [03/Apr/2025:16:59:06 -0400] "GET / HTTP/1.1" 200 97713 "http://christianmantopoulos.com/" "Mozilla/5.0 (Windows NT 10.0; Win64; x64) AppleWebKit/537.36 (KHTML, like Gecko) Chrome/131.0.0.0 Safari/537.36 Avast/131.0.0.0"
66.249.68.129 - - [03/Apr/2025:17:03:34 -0400] "GET /Ejercicios-Brazos-Musculaci%C3%B3n-Resistencia/Other-Strength-Training-455014/ HTTP/1.1" 404 1251 "-" "Mozilla/5.0 (Linux; Android 6.0.1; Nexus 5X Build/MMB29P) AppleWebKit/537.36 (KHTML, like Gecko) Chrome/134.0.6998.165 Mobile Safari/537.36 (compatible; Googlebot/2.1; +http://www.google.com/bot.html)"
40.77.167.78 - - [03/Apr/2025:17:05:00 -0400] "GET /sub1_3_enzan.htm HTTP/1.1" 404 1251 "-" "Mozilla/5.0 AppleWebKit/537.36 (KHTML, like Gecko; compatible; bingbot/2.0; +http://www.bing.com/bingbot.htm) Chrome/116.0.1938.76 Safari/537.36"
66.249.68.129 - - [03/Apr/2025:17:08:47 -0400] "GET /Kids-Adult-Sliming-Workout-S1B-X/Abdominal-Exercisers-418885/ HTTP/1.1" 404 1251 "-" "Mozilla/5.0 (Linux; Android 6.0.1; Nexus 5X Build/MMB29P) AppleWebKit/537.36 (KHTML, like Gecko) Chrome/134.0.6998.165 Mobile Safari/537.36 (compatible; Googlebot/2.1; +http://www.google.com/bot.html)"
66.249.68.128 - - [03/Apr/2025:17:13:59 -0400] "GET /Patch-Blood-Makes-You-Related/Patches-540825/ HTTP/1.1" 404 1251 "-" "Mozilla/5.0 (Linux; Android 6.0.1; Nexus 5X Build/MMB29P) AppleWebKit/537.36 (KHTML, like Gecko) Chrome/134.0.6998.165 Mobile Safari/537.36 (compatible; Googlebot/2.1; +http://www.google.com/bot.html)"
66.249.68.129 - - [03/Apr/2025:17:19:11 -0400] "GET /CANE-MALLETS-POLO-STICK-POLO-MALLETSPOLO/Other-Rider-Clothing-672591/ HTTP/1.1" 404 1251 "-" "Mozilla/5.0 (Linux; Android 6.0.1; Nexus 5X Build/MMB29P) AppleWebKit/537.36 (KHTML, like Gecko) Chrome/134.0.6998.165 Mobile Safari/537.36 (compatible; Googlebot/2.1; +http://www.google.com/bot.html)"
52.167.144.176 - - [03/Apr/2025:17:23:42 -0400] "GET /blog/entry-286194 HTTP/1.1" 404 1251 "-" "Mozilla/5.0 AppleWebKit/537.36 (KHTML, like Gecko; compatible; bingbot/2.0; +http://www.bing.com/bingbot.htm) Chrome/116.0.1938.76 Safari/537.36"
66.249.68.129 - - [03/Apr/2025:17:24:24 -0400] "GET /Taurus-Rossi-FREE-SAME-DAY-SHIPPING10A-HKS-A/Speedloaders-518842/ HTTP/1.1" 404 1251 "-" "Mozilla/5.0 (Linux; Android 6.0.1; Nexus 5X Build/MMB29P) AppleWebKit/537.36 (KHTML, like Gecko) Chrome/134.0.6998.165 Mobile Safari/537.36 (compatible; Googlebot/2.1; +http://www.google.com/bot.html)"
40.77.167.44 - - [03/Apr/2025:17:24:31 -0400] "GET /release/78711/ HTTP/1.1" 404 1251 "-" "Mozilla/5.0 AppleWebKit/537.36 (KHTML, like Gecko; compatible; bingbot/2.0; +http://www.bing.com/bingbot.htm) Chrome/116.0.1938.76 Safari/537.36"
52.167.144.176 - - [03/Apr/2025:17:26:21 -0400] "GET /how-to-mov/amazon-prime-video/plan HTTP/1.1" 404 1251 "-" "Mozilla/5.0 AppleWebKit/537.36 (KHTML, like Gecko; compatible; bingbot/2.0; +http://www.bing.com/bingbot.htm) Chrome/116.0.1938.76 Safari/537.36"
66.249.68.128 - - [03/Apr/2025:17:29:36 -0400] "GET /Umpqua-Midnight-Mullet-Size/Flies-273568/ HTTP/1.1" 404 1251 "-" "Mozilla/5.0 (Linux; Android 6.0.1; Nexus 5X Build/MMB29P) AppleWebKit/537.36 (KHTML, like Gecko) Chrome/134.0.6998.165 Mobile Safari/537.36 (compatible; Googlebot/2.1; +http://www.google.com/bot.html)"
222.186.134.245 - - [03/Apr/2025:17:34:22 -0400] "GET /e/data/images/arrow.gif HTTP/1.1" 404 1251 "http://christianmantopoulos.com/e/data/images/arrow.gif" "Mozilla/4.0 (compatible; MSIE 9.0; Windows NT 6.1)"
66.249.68.130 - - [03/Apr/2025:17:34:49 -0400] "GET /Sniper-Single-Size-Gamakatsu/Hooks-386310/ HTTP/1.1" 404 1251 "-" "Mozilla/5.0 (Linux; Android 6.0.1; Nexus 5X Build/MMB29P) AppleWebKit/537.36 (KHTML, like Gecko) Chrome/134.0.6998.165 Mobile Safari/537.36 (compatible; Googlebot/2.1; +http://www.google.com/bot.html)"
66.249.68.128 - - [03/Apr/2025:17:40:02 -0400] "GET /Inches-Dark-Amber-Blue-Flake-Jackall/Soft-Plastics-304274/ HTTP/1.1" 404 1251 "-" "Mozilla/5.0 (Linux; Android 6.0.1; Nexus 5X Build/MMB29P) AppleWebKit/537.36 (KHTML, like Gecko) Chrome/134.0.6998.165 Mobile Safari/537.36 (compatible; Googlebot/2.1; +http://www.google.com/bot.html)"
66.249.68.130 - - [03/Apr/2025:17:45:14 -0400] "GET /GILL-FLAP-SLAP-mm/Crankbaits-267877/ HTTP/1.1" 404 1251 "-" "Mozilla/5.0 (Linux; Android 6.0.1; Nexus 5X Build/MMB29P) AppleWebKit/537.36 (KHTML, like Gecko) Chrome/134.0.6998.165 Mobile Safari/537.36 (compatible; Googlebot/2.1; +http://www.google.com/bot.html)"
66.249.68.128 - - [03/Apr/2025:17:50:26 -0400] "GET /Shimano-Freewheel-Socket-G6Z-Bike-Rear/Tools-184762/ HTTP/1.1" 404 1251 "-" "Mozilla/5.0 (Linux; Android 6.0.1; Nexus 5X Build/MMB29P) AppleWebKit/537.36 (KHTML, like Gecko) Chrome/134.0.6998.165 Mobile Safari/537.36 (compatible; Googlebot/2.1; +http://www.google.com/bot.html)"
66.249.68.128 - - [03/Apr/2025:17:55:38 -0400] "GET /Waders-with-Cleated-Soles-Unisex-PVC/Waders-318571/ HTTP/1.1" 404 1251 "-" "Mozilla/5.0 (Linux; Android 6.0.1; Nexus 5X Build/MMB29P) AppleWebKit/537.36 (KHTML, like Gecko) Chrome/134.0.6998.165 Mobile Safari/537.36 (compatible; Googlebot/2.1; +http://www.google.com/bot.html)"
66.249.68.130 - - [03/Apr/2025:18:00:51 -0400] "GET /Manitou-XFusion-etc-Igus-Polymer-Bush/Rear-Shocks-150249/ HTTP/1.1" 404 1251 "-" "Mozilla/5.0 (Linux; Android 6.0.1; Nexus 5X Build/MMB29P) AppleWebKit/537.36 (KHTML, like Gecko) Chrome/134.0.6998.165 Mobile Safari/537.36 (compatible; Googlebot/2.1; +http://www.google.com/bot.html)"
167.172.130.206 - - [03/Apr/2025:18:04:00 -0400] "GET /zwso.php HTTP/1.1" 404 1251 "www.google.com" "Mozlila/5.0 (Linux; Android 7.0; SM-G892A Bulid/NRD90M; wv) AppleWebKit/537.36 (KHTML, like Gecko) Version/4.0 Chrome/60.0.3112.107 Moblie Safari/537.36"
66.249.68.130 - - [03/Apr/2025:18:06:03 -0400] "GET /mm-ELKO-GOLDEN-MAGNUM-cal-pcs/Other-Hunting-Accessories-506296/ HTTP/1.1" 404 1251 "-" "Mozilla/5.0 (Linux; Android 6.0.1; Nexus 5X Build/MMB29P) AppleWebKit/537.36 (KHTML, like Gecko) Chrome/134.0.6998.165 Mobile Safari/537.36 (compatible; Googlebot/2.1; +http://www.google.com/bot.html)"
51.210.123.31 - - [03/Apr/2025:18:06:59 -0400] "GET / HTTP/1.1" 200 97713 "-" "Mozilla/5.0 (Windows NT 10.0; Win64; x64; rv:41.0) Gecko/20100101 Firefox/41.0"
198.54.114.83 - - [03/Apr/2025:18:07:01 -0400] "POST /wp-cron.php?doing_wp_cron=1743718021.7193219661712646484375 HTTP/1.1" 200 0 "-" "WordPress/6.7.2; https://christianmantopoulos.com"
51.210.123.31 - - [03/Apr/2025:18:07:00 -0400] "POST /xmlrpc.php HTTP/1.1" 200 212 "-" "Mozilla/5.0 (Windows NT 10.0; Win64; x64; rv:41.0) Gecko/20100101 Firefox/41.0"
52.167.144.172 - - [03/Apr/2025:18:09:26 -0400] "GET /articles/detail/2473 HTTP/1.1" 404 1251 "-" "Mozilla/5.0 AppleWebKit/537.36 (KHTML, like Gecko; compatible; bingbot/2.0; +http://www.bing.com/bingbot.htm) Chrome/116.0.1938.76 Safari/537.36"
40.77.167.230 - - [03/Apr/2025:18:09:36 -0400] "GET /brand.html HTTP/1.1" 404 1251 "-" "Mozilla/5.0 AppleWebKit/537.36 (KHTML, like Gecko; compatible; bingbot/2.0; +http://www.bing.com/bingbot.htm) Chrome/116.0.1938.76 Safari/537.36"
66.249.68.130 - - [03/Apr/2025:18:11:16 -0400] "GET /Racing-Stickers-decals-NOS-Set-of/Decals-Stickers-35630/ HTTP/1.1" 404 1251 "-" "Mozilla/5.0 (Linux; Android 6.0.1; Nexus 5X Build/MMB29P) AppleWebKit/537.36 (KHTML, like Gecko) Chrome/134.0.6998.165 Mobile Safari/537.36 (compatible; Googlebot/2.1; +http://www.google.com/bot.html)"
204.137.14.106 - - [03/Apr/2025:18:13:14 -0400] "GET / HTTP/1.1" 200 97713 "christianmantopoulos.com" "Mozilla/5.0 (Windows NT 10.0; WOW64) AppleWebKit/537.36 (KHTML, like Gecko) Chrome/86.0.4240.75 Safari/537.36"
66.249.68.128 - - [03/Apr/2025:18:16:28 -0400] "GET /for-Model-Z5Z-Tactical/Holsters-495014/ HTTP/1.1" 404 1251 "-" "Mozilla/5.0 (Linux; Android 6.0.1; Nexus 5X Build/MMB29P) AppleWebKit/537.36 (KHTML, like Gecko) Chrome/134.0.6998.165 Mobile Safari/537.36 (compatible; Googlebot/2.1; +http://www.google.com/bot.html)"
162.142.125.204 - - [03/Apr/2025:18:18:58 -0400] "GET / HTTP/1.1" 200 97713 "-" "Mozilla/5.0 (compatible; CensysInspect/1.1; +https://about.censys.io/)"
2620:96:e000::cc - - [03/Apr/2025:18:19:12 -0400] "GET /favicon.ico HTTP/1.1" 404 1251 "-" "Mozilla/5.0 (compatible; CensysInspect/1.1; +https://about.censys.io/)"
2620:96:e000::cc - - [03/Apr/2025:18:19:45 -0400] "GET /favicon.ico HTTP/1.1" 404 1251 "-" "Mozilla/5.0 (compatible; CensysInspect/1.1; +https://about.censys.io/)"
85.208.98.23 - - [03/Apr/2025:18:20:38 -0400] "GET /robots.txt HTTP/1.1" 404 1251 "-" "Mozilla/5.0 (compatible; SemrushBot-BA; +http://www.semrush.com/bot.html)"
66.249.68.128 - - [03/Apr/2025:18:21:41 -0400] "GET /BLACK-Nalini-ARIETTA-Full-Season/Vests-225677/ HTTP/1.1" 404 1251 "-" "Mozilla/5.0 (Linux; Android 6.0.1; Nexus 5X Build/MMB29P) AppleWebKit/537.36 (KHTML, like Gecko) Chrome/134.0.6998.165 Mobile Safari/537.36 (compatible; Googlebot/2.1; +http://www.google.com/bot.html)"
66.249.68.128 - - [03/Apr/2025:18:26:53 -0400] "GET /Arrow-Quiver-Black/Quivers-570381/ HTTP/1.1" 404 1251 "-" "Mozilla/5.0 (Linux; Android 6.0.1; Nexus 5X Build/MMB29P) AppleWebKit/537.36 (KHTML, like Gecko) Chrome/134.0.6998.165 Mobile Safari/537.36 (compatible; Googlebot/2.1; +http://www.google.com/bot.html)"
66.249.68.130 - - [03/Apr/2025:18:32:06 -0400] "GET /Lightweight-Body-Armor-MC-Emerson-Tactical/Chest-Rigs-&-Tactical-Vests-538285/ HTTP/1.1" 404 1251 "-" "Mozilla/5.0 (Linux; Android 6.0.1; Nexus 5X Build/MMB29P) AppleWebKit/537.36 (KHTML, like Gecko) Chrome/134.0.6998.165 Mobile Safari/537.36 (compatible; Googlebot/2.1; +http://www.google.com/bot.html)"
77.238.235.209 - - [03/Apr/2025:18:35:35 -0400] "GET /how-to-win-at-gas-station-slots/ HTTP/1.1" 404 1251 "http://christianmantopoulos.com/how-to-win-at-gas-station-slots/" "Mozilla/5.0 (Windows NT 10.0; Win64; x64) AppleWebKit/537.36 (KHTML, like Gecko) Chrome/129.0.0.0 Safari/537.36"
77.238.235.209 - - [03/Apr/2025:18:35:35 -0400] "GET / HTTP/1.1" 200 97713 "http://christianmantopoulos.com/" "Mozilla/5.0 (Windows NT 10.0; Win64; x64) AppleWebKit/537.36 (KHTML, like Gecko) Chrome/129.0.0.0 Safari/537.36"
66.249.68.129 - - [03/Apr/2025:18:37:18 -0400] "GET /Dry-Fly-Tying-Hooks-Bronzed-Fishing-DRY/Hooks-280061/ HTTP/1.1" 404 1251 "-" "Mozilla/5.0 (Linux; Android 6.0.1; Nexus 5X Build/MMB29P) AppleWebKit/537.36 (KHTML, like Gecko) Chrome/134.0.6998.165 Mobile Safari/537.36 (compatible; Googlebot/2.1; +http://www.google.com/bot.html)"
66.249.68.129 - - [03/Apr/2025:18:42:30 -0400] "GET /Outdoor-Camp-Barren-Compact-Lightweight/Camping-Stoves-593516/ HTTP/1.1" 404 1251 "-" "Mozilla/5.0 (Linux; Android 6.0.1; Nexus 5X Build/MMB29P) AppleWebKit/537.36 (KHTML, like Gecko) Chrome/134.0.6998.165 Mobile Safari/537.36 (compatible; Googlebot/2.1; +http://www.google.com/bot.html)"
52.167.144.21 - - [03/Apr/2025:18:42:39 -0400] "GET /news_elise_2013_metallic_black.html HTTP/1.1" 404 1251 "-" "Mozilla/5.0 AppleWebKit/537.36 (KHTML, like Gecko; compatible; bingbot/2.0; +http://www.bing.com/bingbot.htm) Chrome/116.0.1938.76 Safari/537.36"
66.249.68.128 - - [03/Apr/2025:18:47:43 -0400] "GET /x-cm-Couverture-de-Survie/Other-Emergency-Gear-610678/ HTTP/1.1" 404 1251 "-" "Mozilla/5.0 (Linux; Android 6.0.1; Nexus 5X Build/MMB29P) AppleWebKit/537.36 (KHTML, like Gecko) Chrome/134.0.6998.165 Mobile Safari/537.36 (compatible; Googlebot/2.1; +http://www.google.com/bot.html)"
40.77.167.65 - - [03/Apr/2025:18:48:49 -0400] "GET /locations/hn/english-class HTTP/1.1" 404 1251 "-" "Mozilla/5.0 AppleWebKit/537.36 (KHTML, like Gecko; compatible; bingbot/2.0; +http://www.bing.com/bingbot.htm) Chrome/116.0.1938.76 Safari/537.36"
66.249.68.129 - - [03/Apr/2025:18:51:43 -0400] "GET /Dry-Fly-Tying-Hooks-Bronzed-Fishing-DRY/Hooks-280061/ HTTP/1.1" 404 1251 "-" "Mozilla/5.0 (Linux; Android 6.0.1; Nexus 5X Build/MMB29P) AppleWebKit/537.36 (KHTML, like Gecko) Chrome/134.0.6998.165 Mobile Safari/537.36 (compatible; GoogleOther)"
66.249.68.130 - - [03/Apr/2025:18:52:36 -0400] "GET /BULLISTIC-HELMET-BLACK-U79S-SMALL-SADDLE/Riding-Helmets-679501/ HTTP/1.1" 404 1251 "-" "Mozilla/5.0 (Linux; Android 6.0.1; Nexus 5X Build/MMB29P) AppleWebKit/537.36 (KHTML, like Gecko) Chrome/134.0.6998.165 Mobile Safari/537.36 (compatible; Googlebot/2.1; +http://www.google.com/bot.html)"
66.249.68.128 - - [03/Apr/2025:18:53:28 -0400] "GET /Packman-Travel-Bicycle-Frame/Bags-&-Panniers-26865/ HTTP/1.1" 404 1251 "-" "Mozilla/5.0 (Linux; Android 6.0.1; Nexus 5X Build/MMB29P) AppleWebKit/537.36 (KHTML, like Gecko) Chrome/134.0.6998.165 Mobile Safari/537.36 (compatible; GoogleOther)"
66.249.68.130 - - [03/Apr/2025:18:54:41 -0400] "GET /Speed-Gold-KMC-X11EL-Bike/Chains-99301/ HTTP/1.1" 404 1251 "-" "Mozilla/5.0 (Linux; Android 6.0.1; Nexus 5X Build/MMB29P) AppleWebKit/537.36 (KHTML, like Gecko) Chrome/134.0.6998.165 Mobile Safari/537.36 (compatible; GoogleOther)"
66.249.68.128 - - [03/Apr/2025:18:56:26 -0400] "GET /SUV-Cars-PINK-Mountain-Road-Saris-Bones/Car-&-Truck-Racks-204769/ HTTP/1.1" 404 1251 "-" "Mozilla/5.0 (Linux; Android 6.0.1; Nexus 5X Build/MMB29P) AppleWebKit/537.36 (KHTML, like Gecko) Chrome/134.0.6998.165 Mobile Safari/537.36 (compatible; Googlebot/2.1; +http://www.google.com/bot.html)"
66.249.68.128 - - [03/Apr/2025:18:58:11 -0400] "GET /Light-Night-Fog-Head-Lamp-Retro-Vintage/Headlamps-636029/ HTTP/1.1" 404 1251 "-" "Mozilla/5.0 (Linux; Android 6.0.1; Nexus 5X Build/MMB29P) AppleWebKit/537.36 (KHTML, like Gecko) Chrome/134.0.6998.165 Mobile Safari/537.36 (compatible; Googlebot/2.1; +http://www.google.com/bot.html)"
66.249.68.128 - - [03/Apr/2025:18:59:56 -0400] "GET /RX-BalanceWackelbrett-%C3%98-cm/Balance-Trainers-420791/ HTTP/1.1" 404 1251 "-" "Mozilla/5.0 (Linux; Android 6.0.1; Nexus 5X Build/MMB29P) AppleWebKit/537.36 (KHTML, like Gecko) Chrome/134.0.6998.165 Mobile Safari/537.36 (compatible; GoogleOther)"
66.249.68.130 - - [03/Apr/2025:19:01:40 -0400] "GET /Casting-and-Spinning-Reels-japan-Daiwa-RCS/Spinning-Reels-371830/ HTTP/1.1" 404 1251 "-" "Mozilla/5.0 (Linux; Android 6.0.1; Nexus 5X Build/MMB29P) AppleWebKit/537.36 (KHTML, like Gecko) Chrome/134.0.6998.165 Mobile Safari/537.36 (compatible; Googlebot/2.1; +http://www.google.com/bot.html)"
66.249.68.130 - - [03/Apr/2025:19:03:25 -0400] "GET /Dummy70&034;-Brazilian-MMA-Grappling-Human/Dummies-20266/ HTTP/1.1" 404 1251 "-" "Mozilla/5.0 (Linux; Android 6.0.1; Nexus 5X Build/MMB29P) AppleWebKit/537.36 (KHTML, like Gecko) Chrome/134.0.6998.165 Mobile Safari/537.36 (compatible; Googlebot/2.1; +http://www.google.com/bot.html)"
85.208.98.23 - - [03/Apr/2025:19:04:08 -0400] "GET /robots.txt HTTP/1.1" 404 1251 "-" "Mozilla/5.0 (compatible; SemrushBot-BA; +http://www.semrush.com/bot.html)"
66.249.68.129 - - [03/Apr/2025:19:05:09 -0400] "GET /Bike-KHS-Frame-Sticker-Decal/Other-Bicycle-Accessories-53743/ HTTP/1.1" 404 1251 "-" "Mozilla/5.0 (Linux; Android 6.0.1; Nexus 5X Build/MMB29P) AppleWebKit/537.36 (KHTML, like Gecko) Chrome/134.0.6998.165 Mobile Safari/537.36 (compatible; Googlebot/2.1; +http://www.google.com/bot.html)"
66.249.68.128 - - [03/Apr/2025:19:06:54 -0400] "GET /Speed-Gold-KMC-X11EL-Bike/Chains-99301/ HTTP/1.1" 404 1251 "-" "Mozilla/5.0 (Linux; Android 6.0.1; Nexus 5X Build/MMB29P) AppleWebKit/537.36 (KHTML, like Gecko) Chrome/134.0.6998.165 Mobile Safari/537.36 (compatible; Googlebot/2.1; +http://www.google.com/bot.html)"
66.249.68.130 - - [03/Apr/2025:19:08:39 -0400] "GET /Derailleur-Spark-Silver-Shimano-Speed/Derailleurs-Rear-105955/ HTTP/1.1" 404 1251 "-" "Mozilla/5.0 (Linux; Android 6.0.1; Nexus 5X Build/MMB29P) AppleWebKit/537.36 (KHTML, like Gecko) Chrome/134.0.6998.165 Mobile Safari/537.36 (compatible; Googlebot/2.1; +http://www.google.com/bot.html)"
66.249.68.130 - - [03/Apr/2025:19:10:23 -0400] "GET /Lightweight-mm-TOKEN-Front-Derailleur/Derailleurs-Front-104950/ HTTP/1.1" 404 1251 "-" "Mozilla/5.0 (Linux; Android 6.0.1; Nexus 5X Build/MMB29P) AppleWebKit/537.36 (KHTML, like Gecko) Chrome/134.0.6998.165 Mobile Safari/537.36 (compatible; Googlebot/2.1; +http://www.google.com/bot.html)"
2.58.56.193 - - [03/Apr/2025:19:12:08 -0400] "GET /zwso.php HTTP/1.1" 404 1251 "www.google.com" "Mozlila/5.0 (Linux; Android 7.0; SM-G892A Bulid/NRD90M; wv) AppleWebKit/537.36 (KHTML, like Gecko) Version/4.0 Chrome/60.0.3112.107 Moblie Safari/537.36"
66.249.68.130 - - [03/Apr/2025:19:12:08 -0400] "GET /875&034;-x-&034;-Complete-Powell-Peralta/SkateboardsComplete-722296/ HTTP/1.1" 404 1251 "-" "Mozilla/5.0 (Linux; Android 6.0.1; Nexus 5X Build/MMB29P) AppleWebKit/537.36 (KHTML, like Gecko) Chrome/134.0.6998.165 Mobile Safari/537.36 (compatible; GoogleOther)"
66.249.68.130 - - [03/Apr/2025:19:13:53 -0400] "GET /And-Agility-Workout-Training-Resistance-Fitness/Resistance-Trainers-431631/ HTTP/1.1" 404 1251 "-" "Mozilla/5.0 (Linux; Android 6.0.1; Nexus 5X Build/MMB29P) AppleWebKit/537.36 (KHTML, like Gecko) Chrome/134.0.6998.165 Mobile Safari/537.36 (compatible; Googlebot/2.1; +http://www.google.com/bot.html)"
66.249.68.129 - - [03/Apr/2025:19:15:38 -0400] "GET /Show-Trail-Saddle-Tack-Set-Pad-Size-&034;/Saddles-695115/ HTTP/1.1" 404 1251 "-" "Mozilla/5.0 (Linux; Android 6.0.1; Nexus 5X Build/MMB29P) AppleWebKit/537.36 (KHTML, like Gecko) Chrome/134.0.6998.165 Mobile Safari/537.36 (compatible; Googlebot/2.1; +http://www.google.com/bot.html)"
85.208.98.23 - - [03/Apr/2025:19:16:31 -0400] "GET /robots.txt HTTP/1.1" 404 1251 "-" "Mozilla/5.0 (compatible; SemrushBot-BA; +http://www.semrush.com/bot.html)"
66.249.68.128 - - [03/Apr/2025:19:17:22 -0400] "GET /Record-Nuovo-Record-groupset/Other-Vintage-Cycling-237193/ HTTP/1.1" 404 1251 "-" "Mozilla/5.0 (Linux; Android 6.0.1; Nexus 5X Build/MMB29P) AppleWebKit/537.36 (KHTML, like Gecko) Chrome/134.0.6998.165 Mobile Safari/537.36 (compatible; Googlebot/2.1; +http://www.google.com/bot.html)"
66.249.68.130 - - [03/Apr/2025:19:19:07 -0400] "GET /Ready-Smartgrip-Hyperwal-Pirelli-Scorpion-EMTB/Tires-194043/ HTTP/1.1" 404 1251 "-" "Mozilla/5.0 (Linux; Android 6.0.1; Nexus 5X Build/MMB29P) AppleWebKit/537.36 (KHTML, like Gecko) Chrome/134.0.6998.165 Mobile Safari/537.36 (compatible; GoogleOther)"
66.249.68.130 - - [03/Apr/2025:19:20:51 -0400] "GET /Ready-Smartgrip-Hyperwal-Pirelli-Scorpion-EMTB/Tires-194043/ HTTP/1.1" 404 1251 "-" "Mozilla/5.0 (Linux; Android 6.0.1; Nexus 5X Build/MMB29P) AppleWebKit/537.36 (KHTML, like Gecko) Chrome/134.0.6998.165 Mobile Safari/537.36 (compatible; Googlebot/2.1; +http://www.google.com/bot.html)"
66.249.68.129 - - [03/Apr/2025:19:24:20 -0400] "GET /RX-BalanceWackelbrett-%C3%98-cm/Balance-Trainers-420791/ HTTP/1.1" 404 1251 "-" "Mozilla/5.0 (Linux; Android 6.0.1; Nexus 5X Build/MMB29P) AppleWebKit/537.36 (KHTML, like Gecko) Chrome/134.0.6998.165 Mobile Safari/537.36 (compatible; Googlebot/2.1; +http://www.google.com/bot.html)"
66.249.68.128 - - [03/Apr/2025:19:26:05 -0400] "GET /Outdoor-OLIVE-HUNTING-AND-FISHING/Hunting-Equipment-463474/ HTTP/1.1" 404 1251 "-" "Mozilla/5.0 (Linux; Android 6.0.1; Nexus 5X Build/MMB29P) AppleWebKit/537.36 (KHTML, like Gecko) Chrome/134.0.6998.165 Mobile Safari/537.36 (compatible; GoogleOther)"
66.249.68.130 - - [03/Apr/2025:19:27:50 -0400] "GET /Outdoor-OLIVE-HUNTING-AND-FISHING/Hunting-Equipment-463474/ HTTP/1.1" 404 1251 "-" "Mozilla/5.0 (Linux; Android 6.0.1; Nexus 5X Build/MMB29P) AppleWebKit/537.36 (KHTML, like Gecko) Chrome/134.0.6998.165 Mobile Safari/537.36 (compatible; Googlebot/2.1; +http://www.google.com/bot.html)"
66.249.68.129 - - [03/Apr/2025:19:31:19 -0400] "GET /Boo-Teaser-Rig-oz-Lot/Baits-&-Lures-248904/ HTTP/1.1" 404 1251 "-" "Mozilla/5.0 (Linux; Android 6.0.1; Nexus 5X Build/MMB29P) AppleWebKit/537.36 (KHTML, like Gecko) Chrome/134.0.6998.165 Mobile Safari/537.36 (compatible; GoogleOther)"
66.249.68.128 - - [03/Apr/2025:19:33:04 -0400] "GET /Boo-Teaser-Rig-oz-Lot/Baits-&-Lures-248904/ HTTP/1.1" 404 1251 "-" "Mozilla/5.0 (Linux; Android 6.0.1; Nexus 5X Build/MMB29P) AppleWebKit/537.36 (KHTML, like Gecko) Chrome/134.0.6998.165 Mobile Safari/537.36 (compatible; Googlebot/2.1; +http://www.google.com/bot.html)"
66.249.68.129 - - [03/Apr/2025:19:39:27 -0400] "GET /Rear-Derailleur-Pulley/Derailleurs-Rear-106507/ HTTP/1.1" 404 1251 "-" "Mozilla/5.0 (Linux; Android 6.0.1; Nexus 5X Build/MMB29P) AppleWebKit/537.36 (KHTML, like Gecko) Chrome/134.0.6998.165 Mobile Safari/537.36 (compatible; Googlebot/2.1; +http://www.google.com/bot.html)"
66.249.68.130 - - [03/Apr/2025:19:40:19 -0400] "GET /Bike-Tapered-Fork-Parts-JESSICA-mm/Headsets-128401/ HTTP/1.1" 404 1251 "-" "Mozilla/5.0 (Linux; Android 6.0.1; Nexus 5X Build/MMB29P) AppleWebKit/537.36 (KHTML, like Gecko) Chrome/134.0.6998.165 Mobile Safari/537.36 (compatible; Googlebot/2.1; +http://www.google.com/bot.html)"
66.249.68.130 - - [03/Apr/2025:19:41:12 -0400] "GET /78FT-Table-Billiard-Pool-Professional-Billiard/Tables-553825/ HTTP/1.1" 404 1251 "-" "Mozilla/5.0 (Linux; Android 6.0.1; Nexus 5X Build/MMB29P) AppleWebKit/537.36 (KHTML, like Gecko) Chrome/134.0.6998.165 Mobile Safari/537.36 (compatible; Googlebot/2.1; +http://www.google.com/bot.html)"
66.249.68.128 - - [03/Apr/2025:19:42:04 -0400] "GET /x-mm-ABR/Handlebars-121500/ HTTP/1.1" 404 1251 "-" "Mozilla/5.0 (Linux; Android 6.0.1; Nexus 5X Build/MMB29P) AppleWebKit/537.36 (KHTML, like Gecko) Chrome/134.0.6998.165 Mobile Safari/537.36 (compatible; Googlebot/2.1; +http://www.google.com/bot.html)"
45.148.10.80 - - [03/Apr/2025:19:52:17 -0400] "GET /.git/config HTTP/1.1" 403 1242 "-" "Mozilla/5.0 (Macintosh; Intel Mac OS X 10_15_7) AppleWebKit/605.1.15 (KHTML, like Gecko) Teak/4.3.1 Version/17.4.1 Safari/605.1.15"
66.249.68.129 - - [03/Apr/2025:19:55:22 -0400] "GET /Flying-Inversion-Tool-Elastic-Large-Yoga/Yoga-Props-462127/ HTTP/1.1" 404 1251 "-" "Mozilla/5.0 (Linux; Android 6.0.1; Nexus 5X Build/MMB29P) AppleWebKit/537.36 (KHTML, like Gecko) Chrome/134.0.6998.165 Mobile Safari/537.36 (compatible; Googlebot/2.1; +http://www.google.com/bot.html)"
66.249.68.128 - - [03/Apr/2025:19:56:14 -0400] "GET /Flying-Inversion-Tool-Elastic-Large-Yoga/Yoga-Props-462127/ HTTP/1.1" 404 1251 "-" "Mozilla/5.0 (Linux; Android 6.0.1; Nexus 5X Build/MMB29P) AppleWebKit/537.36 (KHTML, like Gecko) Chrome/134.0.6998.165 Mobile Safari/537.36 (compatible; GoogleOther)"
216.244.66.234 - - [03/Apr/2025:20:03:55 -0400] "GET /robots.txt HTTP/1.1" 404 1251 "-" "Mozilla/5.0 (compatible; DotBot/1.2; +https://opensiteexplorer.org/dotbot; help@moz.com)"
52.167.144.204 - - [03/Apr/2025:20:06:18 -0400] "GET /contents/parkinson HTTP/1.1" 404 1251 "-" "Mozilla/5.0 AppleWebKit/537.36 (KHTML, like Gecko; compatible; bingbot/2.0; +http://www.bing.com/bingbot.htm) Chrome/116.0.1938.76 Safari/537.36"
40.77.167.157 - - [03/Apr/2025:20:08:17 -0400] "GET /blogs/archives/202 HTTP/1.1" 404 1251 "-" "Mozilla/5.0 AppleWebKit/537.36 (KHTML, like Gecko; compatible; bingbot/2.0; +http://www.bing.com/bingbot.htm) Chrome/116.0.1938.76 Safari/537.36"
66.249.68.130 - - [03/Apr/2025:20:09:27 -0400] "GET /Zipper-Waterproof-Airtight-Bag-LOKSAK-Aloksak/Other-Camping-&-Hiking-650638/ HTTP/1.1" 404 1251 "-" "Mozilla/5.0 (Linux; Android 6.0.1; Nexus 5X Build/MMB29P) AppleWebKit/537.36 (KHTML, like Gecko) Chrome/134.0.6998.165 Mobile Safari/537.36 (compatible; Googlebot/2.1; +http://www.google.com/bot.html)"
216.244.66.234 - - [03/Apr/2025:20:10:17 -0400] "GET /3-methodes-simples-pour-nettoyer-les-bijoux-en-argent/ HTTP/1.1" 404 1251 "-" "Mozilla/5.0 (compatible; DotBot/1.2; +https://opensiteexplorer.org/dotbot; help@moz.com)"
66.249.68.130 - - [03/Apr/2025:20:10:21 -0400] "GET /x-mm-ABR/Handlebars-121500/ HTTP/1.1" 404 1251 "-" "Mozilla/5.0 (Linux; Android 6.0.1; Nexus 5X Build/MMB29P) AppleWebKit/537.36 (KHTML, like Gecko) Chrome/134.0.6998.165 Mobile Safari/537.36 (compatible; GoogleOther)"
66.249.68.128 - - [03/Apr/2025:20:11:13 -0400] "GET /Multicolore-Serbatoio-Lake/Flies-273621/ HTTP/1.1" 404 1251 "-" "Mozilla/5.0 (Linux; Android 6.0.1; Nexus 5X Build/MMB29P) AppleWebKit/537.36 (KHTML, like Gecko) Chrome/134.0.6998.165 Mobile Safari/537.36 (compatible; Googlebot/2.1; +http://www.google.com/bot.html)"
196.251.80.243 - - [03/Apr/2025:20:11:14 -0400] "POST /wp-plain.php HTTP/1.1" 404 1251 "www.google.com" "Mozilla/5.0 (Linux; Android 7.0; SM-G892A Bulid/NRD90M; wv) AppleWebKit/537.36 (KHTML, like Gecko) Version/4.0 Chrome/60.0.3112.107 Moblie Safari/537.36"
196.251.80.243 - - [03/Apr/2025:20:11:14 -0400] "GET /wp-content/plugins/fix/up.php HTTP/1.1" 404 1251 "-" "Mozilla/5.0 (Windows NT 10.0; Win64; x64) AppleWebKit/537.36 (KHTML, like Gecko) Chrome/85.0.4183.102 Safari/537.36"
196.251.80.243 - - [03/Apr/2025:20:11:14 -0400] "POST /ALFA_DATA/alfacgiapi/perl.alfa HTTP/1.1" 404 1251 "www.google.com" "Mozlila/5.0 (Linux; Android 7.0; SM-G892A Bulid/NRD90M; wv) AppleWebKit/537.36 (KHTML, like Gecko) Version/4.0 Chrome/60.0.3112.107 Moblie Safari/537.36"
196.251.80.243 - - [03/Apr/2025:20:11:14 -0400] "GET / HTTP/1.1" 200 97713 "-" "Mozlila/5.0 (Linux; Android 7.0; SM-G892A Bulid/NRD90M; wv) AppleWebKit/537.36 (KHTML, like Gecko) Version/4.0 Chrome/60.0.3112.107 Moblie Safari/537.36"
196.251.80.243 - - [03/Apr/2025:20:11:14 -0400] "GET /wp-content/themes/seotheme/db.php?u HTTP/1.1" 404 1251 "www.google.com" "Mozlila/5.0 (Linux; Android 7.0; SM-G892A Bulid/NRD90M; wv) AppleWebKit/537.36 (KHTML, like Gecko) Version/4.0 Chrome/60.0.3112.107 Moblie Safari/537.36"
196.251.80.243 - - [03/Apr/2025:20:11:14 -0400] "GET /nvulhgng.php?Fox=d3wL7 HTTP/1.1" 404 1251 "www.google.com" "Mozilla/5.0 (Linux; Android 7.0; SM-G892A Bulid/NRD90M; wv) AppleWebKit/537.36 (KHTML, like Gecko) Version/4.0 Chrome/60.0.3112.107 Moblie Safari/537.36"
196.251.80.243 - - [03/Apr/2025:20:11:14 -0400] "POST /alfacgiapi/perl.alfa HTTP/1.1" 404 1251 "www.google.com" "Mozlila/5.0 (Linux; Android 7.0; SM-G892A Bulid/NRD90M; wv) AppleWebKit/537.36 (KHTML, like Gecko) Version/4.0 Chrome/60.0.3112.107 Moblie Safari/537.36"
52.167.144.22 - - [03/Apr/2025:20:16:22 -0400] "GET /products/camera_filter/index.html HTTP/1.1" 404 1251 "-" "Mozilla/5.0 AppleWebKit/537.36 (KHTML, like Gecko; compatible; bingbot/2.0; +http://www.bing.com/bingbot.htm) Chrome/116.0.1938.76 Safari/537.36"
66.249.68.128 - - [03/Apr/2025:20:18:12 -0400] "GET /Ultralight-Spinning-Reel-Trout-&-Ice/Spinning-Reels-369965/ HTTP/1.1" 404 1251 "-" "Mozilla/5.0 (Linux; Android 6.0.1; Nexus 5X Build/MMB29P) AppleWebKit/537.36 (KHTML, like Gecko) Chrome/134.0.6998.165 Mobile Safari/537.36 (compatible; GoogleOther)"
66.249.68.128 - - [03/Apr/2025:20:18:53 -0400] "GET /Ultralight-Spinning-Reel-Trout-&-Ice/Spinning-Reels-369965/ HTTP/1.1" 404 1251 "-" "Mozilla/5.0 (Linux; Android 6.0.1; Nexus 5X Build/MMB29P) AppleWebKit/537.36 (KHTML, like Gecko) Chrome/134.0.6998.165 Mobile Safari/537.36 (compatible; Googlebot/2.1; +http://www.google.com/bot.html)"
66.249.68.128 - - [03/Apr/2025:20:33:41 -0400] "GET /Target-Tools-Archery-Trainer-Exercise/Archery-Tools-567055/ HTTP/1.1" 404 1251 "-" "Mozilla/5.0 (Linux; Android 6.0.1; Nexus 5X Build/MMB29P) AppleWebKit/537.36 (KHTML, like Gecko) Chrome/134.0.6998.165 Mobile Safari/537.36 (compatible; GoogleOther)"
66.249.68.129 - - [03/Apr/2025:20:35:04 -0400] "GET /Target-Tools-Archery-Trainer-Exercise/Archery-Tools-567055/ HTTP/1.1" 404 1251 "-" "Mozilla/5.0 (Linux; Android 6.0.1; Nexus 5X Build/MMB29P) AppleWebKit/537.36 (KHTML, like Gecko) Chrome/134.0.6998.165 Mobile Safari/537.36 (compatible; Googlebot/2.1; +http://www.google.com/bot.html)"
66.249.68.129 - - [03/Apr/2025:20:38:35 -0400] "GET /Flies-Size-Assortment-of/Flies-276206/ HTTP/1.1" 404 1251 "-" "Mozilla/5.0 (Linux; Android 6.0.1; Nexus 5X Build/MMB29P) AppleWebKit/537.36 (KHTML, like Gecko) Chrome/134.0.6998.165 Mobile Safari/537.36 (compatible; Googlebot/2.1; +http://www.google.com/bot.html)"
66.249.68.128 - - [03/Apr/2025:20:39:17 -0400] "GET /Flies-Size-Assortment-of/Flies-276206/ HTTP/1.1" 404 1251 "-" "Mozilla/5.0 (Linux; Android 6.0.1; Nexus 5X Build/MMB29P) AppleWebKit/537.36 (KHTML, like Gecko) Chrome/134.0.6998.165 Mobile Safari/537.36 (compatible; GoogleOther)"
66.249.68.128 - - [03/Apr/2025:20:39:58 -0400] "GET /Brown-Hilason-UBBC-Western-Horse-Breast/Breast-Collars-689574/ HTTP/1.1" 404 1251 "-" "Mozilla/5.0 (Linux; Android 6.0.1; Nexus 5X Build/MMB29P) AppleWebKit/537.36 (KHTML, like Gecko) Chrome/134.0.6998.165 Mobile Safari/537.36 (compatible; Googlebot/2.1; +http://www.google.com/bot.html)"
66.249.68.130 - - [03/Apr/2025:20:40:40 -0400] "GET /Drum-Cover-Electrocar-Electric-Bike/Brakes-82418/ HTTP/1.1" 404 1251 "-" "Mozilla/5.0 (Linux; Android 6.0.1; Nexus 5X Build/MMB29P) AppleWebKit/537.36 (KHTML, like Gecko) Chrome/134.0.6998.165 Mobile Safari/537.36 (compatible; Googlebot/2.1; +http://www.google.com/bot.html)"
66.249.68.129 - - [03/Apr/2025:20:42:02 -0400] "GET /concealment-holster-Bersa-Thunder/Holsters-496505/ HTTP/1.1" 404 1251 "-" "Mozilla/5.0 (Linux; Android 6.0.1; Nexus 5X Build/MMB29P) AppleWebKit/537.36 (KHTML, like Gecko) Chrome/134.0.6998.165 Mobile Safari/537.36 (compatible; Googlebot/2.1; +http://www.google.com/bot.html)"
78.153.140.218 - - [03/Apr/2025:20:42:05 -0400] "GET /.env HTTP/1.1" 404 1251 "-" "Mozilla/4.0 (compatible; MSIE 8.0; Windows NT 6.1; WOW64; Trident/4.0; SLCC2; .NET CLR 2.0.50727; Media Center PC 6.0; .NET CLR 3.5.30729; .NET CLR 3.0.30729; .NET4.0C)"
78.153.140.218 - - [03/Apr/2025:20:42:07 -0400] "GET /.aws/credentials HTTP/1.1" 404 1251 "-" "Mozilla/5.0 (Macintosh; Intel Mac OS X 10_11_6) AppleWebKit/601.7.6 (KHTML, like Gecko) Version/9.1.2 Safari/601.7.6"
52.167.144.206 - - [03/Apr/2025:20:42:42 -0400] "GET /kimono-hakama0308 HTTP/1.1" 404 1251 "-" "Mozilla/5.0 AppleWebKit/537.36 (KHTML, like Gecko; compatible; bingbot/2.0; +http://www.bing.com/bingbot.htm) Chrome/116.0.1938.76 Safari/537.36"
66.249.68.128 - - [03/Apr/2025:20:42:44 -0400] "GET /LEATHER-or-CLOTH-BELT-END-TIPS-NICKEL/Bridle-Parts-&-Accessories-689865/ HTTP/1.1" 404 1251 "-" "Mozilla/5.0 (Linux; Android 6.0.1; Nexus 5X Build/MMB29P) AppleWebKit/537.36 (KHTML, like Gecko) Chrome/134.0.6998.165 Mobile Safari/537.36 (compatible; Googlebot/2.1; +http://www.google.com/bot.html)"
62.113.113.106 - - [03/Apr/2025:20:51:31 -0400] "GET /how-to-win-at-gas-station-slots/ HTTP/1.1" 404 1251 "http://christianmantopoulos.com/how-to-win-at-gas-station-slots/" "Mozilla/5.0 (Windows NT 10.0; Win64; x64) AppleWebKit/537.36 (KHTML, like Gecko) Chrome/131.0.0.0 Safari/537.36"
62.113.113.106 - - [03/Apr/2025:20:51:32 -0400] "GET / HTTP/1.1" 200 97713 "http://christianmantopoulos.com/" "Mozilla/5.0 (Windows NT 10.0; Win64; x64) AppleWebKit/537.36 (KHTML, like Gecko) Chrome/131.0.0.0 Safari/537.36"
195.191.219.131 - - [03/Apr/2025:20:53:34 -0400] "GET /robots.txt HTTP/1.1" 404 1251 "-" "Mozilla/5.0 (compatible; MJ12bot/v2.0.0; http://mj12bot.com/)"
195.191.219.131 - - [03/Apr/2025:20:53:35 -0400] "GET / HTTP/1.1" 200 97713 "-" "Mozilla/5.0 (compatible; MJ12bot/v2.0.0; http://mj12bot.com/)"
194.38.23.16 - - [03/Apr/2025:20:58:05 -0400] "GET / HTTP/1.1" 200 97713 "-" "ALittle Client"
195.20.18.175 - - [03/Apr/2025:21:03:00 -0400] "GET / HTTP/1.1" 200 97713 "-" "ALittle Client"
66.249.68.129 - - [03/Apr/2025:21:09:30 -0400] "GET /75cm-cmDifferent-colors-Storm-SoRun-Makan/Soft-Plastics-300651/ HTTP/1.1" 404 1251 "-" "Mozilla/5.0 (Linux; Android 6.0.1; Nexus 5X Build/MMB29P) AppleWebKit/537.36 (KHTML, like Gecko) Chrome/134.0.6998.165 Mobile Safari/537.36 (compatible; Googlebot/2.1; +http://www.google.com/bot.html)"
66.249.68.130 - - [03/Apr/2025:21:10:11 -0400] "GET /Pro-and-Accessories-Deeper-Smart/Fishfinders-318889/ HTTP/1.1" 404 1251 "-" "Mozilla/5.0 (Linux; Android 6.0.1; Nexus 5X Build/MMB29P) AppleWebKit/537.36 (KHTML, like Gecko) Chrome/134.0.6998.165 Mobile Safari/537.36 (compatible; GoogleOther)"
66.249.68.129 - - [03/Apr/2025:21:10:52 -0400] "GET /Medium-&034;-Waist-Japanese-Ganbatte-Weight/Belts-447812/ HTTP/1.1" 404 1251 "-" "Mozilla/5.0 (Linux; Android 6.0.1; Nexus 5X Build/MMB29P) AppleWebKit/537.36 (KHTML, like Gecko) Chrome/134.0.6998.165 Mobile Safari/537.36 (compatible; Googlebot/2.1; +http://www.google.com/bot.html)"
66.249.68.129 - - [03/Apr/2025:21:11:34 -0400] "GET /Shape-Dart-Flights-Cosmo-Fit-Flight/Flights-556969/ HTTP/1.1" 404 1251 "-" "Mozilla/5.0 (Linux; Android 6.0.1; Nexus 5X Build/MMB29P) AppleWebKit/537.36 (KHTML, like Gecko) Chrome/134.0.6998.165 Mobile Safari/537.36 (compatible; Googlebot/2.1; +http://www.google.com/bot.html)"
66.249.68.130 - - [03/Apr/2025:21:12:15 -0400] "GET /Belt-w-AustriAlpin-Buckle-Emerson-Tactical/Belts-3038/ HTTP/1.1" 404 1251 "-" "Mozilla/5.0 (Linux; Android 6.0.1; Nexus 5X Build/MMB29P) AppleWebKit/537.36 (KHTML, like Gecko) Chrome/134.0.6998.165 Mobile Safari/537.36 (compatible; Googlebot/2.1; +http://www.google.com/bot.html)"
66.249.68.129 - - [03/Apr/2025:21:12:57 -0400] "GET /Pro-and-Accessories-Deeper-Smart/Fishfinders-318889/ HTTP/1.1" 404 1251 "-" "Mozilla/5.0 (Linux; Android 6.0.1; Nexus 5X Build/MMB29P) AppleWebKit/537.36 (KHTML, like Gecko) Chrome/134.0.6998.165 Mobile Safari/537.36 (compatible; Googlebot/2.1; +http://www.google.com/bot.html)"
52.167.144.203 - - [03/Apr/2025:21:13:45 -0400] "GET /genrecook/itamemono HTTP/1.1" 404 1251 "-" "Mozilla/5.0 AppleWebKit/537.36 (KHTML, like Gecko; compatible; bingbot/2.0; +http://www.bing.com/bingbot.htm) Chrome/116.0.1938.76 Safari/537.36"
85.208.98.23 - - [03/Apr/2025:21:21:44 -0400] "GET /robots.txt HTTP/1.1" 404 1251 "-" "Mozilla/5.0 (compatible; SemrushBot-BA; +http://www.semrush.com/bot.html)"
66.249.68.130 - - [03/Apr/2025:21:39:29 -0400] "GET /TAPIS-DE-NETTOYAGE-Pistolet/Other-Hunting-Accessories-508866/ HTTP/1.1" 404 1251 "-" "Mozilla/5.0 (Linux; Android 6.0.1; Nexus 5X Build/MMB29P) AppleWebKit/537.36 (KHTML, like Gecko) Chrome/134.0.6998.165 Mobile Safari/537.36 (compatible; Googlebot/2.1; +http://www.google.com/bot.html)"
66.249.68.130 - - [03/Apr/2025:21:40:10 -0400] "GET /Hose-Cutter-Inserting-Tool-MTB-Bicycle/Tools-179659/ HTTP/1.1" 404 1251 "-" "Mozilla/5.0 (Linux; Android 6.0.1; Nexus 5X Build/MMB29P) AppleWebKit/537.36 (KHTML, like Gecko) Chrome/134.0.6998.165 Mobile Safari/537.36 (compatible; Googlebot/2.1; +http://www.google.com/bot.html)"
66.249.68.129 - - [03/Apr/2025:21:40:52 -0400] "GET /Fish-Hook-Tackle-shan-MA-PcsSet-Sea/Hooks-389033/ HTTP/1.1" 404 1251 "-" "Mozilla/5.0 (Linux; Android 6.0.1; Nexus 5X Build/MMB29P) AppleWebKit/537.36 (KHTML, like Gecko) Chrome/134.0.6998.165 Mobile Safari/537.36 (compatible; Googlebot/2.1; +http://www.google.com/bot.html)"
66.249.68.128 - - [03/Apr/2025:21:41:33 -0400] "GET /TAPIS-DE-NETTOYAGE-Pistolet/Other-Hunting-Accessories-508866/ HTTP/1.1" 404 1251 "-" "Mozilla/5.0 (Linux; Android 6.0.1; Nexus 5X Build/MMB29P) AppleWebKit/537.36 (KHTML, like Gecko) Chrome/134.0.6998.165 Mobile Safari/537.36 (compatible; GoogleOther)"
66.249.68.128 - - [03/Apr/2025:21:42:15 -0400] "GET /Kronos-Due-New/Handlebars-126177/ HTTP/1.1" 404 1251 "-" "Mozilla/5.0 (Linux; Android 6.0.1; Nexus 5X Build/MMB29P) AppleWebKit/537.36 (KHTML, like Gecko) Chrome/134.0.6998.165 Mobile Safari/537.36 (compatible; Googlebot/2.1; +http://www.google.com/bot.html)"
66.249.68.128 - - [03/Apr/2025:21:42:56 -0400] "GET /Trampolin-Randabdeckung-Umrandung-Federabdeckung/Trampolines-436836/ HTTP/1.1" 404 1251 "-" "Mozilla/5.0 (Linux; Android 6.0.1; Nexus 5X Build/MMB29P) AppleWebKit/537.36 (KHTML, like Gecko) Chrome/134.0.6998.165 Mobile Safari/537.36 (compatible; Googlebot/2.1; +http://www.google.com/bot.html)"
66.249.68.128 - - [03/Apr/2025:21:43:38 -0400] "GET /Spring-rear-derailleur/Rear-Derailleurs-148824/ HTTP/1.1" 404 1251 "-" "Mozilla/5.0 (Linux; Android 6.0.1; Nexus 5X Build/MMB29P) AppleWebKit/537.36 (KHTML, like Gecko) Chrome/134.0.6998.165 Mobile Safari/537.36 (compatible; Googlebot/2.1; +http://www.google.com/bot.html)"
66.249.68.130 - - [03/Apr/2025:21:45:01 -0400] "GET /4000XG-XG-Spinning-reel-NEW/Reels-355273/ HTTP/1.1" 404 1251 "-" "Mozilla/5.0 (Linux; Android 6.0.1; Nexus 5X Build/MMB29P) AppleWebKit/537.36 (KHTML, like Gecko) Chrome/134.0.6998.165 Mobile Safari/537.36 (compatible; Googlebot/2.1; +http://www.google.com/bot.html)"
5.3.217.149 - - [03/Apr/2025:21:46:07 -0400] "GET / HTTP/1.1" 200 97713 "-" "Mozilla/5.0 (Windows NT 6.3; WOW64) AppleWebKit/537.36 (KHTML, like Gecko) Chrome/50.0.2661.102 Safari/537.36"
5.3.217.149 - - [03/Apr/2025:21:46:09 -0400] "GET / HTTP/1.1" 200 97713 "-" "Mozilla/5.0 (Windows NT 6.3; WOW64) AppleWebKit/537.36 (KHTML, like Gecko) Chrome/50.0.2661.102 Safari/537.36"
5.3.217.149 - - [03/Apr/2025:21:46:10 -0400] "GET /http:/ HTTP/1.1" 404 1251 "-" "Mozilla/5.0 (Windows NT 6.3; WOW64) AppleWebKit/537.36 (KHTML, like Gecko) Chrome/50.0.2661.102 Safari/537.36"
66.249.68.129 - - [03/Apr/2025:21:46:23 -0400] "GET /BARREL-DARTS-RING-GRIP-Dart-Barrels/Other-Darts-557469/ HTTP/1.1" 404 1251 "-" "Mozilla/5.0 (Linux; Android 6.0.1; Nexus 5X Build/MMB29P) AppleWebKit/537.36 (KHTML, like Gecko) Chrome/134.0.6998.165 Mobile Safari/537.36 (compatible; Googlebot/2.1; +http://www.google.com/bot.html)"
66.249.68.129 - - [03/Apr/2025:21:47:46 -0400] "GET /NUTS-PAIR-OF-INCLUDES/Vintage-728179/ HTTP/1.1" 404 1251 "-" "Mozilla/5.0 (Linux; Android 6.0.1; Nexus 5X Build/MMB29P) AppleWebKit/537.36 (KHTML, like Gecko) Chrome/134.0.6998.165 Mobile Safari/537.36 (compatible; Googlebot/2.1; +http://www.google.com/bot.html)"
66.249.68.130 - - [03/Apr/2025:21:49:09 -0400] "GET /Black-Kydex-Holster-for/Holsters-486109/ HTTP/1.1" 404 1251 "-" "Mozilla/5.0 (Linux; Android 6.0.1; Nexus 5X Build/MMB29P) AppleWebKit/537.36 (KHTML, like Gecko) Chrome/134.0.6998.165 Mobile Safari/537.36 (compatible; Googlebot/2.1; +http://www.google.com/bot.html)"
66.249.68.130 - - [03/Apr/2025:21:50:34 -0400] "GET /per-pack-Ned-Rig-Choice-of/Baits-&-Lures-247611/ HTTP/1.1" 404 1251 "-" "Mozilla/5.0 (Linux; Android 6.0.1; Nexus 5X Build/MMB29P) AppleWebKit/537.36 (KHTML, like Gecko) Chrome/134.0.6998.165 Mobile Safari/537.36 (compatible; GoogleOther)"
66.249.68.130 - - [03/Apr/2025:21:51:55 -0400] "GET /Hydration-System-Carrier-Blackhawk/Hydration-Packs-644845/ HTTP/1.1" 404 1251 "-" "Mozilla/5.0 (Linux; Android 6.0.1; Nexus 5X Build/MMB29P) AppleWebKit/537.36 (KHTML, like Gecko) Chrome/134.0.6998.165 Mobile Safari/537.36 (compatible; Googlebot/2.1; +http://www.google.com/bot.html)"
66.249.68.128 - - [03/Apr/2025:21:53:18 -0400] "GET /Embroidered-River-Sea-Surf/TShirts-5583/ HTTP/1.1" 404 1251 "-" "Mozilla/5.0 (Linux; Android 6.0.1; Nexus 5X Build/MMB29P) AppleWebKit/537.36 (KHTML, like Gecko) Chrome/134.0.6998.165 Mobile Safari/537.36 (compatible; Googlebot/2.1; +http://www.google.com/bot.html)"
66.249.68.128 - - [03/Apr/2025:21:54:41 -0400] "GET /per-pack-Ned-Rig-Choice-of/Baits-&-Lures-247611/ HTTP/1.1" 404 1251 "-" "Mozilla/5.0 (Linux; Android 6.0.1; Nexus 5X Build/MMB29P) AppleWebKit/537.36 (KHTML, like Gecko) Chrome/134.0.6998.165 Mobile Safari/537.36 (compatible; Googlebot/2.1; +http://www.google.com/bot.html)"
66.249.68.129 - - [03/Apr/2025:21:56:04 -0400] "GET /Fisherman-Eyewear/Sunglasses-317969/ HTTP/1.1" 404 1251 "-" "Mozilla/5.0 (Linux; Android 6.0.1; Nexus 5X Build/MMB29P) AppleWebKit/537.36 (KHTML, like Gecko) Chrome/134.0.6998.165 Mobile Safari/537.36 (compatible; Googlebot/2.1; +http://www.google.com/bot.html)"
66.249.68.128 - - [03/Apr/2025:22:09:29 -0400] "GET /Bolts-M-Screw-with-Thread-Lock-x-Coloured/Brake-Pads-73411/ HTTP/1.1" 404 1251 "-" "Mozilla/5.0 (Linux; Android 6.0.1; Nexus 5X Build/MMB29P) AppleWebKit/537.36 (KHTML, like Gecko) Chrome/134.0.6998.165 Mobile Safari/537.36 (compatible; Googlebot/2.1; +http://www.google.com/bot.html)"
66.249.68.128 - - [03/Apr/2025:22:12:36 -0400] "GET /Bow-Gloves-Fishing-Bracers-Slingshot/Archery-Gloves-581537/ HTTP/1.1" 404 1251 "-" "Mozilla/5.0 (Linux; Android 6.0.1; Nexus 5X Build/MMB29P) AppleWebKit/537.36 (KHTML, like Gecko) Chrome/134.0.6998.165 Mobile Safari/537.36 (compatible; Googlebot/2.1; +http://www.google.com/bot.html)"
66.249.68.128 - - [03/Apr/2025:22:15:43 -0400] "GET /Ferreting-Hunting-Farm-Brand-New-Lightweight/Other-Hunting-Accessories-509426/ HTTP/1.1" 404 1251 "-" "Mozilla/5.0 (Linux; Android 6.0.1; Nexus 5X Build/MMB29P) AppleWebKit/537.36 (KHTML, like Gecko) Chrome/134.0.6998.165 Mobile Safari/537.36 (compatible; Googlebot/2.1; +http://www.google.com/bot.html)"
66.249.68.129 - - [03/Apr/2025:22:20:58 -0400] "GET /Patronentasche-Kal-HSN/Other-Hunting-513173/ HTTP/1.1" 404 1251 "-" "Mozilla/5.0 (Linux; Android 6.0.1; Nexus 5X Build/MMB29P) AppleWebKit/537.36 (KHTML, like Gecko) Chrome/134.0.6998.165 Mobile Safari/537.36 (compatible; Googlebot/2.1; +http://www.google.com/bot.html)"
85.208.98.23 - - [03/Apr/2025:22:21:40 -0400] "GET /robots.txt HTTP/1.1" 404 1251 "-" "Mozilla/5.0 (compatible; SemrushBot-BA; +http://www.semrush.com/bot.html)"
61.130.144.178 - - [03/Apr/2025:22:24:50 -0400] "GET /public/static/common/images/file.png HTTP/1.1" 404 1251 "http://christianmantopoulos.com" "msnbot/1.0 (+http://search.msn.com/msnbot.htm\xa1\xb1)"
61.130.144.178 - - [03/Apr/2025:22:24:51 -0400] "GET /public/static/admin/images/ok.png HTTP/1.1" 404 1251 "http://christianmantopoulos.com" "Mozilla/5.0 (Linux;u;Android 4.2.2;zh-cn;)"
66.249.68.130 - - [03/Apr/2025:22:27:12 -0400] "GET /MUSKY-MAYHEM-TACKLE-DOUBLE/Spinners-&-Spinnerbaits-307305/ HTTP/1.1" 404 1251 "-" "Mozilla/5.0 (Linux; Android 6.0.1; Nexus 5X Build/MMB29P) AppleWebKit/537.36 (KHTML, like Gecko) Chrome/134.0.6998.165 Mobile Safari/537.36 (compatible; Googlebot/2.1; +http://www.google.com/bot.html)"
66.249.68.128 - - [03/Apr/2025:22:33:26 -0400] "GET /Urine-Device-J9U-Portable-Female-Women/Other-Camping-Hygiene-Accs-597493/ HTTP/1.1" 404 1251 "-" "Mozilla/5.0 (Linux; Android 6.0.1; Nexus 5X Build/MMB29P) AppleWebKit/537.36 (KHTML, like Gecko) Chrome/134.0.6998.165 Mobile Safari/537.36 (compatible; Googlebot/2.1; +http://www.google.com/bot.html)"
85.208.98.23 - - [03/Apr/2025:22:37:00 -0400] "GET /robots.txt HTTP/1.1" 404 1251 "-" "Mozilla/5.0 (compatible; SemrushBot-BA; +http://www.semrush.com/bot.html)"
66.249.68.129 - - [03/Apr/2025:22:39:39 -0400] "GET /Case-Gauge-Round-mm/Other-Hunting-Reloading-Equip-523579/ HTTP/1.1" 404 1251 "-" "Mozilla/5.0 (Linux; Android 6.0.1; Nexus 5X Build/MMB29P) AppleWebKit/537.36 (KHTML, like Gecko) Chrome/134.0.6998.165 Mobile Safari/537.36 (compatible; Googlebot/2.1; +http://www.google.com/bot.html)"
40.77.167.19 - - [03/Apr/2025:22:44:04 -0400] "GET /shop/expert.php HTTP/1.1" 404 1251 "-" "Mozilla/5.0 AppleWebKit/537.36 (KHTML, like Gecko; compatible; bingbot/2.0; +http://www.bing.com/bingbot.htm) Chrome/116.0.1938.76 Safari/537.36"
66.249.68.129 - - [03/Apr/2025:22:45:53 -0400] "GET /Magazine-Pouch-Tagua-Premium/Magazine-Pouches-500581/ HTTP/1.1" 404 1251 "-" "Mozilla/5.0 (Linux; Android 6.0.1; Nexus 5X Build/MMB29P) AppleWebKit/537.36 (KHTML, like Gecko) Chrome/134.0.6998.165 Mobile Safari/537.36 (compatible; Googlebot/2.1; +http://www.google.com/bot.html)"
52.167.144.198 - - [03/Apr/2025:22:49:34 -0400] "GET /magazine/pen.html HTTP/1.1" 404 1251 "-" "Mozilla/5.0 AppleWebKit/537.36 (KHTML, like Gecko; compatible; bingbot/2.0; +http://www.bing.com/bingbot.htm) Chrome/116.0.1938.76 Safari/537.36"
61.130.144.178 - - [03/Apr/2025:23:07:37 -0400] "GET /xmlrpc.php HTTP/1.1" 200 0 "http://christianmantopoulos.com" "Mozilla/5.0 (compatible; Googlebot/2.1; +http://www.google.com/bot.html)"
