13.229.78.155 - - [01/Apr/2025:23:15:36 -0400] "GET /tes/wp-admin/setup-config.php HTTP/1.1" 404 1251 "-" "Mozilla/5.0 (X11; Linux x86_64; rv:52.0) Gecko/20100101 Firefox/52.0"
13.229.78.155 - - [01/Apr/2025:23:15:43 -0400] "GET /test/wp-admin/install.php?step=1 HTTP/1.1" 404 1251 "-" "Mozilla/5.0 (X11; Linux x86_64; rv:52.0) Gecko/20100101 Firefox/52.0"
13.229.78.155 - - [01/Apr/2025:23:15:44 -0400] "GET /test/wp-admin/setup-config.php HTTP/1.1" 404 1251 "-" "Mozilla/5.0 (X11; Linux x86_64; rv:52.0) Gecko/20100101 Firefox/52.0"
13.229.78.155 - - [01/Apr/2025:23:15:46 -0400] "GET /web/wp-admin/install.php?step=1 HTTP/1.1" 404 1251 "-" "Mozilla/5.0 (X11; Linux x86_64; rv:52.0) Gecko/20100101 Firefox/52.0"
13.229.78.155 - - [01/Apr/2025:23:15:47 -0400] "GET /web/wp-admin/setup-config.php HTTP/1.1" 404 1251 "-" "Mozilla/5.0 (X11; Linux x86_64; rv:52.0) Gecko/20100101 Firefox/52.0"
13.229.78.155 - - [01/Apr/2025:23:15:48 -0400] "GET /cms/wp-admin/install.php?step=1 HTTP/1.1" 404 1251 "-" "Mozilla/5.0 (X11; Linux x86_64; rv:52.0) Gecko/20100101 Firefox/52.0"
13.229.78.155 - - [01/Apr/2025:23:15:49 -0400] "GET /cms/wp-admin/setup-config.php HTTP/1.1" 404 1251 "-" "Mozilla/5.0 (X11; Linux x86_64; rv:52.0) Gecko/20100101 Firefox/52.0"
198.54.114.83 - - [01/Apr/2025:23:15:51 -0400] "POST /wp-cron.php?doing_wp_cron=1743563750.6861178874969482421875 HTTP/1.1" 200 0 "-" "WordPress/6.7.2; https://christianmantopoulos.com"
13.229.78.155 - - [01/Apr/2025:23:15:50 -0400] "POST /wp-admin/admin-ajax.php HTTP/1.1" 400 21 "-" "Mozilla/5.0 (X11; Linux x86_64; rv:52.0) Gecko/20100101 Firefox/52.0"
13.229.78.155 - - [01/Apr/2025:23:15:52 -0400] "GET /wp-admin/ HTTP/1.1" 302 0 "-" "Mozilla/5.0 (X11; Linux x86_64; rv:52.0) Gecko/20100101 Firefox/52.0"
206.168.34.204 - - [01/Apr/2025:23:16:43 -0400] "GET / HTTP/1.1" 200 97713 "-" "Mozilla/5.0 (compatible; CensysInspect/1.1; +https://about.censys.io/)"
2602:80d:1000::5c - - [01/Apr/2025:23:17:03 -0400] "GET /favicon.ico HTTP/1.1" 404 1251 "-" "Mozilla/5.0 (compatible; CensysInspect/1.1; +https://about.censys.io/)"
2602:80d:1000::5c - - [01/Apr/2025:23:17:37 -0400] "GET /favicon.ico HTTP/1.1" 404 1251 "-" "Mozilla/5.0 (compatible; CensysInspect/1.1; +https://about.censys.io/)"
198.54.114.83 - - [01/Apr/2025:23:27:34 -0400] "POST /wp-cron.php?doing_wp_cron=1743564453.5386929512023925781250 HTTP/1.1" 200 0 "-" "WordPress/6.7.2; https://christianmantopoulos.com"
133.242.131.226 - - [01/Apr/2025:23:27:30 -0400] "POST /xmlrpc.php HTTP/1.1" 200 212 "http://christianmantopoulos.com" "Mozilla/5.0 (Windows NT 10.0; Win64; x64) AppleWebKit/537.36 (KHTML, like Gecko) Chrome/116.0.5845.96 Safari/537.36 Edg/116.0.1938.62"
66.249.72.202 - - [01/Apr/2025:23:38:30 -0400] "GET /for-Desk-Bed-or-Under-Table-PCS-Lbs/Holsters-486685/ HTTP/1.1" 404 1251 "-" "Mozilla/5.0 (Linux; Android 6.0.1; Nexus 5X Build/MMB29P) AppleWebKit/537.36 (KHTML, like Gecko) Chrome/134.0.6998.165 Mobile Safari/537.36 (compatible; Googlebot/2.1; +http://www.google.com/bot.html)"
66.249.72.203 - - [01/Apr/2025:23:39:04 -0400] "GET /Sign-MINT-ENAMEL-&034;-BY-&034;-GRUMMAN-LIFETIME/Canoes-790117/ HTTP/1.1" 404 1251 "-" "Mozilla/5.0 (Linux; Android 6.0.1; Nexus 5X Build/MMB29P) AppleWebKit/537.36 (KHTML, like Gecko) Chrome/134.0.6998.165 Mobile Safari/537.36 (compatible; Googlebot/2.1; +http://www.google.com/bot.html)"
157.230.237.134 - - [01/Apr/2025:23:41:52 -0400] "GET / HTTP/1.1" 200 97713 "-" "Mozilla/5.0 (Windows NT 10.0; Win64; x64) AppleWebKit/537.36 (KHTML, like Gecko) Chrome/80.0.3987.149 Safari/537.36"
157.230.237.134 - - [01/Apr/2025:23:41:52 -0400] "GET / HTTP/1.1" 200 97713 "-" "Mozilla/5.0 (Windows NT 10.0; Win64; x64) AppleWebKit/537.36 (KHTML, like Gecko) Chrome/80.0.3987.149 Safari/537.36"
157.230.237.134 - - [01/Apr/2025:23:41:53 -0400] "GET /wp-includes/wlwmanifest.xml HTTP/1.1" 404 1251 "-" "Mozilla/5.0 (Windows NT 10.0; Win64; x64) AppleWebKit/537.36 (KHTML, like Gecko) Chrome/80.0.3987.149 Safari/537.36"
198.54.114.83 - - [01/Apr/2025:23:41:59 -0400] "POST /wp-cron.php?doing_wp_cron=1743565318.5446460247039794921875 HTTP/1.1" 200 0 "-" "WordPress/6.7.2; https://christianmantopoulos.com"
157.230.237.134 - - [01/Apr/2025:23:41:54 -0400] "GET /xmlrpc.php?rsd HTTP/1.1" 200 315 "-" "Mozilla/5.0 (Windows NT 10.0; Win64; x64) AppleWebKit/537.36 (KHTML, like Gecko) Chrome/80.0.3987.149 Safari/537.36"
157.230.237.134 - - [01/Apr/2025:23:42:00 -0400] "GET /?author=1 HTTP/1.1" 200 97713 "-" "Mozilla/5.0 (Windows NT 10.0; Win64; x64) AppleWebKit/537.36 (KHTML, like Gecko) Chrome/80.0.3987.149 Safari/537.36"
157.230.237.134 - - [01/Apr/2025:23:42:00 -0400] "GET /?author=2 HTTP/1.1" 200 97713 "-" "Mozilla/5.0 (Windows NT 10.0; Win64; x64) AppleWebKit/537.36 (KHTML, like Gecko) Chrome/80.0.3987.149 Safari/537.36"
157.230.237.134 - - [01/Apr/2025:23:42:02 -0400] "GET /wp-json/wp/v2/users/ HTTP/1.1" 404 1251 "-" "Mozilla/5.0 (Windows NT 10.0; Win64; x64) AppleWebKit/537.36 (KHTML, like Gecko) Chrome/80.0.3987.149 Safari/537.36"
157.230.237.134 - - [01/Apr/2025:23:42:04 -0400] "GET /wp-json/oembed/1.0/embed?url=http://christianmantopoulos.com HTTP/1.1" 404 1251 "-" "Mozilla/5.0 (Windows NT 10.0; Win64; x64) AppleWebKit/537.36 (KHTML, like Gecko) Chrome/80.0.3987.149 Safari/537.36"
157.230.237.134 - - [01/Apr/2025:23:42:04 -0400] "POST /xmlrpc.php HTTP/1.1" 200 212 "-" "Mozilla/5.0 (Windows NT 10.0; Win64; x64) AppleWebKit/537.36 (KHTML, like Gecko) Chrome/80.0.3987.149 Safari/537.36"
157.230.237.134 - - [01/Apr/2025:23:42:05 -0400] "POST /xmlrpc.php HTTP/1.1" 200 236 "-" "Mozilla/5.0 (Windows NT 10.0; Win64; x64) AppleWebKit/537.36 (KHTML, like Gecko) Chrome/80.0.3987.149 Safari/537.36"
157.230.237.134 - - [01/Apr/2025:23:42:06 -0400] "POST /xmlrpc.php HTTP/1.1" 200 212 "-" "Mozilla/5.0 (Windows NT 10.0; Win64; x64) AppleWebKit/537.36 (KHTML, like Gecko) Chrome/80.0.3987.149 Safari/537.36"
157.230.237.134 - - [01/Apr/2025:23:42:06 -0400] "POST /xmlrpc.php HTTP/1.1" 200 236 "-" "Mozilla/5.0 (Windows NT 10.0; Win64; x64) AppleWebKit/537.36 (KHTML, like Gecko) Chrome/80.0.3987.149 Safari/537.36"
157.230.237.134 - - [01/Apr/2025:23:42:08 -0400] "POST /xmlrpc.php HTTP/1.1" 200 236 "-" "Mozilla/5.0 (Windows NT 10.0; Win64; x64) AppleWebKit/537.36 (KHTML, like Gecko) Chrome/80.0.3987.149 Safari/537.36"
157.230.237.134 - - [01/Apr/2025:23:42:08 -0400] "POST /xmlrpc.php HTTP/1.1" 200 236 "-" "Mozilla/5.0 (Windows NT 10.0; Win64; x64) AppleWebKit/537.36 (KHTML, like Gecko) Chrome/80.0.3987.149 Safari/537.36"
198.54.114.83 - - [01/Apr/2025:23:53:36 -0400] "POST /wp-cron.php?doing_wp_cron=1743566016.4659399986267089843750 HTTP/1.1" 200 0 "-" "WordPress/6.7.2; https://christianmantopoulos.com"
34.46.107.224 - - [01/Apr/2025:23:53:33 -0400] "POST /xmlrpc.php HTTP/1.1" 200 212 "http://christianmantopoulos.com" "Mozilla/5.0 (Macintosh; Intel Mac OS X 10.15; rv:126.0) Gecko/20100101 Firefox/126.0"
52.167.144.168 - - [01/Apr/2025:23:55:53 -0400] "GET /archives/52199 HTTP/1.1" 404 1251 "-" "Mozilla/5.0 AppleWebKit/537.36 (KHTML, like Gecko; compatible; bingbot/2.0; +http://www.bing.com/bingbot.htm) Chrome/116.0.1938.76 Safari/537.36"
18.209.160.95 - - [02/Apr/2025:00:00:52 -0400] "GET /robots.txt HTTP/1.1" 404 1251 "-" "Mozilla/5.0 (Macintosh; Intel Mac OS X 10_15_7) AppleWebKit/537.36 (KHTML, like Gecko) Chrome/108.0.0.0 Safari/537.36"
18.209.160.95 - - [02/Apr/2025:00:11:24 -0400] "GET / HTTP/1.1" 200 97713 "-" "Mozilla/5.0 (Macintosh; Intel Mac OS X 10_15_7) AppleWebKit/537.36 (KHTML, like Gecko) Chrome/108.0.0.0 Safari/537.36"
85.208.98.23 - - [02/Apr/2025:00:14:36 -0400] "GET /robots.txt HTTP/1.1" 404 1251 "-" "Mozilla/5.0 (compatible; SemrushBot-BA; +http://www.semrush.com/bot.html)"
198.54.114.83 - - [02/Apr/2025:00:19:16 -0400] "POST /wp-cron.php?doing_wp_cron=1743567556.5714008808135986328125 HTTP/1.1" 200 0 "-" "WordPress/6.7.2; https://christianmantopoulos.com"
34.93.16.66 - - [02/Apr/2025:00:19:13 -0400] "POST /xmlrpc.php HTTP/1.1" 200 212 "http://christianmantopoulos.com" "Mozilla/5.0 (Windows NT 10.0; Win64; x64; rv:129.0) Gecko/20100101 Firefox/129.0"
156.59.172.72 - - [02/Apr/2025:00:19:22 -0400] "GET / HTTP/1.1" 200 97713 "-" "Mozilla/5.0 (Windows NT 10.0; Win64; x64; rv:126.0) Gecko/20100101 Firefox/126.0"
85.208.98.23 - - [02/Apr/2025:00:20:48 -0400] "GET /robots.txt HTTP/1.1" 404 1251 "-" "Mozilla/5.0 (compatible; SemrushBot-BA; +http://www.semrush.com/bot.html)"
198.54.114.83 - - [02/Apr/2025:00:24:27 -0400] "POST /wp-cron.php?doing_wp_cron=1743567866.9223270416259765625000 HTTP/1.1" 200 0 "-" "WordPress/6.7.2; https://christianmantopoulos.com"
110.137.36.206 - - [02/Apr/2025:00:24:24 -0400] "POST /wp-login.php HTTP/1.1" 302 0 "http://christianmantopoulos.com/wp-admin/" "Mozilla/5.0 (Windows NT 10.0; Win64; x64) AppleWebKit/537.36 (KHTML, like Gecko) Chrome/90.0.4430.85 Safari/537.36"
112.192.190.167 - - [02/Apr/2025:00:49:21 -0400] "GET / HTTP/1.1" 200 97713 "-" "Mozilla/5.0 (Macintosh; Intel Mac OS X 10_15_2) AppleWebKit/537.36 (KHTML, like Gecko) Chrome/79.0.3945.88 Safari/537.36"
62.113.113.162 - - [02/Apr/2025:00:53:42 -0400] "GET /how-to-win-at-gas-station-slots/ HTTP/1.1" 404 1251 "http://christianmantopoulos.com/how-to-win-at-gas-station-slots/" "Mozilla/5.0 (Windows NT 10.0; Win64; x64) AppleWebKit/537.36 (KHTML, like Gecko) Chrome/131.0.0.0 Safari/537.36"
62.113.113.162 - - [02/Apr/2025:00:53:42 -0400] "GET / HTTP/1.1" 200 97713 "http://christianmantopoulos.com/" "Mozilla/5.0 (Windows NT 10.0; Win64; x64) AppleWebKit/537.36 (KHTML, like Gecko) Chrome/131.0.0.0 Safari/537.36"
165.154.227.116 - - [02/Apr/2025:00:58:51 -0400] "GET / HTTP/1.1" 200 97713 "-" "Embarcadero URI Client/1.0"
198.54.114.83 - - [02/Apr/2025:01:05:35 -0400] "POST /wp-cron.php?doing_wp_cron=1743570335.3505380153656005859375 HTTP/1.1" 200 0 "-" "WordPress/6.7.2; https://christianmantopoulos.com"
162.213.249.63 - - [02/Apr/2025:01:05:32 -0400] "POST /xmlrpc.php HTTP/1.1" 200 212 "http://christianmantopoulos.com" "Mozilla/5.0 (Macintosh; Intel Mac OS X 10.15; rv:126.0) Gecko/20100101 Firefox/126.0"
185.231.155.169 - - [02/Apr/2025:01:09:05 -0400] "GET /how-to-win-at-gas-station-slots/ HTTP/1.1" 404 1251 "http://christianmantopoulos.com/how-to-win-at-gas-station-slots/" "Mozilla/5.0 (Windows NT 10.0; Win64; x64) AppleWebKit/537.36 (KHTML, like Gecko) Chrome/130.0.0.0 Safari/537.36 CCleaner/130.0.0.0"
185.231.155.169 - - [02/Apr/2025:01:09:05 -0400] "GET / HTTP/1.1" 200 97713 "http://christianmantopoulos.com/" "Mozilla/5.0 (Windows NT 10.0; Win64; x64) AppleWebKit/537.36 (KHTML, like Gecko) Chrome/130.0.0.0 Safari/537.36 CCleaner/130.0.0.0"
198.54.114.83 - - [02/Apr/2025:01:31:01 -0400] "POST /wp-cron.php?doing_wp_cron=1743571860.6342740058898925781250 HTTP/1.1" 200 0 "-" "WordPress/6.7.2; https://christianmantopoulos.com"
52.117.30.9 - - [02/Apr/2025:01:30:57 -0400] "POST /xmlrpc.php HTTP/1.1" 200 212 "http://christianmantopoulos.com" "Mozilla/5.0 (Windows NT 10.0; Win64; x64; rv:125.0.1) Gecko/20100101 Firefox/125.0.1"
193.23.3.90 - - [02/Apr/2025:01:51:55 -0400] "GET /.env HTTP/1.1" 404 1251 "-" "python-requests/2.26.0"
193.23.3.90 - - [02/Apr/2025:01:51:56 -0400] "POST / HTTP/1.1" 200 97713 "-" "python-requests/2.26.0"
154.83.103.19 - - [02/Apr/2025:01:54:20 -0400] "GET /.git/HEAD HTTP/1.1" 403 1242 "-" "-"
154.83.103.19 - - [02/Apr/2025:01:54:23 -0400] "GET /server-info HTTP/1.1" 404 1251 "-" "Mozilla/5.0 (Windows NT 10.0; Win64; x64) AppleWebKit/537.36 (KHTML, like Gecko) Chrome/91.0.4472.124 Safari/537.36"
154.83.103.19 - - [02/Apr/2025:01:54:24 -0400] "GET /.htaccess HTTP/1.1" 403 1242 "-" "Mozilla/5.0 (Windows NT 10.0; Win64; x64) AppleWebKit/537.36 (KHTML, like Gecko) Chrome/91.0.4472.124 Safari/537.36"
154.83.103.19 - - [02/Apr/2025:01:54:26 -0400] "GET /.htpasswd HTTP/1.1" 403 1242 "-" "Mozilla/5.0 (Windows NT 10.0; Win64; x64) AppleWebKit/537.36 (KHTML, like Gecko) Chrome/91.0.4472.124 Safari/537.36"
154.83.103.19 - - [02/Apr/2025:01:54:26 -0400] "GET /backup/.htpasswd HTTP/1.1" 403 1242 "-" "Mozilla/5.0 (Windows NT 10.0; Win64; x64) AppleWebKit/537.36 (KHTML, like Gecko) Chrome/91.0.4472.124 Safari/537.36"
154.83.103.19 - - [02/Apr/2025:01:54:27 -0400] "GET /backup/.htaccess HTTP/1.1" 403 1242 "-" "Mozilla/5.0 (Windows NT 10.0; Win64; x64) AppleWebKit/537.36 (KHTML, like Gecko) Chrome/91.0.4472.124 Safari/537.36"
154.83.103.19 - - [02/Apr/2025:01:54:30 -0400] "GET /old/.htaccess HTTP/1.1" 403 1242 "-" "Mozilla/5.0 (Windows NT 10.0; Win64; x64) AppleWebKit/537.36 (KHTML, like Gecko) Chrome/91.0.4472.124 Safari/537.36"
154.83.103.19 - - [02/Apr/2025:01:54:31 -0400] "GET /logs/access.log HTTP/1.1" 404 1251 "-" "Mozilla/5.0 (Windows NT 10.0; Win64; x64) AppleWebKit/537.36 (KHTML, like Gecko) Chrome/91.0.4472.124 Safari/537.36"
154.83.103.19 - - [02/Apr/2025:01:54:31 -0400] "GET /logs/error.log HTTP/1.1" 404 1251 "-" "Mozilla/5.0 (Windows NT 10.0; Win64; x64) AppleWebKit/537.36 (KHTML, like Gecko) Chrome/91.0.4472.124 Safari/537.36"
154.83.103.19 - - [02/Apr/2025:01:54:32 -0400] "GET /conf/httpd.conf HTTP/1.1" 404 1251 "-" "Mozilla/5.0 (Windows NT 10.0; Win64; x64) AppleWebKit/537.36 (KHTML, like Gecko) Chrome/91.0.4472.124 Safari/537.36"
154.83.103.19 - - [02/Apr/2025:01:54:32 -0400] "GET /conf/apache2.conf HTTP/1.1" 404 1251 "-" "Mozilla/5.0 (Windows NT 10.0; Win64; x64) AppleWebKit/537.36 (KHTML, like Gecko) Chrome/91.0.4472.124 Safari/537.36"
154.83.103.19 - - [02/Apr/2025:01:54:32 -0400] "GET /.env HTTP/1.1" 404 1251 "-" "Mozilla/5.0 (Windows NT 10.0; Win64; x64) AppleWebKit/537.36 (KHTML, like Gecko) Chrome/91.0.4472.124 Safari/537.36"
154.83.103.19 - - [02/Apr/2025:01:54:33 -0400] "GET /.env.example HTTP/1.1" 404 1251 "-" "Mozilla/5.0 (Windows NT 10.0; Win64; x64) AppleWebKit/537.36 (KHTML, like Gecko) Chrome/91.0.4472.124 Safari/537.36"
154.83.103.19 - - [02/Apr/2025:01:54:33 -0400] "GET /storage/logs/laravel.log HTTP/1.1" 404 1251 "-" "Mozilla/5.0 (Windows NT 10.0; Win64; x64) AppleWebKit/537.36 (KHTML, like Gecko) Chrome/91.0.4472.124 Safari/537.36"
154.83.103.19 - - [02/Apr/2025:01:54:33 -0400] "GET /bootstrap/cache/config.php HTTP/1.1" 404 1251 "-" "Mozilla/5.0 (Windows NT 10.0; Win64; x64) AppleWebKit/537.36 (KHTML, like Gecko) Chrome/91.0.4472.124 Safari/537.36"
154.83.103.19 - - [02/Apr/2025:01:54:34 -0400] "GET /bootstrap/cache/routes.php HTTP/1.1" 404 1251 "-" "Mozilla/5.0 (Windows NT 10.0; Win64; x64) AppleWebKit/537.36 (KHTML, like Gecko) Chrome/91.0.4472.124 Safari/537.36"
154.83.103.19 - - [02/Apr/2025:01:54:34 -0400] "GET /public/storage/ HTTP/1.1" 404 1251 "-" "Mozilla/5.0 (Windows NT 10.0; Win64; x64) AppleWebKit/537.36 (KHTML, like Gecko) Chrome/91.0.4472.124 Safari/537.36"
154.83.103.19 - - [02/Apr/2025:01:54:35 -0400] "GET /config/app.php HTTP/1.1" 404 1251 "-" "Mozilla/5.0 (Windows NT 10.0; Win64; x64) AppleWebKit/537.36 (KHTML, like Gecko) Chrome/91.0.4472.124 Safari/537.36"
154.83.103.19 - - [02/Apr/2025:01:54:35 -0400] "GET /config/database.php HTTP/1.1" 404 1251 "-" "Mozilla/5.0 (Windows NT 10.0; Win64; x64) AppleWebKit/537.36 (KHTML, like Gecko) Chrome/91.0.4472.124 Safari/537.36"
154.83.103.19 - - [02/Apr/2025:01:54:35 -0400] "GET /routes/web.php HTTP/1.1" 404 1251 "-" "Mozilla/5.0 (Windows NT 10.0; Win64; x64) AppleWebKit/537.36 (KHTML, like Gecko) Chrome/91.0.4472.124 Safari/537.36"
154.83.103.19 - - [02/Apr/2025:01:54:35 -0400] "GET /routes/api.php HTTP/1.1" 404 1251 "-" "Mozilla/5.0 (Windows NT 10.0; Win64; x64) AppleWebKit/537.36 (KHTML, like Gecko) Chrome/91.0.4472.124 Safari/537.36"
154.83.103.19 - - [02/Apr/2025:01:54:36 -0400] "GET /.svn/ HTTP/1.1" 403 1242 "-" "Mozilla/5.0 (Windows NT 10.0; Win64; x64) AppleWebKit/537.36 (KHTML, like Gecko) Chrome/91.0.4472.124 Safari/537.36"
154.83.103.19 - - [02/Apr/2025:01:54:36 -0400] "GET /.svn/wc.db HTTP/1.1" 403 1242 "-" "Mozilla/5.0 (Windows NT 10.0; Win64; x64) AppleWebKit/537.36 (KHTML, like Gecko) Chrome/91.0.4472.124 Safari/537.36"
154.83.103.19 - - [02/Apr/2025:01:54:36 -0400] "GET /.svn/entries HTTP/1.1" 403 1242 "-" "Mozilla/5.0 (Windows NT 10.0; Win64; x64) AppleWebKit/537.36 (KHTML, like Gecko) Chrome/91.0.4472.124 Safari/537.36"
154.83.103.19 - - [02/Apr/2025:01:54:37 -0400] "GET /.svn/all-wcprops HTTP/1.1" 403 1242 "-" "Mozilla/5.0 (Windows NT 10.0; Win64; x64) AppleWebKit/537.36 (KHTML, like Gecko) Chrome/91.0.4472.124 Safari/537.36"
154.83.103.19 - - [02/Apr/2025:01:54:37 -0400] "GET /.svn/pristine/ HTTP/1.1" 403 1242 "-" "Mozilla/5.0 (Windows NT 10.0; Win64; x64) AppleWebKit/537.36 (KHTML, like Gecko) Chrome/91.0.4472.124 Safari/537.36"
154.83.103.19 - - [02/Apr/2025:01:54:37 -0400] "GET /.svn/text-base/ HTTP/1.1" 403 1242 "-" "Mozilla/5.0 (Windows NT 10.0; Win64; x64) AppleWebKit/537.36 (KHTML, like Gecko) Chrome/91.0.4472.124 Safari/537.36"
154.83.103.19 - - [02/Apr/2025:01:54:37 -0400] "GET /.svn/tmp/ HTTP/1.1" 403 1242 "-" "Mozilla/5.0 (Windows NT 10.0; Win64; x64) AppleWebKit/537.36 (KHTML, like Gecko) Chrome/91.0.4472.124 Safari/537.36"
154.83.103.19 - - [02/Apr/2025:01:54:38 -0400] "GET /.svn/log HTTP/1.1" 403 1242 "-" "Mozilla/5.0 (Windows NT 10.0; Win64; x64) AppleWebKit/537.36 (KHTML, like Gecko) Chrome/91.0.4472.124 Safari/537.36"
154.83.103.19 - - [02/Apr/2025:01:54:38 -0400] "GET /.svn/format HTTP/1.1" 403 1242 "-" "Mozilla/5.0 (Windows NT 10.0; Win64; x64) AppleWebKit/537.36 (KHTML, like Gecko) Chrome/91.0.4472.124 Safari/537.36"
154.83.103.19 - - [02/Apr/2025:01:54:39 -0400] "GET /.svn/auth/ HTTP/1.1" 403 1242 "-" "Mozilla/5.0 (Windows NT 10.0; Win64; x64) AppleWebKit/537.36 (KHTML, like Gecko) Chrome/91.0.4472.124 Safari/537.36"
154.83.103.19 - - [02/Apr/2025:01:54:39 -0400] "GET /.env HTTP/1.1" 404 1251 "-" "Mozilla/5.0 (Windows NT 10.0; Win64; x64) AppleWebKit/537.36 (KHTML, like Gecko) Chrome/91.0.4472.124 Safari/537.36"
154.83.103.19 - - [02/Apr/2025:01:54:40 -0400] "GET /.env.local HTTP/1.1" 404 1251 "-" "Mozilla/5.0 (Windows NT 10.0; Win64; x64) AppleWebKit/537.36 (KHTML, like Gecko) Chrome/91.0.4472.124 Safari/537.36"
154.83.103.19 - - [02/Apr/2025:01:54:40 -0400] "GET /.env.production HTTP/1.1" 404 1251 "-" "Mozilla/5.0 (Windows NT 10.0; Win64; x64) AppleWebKit/537.36 (KHTML, like Gecko) Chrome/91.0.4472.124 Safari/537.36"
154.83.103.19 - - [02/Apr/2025:01:54:41 -0400] "GET /.env.development HTTP/1.1" 404 1251 "-" "Mozilla/5.0 (Windows NT 10.0; Win64; x64) AppleWebKit/537.36 (KHTML, like Gecko) Chrome/91.0.4472.124 Safari/537.36"
154.83.103.19 - - [02/Apr/2025:01:54:41 -0400] "GET /.env.testing HTTP/1.1" 404 1251 "-" "Mozilla/5.0 (Windows NT 10.0; Win64; x64) AppleWebKit/537.36 (KHTML, like Gecko) Chrome/91.0.4472.124 Safari/537.36"
154.83.103.19 - - [02/Apr/2025:01:54:41 -0400] "GET /.env.staging HTTP/1.1" 404 1251 "-" "Mozilla/5.0 (Windows NT 10.0; Win64; x64) AppleWebKit/537.36 (KHTML, like Gecko) Chrome/91.0.4472.124 Safari/537.36"
154.83.103.19 - - [02/Apr/2025:01:54:42 -0400] "GET /.env.backup HTTP/1.1" 404 1251 "-" "Mozilla/5.0 (Windows NT 10.0; Win64; x64) AppleWebKit/537.36 (KHTML, like Gecko) Chrome/91.0.4472.124 Safari/537.36"
154.83.103.19 - - [02/Apr/2025:01:54:42 -0400] "GET /config/.env HTTP/1.1" 404 1251 "-" "Mozilla/5.0 (Windows NT 10.0; Win64; x64) AppleWebKit/537.36 (KHTML, like Gecko) Chrome/91.0.4472.124 Safari/537.36"
154.83.103.19 - - [02/Apr/2025:01:54:42 -0400] "GET /var/www/.env HTTP/1.1" 404 1251 "-" "Mozilla/5.0 (Windows NT 10.0; Win64; x64) AppleWebKit/537.36 (KHTML, like Gecko) Chrome/91.0.4472.124 Safari/537.36"
154.83.103.19 - - [02/Apr/2025:01:54:43 -0400] "GET /backup/.env HTTP/1.1" 404 1251 "-" "Mozilla/5.0 (Windows NT 10.0; Win64; x64) AppleWebKit/537.36 (KHTML, like Gecko) Chrome/91.0.4472.124 Safari/537.36"
154.83.103.19 - - [02/Apr/2025:01:54:43 -0400] "GET /.git/ HTTP/1.1" 403 1242 "-" "Mozilla/5.0 (Windows NT 10.0; Win64; x64) AppleWebKit/537.36 (KHTML, like Gecko) Chrome/91.0.4472.124 Safari/537.36"
154.83.103.19 - - [02/Apr/2025:01:54:45 -0400] "GET /.git/config HTTP/1.1" 403 1242 "-" "Mozilla/5.0 (Windows NT 10.0; Win64; x64) AppleWebKit/537.36 (KHTML, like Gecko) Chrome/91.0.4472.124 Safari/537.36"
154.83.103.19 - - [02/Apr/2025:01:54:46 -0400] "GET /.git/index HTTP/1.1" 403 1242 "-" "Mozilla/5.0 (Windows NT 10.0; Win64; x64) AppleWebKit/537.36 (KHTML, like Gecko) Chrome/91.0.4472.124 Safari/537.36"
154.83.103.19 - - [02/Apr/2025:01:54:46 -0400] "GET /.git/HEAD HTTP/1.1" 403 1242 "-" "Mozilla/5.0 (Windows NT 10.0; Win64; x64) AppleWebKit/537.36 (KHTML, like Gecko) Chrome/91.0.4472.124 Safari/537.36"
154.83.103.19 - - [02/Apr/2025:01:54:46 -0400] "GET /.git/logs/HEAD HTTP/1.1" 403 1242 "-" "Mozilla/5.0 (Windows NT 10.0; Win64; x64) AppleWebKit/537.36 (KHTML, like Gecko) Chrome/91.0.4472.124 Safari/537.36"
154.83.103.19 - - [02/Apr/2025:01:54:47 -0400] "GET /.git/objects/ HTTP/1.1" 403 1242 "-" "Mozilla/5.0 (Windows NT 10.0; Win64; x64) AppleWebKit/537.36 (KHTML, like Gecko) Chrome/91.0.4472.124 Safari/537.36"
154.83.103.19 - - [02/Apr/2025:01:54:48 -0400] "GET /.git/refs/ HTTP/1.1" 403 1242 "-" "Mozilla/5.0 (Windows NT 10.0; Win64; x64) AppleWebKit/537.36 (KHTML, like Gecko) Chrome/91.0.4472.124 Safari/537.36"
154.83.103.19 - - [02/Apr/2025:01:54:49 -0400] "GET /.git/hooks/ HTTP/1.1" 403 1242 "-" "Mozilla/5.0 (Windows NT 10.0; Win64; x64) AppleWebKit/537.36 (KHTML, like Gecko) Chrome/91.0.4472.124 Safari/537.36"
154.83.103.19 - - [02/Apr/2025:01:54:49 -0400] "GET /.git/info/exclude HTTP/1.1" 403 1242 "-" "Mozilla/5.0 (Windows NT 10.0; Win64; x64) AppleWebKit/537.36 (KHTML, like Gecko) Chrome/91.0.4472.124 Safari/537.36"
154.83.103.19 - - [02/Apr/2025:01:54:49 -0400] "GET /.gitignore HTTP/1.1" 404 1251 "-" "Mozilla/5.0 (Windows NT 10.0; Win64; x64) AppleWebKit/537.36 (KHTML, like Gecko) Chrome/91.0.4472.124 Safari/537.36"
154.83.103.19 - - [02/Apr/2025:01:54:51 -0400] "GET /.aws/credentials HTTP/1.1" 404 1251 "-" "Mozilla/5.0 (Windows NT 10.0; Win64; x64) AppleWebKit/537.36 (KHTML, like Gecko) Chrome/91.0.4472.124 Safari/537.36"
154.83.103.19 - - [02/Apr/2025:01:54:51 -0400] "GET /.aws/config HTTP/1.1" 404 1251 "-" "Mozilla/5.0 (Windows NT 10.0; Win64; x64) AppleWebKit/537.36 (KHTML, like Gecko) Chrome/91.0.4472.124 Safari/537.36"
154.83.103.19 - - [02/Apr/2025:01:54:52 -0400] "GET /backup/aws_keys.txt HTTP/1.1" 404 1251 "-" "Mozilla/5.0 (Windows NT 10.0; Win64; x64) AppleWebKit/537.36 (KHTML, like Gecko) Chrome/91.0.4472.124 Safari/537.36"
154.83.103.19 - - [02/Apr/2025:01:54:52 -0400] "GET /config/aws_keys.json HTTP/1.1" 404 1251 "-" "Mozilla/5.0 (Windows NT 10.0; Win64; x64) AppleWebKit/537.36 (KHTML, like Gecko) Chrome/91.0.4472.124 Safari/537.36"
154.83.103.19 - - [02/Apr/2025:01:54:52 -0400] "GET /var/www/aws_credentials HTTP/1.1" 404 1251 "-" "Mozilla/5.0 (Windows NT 10.0; Win64; x64) AppleWebKit/537.36 (KHTML, like Gecko) Chrome/91.0.4472.124 Safari/537.36"
154.83.103.19 - - [02/Apr/2025:01:54:53 -0400] "GET /s3_backup/ HTTP/1.1" 404 1251 "-" "Mozilla/5.0 (Windows NT 10.0; Win64; x64) AppleWebKit/537.36 (KHTML, like Gecko) Chrome/91.0.4472.124 Safari/537.36"
154.83.103.19 - - [02/Apr/2025:01:54:53 -0400] "GET /s3_config.json HTTP/1.1" 404 1251 "-" "Mozilla/5.0 (Windows NT 10.0; Win64; x64) AppleWebKit/537.36 (KHTML, like Gecko) Chrome/91.0.4472.124 Safari/537.36"
154.83.103.19 - - [02/Apr/2025:01:54:54 -0400] "GET /s3_private/ HTTP/1.1" 404 1251 "-" "Mozilla/5.0 (Windows NT 10.0; Win64; x64) AppleWebKit/537.36 (KHTML, like Gecko) Chrome/91.0.4472.124 Safari/537.36"
154.83.103.19 - - [02/Apr/2025:01:54:55 -0400] "GET /logs/s3_access.log HTTP/1.1" 404 1251 "-" "Mozilla/5.0 (Windows NT 10.0; Win64; x64) AppleWebKit/537.36 (KHTML, like Gecko) Chrome/91.0.4472.124 Safari/537.36"
154.83.103.19 - - [02/Apr/2025:01:54:55 -0400] "GET /old/aws_config HTTP/1.1" 404 1251 "-" "Mozilla/5.0 (Windows NT 10.0; Win64; x64) AppleWebKit/537.36 (KHTML, like Gecko) Chrome/91.0.4472.124 Safari/537.36"
154.83.103.19 - - [02/Apr/2025:01:54:56 -0400] "GET /phpinfo.php HTTP/1.1" 404 1251 "-" "Mozilla/5.0 (Windows NT 10.0; Win64; x64) AppleWebKit/537.36 (KHTML, like Gecko) Chrome/91.0.4472.124 Safari/537.36"
154.83.103.19 - - [02/Apr/2025:01:54:57 -0400] "GET /web.config HTTP/1.1" 404 1251 "-" "Mozilla/5.0 (Windows NT 10.0; Win64; x64) AppleWebKit/537.36 (KHTML, like Gecko) Chrome/91.0.4472.124 Safari/537.36"
154.83.103.19 - - [02/Apr/2025:01:54:58 -0400] "GET /config/database.yml HTTP/1.1" 404 1251 "-" "Mozilla/5.0 (Windows NT 10.0; Win64; x64) AppleWebKit/537.36 (KHTML, like Gecko) Chrome/91.0.4472.124 Safari/537.36"
154.83.103.19 - - [02/Apr/2025:01:54:58 -0400] "GET /config/secrets.yml HTTP/1.1" 404 1251 "-" "Mozilla/5.0 (Windows NT 10.0; Win64; x64) AppleWebKit/537.36 (KHTML, like Gecko) Chrome/91.0.4472.124 Safari/537.36"
154.83.103.19 - - [02/Apr/2025:01:54:59 -0400] "GET /backup/database.sql HTTP/1.1" 404 1251 "-" "Mozilla/5.0 (Windows NT 10.0; Win64; x64) AppleWebKit/537.36 (KHTML, like Gecko) Chrome/91.0.4472.124 Safari/537.36"
154.83.103.19 - - [02/Apr/2025:01:55:00 -0400] "GET /logs/debug.log HTTP/1.1" 404 1251 "-" "Mozilla/5.0 (Windows NT 10.0; Win64; x64) AppleWebKit/537.36 (KHTML, like Gecko) Chrome/91.0.4472.124 Safari/537.36"
154.83.103.19 - - [02/Apr/2025:01:55:01 -0400] "GET /logs/system.log HTTP/1.1" 404 1251 "-" "Mozilla/5.0 (Windows NT 10.0; Win64; x64) AppleWebKit/537.36 (KHTML, like Gecko) Chrome/91.0.4472.124 Safari/537.36"
154.83.103.19 - - [02/Apr/2025:01:55:02 -0400] "GET /logs/application.log HTTP/1.1" 404 1251 "-" "Mozilla/5.0 (Windows NT 10.0; Win64; x64) AppleWebKit/537.36 (KHTML, like Gecko) Chrome/91.0.4472.124 Safari/537.36"
154.83.103.19 - - [02/Apr/2025:01:55:05 -0400] "GET /var/log/syslog HTTP/1.1" 404 1251 "-" "Mozilla/5.0 (Windows NT 10.0; Win64; x64) AppleWebKit/537.36 (KHTML, like Gecko) Chrome/91.0.4472.124 Safari/537.36"
154.83.103.19 - - [02/Apr/2025:01:55:06 -0400] "GET /var/log/auth.log HTTP/1.1" 404 1251 "-" "Mozilla/5.0 (Windows NT 10.0; Win64; x64) AppleWebKit/537.36 (KHTML, like Gecko) Chrome/91.0.4472.124 Safari/537.36"
154.83.103.19 - - [02/Apr/2025:01:55:09 -0400] "GET /config.php HTTP/1.1" 404 1251 "-" "Mozilla/5.0 (Windows NT 10.0; Win64; x64) AppleWebKit/537.36 (KHTML, like Gecko) Chrome/91.0.4472.124 Safari/537.36"
154.83.103.19 - - [02/Apr/2025:01:55:11 -0400] "GET /database.sql HTTP/1.1" 404 1251 "-" "Mozilla/5.0 (Windows NT 10.0; Win64; x64) AppleWebKit/537.36 (KHTML, like Gecko) Chrome/91.0.4472.124 Safari/537.36"
154.83.103.19 - - [02/Apr/2025:01:55:13 -0400] "GET /dump.sql HTTP/1.1" 404 1251 "-" "Mozilla/5.0 (Windows NT 10.0; Win64; x64) AppleWebKit/537.36 (KHTML, like Gecko) Chrome/91.0.4472.124 Safari/537.36"
154.83.103.19 - - [02/Apr/2025:01:55:14 -0400] "GET /admin/config.php HTTP/1.1" 404 1251 "-" "Mozilla/5.0 (Windows NT 10.0; Win64; x64) AppleWebKit/537.36 (KHTML, like Gecko) Chrome/91.0.4472.124 Safari/537.36"
154.83.103.19 - - [02/Apr/2025:01:55:15 -0400] "GET /backup.tar.gz HTTP/1.1" 404 1251 "-" "Mozilla/5.0 (Windows NT 10.0; Win64; x64) AppleWebKit/537.36 (KHTML, like Gecko) Chrome/91.0.4472.124 Safari/537.36"
154.83.103.19 - - [02/Apr/2025:01:55:16 -0400] "GET /backup.zip HTTP/1.1" 404 1251 "-" "Mozilla/5.0 (Windows NT 10.0; Win64; x64) AppleWebKit/537.36 (KHTML, like Gecko) Chrome/91.0.4472.124 Safari/537.36"
154.83.103.19 - - [02/Apr/2025:01:55:17 -0400] "GET /backup.sql HTTP/1.1" 404 1251 "-" "Mozilla/5.0 (Windows NT 10.0; Win64; x64) AppleWebKit/537.36 (KHTML, like Gecko) Chrome/91.0.4472.124 Safari/537.36"
154.83.103.19 - - [02/Apr/2025:01:55:18 -0400] "GET /logs/errors.log HTTP/1.1" 404 1251 "-" "Mozilla/5.0 (Windows NT 10.0; Win64; x64) AppleWebKit/537.36 (KHTML, like Gecko) Chrome/91.0.4472.124 Safari/537.36"
154.83.103.19 - - [02/Apr/2025:01:55:18 -0400] "GET /debug.log HTTP/1.1" 404 1251 "-" "Mozilla/5.0 (Windows NT 10.0; Win64; x64) AppleWebKit/537.36 (KHTML, like Gecko) Chrome/91.0.4472.124 Safari/537.36"
84.54.44.204 - - [02/Apr/2025:01:56:27 -0400] "GET /how-to-win-at-gas-station-slots/ HTTP/1.1" 404 1251 "http://christianmantopoulos.com/how-to-win-at-gas-station-slots/" "Mozilla/5.0 (Windows NT 10.0; Win64; x64) AppleWebKit/537.36 (KHTML, like Gecko) Chrome/130.0.0.0 Safari/537.36"
84.54.44.204 - - [02/Apr/2025:01:56:28 -0400] "GET / HTTP/1.1" 200 97713 "http://christianmantopoulos.com/" "Mozilla/5.0 (Windows NT 10.0; Win64; x64) AppleWebKit/537.36 (KHTML, like Gecko) Chrome/130.0.0.0 Safari/537.36"
198.54.114.83 - - [02/Apr/2025:01:56:28 -0400] "POST /wp-cron.php?doing_wp_cron=1743573388.6054799556732177734375 HTTP/1.1" 200 0 "-" "WordPress/6.7.2; https://christianmantopoulos.com"
113.36.242.229 - - [02/Apr/2025:01:56:28 -0400] "POST /xmlrpc.php HTTP/1.1" 200 212 "http://christianmantopoulos.com" "Mozilla/5.0 (Windows NT 11.0; Win64; x64) AppleWebKit/537.36 (KHTML, like Gecko) Chrome/126.0.0.0 Safari/537.36"
138.197.150.159 - - [02/Apr/2025:01:57:13 -0400] "GET / HTTP/1.1" 200 97713 "-" "Mozilla/5.0 (compatible)"
138.197.150.159 - - [02/Apr/2025:01:57:13 -0400] "GET /ads.txt HTTP/1.1" 404 1251 "-" "Mozilla/5.0 (compatible)"
198.54.114.83 - - [02/Apr/2025:02:22:11 -0400] "POST /wp-cron.php?doing_wp_cron=1743574931.0740299224853515625000 HTTP/1.1" 200 0 "-" "WordPress/6.7.2; https://christianmantopoulos.com"
162.213.251.71 - - [02/Apr/2025:02:22:08 -0400] "POST /xmlrpc.php HTTP/1.1" 200 212 "http://christianmantopoulos.com" "Mozilla/5.0 (Windows NT 10.0; Win64; x64; rv:125.0.1) Gecko/20100101 Firefox/125.0.1"
66.249.72.192 - - [02/Apr/2025:02:32:30 -0400] "GET /robots.txt HTTP/1.1" 404 1251 "-" "Mozilla/5.0 (compatible; Googlebot/2.1; +http://www.google.com/bot.html)"
66.249.72.192 - - [02/Apr/2025:02:32:30 -0400] "GET /Cycling-Short-Pants-Amid-Men-Bicycle/Shorts-222678/ HTTP/1.1" 404 1251 "-" "Mozilla/5.0 (Linux; Android 6.0.1; Nexus 5X Build/MMB29P) AppleWebKit/537.36 (KHTML, like Gecko) Chrome/134.0.6998.165 Mobile Safari/537.36 (compatible; GoogleOther)"
40.77.167.41 - - [02/Apr/2025:02:38:37 -0400] "GET /service/kanri.html HTTP/1.1" 404 1251 "-" "Mozilla/5.0 AppleWebKit/537.36 (KHTML, like Gecko; compatible; bingbot/2.0; +http://www.bing.com/bingbot.htm) Chrome/116.0.1938.76 Safari/537.36"
66.249.72.204 - - [02/Apr/2025:02:40:00 -0400] "GET /Skates-Shoes-Size-Women-Men/Men-700276/ HTTP/1.1" 404 1251 "-" "Mozilla/5.0 (Linux; Android 6.0.1; Nexus 5X Build/MMB29P) AppleWebKit/537.36 (KHTML, like Gecko) Chrome/134.0.6998.165 Mobile Safari/537.36 (compatible; Googlebot/2.1; +http://www.google.com/bot.html)"
66.249.72.203 - - [02/Apr/2025:02:43:45 -0400] "GET /Skates-Shoes-Size-Women-Men/Men-700276/ HTTP/1.1" 404 1251 "-" "Mozilla/5.0 (Linux; Android 6.0.1; Nexus 5X Build/MMB29P) AppleWebKit/537.36 (KHTML, like Gecko) Chrome/134.0.6998.165 Mobile Safari/537.36 (compatible; GoogleOther)"
198.54.114.83 - - [02/Apr/2025:02:46:27 -0400] "POST /wp-cron.php?doing_wp_cron=1743576387.3228409290313720703125 HTTP/1.1" 200 0 "-" "WordPress/6.7.2; https://christianmantopoulos.com"
66.29.132.86 - - [02/Apr/2025:02:46:24 -0400] "POST /xmlrpc.php HTTP/1.1" 200 212 "http://christianmantopoulos.com" "Mozilla/5.0 (Windows NT 10.0; Win64; x64; rv:127.0) Gecko/20100101 Firefox/127.0"
66.249.72.204 - - [02/Apr/2025:02:47:29 -0400] "GET /Mold-RDP-Works-&034;-GRUB/Tackle-Craft-310676/ HTTP/1.1" 404 1251 "-" "Mozilla/5.0 (Linux; Android 6.0.1; Nexus 5X Build/MMB29P) AppleWebKit/537.36 (KHTML, like Gecko) Chrome/134.0.6998.165 Mobile Safari/537.36 (compatible; Googlebot/2.1; +http://www.google.com/bot.html)"
66.249.72.203 - - [02/Apr/2025:02:51:14 -0400] "GET /Cycling-Short-Pants-Amid-Men-Bicycle/Shorts-222678/ HTTP/1.1" 404 1251 "-" "Mozilla/5.0 (Linux; Android 6.0.1; Nexus 5X Build/MMB29P) AppleWebKit/537.36 (KHTML, like Gecko) Chrome/134.0.6998.165 Mobile Safari/537.36 (compatible; Googlebot/2.1; +http://www.google.com/bot.html)"
198.54.114.83 - - [02/Apr/2025:02:51:28 -0400] "POST /wp-cron.php?doing_wp_cron=1743576688.4758169651031494140625 HTTP/1.1" 200 0 "-" "WordPress/6.7.2; https://christianmantopoulos.com"
182.43.70.186 - - [02/Apr/2025:02:51:26 -0400] "GET /wp-login.php HTTP/1.1" 302 0 "-" "Apache-HttpClient/4.5.2 (Java/1.8.0_151)"
182.43.70.186 - - [02/Apr/2025:02:51:31 -0400] "GET /?author=1 HTTP/1.1" 200 97713 "-" "Apache-HttpClient/4.5.2 (Java/1.8.0_151)"
182.43.70.186 - - [02/Apr/2025:02:51:31 -0400] "GET /?author=2 HTTP/1.1" 200 97713 "-" "Apache-HttpClient/4.5.2 (Java/1.8.0_151)"
182.43.70.186 - - [02/Apr/2025:02:51:32 -0400] "GET /?author=3 HTTP/1.1" 200 97713 "-" "Apache-HttpClient/4.5.2 (Java/1.8.0_151)"
182.43.70.186 - - [02/Apr/2025:02:51:33 -0400] "GET /?author=4 HTTP/1.1" 200 97713 "-" "Apache-HttpClient/4.5.2 (Java/1.8.0_151)"
182.43.70.186 - - [02/Apr/2025:02:51:33 -0400] "GET /?author=5 HTTP/1.1" 200 97713 "-" "Apache-HttpClient/4.5.2 (Java/1.8.0_151)"
182.43.70.186 - - [02/Apr/2025:02:51:34 -0400] "GET /?author=6 HTTP/1.1" 200 97713 "-" "Apache-HttpClient/4.5.2 (Java/1.8.0_151)"
182.43.70.186 - - [02/Apr/2025:02:51:34 -0400] "GET /?author=7 HTTP/1.1" 200 97713 "-" "Apache-HttpClient/4.5.2 (Java/1.8.0_151)"
182.43.70.186 - - [02/Apr/2025:02:51:35 -0400] "GET /?author=8 HTTP/1.1" 200 97713 "-" "Apache-HttpClient/4.5.2 (Java/1.8.0_151)"
182.43.70.186 - - [02/Apr/2025:02:51:36 -0400] "GET /?author=9 HTTP/1.1" 200 97713 "-" "Apache-HttpClient/4.5.2 (Java/1.8.0_151)"
182.43.70.186 - - [02/Apr/2025:02:51:36 -0400] "GET /?author=10 HTTP/1.1" 200 97713 "-" "Apache-HttpClient/4.5.2 (Java/1.8.0_151)"
182.43.70.186 - - [02/Apr/2025:02:51:37 -0400] "GET /?author=11 HTTP/1.1" 200 97713 "-" "Apache-HttpClient/4.5.2 (Java/1.8.0_151)"
182.43.70.186 - - [02/Apr/2025:02:51:37 -0400] "GET /?author=12 HTTP/1.1" 200 97713 "-" "Apache-HttpClient/4.5.2 (Java/1.8.0_151)"
182.43.70.186 - - [02/Apr/2025:02:51:38 -0400] "GET /?author=13 HTTP/1.1" 200 97713 "-" "Apache-HttpClient/4.5.2 (Java/1.8.0_151)"
182.43.70.186 - - [02/Apr/2025:02:51:38 -0400] "GET /?author=14 HTTP/1.1" 200 97713 "-" "Apache-HttpClient/4.5.2 (Java/1.8.0_151)"
182.43.70.186 - - [02/Apr/2025:02:51:39 -0400] "GET /?author=15 HTTP/1.1" 200 97713 "-" "Apache-HttpClient/4.5.2 (Java/1.8.0_151)"
182.43.70.186 - - [02/Apr/2025:02:51:40 -0400] "GET /?author=16 HTTP/1.1" 200 97713 "-" "Apache-HttpClient/4.5.2 (Java/1.8.0_151)"
182.43.70.186 - - [02/Apr/2025:02:51:40 -0400] "GET /?author=17 HTTP/1.1" 200 97713 "-" "Apache-HttpClient/4.5.2 (Java/1.8.0_151)"
182.43.70.186 - - [02/Apr/2025:02:51:41 -0400] "GET /?author=18 HTTP/1.1" 200 97713 "-" "Apache-HttpClient/4.5.2 (Java/1.8.0_151)"
182.43.70.186 - - [02/Apr/2025:02:51:41 -0400] "GET /?author=19 HTTP/1.1" 200 97713 "-" "Apache-HttpClient/4.5.2 (Java/1.8.0_151)"
182.43.70.186 - - [02/Apr/2025:02:51:42 -0400] "GET /?author=20 HTTP/1.1" 200 97713 "-" "Apache-HttpClient/4.5.2 (Java/1.8.0_151)"
47.82.9.53 - - [02/Apr/2025:02:53:50 -0400] "GET /wp-content/themes/legal-news/assets/css/slick.min.css HTTP/1.1" 200 512 "-" "Mozilla/5.0 (Windows NT 10.0; Win64; x64) AppleWebKit/537.36 (KHTML, like Gecko) Chrome/114.0.0.0 Safari/537.36 Edg/114.0.1823.43"
40.77.167.152 - - [02/Apr/2025:02:57:02 -0400] "GET /shop_hitozuma-hitparade HTTP/1.1" 404 1251 "-" "Mozilla/5.0 AppleWebKit/537.36 (KHTML, like Gecko; compatible; bingbot/2.0; +http://www.bing.com/bingbot.htm) Chrome/116.0.1938.76 Safari/537.36"
47.79.6.241 - - [02/Apr/2025:03:01:49 -0400] "GET /wp-content/themes/legal-news/style.css HTTP/1.1" 200 25809 "-" "Mozilla/5.0 (Windows NT 10.0; Win64; x64) AppleWebKit/537.36 (KHTML, like Gecko) Chrome/114.0.0.0 Safari/537.36 Edg/114.0.1823.43"
182.43.70.143 - - [02/Apr/2025:03:02:16 -0400] "GET / HTTP/1.1" 200 97713 "-" "Mozilla/5.0 (iPhone; CPU iPhone OS 13_2_3 like Mac OS X) AppleWebKit/605.1.15 (KHTML, like Gecko) Version/13.0.3 Mobile/15E148 Safari/604.1"
47.82.9.10 - - [02/Apr/2025:03:03:56 -0400] "GET /wp-includes/css/dist/block-library/style.min.css HTTP/1.1" 200 19532 "-" "Mozilla/5.0 (Windows NT 10.0; Win64; x64) AppleWebKit/537.36 (KHTML, like Gecko) Chrome/114.0.0.0 Safari/537.36 Edg/114.0.1823.43"
47.82.10.132 - - [02/Apr/2025:03:06:10 -0400] "GET /wp-content/themes/legal-news/assets/css/fontawesome.min.css HTTP/1.1" 200 21877 "-" "Mozilla/5.0 (Windows NT 10.0; Win64; x64) AppleWebKit/537.36 (KHTML, like Gecko) Chrome/114.0.0.0 Safari/537.36 Edg/114.0.1823.43"
47.79.121.0 - - [02/Apr/2025:03:07:14 -0400] "GET /wp-content/fonts/1033526170d31937d3d10faec5dbeaa3.css HTTP/1.1" 200 693 "-" "Mozilla/5.0 (Windows NT 10.0; Win64; x64) AppleWebKit/537.36 (KHTML, like Gecko) Chrome/114.0.0.0 Safari/537.36 Edg/114.0.1823.43"
198.54.114.83 - - [02/Apr/2025:03:10:31 -0400] "POST /wp-cron.php?doing_wp_cron=1743577829.7039639949798583984375 HTTP/1.1" 200 0 "-" "WordPress/6.7.2; https://christianmantopoulos.com"
66.29.146.47 - - [02/Apr/2025:03:10:26 -0400] "POST /xmlrpc.php HTTP/1.1" 200 212 "http://christianmantopoulos.com" "Mozilla/5.0 (Windows NT 10.0; Win64; x64) AppleWebKit/537.36 (KHTML, like Gecko) Chrome/115.0.5790.102 Safari/537.36"
62.113.113.162 - - [02/Apr/2025:03:18:00 -0400] "GET /how-to-win-at-gas-station-slots/ HTTP/1.1" 404 1251 "http://christianmantopoulos.com/how-to-win-at-gas-station-slots/" "Mozilla/5.0 (Windows NT 10.0; Win64; x64) AppleWebKit/537.36 (KHTML, like Gecko) Chrome/129.0.0.0 Safari/537.36"
62.113.113.162 - - [02/Apr/2025:03:18:01 -0400] "GET / HTTP/1.1" 200 97713 "http://christianmantopoulos.com/" "Mozilla/5.0 (Windows NT 10.0; Win64; x64) AppleWebKit/537.36 (KHTML, like Gecko) Chrome/129.0.0.0 Safari/537.36"
89.248.168.95 - - [02/Apr/2025:03:23:45 -0400] "GET /mk-shoulder-bag-by-michael-kors/ HTTP/1.1" 404 1251 "http://christianmantopoulos.com/mk-shoulder-bag-by-michael-kors/" "Mozilla/5.0 (Windows NT 10.0; Win64; x64) AppleWebKit/537.36 (KHTML, like Gecko) Chrome/131.0.0.0 Safari/537.36 Avast/131.0.0.0"
89.248.168.95 - - [02/Apr/2025:03:23:45 -0400] "GET / HTTP/1.1" 200 97713 "http://christianmantopoulos.com/" "Mozilla/5.0 (Windows NT 10.0; Win64; x64) AppleWebKit/537.36 (KHTML, like Gecko) Chrome/131.0.0.0 Safari/537.36 Avast/131.0.0.0"
194.5.53.210 - - [02/Apr/2025:03:27:46 -0400] "GET / HTTP/1.1" 200 97713 "-" "Python/3.11 aiohttp/3.11.11"
143.198.85.99 - - [02/Apr/2025:03:34:06 -0400] "GET / HTTP/1.1" 200 97713 "-" "Mozilla/5.0 (Windows NT 10.0; Win64; x64) AppleWebKit/537.36 (KHTML, like Gecko) Chrome/78.0.3904.108 Safari/537.36"
143.198.85.99 - - [02/Apr/2025:03:34:07 -0400] "GET / HTTP/1.1" 200 97713 "-" "Mozilla/5.0 (Windows NT 10.0; Win64; x64) AppleWebKit/537.36 (KHTML, like Gecko) Chrome/78.0.3904.108 Safari/537.36"
143.198.85.99 - - [02/Apr/2025:03:34:08 -0400] "GET /wp-includes/wlwmanifest.xml HTTP/1.1" 404 1251 "-" "Mozilla/5.0 (Windows NT 10.0; Win64; x64) AppleWebKit/537.36 (KHTML, like Gecko) Chrome/78.0.3904.108 Safari/537.36"
198.54.114.83 - - [02/Apr/2025:03:34:11 -0400] "POST /wp-cron.php?doing_wp_cron=1743579250.9192841053009033203125 HTTP/1.1" 200 0 "-" "WordPress/6.7.2; https://christianmantopoulos.com"
143.198.85.99 - - [02/Apr/2025:03:34:10 -0400] "GET /xmlrpc.php?rsd HTTP/1.1" 200 315 "-" "Mozilla/5.0 (Windows NT 10.0; Win64; x64) AppleWebKit/537.36 (KHTML, like Gecko) Chrome/78.0.3904.108 Safari/537.36"
143.198.85.99 - - [02/Apr/2025:03:34:12 -0400] "GET /?author=1 HTTP/1.1" 200 97713 "-" "Mozilla/5.0 (Windows NT 10.0; Win64; x64) AppleWebKit/537.36 (KHTML, like Gecko) Chrome/78.0.3904.108 Safari/537.36"
143.198.85.99 - - [02/Apr/2025:03:34:13 -0400] "GET /?author=2 HTTP/1.1" 200 97713 "-" "Mozilla/5.0 (Windows NT 10.0; Win64; x64) AppleWebKit/537.36 (KHTML, like Gecko) Chrome/78.0.3904.108 Safari/537.36"
143.198.85.99 - - [02/Apr/2025:03:34:13 -0400] "GET /wp-json/wp/v2/users/ HTTP/1.1" 404 1251 "-" "Mozilla/5.0 (Windows NT 10.0; Win64; x64) AppleWebKit/537.36 (KHTML, like Gecko) Chrome/78.0.3904.108 Safari/537.36"
143.198.85.99 - - [02/Apr/2025:03:34:14 -0400] "GET /wp-json/oembed/1.0/embed?url=http://christianmantopoulos.com HTTP/1.1" 404 1251 "-" "Mozilla/5.0 (Windows NT 10.0; Win64; x64) AppleWebKit/537.36 (KHTML, like Gecko) Chrome/78.0.3904.108 Safari/537.36"
143.198.85.99 - - [02/Apr/2025:03:34:14 -0400] "POST /xmlrpc.php HTTP/1.1" 200 236 "-" "Mozilla/5.0 (Windows NT 10.0; Win64; x64) AppleWebKit/537.36 (KHTML, like Gecko) Chrome/78.0.3904.108 Safari/537.36"
143.198.85.99 - - [02/Apr/2025:03:34:16 -0400] "POST /xmlrpc.php HTTP/1.1" 200 236 "-" "Mozilla/5.0 (Windows NT 10.0; Win64; x64) AppleWebKit/537.36 (KHTML, like Gecko) Chrome/78.0.3904.108 Safari/537.36"
143.198.85.99 - - [02/Apr/2025:03:34:17 -0400] "POST /xmlrpc.php HTTP/1.1" 200 236 "-" "Mozilla/5.0 (Windows NT 10.0; Win64; x64) AppleWebKit/537.36 (KHTML, like Gecko) Chrome/78.0.3904.108 Safari/537.36"
143.198.85.99 - - [02/Apr/2025:03:34:18 -0400] "POST /xmlrpc.php HTTP/1.1" 200 236 "-" "Mozilla/5.0 (Windows NT 10.0; Win64; x64) AppleWebKit/537.36 (KHTML, like Gecko) Chrome/78.0.3904.108 Safari/537.36"
143.198.85.99 - - [02/Apr/2025:03:34:19 -0400] "POST /xmlrpc.php HTTP/1.1" 200 236 "-" "Mozilla/5.0 (Windows NT 10.0; Win64; x64) AppleWebKit/537.36 (KHTML, like Gecko) Chrome/78.0.3904.108 Safari/537.36"
143.198.85.99 - - [02/Apr/2025:03:34:19 -0400] "POST /xmlrpc.php HTTP/1.1" 200 236 "-" "Mozilla/5.0 (Windows NT 10.0; Win64; x64) AppleWebKit/537.36 (KHTML, like Gecko) Chrome/78.0.3904.108 Safari/537.36"
198.54.114.83 - - [02/Apr/2025:03:34:47 -0400] "POST /wp-cron.php?doing_wp_cron=1743579287.4239339828491210937500 HTTP/1.1" 200 0 "-" "WordPress/6.7.2; https://christianmantopoulos.com"
81.88.53.43 - - [02/Apr/2025:03:34:47 -0400] "POST /xmlrpc.php HTTP/1.1" 200 212 "http://christianmantopoulos.com" "Mozilla/5.0 (Windows NT 10.0; Win64; x64; rv:128.0) Gecko/20100101 Firefox/128.0"
66.249.72.204 - - [02/Apr/2025:03:38:35 -0400] "GET /Peso-con-Barre-Acciaio-da-Palestra-Fitness-Set/Dumbbells-450066/ HTTP/1.1" 404 1251 "-" "Mozilla/5.0 (Linux; Android 6.0.1; Nexus 5X Build/MMB29P) AppleWebKit/537.36 (KHTML, like Gecko) Chrome/134.0.6998.165 Mobile Safari/537.36 (compatible; Googlebot/2.1; +http://www.google.com/bot.html)"
188.164.199.55 - - [02/Apr/2025:03:49:14 -0400] "GET /wp-login.php HTTP/1.1" 302 0 "-" "Mozilla/5.0 (Windows NT 10.0; Win64; x64; rv:91.0) Gecko/20100101 Firefox/91.0"
198.54.114.83 - - [02/Apr/2025:03:49:18 -0400] "POST /wp-cron.php?doing_wp_cron=1743580157.1778209209442138671875 HTTP/1.1" 200 0 "-" "WordPress/6.7.2; https://christianmantopoulos.com"
40.77.167.254 - - [02/Apr/2025:03:59:24 -0400] "GET /contents/kotsuban HTTP/1.1" 404 1251 "-" "Mozilla/5.0 AppleWebKit/537.36 (KHTML, like Gecko; compatible; bingbot/2.0; +http://www.bing.com/bingbot.htm) Chrome/116.0.1938.76 Safari/537.36"
198.54.114.83 - - [02/Apr/2025:04:01:38 -0400] "POST /wp-cron.php?doing_wp_cron=1743580898.1183230876922607421875 HTTP/1.1" 200 0 "-" "WordPress/6.7.2; https://christianmantopoulos.com"
199.188.200.139 - - [02/Apr/2025:04:01:36 -0400] "POST /xmlrpc.php HTTP/1.1" 200 212 "http://christianmantopoulos.com" "Mozilla/5.0 (Macintosh; Intel Mac OS X 10_15_7) AppleWebKit/537.36 (KHTML, like Gecko) Chrome/126.0.0.0 Safari/537.36"
51.8.102.134 - - [02/Apr/2025:04:07:03 -0400] "GET /robots.txt HTTP/1.1" 404 1251 "-" "Mozilla/5.0 (Macintosh; Intel Mac OS X 10_15_7) AppleWebKit/537.36 (KHTML, like Gecko) Chrome/131.0.0.0 Safari/537.36; compatible; OAI-SearchBot/1.0; +https://openai.com/searchbot"
66.249.72.204 - - [02/Apr/2025:04:08:38 -0400] "GET /Tan-Horse-Boots-Charro-Juego-de/Other-Western-Tack-692805/ HTTP/1.1" 404 1251 "-" "Mozilla/5.0 (Linux; Android 6.0.1; Nexus 5X Build/MMB29P) AppleWebKit/537.36 (KHTML, like Gecko) Chrome/134.0.6998.165 Mobile Safari/537.36 (compatible; Googlebot/2.1; +http://www.google.com/bot.html)"
66.249.72.202 - - [02/Apr/2025:04:12:22 -0400] "GET /Weightlifting-Belt-MEDIUM-IPF-APPROVED/Belts-447454/ HTTP/1.1" 404 1251 "-" "Mozilla/5.0 (Linux; Android 6.0.1; Nexus 5X Build/MMB29P) AppleWebKit/537.36 (KHTML, like Gecko) Chrome/134.0.6998.165 Mobile Safari/537.36 (compatible; Googlebot/2.1; +http://www.google.com/bot.html)"
62.113.113.162 - - [02/Apr/2025:04:17:04 -0400] "GET /how-to-win-at-gas-station-slots/ HTTP/1.1" 404 1251 "http://christianmantopoulos.com/how-to-win-at-gas-station-slots/" "Mozilla/5.0 (Windows NT 10.0; Win64; x64) AppleWebKit/537.36 (KHTML, like Gecko) Chrome/131.0.0.0 Safari/537.36 Avast/131.0.0.0"
62.113.113.162 - - [02/Apr/2025:04:17:05 -0400] "GET / HTTP/1.1" 200 97713 "http://christianmantopoulos.com/" "Mozilla/5.0 (Windows NT 10.0; Win64; x64) AppleWebKit/537.36 (KHTML, like Gecko) Chrome/131.0.0.0 Safari/537.36 Avast/131.0.0.0"
43.135.144.126 - - [02/Apr/2025:04:17:41 -0400] "GET / HTTP/1.1" 200 97713 "-" "Mozilla/5.0 (iPhone; CPU iPhone OS 13_2_3 like Mac OS X) AppleWebKit/605.1.15 (KHTML, like Gecko) Version/13.0.3 Mobile/15E148 Safari/604.1"
173.212.223.204 - - [02/Apr/2025:04:29:10 -0400] "POST /xmlrpc.php HTTP/1.1" 200 0 "http://christianmantopoulos.com" "Mozilla/5.0 (Macintosh; Intel Mac OS X 10.15; rv:126.0) Gecko/20100101 Firefox/126.0"
198.54.114.83 - - [02/Apr/2025:04:29:38 -0400] "POST /wp-cron.php?doing_wp_cron=1743582562.2452249526977539062500 HTTP/1.1" 200 0 "-" "WordPress/6.7.2; https://christianmantopoulos.com"
66.249.72.193 - - [02/Apr/2025:04:38:37 -0400] "GET /Buttons-Dispenser-Big-Game/Other-Fishing-Equipment-329044/ HTTP/1.1" 404 1251 "-" "Mozilla/5.0 (Linux; Android 6.0.1; Nexus 5X Build/MMB29P) AppleWebKit/537.36 (KHTML, like Gecko) Chrome/134.0.6998.165 Mobile Safari/537.36 (compatible; Googlebot/2.1; +http://www.google.com/bot.html)"
222.186.134.234 - - [02/Apr/2025:04:48:37 -0400] "GET /?rest_route=/wp/v2/users/ HTTP/1.1" 200 97713 "http://christianmantopoulos.com" "AppleWebKit/534.46 (KHTML,like Gecko) Version/5.1 Mobile Safari/10600.6.3"
198.54.114.83 - - [02/Apr/2025:04:57:24 -0400] "POST /wp-cron.php?doing_wp_cron=1743584244.2467880249023437500000 HTTP/1.1" 200 0 "-" "WordPress/6.7.2; https://christianmantopoulos.com"
198.54.114.99 - - [02/Apr/2025:04:57:24 -0400] "POST /xmlrpc.php HTTP/1.1" 200 212 "http://christianmantopoulos.com" "Mozilla/5.0 (Macintosh; Intel Mac OS X 14.5) AppleWebKit/618.3.5 (KHTML, like Gecko) Version/17.4 Safari/618.3.5"
40.77.167.48 - - [02/Apr/2025:05:06:52 -0400] "GET /column/item202 HTTP/1.1" 404 1251 "-" "Mozilla/5.0 AppleWebKit/537.36 (KHTML, like Gecko; compatible; bingbot/2.0; +http://www.bing.com/bingbot.htm) Chrome/116.0.1938.76 Safari/537.36"
66.249.72.202 - - [02/Apr/2025:05:08:38 -0400] "GET /Pistol-Holster-Llama-Auto-in-barrel/Holsters-491359/ HTTP/1.1" 404 1251 "-" "Mozilla/5.0 (Linux; Android 6.0.1; Nexus 5X Build/MMB29P) AppleWebKit/537.36 (KHTML, like Gecko) Chrome/134.0.6998.165 Mobile Safari/537.36 (compatible; Googlebot/2.1; +http://www.google.com/bot.html)"
40.77.167.9 - - [02/Apr/2025:05:13:16 -0400] "GET /kajitherapistpage HTTP/1.1" 404 1251 "-" "Mozilla/5.0 AppleWebKit/537.36 (KHTML, like Gecko; compatible; bingbot/2.0; +http://www.bing.com/bingbot.htm) Chrome/116.0.1938.76 Safari/537.36"
198.54.114.83 - - [02/Apr/2025:05:15:24 -0400] "POST /wp-cron.php?doing_wp_cron=1743585324.3387579917907714843750 HTTP/1.1" 200 0 "-" "WordPress/6.7.2; https://christianmantopoulos.com"
196.119.44.166 - - [02/Apr/2025:05:15:20 -0400] "POST /xmlrpc.php HTTP/1.1" 200 212 "-" "Mozilla/5.0 (Windows NT 6.1; WOW64; rv:92.0) Gecko/20100101 Firefox/92.0"
188.252.179.113 - - [02/Apr/2025:05:15:27 -0400] "POST /xmlrpc.php HTTP/1.1" 200 212 "-" "Mozilla/5.0 (Windows NT 6.3; WOW64; rv:43.0) Gecko/20100101 Firefox/43.0"
40.77.167.155 - - [02/Apr/2025:05:21:46 -0400] "GET /blog/2012/2012-01.html HTTP/1.1" 404 1251 "-" "Mozilla/5.0 AppleWebKit/537.36 (KHTML, like Gecko; compatible; bingbot/2.0; +http://www.bing.com/bingbot.htm) Chrome/116.0.1938.76 Safari/537.36"
198.54.114.83 - - [02/Apr/2025:05:26:11 -0400] "POST /wp-cron.php?doing_wp_cron=1743585970.9826939105987548828125 HTTP/1.1" 200 0 "-" "WordPress/6.7.2; https://christianmantopoulos.com"
95.217.147.111 - - [02/Apr/2025:05:26:08 -0400] "POST /xmlrpc.php HTTP/1.1" 200 212 "http://christianmantopoulos.com" "Mozilla/5.0 (Windows NT 10.0; Win64; x64) AppleWebKit/537.36 (KHTML, like Gecko) Chrome/112.0.5615.138 Safari/537.36 Edg/112.0.1722.68"
216.244.66.234 - - [02/Apr/2025:05:31:32 -0400] "GET /robots.txt HTTP/1.1" 404 1251 "-" "Mozilla/5.0 (compatible; DotBot/1.2; +https://opensiteexplorer.org/dotbot; help@moz.com)"
66.249.72.194 - - [02/Apr/2025:05:38:37 -0400] "GET /Holster-Concealed-Gun-Holder-Gun-Magnet/Holsters-485141/ HTTP/1.1" 404 1251 "-" "Mozilla/5.0 (Linux; Android 6.0.1; Nexus 5X Build/MMB29P) AppleWebKit/537.36 (KHTML, like Gecko) Chrome/134.0.6998.165 Mobile Safari/537.36 (compatible; Googlebot/2.1; +http://www.google.com/bot.html)"
66.249.72.194 - - [02/Apr/2025:05:40:10 -0400] "GET /Container-Survival-Tools-EDC-Tiartisan-Titanium/Pocket-Multi-Tools-601015/ HTTP/1.1" 404 1251 "-" "Mozilla/5.0 (Linux; Android 6.0.1; Nexus 5X Build/MMB29P) AppleWebKit/537.36 (KHTML, like Gecko) Chrome/134.0.6998.165 Mobile Safari/537.36 (compatible; Googlebot/2.1; +http://www.google.com/bot.html)"
66.249.72.193 - - [02/Apr/2025:05:41:43 -0400] "GET /Elastic-MMA-Muay-Thai-Bandage-Purple-DEFY-Pair/Hand-Wraps-18656/ HTTP/1.1" 404 1251 "-" "Mozilla/5.0 (Linux; Android 6.0.1; Nexus 5X Build/MMB29P) AppleWebKit/537.36 (KHTML, like Gecko) Chrome/134.0.6998.165 Mobile Safari/537.36 (compatible; Googlebot/2.1; +http://www.google.com/bot.html)"
66.249.72.193 - - [02/Apr/2025:05:43:15 -0400] "GET /Elastic-MMA-Muay-Thai-Bandage-Purple-DEFY-Pair/Hand-Wraps-18656/ HTTP/1.1" 404 1251 "-" "Mozilla/5.0 (Linux; Android 6.0.1; Nexus 5X Build/MMB29P) AppleWebKit/537.36 (KHTML, like Gecko) Chrome/134.0.6998.165 Mobile Safari/537.36 (compatible; GoogleOther)"
216.244.66.234 - - [02/Apr/2025:05:52:05 -0400] "GET /the-las-las-vegas-strips-first-esports-arena-starts-in-march/ HTTP/1.1" 404 1251 "-" "Mozilla/5.0 (compatible; DotBot/1.2; +https://opensiteexplorer.org/dotbot; help@moz.com)"
198.54.114.83 - - [02/Apr/2025:05:55:22 -0400] "POST /wp-cron.php?doing_wp_cron=1743587722.4562840461730957031250 HTTP/1.1" 200 0 "-" "WordPress/6.7.2; https://christianmantopoulos.com"
208.107.66.243 - - [02/Apr/2025:05:55:19 -0400] "POST /xmlrpc.php HTTP/1.1" 200 212 "http://christianmantopoulos.com" "Mozilla/5.0 (Windows NT 11.0; Win64; x64; rv:126.0) Gecko/20100101 Firefox/126.0"
