143.198.85.99 - - [01/Apr/2025:01:36:46 -0400] "GET /shop/wp-includes/wlwmanifest.xml HTTP/1.1" 404 1251 "-" "Mozilla/5.0 (Windows NT 10.0; Win64; x64) AppleWebKit/537.36 (KHTML, like Gecko) Chrome/78.0.3904.108 Safari/537.36"
143.198.85.99 - - [01/Apr/2025:01:36:47 -0400] "GET /wp1/wp-includes/wlwmanifest.xml HTTP/1.1" 404 1251 "-" "Mozilla/5.0 (Windows NT 10.0; Win64; x64) AppleWebKit/537.36 (KHTML, like Gecko) Chrome/78.0.3904.108 Safari/537.36"
143.198.85.99 - - [01/Apr/2025:01:36:48 -0400] "GET /test/wp-includes/wlwmanifest.xml HTTP/1.1" 404 1251 "-" "Mozilla/5.0 (Windows NT 10.0; Win64; x64) AppleWebKit/537.36 (KHTML, like Gecko) Chrome/78.0.3904.108 Safari/537.36"
143.198.85.99 - - [01/Apr/2025:01:36:48 -0400] "GET /media/wp-includes/wlwmanifest.xml HTTP/1.1" 404 1251 "-" "Mozilla/5.0 (Windows NT 10.0; Win64; x64) AppleWebKit/537.36 (KHTML, like Gecko) Chrome/78.0.3904.108 Safari/537.36"
143.198.85.99 - - [01/Apr/2025:01:36:49 -0400] "GET /wp2/wp-includes/wlwmanifest.xml HTTP/1.1" 404 1251 "-" "Mozilla/5.0 (Windows NT 10.0; Win64; x64) AppleWebKit/537.36 (KHTML, like Gecko) Chrome/78.0.3904.108 Safari/537.36"
143.198.85.99 - - [01/Apr/2025:01:36:49 -0400] "GET /site/wp-includes/wlwmanifest.xml HTTP/1.1" 404 1251 "-" "Mozilla/5.0 (Windows NT 10.0; Win64; x64) AppleWebKit/537.36 (KHTML, like Gecko) Chrome/78.0.3904.108 Safari/537.36"
143.198.85.99 - - [01/Apr/2025:01:36:49 -0400] "GET /cms/wp-includes/wlwmanifest.xml HTTP/1.1" 404 1251 "-" "Mozilla/5.0 (Windows NT 10.0; Win64; x64) AppleWebKit/537.36 (KHTML, like Gecko) Chrome/78.0.3904.108 Safari/537.36"
143.198.85.99 - - [01/Apr/2025:01:36:50 -0400] "GET /sito/wp-includes/wlwmanifest.xml HTTP/1.1" 404 1251 "-" "Mozilla/5.0 (Windows NT 10.0; Win64; x64) AppleWebKit/537.36 (KHTML, like Gecko) Chrome/78.0.3904.108 Safari/537.36"
216.244.66.234 - - [01/Apr/2025:01:37:44 -0400] "GET /a-captivating-tour-experience/feed/ HTTP/1.1" 404 1251 "-" "Mozilla/5.0 (compatible; DotBot/1.2; +https://opensiteexplorer.org/dotbot; help@moz.com)"
66.249.72.193 - - [01/Apr/2025:01:37:51 -0400] "GET /Black-Haze-Dakine/Jerseys-215307/ HTTP/1.1" 404 1251 "-" "Mozilla/5.0 (Linux; Android 6.0.1; Nexus 5X Build/MMB29P) AppleWebKit/537.36 (KHTML, like Gecko) Chrome/134.0.6998.165 Mobile Safari/537.36 (compatible; Googlebot/2.1; +http://www.google.com/bot.html)"
216.244.66.234 - - [01/Apr/2025:01:37:52 -0400] "GET /ppr-fittings-manufacturing/feed/ HTTP/1.1" 404 1251 "-" "Mozilla/5.0 (compatible; DotBot/1.2; +https://opensiteexplorer.org/dotbot; help@moz.com)"
216.244.66.234 - - [01/Apr/2025:01:44:15 -0400] "GET /the-significance-of-auschwitz-tours/feed/ HTTP/1.1" 404 1251 "-" "Mozilla/5.0 (compatible; DotBot/1.2; +https://opensiteexplorer.org/dotbot; help@moz.com)"
193.23.3.90 - - [01/Apr/2025:01:48:00 -0400] "GET /.env HTTP/1.1" 404 1251 "-" "python-requests/2.26.0"
193.23.3.90 - - [01/Apr/2025:01:48:00 -0400] "POST / HTTP/1.1" 200 97713 "-" "python-requests/2.26.0"
66.249.72.193 - - [01/Apr/2025:02:07:54 -0400] "GET /With-Hip-Ornament-Size-EU-HKM-Burgundy/Horse-Blankets-&-Sheets-683441/ HTTP/1.1" 404 1251 "-" "Mozilla/5.0 (Linux; Android 6.0.1; Nexus 5X Build/MMB29P) AppleWebKit/537.36 (KHTML, like Gecko) Chrome/134.0.6998.165 Mobile Safari/537.36 (compatible; Googlebot/2.1; +http://www.google.com/bot.html)"
66.249.72.194 - - [01/Apr/2025:02:17:18 -0400] "GET /MTB-T-XD-Hub-Sprocket-Flywheel-ZTTO/-Speed-Bicycle-Cassettes-Freewheels-and-Cogs-92094/ HTTP/1.1" 404 1251 "-" "Mozilla/5.0 (Linux; Android 6.0.1; Nexus 5X Build/MMB29P) AppleWebKit/537.36 (KHTML, like Gecko) Chrome/134.0.6998.165 Mobile Safari/537.36 (compatible; Googlebot/2.1; +http://www.google.com/bot.html)"
66.249.72.193 - - [01/Apr/2025:02:21:19 -0400] "GET /Traps-Shooting-Spinning-Target-Gallery-Swinging/Targets-520199/ HTTP/1.1" 404 1251 "-" "Mozilla/5.0 (Linux; Android 6.0.1; Nexus 5X Build/MMB29P) AppleWebKit/537.36 (KHTML, like Gecko) Chrome/134.0.6998.165 Mobile Safari/537.36 (compatible; Googlebot/2.1; +http://www.google.com/bot.html)"
66.249.72.193 - - [01/Apr/2025:02:25:09 -0400] "GET /Jersey-Jacket-Quick-Dry-Women&039;s-Cycling/Jerseys-216079/ HTTP/1.1" 404 1251 "-" "Mozilla/5.0 (Linux; Android 6.0.1; Nexus 5X Build/MMB29P) AppleWebKit/537.36 (KHTML, like Gecko) Chrome/134.0.6998.165 Mobile Safari/537.36 (compatible; Googlebot/2.1; +http://www.google.com/bot.html)"
212.8.248.108 - - [01/Apr/2025:02:25:44 -0400] "GET /how-to-design-a-high-pressure-fire-pump/ HTTP/1.1" 404 1251 "-" "Mozilla/5.0 (Windows NT 10.0; Win64; x64) AppleWebKit/537.36 (KHTML, like Gecko) Chrome/58.0.3029.110 Safari/537.3"
66.249.72.192 - - [01/Apr/2025:02:29:00 -0400] "GET /Hanger-S-Sunlite-Derailleur-Hanger/Chains-98745/ HTTP/1.1" 404 1251 "-" "Mozilla/5.0 (Linux; Android 6.0.1; Nexus 5X Build/MMB29P) AppleWebKit/537.36 (KHTML, like Gecko) Chrome/134.0.6998.165 Mobile Safari/537.36 (compatible; Googlebot/2.1; +http://www.google.com/bot.html)"
66.249.72.194 - - [01/Apr/2025:02:37:57 -0400] "GET /Shimano-Campy-Black-Tripeak-Super-Ceramic/Other-Bike-Components-&-Parts-137971/ HTTP/1.1" 404 1251 "-" "Mozilla/5.0 (Linux; Android 6.0.1; Nexus 5X Build/MMB29P) AppleWebKit/537.36 (KHTML, like Gecko) Chrome/134.0.6998.165 Mobile Safari/537.36 (compatible; Googlebot/2.1; +http://www.google.com/bot.html)"
66.249.72.192 - - [01/Apr/2025:02:41:47 -0400] "GET /Strands-Cord-Paracord-mm-FT/Paracord-Bracelets-615277/ HTTP/1.1" 404 1251 "-" "Mozilla/5.0 (Linux; Android 6.0.1; Nexus 5X Build/MMB29P) AppleWebKit/537.36 (KHTML, like Gecko) Chrome/134.0.6998.165 Mobile Safari/537.36 (compatible; Googlebot/2.1; +http://www.google.com/bot.html)"
66.249.72.202 - - [01/Apr/2025:02:45:38 -0400] "GET /Custom-Quarter-Horse-Ranch/Graphics-Decals-888/ HTTP/1.1" 404 1251 "-" "Mozilla/5.0 (Linux; Android 6.0.1; Nexus 5X Build/MMB29P) AppleWebKit/537.36 (KHTML, like Gecko) Chrome/134.0.6998.165 Mobile Safari/537.36 (compatible; Googlebot/2.1; +http://www.google.com/bot.html)"
66.249.72.203 - - [01/Apr/2025:02:51:44 -0400] "GET /Light-Gear-With-Tail-Switch-Tactical-LED/Lights-&-Lasers-526423/ HTTP/1.1" 404 1251 "-" "Mozilla/5.0 (Linux; Android 6.0.1; Nexus 5X Build/MMB29P) AppleWebKit/537.36 (KHTML, like Gecko) Chrome/134.0.6998.165 Mobile Safari/537.36 (compatible; Googlebot/2.1; +http://www.google.com/bot.html)"
43.155.27.244 - - [01/Apr/2025:02:58:47 -0400] "GET / HTTP/1.1" 200 97713 "-" "Mozilla/5.0 (iPhone; CPU iPhone OS 13_2_3 like Mac OS X) AppleWebKit/605.1.15 (KHTML, like Gecko) Version/13.0.3 Mobile/15E148 Safari/604.1"
66.249.72.192 - - [01/Apr/2025:02:59:25 -0400] "GET /Lot-Deadly-Dudley-Jr-Terror-Tail/Spoons-308902/ HTTP/1.1" 404 1251 "-" "Mozilla/5.0 (Linux; Android 6.0.1; Nexus 5X Build/MMB29P) AppleWebKit/537.36 (KHTML, like Gecko) Chrome/134.0.6998.165 Mobile Safari/537.36 (compatible; Googlebot/2.1; +http://www.google.com/bot.html)"
66.249.72.202 - - [01/Apr/2025:03:07:06 -0400] "GET /Banknote-Fluorescent-Checking-Portable-UV-Light/Flashlights-627346/ HTTP/1.1" 404 1251 "-" "Mozilla/5.0 (Linux; Android 6.0.1; Nexus 5X Build/MMB29P) AppleWebKit/537.36 (KHTML, like Gecko) Chrome/134.0.6998.165 Mobile Safari/537.36 (compatible; Googlebot/2.1; +http://www.google.com/bot.html)"
66.249.72.202 - - [01/Apr/2025:03:14:47 -0400] "GET /HD-LAX-Gloves-Royal-Lists/Protective-Gear-762141/ HTTP/1.1" 404 1251 "-" "Mozilla/5.0 (Linux; Android 6.0.1; Nexus 5X Build/MMB29P) AppleWebKit/537.36 (KHTML, like Gecko) Chrome/134.0.6998.165 Mobile Safari/537.36 (compatible; Googlebot/2.1; +http://www.google.com/bot.html)"
66.249.72.194 - - [01/Apr/2025:03:22:30 -0400] "GET /Gatorade-ml-GX-Bottle/Hydration-425541/ HTTP/1.1" 404 1251 "-" "Mozilla/5.0 (Linux; Android 6.0.1; Nexus 5X Build/MMB29P) AppleWebKit/537.36 (KHTML, like Gecko) Chrome/134.0.6998.165 Mobile Safari/537.36 (compatible; Googlebot/2.1; +http://www.google.com/bot.html)"
66.249.72.202 - - [01/Apr/2025:03:30:09 -0400] "GET /ONE-SIZE-FITS-ALL-Compressive-Neoprene/Support-&-Protective-Gear-412575/ HTTP/1.1" 404 1251 "-" "Mozilla/5.0 (Linux; Android 6.0.1; Nexus 5X Build/MMB29P) AppleWebKit/537.36 (KHTML, like Gecko) Chrome/134.0.6998.165 Mobile Safari/537.36 (compatible; Googlebot/2.1; +http://www.google.com/bot.html)"
66.249.72.192 - - [01/Apr/2025:03:37:51 -0400] "GET /SHIMMERING-MINNOW-OLIVE-&-WHITE/Flies-274313/ HTTP/1.1" 404 1251 "-" "Mozilla/5.0 (Linux; Android 6.0.1; Nexus 5X Build/MMB29P) AppleWebKit/537.36 (KHTML, like Gecko) Chrome/134.0.6998.165 Mobile Safari/537.36 (compatible; Googlebot/2.1; +http://www.google.com/bot.html)"
66.249.72.203 - - [01/Apr/2025:03:45:33 -0400] "GET /Bar-Dumbbells-Home-Gym-Fitness-PCS-Spring/Barbells-&-Attachments-447386/ HTTP/1.1" 404 1251 "-" "Mozilla/5.0 (Linux; Android 6.0.1; Nexus 5X Build/MMB29P) AppleWebKit/537.36 (KHTML, like Gecko) Chrome/134.0.6998.165 Mobile Safari/537.36 (compatible; Googlebot/2.1; +http://www.google.com/bot.html)"
66.249.72.204 - - [01/Apr/2025:03:53:12 -0400] "GET /Plastics-Predator-Pike-Fishing-Strike-Pro/Soft-Plastics-303822/ HTTP/1.1" 404 1251 "-" "Mozilla/5.0 (Linux; Android 6.0.1; Nexus 5X Build/MMB29P) AppleWebKit/537.36 (KHTML, like Gecko) Chrome/134.0.6998.165 Mobile Safari/537.36 (compatible; Googlebot/2.1; +http://www.google.com/bot.html)"
52.167.144.230 - - [01/Apr/2025:03:57:34 -0400] "GET /introduction-of-chiropractic-books HTTP/1.1" 404 1251 "-" "Mozilla/5.0 AppleWebKit/537.36 (KHTML, like Gecko; compatible; bingbot/2.0; +http://www.bing.com/bingbot.htm) Chrome/116.0.1938.76 Safari/537.36"
66.249.72.194 - - [01/Apr/2025:04:00:54 -0400] "GET /Trike-Bike-Jeep-Dune-Whip-Pole-Custom-RIDE/Other-Outdoor-Sports-701776/ HTTP/1.1" 404 1251 "-" "Mozilla/5.0 (Linux; Android 6.0.1; Nexus 5X Build/MMB29P) AppleWebKit/537.36 (KHTML, like Gecko) Chrome/134.0.6998.165 Mobile Safari/537.36 (compatible; Googlebot/2.1; +http://www.google.com/bot.html)"
66.249.72.193 - - [01/Apr/2025:04:08:36 -0400] "GET /Road-drop-Handlebar-Salsa-Pro-Road/Handlebars-122402/ HTTP/1.1" 404 1251 "-" "Mozilla/5.0 (Linux; Android 6.0.1; Nexus 5X Build/MMB29P) AppleWebKit/537.36 (KHTML, like Gecko) Chrome/134.0.6998.165 Mobile Safari/537.36 (compatible; Googlebot/2.1; +http://www.google.com/bot.html)"
91.84.100.21 - - [01/Apr/2025:04:09:14 -0400] "GET /how-to-win-at-gas-station-slots/ HTTP/1.1" 404 1251 "http://christianmantopoulos.com/how-to-win-at-gas-station-slots/" "Mozilla/5.0 (Windows NT 10.0; Win64; x64) AppleWebKit/537.36 (KHTML, like Gecko) Chrome/129.0.0.0 Safari/537.36"
91.84.100.21 - - [01/Apr/2025:04:09:15 -0400] "GET / HTTP/1.1" 200 97713 "http://christianmantopoulos.com/" "Mozilla/5.0 (Windows NT 10.0; Win64; x64) AppleWebKit/537.36 (KHTML, like Gecko) Chrome/129.0.0.0 Safari/537.36"
45.156.130.28 - - [01/Apr/2025:04:09:40 -0400] "GET / HTTP/1.1" 200 97713 "-" "Mozilla/5.0 (Windows NT 10.0; WOW64) AppleWebKit/537.36 (KHTML, like Gecko) Chrome/66.0.3359.117 Safari/537.36"
45.156.130.25 - - [01/Apr/2025:04:09:41 -0400] "GET / HTTP/1.1" 200 97713 "-" "Mozilla/5.0 (Windows NT 10.0; WOW64) AppleWebKit/537.36 (KHTML, like Gecko) Chrome/66.0.3359.117 Safari/537.36"
102.157.122.249 - - [01/Apr/2025:04:11:33 -0400] "POST /wp-login.php HTTP/1.1" 302 0 "http://christianmantopoulos.com/wp-admin/" "Mozilla/5.0 (Windows NT 10.0; Win64; x64) AppleWebKit/537.36 (KHTML, like Gecko) Chrome/90.0.4430.85 Safari/537.36"
198.54.114.83 - - [01/Apr/2025:04:11:38 -0400] "POST /wp-cron.php?doing_wp_cron=1743495096.4411458969116210937500 HTTP/1.1" 200 0 "-" "WordPress/6.7.2; https://christianmantopoulos.com"
45.86.202.109 - - [01/Apr/2025:04:13:11 -0400] "GET /how-to-win-at-gas-station-slots/ HTTP/1.1" 404 1251 "http://christianmantopoulos.com/how-to-win-at-gas-station-slots/" "Mozilla/5.0 (Windows NT 10.0; Win64; x64) AppleWebKit/537.36 (KHTML, like Gecko) Chrome/131.0.0.0 Safari/537.36 Avast/131.0.0.0"
45.86.202.143 - - [01/Apr/2025:04:13:12 -0400] "GET / HTTP/1.1" 200 97713 "http://christianmantopoulos.com/" "Mozilla/5.0 (Windows NT 10.0; Win64; x64) AppleWebKit/537.36 (KHTML, like Gecko) Chrome/131.0.0.0 Safari/537.36 Avast/131.0.0.0"
66.249.72.194 - - [01/Apr/2025:04:16:16 -0400] "GET /TARP-REFLECTIVE-SURVIVAL-UTOOL-HEAVY-DUTY/Other-Emergency-Gear-612389/ HTTP/1.1" 404 1251 "-" "Mozilla/5.0 (Linux; Android 6.0.1; Nexus 5X Build/MMB29P) AppleWebKit/537.36 (KHTML, like Gecko) Chrome/134.0.6998.165 Mobile Safari/537.36 (compatible; Googlebot/2.1; +http://www.google.com/bot.html)"
66.249.72.194 - - [01/Apr/2025:04:19:16 -0400] "GET /Torch-Lamp-Light-Set-Universal-Travel/Flashlights-623597/ HTTP/1.1" 404 1251 "-" "Mozilla/5.0 (Linux; Android 6.0.1; Nexus 5X Build/MMB29P) AppleWebKit/537.36 (KHTML, like Gecko) Chrome/134.0.6998.165 Mobile Safari/537.36 (compatible; Googlebot/2.1; +http://www.google.com/bot.html)"
77.238.251.212 - - [01/Apr/2025:04:20:32 -0400] "GET /how-to-win-at-gas-station-slots/ HTTP/1.1" 404 1251 "http://christianmantopoulos.com/how-to-win-at-gas-station-slots/" "Mozilla/5.0 (Windows NT 10.0; Win64; x64) AppleWebKit/537.36 (KHTML, like Gecko) Chrome/131.0.0.0 Safari/537.36 Avast/131.0.0.0"
77.238.251.212 - - [01/Apr/2025:04:20:34 -0400] "GET / HTTP/1.1" 200 97713 "http://christianmantopoulos.com/" "Mozilla/5.0 (Windows NT 10.0; Win64; x64) AppleWebKit/537.36 (KHTML, like Gecko) Chrome/131.0.0.0 Safari/537.36 Avast/131.0.0.0"
66.249.72.192 - - [01/Apr/2025:04:20:58 -0400] "GET /reel-Abu-Garcia-Blue-Max/Baitcasting-Reels-355696/ HTTP/1.1" 404 1251 "-" "Mozilla/5.0 (Linux; Android 6.0.1; Nexus 5X Build/MMB29P) AppleWebKit/537.36 (KHTML, like Gecko) Chrome/134.0.6998.165 Mobile Safari/537.36 (compatible; Googlebot/2.1; +http://www.google.com/bot.html)"
40.77.167.24 - - [01/Apr/2025:04:22:59 -0400] "GET /jp/unity/features/worldbuilding/probuilder HTTP/1.1" 404 1251 "-" "Mozilla/5.0 AppleWebKit/537.36 (KHTML, like Gecko; compatible; bingbot/2.0; +http://www.bing.com/bingbot.htm) Chrome/116.0.1938.76 Safari/537.36"
66.249.72.204 - - [01/Apr/2025:04:23:18 -0400] "GET /Backpack-Military-bag-Hunt-&034;-Foldabel/Cases-479044/ HTTP/1.1" 404 1251 "-" "Mozilla/5.0 (Linux; Android 6.0.1; Nexus 5X Build/MMB29P) AppleWebKit/537.36 (KHTML, like Gecko) Chrome/134.0.6998.165 Mobile Safari/537.36 (compatible; Googlebot/2.1; +http://www.google.com/bot.html)"
85.208.98.23 - - [01/Apr/2025:04:32:15 -0400] "GET /robots.txt HTTP/1.1" 404 1251 "-" "Mozilla/5.0 (compatible; SemrushBot-BA; +http://www.semrush.com/bot.html)"
91.84.113.162 - - [01/Apr/2025:04:43:39 -0400] "GET /how-to-win-at-gas-station-slots/ HTTP/1.1" 404 1251 "http://christianmantopoulos.com/how-to-win-at-gas-station-slots/" "Mozilla/5.0 (Windows NT 6.3; Win64; x64) AppleWebKit/537.36 (KHTML, like Gecko) Chrome/103.0.5060.114 Safari/537.36"
91.84.113.162 - - [01/Apr/2025:04:43:43 -0400] "GET / HTTP/1.1" 200 97713 "http://christianmantopoulos.com/" "Mozilla/5.0 (Windows NT 6.3; Win64; x64) AppleWebKit/537.36 (KHTML, like Gecko) Chrome/103.0.5060.114 Safari/537.36"
69.16.147.123 - - [01/Apr/2025:04:48:10 -0400] "GET /how-to-win-at-gas-station-slots/ HTTP/1.1" 404 1251 "http://christianmantopoulos.com/how-to-win-at-gas-station-slots/" "Mozilla/5.0 (Windows NT 10.0; Win64; x64) AppleWebKit/537.36 (KHTML, like Gecko) Chrome/130.0.0.0 Safari/537.36"
69.16.147.123 - - [01/Apr/2025:04:48:11 -0400] "GET / HTTP/1.1" 200 97713 "http://christianmantopoulos.com/" "Mozilla/5.0 (Windows NT 10.0; Win64; x64) AppleWebKit/537.36 (KHTML, like Gecko) Chrome/130.0.0.0 Safari/537.36"
185.121.234.211 - - [01/Apr/2025:04:52:38 -0400] "GET /how-to-win-at-gas-station-slots/ HTTP/1.1" 404 1251 "http://christianmantopoulos.com/how-to-win-at-gas-station-slots/" "Mozilla/5.0 (Windows NT 10.0; Win64; x64) AppleWebKit/537.36 (KHTML, like Gecko) Chrome/103.0.5060.53 Safari/537.36"
185.121.234.211 - - [01/Apr/2025:04:52:39 -0400] "GET / HTTP/1.1" 200 97713 "http://christianmantopoulos.com/" "Mozilla/5.0 (Windows NT 10.0; Win64; x64) AppleWebKit/537.36 (KHTML, like Gecko) Chrome/103.0.5060.53 Safari/537.36"
92.255.57.39 - - [01/Apr/2025:05:34:09 -0400] "GET / HTTP/1.1" 200 97713 "http://christianmantopoulos.com/" "Mozilla/5.0 (Windows NT 10.0; Win64; x64) AppleWebKit/537.36 (KHTML, like Gecko) Chrome/131.0.0.0 Safari/537.36"
156.59.172.72 - - [01/Apr/2025:05:34:50 -0400] "GET / HTTP/1.1" 200 97713 "-" "Mozilla/5.0 (Windows NT 10.0; Win64; x64; rv:126.0) Gecko/20100101 Firefox/126.0"
66.249.72.204 - - [01/Apr/2025:05:38:07 -0400] "GET /CRANK-NOS-TOURING-TORPEDO-SACHS/Vintage-Bicycle-Parts-239104/ HTTP/1.1" 404 1251 "-" "Mozilla/5.0 (Linux; Android 6.0.1; Nexus 5X Build/MMB29P) AppleWebKit/537.36 (KHTML, like Gecko) Chrome/134.0.6998.165 Mobile Safari/537.36 (compatible; Googlebot/2.1; +http://www.google.com/bot.html)"
66.249.72.202 - - [01/Apr/2025:05:39:17 -0400] "GET /NEW-F1662MK-Russell-Athletics-Men%E2%80%99s/Men-752409/ HTTP/1.1" 404 1251 "-" "Mozilla/5.0 (Linux; Android 6.0.1; Nexus 5X Build/MMB29P) AppleWebKit/537.36 (KHTML, like Gecko) Chrome/134.0.6998.165 Mobile Safari/537.36 (compatible; Googlebot/2.1; +http://www.google.com/bot.html)"
216.131.105.249 - - [01/Apr/2025:05:53:31 -0400] "GET /how-to-win-at-gas-station-slots/ HTTP/1.1" 404 1251 "http://christianmantopoulos.com/how-to-win-at-gas-station-slots/" "Mozilla/5.0 (Windows NT 10.0; Win64; x64) AppleWebKit/537.36 (KHTML, like Gecko) Chrome/129.0.0.0 Safari/537.36"
216.131.105.249 - - [01/Apr/2025:05:53:32 -0400] "GET / HTTP/1.1" 200 97713 "http://christianmantopoulos.com/" "Mozilla/5.0 (Windows NT 10.0; Win64; x64) AppleWebKit/537.36 (KHTML, like Gecko) Chrome/129.0.0.0 Safari/537.36"
111.231.10.88 - - [01/Apr/2025:05:54:26 -0400] "GET / HTTP/1.1" 200 97713 "-" "Mozilla/5.0 (Linux; Android 10; LIO-AN00 Build/HUAWEILIO-AN00; wv) MicroMessenger Weixin QQ AppleWebKit/537.36 (KHTML, like Gecko) Version/4.0 Chrome/78.0.3904.62 XWEB/2692 MMWEBSDK/200901 Mobile Safari/537.36"
111.231.10.88 - - [01/Apr/2025:05:59:54 -0400] "GET / HTTP/1.1" 200 97713 "-" "Mozilla/5.0 (Linux; Android 10; LIO-AN00 Build/HUAWEILIO-AN00; wv) MicroMessenger Weixin QQ AppleWebKit/537.36 (KHTML, like Gecko) Version/4.0 Chrome/78.0.3904.62 XWEB/2692 MMWEBSDK/200901 Mobile Safari/537.36"
213.35.112.173 - - [01/Apr/2025:06:02:57 -0400] "GET / HTTP/1.1" 200 97713 "-" "Go-http-client/1.1"
213.35.112.173 - - [01/Apr/2025:06:02:58 -0400] "GET //woh.php HTTP/1.1" 404 1251 "-" "Go-http-client/1.1"
213.35.112.173 - - [01/Apr/2025:06:02:58 -0400] "GET //classwithtostring.php HTTP/1.1" 404 1251 "-" "Go-http-client/1.1"
213.35.112.173 - - [01/Apr/2025:06:02:59 -0400] "GET //simple.php HTTP/1.1" 404 1251 "-" "Go-http-client/1.1"
213.35.112.173 - - [01/Apr/2025:06:02:59 -0400] "GET //zero.php HTTP/1.1" 404 1251 "-" "Go-http-client/1.1"
213.35.112.173 - - [01/Apr/2025:06:02:59 -0400] "GET //wp-content/plugins/include.php HTTP/1.1" 404 1251 "-" "Go-http-client/1.1"
213.35.112.173 - - [01/Apr/2025:06:03:00 -0400] "GET //phpmailer.lang-sv.php HTTP/1.1" 404 1251 "-" "Go-http-client/1.1"
213.35.112.173 - - [01/Apr/2025:06:03:00 -0400] "GET //wp-content/themes/sketch/404.php HTTP/1.1" 404 1251 "-" "Go-http-client/1.1"
213.35.112.173 - - [01/Apr/2025:06:03:00 -0400] "GET //wp-admin/css/colors/ectoplasm/load-styles.php HTTP/1.1" 404 1251 "-" "Go-http-client/1.1"
213.35.112.173 - - [01/Apr/2025:06:03:01 -0400] "GET //wp-content/plugins/wp-help/admin/wp-fclass.php HTTP/1.1" 404 1251 "-" "Go-http-client/1.1"
213.35.112.173 - - [01/Apr/2025:06:03:01 -0400] "GET //wp-content/plugins/wp-help/index.php HTTP/1.1" 404 1251 "-" "Go-http-client/1.1"
213.35.112.173 - - [01/Apr/2025:06:03:01 -0400] "GET //cgi-bin/class_api.php HTTP/1.1" 404 1251 "-" "Go-http-client/1.1"
213.35.112.173 - - [01/Apr/2025:06:03:02 -0400] "GET //wp-admin/images/class.api.php HTTP/1.1" 404 1251 "-" "Go-http-client/1.1"
213.35.112.173 - - [01/Apr/2025:06:03:02 -0400] "GET //wp-admin/js/widgets/class.api.php HTTP/1.1" 404 1251 "-" "Go-http-client/1.1"
213.35.112.173 - - [01/Apr/2025:06:03:02 -0400] "GET //.well-known/pki-validation/class_api.php HTTP/1.1" 404 1251 "-" "Go-http-client/1.1"
213.35.112.173 - - [01/Apr/2025:06:03:03 -0400] "GET //class_api.php HTTP/1.1" 404 1251 "-" "Go-http-client/1.1"
213.35.112.173 - - [01/Apr/2025:06:03:03 -0400] "GET //class.api.php HTTP/1.1" 404 1251 "-" "Go-http-client/1.1"
213.35.112.173 - - [01/Apr/2025:06:03:03 -0400] "GET //wp-content/themes/tflow/up.php HTTP/1.1" 404 1251 "-" "Go-http-client/1.1"
213.35.112.173 - - [01/Apr/2025:06:03:04 -0400] "GET //wp-content/themes/wp-pridmag/up.php HTTP/1.1" 404 1251 "-" "Go-http-client/1.1"
213.35.112.173 - - [01/Apr/2025:06:03:05 -0400] "GET //.well-known/acme-challenge/atomlib.php HTTP/1.1" 404 1251 "-" "Go-http-client/1.1"
213.35.112.173 - - [01/Apr/2025:06:03:06 -0400] "GET //.well-known/pki-validation/atomlib.php HTTP/1.1" 404 1251 "-" "Go-http-client/1.1"
213.35.112.173 - - [01/Apr/2025:06:03:06 -0400] "GET //images/atomlib.php HTTP/1.1" 404 1251 "-" "Go-http-client/1.1"
213.35.112.173 - - [01/Apr/2025:06:03:07 -0400] "GET //wp-admin/css/atomlib.php HTTP/1.1" 404 1251 "-" "Go-http-client/1.1"
213.35.112.173 - - [01/Apr/2025:06:03:08 -0400] "GET //wp-admin/css/colors/blue/atomlib.php HTTP/1.1" 404 1251 "-" "Go-http-client/1.1"
213.35.112.173 - - [01/Apr/2025:06:03:08 -0400] "GET //wp-admin/includes/atomlib.php HTTP/1.1" 404 1251 "-" "Go-http-client/1.1"
213.35.112.173 - - [01/Apr/2025:06:03:09 -0400] "GET //wp-admin/maint/atomlib.php HTTP/1.1" 404 1251 "-" "Go-http-client/1.1"
213.35.112.173 - - [01/Apr/2025:06:03:09 -0400] "GET //wp-content/languages/themes/atomlib.php HTTP/1.1" 404 1251 "-" "Go-http-client/1.1"
213.35.112.173 - - [01/Apr/2025:06:03:10 -0400] "GET //wp-content/themes/atomlib.php HTTP/1.1" 404 1251 "-" "Go-http-client/1.1"
213.35.112.173 - - [01/Apr/2025:06:03:11 -0400] "GET //wp-admin/images/moon.php HTTP/1.1" 404 1251 "-" "Go-http-client/1.1"
213.35.112.173 - - [01/Apr/2025:06:03:11 -0400] "GET //.tmb/moon.php HTTP/1.1" 404 1251 "-" "Go-http-client/1.1"
213.35.112.173 - - [01/Apr/2025:06:03:12 -0400] "GET //.well-known/acme-challenge/moon.php HTTP/1.1" 404 1251 "-" "Go-http-client/1.1"
213.35.112.173 - - [01/Apr/2025:06:03:12 -0400] "GET //cgi-bin/moon.php HTTP/1.1" 404 1251 "-" "Go-http-client/1.1"
213.35.112.173 - - [01/Apr/2025:06:03:13 -0400] "GET //wp-admin/user/moon.php HTTP/1.1" 404 1251 "-" "Go-http-client/1.1"
213.35.112.173 - - [01/Apr/2025:06:03:13 -0400] "GET //wp-content/upgrade/moon.php HTTP/1.1" 404 1251 "-" "Go-http-client/1.1"
213.35.112.173 - - [01/Apr/2025:06:03:14 -0400] "GET //wp-admin/js/widgets/moon.php HTTP/1.1" 404 1251 "-" "Go-http-client/1.1"
213.35.112.173 - - [01/Apr/2025:06:03:16 -0400] "GET //wp-admin/maint/moon.php HTTP/1.1" 404 1251 "-" "Go-http-client/1.1"
213.35.112.173 - - [01/Apr/2025:06:03:16 -0400] "GET //wp-includes/ID3/moon.php HTTP/1.1" 404 1251 "-" "Go-http-client/1.1"
213.35.112.173 - - [01/Apr/2025:06:03:17 -0400] "GET //wp-includes/certificates/moon.php HTTP/1.1" 404 1251 "-" "Go-http-client/1.1"
213.35.112.173 - - [01/Apr/2025:06:03:17 -0400] "GET //wp-admin/includes/moon.php HTTP/1.1" 404 1251 "-" "Go-http-client/1.1"
213.35.112.173 - - [01/Apr/2025:06:03:17 -0400] "GET //wp-includes/IXR/moon.php HTTP/1.1" 404 1251 "-" "Go-http-client/1.1"
213.35.112.173 - - [01/Apr/2025:06:03:17 -0400] "GET //cjfuns.php HTTP/1.1" 404 1251 "-" "Go-http-client/1.1"
213.35.112.173 - - [01/Apr/2025:06:03:18 -0400] "GET //classfuns.php HTTP/1.1" 404 1251 "-" "Go-http-client/1.1"
213.35.112.173 - - [01/Apr/2025:06:03:18 -0400] "GET //tempfuns.php HTTP/1.1" 404 1251 "-" "Go-http-client/1.1"
213.35.112.173 - - [01/Apr/2025:06:03:19 -0400] "GET //adminfuns.php HTTP/1.1" 404 1251 "-" "Go-http-client/1.1"
213.35.112.173 - - [01/Apr/2025:06:03:19 -0400] "GET //nf_tracking.php HTTP/1.1" 404 1251 "-" "Go-http-client/1.1"
213.35.112.173 - - [01/Apr/2025:06:03:20 -0400] "GET //wp-content/wso.php HTTP/1.1" 404 1251 "-" "Go-http-client/1.1"
213.35.112.173 - - [01/Apr/2025:06:03:20 -0400] "GET //wp-includes/wso.php HTTP/1.1" 404 1251 "-" "Go-http-client/1.1"
213.35.112.173 - - [01/Apr/2025:06:03:20 -0400] "GET //wso.php HTTP/1.1" 404 1251 "-" "Go-http-client/1.1"
213.35.112.173 - - [01/Apr/2025:06:03:20 -0400] "GET //wp-content/uploads/wp-apxupx.php?apx=upx HTTP/1.1" 404 1251 "-" "Go-http-client/1.1"
213.35.112.173 - - [01/Apr/2025:06:03:21 -0400] "GET //wp-content/upgrade/class_api.php HTTP/1.1" 404 1251 "-" "Go-http-client/1.1"
213.35.112.173 - - [01/Apr/2025:06:03:21 -0400] "GET //cgi-bin/sgd.php HTTP/1.1" 404 1251 "-" "Go-http-client/1.1"
213.35.112.173 - - [01/Apr/2025:06:03:22 -0400] "GET //wp-admin/js/widgets/sgd.php HTTP/1.1" 404 1251 "-" "Go-http-client/1.1"
213.35.112.173 - - [01/Apr/2025:06:03:22 -0400] "GET //wp-apxupx.php?apx=upx HTTP/1.1" 404 1251 "-" "Go-http-client/1.1"
213.35.112.173 - - [01/Apr/2025:06:03:22 -0400] "GET //wp-includes/IXR/class.api.php HTTP/1.1" 404 1251 "-" "Go-http-client/1.1"
213.35.112.173 - - [01/Apr/2025:06:03:23 -0400] "GET //wp-content/languages/class_api.php HTTP/1.1" 404 1251 "-" "Go-http-client/1.1"
213.35.112.173 - - [01/Apr/2025:06:03:23 -0400] "GET //class_api.php HTTP/1.1" 404 1251 "-" "Go-http-client/1.1"
213.35.112.173 - - [01/Apr/2025:06:03:24 -0400] "GET //.well-known/acme-challenge/class_api.php HTTP/1.1" 404 1251 "-" "Go-http-client/1.1"
213.35.112.173 - - [01/Apr/2025:06:03:24 -0400] "GET //.tmb/mariju.php HTTP/1.1" 404 1251 "-" "Go-http-client/1.1"
213.35.112.173 - - [01/Apr/2025:06:03:24 -0400] "GET //wp-content/languages/themes/class_api.php HTTP/1.1" 404 1251 "-" "Go-http-client/1.1"
213.35.112.173 - - [01/Apr/2025:06:03:25 -0400] "GET //wp-admin/includes/class_api.php HTTP/1.1" 404 1251 "-" "Go-http-client/1.1"
213.35.112.173 - - [01/Apr/2025:06:03:25 -0400] "GET //wp-admin/js/widgets/class_api.php HTTP/1.1" 404 1251 "-" "Go-http-client/1.1"
213.35.112.173 - - [01/Apr/2025:06:03:25 -0400] "GET //wp-admin/network/class_api.php HTTP/1.1" 404 1251 "-" "Go-http-client/1.1"
213.35.112.173 - - [01/Apr/2025:06:03:25 -0400] "GET //.tmb/class_api.php HTTP/1.1" 404 1251 "-" "Go-http-client/1.1"
213.35.112.173 - - [01/Apr/2025:06:03:26 -0400] "GET //assets/class_api.php HTTP/1.1" 404 1251 "-" "Go-http-client/1.1"
213.35.112.173 - - [01/Apr/2025:06:03:26 -0400] "GET //common/css/class_api.php HTTP/1.1" 404 1251 "-" "Go-http-client/1.1"
213.35.112.173 - - [01/Apr/2025:06:03:26 -0400] "GET //common/img/class_api.php HTTP/1.1" 404 1251 "-" "Go-http-client/1.1"
213.35.112.173 - - [01/Apr/2025:06:03:26 -0400] "GET //.well-known/acme-challenge/mariju.php HTTP/1.1" 404 1251 "-" "Go-http-client/1.1"
213.35.112.173 - - [01/Apr/2025:06:03:27 -0400] "GET //wp-admin/user/class_api.php HTTP/1.1" 404 1251 "-" "Go-http-client/1.1"
213.35.112.173 - - [01/Apr/2025:06:03:27 -0400] "GET //wp-includes/rest-api/fields/cache/index.php HTTP/1.1" 404 1251 "-" "Go-http-client/1.1"
213.35.112.173 - - [01/Apr/2025:06:03:27 -0400] "GET //wp-content/themes/travel/issue.php HTTP/1.1" 404 1251 "-" "Go-http-client/1.1"
213.35.112.173 - - [01/Apr/2025:06:03:28 -0400] "GET //wp-includes/IXR/class_api.php HTTP/1.1" 404 1251 "-" "Go-http-client/1.1"
213.35.112.173 - - [01/Apr/2025:06:03:28 -0400] "GET //wp-includes/Requests/class_api.php HTTP/1.1" 404 1251 "-" "Go-http-client/1.1"
213.35.112.173 - - [01/Apr/2025:06:03:28 -0400] "GET //wp-includes/random_compat/class_api.php HTTP/1.1" 404 1251 "-" "Go-http-client/1.1"
213.35.112.173 - - [01/Apr/2025:06:03:28 -0400] "GET //wp-content/themes/hello-element/footer.php HTTP/1.1" 404 1251 "-" "Go-http-client/1.1"
66.249.72.203 - - [01/Apr/2025:06:08:07 -0400] "GET /Fly-Fishing-Dennett-Wooden-Fly/Fly-Fishing-Accessories-324137/ HTTP/1.1" 404 1251 "-" "Mozilla/5.0 (Linux; Android 6.0.1; Nexus 5X Build/MMB29P) AppleWebKit/537.36 (KHTML, like Gecko) Chrome/134.0.6998.165 Mobile Safari/537.36 (compatible; Googlebot/2.1; +http://www.google.com/bot.html)"
2a12:8105:9221:5f14:7c92:4af6:dfc3:277 - - [01/Apr/2025:06:36:38 -0400] "GET / HTTP/1.1" 200 97713 "http://christianmantopoulos.com/" "Mozilla/5.0 (Windows NT 10.0; Win64; x64) AppleWebKit/537.36 (KHTML, like Gecko) Chrome/130.0.0.0 Safari/537.36"
66.249.72.204 - - [01/Apr/2025:06:38:11 -0400] "GET /Shock-Reducing-Cushion-Tennis-Racket-Racquet/Grips-781825/ HTTP/1.1" 404 1251 "-" "Mozilla/5.0 (Linux; Android 6.0.1; Nexus 5X Build/MMB29P) AppleWebKit/537.36 (KHTML, like Gecko) Chrome/134.0.6998.165 Mobile Safari/537.36 (compatible; Googlebot/2.1; +http://www.google.com/bot.html)"
200.10.42.81 - - [01/Apr/2025:07:01:03 -0400] "GET /wp-login.php HTTP/1.1" 302 0 "-" "Mozilla/5.0 (Windows NT 10.0; WOW64; rv:45.0) Gecko/20100101 Firefox/45.0"
198.54.114.83 - - [01/Apr/2025:07:01:09 -0400] "POST /wp-cron.php?doing_wp_cron=1743505266.2573840618133544921875 HTTP/1.1" 200 0 "-" "WordPress/6.7.2; https://christianmantopoulos.com"
200.10.42.81 - - [01/Apr/2025:07:01:12 -0400] "GET /wp-login.php HTTP/1.1" 302 0 "-" "Mozilla/5.0 (Windows NT 10.0; WOW64; rv:45.0) Gecko/20100101 Firefox/45.0"
200.10.42.81 - - [01/Apr/2025:07:01:19 -0400] "POST /wp-login.php HTTP/1.1" 302 0 "christianmantopoulos.com/wp-login.php" "Mozilla/5.0 (Windows NT 10.0; WOW64; rv:45.0) Gecko/20100101 Firefox/45.0"
200.10.42.81 - - [01/Apr/2025:07:01:26 -0400] "GET /wp-admin/ HTTP/1.1" 302 0 "-" "Mozilla/5.0 (Windows NT 10.0; WOW64; rv:45.0) Gecko/20100101 Firefox/45.0"
200.10.42.212 - - [01/Apr/2025:07:01:34 -0400] "GET /wp-login.php HTTP/1.1" 302 0 "-" "Mozilla/5.0 (Windows NT 10.0; Win64; x64) AppleWebKit/537.36 (KHTML, like Gecko) Chrome/132.0.0.0 Safari/537.36"
200.10.42.212 - - [01/Apr/2025:07:02:00 -0400] "GET /wp-login.php HTTP/1.1" 302 0 "-" "Mozilla/5.0 (Windows NT 10.0; WOW64; rv:45.0) Gecko/20100101 Firefox/45.0"
198.54.114.83 - - [01/Apr/2025:07:02:08 -0400] "POST /wp-cron.php?doing_wp_cron=1743505328.5243310928344726562500 HTTP/1.1" 200 0 "-" "WordPress/6.7.2; https://christianmantopoulos.com"
200.10.42.212 - - [01/Apr/2025:07:02:07 -0400] "GET /wp-login.php HTTP/1.1" 302 0 "-" "Mozilla/5.0 (Windows NT 10.0; WOW64; rv:45.0) Gecko/20100101 Firefox/45.0"
200.10.42.212 - - [01/Apr/2025:07:02:11 -0400] "POST /wp-login.php HTTP/1.1" 302 0 "christianmantopoulos.com/wp-login.php" "Mozilla/5.0 (Windows NT 10.0; WOW64; rv:45.0) Gecko/20100101 Firefox/45.0"
200.10.42.212 - - [01/Apr/2025:07:02:15 -0400] "GET /wp-admin/ HTTP/1.1" 302 0 "-" "Mozilla/5.0 (Windows NT 10.0; WOW64; rv:45.0) Gecko/20100101 Firefox/45.0"
200.10.42.212 - - [01/Apr/2025:07:02:19 -0400] "GET /wp-login.php HTTP/1.1" 302 0 "-" "Mozilla/5.0 (Windows NT 10.0; Win64; x64) AppleWebKit/537.36 (KHTML, like Gecko) Chrome/132.0.0.0 Safari/537.36"
200.10.33.154 - - [01/Apr/2025:07:02:43 -0400] "GET /wp-login.php HTTP/1.1" 302 0 "-" "Mozilla/5.0 (Windows NT 10.0; WOW64; rv:45.0) Gecko/20100101 Firefox/45.0"
200.10.33.154 - - [01/Apr/2025:07:02:46 -0400] "GET /wp-login.php HTTP/1.1" 302 0 "-" "Mozilla/5.0 (Windows NT 10.0; WOW64; rv:45.0) Gecko/20100101 Firefox/45.0"
200.10.33.154 - - [01/Apr/2025:07:02:48 -0400] "POST /wp-login.php HTTP/1.1" 302 0 "christianmantopoulos.com/wp-login.php" "Mozilla/5.0 (Windows NT 10.0; WOW64; rv:45.0) Gecko/20100101 Firefox/45.0"
200.10.33.154 - - [01/Apr/2025:07:02:49 -0400] "GET /wp-admin/ HTTP/1.1" 302 0 "-" "Mozilla/5.0 (Windows NT 10.0; WOW64; rv:45.0) Gecko/20100101 Firefox/45.0"
200.10.42.212 - - [01/Apr/2025:07:02:53 -0400] "GET /wp-login.php HTTP/1.1" 302 0 "-" "Mozilla/5.0 (Windows NT 10.0; Win64; x64) AppleWebKit/537.36 (KHTML, like Gecko) Chrome/132.0.0.0 Safari/537.36"
212.34.147.142 - - [01/Apr/2025:07:29:33 -0400] "GET /how-to-win-at-gas-station-slots/ HTTP/1.1" 404 1251 "http://christianmantopoulos.com/how-to-win-at-gas-station-slots/" "Mozilla/5.0 (Windows NT 10.0; Win64; x64) AppleWebKit/537.36 (KHTML, like Gecko) Chrome/131.0.0.0 Safari/537.36"
212.34.147.142 - - [01/Apr/2025:07:29:34 -0400] "GET / HTTP/1.1" 200 97713 "http://christianmantopoulos.com/" "Mozilla/5.0 (Windows NT 10.0; Win64; x64) AppleWebKit/537.36 (KHTML, like Gecko) Chrome/131.0.0.0 Safari/537.36"
222.79.104.23 - - [01/Apr/2025:07:34:42 -0400] "GET / HTTP/1.1" 200 97713 "-" "Mozilla/5.0 (iPhone; CPU iPhone OS 13_2_3 like Mac OS X) AppleWebKit/605.1.15 (KHTML, like Gecko) Version/13.0.3 Mobile/15E148 Safari/604.1"
8.210.66.89 - - [01/Apr/2025:08:11:41 -0400] "GET /robots.txt HTTP/1.1" 404 1251 "-" "Mozilla/5.0 (Windows NT 6.2; Win64; x64) AppleWebKit/537.36 (KHTML, like Gecko) Chrome/73.0.3074.170 Safari/537.36"
8.210.66.89 - - [01/Apr/2025:08:11:41 -0400] "GET /robots.txt HTTP/1.1" 404 1251 "-" "Mozilla/5.0 (Windows NT 6.2; Win64; x64) AppleWebKit/537.36 (KHTML, like Gecko) Chrome/73.0.3074.170 Safari/537.36"
194.38.23.16 - - [01/Apr/2025:08:38:21 -0400] "GET /plugins/html5-file-upload/html5fileupload.php HTTP/1.1" 404 1251 "-" "ALittle Client"
195.200.31.148 - - [01/Apr/2025:09:00:10 -0400] "GET /how-to-win-at-gas-station-slots/ HTTP/1.1" 404 1251 "http://christianmantopoulos.com/how-to-win-at-gas-station-slots/" "Mozilla/5.0 (Windows NT 6.1; WOW64) AppleWebKit/537.36 (KHTML, like Gecko) Chrome/103.0.0.0 Safari/537.36"
195.200.31.148 - - [01/Apr/2025:09:00:14 -0400] "GET / HTTP/1.1" 200 97713 "http://christianmantopoulos.com/" "Mozilla/5.0 (Windows NT 6.1; WOW64) AppleWebKit/537.36 (KHTML, like Gecko) Chrome/103.0.0.0 Safari/537.36"
196.251.80.22 - - [01/Apr/2025:09:03:02 -0400] "POST /wp-plain.php HTTP/1.1" 404 1251 "www.google.com" "Mozilla/5.0 (Linux; Android 7.0; SM-G892A Bulid/NRD90M; wv) AppleWebKit/537.36 (KHTML, like Gecko) Version/4.0 Chrome/60.0.3112.107 Moblie Safari/537.36"
196.251.80.22 - - [01/Apr/2025:09:03:02 -0400] "GET /wp-content/plugins/fix/up.php HTTP/1.1" 404 1251 "-" "Mozilla/5.0 (Windows NT 10.0; Win64; x64) AppleWebKit/537.36 (KHTML, like Gecko) Chrome/85.0.4183.102 Safari/537.36"
196.251.80.22 - - [01/Apr/2025:09:03:03 -0400] "POST /ALFA_DATA/alfacgiapi/perl.alfa HTTP/1.1" 404 1251 "www.google.com" "Mozlila/5.0 (Linux; Android 7.0; SM-G892A Bulid/NRD90M; wv) AppleWebKit/537.36 (KHTML, like Gecko) Version/4.0 Chrome/60.0.3112.107 Moblie Safari/537.36"
196.251.80.22 - - [01/Apr/2025:09:03:03 -0400] "GET /wp-content/themes/seotheme/db.php?u HTTP/1.1" 404 1251 "www.google.com" "Mozlila/5.0 (Linux; Android 7.0; SM-G892A Bulid/NRD90M; wv) AppleWebKit/537.36 (KHTML, like Gecko) Version/4.0 Chrome/60.0.3112.107 Moblie Safari/537.36"
196.251.80.22 - - [01/Apr/2025:09:03:02 -0400] "GET / HTTP/1.1" 200 97713 "-" "Mozlila/5.0 (Linux; Android 7.0; SM-G892A Bulid/NRD90M; wv) AppleWebKit/537.36 (KHTML, like Gecko) Version/4.0 Chrome/60.0.3112.107 Moblie Safari/537.36"
196.251.80.22 - - [01/Apr/2025:09:03:03 -0400] "GET /fimmrxxb.php?Fox=d3wL7 HTTP/1.1" 404 1251 "www.google.com" "Mozilla/5.0 (Linux; Android 7.0; SM-G892A Bulid/NRD90M; wv) AppleWebKit/537.36 (KHTML, like Gecko) Version/4.0 Chrome/60.0.3112.107 Moblie Safari/537.36"
196.251.80.22 - - [01/Apr/2025:09:03:03 -0400] "POST /alfacgiapi/perl.alfa HTTP/1.1" 404 1251 "www.google.com" "Mozlila/5.0 (Linux; Android 7.0; SM-G892A Bulid/NRD90M; wv) AppleWebKit/537.36 (KHTML, like Gecko) Version/4.0 Chrome/60.0.3112.107 Moblie Safari/537.36"
20.163.3.141 - - [01/Apr/2025:09:35:45 -0400] "GET /.env HTTP/1.1" 404 1251 "-" "Mozilla/5.0 (Macintosh; Intel Mac OS X 10.15; rv:77.0) Gecko/20100101 Firefox/77.0"
66.249.72.202 - - [01/Apr/2025:09:38:13 -0400] "GET /Scope-Oak-mirrored-skins-Cornhole-Wraps/Cornhole-Bag-Toss-585880/ HTTP/1.1" 404 1251 "-" "Mozilla/5.0 (Linux; Android 6.0.1; Nexus 5X Build/MMB29P) AppleWebKit/537.36 (KHTML, like Gecko) Chrome/134.0.6998.165 Mobile Safari/537.36 (compatible; Googlebot/2.1; +http://www.google.com/bot.html)"
178.20.45.128 - - [01/Apr/2025:09:51:39 -0400] "GET /how-to-win-at-gas-station-slots/ HTTP/1.1" 404 1251 "http://christianmantopoulos.com/how-to-win-at-gas-station-slots/" "Mozilla/5.0 (Windows NT 10.0; Win64; x64) AppleWebKit/537.36 (KHTML, like Gecko) Chrome/130.0.0.0 Safari/537.36"
178.20.45.128 - - [01/Apr/2025:09:51:40 -0400] "GET / HTTP/1.1" 200 97713 "http://christianmantopoulos.com/" "Mozilla/5.0 (Windows NT 10.0; Win64; x64) AppleWebKit/537.36 (KHTML, like Gecko) Chrome/130.0.0.0 Safari/537.36"
46.8.110.193 - - [01/Apr/2025:10:02:11 -0400] "GET / HTTP/1.1" 200 97713 "-" "Mozilla/5.0 (Windows NT 10.0; Win64; x64) AppleWebKit/537.36 (KHTML, like Gecko) Chrome/114.0.0.0 Safari/537.36"
46.8.110.193 - - [01/Apr/2025:10:02:13 -0400] "GET /'%20+%20item.url%20+%20' HTTP/1.1" 404 1251 "http://christianmantopoulos.com" "Mozilla/5.0 (Windows NT 10.0; Win64; x64) AppleWebKit/537.36 (KHTML, like Gecko) Chrome/114.0.0.0 Safari/537.36"
46.8.110.193 - - [01/Apr/2025:10:02:14 -0400] "GET / HTTP/1.1" 200 97713 "http://christianmantopoulos.com" "Mozilla/5.0 (Windows NT 10.0; Win64; x64) AppleWebKit/537.36 (KHTML, like Gecko) Chrome/114.0.0.0 Safari/537.36"
66.249.72.194 - - [01/Apr/2025:10:08:13 -0400] "GET /DVO-Onyx-D-&034;/Forks-111687/ HTTP/1.1" 404 1251 "-" "Mozilla/5.0 (Linux; Android 6.0.1; Nexus 5X Build/MMB29P) AppleWebKit/537.36 (KHTML, like Gecko) Chrome/134.0.6998.165 Mobile Safari/537.36 (compatible; Googlebot/2.1; +http://www.google.com/bot.html)"
134.209.219.121 - - [01/Apr/2025:10:08:57 -0400] "GET /wp-admin/css/ HTTP/1.1" 403 1242 "binance.com" "Mozilla/5.0 (Windows NT 10.0; Win64; x64) AppleWebKit/537.36 (KHTML, like Gecko) Chrome/90.0.4430.85 Safari/537.36"
85.208.98.23 - - [01/Apr/2025:10:22:06 -0400] "GET /robots.txt HTTP/1.1" 404 1251 "-" "Mozilla/5.0 (compatible; SemrushBot-BA; +http://www.semrush.com/bot.html)"
66.249.72.193 - - [01/Apr/2025:10:38:13 -0400] "GET /Shoes-SPD-Cleat-for-Eggbeater-Brass-Mountain/Pedals-141389/ HTTP/1.1" 404 1251 "-" "Mozilla/5.0 (Linux; Android 6.0.1; Nexus 5X Build/MMB29P) AppleWebKit/537.36 (KHTML, like Gecko) Chrome/134.0.6998.165 Mobile Safari/537.36 (compatible; Googlebot/2.1; +http://www.google.com/bot.html)"
40.77.167.151 - - [01/Apr/2025:11:27:54 -0400] "GET /products/list.php HTTP/1.1" 404 1251 "-" "Mozilla/5.0 AppleWebKit/537.36 (KHTML, like Gecko; compatible; bingbot/2.0; +http://www.bing.com/bingbot.htm) Chrome/116.0.1938.76 Safari/537.36"
134.122.135.50 - - [01/Apr/2025:11:39:12 -0400] "GET /apps/admin/view/default/layui/css/layui.css HTTP/1.1" 404 1251 "http://christianmantopoulos.com/apps/admin/view/default/layui/css/layui.css" "Mozilla/4.0 (compatible; MSIE 9.0; Windows NT 6.1)"
134.122.135.50 - - [01/Apr/2025:11:39:21 -0400] "GET /plus/img/df_dedetitle.gif HTTP/1.1" 404 1251 "http://christianmantopoulos.com/plus/img/df_dedetitle.gif" "Mozilla/4.0 (compatible; MSIE 9.0; Windows NT 6.1)"
134.122.135.50 - - [01/Apr/2025:11:39:35 -0400] "GET /e/data/images/arrow.gif HTTP/1.1" 404 1251 "http://christianmantopoulos.com/e/data/images/arrow.gif" "Mozilla/4.0 (compatible; MSIE 9.0; Windows NT 6.1)"
134.122.135.77 - - [01/Apr/2025:11:41:01 -0400] "GET /include/ckeditor/images/addon.gif HTTP/1.1" 404 1251 "http://christianmantopoulos.com" "Mozilla/5.0 (Windows NT 10.0; Win64; x64) AppleWebKit/537.36 (KHTML, like Gecko) Chrome/128.0.0.0 Safari/537.36"
134.122.135.77 - - [01/Apr/2025:11:41:01 -0400] "GET /apps/admin/view/default/layui/css/layui.css HTTP/1.1" 404 1251 "http://christianmantopoulos.com" "Mozilla/5.0 (Windows NT 10.0; Win64; x64) AppleWebKit/537.36 (KHTML, like Gecko) Chrome/128.0.0.0 Safari/537.36"
134.122.135.77 - - [01/Apr/2025:11:41:01 -0400] "GET /e/data/images/arrow.gif HTTP/1.1" 404 1251 "http://christianmantopoulos.com" "Mozilla/5.0 (Windows NT 10.0; Win64; x64) AppleWebKit/537.36 (KHTML, like Gecko) Chrome/128.0.0.0 Safari/537.36"
134.122.135.77 - - [01/Apr/2025:11:41:01 -0400] "GET /public/plugins/Ueditor/dialogs/attachment/fileTypeImages/icon_psd.gif HTTP/1.1" 404 1251 "http://christianmantopoulos.com" "Mozilla/5.0 (Windows NT 10.0; Win64; x64) AppleWebKit/537.36 (KHTML, like Gecko) Chrome/128.0.0.0 Safari/537.36"
198.54.114.83 - - [01/Apr/2025:11:45:35 -0400] "POST /wp-cron.php?doing_wp_cron=1743522334.3187110424041748046875 HTTP/1.1" 200 0 "-" "WordPress/6.7.2; https://christianmantopoulos.com"
134.122.133.12 - - [01/Apr/2025:11:45:24 -0400] "GET /xmlrpc.php HTTP/1.1" 405 60 "http://christianmantopoulos.com" "Mozilla/5.0 (compatible; Googlebot/2.1; +http://www.google.com/bot.html)"
134.122.133.12 - - [01/Apr/2025:11:48:44 -0400] "GET / HTTP/1.1" 200 97713 "http://christianmantopoulos.com" "Mozilla/5.0 (Linux;u;Android 4.2.2;zh-cn;)"
134.122.133.12 - - [01/Apr/2025:11:50:36 -0400] "GET /zb_system/image/common/user_1.png HTTP/1.1" 404 1251 "http://christianmantopoulos.com" "Sogou web spider/3.0(+http://www.sogou.com/docs/help/webmasters.htm#07\xa1\xe5)"
134.122.133.12 - - [01/Apr/2025:11:50:38 -0400] "GET /zb_users/avatar/0.png HTTP/1.1" 404 1251 "http://christianmantopoulos.com" "Sogou web spider/3.0(+http://www.sogou.com/docs/help/webmasters.htm#07\xa1\xe5)"
134.122.133.12 - - [01/Apr/2025:11:50:49 -0400] "GET /include/ckeditor/images/addon.gif HTTP/1.1" 404 1251 "http://christianmantopoulos.com" "Mozilla/5.0 (compatible; Yahoo! Slurp; http://help.yahoo.com/help/us/ysearch/slurp\xa1\xb1)"
134.122.133.12 - - [01/Apr/2025:11:50:51 -0400] "GET /images/loadinglit.gif HTTP/1.1" 404 1251 "http://christianmantopoulos.com" "Mozilla/5.0 (compatible; Googlebot/2.1; +http://www.google.com/bot.html)"
134.122.133.12 - - [01/Apr/2025:11:51:44 -0400] "GET /public/static/common/images/file.png HTTP/1.1" 404 1251 "http://christianmantopoulos.com" "Mozilla/5.0 (compatible; Baiduspider/2.0; +http://www.baidu.com/search/spider.html\xa3\xa9"
134.122.133.12 - - [01/Apr/2025:11:51:45 -0400] "GET /public/static/admin/images/ok.png HTTP/1.1" 404 1251 "http://christianmantopoulos.com" "Mozilla/5.0 (compatible; Googlebot/2.1; +http://www.google.com/bot.html)"
114.119.130.177 - - [01/Apr/2025:11:56:49 -0400] "GET /robots.txt HTTP/1.1" 404 1251 "-" "Mozilla/5.0 (compatible;PetalBot;+https://webmaster.petalsearch.com/site/petalbot)"
51.8.102.89 - - [01/Apr/2025:12:08:43 -0400] "GET /robots.txt HTTP/1.1" 404 1251 "-" "Mozilla/5.0 (Macintosh; Intel Mac OS X 10_15_7) AppleWebKit/537.36 (KHTML, like Gecko) Chrome/131.0.0.0 Safari/537.36; compatible; OAI-SearchBot/1.0; +https://openai.com/searchbot"
52.167.144.215 - - [01/Apr/2025:12:34:42 -0400] "GET /with-the-afterlife HTTP/1.1" 404 1251 "-" "Mozilla/5.0 AppleWebKit/537.36 (KHTML, like Gecko; compatible; bingbot/2.0; +http://www.bing.com/bingbot.htm) Chrome/116.0.1938.76 Safari/537.36"
198.54.114.83 - - [01/Apr/2025:12:37:30 -0400] "POST /wp-cron.php?doing_wp_cron=1743525450.1795630455017089843750 HTTP/1.1" 200 0 "-" "WordPress/6.7.2; https://christianmantopoulos.com"
113.36.242.229 - - [01/Apr/2025:12:37:27 -0400] "POST /xmlrpc.php HTTP/1.1" 200 212 "http://christianmantopoulos.com" "Mozilla/5.0 (Macintosh; Intel Mac OS X 10_15_7) AppleWebKit/537.36 (KHTML, like Gecko) Chrome/126.0.0.0 Safari/537.36"
216.244.66.234 - - [01/Apr/2025:12:40:43 -0400] "GET /robots.txt HTTP/1.1" 404 1251 "-" "Mozilla/5.0 (compatible; DotBot/1.2; +https://opensiteexplorer.org/dotbot; help@moz.com)"
85.208.98.23 - - [01/Apr/2025:12:47:36 -0400] "GET /robots.txt HTTP/1.1" 404 1251 "-" "Mozilla/5.0 (compatible; SemrushBot-BA; +http://www.semrush.com/bot.html)"
13.229.78.155 - - [01/Apr/2025:12:48:55 -0400] "GET /wp-cli.php HTTP/1.1" 404 1251 "www.google.com" "Mozlila/5.0 (Linux; Android 7.0; SM-G892A Bulid/NRD90M; wv) AppleWebKit/537.36 (KHTML, like Gecko) Version/4.0 Chrome/60.0.3112.107 Moblie Safari/537.36"
216.244.66.234 - - [01/Apr/2025:12:50:43 -0400] "GET /forget-heels-dolce-vita-flats-are-in/feed/ HTTP/1.1" 404 1251 "-" "Mozilla/5.0 (compatible; DotBot/1.2; +https://opensiteexplorer.org/dotbot; help@moz.com)"
66.249.72.203 - - [01/Apr/2025:13:08:17 -0400] "GET /camouflage-suit-Regular-size-Outdoor-Ghost/Ghillie-Suits-466271/ HTTP/1.1" 404 1251 "-" "Mozilla/5.0 (Linux; Android 6.0.1; Nexus 5X Build/MMB29P) AppleWebKit/537.36 (KHTML, like Gecko) Chrome/134.0.6998.165 Mobile Safari/537.36 (compatible; Googlebot/2.1; +http://www.google.com/bot.html)"
216.244.66.234 - - [01/Apr/2025:13:17:53 -0400] "GET /building-a-youtube-subscriber-base/feed/ HTTP/1.1" 404 1251 "-" "Mozilla/5.0 (compatible; DotBot/1.2; +https://opensiteexplorer.org/dotbot; help@moz.com)"
216.244.66.234 - - [01/Apr/2025:13:17:57 -0400] "GET /what-are-the-benefits-of-a-utility-payment-solution/feed/ HTTP/1.1" 404 1251 "-" "Mozilla/5.0 (compatible; DotBot/1.2; +https://opensiteexplorer.org/dotbot; help@moz.com)"
2001:4ba0:cafe:c13::1 - - [01/Apr/2025:13:21:22 -0400] "GET / HTTP/1.1" 200 97713 "-" "Mozilla/5.0 (Windows NT 10.0; Win64; x64) AppleWebKit/537.36 (KHTML, like Gecko) Chrome/91.0.4472.114 Safari/537.36 Edg/91.0.864.54"
216.244.66.234 - - [01/Apr/2025:13:27:29 -0400] "GET /forget-heels-dolce-vita-flats-are-in/feed/ HTTP/1.1" 404 1251 "-" "Mozilla/5.0 (compatible; DotBot/1.2; +https://opensiteexplorer.org/dotbot; help@moz.com)"
198.54.114.83 - - [01/Apr/2025:13:32:47 -0400] "POST /wp-cron.php?doing_wp_cron=1743528767.6068820953369140625000 HTTP/1.1" 200 0 "-" "WordPress/6.7.2; https://christianmantopoulos.com"
199.188.201.234 - - [01/Apr/2025:13:32:45 -0400] "POST /xmlrpc.php HTTP/1.1" 200 212 "http://christianmantopoulos.com" "Mozilla/5.0 (Windows NT 10.0; Win64; x64) AppleWebKit/537.36 (KHTML, like Gecko) Chrome/112.0.5615.138 Safari/537.36 Edg/112.0.1722.68"
13.229.78.155 - - [01/Apr/2025:13:36:00 -0400] "GET /wp-includes/ID3/index.php HTTP/1.1" 404 1251 "-" "Mozlila/5.0 (Linux; Android 7.0; SM-G892A Bulid/NRD90M; wv) AppleWebKit/537.36 (KHTML, like Gecko) Version/4.0 Chrome/60.0.3112.107 Moblie Safari/537.36"
13.229.78.155 - - [01/Apr/2025:13:36:03 -0400] "GET /wp-content/plugins/index.php HTTP/1.1" 200 0 "-" "Mozlila/5.0 (Linux; Android 7.0; SM-G892A Bulid/NRD90M; wv) AppleWebKit/537.36 (KHTML, like Gecko) Version/4.0 Chrome/60.0.3112.107 Moblie Safari/537.36"
13.229.78.155 - - [01/Apr/2025:13:36:05 -0400] "GET /wp-admin/network/index.php HTTP/1.1" 302 0 "-" "Mozlila/5.0 (Linux; Android 7.0; SM-G892A Bulid/NRD90M; wv) AppleWebKit/537.36 (KHTML, like Gecko) Version/4.0 Chrome/60.0.3112.107 Moblie Safari/537.36"
198.54.114.83 - - [01/Apr/2025:13:36:11 -0400] "POST /wp-cron.php?doing_wp_cron=1743528968.0399301052093505859375 HTTP/1.1" 200 0 "-" "WordPress/6.7.2; https://christianmantopoulos.com"
13.229.78.155 - - [01/Apr/2025:13:36:19 -0400] "GET /wp-includes/IXR/index.php HTTP/1.1" 404 1251 "-" "Mozlila/5.0 (Linux; Android 7.0; SM-G892A Bulid/NRD90M; wv) AppleWebKit/537.36 (KHTML, like Gecko) Version/4.0 Chrome/60.0.3112.107 Moblie Safari/537.36"
13.229.78.155 - - [01/Apr/2025:13:36:22 -0400] "GET /wp-admin/images/index.php HTTP/1.1" 404 1251 "-" "Mozlila/5.0 (Linux; Android 7.0; SM-G892A Bulid/NRD90M; wv) AppleWebKit/537.36 (KHTML, like Gecko) Version/4.0 Chrome/60.0.3112.107 Moblie Safari/537.36"
13.229.78.155 - - [01/Apr/2025:13:36:24 -0400] "GET /wp-login.php HTTP/1.1" 302 0 "-" "Mozlila/5.0 (Linux; Android 7.0; SM-G892A Bulid/NRD90M; wv) AppleWebKit/537.36 (KHTML, like Gecko) Version/4.0 Chrome/60.0.3112.107 Moblie Safari/537.36"
198.54.114.83 - - [01/Apr/2025:13:36:26 -0400] "POST /wp-cron.php?doing_wp_cron=1743528984.9833219051361083984375 HTTP/1.1" 200 0 "-" "WordPress/6.7.2; https://christianmantopoulos.com"
13.229.78.155 - - [01/Apr/2025:13:36:33 -0400] "GET /wp-content/plugins/admin.php HTTP/1.1" 404 1251 "-" "Mozlila/5.0 (Linux; Android 7.0; SM-G892A Bulid/NRD90M; wv) AppleWebKit/537.36 (KHTML, like Gecko) Version/4.0 Chrome/60.0.3112.107 Moblie Safari/537.36"
13.229.78.155 - - [01/Apr/2025:13:36:36 -0400] "GET /xmlrpc.php HTTP/1.1" 405 60 "-" "Mozlila/5.0 (Linux; Android 7.0; SM-G892A Bulid/NRD90M; wv) AppleWebKit/537.36 (KHTML, like Gecko) Version/4.0 Chrome/60.0.3112.107 Moblie Safari/537.36"
13.229.78.155 - - [01/Apr/2025:13:36:38 -0400] "GET /wp-admin.php HTTP/1.1" 404 1251 "-" "Mozlila/5.0 (Linux; Android 7.0; SM-G892A Bulid/NRD90M; wv) AppleWebKit/537.36 (KHTML, like Gecko) Version/4.0 Chrome/60.0.3112.107 Moblie Safari/537.36"
13.229.78.155 - - [01/Apr/2025:13:36:39 -0400] "GET /wp-content/plugins/Core-Econ/upH.php HTTP/1.1" 404 1251 "-" "Mozlila/5.0 (Linux; Android 7.0; SM-G892A Bulid/NRD90M; wv) AppleWebKit/537.36 (KHTML, like Gecko) Version/4.0 Chrome/60.0.3112.107 Moblie Safari/537.36"
13.229.78.155 - - [01/Apr/2025:13:36:41 -0400] "GET /wp-content/plugins/fix/up.php HTTP/1.1" 404 1251 "-" "Mozlila/5.0 (Linux; Android 7.0; SM-G892A Bulid/NRD90M; wv) AppleWebKit/537.36 (KHTML, like Gecko) Version/4.0 Chrome/60.0.3112.107 Moblie Safari/537.36"
13.229.78.155 - - [01/Apr/2025:13:36:42 -0400] "GET /wp-content/plugins/pwnd/pwnd.php HTTP/1.1" 404 1251 "-" "Mozlila/5.0 (Linux; Android 7.0; SM-G892A Bulid/NRD90M; wv) AppleWebKit/537.36 (KHTML, like Gecko) Version/4.0 Chrome/60.0.3112.107 Moblie Safari/537.36"
13.229.78.155 - - [01/Apr/2025:13:36:44 -0400] "GET /wp-content/plugins/shell/noimg.php HTTP/1.1" 404 1251 "-" "Mozlila/5.0 (Linux; Android 7.0; SM-G892A Bulid/NRD90M; wv) AppleWebKit/537.36 (KHTML, like Gecko) Version/4.0 Chrome/60.0.3112.107 Moblie Safari/537.36"
13.229.78.155 - - [01/Apr/2025:13:36:44 -0400] "GET /WSOEnigma.php HTTP/1.1" 404 1251 "-" "Mozlila/5.0 (Linux; Android 7.0; SM-G892A Bulid/NRD90M; wv) AppleWebKit/537.36 (KHTML, like Gecko) Version/4.0 Chrome/60.0.3112.107 Moblie Safari/537.36"
13.229.78.155 - - [01/Apr/2025:13:36:45 -0400] "GET /wp-content/plugins/pwnd-1/pwnd.php HTTP/1.1" 404 1251 "-" "Mozlila/5.0 (Linux; Android 7.0; SM-G892A Bulid/NRD90M; wv) AppleWebKit/537.36 (KHTML, like Gecko) Version/4.0 Chrome/60.0.3112.107 Moblie Safari/537.36"
13.229.78.155 - - [01/Apr/2025:13:36:46 -0400] "GET /wp-content/plugins/dummyyummy/wp-signup.php HTTP/1.1" 404 1251 "-" "Mozlila/5.0 (Linux; Android 7.0; SM-G892A Bulid/NRD90M; wv) AppleWebKit/537.36 (KHTML, like Gecko) Version/4.0 Chrome/60.0.3112.107 Moblie Safari/537.36"
13.229.78.155 - - [01/Apr/2025:13:36:47 -0400] "GET /wp-content/plugins/clara/clara.php HTTP/1.1" 404 1251 "-" "Mozlila/5.0 (Linux; Android 7.0; SM-G892A Bulid/NRD90M; wv) AppleWebKit/537.36 (KHTML, like Gecko) Version/4.0 Chrome/60.0.3112.107 Moblie Safari/537.36"
66.249.72.194 - - [01/Apr/2025:13:38:18 -0400] "GET /robots.txt HTTP/1.1" 404 1251 "-" "Mozilla/5.0 (compatible; Googlebot/2.1; +http://www.google.com/bot.html)"
