66.249.72.203 - - [05/Apr/2025:05:02:56 -0400] "GET /BELT-CLIP-OWB-FOR-GLOCK-W-LASER/Holsters-483372/ HTTP/1.1" 404 1251 "-" "Mozilla/5.0 (Linux; Android 6.0.1; Nexus 5X Build/MMB29P) AppleWebKit/537.36 (KHTML, like Gecko) Chrome/134.0.6998.165 Mobile Safari/537.36 (compatible; Googlebot/2.1; +http://www.google.com/bot.html)"
66.249.72.202 - - [05/Apr/2025:05:04:32 -0400] "GET /Kamikaze-FEATHER-JIGS/Saltwater-Lures-291201/ HTTP/1.1" 404 1251 "-" "Mozilla/5.0 (Linux; Android 6.0.1; Nexus 5X Build/MMB29P) AppleWebKit/537.36 (KHTML, like Gecko) Chrome/134.0.6998.165 Mobile Safari/537.36 (compatible; Googlebot/2.1; +http://www.google.com/bot.html)"
66.249.72.204 - - [05/Apr/2025:05:06:08 -0400] "GET /Wand-Latzug-KSport-Latzugstation-Seilzug/Home-Gyms-453956/ HTTP/1.1" 404 1251 "-" "Mozilla/5.0 (Linux; Android 6.0.1; Nexus 5X Build/MMB29P) AppleWebKit/537.36 (KHTML, like Gecko) Chrome/134.0.6998.165 Mobile Safari/537.36 (compatible; Googlebot/2.1; +http://www.google.com/bot.html)"
216.244.66.234 - - [05/Apr/2025:05:07:15 -0400] "GET /unlocking-the-power-of-ruqyah-understanding-its-meaning-and-significance/feed/ HTTP/1.1" 404 1251 "-" "Mozilla/5.0 (compatible; DotBot/1.2; +https://opensiteexplorer.org/dotbot; help@moz.com)"
66.249.72.203 - - [05/Apr/2025:05:07:44 -0400] "GET /Multitools-Folding-Multipurpose-Outdo-Roxon-CM1349/Pocket-Multi-Tools-602526/ HTTP/1.1" 404 1251 "-" "Mozilla/5.0 (Linux; Android 6.0.1; Nexus 5X Build/MMB29P) AppleWebKit/537.36 (KHTML, like Gecko) Chrome/134.0.6998.165 Mobile Safari/537.36 (compatible; Googlebot/2.1; +http://www.google.com/bot.html)"
66.249.72.193 - - [05/Apr/2025:05:09:20 -0400] "GET /loop-with-studs-Deben-MK-Black/Other-Hunting-Accessories-505100/ HTTP/1.1" 404 1251 "-" "Mozilla/5.0 (Linux; Android 6.0.1; Nexus 5X Build/MMB29P) AppleWebKit/537.36 (KHTML, like Gecko) Chrome/134.0.6998.165 Mobile Safari/537.36 (compatible; Googlebot/2.1; +http://www.google.com/bot.html)"
66.249.72.193 - - [05/Apr/2025:05:10:56 -0400] "GET /Nightstick-Angle-Light/Flashlights-627553/ HTTP/1.1" 404 1251 "-" "Mozilla/5.0 (Linux; Android 6.0.1; Nexus 5X Build/MMB29P) AppleWebKit/537.36 (KHTML, like Gecko) Chrome/134.0.6998.165 Mobile Safari/537.36 (compatible; Googlebot/2.1; +http://www.google.com/bot.html)"
66.249.72.192 - - [05/Apr/2025:05:12:32 -0400] "GET /New-from-Japan-FUJI-KOGYO-Reel/Other-Fishing-350932/ HTTP/1.1" 404 1251 "-" "Mozilla/5.0 (Linux; Android 6.0.1; Nexus 5X Build/MMB29P) AppleWebKit/537.36 (KHTML, like Gecko) Chrome/134.0.6998.165 Mobile Safari/537.36 (compatible; Googlebot/2.1; +http://www.google.com/bot.html)"
66.249.72.193 - - [05/Apr/2025:05:14:08 -0400] "GET /Gloves-Muay-Thai-MMA-Stars-Wyox-Elastic/Hand-Wraps-18419/ HTTP/1.1" 404 1251 "-" "Mozilla/5.0 (Linux; Android 6.0.1; Nexus 5X Build/MMB29P) AppleWebKit/537.36 (KHTML, like Gecko) Chrome/134.0.6998.165 Mobile Safari/537.36 (compatible; Googlebot/2.1; +http://www.google.com/bot.html)"
66.249.72.193 - - [05/Apr/2025:05:15:44 -0400] "GET /LOCKRING-SHIMANO-RTEM-mm-CENTERLOCK/Brake-Rotors-75419/ HTTP/1.1" 404 1251 "-" "Mozilla/5.0 (Linux; Android 6.0.1; Nexus 5X Build/MMB29P) AppleWebKit/537.36 (KHTML, like Gecko) Chrome/134.0.6998.165 Mobile Safari/537.36 (compatible; Googlebot/2.1; +http://www.google.com/bot.html)"
66.249.72.192 - - [05/Apr/2025:05:17:21 -0400] "GET /Pesca-Tackle-PcsSet-Fishing-Lures/Soft-Plastics-304808/ HTTP/1.1" 404 1251 "-" "Mozilla/5.0 (Linux; Android 6.0.1; Nexus 5X Build/MMB29P) AppleWebKit/537.36 (KHTML, like Gecko) Chrome/134.0.6998.165 Mobile Safari/537.36 (compatible; Googlebot/2.1; +http://www.google.com/bot.html)"
66.249.72.192 - - [05/Apr/2025:05:18:57 -0400] "GET /Bowl-Pot-Pan-Set-New-Outdoor-pc/Camping-Cookware-590357/ HTTP/1.1" 404 1251 "-" "Mozilla/5.0 (Linux; Android 6.0.1; Nexus 5X Build/MMB29P) AppleWebKit/537.36 (KHTML, like Gecko) Chrome/134.0.6998.165 Mobile Safari/537.36 (compatible; Googlebot/2.1; +http://www.google.com/bot.html)"
52.167.144.184 - - [05/Apr/2025:05:19:36 -0400] "GET /article/detail-193 HTTP/1.1" 404 1251 "-" "Mozilla/5.0 AppleWebKit/537.36 (KHTML, like Gecko; compatible; bingbot/2.0; +http://www.bing.com/bingbot.htm) Chrome/116.0.1938.76 Safari/537.36"
52.167.144.184 - - [05/Apr/2025:05:20:09 -0400] "GET /company-info/company-summary HTTP/1.1" 404 1251 "-" "Mozilla/5.0 AppleWebKit/537.36 (KHTML, like Gecko; compatible; bingbot/2.0; +http://www.bing.com/bingbot.htm) Chrome/116.0.1938.76 Safari/537.36"
66.249.72.194 - - [05/Apr/2025:05:20:33 -0400] "GET /WSC-Jackson-PY-Pygmy/Crankbaits-269111/ HTTP/1.1" 404 1251 "-" "Mozilla/5.0 (Linux; Android 6.0.1; Nexus 5X Build/MMB29P) AppleWebKit/537.36 (KHTML, like Gecko) Chrome/134.0.6998.165 Mobile Safari/537.36 (compatible; Googlebot/2.1; +http://www.google.com/bot.html)"
66.249.72.194 - - [05/Apr/2025:05:22:09 -0400] "GET /Target-Papers-Pcs-EVA-x40CM/Targets-520246/ HTTP/1.1" 404 1251 "-" "Mozilla/5.0 (Linux; Android 6.0.1; Nexus 5X Build/MMB29P) AppleWebKit/537.36 (KHTML, like Gecko) Chrome/134.0.6998.165 Mobile Safari/537.36 (compatible; Googlebot/2.1; +http://www.google.com/bot.html)"
216.244.66.234 - - [05/Apr/2025:05:23:35 -0400] "GET /category/activity/page/51/ HTTP/1.1" 404 1251 "-" "Mozilla/5.0 (compatible; DotBot/1.2; +https://opensiteexplorer.org/dotbot; help@moz.com)"
66.249.72.193 - - [05/Apr/2025:05:23:45 -0400] "GET /Wheel-Skewers-Stainless-RED-OMNI-Racer/Skewers-167444/ HTTP/1.1" 404 1251 "-" "Mozilla/5.0 (Linux; Android 6.0.1; Nexus 5X Build/MMB29P) AppleWebKit/537.36 (KHTML, like Gecko) Chrome/134.0.6998.165 Mobile Safari/537.36 (compatible; Googlebot/2.1; +http://www.google.com/bot.html)"
40.77.167.159 - - [05/Apr/2025:05:24:22 -0400] "GET /shop/131862/list.html HTTP/1.1" 404 1251 "-" "Mozilla/5.0 AppleWebKit/537.36 (KHTML, like Gecko; compatible; bingbot/2.0; +http://www.bing.com/bingbot.htm) Chrome/116.0.1938.76 Safari/537.36"
66.249.72.193 - - [05/Apr/2025:05:25:21 -0400] "GET /Set-Pack-Clear-Thermos-Foogo/Vacuum-Flasks-&-Mugs-10326/ HTTP/1.1" 404 1251 "-" "Mozilla/5.0 (Linux; Android 6.0.1; Nexus 5X Build/MMB29P) AppleWebKit/537.36 (KHTML, like Gecko) Chrome/134.0.6998.165 Mobile Safari/537.36 (compatible; Googlebot/2.1; +http://www.google.com/bot.html)"
216.244.66.234 - - [05/Apr/2025:05:25:42 -0400] "GET /true-clay-surfaces-poker-poker-chips-guide-2/ HTTP/1.1" 404 1251 "-" "Mozilla/5.0 (compatible; DotBot/1.2; +https://opensiteexplorer.org/dotbot; help@moz.com)"
66.249.72.193 - - [05/Apr/2025:05:26:57 -0400] "GET /Extra-Mag-pouch-Ambidextrous-USA-Mfg/Holsters-483893/ HTTP/1.1" 404 1251 "-" "Mozilla/5.0 (Linux; Android 6.0.1; Nexus 5X Build/MMB29P) AppleWebKit/537.36 (KHTML, like Gecko) Chrome/134.0.6998.165 Mobile Safari/537.36 (compatible; Googlebot/2.1; +http://www.google.com/bot.html)"
66.249.72.204 - - [05/Apr/2025:05:28:35 -0400] "GET /Left-Only-NIB-Shimano-Saint-BLM820L/Brake-Levers-71091/ HTTP/1.1" 404 1251 "-" "Mozilla/5.0 (Linux; Android 6.0.1; Nexus 5X Build/MMB29P) AppleWebKit/537.36 (KHTML, like Gecko) Chrome/134.0.6998.165 Mobile Safari/537.36 (compatible; Googlebot/2.1; +http://www.google.com/bot.html)"
66.249.72.204 - - [05/Apr/2025:05:30:15 -0400] "GET /Athena-carbon-cranks-various-lengths/Cranksets-103821/ HTTP/1.1" 404 1251 "-" "Mozilla/5.0 (Linux; Android 6.0.1; Nexus 5X Build/MMB29P) AppleWebKit/537.36 (KHTML, like Gecko) Chrome/134.0.6998.165 Mobile Safari/537.36 (compatible; Googlebot/2.1; +http://www.google.com/bot.html)"
216.244.66.234 - - [05/Apr/2025:05:31:35 -0400] "GET /building-a-youtube-subscriber-base/feed/ HTTP/1.1" 404 1251 "-" "Mozilla/5.0 (compatible; DotBot/1.2; +https://opensiteexplorer.org/dotbot; help@moz.com)"
66.249.72.202 - - [05/Apr/2025:05:31:46 -0400] "GET /FREE-SHIPPING-Set-of/Cornhole-Bag-Toss-586545/ HTTP/1.1" 404 1251 "-" "Mozilla/5.0 (Linux; Android 6.0.1; Nexus 5X Build/MMB29P) AppleWebKit/537.36 (KHTML, like Gecko) Chrome/134.0.6998.165 Mobile Safari/537.36 (compatible; Googlebot/2.1; +http://www.google.com/bot.html)"
66.249.72.203 - - [05/Apr/2025:05:33:22 -0400] "GET /Equipment-Home-Gym-Sit-Up-Assistant/Abdominal-Exercisers-418877/ HTTP/1.1" 404 1251 "-" "Mozilla/5.0 (Linux; Android 6.0.1; Nexus 5X Build/MMB29P) AppleWebKit/537.36 (KHTML, like Gecko) Chrome/134.0.6998.165 Mobile Safari/537.36 (compatible; Googlebot/2.1; +http://www.google.com/bot.html)"
66.249.72.202 - - [05/Apr/2025:05:36:35 -0400] "GET /Full-Cheek-with-Corkscrew/Bits-675851/ HTTP/1.1" 404 1251 "-" "Mozilla/5.0 (Linux; Android 6.0.1; Nexus 5X Build/MMB29P) AppleWebKit/537.36 (KHTML, like Gecko) Chrome/134.0.6998.165 Mobile Safari/537.36 (compatible; Googlebot/2.1; +http://www.google.com/bot.html)"
66.249.72.203 - - [05/Apr/2025:05:38:12 -0400] "GET /Chartreuse-and-Clarkspoon-RBMSCPF-Flashspoon/Spoons-308944/ HTTP/1.1" 404 1251 "-" "Mozilla/5.0 (Linux; Android 6.0.1; Nexus 5X Build/MMB29P) AppleWebKit/537.36 (KHTML, like Gecko) Chrome/134.0.6998.165 Mobile Safari/537.36 (compatible; Googlebot/2.1; +http://www.google.com/bot.html)"
216.244.66.234 - - [05/Apr/2025:05:39:02 -0400] "GET /unlocking-the-power-of-ruqyah-understanding-its-meaning-and-significance/feed/ HTTP/1.1" 404 1251 "-" "Mozilla/5.0 (compatible; DotBot/1.2; +https://opensiteexplorer.org/dotbot; help@moz.com)"
66.249.72.202 - - [05/Apr/2025:05:39:46 -0400] "GET /Screw-Kit-SRAM-XX-Speed/Rear-Derailleurs-147830/ HTTP/1.1" 404 1251 "-" "Mozilla/5.0 (Linux; Android 6.0.1; Nexus 5X Build/MMB29P) AppleWebKit/537.36 (KHTML, like Gecko) Chrome/134.0.6998.165 Mobile Safari/537.36 (compatible; Googlebot/2.1; +http://www.google.com/bot.html)"
66.249.72.202 - - [05/Apr/2025:05:41:23 -0400] "GET /Cycling-Thru-Axle-&034;-MTB-Suspension/Forks-110315/ HTTP/1.1" 404 1251 "-" "Mozilla/5.0 (Linux; Android 6.0.1; Nexus 5X Build/MMB29P) AppleWebKit/537.36 (KHTML, like Gecko) Chrome/134.0.6998.165 Mobile Safari/537.36 (compatible; Googlebot/2.1; +http://www.google.com/bot.html)"
166.1.206.217 - - [05/Apr/2025:05:42:04 -0400] "GET /how-to-win-at-gas-station-slots/ HTTP/1.1" 404 1251 "http://christianmantopoulos.com/how-to-win-at-gas-station-slots/" "Mozilla/5.0 (Windows NT 10.0; Win64; x64) AppleWebKit/537.36 (KHTML, like Gecko) Chrome/130.0.0.0 Safari/537.36 CCleaner/130.0.0.0"
166.1.206.217 - - [05/Apr/2025:05:42:06 -0400] "GET / HTTP/1.1" 200 97713 "http://christianmantopoulos.com/" "Mozilla/5.0 (Windows NT 10.0; Win64; x64) AppleWebKit/537.36 (KHTML, like Gecko) Chrome/130.0.0.0 Safari/537.36 CCleaner/130.0.0.0"
66.249.72.203 - - [05/Apr/2025:05:42:58 -0400] "GET /Car-Laptop-Stickers-PcsLot-Game-of/Stickers-&-Decals-725745/ HTTP/1.1" 404 1251 "-" "Mozilla/5.0 (Linux; Android 6.0.1; Nexus 5X Build/MMB29P) AppleWebKit/537.36 (KHTML, like Gecko) Chrome/134.0.6998.165 Mobile Safari/537.36 (compatible; Googlebot/2.1; +http://www.google.com/bot.html)"
66.249.72.202 - - [05/Apr/2025:05:44:34 -0400] "GET /Nightstick-Angle-Light/Flashlights-627553/ HTTP/1.1" 404 1251 "-" "Mozilla/5.0 (Linux; Android 6.0.1; Nexus 5X Build/MMB29P) AppleWebKit/537.36 (KHTML, like Gecko) Chrome/134.0.6998.165 Mobile Safari/537.36 (compatible; GoogleOther)"
185.231.155.169 - - [05/Apr/2025:06:05:20 -0400] "GET /how-to-win-at-gas-station-slots/ HTTP/1.1" 404 1251 "http://christianmantopoulos.com/how-to-win-at-gas-station-slots/" "Mozilla/5.0 (Windows NT 10.0; Win64; x64) AppleWebKit/537.36 (KHTML, like Gecko) Chrome/130.0.0.0 Safari/537.36"
185.231.155.169 - - [05/Apr/2025:06:05:21 -0400] "GET / HTTP/1.1" 200 97713 "http://christianmantopoulos.com/" "Mozilla/5.0 (Windows NT 10.0; Win64; x64) AppleWebKit/537.36 (KHTML, like Gecko) Chrome/130.0.0.0 Safari/537.36"
198.54.114.83 - - [05/Apr/2025:06:06:10 -0400] "POST /wp-cron.php?doing_wp_cron=1743847569.3483319282531738281250 HTTP/1.1" 200 0 "-" "WordPress/6.7.2; https://christianmantopoulos.com"
103.190.204.38 - - [05/Apr/2025:06:06:05 -0400] "POST /wp-login.php HTTP/1.1" 302 0 "http://christianmantopoulos.com/wp-admin/" "Mozilla/5.0 (Windows NT 10.0; Win64; x64) AppleWebKit/537.36 (KHTML, like Gecko) Chrome/90.0.4430.85 Safari/537.36"
52.167.144.22 - - [05/Apr/2025:06:13:36 -0400] "GET /how-to HTTP/1.1" 404 1251 "-" "Mozilla/5.0 AppleWebKit/537.36 (KHTML, like Gecko; compatible; bingbot/2.0; +http://www.bing.com/bingbot.htm) Chrome/116.0.1938.76 Safari/537.36"
52.167.144.22 - - [05/Apr/2025:06:14:17 -0400] "GET /client/widex-logo HTTP/1.1" 404 1251 "-" "Mozilla/5.0 AppleWebKit/537.36 (KHTML, like Gecko; compatible; bingbot/2.0; +http://www.bing.com/bingbot.htm) Chrome/116.0.1938.76 Safari/537.36"
185.247.137.204 - - [05/Apr/2025:06:29:37 -0400] "GET / HTTP/1.1" 200 97713 "-" "Mozilla/5.0 (compatible; InternetMeasurement/1.0; +https://internet-measurement.com/)"
77.238.251.212 - - [05/Apr/2025:06:37:08 -0400] "GET /how-to-win-at-gas-station-slots/ HTTP/1.1" 404 1251 "http://christianmantopoulos.com/how-to-win-at-gas-station-slots/" "Mozilla/5.0 (Windows NT 10.0; Win64; x64) AppleWebKit/537.36 (KHTML, like Gecko) Chrome/130.0.0.0 Safari/537.36 CCleaner/130.0.0.0"
77.238.251.212 - - [05/Apr/2025:06:37:09 -0400] "GET / HTTP/1.1" 200 97713 "http://christianmantopoulos.com/" "Mozilla/5.0 (Windows NT 10.0; Win64; x64) AppleWebKit/537.36 (KHTML, like Gecko) Chrome/130.0.0.0 Safari/537.36 CCleaner/130.0.0.0"
84.239.25.8 - - [05/Apr/2025:06:45:13 -0400] "GET /.env HTTP/1.1" 404 1251 "-" "Mozilla/5.0 (Macintosh; Intel Mac OS X 10.15; rv:77.0) Gecko/20100101 Firefox/77.0"
170.106.192.208 - - [05/Apr/2025:06:46:47 -0400] "GET / HTTP/1.1" 200 97713 "-" "Mozilla/5.0 (iPhone; CPU iPhone OS 13_2_3 like Mac OS X) AppleWebKit/605.1.15 (KHTML, like Gecko) Version/13.0.3 Mobile/15E148 Safari/604.1"
84.54.44.30 - - [05/Apr/2025:06:54:28 -0400] "GET /how-to-win-at-gas-station-slots/ HTTP/1.1" 404 1251 "http://christianmantopoulos.com/how-to-win-at-gas-station-slots/" "Mozilla/5.0 (Windows NT 10.0; Win64; x64) AppleWebKit/537.36 (KHTML, like Gecko) Chrome/130.0.0.0 Safari/537.36 CCleaner/130.0.0.0"
84.54.44.30 - - [05/Apr/2025:06:54:28 -0400] "GET / HTTP/1.1" 200 97713 "http://christianmantopoulos.com/" "Mozilla/5.0 (Windows NT 10.0; Win64; x64) AppleWebKit/537.36 (KHTML, like Gecko) Chrome/130.0.0.0 Safari/537.36 CCleaner/130.0.0.0"
84.54.44.204 - - [05/Apr/2025:06:55:33 -0400] "GET /how-to-win-at-gas-station-slots/ HTTP/1.1" 404 1251 "http://christianmantopoulos.com/how-to-win-at-gas-station-slots/" "Mozilla/5.0 (Windows NT 10.0; Win64; x64) AppleWebKit/537.36 (KHTML, like Gecko) Chrome/129.0.0.0 Safari/537.36"
84.54.44.204 - - [05/Apr/2025:06:55:34 -0400] "GET / HTTP/1.1" 200 97713 "http://christianmantopoulos.com/" "Mozilla/5.0 (Windows NT 10.0; Win64; x64) AppleWebKit/537.36 (KHTML, like Gecko) Chrome/129.0.0.0 Safari/537.36"
66.249.72.192 - - [05/Apr/2025:07:40:21 -0400] "GET /SHIRT-BJJ-MMA-VALE-TUDO-SIZES-SXL-RAGS/Shirts-12357/ HTTP/1.1" 404 1251 "-" "Mozilla/5.0 (Linux; Android 6.0.1; Nexus 5X Build/MMB29P) AppleWebKit/537.36 (KHTML, like Gecko) Chrome/134.0.6998.165 Mobile Safari/537.36 (compatible; Googlebot/2.1; +http://www.google.com/bot.html)"
66.249.72.192 - - [05/Apr/2025:07:40:41 -0400] "GET /and-Loop-Fasteners-Belt-kg-cm/Water-Bottles-&-Cages-64262/ HTTP/1.1" 404 1251 "-" "Mozilla/5.0 (Linux; Android 6.0.1; Nexus 5X Build/MMB29P) AppleWebKit/537.36 (KHTML, like Gecko) Chrome/134.0.6998.165 Mobile Safari/537.36 (compatible; Googlebot/2.1; +http://www.google.com/bot.html)"
66.249.72.193 - - [05/Apr/2025:07:41:00 -0400] "GET /Flashlight-Lumen-Waterproof-Flashlight/Flashlights-620827/ HTTP/1.1" 404 1251 "-" "Mozilla/5.0 (Linux; Android 6.0.1; Nexus 5X Build/MMB29P) AppleWebKit/537.36 (KHTML, like Gecko) Chrome/134.0.6998.165 Mobile Safari/537.36 (compatible; Googlebot/2.1; +http://www.google.com/bot.html)"
66.249.72.193 - - [05/Apr/2025:07:41:20 -0400] "GET /Sold-in-Lots-of-Eurosul-Handheld/Other-Emergency-Gear-612367/ HTTP/1.1" 404 1251 "-" "Mozilla/5.0 (Linux; Android 6.0.1; Nexus 5X Build/MMB29P) AppleWebKit/537.36 (KHTML, like Gecko) Chrome/134.0.6998.165 Mobile Safari/537.36 (compatible; Googlebot/2.1; +http://www.google.com/bot.html)"
66.249.72.192 - - [05/Apr/2025:07:41:40 -0400] "GET /Game-Fly-Fishing-Vision-Slim-Nymphmaniac/Fly-Fishing-Accessories-324022/ HTTP/1.1" 404 1251 "-" "Mozilla/5.0 (Linux; Android 6.0.1; Nexus 5X Build/MMB29P) AppleWebKit/537.36 (KHTML, like Gecko) Chrome/134.0.6998.165 Mobile Safari/537.36 (compatible; Googlebot/2.1; +http://www.google.com/bot.html)"
66.249.72.192 - - [05/Apr/2025:07:41:58 -0400] "GET /Towel-AC10019TR-x33cmRedWhite-Cotton/Badminton-778582/ HTTP/1.1" 404 1251 "-" "Mozilla/5.0 (Linux; Android 6.0.1; Nexus 5X Build/MMB29P) AppleWebKit/537.36 (KHTML, like Gecko) Chrome/134.0.6998.165 Mobile Safari/537.36 (compatible; Googlebot/2.1; +http://www.google.com/bot.html)"
66.249.72.192 - - [05/Apr/2025:07:42:18 -0400] "GET /Title-American/Shorts-13270/ HTTP/1.1" 404 1251 "-" "Mozilla/5.0 (Linux; Android 6.0.1; Nexus 5X Build/MMB29P) AppleWebKit/537.36 (KHTML, like Gecko) Chrome/134.0.6998.165 Mobile Safari/537.36 (compatible; Googlebot/2.1; +http://www.google.com/bot.html)"
185.209.28.214 - - [05/Apr/2025:07:42:46 -0400] "GET /how-to-win-at-gas-station-slots/ HTTP/1.1" 404 1251 "http://christianmantopoulos.com/how-to-win-at-gas-station-slots/" "Mozilla/5.0 (Windows NT 10.0; Win64; x64) AppleWebKit/537.36 (KHTML, like Gecko) Chrome/131.0.0.0 Safari/537.36 Avast/131.0.0.0"
185.209.28.214 - - [05/Apr/2025:07:42:47 -0400] "GET / HTTP/1.1" 200 97713 "http://christianmantopoulos.com/" "Mozilla/5.0 (Windows NT 10.0; Win64; x64) AppleWebKit/537.36 (KHTML, like Gecko) Chrome/131.0.0.0 Safari/537.36 Avast/131.0.0.0"
66.249.72.193 - - [05/Apr/2025:07:42:57 -0400] "GET /Pair-Leki-Micro-Vario-Carbon/Walking-&-Trekking-Sticks-649554/ HTTP/1.1" 404 1251 "-" "Mozilla/5.0 (Linux; Android 6.0.1; Nexus 5X Build/MMB29P) AppleWebKit/537.36 (KHTML, like Gecko) Chrome/134.0.6998.165 Mobile Safari/537.36 (compatible; Googlebot/2.1; +http://www.google.com/bot.html)"
66.249.72.192 - - [05/Apr/2025:07:43:35 -0400] "GET /Security-Use-Tactical-Closed-Holster/Holsters-489906/ HTTP/1.1" 404 1251 "-" "Mozilla/5.0 (Linux; Android 6.0.1; Nexus 5X Build/MMB29P) AppleWebKit/537.36 (KHTML, like Gecko) Chrome/134.0.6998.165 Mobile Safari/537.36 (compatible; Googlebot/2.1; +http://www.google.com/bot.html)"
66.249.72.193 - - [05/Apr/2025:07:44:13 -0400] "GET /Hand-Wraps-Gloves-straps-INNER-First/Gloves-Boxing-15186/ HTTP/1.1" 404 1251 "-" "Mozilla/5.0 (Linux; Android 6.0.1; Nexus 5X Build/MMB29P) AppleWebKit/537.36 (KHTML, like Gecko) Chrome/134.0.6998.165 Mobile Safari/537.36 (compatible; Googlebot/2.1; +http://www.google.com/bot.html)"
66.249.72.193 - - [05/Apr/2025:07:44:53 -0400] "GET /Lead-Sinker-Tackle-g-Carp-Fishing/Other-Terminal-Tackle-393658/ HTTP/1.1" 404 1251 "-" "Mozilla/5.0 (Linux; Android 6.0.1; Nexus 5X Build/MMB29P) AppleWebKit/537.36 (KHTML, like Gecko) Chrome/134.0.6998.165 Mobile Safari/537.36 (compatible; Googlebot/2.1; +http://www.google.com/bot.html)"
66.249.72.192 - - [05/Apr/2025:07:45:31 -0400] "GET /Carbon-Stabilizer-Doinker/Stabilizers-572475/ HTTP/1.1" 404 1251 "-" "Mozilla/5.0 (Linux; Android 6.0.1; Nexus 5X Build/MMB29P) AppleWebKit/537.36 (KHTML, like Gecko) Chrome/134.0.6998.165 Mobile Safari/537.36 (compatible; Googlebot/2.1; +http://www.google.com/bot.html)"
66.249.72.193 - - [05/Apr/2025:07:46:11 -0400] "GET /Hook-Tier-Stainless/Hooks-386226/ HTTP/1.1" 404 1251 "-" "Mozilla/5.0 (Linux; Android 6.0.1; Nexus 5X Build/MMB29P) AppleWebKit/537.36 (KHTML, like Gecko) Chrome/134.0.6998.165 Mobile Safari/537.36 (compatible; Googlebot/2.1; +http://www.google.com/bot.html)"
66.249.72.192 - - [05/Apr/2025:07:46:48 -0400] "GET /Thermal-Winter-Fahrrad-Jacke-Herren/Jackets-211829/ HTTP/1.1" 404 1251 "-" "Mozilla/5.0 (Linux; Android 6.0.1; Nexus 5X Build/MMB29P) AppleWebKit/537.36 (KHTML, like Gecko) Chrome/134.0.6998.165 Mobile Safari/537.36 (compatible; GoogleOther)"
66.249.72.193 - - [05/Apr/2025:07:47:27 -0400] "GET /Thermal-Winter-Fahrrad-Jacke-Herren/Jackets-211829/ HTTP/1.1" 404 1251 "-" "Mozilla/5.0 (Linux; Android 6.0.1; Nexus 5X Build/MMB29P) AppleWebKit/537.36 (KHTML, like Gecko) Chrome/134.0.6998.165 Mobile Safari/537.36 (compatible; Googlebot/2.1; +http://www.google.com/bot.html)"
66.249.72.192 - - [05/Apr/2025:07:48:05 -0400] "GET /Lamp-Adjustable-Focus-Zoom-Light-X-Mini/Flashlights-626971/ HTTP/1.1" 404 1251 "-" "Mozilla/5.0 (Linux; Android 6.0.1; Nexus 5X Build/MMB29P) AppleWebKit/537.36 (KHTML, like Gecko) Chrome/134.0.6998.165 Mobile Safari/537.36 (compatible; Googlebot/2.1; +http://www.google.com/bot.html)"
66.249.72.192 - - [05/Apr/2025:07:48:44 -0400] "GET /Lumen-with-AA-Batteries-Dorcy-High/Flashlights-623406/ HTTP/1.1" 404 1251 "-" "Mozilla/5.0 (Linux; Android 6.0.1; Nexus 5X Build/MMB29P) AppleWebKit/537.36 (KHTML, like Gecko) Chrome/134.0.6998.165 Mobile Safari/537.36 (compatible; Googlebot/2.1; +http://www.google.com/bot.html)"
66.249.72.192 - - [05/Apr/2025:07:49:23 -0400] "GET /DUO-Moab-F/Crankbaits-255298/ HTTP/1.1" 404 1251 "-" "Mozilla/5.0 (Linux; Android 6.0.1; Nexus 5X Build/MMB29P) AppleWebKit/537.36 (KHTML, like Gecko) Chrome/134.0.6998.165 Mobile Safari/537.36 (compatible; Googlebot/2.1; +http://www.google.com/bot.html)"
66.249.72.194 - - [05/Apr/2025:07:50:03 -0400] "GET /Tube-Substitute-Pick-Up-Kollectaball/Bags-780879/ HTTP/1.1" 404 1251 "-" "Mozilla/5.0 (Linux; Android 6.0.1; Nexus 5X Build/MMB29P) AppleWebKit/537.36 (KHTML, like Gecko) Chrome/134.0.6998.165 Mobile Safari/537.36 (compatible; Googlebot/2.1; +http://www.google.com/bot.html)"
66.249.72.202 - - [05/Apr/2025:07:50:41 -0400] "GET /San-Marco-Aspide-Super-Leggera-Carbon/Saddles-&-Seats-152124/ HTTP/1.1" 404 1251 "-" "Mozilla/5.0 (Linux; Android 6.0.1; Nexus 5X Build/MMB29P) AppleWebKit/537.36 (KHTML, like Gecko) Chrome/134.0.6998.165 Mobile Safari/537.36 (compatible; Googlebot/2.1; +http://www.google.com/bot.html)"
66.249.72.202 - - [05/Apr/2025:07:51:19 -0400] "GET /Mask-Neck-Dustproof-Outdoor-Ski-Motorcycle/Hats-&-Headwear-805224/ HTTP/1.1" 404 1251 "-" "Mozilla/5.0 (Linux; Android 6.0.1; Nexus 5X Build/MMB29P) AppleWebKit/537.36 (KHTML, like Gecko) Chrome/134.0.6998.165 Mobile Safari/537.36 (compatible; Googlebot/2.1; +http://www.google.com/bot.html)"
66.249.72.202 - - [05/Apr/2025:07:51:57 -0400] "GET /Arms-NAA-short-Leather-Pocket-holster/Holsters-490652/ HTTP/1.1" 404 1251 "-" "Mozilla/5.0 (Linux; Android 6.0.1; Nexus 5X Build/MMB29P) AppleWebKit/537.36 (KHTML, like Gecko) Chrome/134.0.6998.165 Mobile Safari/537.36 (compatible; Googlebot/2.1; +http://www.google.com/bot.html)"
66.249.72.204 - - [05/Apr/2025:07:52:36 -0400] "GET /Schuh-Abdeckung-M-Pearl-Izumi/Shoe-Covers-227530/ HTTP/1.1" 404 1251 "-" "Mozilla/5.0 (Linux; Android 6.0.1; Nexus 5X Build/MMB29P) AppleWebKit/537.36 (KHTML, like Gecko) Chrome/134.0.6998.165 Mobile Safari/537.36 (compatible; Googlebot/2.1; +http://www.google.com/bot.html)"
66.249.72.204 - - [05/Apr/2025:07:53:16 -0400] "GET /Rechargeable-Laternal-LM-G-Tactical/Flashlights-625525/ HTTP/1.1" 404 1251 "-" "Mozilla/5.0 (Linux; Android 6.0.1; Nexus 5X Build/MMB29P) AppleWebKit/537.36 (KHTML, like Gecko) Chrome/134.0.6998.165 Mobile Safari/537.36 (compatible; Googlebot/2.1; +http://www.google.com/bot.html)"
66.249.72.202 - - [05/Apr/2025:07:53:53 -0400] "GET /Olive-Trout-Flies-Trout-Panfish/Flies-276299/ HTTP/1.1" 404 1251 "-" "Mozilla/5.0 (Linux; Android 6.0.1; Nexus 5X Build/MMB29P) AppleWebKit/537.36 (KHTML, like Gecko) Chrome/134.0.6998.165 Mobile Safari/537.36 (compatible; Googlebot/2.1; +http://www.google.com/bot.html)"
66.249.72.202 - - [05/Apr/2025:07:54:32 -0400] "GET /Ball-Beginner-Panel/Other-Sporting-Goods-562039/ HTTP/1.1" 404 1251 "-" "Mozilla/5.0 (Linux; Android 6.0.1; Nexus 5X Build/MMB29P) AppleWebKit/537.36 (KHTML, like Gecko) Chrome/134.0.6998.165 Mobile Safari/537.36 (compatible; Googlebot/2.1; +http://www.google.com/bot.html)"
66.249.72.203 - - [05/Apr/2025:07:55:12 -0400] "GET /CAP-FISHING-WEAR-ONE-SIZE/Hats-&-Headwear-316562/ HTTP/1.1" 404 1251 "-" "Mozilla/5.0 (Linux; Android 6.0.1; Nexus 5X Build/MMB29P) AppleWebKit/537.36 (KHTML, like Gecko) Chrome/134.0.6998.165 Mobile Safari/537.36 (compatible; Googlebot/2.1; +http://www.google.com/bot.html)"
66.249.72.192 - - [05/Apr/2025:07:55:50 -0400] "GET /OnePiece-WJ-Little-Mermaid-Kids/Women-800293/ HTTP/1.1" 404 1251 "-" "Mozilla/5.0 (Linux; Android 6.0.1; Nexus 5X Build/MMB29P) AppleWebKit/537.36 (KHTML, like Gecko) Chrome/134.0.6998.165 Mobile Safari/537.36 (compatible; Googlebot/2.1; +http://www.google.com/bot.html)"
66.249.72.194 - - [05/Apr/2025:07:56:28 -0400] "GET /Lamp-USB-Rechargeable-Flashlight-Torch/Flashlights-632423/ HTTP/1.1" 404 1251 "-" "Mozilla/5.0 (Linux; Android 6.0.1; Nexus 5X Build/MMB29P) AppleWebKit/537.36 (KHTML, like Gecko) Chrome/134.0.6998.165 Mobile Safari/537.36 (compatible; Googlebot/2.1; +http://www.google.com/bot.html)"
66.249.72.193 - - [05/Apr/2025:07:57:07 -0400] "GET /Orange-Camo-Pack-Muddy/Fletches-576337/ HTTP/1.1" 404 1251 "-" "Mozilla/5.0 (Linux; Android 6.0.1; Nexus 5X Build/MMB29P) AppleWebKit/537.36 (KHTML, like Gecko) Chrome/134.0.6998.165 Mobile Safari/537.36 (compatible; Googlebot/2.1; +http://www.google.com/bot.html)"
66.249.72.192 - - [05/Apr/2025:07:57:45 -0400] "GET /Crown-GC-&-&-&-Metro/Other-Billiards-Accs-&-D%C3%A9cor-550324/ HTTP/1.1" 404 1251 "-" "Mozilla/5.0 (Linux; Android 6.0.1; Nexus 5X Build/MMB29P) AppleWebKit/537.36 (KHTML, like Gecko) Chrome/134.0.6998.165 Mobile Safari/537.36 (compatible; Googlebot/2.1; +http://www.google.com/bot.html)"
66.249.72.194 - - [05/Apr/2025:07:58:24 -0400] "GET /Arm-Waist-Leg-Exercise-Gym-Fit-Ab-Roller&Jump/Abdominal-Exercisers-417934/ HTTP/1.1" 404 1251 "-" "Mozilla/5.0 (Linux; Android 6.0.1; Nexus 5X Build/MMB29P) AppleWebKit/537.36 (KHTML, like Gecko) Chrome/134.0.6998.165 Mobile Safari/537.36 (compatible; Googlebot/2.1; +http://www.google.com/bot.html)"
66.249.72.193 - - [05/Apr/2025:07:59:03 -0400] "GET /Tube-Ear-Hanging-Face-Cover-Ice/Hats-&-Headwear-603726/ HTTP/1.1" 404 1251 "-" "Mozilla/5.0 (Linux; Android 6.0.1; Nexus 5X Build/MMB29P) AppleWebKit/537.36 (KHTML, like Gecko) Chrome/134.0.6998.165 Mobile Safari/537.36 (compatible; Googlebot/2.1; +http://www.google.com/bot.html)"
66.249.72.192 - - [05/Apr/2025:07:59:41 -0400] "GET /Hammock-w-MosquitoBug-Net-Supports-Up/Hammocks-652867/ HTTP/1.1" 404 1251 "-" "Mozilla/5.0 (Linux; Android 6.0.1; Nexus 5X Build/MMB29P) AppleWebKit/537.36 (KHTML, like Gecko) Chrome/134.0.6998.165 Mobile Safari/537.36 (compatible; Googlebot/2.1; +http://www.google.com/bot.html)"
66.249.72.194 - - [05/Apr/2025:08:00:20 -0400] "GET /CEFL-Cross-Eye-Bass-Bait-ZMan-CrossEyeZ/Jigs-282907/ HTTP/1.1" 404 1251 "-" "Mozilla/5.0 (Linux; Android 6.0.1; Nexus 5X Build/MMB29P) AppleWebKit/537.36 (KHTML, like Gecko) Chrome/134.0.6998.165 Mobile Safari/537.36 (compatible; Googlebot/2.1; +http://www.google.com/bot.html)"
66.249.72.193 - - [05/Apr/2025:08:00:59 -0400] "GET /Warmers-Red-Point-Large-Pearl-Izumi/Arm-Knee-&-Leg-Warmers-205721/ HTTP/1.1" 404 1251 "-" "Mozilla/5.0 (Linux; Android 6.0.1; Nexus 5X Build/MMB29P) AppleWebKit/537.36 (KHTML, like Gecko) Chrome/134.0.6998.165 Mobile Safari/537.36 (compatible; Googlebot/2.1; +http://www.google.com/bot.html)"
66.249.72.192 - - [05/Apr/2025:08:01:37 -0400] "GET /50pk-Pink-or-Blue-for-arrows-Tru-Flight/Fletches-576305/ HTTP/1.1" 404 1251 "-" "Mozilla/5.0 (Linux; Android 6.0.1; Nexus 5X Build/MMB29P) AppleWebKit/537.36 (KHTML, like Gecko) Chrome/134.0.6998.165 Mobile Safari/537.36 (compatible; Googlebot/2.1; +http://www.google.com/bot.html)"
66.249.72.193 - - [05/Apr/2025:08:02:16 -0400] "GET /50pk-Pink-or-Blue-for-arrows-Tru-Flight/Fletches-576305/ HTTP/1.1" 404 1251 "-" "Mozilla/5.0 (Linux; Android 6.0.1; Nexus 5X Build/MMB29P) AppleWebKit/537.36 (KHTML, like Gecko) Chrome/134.0.6998.165 Mobile Safari/537.36 (compatible; GoogleOther)"
66.249.72.192 - - [05/Apr/2025:08:02:55 -0400] "GET /18Inch-Wheels-Blue-Schwinn-Koen-Boys/Bicycles-204031/ HTTP/1.1" 404 1251 "-" "Mozilla/5.0 (Linux; Android 6.0.1; Nexus 5X Build/MMB29P) AppleWebKit/537.36 (KHTML, like Gecko) Chrome/134.0.6998.165 Mobile Safari/537.36 (compatible; Googlebot/2.1; +http://www.google.com/bot.html)"
66.249.72.194 - - [05/Apr/2025:08:03:33 -0400] "GET /Front-Tube-Bag-L-ROCKBROS-Waterproof/RockBros-Bicycle-Bags-and-Panniers-27448/ HTTP/1.1" 404 1251 "-" "Mozilla/5.0 (Linux; Android 6.0.1; Nexus 5X Build/MMB29P) AppleWebKit/537.36 (KHTML, like Gecko) Chrome/134.0.6998.165 Mobile Safari/537.36 (compatible; Googlebot/2.1; +http://www.google.com/bot.html)"
66.249.72.192 - - [05/Apr/2025:08:04:12 -0400] "GET /Mount-Storage-Racks-Hanger-Hook-San-x-Stainless/Racks-480799/ HTTP/1.1" 404 1251 "-" "Mozilla/5.0 (Linux; Android 6.0.1; Nexus 5X Build/MMB29P) AppleWebKit/537.36 (KHTML, like Gecko) Chrome/134.0.6998.165 Mobile Safari/537.36 (compatible; Googlebot/2.1; +http://www.google.com/bot.html)"
123.187.240.242 - - [05/Apr/2025:08:04:12 -0400] "GET / HTTP/1.1" 200 97713 "-" "Mozilla/5.0 (iPhone; CPU iPhone OS 13_2_3 like Mac OS X) AppleWebKit/605.1.15 (KHTML, like Gecko) Version/13.0.3 Mobile/15E148 Safari/604.1"
66.249.72.193 - - [05/Apr/2025:08:04:50 -0400] "GET /BAG-TOSS-CORN-HOLE-ALL-WEATHER-DALLAS-COWBOYS/Cornhole-Bag-Toss-584324/ HTTP/1.1" 404 1251 "-" "Mozilla/5.0 (Linux; Android 6.0.1; Nexus 5X Build/MMB29P) AppleWebKit/537.36 (KHTML, like Gecko) Chrome/134.0.6998.165 Mobile Safari/537.36 (compatible; Googlebot/2.1; +http://www.google.com/bot.html)"
52.167.144.156 - - [05/Apr/2025:08:04:57 -0400] "GET /contents/detail/22 HTTP/1.1" 404 1251 "-" "Mozilla/5.0 AppleWebKit/537.36 (KHTML, like Gecko; compatible; bingbot/2.0; +http://www.bing.com/bingbot.htm) Chrome/116.0.1938.76 Safari/537.36"
66.249.72.193 - - [05/Apr/2025:08:05:29 -0400] "GET /Surfer-&034;-Skateboard-Deck-Primitive-x/Decks-718306/ HTTP/1.1" 404 1251 "-" "Mozilla/5.0 (Linux; Android 6.0.1; Nexus 5X Build/MMB29P) AppleWebKit/537.36 (KHTML, like Gecko) Chrome/134.0.6998.165 Mobile Safari/537.36 (compatible; Googlebot/2.1; +http://www.google.com/bot.html)"
66.249.72.192 - - [05/Apr/2025:08:06:09 -0400] "GET /Leef-Flashlight-Body-Surefire-Compatible-LU/Flashlights-617889/ HTTP/1.1" 404 1251 "-" "Mozilla/5.0 (Linux; Android 6.0.1; Nexus 5X Build/MMB29P) AppleWebKit/537.36 (KHTML, like Gecko) Chrome/134.0.6998.165 Mobile Safari/537.36 (compatible; Googlebot/2.1; +http://www.google.com/bot.html)"
66.249.72.192 - - [05/Apr/2025:08:06:46 -0400] "GET /Catalina-BJ-H-Right-handle/Baitcasting-Reels-356311/ HTTP/1.1" 404 1251 "-" "Mozilla/5.0 (Linux; Android 6.0.1; Nexus 5X Build/MMB29P) AppleWebKit/537.36 (KHTML, like Gecko) Chrome/134.0.6998.165 Mobile Safari/537.36 (compatible; Googlebot/2.1; +http://www.google.com/bot.html)"
66.249.72.194 - - [05/Apr/2025:08:07:25 -0400] "GET /Cycle-Jersey-Top-Colour-Mens-Short/Jerseys-219658/ HTTP/1.1" 404 1251 "-" "Mozilla/5.0 (Linux; Android 6.0.1; Nexus 5X Build/MMB29P) AppleWebKit/537.36 (KHTML, like Gecko) Chrome/134.0.6998.165 Mobile Safari/537.36 (compatible; Googlebot/2.1; +http://www.google.com/bot.html)"
66.249.72.194 - - [05/Apr/2025:08:08:04 -0400] "GET /Toning-Exercise-Stick-Fitness-Hot-Pilates/Resistance-Trainers-432475/ HTTP/1.1" 404 1251 "-" "Mozilla/5.0 (Linux; Android 6.0.1; Nexus 5X Build/MMB29P) AppleWebKit/537.36 (KHTML, like Gecko) Chrome/134.0.6998.165 Mobile Safari/537.36 (compatible; Googlebot/2.1; +http://www.google.com/bot.html)"
222.186.134.245 - - [05/Apr/2025:08:08:05 -0400] "GET /public/static/common/images/file.png HTTP/1.1" 404 1251 "http://christianmantopoulos.com" "msnbot/1.0 (+http://search.msn.com/msnbot.htm\xa1\xb1)"
222.186.134.245 - - [05/Apr/2025:08:08:06 -0400] "GET /public/static/admin/images/ok.png HTTP/1.1" 404 1251 "http://christianmantopoulos.com" "Mozilla/5.0 (Linux;u;Android 4.2.2;zh-cn;)"
66.249.72.192 - - [05/Apr/2025:08:08:42 -0400] "GET /Ends-Pair-Black-The/Bar-Ends-&-Plugs-64530/ HTTP/1.1" 404 1251 "-" "Mozilla/5.0 (Linux; Android 6.0.1; Nexus 5X Build/MMB29P) AppleWebKit/537.36 (KHTML, like Gecko) Chrome/134.0.6998.165 Mobile Safari/537.36 (compatible; Googlebot/2.1; +http://www.google.com/bot.html)"
66.249.72.193 - - [05/Apr/2025:08:09:21 -0400] "GET /BB-Frame-W-Cushion-Ring-PF-Bike/Bottom-Brackets-69215/ HTTP/1.1" 404 1251 "-" "Mozilla/5.0 (Linux; Android 6.0.1; Nexus 5X Build/MMB29P) AppleWebKit/537.36 (KHTML, like Gecko) Chrome/134.0.6998.165 Mobile Safari/537.36 (compatible; GoogleOther)"
66.249.72.194 - - [05/Apr/2025:08:10:00 -0400] "GET /BB-Frame-W-Cushion-Ring-PF-Bike/Bottom-Brackets-69215/ HTTP/1.1" 404 1251 "-" "Mozilla/5.0 (Linux; Android 6.0.1; Nexus 5X Build/MMB29P) AppleWebKit/537.36 (KHTML, like Gecko) Chrome/134.0.6998.165 Mobile Safari/537.36 (compatible; Googlebot/2.1; +http://www.google.com/bot.html)"
66.249.72.192 - - [05/Apr/2025:08:10:40 -0400] "GET /Campy-Ergo-Shift-Lever-Bracket-New-Campagnolo/Shifters-165325/ HTTP/1.1" 404 1251 "-" "Mozilla/5.0 (Linux; Android 6.0.1; Nexus 5X Build/MMB29P) AppleWebKit/537.36 (KHTML, like Gecko) Chrome/134.0.6998.165 Mobile Safari/537.36 (compatible; Googlebot/2.1; +http://www.google.com/bot.html)"
66.249.72.192 - - [05/Apr/2025:08:11:17 -0400] "GET /NY-Football-Car-Window-Wall-Decal-Sticker-&034;/Other-Sporting-Goods-565953/ HTTP/1.1" 404 1251 "-" "Mozilla/5.0 (Linux; Android 6.0.1; Nexus 5X Build/MMB29P) AppleWebKit/537.36 (KHTML, like Gecko) Chrome/134.0.6998.165 Mobile Safari/537.36 (compatible; Googlebot/2.1; +http://www.google.com/bot.html)"
66.249.72.193 - - [05/Apr/2025:08:11:56 -0400] "GET /new-long-sleeve-coat-suit-football/Men-752601/ HTTP/1.1" 404 1251 "-" "Mozilla/5.0 (Linux; Android 6.0.1; Nexus 5X Build/MMB29P) AppleWebKit/537.36 (KHTML, like Gecko) Chrome/134.0.6998.165 Mobile Safari/537.36 (compatible; Googlebot/2.1; +http://www.google.com/bot.html)"
66.249.72.194 - - [05/Apr/2025:08:12:35 -0400] "GET /Matte-WhiteSilver-Giro-Foray/Helmets-232717/ HTTP/1.1" 404 1251 "-" "Mozilla/5.0 (Linux; Android 6.0.1; Nexus 5X Build/MMB29P) AppleWebKit/537.36 (KHTML, like Gecko) Chrome/134.0.6998.165 Mobile Safari/537.36 (compatible; Googlebot/2.1; +http://www.google.com/bot.html)"
66.249.72.194 - - [05/Apr/2025:08:13:13 -0400] "GET /GoPro-Anti-Fog-Snorkel-Mask-Easy/Masks-793385/ HTTP/1.1" 404 1251 "-" "Mozilla/5.0 (Linux; Android 6.0.1; Nexus 5X Build/MMB29P) AppleWebKit/537.36 (KHTML, like Gecko) Chrome/134.0.6998.165 Mobile Safari/537.36 (compatible; Googlebot/2.1; +http://www.google.com/bot.html)"
66.249.72.192 - - [05/Apr/2025:08:13:53 -0400] "GET /Gun-Rail-Pistol-Weaver-Picatinny-Tactical-Green/Red-Dot-&-Laser-Scopes-529887/ HTTP/1.1" 404 1251 "-" "Mozilla/5.0 (Linux; Android 6.0.1; Nexus 5X Build/MMB29P) AppleWebKit/537.36 (KHTML, like Gecko) Chrome/134.0.6998.165 Mobile Safari/537.36 (compatible; Googlebot/2.1; +http://www.google.com/bot.html)"
66.249.72.192 - - [05/Apr/2025:08:14:30 -0400] "GET /snooker-cue-tip-chalk/Chalk-548745/ HTTP/1.1" 404 1251 "-" "Mozilla/5.0 (Linux; Android 6.0.1; Nexus 5X Build/MMB29P) AppleWebKit/537.36 (KHTML, like Gecko) Chrome/134.0.6998.165 Mobile Safari/537.36 (compatible; Googlebot/2.1; +http://www.google.com/bot.html)"
66.249.72.193 - - [05/Apr/2025:08:15:09 -0400] "GET /Ribbon-TriColor-Fusion-Design-DV-Men&039;s/Men-749913/ HTTP/1.1" 404 1251 "-" "Mozilla/5.0 (Linux; Android 6.0.1; Nexus 5X Build/MMB29P) AppleWebKit/537.36 (KHTML, like Gecko) Chrome/134.0.6998.165 Mobile Safari/537.36 (compatible; Googlebot/2.1; +http://www.google.com/bot.html)"
66.249.72.193 - - [05/Apr/2025:08:15:49 -0400] "GET /Flocked-Airbed-Bestway/Other-Camping-Sleeping-Gear-654151/ HTTP/1.1" 404 1251 "-" "Mozilla/5.0 (Linux; Android 6.0.1; Nexus 5X Build/MMB29P) AppleWebKit/537.36 (KHTML, like Gecko) Chrome/134.0.6998.165 Mobile Safari/537.36 (compatible; Googlebot/2.1; +http://www.google.com/bot.html)"
52.167.144.157 - - [05/Apr/2025:08:26:26 -0400] "GET /projects/cerz_1.html HTTP/1.1" 404 1251 "-" "Mozilla/5.0 AppleWebKit/537.36 (KHTML, like Gecko; compatible; bingbot/2.0; +http://www.bing.com/bingbot.htm) Chrome/116.0.1938.76 Safari/537.36"
89.248.168.95 - - [05/Apr/2025:08:39:21 -0400] "GET /mk-shoulder-bag-by-michael-kors/ HTTP/1.1" 404 1251 "http://christianmantopoulos.com/mk-shoulder-bag-by-michael-kors/" "Mozilla/5.0 (Windows NT 10.0; Win64; x64) AppleWebKit/537.36 (KHTML, like Gecko) Chrome/131.0.0.0 Safari/537.36 Avast/131.0.0.0"
89.248.168.95 - - [05/Apr/2025:08:39:22 -0400] "GET / HTTP/1.1" 200 97713 "http://christianmantopoulos.com/" "Mozilla/5.0 (Windows NT 10.0; Win64; x64) AppleWebKit/537.36 (KHTML, like Gecko) Chrome/131.0.0.0 Safari/537.36 Avast/131.0.0.0"
89.248.168.95 - - [05/Apr/2025:08:39:23 -0400] "GET /mk-shoulder-bag-by-michael-kors/ HTTP/1.1" 404 1251 "http://christianmantopoulos.com/mk-shoulder-bag-by-michael-kors/" "Mozilla/5.0 (Windows NT 10.0; Win64; x64) AppleWebKit/537.36 (KHTML, like Gecko) Chrome/131.0.0.0 Safari/537.36 Avast/131.0.0.0"
89.248.168.95 - - [05/Apr/2025:08:39:23 -0400] "GET / HTTP/1.1" 200 97713 "http://christianmantopoulos.com/" "Mozilla/5.0 (Windows NT 10.0; Win64; x64) AppleWebKit/537.36 (KHTML, like Gecko) Chrome/131.0.0.0 Safari/537.36 Avast/131.0.0.0"
89.248.168.95 - - [05/Apr/2025:08:39:24 -0400] "GET /mk-shoulder-bag-by-michael-kors/ HTTP/1.1" 404 1251 "http://christianmantopoulos.com/mk-shoulder-bag-by-michael-kors/" "Mozilla/5.0 (Windows NT 10.0; Win64; x64) AppleWebKit/537.36 (KHTML, like Gecko) Chrome/131.0.0.0 Safari/537.36 Avast/131.0.0.0"
89.248.168.95 - - [05/Apr/2025:08:39:25 -0400] "GET / HTTP/1.1" 200 97713 "http://christianmantopoulos.com/" "Mozilla/5.0 (Windows NT 10.0; Win64; x64) AppleWebKit/537.36 (KHTML, like Gecko) Chrome/131.0.0.0 Safari/537.36 Avast/131.0.0.0"
89.248.168.95 - - [05/Apr/2025:08:39:25 -0400] "GET /mk-shoulder-bag-by-michael-kors/ HTTP/1.1" 404 1251 "http://christianmantopoulos.com/mk-shoulder-bag-by-michael-kors/" "Mozilla/5.0 (Windows NT 10.0; Win64; x64) AppleWebKit/537.36 (KHTML, like Gecko) Chrome/131.0.0.0 Safari/537.36 Avast/131.0.0.0"
89.248.168.95 - - [05/Apr/2025:08:39:26 -0400] "GET / HTTP/1.1" 200 97713 "http://christianmantopoulos.com/" "Mozilla/5.0 (Windows NT 10.0; Win64; x64) AppleWebKit/537.36 (KHTML, like Gecko) Chrome/131.0.0.0 Safari/537.36 Avast/131.0.0.0"
66.249.72.202 - - [05/Apr/2025:08:40:22 -0400] "GET /mm-ISMRT70SS-Shimano-SMRT70/Brake-Rotors-75644/ HTTP/1.1" 404 1251 "-" "Mozilla/5.0 (Linux; Android 6.0.1; Nexus 5X Build/MMB29P) AppleWebKit/537.36 (KHTML, like Gecko) Chrome/134.0.6998.165 Mobile Safari/537.36 (compatible; Googlebot/2.1; +http://www.google.com/bot.html)"
66.249.72.203 - - [05/Apr/2025:08:43:57 -0400] "GET /Mini-Logo-Skateboard-Wheels/Wheels-720519/ HTTP/1.1" 404 1251 "-" "Mozilla/5.0 (Linux; Android 6.0.1; Nexus 5X Build/MMB29P) AppleWebKit/537.36 (KHTML, like Gecko) Chrome/134.0.6998.165 Mobile Safari/537.36 (compatible; Googlebot/2.1; +http://www.google.com/bot.html)"
66.249.72.203 - - [05/Apr/2025:08:47:32 -0400] "GET /vintage-Tire-retrobike-NEW-NOS-NIB-Ritchey-WCS/Tires-192845/ HTTP/1.1" 404 1251 "-" "Mozilla/5.0 (Linux; Android 6.0.1; Nexus 5X Build/MMB29P) AppleWebKit/537.36 (KHTML, like Gecko) Chrome/134.0.6998.165 Mobile Safari/537.36 (compatible; Googlebot/2.1; +http://www.google.com/bot.html)"
66.249.72.204 - - [05/Apr/2025:08:51:06 -0400] "GET /Camping-Hiking-Silver-Gas-Burner-Mini/Camping-Stoves-593206/ HTTP/1.1" 404 1251 "-" "Mozilla/5.0 (Linux; Android 6.0.1; Nexus 5X Build/MMB29P) AppleWebKit/537.36 (KHTML, like Gecko) Chrome/134.0.6998.165 Mobile Safari/537.36 (compatible; Googlebot/2.1; +http://www.google.com/bot.html)"
66.249.72.192 - - [05/Apr/2025:08:54:41 -0400] "GET /Axle-Bicycle-Parts-PCS-QuickRelease-Shaft/Skewers-166439/ HTTP/1.1" 404 1251 "-" "Mozilla/5.0 (Linux; Android 6.0.1; Nexus 5X Build/MMB29P) AppleWebKit/537.36 (KHTML, like Gecko) Chrome/134.0.6998.165 Mobile Safari/537.36 (compatible; Googlebot/2.1; +http://www.google.com/bot.html)"
66.249.72.193 - - [05/Apr/2025:08:58:45 -0400] "GET /DOG-BONE-INCH-CHEEK-BLACK-C/Bits-688668/ HTTP/1.1" 404 1251 "-" "Mozilla/5.0 (Linux; Android 6.0.1; Nexus 5X Build/MMB29P) AppleWebKit/537.36 (KHTML, like Gecko) Chrome/134.0.6998.165 Mobile Safari/537.36 (compatible; GoogleOther)"
40.77.167.116 - - [05/Apr/2025:08:59:08 -0400] "GET /carsearch/index.html HTTP/1.1" 404 1251 "-" "Mozilla/5.0 AppleWebKit/537.36 (KHTML, like Gecko; compatible; bingbot/2.0; +http://www.bing.com/bingbot.htm) Chrome/116.0.1938.76 Safari/537.36"
66.249.72.193 - - [05/Apr/2025:09:05:55 -0400] "GET /Maintain-Gun-Rifle-Boresnake-Brush-Clean-G/Cleaning-Supplies-477586/ HTTP/1.1" 404 1251 "-" "Mozilla/5.0 (Linux; Android 6.0.1; Nexus 5X Build/MMB29P) AppleWebKit/537.36 (KHTML, like Gecko) Chrome/134.0.6998.165 Mobile Safari/537.36 (compatible; Googlebot/2.1; +http://www.google.com/bot.html)"
192.36.198.147 - - [05/Apr/2025:09:08:29 -0400] "GET /robots.txt HTTP/1.1" 404 1251 "-" "Mozilla/5.0 (iPhone; CPU iPhone OS 17_3_1 like Mac OS X) AppleWebKit/605.1.15 (KHTML, like Gecko) Version/17.3.1 Mobile/15E148 Safari/604"
192.121.146.24 - - [05/Apr/2025:09:08:29 -0400] "GET / HTTP/1.1" 200 97713 "-" "Mozilla/5.0 (iPhone; CPU iPhone OS 17_3_1 like Mac OS X) AppleWebKit/605.1.15 (KHTML, like Gecko) Version/17.3.1 Mobile/15E148 Safari/604"
66.249.72.192 - - [05/Apr/2025:09:13:04 -0400] "GET /&-Badminton-Racquet-Tennis-Starting-Clamp/Badminton-777939/ HTTP/1.1" 404 1251 "-" "Mozilla/5.0 (Linux; Android 6.0.1; Nexus 5X Build/MMB29P) AppleWebKit/537.36 (KHTML, like Gecko) Chrome/134.0.6998.165 Mobile Safari/537.36 (compatible; Googlebot/2.1; +http://www.google.com/bot.html)"
52.167.144.174 - - [05/Apr/2025:09:16:08 -0400] "GET /products/detail.php?product_id=7 HTTP/1.1" 404 1251 "-" "Mozilla/5.0 AppleWebKit/537.36 (KHTML, like Gecko; compatible; bingbot/2.0; +http://www.bing.com/bingbot.htm) Chrome/116.0.1938.76 Safari/537.36"
66.249.72.202 - - [05/Apr/2025:09:20:14 -0400] "GET /Camping-Tactical-Paracord-Survival/Paracord-Bracelets-614278/ HTTP/1.1" 404 1251 "-" "Mozilla/5.0 (Linux; Android 6.0.1; Nexus 5X Build/MMB29P) AppleWebKit/537.36 (KHTML, like Gecko) Chrome/134.0.6998.165 Mobile Safari/537.36 (compatible; Googlebot/2.1; +http://www.google.com/bot.html)"
66.249.72.203 - - [05/Apr/2025:09:27:24 -0400] "GET /Boundaries-For-Agility-Drills-Slalom-Cones/Training-Aids-775211/ HTTP/1.1" 404 1251 "-" "Mozilla/5.0 (Linux; Android 6.0.1; Nexus 5X Build/MMB29P) AppleWebKit/537.36 (KHTML, like Gecko) Chrome/134.0.6998.165 Mobile Safari/537.36 (compatible; Googlebot/2.1; +http://www.google.com/bot.html)"
66.249.72.192 - - [05/Apr/2025:09:34:33 -0400] "GET /Selling-Days-Made-To-Order-Muaythai-Shorts/Shorts-13286/ HTTP/1.1" 404 1251 "-" "Mozilla/5.0 (Linux; Android 6.0.1; Nexus 5X Build/MMB29P) AppleWebKit/537.36 (KHTML, like Gecko) Chrome/134.0.6998.165 Mobile Safari/537.36 (compatible; Googlebot/2.1; +http://www.google.com/bot.html)"
66.249.72.202 - - [05/Apr/2025:09:41:42 -0400] "GET /flytying-materials-whiting-s-dark/Fly-Tying-Materials-277191/ HTTP/1.1" 404 1251 "-" "Mozilla/5.0 (Linux; Android 6.0.1; Nexus 5X Build/MMB29P) AppleWebKit/537.36 (KHTML, like Gecko) Chrome/134.0.6998.165 Mobile Safari/537.36 (compatible; Googlebot/2.1; +http://www.google.com/bot.html)"
66.249.72.194 - - [05/Apr/2025:09:48:52 -0400] "GET /Triple-Chainset-BB-Bike-MTB-Speed/Cranksets-104595/ HTTP/1.1" 404 1251 "-" "Mozilla/5.0 (Linux; Android 6.0.1; Nexus 5X Build/MMB29P) AppleWebKit/537.36 (KHTML, like Gecko) Chrome/134.0.6998.165 Mobile Safari/537.36 (compatible; Googlebot/2.1; +http://www.google.com/bot.html)"
66.249.72.204 - - [05/Apr/2025:09:56:02 -0400] "GET /Conspiracy-Motus-mm-BMX-Sprocket-T-Copper/Chainrings-&-BMX-Sprockets-96831/ HTTP/1.1" 404 1251 "-" "Mozilla/5.0 (Linux; Android 6.0.1; Nexus 5X Build/MMB29P) AppleWebKit/537.36 (KHTML, like Gecko) Chrome/134.0.6998.165 Mobile Safari/537.36 (compatible; Googlebot/2.1; +http://www.google.com/bot.html)"
85.208.98.23 - - [05/Apr/2025:10:00:37 -0400] "GET /robots.txt HTTP/1.1" 404 1251 "-" "Mozilla/5.0 (compatible; SemrushBot-BA; +http://www.semrush.com/bot.html)"
66.249.72.204 - - [05/Apr/2025:10:03:11 -0400] "GET /Floating-Minnow-Purpledescent/Crankbaits-263705/ HTTP/1.1" 404 1251 "-" "Mozilla/5.0 (Linux; Android 6.0.1; Nexus 5X Build/MMB29P) AppleWebKit/537.36 (KHTML, like Gecko) Chrome/134.0.6998.165 Mobile Safari/537.36 (compatible; Googlebot/2.1; +http://www.google.com/bot.html)"
52.167.144.217 - - [05/Apr/2025:10:03:19 -0400] "GET /azuminolds?lang=ja HTTP/1.1" 404 1251 "-" "Mozilla/5.0 AppleWebKit/537.36 (KHTML, like Gecko; compatible; bingbot/2.0; +http://www.bing.com/bingbot.htm) Chrome/116.0.1938.76 Safari/537.36"
195.2.75.64 - - [05/Apr/2025:10:10:01 -0400] "GET /how-to-win-at-gas-station-slots/ HTTP/1.1" 404 1251 "http://christianmantopoulos.com/how-to-win-at-gas-station-slots/" "Mozilla/5.0 (Windows NT 10.0; Win64; x64) AppleWebKit/537.36 (KHTML, like Gecko) Chrome/129.0.0.0 Safari/537.36"
195.2.75.64 - - [05/Apr/2025:10:10:02 -0400] "GET / HTTP/1.1" 200 97713 "http://christianmantopoulos.com/" "Mozilla/5.0 (Windows NT 10.0; Win64; x64) AppleWebKit/537.36 (KHTML, like Gecko) Chrome/129.0.0.0 Safari/537.36"
66.249.72.203 - - [05/Apr/2025:10:10:21 -0400] "GET /with-Trifecta-Wedge-New-Spartan/Other-Fitness-Clothing-409627/ HTTP/1.1" 404 1251 "-" "Mozilla/5.0 (Linux; Android 6.0.1; Nexus 5X Build/MMB29P) AppleWebKit/537.36 (KHTML, like Gecko) Chrome/134.0.6998.165 Mobile Safari/537.36 (compatible; Googlebot/2.1; +http://www.google.com/bot.html)"
66.249.72.204 - - [05/Apr/2025:10:17:30 -0400] "GET /16X-BkBskRe-Belted-Wire-Schwalbe/Tires-194167/ HTTP/1.1" 404 1251 "-" "Mozilla/5.0 (Linux; Android 6.0.1; Nexus 5X Build/MMB29P) AppleWebKit/537.36 (KHTML, like Gecko) Chrome/134.0.6998.165 Mobile Safari/537.36 (compatible; Googlebot/2.1; +http://www.google.com/bot.html)"
52.167.144.188 - - [05/Apr/2025:10:18:59 -0400] "GET /contents/ganseihirou HTTP/1.1" 404 1251 "-" "Mozilla/5.0 AppleWebKit/537.36 (KHTML, like Gecko; compatible; bingbot/2.0; +http://www.bing.com/bingbot.htm) Chrome/116.0.1938.76 Safari/537.36"
52.167.144.25 - - [05/Apr/2025:10:24:26 -0400] "GET /recommend/business/restaurant.php HTTP/1.1" 404 1251 "-" "Mozilla/5.0 AppleWebKit/537.36 (KHTML, like Gecko; compatible; bingbot/2.0; +http://www.bing.com/bingbot.htm) Chrome/116.0.1938.76 Safari/537.36"
66.249.72.194 - - [05/Apr/2025:10:24:40 -0400] "GET /12x8&034;-StencilsDuckboat-Camouflagel-Camo-pc-Hickory/Camouflage-Materials-464256/ HTTP/1.1" 404 1251 "-" "Mozilla/5.0 (Linux; Android 6.0.1; Nexus 5X Build/MMB29P) AppleWebKit/537.36 (KHTML, like Gecko) Chrome/134.0.6998.165 Mobile Safari/537.36 (compatible; Googlebot/2.1; +http://www.google.com/bot.html)"
84.239.48.143 - - [05/Apr/2025:10:26:27 -0400] "GET /.env HTTP/1.1" 404 1251 "-" "Mozilla/5.0 (Macintosh; Intel Mac OS X 10.15; rv:77.0) Gecko/20100101 Firefox/77.0"
66.249.72.193 - - [05/Apr/2025:10:28:15 -0400] "GET /Plastic-Topwater-Bait-s-Select-Color/Soft-Plastics-298008/ HTTP/1.1" 404 1251 "-" "Mozilla/5.0 (Linux; Android 6.0.1; Nexus 5X Build/MMB29P) AppleWebKit/537.36 (KHTML, like Gecko) Chrome/134.0.6998.165 Mobile Safari/537.36 (compatible; Googlebot/2.1; +http://www.google.com/bot.html)"
66.249.72.194 - - [05/Apr/2025:10:31:49 -0400] "GET /BULLDOGS-Fabric-ACA-Reg-Bags-CORNHOLE/Cornhole-Bag-Toss-584005/ HTTP/1.1" 404 1251 "-" "Mozilla/5.0 (Linux; Android 6.0.1; Nexus 5X Build/MMB29P) AppleWebKit/537.36 (KHTML, like Gecko) Chrome/134.0.6998.165 Mobile Safari/537.36 (compatible; Googlebot/2.1; +http://www.google.com/bot.html)"
66.249.72.194 - - [05/Apr/2025:10:35:24 -0400] "GET /concealment-gun-holster-for/Holsters-485108/ HTTP/1.1" 404 1251 "-" "Mozilla/5.0 (Linux; Android 6.0.1; Nexus 5X Build/MMB29P) AppleWebKit/537.36 (KHTML, like Gecko) Chrome/134.0.6998.165 Mobile Safari/537.36 (compatible; Googlebot/2.1; +http://www.google.com/bot.html)"
172.176.155.218 - - [05/Apr/2025:10:36:23 -0400] "GET /autoload_classmap.php HTTP/1.1" 404 1251 "-" "-"
172.176.155.218 - - [05/Apr/2025:10:36:23 -0400] "GET /post.php HTTP/1.1" 404 1251 "-" "-"
172.176.155.218 - - [05/Apr/2025:10:36:24 -0400] "GET /1.php HTTP/1.1" 404 1251 "-" "-"
172.176.155.218 - - [05/Apr/2025:10:36:24 -0400] "GET /flower.php HTTP/1.1" 404 1251 "-" "-"
172.176.155.218 - - [05/Apr/2025:10:36:24 -0400] "GET /admin.php HTTP/1.1" 404 1251 "-" "-"
172.176.155.218 - - [05/Apr/2025:10:36:24 -0400] "GET /file.php HTTP/1.1" 404 1251 "-" "-"
172.176.155.218 - - [05/Apr/2025:10:36:24 -0400] "GET /meta.php HTTP/1.1" 404 1251 "-" "-"
172.176.155.218 - - [05/Apr/2025:10:36:24 -0400] "GET /index.php HTTP/1.1" 404 1251 "-" "-"
172.176.155.218 - - [05/Apr/2025:10:36:24 -0400] "GET /about.php HTTP/1.1" 404 1251 "-" "-"
172.176.155.218 - - [05/Apr/2025:10:36:24 -0400] "GET /randkeyword.php HTTP/1.1" 404 1251 "-" "-"
172.176.155.218 - - [05/Apr/2025:10:36:24 -0400] "GET /goods.php HTTP/1.1" 404 1251 "-" "-"
172.176.155.218 - - [05/Apr/2025:10:36:24 -0400] "GET /hehe.php HTTP/1.1" 404 1251 "-" "-"
172.176.155.218 - - [05/Apr/2025:10:36:25 -0400] "GET /yindu.php HTTP/1.1" 404 1251 "-" "-"
172.176.155.218 - - [05/Apr/2025:10:36:25 -0400] "GET /wp-admin/class-db.php HTTP/1.1" 404 1251 "-" "-"
172.176.155.218 - - [05/Apr/2025:10:36:25 -0400] "GET /baxa1.phP8 HTTP/1.1" 404 1251 "-" "-"
172.176.155.218 - - [05/Apr/2025:10:36:25 -0400] "GET /baxa1.php HTTP/1.1" 404 1251 "-" "-"
172.176.155.218 - - [05/Apr/2025:10:36:25 -0400] "GET /.well-known//index.php HTTP/1.1" 404 1251 "-" "-"
172.176.155.218 - - [05/Apr/2025:10:36:25 -0400] "GET /libraries/phpmailer//index.php HTTP/1.1" 404 1251 "-" "-"
172.176.155.218 - - [05/Apr/2025:10:36:25 -0400] "GET /wp-admin/autoload_classmap.php HTTP/1.1" 404 1251 "-" "-"
172.176.155.218 - - [05/Apr/2025:10:36:25 -0400] "GET /wp-admin/css/colors/blue//1.php HTTP/1.1" 404 1251 "-" "-"
172.176.155.218 - - [05/Apr/2025:10:36:25 -0400] "GET /wp-content/plugins//about.php HTTP/1.1" 404 1251 "-" "-"
172.176.155.218 - - [05/Apr/2025:10:36:25 -0400] "GET /wp-content/plugins//index.php HTTP/1.1" 200 0 "-" "-"
172.176.155.218 - - [05/Apr/2025:10:36:26 -0400] "GET /wp-content/plugins/about.php HTTP/1.1" 404 1251 "-" "-"
