198.54.114.83 - - [03/Apr/2025:23:07:45 -0400] "POST /wp-cron.php?doing_wp_cron=1743736064.7470769882202148437500 HTTP/1.1" 200 0 "-" "WordPress/6.7.2; https://christianmantopoulos.com"
170.106.15.3 - - [03/Apr/2025:23:08:39 -0400] "GET / HTTP/1.1" 200 97713 "-" "Mozilla/5.0 (iPhone; CPU iPhone OS 13_2_3 like Mac OS X) AppleWebKit/605.1.15 (KHTML, like Gecko) Version/13.0.3 Mobile/15E148 Safari/604.1"
66.249.68.129 - - [03/Apr/2025:23:09:30 -0400] "GET /205x625mm-Rockshox-Deluxe-RT-Mountain/Rear-Shocks-149782/ HTTP/1.1" 404 1251 "-" "Mozilla/5.0 (Linux; Android 6.0.1; Nexus 5X Build/MMB29P) AppleWebKit/537.36 (KHTML, like Gecko) Chrome/134.0.6998.165 Mobile Safari/537.36 (compatible; Googlebot/2.1; +http://www.google.com/bot.html)"
66.249.68.129 - - [03/Apr/2025:23:12:36 -0400] "GET /Tool-ST-SWISSTECH-XDrive%E2%84%A2-Pocket/Pocket-Multi-Tools-601447/ HTTP/1.1" 404 1251 "-" "Mozilla/5.0 (Linux; Android 6.0.1; Nexus 5X Build/MMB29P) AppleWebKit/537.36 (KHTML, like Gecko) Chrome/134.0.6998.165 Mobile Safari/537.36 (compatible; Googlebot/2.1; +http://www.google.com/bot.html)"
66.249.68.129 - - [03/Apr/2025:23:15:47 -0400] "GET /Black-TriGravel-Road-Profile-Designs-Airstryke/Handlebars-123066/ HTTP/1.1" 404 1251 "-" "Mozilla/5.0 (Linux; Android 6.0.1; Nexus 5X Build/MMB29P) AppleWebKit/537.36 (KHTML, like Gecko) Chrome/134.0.6998.165 Mobile Safari/537.36 (compatible; Googlebot/2.1; +http://www.google.com/bot.html)"
66.249.68.130 - - [03/Apr/2025:23:18:54 -0400] "GET /6793MH-Frabill-FinS-Pro-&034;/Ice-Fishing-Combos-372905/ HTTP/1.1" 404 1251 "-" "Mozilla/5.0 (Linux; Android 6.0.1; Nexus 5X Build/MMB29P) AppleWebKit/537.36 (KHTML, like Gecko) Chrome/134.0.6998.165 Mobile Safari/537.36 (compatible; Googlebot/2.1; +http://www.google.com/bot.html)"
66.249.68.129 - - [03/Apr/2025:23:22:01 -0400] "GET /x-Thread-Brass-J-New-ProShot/Cleaning-Supplies-477791/ HTTP/1.1" 404 1251 "-" "Mozilla/5.0 (Linux; Android 6.0.1; Nexus 5X Build/MMB29P) AppleWebKit/537.36 (KHTML, like Gecko) Chrome/134.0.6998.165 Mobile Safari/537.36 (compatible; Googlebot/2.1; +http://www.google.com/bot.html)"
66.249.68.130 - - [03/Apr/2025:23:25:08 -0400] "GET /Fits-Glock-TAE1Z-DeSantis-RH/Holsters-499416/ HTTP/1.1" 404 1251 "-" "Mozilla/5.0 (Linux; Android 6.0.1; Nexus 5X Build/MMB29P) AppleWebKit/537.36 (KHTML, like Gecko) Chrome/134.0.6998.165 Mobile Safari/537.36 (compatible; Googlebot/2.1; +http://www.google.com/bot.html)"
66.249.68.130 - - [03/Apr/2025:23:29:30 -0400] "GET /6793MH-Frabill-FinS-Pro-&034;/Ice-Fishing-Combos-372905/ HTTP/1.1" 404 1251 "-" "Mozilla/5.0 (Linux; Android 6.0.1; Nexus 5X Build/MMB29P) AppleWebKit/537.36 (KHTML, like Gecko) Chrome/134.0.6998.165 Mobile Safari/537.36 (compatible; GoogleOther)"
66.249.68.130 - - [03/Apr/2025:23:35:43 -0400] "GET /ACEBEAM-UC-CREE-XPL-XPER-LED/Flashlights-617196/ HTTP/1.1" 404 1251 "-" "Mozilla/5.0 (Linux; Android 6.0.1; Nexus 5X Build/MMB29P) AppleWebKit/537.36 (KHTML, like Gecko) Chrome/134.0.6998.165 Mobile Safari/537.36 (compatible; Googlebot/2.1; +http://www.google.com/bot.html)"
66.249.68.130 - - [03/Apr/2025:23:41:57 -0400] "GET /models-NEW-DAIWA-JBRAID-X8/Braided-Line-339209/ HTTP/1.1" 404 1251 "-" "Mozilla/5.0 (Linux; Android 6.0.1; Nexus 5X Build/MMB29P) AppleWebKit/537.36 (KHTML, like Gecko) Chrome/134.0.6998.165 Mobile Safari/537.36 (compatible; Googlebot/2.1; +http://www.google.com/bot.html)"
66.249.68.129 - - [03/Apr/2025:23:48:10 -0400] "GET /exercise-saddle-Horse/Saddles-678426/ HTTP/1.1" 404 1251 "-" "Mozilla/5.0 (Linux; Android 6.0.1; Nexus 5X Build/MMB29P) AppleWebKit/537.36 (KHTML, like Gecko) Chrome/134.0.6998.165 Mobile Safari/537.36 (compatible; Googlebot/2.1; +http://www.google.com/bot.html)"
66.249.68.128 - - [03/Apr/2025:23:54:24 -0400] "GET /Boot-ShoesPortable-Unisex-Antislip-Reusable/Shoe-Covers-227681/ HTTP/1.1" 404 1251 "-" "Mozilla/5.0 (Linux; Android 6.0.1; Nexus 5X Build/MMB29P) AppleWebKit/537.36 (KHTML, like Gecko) Chrome/134.0.6998.165 Mobile Safari/537.36 (compatible; Googlebot/2.1; +http://www.google.com/bot.html)"
64.225.3.33 - - [03/Apr/2025:23:57:25 -0400] "GET / HTTP/1.1" 200 97713 "-" "Mozilla/5.0 (Windows NT 10.0; Win64; x64) AppleWebKit/537.36 (KHTML, like Gecko) Chrome/95.0.4638.69 Safari/537.36"
64.225.3.33 - - [03/Apr/2025:23:57:25 -0400] "GET /wp-includes/ID3/license.txt HTTP/1.1" 200 501 "-" "Mozilla/5.0 (Windows NT 10.0; Win64; x64) AppleWebKit/537.36 (KHTML, like Gecko) Chrome/95.0.4638.69 Safari/537.36"
64.225.3.33 - - [03/Apr/2025:23:57:26 -0400] "GET /feed/ HTTP/1.1" 404 1251 "-" "Mozilla/5.0 (Windows NT 10.0; Win64; x64) AppleWebKit/537.36 (KHTML, like Gecko) Chrome/95.0.4638.69 Safari/537.36"
198.54.114.83 - - [03/Apr/2025:23:57:29 -0400] "POST /wp-cron.php?doing_wp_cron=1743739049.2528479099273681640625 HTTP/1.1" 200 0 "-" "WordPress/6.7.2; https://christianmantopoulos.com"
64.225.3.33 - - [03/Apr/2025:23:57:26 -0400] "GET /xmlrpc.php?rsd HTTP/1.1" 200 315 "-" "Mozilla/5.0 (Windows NT 10.0; Win64; x64) AppleWebKit/537.36 (KHTML, like Gecko) Chrome/95.0.4638.69 Safari/537.36"
64.225.3.33 - - [03/Apr/2025:23:57:30 -0400] "GET /?author=1 HTTP/1.1" 200 97713 "-" "Mozilla/5.0 (Windows NT 10.0; Win64; x64) AppleWebKit/537.36 (KHTML, like Gecko) Chrome/95.0.4638.69 Safari/537.36"
64.225.3.33 - - [03/Apr/2025:23:57:30 -0400] "GET /wp-json/wp/v2/users/ HTTP/1.1" 404 1251 "-" "Mozilla/5.0 (Windows NT 10.0; Win64; x64) AppleWebKit/537.36 (KHTML, like Gecko) Chrome/95.0.4638.69 Safari/537.36"
64.225.3.33 - - [03/Apr/2025:23:57:31 -0400] "GET /wp-json/oembed/1.0/embed?url=http://christianmantopoulos.com HTTP/1.1" 404 1251 "-" "Mozilla/5.0 (Windows NT 10.0; Win64; x64) AppleWebKit/537.36 (KHTML, like Gecko) Chrome/95.0.4638.69 Safari/537.36"
64.225.3.33 - - [03/Apr/2025:23:57:31 -0400] "POST /xmlrpc.php HTTP/1.1" 200 236 "-" "Mozilla/5.0 (Windows NT 10.0; Win64; x64) AppleWebKit/537.36 (KHTML, like Gecko) Chrome/95.0.4638.69 Safari/537.36"
64.225.3.33 - - [03/Apr/2025:23:57:33 -0400] "POST /xmlrpc.php HTTP/1.1" 200 236 "-" "Mozilla/5.0 (Windows NT 10.0; Win64; x64) AppleWebKit/537.36 (KHTML, like Gecko) Chrome/95.0.4638.69 Safari/537.36"
64.225.3.33 - - [03/Apr/2025:23:57:33 -0400] "POST /xmlrpc.php HTTP/1.1" 200 236 "-" "Mozilla/5.0 (Windows NT 10.0; Win64; x64) AppleWebKit/537.36 (KHTML, like Gecko) Chrome/95.0.4638.69 Safari/537.36"
64.225.3.33 - - [03/Apr/2025:23:57:34 -0400] "POST /xmlrpc.php HTTP/1.1" 200 236 "-" "Mozilla/5.0 (Windows NT 10.0; Win64; x64) AppleWebKit/537.36 (KHTML, like Gecko) Chrome/95.0.4638.69 Safari/537.36"
64.225.3.33 - - [03/Apr/2025:23:57:34 -0400] "POST /xmlrpc.php HTTP/1.1" 200 236 "-" "Mozilla/5.0 (Windows NT 10.0; Win64; x64) AppleWebKit/537.36 (KHTML, like Gecko) Chrome/95.0.4638.69 Safari/537.36"
64.225.3.33 - - [03/Apr/2025:23:57:35 -0400] "POST /xmlrpc.php HTTP/1.1" 200 236 "-" "Mozilla/5.0 (Windows NT 10.0; Win64; x64) AppleWebKit/537.36 (KHTML, like Gecko) Chrome/95.0.4638.69 Safari/537.36"
66.249.68.128 - - [04/Apr/2025:00:00:38 -0400] "GET /100mm-Travel-mm-Disc-Air-XFusion-Enix/Forks-111133/ HTTP/1.1" 404 1251 "-" "Mozilla/5.0 (Linux; Android 6.0.1; Nexus 5X Build/MMB29P) AppleWebKit/537.36 (KHTML, like Gecko) Chrome/134.0.6998.165 Mobile Safari/537.36 (compatible; Googlebot/2.1; +http://www.google.com/bot.html)"
52.167.144.205 - - [04/Apr/2025:00:00:50 -0400] "GET /lowprice-fhdranking HTTP/1.1" 404 1251 "-" "Mozilla/5.0 AppleWebKit/537.36 (KHTML, like Gecko; compatible; bingbot/2.0; +http://www.bing.com/bingbot.htm) Chrome/116.0.1938.76 Safari/537.36"
52.167.144.205 - - [04/Apr/2025:00:02:00 -0400] "GET /shpbrand/prduct_id=c-o9Lz667vawg.taletelling HTTP/1.1" 404 1251 "-" "Mozilla/5.0 AppleWebKit/537.36 (KHTML, like Gecko; compatible; bingbot/2.0; +http://www.bing.com/bingbot.htm) Chrome/116.0.1938.76 Safari/537.36"
66.249.68.130 - - [04/Apr/2025:00:06:51 -0400] "GET /Scope-red-trim-Excalibur-Vari-Zone/Bowhunting-464737/ HTTP/1.1" 404 1251 "-" "Mozilla/5.0 (Linux; Android 6.0.1; Nexus 5X Build/MMB29P) AppleWebKit/537.36 (KHTML, like Gecko) Chrome/134.0.6998.165 Mobile Safari/537.36 (compatible; Googlebot/2.1; +http://www.google.com/bot.html)"
112.135.56.42 - - [04/Apr/2025:00:07:31 -0400] "GET /how-to-win-at-gas-station-slots/ HTTP/1.1" 404 1251 "http://christianmantopoulos.com/how-to-win-at-gas-station-slots/" "Mozilla/5.0 (Windows NT 10.0; Win64; x64) AppleWebKit/537.36 (KHTML, like Gecko) Chrome/129.0.0.0 Safari/537.36"
112.135.56.42 - - [04/Apr/2025:00:07:31 -0400] "GET / HTTP/1.1" 200 97713 "http://christianmantopoulos.com/" "Mozilla/5.0 (Windows NT 10.0; Win64; x64) AppleWebKit/537.36 (KHTML, like Gecko) Chrome/129.0.0.0 Safari/537.36"
94.103.88.177 - - [04/Apr/2025:00:12:17 -0400] "GET /how-to-win-at-gas-station-slots/ HTTP/1.1" 404 1251 "http://christianmantopoulos.com/how-to-win-at-gas-station-slots/" "Mozilla/5.0 (Windows NT 10.0; Win64; x64) AppleWebKit/537.36 (KHTML, like Gecko) Chrome/131.0.0.0 Safari/537.36 Avast/131.0.0.0"
94.103.88.177 - - [04/Apr/2025:00:12:17 -0400] "GET / HTTP/1.1" 200 97713 "http://christianmantopoulos.com/" "Mozilla/5.0 (Windows NT 10.0; Win64; x64) AppleWebKit/537.36 (KHTML, like Gecko) Chrome/131.0.0.0 Safari/537.36 Avast/131.0.0.0"
94.103.88.177 - - [04/Apr/2025:00:12:18 -0400] "GET /how-to-win-at-gas-station-slots/ HTTP/1.1" 404 1251 "http://christianmantopoulos.com/how-to-win-at-gas-station-slots/" "Mozilla/5.0 (Windows NT 10.0; Win64; x64) AppleWebKit/537.36 (KHTML, like Gecko) Chrome/131.0.0.0 Safari/537.36"
94.103.88.177 - - [04/Apr/2025:00:12:19 -0400] "GET / HTTP/1.1" 200 97713 "http://christianmantopoulos.com/" "Mozilla/5.0 (Windows NT 10.0; Win64; x64) AppleWebKit/537.36 (KHTML, like Gecko) Chrome/131.0.0.0 Safari/537.36"
66.249.68.130 - - [04/Apr/2025:00:13:05 -0400] "GET /Surefire-X-Ultra-A-model-Kryptek-Highlander/Holsters-486016/ HTTP/1.1" 404 1251 "-" "Mozilla/5.0 (Linux; Android 6.0.1; Nexus 5X Build/MMB29P) AppleWebKit/537.36 (KHTML, like Gecko) Chrome/134.0.6998.165 Mobile Safari/537.36 (compatible; Googlebot/2.1; +http://www.google.com/bot.html)"
203.75.213.2 - - [04/Apr/2025:00:14:22 -0400] "GET / HTTP/1.1" 200 97713 "-" "Python/3.8 aiohttp/3.8.4"
66.249.68.130 - - [04/Apr/2025:00:19:18 -0400] "GET /V-ADULT-SCOOTER-CHLOROPHYLL-GREEN/Other-Scooters-707050/ HTTP/1.1" 404 1251 "-" "Mozilla/5.0 (Linux; Android 6.0.1; Nexus 5X Build/MMB29P) AppleWebKit/537.36 (KHTML, like Gecko) Chrome/134.0.6998.165 Mobile Safari/537.36 (compatible; Googlebot/2.1; +http://www.google.com/bot.html)"
40.77.167.60 - - [04/Apr/2025:00:28:04 -0400] "GET /kanbuniinkai10-rihakujoseishi/archives/6340683.html HTTP/1.1" 404 1251 "-" "Mozilla/5.0 AppleWebKit/537.36 (KHTML, like Gecko; compatible; bingbot/2.0; +http://www.bing.com/bingbot.htm) Chrome/116.0.1938.76 Safari/537.36"
66.249.68.130 - - [04/Apr/2025:00:30:20 -0400] "GET /Hubert-GTX-Herren-Wanderschuh/Other-Camping-Hiking-Clothing-606816/ HTTP/1.1" 404 1251 "-" "Mozilla/5.0 (Linux; Android 6.0.1; Nexus 5X Build/MMB29P) AppleWebKit/537.36 (KHTML, like Gecko) Chrome/134.0.6998.165 Mobile Safari/537.36 (compatible; Googlebot/2.1; +http://www.google.com/bot.html)"
66.249.68.130 - - [04/Apr/2025:00:41:18 -0400] "GET /Fishing-Tackle-Tools-pcsBag-Minisize-Squid/Saltwater-Lures-290782/ HTTP/1.1" 404 1251 "-" "Mozilla/5.0 (Linux; Android 6.0.1; Nexus 5X Build/MMB29P) AppleWebKit/537.36 (KHTML, like Gecko) Chrome/134.0.6998.165 Mobile Safari/537.36 (compatible; Googlebot/2.1; +http://www.google.com/bot.html)"
23.94.228.241 - - [04/Apr/2025:00:46:01 -0400] "GET /how-to-win-at-gas-station-slots/ HTTP/1.1" 404 1251 "http://christianmantopoulos.com/how-to-win-at-gas-station-slots/" "Mozilla/5.0 (Windows NT 10.0; Win64; x64) AppleWebKit/537.36 (KHTML, like Gecko) Chrome/129.0.0.0 Safari/537.36"
23.94.228.241 - - [04/Apr/2025:00:46:04 -0400] "GET / HTTP/1.1" 200 97713 "http://christianmantopoulos.com/" "Mozilla/5.0 (Windows NT 10.0; Win64; x64) AppleWebKit/537.36 (KHTML, like Gecko) Chrome/129.0.0.0 Safari/537.36"
195.2.76.117 - - [04/Apr/2025:00:49:13 -0400] "GET /how-to-win-at-gas-station-slots/ HTTP/1.1" 404 1251 "http://christianmantopoulos.com/how-to-win-at-gas-station-slots/" "Mozilla/5.0 (Windows NT 10.0; Win64; x64) AppleWebKit/537.36 (KHTML, like Gecko) Chrome/131.0.0.0 Safari/537.36 Avast/131.0.0.0"
195.2.76.117 - - [04/Apr/2025:00:49:14 -0400] "GET / HTTP/1.1" 200 97713 "http://christianmantopoulos.com/" "Mozilla/5.0 (Windows NT 10.0; Win64; x64) AppleWebKit/537.36 (KHTML, like Gecko) Chrome/131.0.0.0 Safari/537.36 Avast/131.0.0.0"
66.249.68.128 - - [04/Apr/2025:00:52:18 -0400] "GET /Companion-Varta-CR12AA-Battery-Kit/Dive-Computers-792475/ HTTP/1.1" 404 1251 "-" "Mozilla/5.0 (Linux; Android 6.0.1; Nexus 5X Build/MMB29P) AppleWebKit/537.36 (KHTML, like Gecko) Chrome/134.0.6998.165 Mobile Safari/537.36 (compatible; Googlebot/2.1; +http://www.google.com/bot.html)"
212.102.39.196 - - [04/Apr/2025:00:55:38 -0400] "GET /mk-shoulder-bag-by-michael-kors/ HTTP/1.1" 404 1251 "http://christianmantopoulos.com/mk-shoulder-bag-by-michael-kors/" "Mozilla/5.0 (Windows NT 10.0; Win64; x64) AppleWebKit/537.36 (KHTML, like Gecko) Chrome/131.0.0.0 Safari/537.36 Avast/131.0.0.0"
212.102.39.196 - - [04/Apr/2025:00:55:39 -0400] "GET / HTTP/1.1" 200 97713 "http://christianmantopoulos.com/" "Mozilla/5.0 (Windows NT 10.0; Win64; x64) AppleWebKit/537.36 (KHTML, like Gecko) Chrome/131.0.0.0 Safari/537.36 Avast/131.0.0.0"
195.2.78.191 - - [04/Apr/2025:01:11:13 -0400] "GET /how-to-win-at-gas-station-slots/ HTTP/1.1" 404 1251 "http://christianmantopoulos.com/how-to-win-at-gas-station-slots/" "Mozilla/5.0 (Windows NT 10.0; Win64; x64) AppleWebKit/537.36 (KHTML, like Gecko) Chrome/130.0.0.0 Safari/537.36 CCleaner/130.0.0.0"
195.2.78.191 - - [04/Apr/2025:01:11:14 -0400] "GET / HTTP/1.1" 200 97713 "http://christianmantopoulos.com/" "Mozilla/5.0 (Windows NT 10.0; Win64; x64) AppleWebKit/537.36 (KHTML, like Gecko) Chrome/130.0.0.0 Safari/537.36 CCleaner/130.0.0.0"
195.2.76.183 - - [04/Apr/2025:01:12:27 -0400] "GET /how-to-win-at-gas-station-slots/ HTTP/1.1" 404 1251 "http://christianmantopoulos.com/how-to-win-at-gas-station-slots/" "Mozilla/5.0 (Windows NT 10.0; Win64; x64) AppleWebKit/537.36 (KHTML, like Gecko) Chrome/129.0.0.0 Safari/537.36"
195.2.76.183 - - [04/Apr/2025:01:12:28 -0400] "GET / HTTP/1.1" 200 97713 "http://christianmantopoulos.com/" "Mozilla/5.0 (Windows NT 10.0; Win64; x64) AppleWebKit/537.36 (KHTML, like Gecko) Chrome/129.0.0.0 Safari/537.36"
18.130.12.89 - - [04/Apr/2025:01:14:33 -0400] "GET /wp-includes/ID3/index.php HTTP/1.1" 404 1251 "-" "Mozilla/5.0 (Linux; Android 7.0; SM-G892A Build/NRD90M; wv) AppleWebKit/537.36 (KHTML, like Gecko) Version/4.0 Chrome/60.0.3112.107 Mobile Safari/537.36"
18.130.12.89 - - [04/Apr/2025:01:14:33 -0400] "GET /wp-content/plugins/index.php HTTP/1.1" 200 0 "-" "Mozilla/5.0 (Linux; Android 7.0; SM-G892A Build/NRD90M; wv) AppleWebKit/537.36 (KHTML, like Gecko) Version/4.0 Chrome/60.0.3112.107 Mobile Safari/537.36"
198.54.114.83 - - [04/Apr/2025:01:14:37 -0400] "POST /wp-cron.php?doing_wp_cron=1743743676.8755829334259033203125 HTTP/1.1" 200 0 "-" "WordPress/6.7.2; https://christianmantopoulos.com"
18.130.12.89 - - [04/Apr/2025:01:14:34 -0400] "GET /wp-admin/network/index.php HTTP/1.1" 302 0 "-" "Mozilla/5.0 (Linux; Android 7.0; SM-G892A Build/NRD90M; wv) AppleWebKit/537.36 (KHTML, like Gecko) Version/4.0 Chrome/60.0.3112.107 Mobile Safari/537.36"
18.130.12.89 - - [04/Apr/2025:01:14:39 -0400] "GET /wp-includes/IXR/index.php HTTP/1.1" 404 1251 "-" "Mozilla/5.0 (Linux; Android 7.0; SM-G892A Build/NRD90M; wv) AppleWebKit/537.36 (KHTML, like Gecko) Version/4.0 Chrome/60.0.3112.107 Mobile Safari/537.36"
18.130.12.89 - - [04/Apr/2025:01:14:39 -0400] "GET /wp-admin/images/index.php HTTP/1.1" 404 1251 "-" "Mozilla/5.0 (Linux; Android 7.0; SM-G892A Build/NRD90M; wv) AppleWebKit/537.36 (KHTML, like Gecko) Version/4.0 Chrome/60.0.3112.107 Mobile Safari/537.36"
18.130.12.89 - - [04/Apr/2025:01:14:39 -0400] "GET /wp-login.php HTTP/1.1" 302 0 "-" "Mozilla/5.0 (Linux; Android 7.0; SM-G892A Build/NRD90M; wv) AppleWebKit/537.36 (KHTML, like Gecko) Version/4.0 Chrome/60.0.3112.107 Mobile Safari/537.36"
18.130.12.89 - - [04/Apr/2025:01:14:40 -0400] "GET /wp-content/plugins/admin.php HTTP/1.1" 404 1251 "-" "Mozilla/5.0 (Linux; Android 7.0; SM-G892A Build/NRD90M; wv) AppleWebKit/537.36 (KHTML, like Gecko) Version/4.0 Chrome/60.0.3112.107 Mobile Safari/537.36"
18.130.12.89 - - [04/Apr/2025:01:14:41 -0400] "GET /xmlrpc.php HTTP/1.1" 405 60 "-" "Mozilla/5.0 (Linux; Android 7.0; SM-G892A Build/NRD90M; wv) AppleWebKit/537.36 (KHTML, like Gecko) Version/4.0 Chrome/60.0.3112.107 Mobile Safari/537.36"
18.130.12.89 - - [04/Apr/2025:01:14:41 -0400] "GET /wp-admin.php HTTP/1.1" 404 1251 "-" "Mozilla/5.0 (Linux; Android 7.0; SM-G892A Build/NRD90M; wv) AppleWebKit/537.36 (KHTML, like Gecko) Version/4.0 Chrome/60.0.3112.107 Mobile Safari/537.36"
18.130.12.89 - - [04/Apr/2025:01:14:42 -0400] "GET /wp-content/plugins/Core-Econ/upH.php HTTP/1.1" 404 1251 "-" "Mozilla/5.0 (Linux; Android 7.0; SM-G892A Build/NRD90M; wv) AppleWebKit/537.36 (KHTML, like Gecko) Version/4.0 Chrome/60.0.3112.107 Mobile Safari/537.36"
18.130.12.89 - - [04/Apr/2025:01:14:42 -0400] "GET /wp-content/plugins/fix/up.php HTTP/1.1" 404 1251 "-" "Mozilla/5.0 (Linux; Android 7.0; SM-G892A Build/NRD90M; wv) AppleWebKit/537.36 (KHTML, like Gecko) Version/4.0 Chrome/60.0.3112.107 Mobile Safari/537.36"
18.130.12.89 - - [04/Apr/2025:01:14:42 -0400] "GET /wp-content/plugins/pwnd/pwnd.php HTTP/1.1" 404 1251 "-" "Mozilla/5.0 (Linux; Android 7.0; SM-G892A Build/NRD90M; wv) AppleWebKit/537.36 (KHTML, like Gecko) Version/4.0 Chrome/60.0.3112.107 Mobile Safari/537.36"
18.130.12.89 - - [04/Apr/2025:01:14:42 -0400] "GET /wp-content/plugins/shell/noimg.php HTTP/1.1" 404 1251 "-" "Mozilla/5.0 (Linux; Android 7.0; SM-G892A Build/NRD90M; wv) AppleWebKit/537.36 (KHTML, like Gecko) Version/4.0 Chrome/60.0.3112.107 Mobile Safari/537.36"
18.130.12.89 - - [04/Apr/2025:01:14:43 -0400] "GET /WSOEnigma.php HTTP/1.1" 404 1251 "-" "Mozilla/5.0 (Linux; Android 7.0; SM-G892A Build/NRD90M; wv) AppleWebKit/537.36 (KHTML, like Gecko) Version/4.0 Chrome/60.0.3112.107 Mobile Safari/537.36"
18.130.12.89 - - [04/Apr/2025:01:14:43 -0400] "GET /wp-content/plugins/pwnd-1/pwnd.php HTTP/1.1" 404 1251 "-" "Mozilla/5.0 (Linux; Android 7.0; SM-G892A Build/NRD90M; wv) AppleWebKit/537.36 (KHTML, like Gecko) Version/4.0 Chrome/60.0.3112.107 Mobile Safari/537.36"
18.130.12.89 - - [04/Apr/2025:01:14:43 -0400] "GET /wp-content/plugins/dummyyummy/wp-signup.php HTTP/1.1" 404 1251 "-" "Mozilla/5.0 (Linux; Android 7.0; SM-G892A Build/NRD90M; wv) AppleWebKit/537.36 (KHTML, like Gecko) Version/4.0 Chrome/60.0.3112.107 Mobile Safari/537.36"
18.130.12.89 - - [04/Apr/2025:01:14:44 -0400] "GET /wp-content/plugins/clara/clara.php HTTP/1.1" 404 1251 "-" "Mozilla/5.0 (Linux; Android 7.0; SM-G892A Build/NRD90M; wv) AppleWebKit/537.36 (KHTML, like Gecko) Version/4.0 Chrome/60.0.3112.107 Mobile Safari/537.36"
62.113.115.161 - - [04/Apr/2025:01:17:13 -0400] "GET /how-to-win-at-gas-station-slots/ HTTP/1.1" 404 1251 "http://christianmantopoulos.com/how-to-win-at-gas-station-slots/" "Mozilla/5.0 (Windows NT 10.0; Win64; x64) AppleWebKit/537.36 (KHTML, like Gecko) Chrome/130.0.0.0 Safari/537.36 CCleaner/130.0.0.0"
62.113.115.161 - - [04/Apr/2025:01:17:13 -0400] "GET / HTTP/1.1" 200 97713 "http://christianmantopoulos.com/" "Mozilla/5.0 (Windows NT 10.0; Win64; x64) AppleWebKit/537.36 (KHTML, like Gecko) Chrome/130.0.0.0 Safari/537.36 CCleaner/130.0.0.0"
66.249.68.129 - - [04/Apr/2025:01:26:15 -0400] "GET /camiseta-Maradona-Barcelona-retro-Maradona/Men-764823/ HTTP/1.1" 404 1251 "-" "Mozilla/5.0 (Linux; Android 6.0.1; Nexus 5X Build/MMB29P) AppleWebKit/537.36 (KHTML, like Gecko) Chrome/134.0.6998.165 Mobile Safari/537.36 (compatible; Googlebot/2.1; +http://www.google.com/bot.html)"
62.113.115.161 - - [04/Apr/2025:01:28:00 -0400] "GET /how-to-win-at-gas-station-slots/ HTTP/1.1" 404 1251 "http://christianmantopoulos.com/how-to-win-at-gas-station-slots/" "Mozilla/5.0 (Windows NT 10.0; Win64; x64) AppleWebKit/537.36 (KHTML, like Gecko) Chrome/129.0.0.0 Safari/537.36"
62.113.115.161 - - [04/Apr/2025:01:28:01 -0400] "GET / HTTP/1.1" 200 97713 "http://christianmantopoulos.com/" "Mozilla/5.0 (Windows NT 10.0; Win64; x64) AppleWebKit/537.36 (KHTML, like Gecko) Chrome/129.0.0.0 Safari/537.36"
66.249.68.129 - - [04/Apr/2025:01:37:14 -0400] "GET /Verstellbarer-Chest-Expander-Brust/Resistance-Trainers-432968/ HTTP/1.1" 404 1251 "-" "Mozilla/5.0 (Linux; Android 6.0.1; Nexus 5X Build/MMB29P) AppleWebKit/537.36 (KHTML, like Gecko) Chrome/134.0.6998.165 Mobile Safari/537.36 (compatible; Googlebot/2.1; +http://www.google.com/bot.html)"
52.167.144.222 - - [04/Apr/2025:01:39:47 -0400] "GET /shopping/apparel HTTP/1.1" 404 1251 "-" "Mozilla/5.0 AppleWebKit/537.36 (KHTML, like Gecko; compatible; bingbot/2.0; +http://www.bing.com/bingbot.htm) Chrome/116.0.1938.76 Safari/537.36"
66.249.68.130 - - [04/Apr/2025:01:48:14 -0400] "GET /Holes-Waist-Hip-Belt-Portable-Archery-Crossbow/Quivers-570669/ HTTP/1.1" 404 1251 "-" "Mozilla/5.0 (Linux; Android 6.0.1; Nexus 5X Build/MMB29P) AppleWebKit/537.36 (KHTML, like Gecko) Chrome/134.0.6998.165 Mobile Safari/537.36 (compatible; Googlebot/2.1; +http://www.google.com/bot.html)"
195.2.76.183 - - [04/Apr/2025:01:56:15 -0400] "GET /how-to-win-at-gas-station-slots/ HTTP/1.1" 404 1251 "http://christianmantopoulos.com/how-to-win-at-gas-station-slots/" "Mozilla/5.0 (Windows NT 10.0; Win64; x64) AppleWebKit/537.36 (KHTML, like Gecko) Chrome/131.0.0.0 Safari/537.36"
195.2.76.183 - - [04/Apr/2025:01:56:16 -0400] "GET / HTTP/1.1" 200 97713 "http://christianmantopoulos.com/" "Mozilla/5.0 (Windows NT 10.0; Win64; x64) AppleWebKit/537.36 (KHTML, like Gecko) Chrome/131.0.0.0 Safari/537.36"
66.249.68.128 - - [04/Apr/2025:01:59:14 -0400] "GET /NIB-Cane-Creek-Classic/Headsets-129194/ HTTP/1.1" 404 1251 "-" "Mozilla/5.0 (Linux; Android 6.0.1; Nexus 5X Build/MMB29P) AppleWebKit/537.36 (KHTML, like Gecko) Chrome/134.0.6998.165 Mobile Safari/537.36 (compatible; Googlebot/2.1; +http://www.google.com/bot.html)"
66.249.68.129 - - [04/Apr/2025:02:09:33 -0400] "GET /Badminton-Racket-Yonex/Badminton-777713/ HTTP/1.1" 404 1251 "-" "Mozilla/5.0 (Linux; Android 6.0.1; Nexus 5X Build/MMB29P) AppleWebKit/537.36 (KHTML, like Gecko) Chrome/134.0.6998.165 Mobile Safari/537.36 (compatible; Googlebot/2.1; +http://www.google.com/bot.html)"
66.249.68.129 - - [04/Apr/2025:02:09:44 -0400] "GET /PORTED-Mouth-Engraved-SILVER-Showman-PONY/Bits-689023/ HTTP/1.1" 404 1251 "-" "Mozilla/5.0 (Linux; Android 6.0.1; Nexus 5X Build/MMB29P) AppleWebKit/537.36 (KHTML, like Gecko) Chrome/134.0.6998.165 Mobile Safari/537.36 (compatible; Googlebot/2.1; +http://www.google.com/bot.html)"
66.249.68.128 - - [04/Apr/2025:02:09:54 -0400] "GET /PolosPRI-Equine-Colorful-Horse-Fleece/Horse-Leg-Wraps-684457/ HTTP/1.1" 404 1251 "-" "Mozilla/5.0 (Linux; Android 6.0.1; Nexus 5X Build/MMB29P) AppleWebKit/537.36 (KHTML, like Gecko) Chrome/134.0.6998.165 Mobile Safari/537.36 (compatible; Googlebot/2.1; +http://www.google.com/bot.html)"
66.249.68.129 - - [04/Apr/2025:02:10:05 -0400] "GET /Bearings-Wheels-Manufacturing-Open/Tools-183023/ HTTP/1.1" 404 1251 "-" "Mozilla/5.0 (Linux; Android 6.0.1; Nexus 5X Build/MMB29P) AppleWebKit/537.36 (KHTML, like Gecko) Chrome/134.0.6998.165 Mobile Safari/537.36 (compatible; Googlebot/2.1; +http://www.google.com/bot.html)"
66.249.68.128 - - [04/Apr/2025:02:10:16 -0400] "GET /Sonar-Fishing-Sports-NEW-Fish-Finder/Fishfinders-318798/ HTTP/1.1" 404 1251 "-" "Mozilla/5.0 (Linux; Android 6.0.1; Nexus 5X Build/MMB29P) AppleWebKit/537.36 (KHTML, like Gecko) Chrome/134.0.6998.165 Mobile Safari/537.36 (compatible; Googlebot/2.1; +http://www.google.com/bot.html)"
66.249.68.128 - - [04/Apr/2025:02:10:27 -0400] "GET /Modification-Wave-Charge-Leatherman-Wave/Pocket-Multi-Tools-600705/ HTTP/1.1" 404 1251 "-" "Mozilla/5.0 (Linux; Android 6.0.1; Nexus 5X Build/MMB29P) AppleWebKit/537.36 (KHTML, like Gecko) Chrome/134.0.6998.165 Mobile Safari/537.36 (compatible; Googlebot/2.1; +http://www.google.com/bot.html)"
66.249.68.128 - - [04/Apr/2025:02:10:37 -0400] "GET /Mountain-MTB-Road-Bike-Sight-Speed/Derailleurs-Rear-105401/ HTTP/1.1" 404 1251 "-" "Mozilla/5.0 (Linux; Android 6.0.1; Nexus 5X Build/MMB29P) AppleWebKit/537.36 (KHTML, like Gecko) Chrome/134.0.6998.165 Mobile Safari/537.36 (compatible; Googlebot/2.1; +http://www.google.com/bot.html)"
66.249.68.128 - - [04/Apr/2025:02:10:59 -0400] "GET /Shrimp-Cage-Fishing-Mesh-Fishing-Net/Nets-326793/ HTTP/1.1" 404 1251 "-" "Mozilla/5.0 (Linux; Android 6.0.1; Nexus 5X Build/MMB29P) AppleWebKit/537.36 (KHTML, like Gecko) Chrome/134.0.6998.165 Mobile Safari/537.36 (compatible; Googlebot/2.1; +http://www.google.com/bot.html)"
66.249.68.130 - - [04/Apr/2025:02:11:21 -0400] "GET /Assembly-mm-FrontRear-SRAM-Rival-Rival/Brakes-82599/ HTTP/1.1" 404 1251 "-" "Mozilla/5.0 (Linux; Android 6.0.1; Nexus 5X Build/MMB29P) AppleWebKit/537.36 (KHTML, like Gecko) Chrome/134.0.6998.165 Mobile Safari/537.36 (compatible; Googlebot/2.1; +http://www.google.com/bot.html)"
66.249.68.128 - - [04/Apr/2025:02:11:42 -0400] "GET /Torqeedo-Ultralight-Motor-Wilderness/Accessories-786217/ HTTP/1.1" 404 1251 "-" "Mozilla/5.0 (Linux; Android 6.0.1; Nexus 5X Build/MMB29P) AppleWebKit/537.36 (KHTML, like Gecko) Chrome/134.0.6998.165 Mobile Safari/537.36 (compatible; Googlebot/2.1; +http://www.google.com/bot.html)"
66.249.68.129 - - [04/Apr/2025:02:12:04 -0400] "GET /Dos-Sauna-Sudation-Ceinture-Corset-de/Shapewear-8121/ HTTP/1.1" 404 1251 "-" "Mozilla/5.0 (Linux; Android 6.0.1; Nexus 5X Build/MMB29P) AppleWebKit/537.36 (KHTML, like Gecko) Chrome/134.0.6998.165 Mobile Safari/537.36 (compatible; Googlebot/2.1; +http://www.google.com/bot.html)"
66.249.68.128 - - [04/Apr/2025:02:12:26 -0400] "GET /Green-Pas-Normal-Studios/Jerseys-219556/ HTTP/1.1" 404 1251 "-" "Mozilla/5.0 (Linux; Android 6.0.1; Nexus 5X Build/MMB29P) AppleWebKit/537.36 (KHTML, like Gecko) Chrome/134.0.6998.165 Mobile Safari/537.36 (compatible; Googlebot/2.1; +http://www.google.com/bot.html)"
66.249.68.128 - - [04/Apr/2025:02:12:47 -0400] "GET /Ear-Muffs-Black-Punisher-Skull/Hearing-Protection-515305/ HTTP/1.1" 404 1251 "-" "Mozilla/5.0 (Linux; Android 6.0.1; Nexus 5X Build/MMB29P) AppleWebKit/537.36 (KHTML, like Gecko) Chrome/134.0.6998.165 Mobile Safari/537.36 (compatible; Googlebot/2.1; +http://www.google.com/bot.html)"
66.249.68.128 - - [04/Apr/2025:02:13:09 -0400] "GET /WING-Fly-Tying-pack-or/Other-Fly-Tying-Materials-281297/ HTTP/1.1" 404 1251 "-" "Mozilla/5.0 (Linux; Android 6.0.1; Nexus 5X Build/MMB29P) AppleWebKit/537.36 (KHTML, like Gecko) Chrome/134.0.6998.165 Mobile Safari/537.36 (compatible; Googlebot/2.1; +http://www.google.com/bot.html)"
66.249.68.129 - - [04/Apr/2025:02:13:30 -0400] "GET /Shrimp-Mesh-Cheap-PCS-Fishing-Net/Nets-326928/ HTTP/1.1" 404 1251 "-" "Mozilla/5.0 (Linux; Android 6.0.1; Nexus 5X Build/MMB29P) AppleWebKit/537.36 (KHTML, like Gecko) Chrome/134.0.6998.165 Mobile Safari/537.36 (compatible; Googlebot/2.1; +http://www.google.com/bot.html)"
66.249.68.128 - - [04/Apr/2025:02:13:52 -0400] "GET /TASCHENLAMPE-mit-GR%C3%9CNLICHT-JAGD-LAMPEGR%C3%9CNES-LICHT/Night-Vision-Optics-527906/ HTTP/1.1" 404 1251 "-" "Mozilla/5.0 (Linux; Android 6.0.1; Nexus 5X Build/MMB29P) AppleWebKit/537.36 (KHTML, like Gecko) Chrome/134.0.6998.165 Mobile Safari/537.36 (compatible; Googlebot/2.1; +http://www.google.com/bot.html)"
143.244.57.92 - - [04/Apr/2025:02:31:29 -0400] "GET / HTTP/1.1" 200 97713 "-" "Mozilla/5.0 (Windows NT 10.0; Win64; x64) AppleWebKit/537.36 (KHTML, like Gecko) Chrome/78.0.3904.108 Safari/537.36"
143.244.57.92 - - [04/Apr/2025:02:31:30 -0400] "GET / HTTP/1.1" 200 97713 "-" "Mozilla/5.0 (Windows NT 10.0; Win64; x64) AppleWebKit/537.36 (KHTML, like Gecko) Chrome/78.0.3904.108 Safari/537.36"
143.244.57.92 - - [04/Apr/2025:02:31:31 -0400] "GET /wp-includes/wlwmanifest.xml HTTP/1.1" 404 1251 "-" "Mozilla/5.0 (Windows NT 10.0; Win64; x64) AppleWebKit/537.36 (KHTML, like Gecko) Chrome/78.0.3904.108 Safari/537.36"
143.244.57.92 - - [04/Apr/2025:02:31:31 -0400] "GET / HTTP/1.1" 200 97713 "-" "Mozilla/5.0 (Windows NT 10.0; Win64; x64) AppleWebKit/537.36 (KHTML, like Gecko) Chrome/78.0.3904.108 Safari/537.36"
143.244.57.92 - - [04/Apr/2025:02:31:32 -0400] "GET /blog/wp-includes/wlwmanifest.xml HTTP/1.1" 404 1251 "-" "Mozilla/5.0 (Windows NT 10.0; Win64; x64) AppleWebKit/537.36 (KHTML, like Gecko) Chrome/78.0.3904.108 Safari/537.36"
143.244.57.92 - - [04/Apr/2025:02:31:33 -0400] "GET /web/wp-includes/wlwmanifest.xml HTTP/1.1" 404 1251 "-" "Mozilla/5.0 (Windows NT 10.0; Win64; x64) AppleWebKit/537.36 (KHTML, like Gecko) Chrome/78.0.3904.108 Safari/537.36"
143.244.57.92 - - [04/Apr/2025:02:31:33 -0400] "GET /wordpress/wp-includes/wlwmanifest.xml HTTP/1.1" 404 1251 "-" "Mozilla/5.0 (Windows NT 10.0; Win64; x64) AppleWebKit/537.36 (KHTML, like Gecko) Chrome/78.0.3904.108 Safari/537.36"
143.244.57.92 - - [04/Apr/2025:02:31:33 -0400] "GET /website/wp-includes/wlwmanifest.xml HTTP/1.1" 404 1251 "-" "Mozilla/5.0 (Windows NT 10.0; Win64; x64) AppleWebKit/537.36 (KHTML, like Gecko) Chrome/78.0.3904.108 Safari/537.36"
143.244.57.92 - - [04/Apr/2025:02:31:34 -0400] "GET /wp/wp-includes/wlwmanifest.xml HTTP/1.1" 404 1251 "-" "Mozilla/5.0 (Windows NT 10.0; Win64; x64) AppleWebKit/537.36 (KHTML, like Gecko) Chrome/78.0.3904.108 Safari/537.36"
143.244.57.92 - - [04/Apr/2025:02:31:34 -0400] "GET /news/wp-includes/wlwmanifest.xml HTTP/1.1" 404 1251 "-" "Mozilla/5.0 (Windows NT 10.0; Win64; x64) AppleWebKit/537.36 (KHTML, like Gecko) Chrome/78.0.3904.108 Safari/537.36"
143.244.57.92 - - [04/Apr/2025:02:31:35 -0400] "GET /2018/wp-includes/wlwmanifest.xml HTTP/1.1" 404 1251 "-" "Mozilla/5.0 (Windows NT 10.0; Win64; x64) AppleWebKit/537.36 (KHTML, like Gecko) Chrome/78.0.3904.108 Safari/537.36"
143.244.57.92 - - [04/Apr/2025:02:31:36 -0400] "GET /2019/wp-includes/wlwmanifest.xml HTTP/1.1" 404 1251 "-" "Mozilla/5.0 (Windows NT 10.0; Win64; x64) AppleWebKit/537.36 (KHTML, like Gecko) Chrome/78.0.3904.108 Safari/537.36"
143.244.57.92 - - [04/Apr/2025:02:31:36 -0400] "GET /shop/wp-includes/wlwmanifest.xml HTTP/1.1" 404 1251 "-" "Mozilla/5.0 (Windows NT 10.0; Win64; x64) AppleWebKit/537.36 (KHTML, like Gecko) Chrome/78.0.3904.108 Safari/537.36"
143.244.57.92 - - [04/Apr/2025:02:31:36 -0400] "GET /wp1/wp-includes/wlwmanifest.xml HTTP/1.1" 404 1251 "-" "Mozilla/5.0 (Windows NT 10.0; Win64; x64) AppleWebKit/537.36 (KHTML, like Gecko) Chrome/78.0.3904.108 Safari/537.36"
143.244.57.92 - - [04/Apr/2025:02:31:37 -0400] "GET /test/wp-includes/wlwmanifest.xml HTTP/1.1" 404 1251 "-" "Mozilla/5.0 (Windows NT 10.0; Win64; x64) AppleWebKit/537.36 (KHTML, like Gecko) Chrome/78.0.3904.108 Safari/537.36"
143.244.57.92 - - [04/Apr/2025:02:31:37 -0400] "GET /media/wp-includes/wlwmanifest.xml HTTP/1.1" 404 1251 "-" "Mozilla/5.0 (Windows NT 10.0; Win64; x64) AppleWebKit/537.36 (KHTML, like Gecko) Chrome/78.0.3904.108 Safari/537.36"
143.244.57.92 - - [04/Apr/2025:02:31:37 -0400] "GET /wp2/wp-includes/wlwmanifest.xml HTTP/1.1" 404 1251 "-" "Mozilla/5.0 (Windows NT 10.0; Win64; x64) AppleWebKit/537.36 (KHTML, like Gecko) Chrome/78.0.3904.108 Safari/537.36"
143.244.57.92 - - [04/Apr/2025:02:31:38 -0400] "GET /site/wp-includes/wlwmanifest.xml HTTP/1.1" 404 1251 "-" "Mozilla/5.0 (Windows NT 10.0; Win64; x64) AppleWebKit/537.36 (KHTML, like Gecko) Chrome/78.0.3904.108 Safari/537.36"
143.244.57.92 - - [04/Apr/2025:02:31:38 -0400] "GET /cms/wp-includes/wlwmanifest.xml HTTP/1.1" 404 1251 "-" "Mozilla/5.0 (Windows NT 10.0; Win64; x64) AppleWebKit/537.36 (KHTML, like Gecko) Chrome/78.0.3904.108 Safari/537.36"
143.244.57.92 - - [04/Apr/2025:02:31:38 -0400] "GET /sito/wp-includes/wlwmanifest.xml HTTP/1.1" 404 1251 "-" "Mozilla/5.0 (Windows NT 10.0; Win64; x64) AppleWebKit/537.36 (KHTML, like Gecko) Chrome/78.0.3904.108 Safari/537.36"
40.77.167.230 - - [04/Apr/2025:02:33:44 -0400] "GET /products_4.3-inch.htm HTTP/1.1" 404 1251 "-" "Mozilla/5.0 AppleWebKit/537.36 (KHTML, like Gecko; compatible; bingbot/2.0; +http://www.bing.com/bingbot.htm) Chrome/116.0.1938.76 Safari/537.36"
66.249.68.128 - - [04/Apr/2025:02:39:32 -0400] "GET /range-of-colors-Fishing-lures-Gene/Soft-Plastics-300811/ HTTP/1.1" 404 1251 "-" "Mozilla/5.0 (Linux; Android 6.0.1; Nexus 5X Build/MMB29P) AppleWebKit/537.36 (KHTML, like Gecko) Chrome/134.0.6998.165 Mobile Safari/537.36 (compatible; Googlebot/2.1; +http://www.google.com/bot.html)"
66.249.68.128 - - [04/Apr/2025:02:39:43 -0400] "GET /Sports-Bag-Weightlifting-Training-Sandbag/Other-Strength-Training-455981/ HTTP/1.1" 404 1251 "-" "Mozilla/5.0 (Linux; Android 6.0.1; Nexus 5X Build/MMB29P) AppleWebKit/537.36 (KHTML, like Gecko) Chrome/134.0.6998.165 Mobile Safari/537.36 (compatible; Googlebot/2.1; +http://www.google.com/bot.html)"
66.249.68.128 - - [04/Apr/2025:02:39:54 -0400] "GET /Black-WAS-%C2%A3-Charles-Owen/Riding-Helmets-679751/ HTTP/1.1" 404 1251 "-" "Mozilla/5.0 (Linux; Android 6.0.1; Nexus 5X Build/MMB29P) AppleWebKit/537.36 (KHTML, like Gecko) Chrome/134.0.6998.165 Mobile Safari/537.36 (compatible; Googlebot/2.1; +http://www.google.com/bot.html)"
66.249.68.128 - - [04/Apr/2025:02:40:06 -0400] "GET /Piece-MRNIISP602M-Fishing-Rod-Penn-Mariner/Spinning-Rods-379091/ HTTP/1.1" 404 1251 "-" "Mozilla/5.0 (Linux; Android 6.0.1; Nexus 5X Build/MMB29P) AppleWebKit/537.36 (KHTML, like Gecko) Chrome/134.0.6998.165 Mobile Safari/537.36 (compatible; Googlebot/2.1; +http://www.google.com/bot.html)"
66.249.68.128 - - [04/Apr/2025:02:40:15 -0400] "GET /Equipamiento-list-05 HTTP/1.1" 404 1251 "-" "Mozilla/5.0 (Linux; Android 6.0.1; Nexus 5X Build/MMB29P) AppleWebKit/537.36 (KHTML, like Gecko) Chrome/134.0.6998.165 Mobile Safari/537.36 (compatible; Googlebot/2.1; +http://www.google.com/bot.html)"
66.249.68.128 - - [04/Apr/2025:02:40:26 -0400] "GET /lure-Pike-Zander-Bass-JAPAN-KEITECH-EASY/Soft-Plastics-300257/ HTTP/1.1" 404 1251 "-" "Mozilla/5.0 (Linux; Android 6.0.1; Nexus 5X Build/MMB29P) AppleWebKit/537.36 (KHTML, like Gecko) Chrome/134.0.6998.165 Mobile Safari/537.36 (compatible; Googlebot/2.1; +http://www.google.com/bot.html)"
66.249.68.128 - - [04/Apr/2025:02:40:38 -0400] "GET /FIT-CULT-S&M-HARO-BLACK-SHADOW-CONSPIRACY/Handlebars-122902/ HTTP/1.1" 404 1251 "-" "Mozilla/5.0 (Linux; Android 6.0.1; Nexus 5X Build/MMB29P) AppleWebKit/537.36 (KHTML, like Gecko) Chrome/134.0.6998.165 Mobile Safari/537.36 (compatible; Googlebot/2.1; +http://www.google.com/bot.html)"
66.249.68.128 - - [04/Apr/2025:02:40:59 -0400] "GET /Line-M-Blue-PE-lb-Varivas/Other-Fishing-Line-&-Leaders-349604/ HTTP/1.1" 404 1251 "-" "Mozilla/5.0 (Linux; Android 6.0.1; Nexus 5X Build/MMB29P) AppleWebKit/537.36 (KHTML, like Gecko) Chrome/134.0.6998.165 Mobile Safari/537.36 (compatible; Googlebot/2.1; +http://www.google.com/bot.html)"
66.249.68.128 - - [04/Apr/2025:02:41:21 -0400] "GET /New-TURLUTTE-TAKOYAN-YOZURI-Calamars/Jigs-285406/ HTTP/1.1" 404 1251 "-" "Mozilla/5.0 (Linux; Android 6.0.1; Nexus 5X Build/MMB29P) AppleWebKit/537.36 (KHTML, like Gecko) Chrome/134.0.6998.165 Mobile Safari/537.36 (compatible; Googlebot/2.1; +http://www.google.com/bot.html)"
66.249.68.128 - - [04/Apr/2025:02:41:42 -0400] "GET /w-Adjustable-Shoulder-Strap-Slots/Other-Hunting-Accessories-505069/ HTTP/1.1" 404 1251 "-" "Mozilla/5.0 (Linux; Android 6.0.1; Nexus 5X Build/MMB29P) AppleWebKit/537.36 (KHTML, like Gecko) Chrome/134.0.6998.165 Mobile Safari/537.36 (compatible; Googlebot/2.1; +http://www.google.com/bot.html)"
94.247.172.129 - - [04/Apr/2025:02:41:47 -0400] "GET / HTTP/1.1" 200 97713 "-" "Mozilla/5.0 (Macintosh; Intel Mac OS X 10_9_2)"
66.249.68.128 - - [04/Apr/2025:02:42:04 -0400] "GET /Tracker-Black-Large-New-Open-Box/Activity-Trackers-437394/ HTTP/1.1" 404 1251 "-" "Mozilla/5.0 (Linux; Android 6.0.1; Nexus 5X Build/MMB29P) AppleWebKit/537.36 (KHTML, like Gecko) Chrome/134.0.6998.165 Mobile Safari/537.36 (compatible; Googlebot/2.1; +http://www.google.com/bot.html)"
66.249.68.129 - - [04/Apr/2025:02:42:25 -0400] "GET /FREE-SHIPPING-Minnesota-Vikings-Twins/Cornhole-Bag-Toss-586931/ HTTP/1.1" 404 1251 "-" "Mozilla/5.0 (Linux; Android 6.0.1; Nexus 5X Build/MMB29P) AppleWebKit/537.36 (KHTML, like Gecko) Chrome/134.0.6998.165 Mobile Safari/537.36 (compatible; Googlebot/2.1; +http://www.google.com/bot.html)"
66.249.68.128 - - [04/Apr/2025:02:42:47 -0400] "GET /Tactical-Rubber-Knuckle-Glove-Station-The/Tactical-Gloves-543289/ HTTP/1.1" 404 1251 "-" "Mozilla/5.0 (Linux; Android 6.0.1; Nexus 5X Build/MMB29P) AppleWebKit/537.36 (KHTML, like Gecko) Chrome/134.0.6998.165 Mobile Safari/537.36 (compatible; Googlebot/2.1; +http://www.google.com/bot.html)"
66.249.68.129 - - [04/Apr/2025:02:43:09 -0400] "GET /SKIPPER-%C2%AEPOLARISIEREND/Sunglasses-3958/ HTTP/1.1" 404 1251 "-" "Mozilla/5.0 (Linux; Android 6.0.1; Nexus 5X Build/MMB29P) AppleWebKit/537.36 (KHTML, like Gecko) Chrome/134.0.6998.165 Mobile Safari/537.36 (compatible; Googlebot/2.1; +http://www.google.com/bot.html)"
66.249.68.128 - - [04/Apr/2025:02:43:30 -0400] "GET /Skates-St%C3%BCck-Schn%C3%BCrsenkel-f%C3%BCr/Inline-Skates-699475/ HTTP/1.1" 404 1251 "-" "Mozilla/5.0 (Linux; Android 6.0.1; Nexus 5X Build/MMB29P) AppleWebKit/537.36 (KHTML, like Gecko) Chrome/134.0.6998.165 Mobile Safari/537.36 (compatible; Googlebot/2.1; +http://www.google.com/bot.html)"
66.249.68.128 - - [04/Apr/2025:02:43:52 -0400] "GET /Custom-Sublimated-Vented-Double/Men-759116/ HTTP/1.1" 404 1251 "-" "Mozilla/5.0 (Linux; Android 6.0.1; Nexus 5X Build/MMB29P) AppleWebKit/537.36 (KHTML, like Gecko) Chrome/134.0.6998.165 Mobile Safari/537.36 (compatible; Googlebot/2.1; +http://www.google.com/bot.html)"
66.249.68.129 - - [04/Apr/2025:02:44:14 -0400] "GET /Wheel-MTB-Guide-Roller-ZTTO-Derailleur/Rear-Derailleurs-148272/ HTTP/1.1" 404 1251 "-" "Mozilla/5.0 (Linux; Android 6.0.1; Nexus 5X Build/MMB29P) AppleWebKit/537.36 (KHTML, like Gecko) Chrome/134.0.6998.165 Mobile Safari/537.36 (compatible; Googlebot/2.1; +http://www.google.com/bot.html)"
66.249.68.128 - - [04/Apr/2025:02:44:36 -0400] "GET /Jungle-Forest-Hunting-Kid&039;s-Ghillie-Suit/Ghillie-Suits-466233/ HTTP/1.1" 404 1251 "-" "Mozilla/5.0 (Linux; Android 6.0.1; Nexus 5X Build/MMB29P) AppleWebKit/537.36 (KHTML, like Gecko) Chrome/134.0.6998.165 Mobile Safari/537.36 (compatible; Googlebot/2.1; +http://www.google.com/bot.html)"
66.249.68.128 - - [04/Apr/2025:02:44:57 -0400] "GET /12&034;-oz-Crankbait-Lure-Rapala-Shad/Crankbaits-270833/ HTTP/1.1" 404 1251 "-" "Mozilla/5.0 (Linux; Android 6.0.1; Nexus 5X Build/MMB29P) AppleWebKit/537.36 (KHTML, like Gecko) Chrome/134.0.6998.165 Mobile Safari/537.36 (compatible; Googlebot/2.1; +http://www.google.com/bot.html)"
66.249.68.129 - - [04/Apr/2025:02:45:19 -0400] "GET /LLAMA-%C3%9765/Other-Hunting-511753/ HTTP/1.1" 404 1251 "-" "Mozilla/5.0 (Linux; Android 6.0.1; Nexus 5X Build/MMB29P) AppleWebKit/537.36 (KHTML, like Gecko) Chrome/134.0.6998.165 Mobile Safari/537.36 (compatible; Googlebot/2.1; +http://www.google.com/bot.html)"
66.249.68.129 - - [04/Apr/2025:02:45:41 -0400] "GET /Vintage-Cycling-Fahrrad-Oldtim-Alcyon-Carter/Bicycles-203110/ HTTP/1.1" 404 1251 "-" "Mozilla/5.0 (Linux; Android 6.0.1; Nexus 5X Build/MMB29P) AppleWebKit/537.36 (KHTML, like Gecko) Chrome/134.0.6998.165 Mobile Safari/537.36 (compatible; Googlebot/2.1; +http://www.google.com/bot.html)"
66.249.68.129 - - [04/Apr/2025:02:46:02 -0400] "GET /Macpac-Fiord/Backpacks-640515/ HTTP/1.1" 404 1251 "-" "Mozilla/5.0 (Linux; Android 6.0.1; Nexus 5X Build/MMB29P) AppleWebKit/537.36 (KHTML, like Gecko) Chrome/134.0.6998.165 Mobile Safari/537.36 (compatible; Googlebot/2.1; +http://www.google.com/bot.html)"
66.249.68.128 - - [04/Apr/2025:02:46:23 -0400] "GET /Net-Small-Mesh-Fish-Net-Super-Strong/Nets-327997/ HTTP/1.1" 404 1251 "-" "Mozilla/5.0 (Linux; Android 6.0.1; Nexus 5X Build/MMB29P) AppleWebKit/537.36 (KHTML, like Gecko) Chrome/134.0.6998.165 Mobile Safari/537.36 (compatible; Googlebot/2.1; +http://www.google.com/bot.html)"
66.249.68.128 - - [04/Apr/2025:02:46:45 -0400] "GET /40c-Single-Tannus-Armour/Puncture-Repair-178865/ HTTP/1.1" 404 1251 "-" "Mozilla/5.0 (Linux; Android 6.0.1; Nexus 5X Build/MMB29P) AppleWebKit/537.36 (KHTML, like Gecko) Chrome/134.0.6998.165 Mobile Safari/537.36 (compatible; Googlebot/2.1; +http://www.google.com/bot.html)"
66.249.68.130 - - [04/Apr/2025:02:47:07 -0400] "GET /Creme-with-Reflective-Sidewall-Schwalbe-Fat/Tires-196323/ HTTP/1.1" 404 1251 "-" "Mozilla/5.0 (Linux; Android 6.0.1; Nexus 5X Build/MMB29P) AppleWebKit/537.36 (KHTML, like Gecko) Chrome/134.0.6998.165 Mobile Safari/537.36 (compatible; Googlebot/2.1; +http://www.google.com/bot.html)"
66.249.68.129 - - [04/Apr/2025:02:47:28 -0400] "GET /Farben-Elvedes-hydraulische-Leitung-mit/Brakes-79068/ HTTP/1.1" 404 1251 "-" "Mozilla/5.0 (Linux; Android 6.0.1; Nexus 5X Build/MMB29P) AppleWebKit/537.36 (KHTML, like Gecko) Chrome/134.0.6998.165 Mobile Safari/537.36 (compatible; Googlebot/2.1; +http://www.google.com/bot.html)"
66.249.68.128 - - [04/Apr/2025:02:47:50 -0400] "GET /Cannondale-Wheel-Trueing-Ref-CA-Lefty/Tools-186579/ HTTP/1.1" 404 1251 "-" "Mozilla/5.0 (Linux; Android 6.0.1; Nexus 5X Build/MMB29P) AppleWebKit/537.36 (KHTML, like Gecko) Chrome/134.0.6998.165 Mobile Safari/537.36 (compatible; Googlebot/2.1; +http://www.google.com/bot.html)"
66.249.68.130 - - [04/Apr/2025:02:48:11 -0400] "GET /Various-Patterns-OFF/Lures-401356/ HTTP/1.1" 404 1251 "-" "Mozilla/5.0 (Linux; Android 6.0.1; Nexus 5X Build/MMB29P) AppleWebKit/537.36 (KHTML, like Gecko) Chrome/134.0.6998.165 Mobile Safari/537.36 (compatible; Googlebot/2.1; +http://www.google.com/bot.html)"
66.249.68.128 - - [04/Apr/2025:02:48:33 -0400] "GET /45%E2%80%9D-Mountain-Hardwear-PurpleBlue-Logo/Stickers-&-Decals-726956/ HTTP/1.1" 404 1251 "-" "Mozilla/5.0 (Linux; Android 6.0.1; Nexus 5X Build/MMB29P) AppleWebKit/537.36 (KHTML, like Gecko) Chrome/134.0.6998.165 Mobile Safari/537.36 (compatible; Googlebot/2.1; +http://www.google.com/bot.html)"
66.249.68.128 - - [04/Apr/2025:02:48:55 -0400] "GET /100mm-Tapered-mm-Thru-axle-Manitou-Machete/Forks-110529/ HTTP/1.1" 404 1251 "-" "Mozilla/5.0 (Linux; Android 6.0.1; Nexus 5X Build/MMB29P) AppleWebKit/537.36 (KHTML, like Gecko) Chrome/134.0.6998.165 Mobile Safari/537.36 (compatible; Googlebot/2.1; +http://www.google.com/bot.html)"
13.43.218.202 - - [04/Apr/2025:02:52:16 -0400] "GET /zwso.php HTTP/1.1" 404 1251 "www.google.com" "Mozlila/5.0 (Linux; Android 7.0; SM-G892A Bulid/NRD90M; wv) AppleWebKit/537.36 (KHTML, like Gecko) Version/4.0 Chrome/60.0.3112.107 Moblie Safari/537.36"
52.167.144.211 - - [04/Apr/2025:02:53:37 -0400] "GET /release/78326/ HTTP/1.1" 404 1251 "-" "Mozilla/5.0 AppleWebKit/537.36 (KHTML, like Gecko; compatible; bingbot/2.0; +http://www.bing.com/bingbot.htm) Chrome/116.0.1938.76 Safari/537.36"
178.20.47.39 - - [04/Apr/2025:03:01:41 -0400] "GET /how-to-win-at-gas-station-slots/ HTTP/1.1" 404 1251 "http://christianmantopoulos.com/how-to-win-at-gas-station-slots/" "Mozilla/5.0 (Windows NT 10.0; Win64; x64) AppleWebKit/537.36 (KHTML, like Gecko) Chrome/129.0.0.0 Safari/537.36"
178.20.47.39 - - [04/Apr/2025:03:01:42 -0400] "GET / HTTP/1.1" 200 97713 "http://christianmantopoulos.com/" "Mozilla/5.0 (Windows NT 10.0; Win64; x64) AppleWebKit/537.36 (KHTML, like Gecko) Chrome/129.0.0.0 Safari/537.36"
182.40.104.255 - - [04/Apr/2025:03:08:20 -0400] "GET / HTTP/1.1" 200 97713 "-" "Mozilla/5.0 (iPhone; CPU iPhone OS 13_2_3 like Mac OS X) AppleWebKit/605.1.15 (KHTML, like Gecko) Version/13.0.3 Mobile/15E148 Safari/604.1"
165.227.182.226 - - [04/Apr/2025:03:18:38 -0400] "GET /?rest_route=/wp/v2/users HTTP/1.1" 200 97713 "www.google.com" "Mozlila/5.0 (Linux; Android 7.0; SM-G892A Bulid/NRD90M; wv) AppleWebKit/537.36 (KHTML, like Gecko) Version/4.0 Chrome/60.0.3112.107 Moblie Safari/537.36"
13.43.218.202 - - [04/Apr/2025:03:22:35 -0400] "GET /zwso.php HTTP/1.1" 404 1251 "www.google.com" "Mozlila/5.0 (Linux; Android 7.0; SM-G892A Bulid/NRD90M; wv) AppleWebKit/537.36 (KHTML, like Gecko) Version/4.0 Chrome/60.0.3112.107 Moblie Safari/537.36"
66.249.68.128 - - [04/Apr/2025:03:39:34 -0400] "GET /robots.txt HTTP/1.1" 404 1251 "-" "Mozilla/5.0 (compatible; Googlebot/2.1; +http://www.google.com/bot.html)"
66.249.68.128 - - [04/Apr/2025:03:39:34 -0400] "GET /Transducer-Fishfinder-Portable-Fish-Finder/Fishfinders-319283/ HTTP/1.1" 404 1251 "-" "Mozilla/5.0 (Linux; Android 6.0.1; Nexus 5X Build/MMB29P) AppleWebKit/537.36 (KHTML, like Gecko) Chrome/134.0.6998.165 Mobile Safari/537.36 (compatible; Googlebot/2.1; +http://www.google.com/bot.html)"
40.77.167.11 - - [04/Apr/2025:03:39:41 -0400] "GET /feature/maebashi-jyo/maboroshi HTTP/1.1" 404 1251 "-" "Mozilla/5.0 AppleWebKit/537.36 (KHTML, like Gecko; compatible; bingbot/2.0; +http://www.bing.com/bingbot.htm) Chrome/116.0.1938.76 Safari/537.36"
66.249.68.128 - - [04/Apr/2025:03:39:44 -0400] "GET /Freestyle-Slalom-Roller-Piece-A/Wheels-701338/ HTTP/1.1" 404 1251 "-" "Mozilla/5.0 (Linux; Android 6.0.1; Nexus 5X Build/MMB29P) AppleWebKit/537.36 (KHTML, like Gecko) Chrome/134.0.6998.165 Mobile Safari/537.36 (compatible; Googlebot/2.1; +http://www.google.com/bot.html)"
13.43.218.202 - - [04/Apr/2025:03:39:55 -0400] "GET /zwso.php HTTP/1.1" 404 1251 "www.google.com" "Mozlila/5.0 (Linux; Android 7.0; SM-G892A Bulid/NRD90M; wv) AppleWebKit/537.36 (KHTML, like Gecko) Version/4.0 Chrome/60.0.3112.107 Moblie Safari/537.36"
66.249.68.128 - - [04/Apr/2025:03:39:55 -0400] "GET /Exercises-Stunts-Street-Bicycle-&034;-Black/Bicycles-203744/ HTTP/1.1" 404 1251 "-" "Mozilla/5.0 (Linux; Android 6.0.1; Nexus 5X Build/MMB29P) AppleWebKit/537.36 (KHTML, like Gecko) Chrome/134.0.6998.165 Mobile Safari/537.36 (compatible; Googlebot/2.1; +http://www.google.com/bot.html)"
66.249.68.130 - - [04/Apr/2025:03:40:06 -0400] "GET /Factory-Boost-Fork-FOX-Racing-Shox/Fox-Bicycle-Forks-112669/ HTTP/1.1" 404 1251 "-" "Mozilla/5.0 (Linux; Android 6.0.1; Nexus 5X Build/MMB29P) AppleWebKit/537.36 (KHTML, like Gecko) Chrome/134.0.6998.165 Mobile Safari/537.36 (compatible; Googlebot/2.1; +http://www.google.com/bot.html)"
66.249.68.128 - - [04/Apr/2025:03:40:17 -0400] "GET /Fit-Shimano-SRAM-KMC-Speed-Chain/Chains-99469/ HTTP/1.1" 404 1251 "-" "Mozilla/5.0 (Linux; Android 6.0.1; Nexus 5X Build/MMB29P) AppleWebKit/537.36 (KHTML, like Gecko) Chrome/134.0.6998.165 Mobile Safari/537.36 (compatible; Googlebot/2.1; +http://www.google.com/bot.html)"
66.249.68.128 - - [04/Apr/2025:03:40:27 -0400] "GET /Dimming-Portable-Lamp-Torch-NEW-S21/Flashlights-625717/ HTTP/1.1" 404 1251 "-" "Mozilla/5.0 (Linux; Android 6.0.1; Nexus 5X Build/MMB29P) AppleWebKit/537.36 (KHTML, like Gecko) Chrome/134.0.6998.165 Mobile Safari/537.36 (compatible; Googlebot/2.1; +http://www.google.com/bot.html)"
66.249.68.128 - - [04/Apr/2025:03:40:38 -0400] "GET /Crows-&034;-Primitive-Naruto-Shippuden/Decks-718123/ HTTP/1.1" 404 1251 "-" "Mozilla/5.0 (Linux; Android 6.0.1; Nexus 5X Build/MMB29P) AppleWebKit/537.36 (KHTML, like Gecko) Chrome/134.0.6998.165 Mobile Safari/537.36 (compatible; Googlebot/2.1; +http://www.google.com/bot.html)"
66.249.68.128 - - [04/Apr/2025:03:41:00 -0400] "GET /Factory-Boost-Fork-FOX-Racing-Shox/Fox-Bicycle-Forks-112669/ HTTP/1.1" 404 1251 "-" "Mozilla/5.0 (Linux; Android 6.0.1; Nexus 5X Build/MMB29P) AppleWebKit/537.36 (KHTML, like Gecko) Chrome/134.0.6998.165 Mobile Safari/537.36 (compatible; GoogleOther)"
66.249.68.128 - - [04/Apr/2025:03:41:21 -0400] "GET /Valve-Rebuild-Seal-Kit-Bike-Rear/Rear-Shocks-150366/ HTTP/1.1" 404 1251 "-" "Mozilla/5.0 (Linux; Android 6.0.1; Nexus 5X Build/MMB29P) AppleWebKit/537.36 (KHTML, like Gecko) Chrome/134.0.6998.165 Mobile Safari/537.36 (compatible; Googlebot/2.1; +http://www.google.com/bot.html)"
66.249.68.128 - - [04/Apr/2025:03:41:43 -0400] "GET /dropper-seat-posts-Left-Side-KS-Southpaw/Seatposts-161146/ HTTP/1.1" 404 1251 "-" "Mozilla/5.0 (Linux; Android 6.0.1; Nexus 5X Build/MMB29P) AppleWebKit/537.36 (KHTML, like Gecko) Chrome/134.0.6998.165 Mobile Safari/537.36 (compatible; Googlebot/2.1; +http://www.google.com/bot.html)"
66.249.68.130 - - [04/Apr/2025:03:42:05 -0400] "GET /KICK-PROTECTIVE-GEAR-MMA-K-FAIRTEX-SP3/Shin-Guards-19968/ HTTP/1.1" 404 1251 "-" "Mozilla/5.0 (Linux; Android 6.0.1; Nexus 5X Build/MMB29P) AppleWebKit/537.36 (KHTML, like Gecko) Chrome/134.0.6998.165 Mobile Safari/537.36 (compatible; Googlebot/2.1; +http://www.google.com/bot.html)"
66.249.68.129 - - [04/Apr/2025:03:42:26 -0400] "GET /ml-for-Plastisol-Dual-Color-Hand-Kit-Aluminium/Soft-Plastics-301505/ HTTP/1.1" 404 1251 "-" "Mozilla/5.0 (Linux; Android 6.0.1; Nexus 5X Build/MMB29P) AppleWebKit/537.36 (KHTML, like Gecko) Chrome/134.0.6998.165 Mobile Safari/537.36 (compatible; Googlebot/2.1; +http://www.google.com/bot.html)"
66.249.68.128 - - [04/Apr/2025:03:42:48 -0400] "GET /Freehub-Body-for-Shimano-SRAM-Fulcrum/Hubs-131155/ HTTP/1.1" 404 1251 "-" "Mozilla/5.0 (Linux; Android 6.0.1; Nexus 5X Build/MMB29P) AppleWebKit/537.36 (KHTML, like Gecko) Chrome/134.0.6998.165 Mobile Safari/537.36 (compatible; Googlebot/2.1; +http://www.google.com/bot.html)"
66.249.68.130 - - [04/Apr/2025:03:43:09 -0400] "GET /Hunting-Military-Suit-Men-Camouflage-Clothes/Ghillie-Suits-466248/ HTTP/1.1" 404 1251 "-" "Mozilla/5.0 (Linux; Android 6.0.1; Nexus 5X Build/MMB29P) AppleWebKit/537.36 (KHTML, like Gecko) Chrome/134.0.6998.165 Mobile Safari/537.36 (compatible; Googlebot/2.1; +http://www.google.com/bot.html)"
66.249.68.128 - - [04/Apr/2025:03:43:31 -0400] "GET /Balance-Trainers-list-25 HTTP/1.1" 404 1251 "-" "Mozilla/5.0 (Linux; Android 6.0.1; Nexus 5X Build/MMB29P) AppleWebKit/537.36 (KHTML, like Gecko) Chrome/134.0.6998.165 Mobile Safari/537.36 (compatible; Googlebot/2.1; +http://www.google.com/bot.html)"
