40.121.237.48 - - [05/Apr/2025:01:36:27 -0400] "GET /.well-known/acme-challenge/sx.php HTTP/1.1" 404 1251 "-" "-"
40.121.237.48 - - [05/Apr/2025:01:36:29 -0400] "GET /wp-includes/js/jcrop/sx.php HTTP/1.1" 404 1251 "-" "-"
40.121.237.48 - - [05/Apr/2025:01:36:32 -0400] "GET /wp-includes/rest-api/sx.php HTTP/1.1" 404 1251 "-" "-"
40.121.237.48 - - [05/Apr/2025:01:36:35 -0400] "GET /wp-admin/images/sx.php HTTP/1.1" 404 1251 "-" "-"
40.121.237.48 - - [05/Apr/2025:01:36:38 -0400] "GET /wp-admin/css/colors/blue/blue.php HTTP/1.1" 404 1251 "-" "-"
40.121.237.48 - - [05/Apr/2025:01:36:39 -0400] "GET /chosen HTTP/1.1" 404 1251 "-" "-"
40.121.237.48 - - [05/Apr/2025:01:36:39 -0400] "GET /wp-content/plugins/fix/up.php HTTP/1.1" 404 1251 "-" "-"
40.121.237.48 - - [05/Apr/2025:01:36:40 -0400] "GET /install.php HTTP/1.1" 404 1251 "-" "-"
40.121.237.48 - - [05/Apr/2025:01:36:40 -0400] "GET /wp-includes/images/include.php HTTP/1.1" 404 1251 "-" "-"
40.121.237.48 - - [05/Apr/2025:01:36:41 -0400] "GET /gel4y.php HTTP/1.1" 404 1251 "-" "-"
40.121.237.48 - - [05/Apr/2025:01:36:45 -0400] "GET /comfunctions.php HTTP/1.1" 404 1251 "-" "-"
40.121.237.48 - - [05/Apr/2025:01:36:46 -0400] "GET /wp-content/plugins/core-plugin/include.php HTTP/1.1" 404 1251 "-" "-"
40.121.237.48 - - [05/Apr/2025:01:36:48 -0400] "GET /wp-content/themes/wp-classic/inc/index.php HTTP/1.1" 404 1251 "-" "-"
40.121.237.48 - - [05/Apr/2025:01:36:50 -0400] "GET /assets/images/1p.php HTTP/1.1" 404 1251 "-" "-"
40.121.237.48 - - [05/Apr/2025:01:36:51 -0400] "GET /class.api.php HTTP/1.1" 404 1251 "-" "-"
40.121.237.48 - - [05/Apr/2025:01:36:52 -0400] "GET /plugin.php HTTP/1.1" 404 1251 "-" "-"
40.121.237.48 - - [05/Apr/2025:01:36:53 -0400] "GET /wp-mail.php HTTP/1.1" 403 1138 "-" "-"
198.54.114.83 - - [05/Apr/2025:01:36:58 -0400] "POST /wp-cron.php?doing_wp_cron=1743831417.0194549560546875000000 HTTP/1.1" 200 0 "-" "WordPress/6.7.2; https://christianmantopoulos.com"
40.121.237.48 - - [05/Apr/2025:01:36:59 -0400] "GET /cong.php HTTP/1.1" 404 1251 "-" "-"
40.121.237.48 - - [05/Apr/2025:01:37:00 -0400] "GET /wp-content/index.php HTTP/1.1" 200 0 "-" "-"
40.121.237.48 - - [05/Apr/2025:01:37:02 -0400] "GET /.well-known/acme-challenge/xmrlpc.php HTTP/1.1" 404 1251 "-" "-"
40.121.237.48 - - [05/Apr/2025:01:37:03 -0400] "GET /wp-configs.php HTTP/1.1" 404 1251 "-" "-"
40.121.237.48 - - [05/Apr/2025:01:37:04 -0400] "GET /mah.php HTTP/1.1" 404 1251 "-" "-"
40.121.237.48 - - [05/Apr/2025:01:37:07 -0400] "GET /defaults.php HTTP/1.1" 404 1251 "-" "-"
40.121.237.48 - - [05/Apr/2025:01:37:09 -0400] "GET /wp-content/themes/sketch/404.php HTTP/1.1" 404 1251 "-" "-"
40.121.237.48 - - [05/Apr/2025:01:37:11 -0400] "GET /input.php HTTP/1.1" 404 1251 "-" "-"
40.121.237.48 - - [05/Apr/2025:01:37:13 -0400] "GET /admin-ajax.php HTTP/1.1" 404 1251 "-" "-"
40.121.237.48 - - [05/Apr/2025:01:37:14 -0400] "GET /0z.php HTTP/1.1" 404 1251 "-" "-"
40.121.237.48 - - [05/Apr/2025:01:37:17 -0400] "GET /media.php HTTP/1.1" 404 1251 "-" "-"
212.125.4.212 - - [05/Apr/2025:01:37:17 -0400] "POST /xmlrpc.php HTTP/1.1" 200 212 "-" "Mozilla/5.0 (Windows NT 10.0; Win64; x64; rv:99.0) Gecko/20100101 Firefox/99.0"
40.121.237.48 - - [05/Apr/2025:01:37:18 -0400] "GET /chosen.php HTTP/1.1" 404 1251 "-" "-"
40.121.237.48 - - [05/Apr/2025:01:37:20 -0400] "GET /wp-includes/fonts/wp-login.php HTTP/1.1" 404 1251 "-" "-"
198.54.114.83 - - [05/Apr/2025:01:37:24 -0400] "POST /wp-cron.php?doing_wp_cron=1743831443.4613869190216064453125 HTTP/1.1" 200 0 "-" "WordPress/6.7.2; https://christianmantopoulos.com"
40.121.237.48 - - [05/Apr/2025:01:37:23 -0400] "GET /wp-admin/users.php HTTP/1.1" 302 0 "-" "-"
40.121.237.48 - - [05/Apr/2025:01:37:29 -0400] "GET /wp-content/uploads/cache.php HTTP/1.1" 404 1251 "-" "-"
40.121.237.48 - - [05/Apr/2025:01:37:30 -0400] "GET /.well-known/pki-validation/file.php HTTP/1.1" 404 1251 "-" "-"
40.121.237.48 - - [05/Apr/2025:01:37:30 -0400] "GET /.wp-cli/wp-login.php HTTP/1.1" 404 1251 "-" "-"
40.121.237.48 - - [05/Apr/2025:01:37:30 -0400] "GET /authorize.php HTTP/1.1" 404 1251 "-" "-"
40.121.237.48 - - [05/Apr/2025:01:37:30 -0400] "GET /wp-admin/css/colors/blue/CasperExV1.php HTTP/1.1" 404 1251 "-" "-"
40.121.237.48 - - [05/Apr/2025:01:37:31 -0400] "GET /wp-admin/includes/users.php HTTP/1.1" 404 1251 "-" "-"
40.121.237.48 - - [05/Apr/2025:01:37:31 -0400] "GET /wp-content/plugins/revslider/includes/external/page/index.php HTTP/1.1" 404 1251 "-" "-"
40.121.237.48 - - [05/Apr/2025:01:37:31 -0400] "GET /wp.php HTTP/1.1" 404 1251 "-" "-"
40.121.237.48 - - [05/Apr/2025:01:37:32 -0400] "GET /wp-content/plugins/WordPressCore/include.php HTTP/1.1" 404 1251 "-" "-"
40.121.237.48 - - [05/Apr/2025:01:37:33 -0400] "GET /wp-2019.php HTTP/1.1" 404 1251 "-" "-"
40.121.237.48 - - [05/Apr/2025:01:37:33 -0400] "GET /upload.php HTTP/1.1" 404 1251 "-" "-"
40.121.237.48 - - [05/Apr/2025:01:37:33 -0400] "GET /themes.php HTTP/1.1" 404 1251 "-" "-"
40.121.237.48 - - [05/Apr/2025:01:37:33 -0400] "GET /wp-admin/network/index.php HTTP/1.1" 302 0 "-" "-"
40.121.237.48 - - [05/Apr/2025:01:37:41 -0400] "GET /wp-content/plugins/WordPressCore/blkfqnikz.php HTTP/1.1" 404 1251 "-" "-"
40.121.237.48 - - [05/Apr/2025:01:37:43 -0400] "GET /wp/wp-admin/includes/class-wp-page-mvb2yr.php HTTP/1.1" 404 1251 "-" "-"
40.121.237.48 - - [05/Apr/2025:01:37:44 -0400] "GET /content.php HTTP/1.1" 404 1251 "-" "-"
40.121.237.48 - - [05/Apr/2025:01:37:45 -0400] "GET /st.php HTTP/1.1" 404 1251 "-" "-"
40.121.237.48 - - [05/Apr/2025:01:37:46 -0400] "GET /wp-includes/images/smilies/about.php HTTP/1.1" 404 1251 "-" "-"
40.121.237.48 - - [05/Apr/2025:01:37:46 -0400] "GET /simple.php HTTP/1.1" 404 1251 "-" "-"
40.121.237.48 - - [05/Apr/2025:01:37:47 -0400] "GET /function.php HTTP/1.1" 404 1251 "-" "-"
40.121.237.48 - - [05/Apr/2025:01:37:49 -0400] "GET /ynz.PhP7 HTTP/1.1" 404 1251 "-" "-"
40.121.237.48 - - [05/Apr/2025:01:37:50 -0400] "GET /wp-content/style-css.php HTTP/1.1" 404 1251 "-" "-"
40.121.237.48 - - [05/Apr/2025:01:37:51 -0400] "GET /wp-includes/IXR/wp-login.php HTTP/1.1" 404 1251 "-" "-"
40.121.237.48 - - [05/Apr/2025:01:37:53 -0400] "GET /.well-known/acme-challenge/about.php HTTP/1.1" 404 1251 "-" "-"
40.121.237.48 - - [05/Apr/2025:01:37:56 -0400] "GET /wordpress/wp-includes/IXR/allez.php HTTP/1.1" 404 1251 "-" "-"
66.249.72.204 - - [05/Apr/2025:01:37:59 -0400] "GET /Martial-Arts-Foam-Sponge-Padded/Sticks-17725/ HTTP/1.1" 404 1251 "-" "Mozilla/5.0 (Linux; Android 6.0.1; Nexus 5X Build/MMB29P) AppleWebKit/537.36 (KHTML, like Gecko) Chrome/134.0.6998.165 Mobile Safari/537.36 (compatible; Googlebot/2.1; +http://www.google.com/bot.html)"
40.121.237.48 - - [05/Apr/2025:01:37:59 -0400] "GET /rendixd.php HTTP/1.1" 404 1251 "-" "-"
40.121.237.48 - - [05/Apr/2025:01:38:01 -0400] "GET /wp-admin/css/admin.php HTTP/1.1" 404 1251 "-" "-"
40.121.237.48 - - [05/Apr/2025:01:38:03 -0400] "GET /filefuns.php HTTP/1.1" 404 1251 "-" "-"
40.121.237.48 - - [05/Apr/2025:01:38:06 -0400] "GET /options.php HTTP/1.1" 404 1251 "-" "-"
40.121.237.48 - - [05/Apr/2025:01:38:10 -0400] "GET /wp-includes/js/tinymce/skins/lightgray/img/index.php HTTP/1.1" 404 1251 "-" "-"
40.121.237.48 - - [05/Apr/2025:01:38:12 -0400] "GET /edit.php HTTP/1.1" 404 1251 "-" "-"
40.121.237.48 - - [05/Apr/2025:01:38:16 -0400] "GET /user.php HTTP/1.1" 404 1251 "-" "-"
40.121.237.48 - - [05/Apr/2025:01:38:19 -0400] "GET /worm0.PhP7 HTTP/1.1" 404 1251 "-" "-"
40.121.237.48 - - [05/Apr/2025:01:38:23 -0400] "GET /wp-includes/js/tinymce/skins/wordpress/images/index.php HTTP/1.1" 404 1251 "-" "-"
40.121.237.48 - - [05/Apr/2025:01:38:27 -0400] "GET /.well-known//.well-known/owlmailer.php HTTP/1.1" 404 1251 "-" "-"
40.121.237.48 - - [05/Apr/2025:01:38:29 -0400] "GET /wp-content/uploads/cong.php HTTP/1.1" 404 1251 "-" "-"
40.121.237.48 - - [05/Apr/2025:01:38:32 -0400] "GET /01.php HTTP/1.1" 404 1251 "-" "-"
40.121.237.48 - - [05/Apr/2025:01:38:34 -0400] "GET /wp-content/uploads/wp-login.php.suspected HTTP/1.1" 404 1251 "-" "-"
40.121.237.48 - - [05/Apr/2025:01:38:36 -0400] "GET /wp-includes/rest-api/endpoints/html.php HTTP/1.1" 404 1251 "-" "-"
40.121.237.48 - - [05/Apr/2025:01:38:38 -0400] "GET /wp-admin/js/widgets/cong.php HTTP/1.1" 404 1251 "-" "-"
40.121.237.48 - - [05/Apr/2025:01:38:40 -0400] "GET /doc.php HTTP/1.1" 404 1251 "-" "-"
40.121.237.48 - - [05/Apr/2025:01:38:42 -0400] "GET /ws.php HTTP/1.1" 404 1251 "-" "-"
40.121.237.48 - - [05/Apr/2025:01:38:43 -0400] "GET /link.php HTTP/1.1" 404 1251 "-" "-"
40.121.237.48 - - [05/Apr/2025:01:38:44 -0400] "GET /autoload_classmap.php HTTP/1.1" 404 1251 "-" "-"
40.121.237.48 - - [05/Apr/2025:01:38:45 -0400] "GET /wp-admin/js/privacy-tools.min.php HTTP/1.1" 404 1251 "-" "-"
40.121.237.48 - - [05/Apr/2025:01:38:47 -0400] "GET /wp-includes/pomo/wp-login.php HTTP/1.1" 404 1251 "-" "-"
40.121.237.48 - - [05/Apr/2025:01:38:49 -0400] "GET /db.php HTTP/1.1" 404 1251 "-" "-"
40.121.237.48 - - [05/Apr/2025:01:38:51 -0400] "GET /wp-content/uploads/error_log.php HTTP/1.1" 404 1251 "-" "-"
40.121.237.48 - - [05/Apr/2025:01:38:53 -0400] "GET /google.php HTTP/1.1" 404 1251 "-" "-"
40.121.237.48 - - [05/Apr/2025:01:38:55 -0400] "GET /wp-includes/sts.php HTTP/1.1" 404 1251 "-" "-"
40.121.237.48 - - [05/Apr/2025:01:38:56 -0400] "GET /wp-includes/pomo/fgertreyersd.php.suspected HTTP/1.1" 404 1251 "-" "-"
40.121.237.48 - - [05/Apr/2025:01:38:58 -0400] "GET /wp-includes/Requests/dropdown.php HTTP/1.1" 404 1251 "-" "-"
40.121.237.48 - - [05/Apr/2025:01:39:01 -0400] "GET /wp-content/install.php HTTP/1.1" 404 1251 "-" "-"
40.121.237.48 - - [05/Apr/2025:01:39:02 -0400] "GET /.well-known/admin.php HTTP/1.1" 404 1251 "-" "-"
40.121.237.48 - - [05/Apr/2025:01:39:03 -0400] "GET /revision.php HTTP/1.1" 404 1251 "-" "-"
40.121.237.48 - - [05/Apr/2025:01:39:04 -0400] "GET /css/sgd.php HTTP/1.1" 404 1251 "-" "-"
40.121.237.48 - - [05/Apr/2025:01:39:05 -0400] "GET /wp-content/plugins/index.php HTTP/1.1" 200 0 "-" "-"
52.167.144.161 - - [05/Apr/2025:01:39:23 -0400] "GET /help/reserved.html HTTP/1.1" 404 1251 "-" "Mozilla/5.0 AppleWebKit/537.36 (KHTML, like Gecko; compatible; bingbot/2.0; +http://www.bing.com/bingbot.htm) Chrome/116.0.1938.76 Safari/537.36"
92.62.135.11 - - [05/Apr/2025:01:39:53 -0400] "POST /xmlrpc.php HTTP/1.1" 200 212 "-" "Mozilla/5.0 (Windows NT 10.0; Win64; x64; rv:55.0) Gecko/20100101 Firefox/55.0"
198.54.114.83 - - [05/Apr/2025:01:39:55 -0400] "POST /wp-cron.php?doing_wp_cron=1743831593.6919879913330078125000 HTTP/1.1" 200 0 "-" "WordPress/6.7.2; https://christianmantopoulos.com"
75.119.145.42 - - [05/Apr/2025:01:41:54 -0400] "POST /xmlrpc.php HTTP/1.1" 200 212 "-" "Mozilla/5.0 (Windows NT 10.0; Win64; x64; rv:76.0) Gecko/20100101 Firefox/76.0"
198.54.114.83 - - [05/Apr/2025:01:42:03 -0400] "POST /wp-cron.php?doing_wp_cron=1743831720.0810930728912353515625 HTTP/1.1" 200 0 "-" "WordPress/6.7.2; https://christianmantopoulos.com"
149.202.76.92 - - [05/Apr/2025:01:42:43 -0400] "POST /xmlrpc.php HTTP/1.1" 200 212 "-" "Mozilla/5.0 (Windows NT 10.0; Win64; x64; rv:56.0) Gecko/20100101 Firefox/56.0"
198.54.114.83 - - [05/Apr/2025:01:43:40 -0400] "POST /wp-cron.php?doing_wp_cron=1743831818.7253820896148681640625 HTTP/1.1" 200 0 "-" "WordPress/6.7.2; https://christianmantopoulos.com"
87.121.94.236 - - [05/Apr/2025:01:43:38 -0400] "POST /xmlrpc.php HTTP/1.1" 200 212 "-" "Mozilla/5.0 (Windows NT 10.0; Win64; x64; rv:84.0) Gecko/20100101 Firefox/84.0"
2001:41d0:2:ebd8::1 - - [05/Apr/2025:01:45:54 -0400] "POST /xmlrpc.php HTTP/1.1" 200 212 "-" "Mozilla/5.0 (Windows NT 10.0; Win64; x64; rv:87.0) Gecko/20100101 Firefox/87.0"
198.54.114.83 - - [05/Apr/2025:01:45:56 -0400] "POST /wp-cron.php?doing_wp_cron=1743831954.8930160999298095703125 HTTP/1.1" 200 0 "-" "WordPress/6.7.2; https://christianmantopoulos.com"
46.101.118.117 - - [05/Apr/2025:01:48:49 -0400] "POST /xmlrpc.php HTTP/1.1" 200 212 "-" "Mozilla/5.0 (Windows NT 10.0; Win64; x64; rv:66.0) Gecko/20100101 Firefox/66.0"
198.54.114.83 - - [05/Apr/2025:01:48:54 -0400] "POST /wp-cron.php?doing_wp_cron=1743832132.7269139289855957031250 HTTP/1.1" 200 0 "-" "WordPress/6.7.2; https://christianmantopoulos.com"
2001:41d0:2:fd30:: - - [05/Apr/2025:01:49:03 -0400] "POST /xmlrpc.php HTTP/1.1" 200 212 "-" "Mozilla/5.0 (Windows NT 10.0; Win64; x64; rv:98.0) Gecko/20100101 Firefox/98.0"
159.223.226.118 - - [05/Apr/2025:01:51:24 -0400] "POST /xmlrpc.php HTTP/1.1" 200 212 "-" "Mozilla/5.0 (Windows NT 10.0; Win64; x64; rv:99.0) Gecko/20100101 Firefox/99.0"
198.54.114.83 - - [05/Apr/2025:01:51:31 -0400] "POST /wp-cron.php?doing_wp_cron=1743832288.4547049999237060546875 HTTP/1.1" 200 0 "-" "WordPress/6.7.2; https://christianmantopoulos.com"
38.113.191.66 - - [05/Apr/2025:01:53:13 -0400] "POST /xmlrpc.php HTTP/1.1" 200 212 "-" "Mozilla/5.0 (Windows NT 10.0; Win64; x64; rv:60.0) Gecko/20100101 Firefox/60.0"
198.54.114.83 - - [05/Apr/2025:01:53:17 -0400] "POST /wp-cron.php?doing_wp_cron=1743832394.9986510276794433593750 HTTP/1.1" 200 0 "-" "WordPress/6.7.2; https://christianmantopoulos.com"
66.249.72.193 - - [05/Apr/2025:02:02:15 -0400] "GET /LAMINATED-Decal-Vinyl-Sticker-American-Flag/Cornhole-Bag-Toss-587349/ HTTP/1.1" 404 1251 "-" "Mozilla/5.0 (Linux; Android 6.0.1; Nexus 5X Build/MMB29P) AppleWebKit/537.36 (KHTML, like Gecko) Chrome/134.0.6998.165 Mobile Safari/537.36 (compatible; Googlebot/2.1; +http://www.google.com/bot.html)"
66.249.72.194 - - [05/Apr/2025:02:04:08 -0400] "GET /GRIP-MINISHETLAND-BARE-BACK-SADDLE/Saddles-678319/ HTTP/1.1" 404 1251 "-" "Mozilla/5.0 (Linux; Android 6.0.1; Nexus 5X Build/MMB29P) AppleWebKit/537.36 (KHTML, like Gecko) Chrome/134.0.6998.165 Mobile Safari/537.36 (compatible; Googlebot/2.1; +http://www.google.com/bot.html)"
66.249.72.192 - - [05/Apr/2025:02:06:01 -0400] "GET /Frame-Wall-Chin-Up-Bar-Horizontal-Bar-NEW/Pull-Up-Bars-456975/ HTTP/1.1" 404 1251 "-" "Mozilla/5.0 (Linux; Android 6.0.1; Nexus 5X Build/MMB29P) AppleWebKit/537.36 (KHTML, like Gecko) Chrome/134.0.6998.165 Mobile Safari/537.36 (compatible; Googlebot/2.1; +http://www.google.com/bot.html)"
66.249.72.202 - - [05/Apr/2025:02:07:54 -0400] "GET /assortment-of-colors-Rapala-Shallow-Shad/Crankbaits-256317/ HTTP/1.1" 404 1251 "-" "Mozilla/5.0 (Linux; Android 6.0.1; Nexus 5X Build/MMB29P) AppleWebKit/537.36 (KHTML, like Gecko) Chrome/134.0.6998.165 Mobile Safari/537.36 (compatible; Googlebot/2.1; +http://www.google.com/bot.html)"
178.20.47.39 - - [05/Apr/2025:02:07:55 -0400] "GET /how-to-win-at-gas-station-slots/ HTTP/1.1" 404 1251 "http://christianmantopoulos.com/how-to-win-at-gas-station-slots/" "Mozilla/5.0 (Windows NT 10.0; Win64; x64) AppleWebKit/537.36 (KHTML, like Gecko) Chrome/131.0.0.0 Safari/537.36 Avast/131.0.0.0"
178.20.47.39 - - [05/Apr/2025:02:07:58 -0400] "GET / HTTP/1.1" 200 97713 "http://christianmantopoulos.com/" "Mozilla/5.0 (Windows NT 10.0; Win64; x64) AppleWebKit/537.36 (KHTML, like Gecko) Chrome/131.0.0.0 Safari/537.36 Avast/131.0.0.0"
66.249.72.204 - - [05/Apr/2025:02:09:48 -0400] "GET /DOG-BONE-INCH-CHEEK-BLACK-C/Bits-688668/ HTTP/1.1" 404 1251 "-" "Mozilla/5.0 (Linux; Android 6.0.1; Nexus 5X Build/MMB29P) AppleWebKit/537.36 (KHTML, like Gecko) Chrome/134.0.6998.165 Mobile Safari/537.36 (compatible; Googlebot/2.1; +http://www.google.com/bot.html)"
66.249.72.202 - - [05/Apr/2025:02:11:41 -0400] "GET /Front-Wheel-Retaining-Clips-Wald/Vintage-Bicycle-Parts-238927/ HTTP/1.1" 404 1251 "-" "Mozilla/5.0 (Linux; Android 6.0.1; Nexus 5X Build/MMB29P) AppleWebKit/537.36 (KHTML, like Gecko) Chrome/134.0.6998.165 Mobile Safari/537.36 (compatible; Googlebot/2.1; +http://www.google.com/bot.html)"
66.249.72.194 - - [05/Apr/2025:02:13:35 -0400] "GET /Hooks-All-Sizes-Available-Kamasan-B130/Hooks-386407/ HTTP/1.1" 404 1251 "-" "Mozilla/5.0 (Linux; Android 6.0.1; Nexus 5X Build/MMB29P) AppleWebKit/537.36 (KHTML, like Gecko) Chrome/134.0.6998.165 Mobile Safari/537.36 (compatible; Googlebot/2.1; +http://www.google.com/bot.html)"
66.249.72.192 - - [05/Apr/2025:02:17:22 -0400] "GET /Pants-Kick-Boxing-Martial-Arts-Krav-Maga/Shorts-13135/ HTTP/1.1" 404 1251 "-" "Mozilla/5.0 (Linux; Android 6.0.1; Nexus 5X Build/MMB29P) AppleWebKit/537.36 (KHTML, like Gecko) Chrome/134.0.6998.165 Mobile Safari/537.36 (compatible; Googlebot/2.1; +http://www.google.com/bot.html)"
66.249.72.192 - - [05/Apr/2025:02:21:08 -0400] "GET /GRIP-Primitive-Skateboard-Deck-Peacock/Decks-717940/ HTTP/1.1" 404 1251 "-" "Mozilla/5.0 (Linux; Android 6.0.1; Nexus 5X Build/MMB29P) AppleWebKit/537.36 (KHTML, like Gecko) Chrome/134.0.6998.165 Mobile Safari/537.36 (compatible; Googlebot/2.1; +http://www.google.com/bot.html)"
66.249.72.193 - - [05/Apr/2025:02:24:55 -0400] "GET /lb-lb-m-SUNLINE-Salzwasserfeste/Fishing-Lines-&-Leaders-343596/ HTTP/1.1" 404 1251 "-" "Mozilla/5.0 (Linux; Android 6.0.1; Nexus 5X Build/MMB29P) AppleWebKit/537.36 (KHTML, like Gecko) Chrome/134.0.6998.165 Mobile Safari/537.36 (compatible; Googlebot/2.1; +http://www.google.com/bot.html)"
212.8.248.108 - - [05/Apr/2025:02:26:56 -0400] "GET /how-to-design-a-high-pressure-fire-pump/ HTTP/1.1" 404 1251 "-" "Mozilla/5.0 (Windows NT 10.0; Win64; x64) AppleWebKit/537.36 (KHTML, like Gecko) Chrome/58.0.3029.110 Safari/537.3"
66.249.72.202 - - [05/Apr/2025:02:28:43 -0400] "GET /model-Salt-corresponding-ligh-Abu-Garcia/Baitcasting-Reels-355884/ HTTP/1.1" 404 1251 "-" "Mozilla/5.0 (Linux; Android 6.0.1; Nexus 5X Build/MMB29P) AppleWebKit/537.36 (KHTML, like Gecko) Chrome/134.0.6998.165 Mobile Safari/537.36 (compatible; Googlebot/2.1; +http://www.google.com/bot.html)"
52.167.144.222 - - [05/Apr/2025:02:29:35 -0400] "GET /contents/detail/63 HTTP/1.1" 404 1251 "-" "Mozilla/5.0 AppleWebKit/537.36 (KHTML, like Gecko; compatible; bingbot/2.0; +http://www.bing.com/bingbot.htm) Chrome/116.0.1938.76 Safari/537.36"
66.249.72.204 - - [05/Apr/2025:02:32:28 -0400] "GET /For-Brompton-Folding-Bicycle-Aceoffix-Bike/Headsets-128967/ HTTP/1.1" 404 1251 "-" "Mozilla/5.0 (Linux; Android 6.0.1; Nexus 5X Build/MMB29P) AppleWebKit/537.36 (KHTML, like Gecko) Chrome/134.0.6998.165 Mobile Safari/537.36 (compatible; Googlebot/2.1; +http://www.google.com/bot.html)"
66.249.72.202 - - [05/Apr/2025:02:36:15 -0400] "GET /For-Brompton-Folding-Bicycle-Aceoffix-Bike/Headsets-128967/ HTTP/1.1" 404 1251 "-" "Mozilla/5.0 (Linux; Android 6.0.1; Nexus 5X Build/MMB29P) AppleWebKit/537.36 (KHTML, like Gecko) Chrome/134.0.6998.165 Mobile Safari/537.36 (compatible; GoogleOther)"
66.249.72.204 - - [05/Apr/2025:02:40:03 -0400] "GET /Tire-Michelin-Pro-Service/Tires-193441/ HTTP/1.1" 404 1251 "-" "Mozilla/5.0 (Linux; Android 6.0.1; Nexus 5X Build/MMB29P) AppleWebKit/537.36 (KHTML, like Gecko) Chrome/134.0.6998.165 Mobile Safari/537.36 (compatible; Googlebot/2.1; +http://www.google.com/bot.html)"
77.238.235.209 - - [05/Apr/2025:02:42:49 -0400] "GET /how-to-win-at-gas-station-slots/ HTTP/1.1" 404 1251 "http://christianmantopoulos.com/how-to-win-at-gas-station-slots/" "Mozilla/5.0 (Windows NT 10.0; Win64; x64) AppleWebKit/537.36 (KHTML, like Gecko) Chrome/130.0.0.0 Safari/537.36"
77.238.235.209 - - [05/Apr/2025:02:42:51 -0400] "GET / HTTP/1.1" 200 97713 "http://christianmantopoulos.com/" "Mozilla/5.0 (Windows NT 10.0; Win64; x64) AppleWebKit/537.36 (KHTML, like Gecko) Chrome/130.0.0.0 Safari/537.36"
66.249.72.192 - - [05/Apr/2025:02:43:50 -0400] "GET /Pedals-SilverBlack-MTB-Crank-Brothers-Egg/Pedals-146231/ HTTP/1.1" 404 1251 "-" "Mozilla/5.0 (Linux; Android 6.0.1; Nexus 5X Build/MMB29P) AppleWebKit/537.36 (KHTML, like Gecko) Chrome/134.0.6998.165 Mobile Safari/537.36 (compatible; Googlebot/2.1; +http://www.google.com/bot.html)"
66.249.72.192 - - [05/Apr/2025:02:47:36 -0400] "GET /Toy-Hand-Push-HornBI-Cheerleading-Soccer/Other-Soccer-774635/ HTTP/1.1" 404 1251 "-" "Mozilla/5.0 (Linux; Android 6.0.1; Nexus 5X Build/MMB29P) AppleWebKit/537.36 (KHTML, like Gecko) Chrome/134.0.6998.165 Mobile Safari/537.36 (compatible; Googlebot/2.1; +http://www.google.com/bot.html)"
66.249.72.204 - - [05/Apr/2025:02:51:23 -0400] "GET /Toy-Hand-Push-HornBI-Cheerleading-Soccer/Other-Soccer-774635/ HTTP/1.1" 404 1251 "-" "Mozilla/5.0 (Linux; Android 6.0.1; Nexus 5X Build/MMB29P) AppleWebKit/537.36 (KHTML, like Gecko) Chrome/134.0.6998.165 Mobile Safari/537.36 (compatible; GoogleOther)"
173.244.56.227 - - [05/Apr/2025:02:53:18 -0400] "GET /.env HTTP/1.1" 404 1251 "-" "Mozilla/5.0 (Macintosh; Intel Mac OS X 10.15; rv:77.0) Gecko/20100101 Firefox/77.0"
173.244.56.227 - - [05/Apr/2025:02:53:19 -0400] "GET /wp-content/ HTTP/1.1" 200 0 "-" "Mozilla/5.0 (Macintosh; Intel Mac OS X 10.15; rv:77.0) Gecko/20100101 Firefox/77.0"
66.249.72.204 - - [05/Apr/2025:02:55:12 -0400] "GET /Weighted-Exercise-Jump-Rope-New-Golds/Jump-Ropes-426549/ HTTP/1.1" 404 1251 "-" "Mozilla/5.0 (Linux; Android 6.0.1; Nexus 5X Build/MMB29P) AppleWebKit/537.36 (KHTML, like Gecko) Chrome/134.0.6998.165 Mobile Safari/537.36 (compatible; Googlebot/2.1; +http://www.google.com/bot.html)"
121.62.29.210 - - [05/Apr/2025:02:55:13 -0400] "GET / HTTP/1.1" 200 97713 "http://christianmantopoulos.com" "Mozilla/5.0 (compatible; Baiduspider/2.0; +http://www.baidu.com/search/spider.html\xa3\xa9"
81.68.234.150 - - [05/Apr/2025:02:56:18 -0400] "GET / HTTP/1.1" 200 97713 "-" "Mozilla/5.0 (Linux; Android 10; LIO-AN00 Build/HUAWEILIO-AN00; wv) MicroMessenger Weixin QQ AppleWebKit/537.36 (KHTML, like Gecko) Version/4.0 Chrome/78.0.3904.62 XWEB/2692 MMWEBSDK/200901 Mobile Safari/537.36"
66.249.72.202 - - [05/Apr/2025:02:58:57 -0400] "GET /NEW-FREE-US-SHIPPING-Poison-Armor22x4/Cue-Cases-551786/ HTTP/1.1" 404 1251 "-" "Mozilla/5.0 (Linux; Android 6.0.1; Nexus 5X Build/MMB29P) AppleWebKit/537.36 (KHTML, like Gecko) Chrome/134.0.6998.165 Mobile Safari/537.36 (compatible; Googlebot/2.1; +http://www.google.com/bot.html)"
66.249.72.204 - - [05/Apr/2025:03:02:48 -0400] "GET /Rifle-Scope-Sight-DISCOVERY-Optics-VTR/Rifle-Scopes-530811/ HTTP/1.1" 404 1251 "-" "Mozilla/5.0 (Linux; Android 6.0.1; Nexus 5X Build/MMB29P) AppleWebKit/537.36 (KHTML, like Gecko) Chrome/134.0.6998.165 Mobile Safari/537.36 (compatible; Googlebot/2.1; +http://www.google.com/bot.html)"
81.68.234.150 - - [05/Apr/2025:03:04:59 -0400] "GET / HTTP/1.1" 200 97713 "-" "Mozilla/5.0 (Linux; Android 10; LIO-AN00 Build/HUAWEILIO-AN00; wv) MicroMessenger Weixin QQ AppleWebKit/537.36 (KHTML, like Gecko) Version/4.0 Chrome/78.0.3904.62 XWEB/2692 MMWEBSDK/200901 Mobile Safari/537.36"
66.249.72.193 - - [05/Apr/2025:03:06:34 -0400] "GET /CULT-KINK-GT-SUNDAY-SUBROSA-SHADOW-BLACK-RANT/Pedals-141404/ HTTP/1.1" 404 1251 "-" "Mozilla/5.0 (Linux; Android 6.0.1; Nexus 5X Build/MMB29P) AppleWebKit/537.36 (KHTML, like Gecko) Chrome/134.0.6998.165 Mobile Safari/537.36 (compatible; Googlebot/2.1; +http://www.google.com/bot.html)"
66.249.72.193 - - [05/Apr/2025:03:10:19 -0400] "GET /Tops-US-Fox-Racing-Jersey/Jerseys-219234/ HTTP/1.1" 404 1251 "-" "Mozilla/5.0 (Linux; Android 6.0.1; Nexus 5X Build/MMB29P) AppleWebKit/537.36 (KHTML, like Gecko) Chrome/134.0.6998.165 Mobile Safari/537.36 (compatible; Googlebot/2.1; +http://www.google.com/bot.html)"
66.249.72.192 - - [05/Apr/2025:03:14:05 -0400] "GET /Shorts-Bermudas-MilTEC-Bermuda-RS/Other-Hunting-Clothing-&-Accs-469153/ HTTP/1.1" 404 1251 "-" "Mozilla/5.0 (Linux; Android 6.0.1; Nexus 5X Build/MMB29P) AppleWebKit/537.36 (KHTML, like Gecko) Chrome/134.0.6998.165 Mobile Safari/537.36 (compatible; Googlebot/2.1; +http://www.google.com/bot.html)"
66.249.72.194 - - [05/Apr/2025:03:17:53 -0400] "GET /Whistle-NEW-Stainless-Steel-Whistle/Safety-Whistles-615464/ HTTP/1.1" 404 1251 "-" "Mozilla/5.0 (Linux; Android 6.0.1; Nexus 5X Build/MMB29P) AppleWebKit/537.36 (KHTML, like Gecko) Chrome/134.0.6998.165 Mobile Safari/537.36 (compatible; Googlebot/2.1; +http://www.google.com/bot.html)"
66.249.72.204 - - [05/Apr/2025:03:21:41 -0400] "GET /Belt-Abs-Fat-Burner-EMS-Electric/Abdominal-Exercisers-419761/ HTTP/1.1" 404 1251 "-" "Mozilla/5.0 (Linux; Android 6.0.1; Nexus 5X Build/MMB29P) AppleWebKit/537.36 (KHTML, like Gecko) Chrome/134.0.6998.165 Mobile Safari/537.36 (compatible; Googlebot/2.1; +http://www.google.com/bot.html)"
216.244.66.234 - - [05/Apr/2025:03:23:20 -0400] "GET /robots.txt HTTP/1.1" 404 1251 "-" "Mozilla/5.0 (compatible; DotBot/1.2; +https://opensiteexplorer.org/dotbot; help@moz.com)"
66.249.72.204 - - [05/Apr/2025:03:25:27 -0400] "GET /Wendy-Helmet-TMC-Tactical/Other-Sporting-Goods-562654/ HTTP/1.1" 404 1251 "-" "Mozilla/5.0 (Linux; Android 6.0.1; Nexus 5X Build/MMB29P) AppleWebKit/537.36 (KHTML, like Gecko) Chrome/134.0.6998.165 Mobile Safari/537.36 (compatible; Googlebot/2.1; +http://www.google.com/bot.html)"
43.202.61.29 - - [05/Apr/2025:03:29:13 -0400] "GET / HTTP/1.1" 200 97713 "-" "Mozilla/5.0 (X11; Linux i686; rv:6.0) Gecko/20100101 Firefox/6.0"
66.249.72.204 - - [05/Apr/2025:03:29:14 -0400] "GET /Byclex-Portable-Foldable-Lightweight/Other-Cycling-235245/ HTTP/1.1" 404 1251 "-" "Mozilla/5.0 (Linux; Android 6.0.1; Nexus 5X Build/MMB29P) AppleWebKit/537.36 (KHTML, like Gecko) Chrome/134.0.6998.165 Mobile Safari/537.36 (compatible; Googlebot/2.1; +http://www.google.com/bot.html)"
43.202.61.29 - - [05/Apr/2025:03:31:01 -0400] "GET //g.lazcdn.com/g/lzd/assets/0.0.5/next/0.19.21/next.min.js HTTP/1.1" 404 1251 "-" "Mozilla/5.0 (Linux; U; Android 4.3; en-us; sdk Build/MR1) AppleWebKit/536.23 (KHTML, like Gecko) Version/4.3 Mobile Safari/536.23"
43.202.61.29 - - [05/Apr/2025:03:31:02 -0400] "GET //g.lazcdn.com/g/lazada-search-fe/lzd-searchbox/0.4.11/index.js HTTP/1.1" 404 1251 "-" "Mozilla/5.0 (Macintosh; Intel Mac OS X 10_13_6) AppleWebKit/537.36 (KHTML, like Gecko) Chrome/75.0.3770.142 Safari/537.36"
66.249.72.204 - - [05/Apr/2025:03:33:00 -0400] "GET /Platatac-Khiaki/Current-Militaria-Now-8962/ HTTP/1.1" 404 1251 "-" "Mozilla/5.0 (Linux; Android 6.0.1; Nexus 5X Build/MMB29P) AppleWebKit/537.36 (KHTML, like Gecko) Chrome/134.0.6998.165 Mobile Safari/537.36 (compatible; Googlebot/2.1; +http://www.google.com/bot.html)"
216.244.66.234 - - [05/Apr/2025:03:33:11 -0400] "GET /category/activity/page/51/ HTTP/1.1" 404 1251 "-" "Mozilla/5.0 (compatible; DotBot/1.2; +https://opensiteexplorer.org/dotbot; help@moz.com)"
2602:fb54:313:: - - [05/Apr/2025:03:35:52 -0400] "GET /administrator/index.php HTTP/1.1" 404 1251 "http://christianmantopoulos.com" "Mozilla/5.0 (Windows NT 10.0; Win64; x64) AppleWebKit/537.36 (KHTML, like Gecko) Chrome/124.0.0.0 Safari/537.36"
216.244.66.234 - - [05/Apr/2025:03:36:00 -0400] "GET /true-clay-surfaces-poker-poker-chips-guide-2/ HTTP/1.1" 404 1251 "-" "Mozilla/5.0 (compatible; DotBot/1.2; +https://opensiteexplorer.org/dotbot; help@moz.com)"
2602:fb54:313:: - - [05/Apr/2025:03:36:05 -0400] "POST /user/login HTTP/1.1" 404 1251 "https://christianmantopoulos.com/user/login" "Mozilla/5.0 (Windows NT 10.0; Win64; x64) AppleWebKit/537.36 (KHTML, like Gecko) Chrome/129.0.0.0 Safari/537.36"
66.249.72.194 - - [05/Apr/2025:03:36:45 -0400] "GET /Custom-Products-Dust-Nipple/N-Tanks-&-Accessories-702996/ HTTP/1.1" 404 1251 "-" "Mozilla/5.0 (Linux; Android 6.0.1; Nexus 5X Build/MMB29P) AppleWebKit/537.36 (KHTML, like Gecko) Chrome/134.0.6998.165 Mobile Safari/537.36 (compatible; Googlebot/2.1; +http://www.google.com/bot.html)"
66.249.72.192 - - [05/Apr/2025:03:40:36 -0400] "GET /FLAKE-SEA-STRIKER-H2CT507S/Soft-Plastics-304927/ HTTP/1.1" 404 1251 "-" "Mozilla/5.0 (Linux; Android 6.0.1; Nexus 5X Build/MMB29P) AppleWebKit/537.36 (KHTML, like Gecko) Chrome/134.0.6998.165 Mobile Safari/537.36 (compatible; Googlebot/2.1; +http://www.google.com/bot.html)"
13.43.218.202 - - [05/Apr/2025:03:41:18 -0400] "GET /uploaded_script.php HTTP/1.1" 404 1251 "www.google.com" "Mozilla/5.0 (Linux; Android 7.0; SM-G892A Build/NRD90M; wv) AppleWebKit/537.36 (KHTML, like Gecko) Version/4.0 Chrome/60.0.3112.107 Mobile Safari/537.36"
66.249.72.192 - - [05/Apr/2025:03:44:19 -0400] "GET /Rack-Combo-Set-Q0H-Portable-Outdoor/Camping-Stoves-593657/ HTTP/1.1" 404 1251 "-" "Mozilla/5.0 (Linux; Android 6.0.1; Nexus 5X Build/MMB29P) AppleWebKit/537.36 (KHTML, like Gecko) Chrome/134.0.6998.165 Mobile Safari/537.36 (compatible; Googlebot/2.1; +http://www.google.com/bot.html)"
121.62.29.210 - - [05/Apr/2025:03:45:18 -0400] "GET /include/ckeditor/images/addon.gif HTTP/1.1" 404 1251 "http://christianmantopoulos.com" "Mozilla/5.0 (compatible; Googlebot/2.1; +http://www.google.com/bot.html)"
121.62.29.210 - - [05/Apr/2025:03:45:20 -0400] "GET /images/loadinglit.gif HTTP/1.1" 404 1251 "http://christianmantopoulos.com" "Mozilla/5.0 (compatible; Yahoo! Slurp China; http://misc.yahoo.com.cn/help.html\xa1\xb1)"
66.249.72.193 - - [05/Apr/2025:03:48:06 -0400] "GET /Shooting-Targets-X-Tactical-&034;/Targets-520304/ HTTP/1.1" 404 1251 "-" "Mozilla/5.0 (Linux; Android 6.0.1; Nexus 5X Build/MMB29P) AppleWebKit/537.36 (KHTML, like Gecko) Chrome/134.0.6998.165 Mobile Safari/537.36 (compatible; Googlebot/2.1; +http://www.google.com/bot.html)"
216.244.66.234 - - [05/Apr/2025:03:48:21 -0400] "GET /building-a-youtube-subscriber-base/feed/ HTTP/1.1" 404 1251 "-" "Mozilla/5.0 (compatible; DotBot/1.2; +https://opensiteexplorer.org/dotbot; help@moz.com)"
66.249.72.203 - - [05/Apr/2025:03:51:53 -0400] "GET /Mich-Army-Military-Tactical-Paintball/Hats-&-Headwear-539586/ HTTP/1.1" 404 1251 "-" "Mozilla/5.0 (Linux; Android 6.0.1; Nexus 5X Build/MMB29P) AppleWebKit/537.36 (KHTML, like Gecko) Chrome/134.0.6998.165 Mobile Safari/537.36 (compatible; Googlebot/2.1; +http://www.google.com/bot.html)"
216.244.66.234 - - [05/Apr/2025:03:54:58 -0400] "GET /unlocking-the-power-of-ruqyah-understanding-its-meaning-and-significance/feed/ HTTP/1.1" 404 1251 "-" "Mozilla/5.0 (compatible; DotBot/1.2; +https://opensiteexplorer.org/dotbot; help@moz.com)"
66.249.72.202 - - [05/Apr/2025:03:55:42 -0400] "GET /Boom-Pro/Kayaks-790593/ HTTP/1.1" 404 1251 "-" "Mozilla/5.0 (Linux; Android 6.0.1; Nexus 5X Build/MMB29P) AppleWebKit/537.36 (KHTML, like Gecko) Chrome/134.0.6998.165 Mobile Safari/537.36 (compatible; Googlebot/2.1; +http://www.google.com/bot.html)"
52.167.144.22 - - [05/Apr/2025:03:55:54 -0400] "GET /faq/facility.php HTTP/1.1" 404 1251 "-" "Mozilla/5.0 AppleWebKit/537.36 (KHTML, like Gecko; compatible; bingbot/2.0; +http://www.bing.com/bingbot.htm) Chrome/116.0.1938.76 Safari/537.36"
66.249.72.203 - - [05/Apr/2025:03:58:43 -0400] "GET /Boom-Pro/Kayaks-790593/ HTTP/1.1" 404 1251 "-" "Mozilla/5.0 (Linux; Android 6.0.1; Nexus 5X Build/MMB29P) AppleWebKit/537.36 (KHTML, like Gecko) Chrome/134.0.6998.165 Mobile Safari/537.36 (compatible; GoogleOther)"
66.249.72.203 - - [05/Apr/2025:03:59:30 -0400] "GET /Back-Stretcher-Home-Folding-Inversion/Inversion-Tables-426007/ HTTP/1.1" 404 1251 "-" "Mozilla/5.0 (Linux; Android 6.0.1; Nexus 5X Build/MMB29P) AppleWebKit/537.36 (KHTML, like Gecko) Chrome/134.0.6998.165 Mobile Safari/537.36 (compatible; Googlebot/2.1; +http://www.google.com/bot.html)"
66.249.72.202 - - [05/Apr/2025:04:00:29 -0400] "GET /Bike-x-Speed-Brake-Bicycle-Shifter/Shifters-164216/ HTTP/1.1" 404 1251 "-" "Mozilla/5.0 (Linux; Android 6.0.1; Nexus 5X Build/MMB29P) AppleWebKit/537.36 (KHTML, like Gecko) Chrome/134.0.6998.165 Mobile Safari/537.36 (compatible; Googlebot/2.1; +http://www.google.com/bot.html)"
66.249.72.203 - - [05/Apr/2025:04:02:05 -0400] "GET /USA-Baseball-Bat-YBB19GXE-niw/BaseballYouth-731706/ HTTP/1.1" 404 1251 "-" "Mozilla/5.0 (Linux; Android 6.0.1; Nexus 5X Build/MMB29P) AppleWebKit/537.36 (KHTML, like Gecko) Chrome/134.0.6998.165 Mobile Safari/537.36 (compatible; Googlebot/2.1; +http://www.google.com/bot.html)"
66.249.72.203 - - [05/Apr/2025:04:03:42 -0400] "GET /Derya-MK-Speed-Loader-Finger-Saver-Ga/Speedloaders-518773/ HTTP/1.1" 404 1251 "-" "Mozilla/5.0 (Linux; Android 6.0.1; Nexus 5X Build/MMB29P) AppleWebKit/537.36 (KHTML, like Gecko) Chrome/134.0.6998.165 Mobile Safari/537.36 (compatible; Googlebot/2.1; +http://www.google.com/bot.html)"
66.249.72.204 - - [05/Apr/2025:04:05:17 -0400] "GET /Hoffman-Bikes-Solemate-pedals/Pedals-146028/ HTTP/1.1" 404 1251 "-" "Mozilla/5.0 (Linux; Android 6.0.1; Nexus 5X Build/MMB29P) AppleWebKit/537.36 (KHTML, like Gecko) Chrome/134.0.6998.165 Mobile Safari/537.36 (compatible; Googlebot/2.1; +http://www.google.com/bot.html)"
66.249.72.202 - - [05/Apr/2025:04:06:52 -0400] "GET /Jamis-Marin-Rear-Derailleur-Bike/Rear-Derailleurs-148462/ HTTP/1.1" 404 1251 "-" "Mozilla/5.0 (Linux; Android 6.0.1; Nexus 5X Build/MMB29P) AppleWebKit/537.36 (KHTML, like Gecko) Chrome/134.0.6998.165 Mobile Safari/537.36 (compatible; Googlebot/2.1; +http://www.google.com/bot.html)"
66.249.72.203 - - [05/Apr/2025:04:08:28 -0400] "GET /Ceramic-Bearings-Powell-Peralta-Rat/Wheels-721145/ HTTP/1.1" 404 1251 "-" "Mozilla/5.0 (Linux; Android 6.0.1; Nexus 5X Build/MMB29P) AppleWebKit/537.36 (KHTML, like Gecko) Chrome/134.0.6998.165 Mobile Safari/537.36 (compatible; Googlebot/2.1; +http://www.google.com/bot.html)"
216.244.66.234 - - [05/Apr/2025:04:10:02 -0400] "GET /category/activity/page/51/ HTTP/1.1" 404 1251 "-" "Mozilla/5.0 (compatible; DotBot/1.2; +https://opensiteexplorer.org/dotbot; help@moz.com)"
66.249.72.204 - - [05/Apr/2025:04:10:04 -0400] "GET /NAP-Archery-BOWHUNTING-Lot-of/Arrow-Rests-567541/ HTTP/1.1" 404 1251 "-" "Mozilla/5.0 (Linux; Android 6.0.1; Nexus 5X Build/MMB29P) AppleWebKit/537.36 (KHTML, like Gecko) Chrome/134.0.6998.165 Mobile Safari/537.36 (compatible; Googlebot/2.1; +http://www.google.com/bot.html)"
27.66.220.211 - - [05/Apr/2025:04:11:23 -0400] "GET /how-to-win-at-gas-station-slots/ HTTP/1.1" 404 1251 "http://christianmantopoulos.com/how-to-win-at-gas-station-slots/" "Mozilla/5.0 (Windows NT 10.0; Win64; x64) AppleWebKit/537.36 (KHTML, like Gecko) Chrome/130.0.0.0 Safari/537.36"
27.66.220.211 - - [05/Apr/2025:04:11:25 -0400] "GET / HTTP/1.1" 200 97713 "http://christianmantopoulos.com/" "Mozilla/5.0 (Windows NT 10.0; Win64; x64) AppleWebKit/537.36 (KHTML, like Gecko) Chrome/130.0.0.0 Safari/537.36"
66.249.72.194 - - [05/Apr/2025:04:11:40 -0400] "GET /robots.txt HTTP/1.1" 404 1251 "-" "Mozilla/5.0 (compatible; Googlebot/2.1; +http://www.google.com/bot.html)"
66.249.72.192 - - [05/Apr/2025:04:11:40 -0400] "GET /PEARL-iZUMi-Ladies-Women&039;s-Bicycle-Cycle/Shorts-222294/ HTTP/1.1" 404 1251 "-" "Mozilla/5.0 (Linux; Android 6.0.1; Nexus 5X Build/MMB29P) AppleWebKit/537.36 (KHTML, like Gecko) Chrome/134.0.6998.165 Mobile Safari/537.36 (compatible; Googlebot/2.1; +http://www.google.com/bot.html)"
66.249.72.193 - - [05/Apr/2025:04:13:16 -0400] "GET /robots.txt HTTP/1.1" 404 1251 "-" "Mozilla/5.0 (compatible; Googlebot/2.1; +http://www.google.com/bot.html)"
66.249.72.193 - - [05/Apr/2025:04:13:16 -0400] "GET /Clothes-T-shirts-Free-shipping-New/Shirts-&-Tops-779001/ HTTP/1.1" 404 1251 "-" "Mozilla/5.0 (Linux; Android 6.0.1; Nexus 5X Build/MMB29P) AppleWebKit/537.36 (KHTML, like Gecko) Chrome/134.0.6998.165 Mobile Safari/537.36 (compatible; Googlebot/2.1; +http://www.google.com/bot.html)"
66.249.72.193 - - [05/Apr/2025:04:14:52 -0400] "GET /Stand-Camping-Hiking-Compact-Strong-Sturdy/Other-Camping-Cooking-Supplies-594568/ HTTP/1.1" 404 1251 "-" "Mozilla/5.0 (Linux; Android 6.0.1; Nexus 5X Build/MMB29P) AppleWebKit/537.36 (KHTML, like Gecko) Chrome/134.0.6998.165 Mobile Safari/537.36 (compatible; Googlebot/2.1; +http://www.google.com/bot.html)"
66.249.72.193 - - [05/Apr/2025:04:14:53 -0400] "GET /robots.txt HTTP/1.1" 404 1251 "-" "Mozilla/5.0 (compatible; Googlebot/2.1; +http://www.google.com/bot.html)"
216.244.66.234 - - [05/Apr/2025:04:15:04 -0400] "GET /true-clay-surfaces-poker-poker-chips-guide-2/ HTTP/1.1" 404 1251 "-" "Mozilla/5.0 (compatible; DotBot/1.2; +https://opensiteexplorer.org/dotbot; help@moz.com)"
66.249.72.193 - - [05/Apr/2025:04:16:29 -0400] "GET /Blue-Cane-Creek-Replacement-AERSeries/Headsets-127662/ HTTP/1.1" 404 1251 "-" "Mozilla/5.0 (Linux; Android 6.0.1; Nexus 5X Build/MMB29P) AppleWebKit/537.36 (KHTML, like Gecko) Chrome/134.0.6998.165 Mobile Safari/537.36 (compatible; Googlebot/2.1; +http://www.google.com/bot.html)"
66.249.72.192 - - [05/Apr/2025:04:16:29 -0400] "GET /robots.txt HTTP/1.1" 404 1251 "-" "Mozilla/5.0 (compatible; Googlebot/2.1; +http://www.google.com/bot.html)"
66.249.72.204 - - [05/Apr/2025:04:18:05 -0400] "GET /II-Magazine-Pouch-SZ-Bianchi/Magazine-Pouches-500674/ HTTP/1.1" 404 1251 "-" "Mozilla/5.0 (Linux; Android 6.0.1; Nexus 5X Build/MMB29P) AppleWebKit/537.36 (KHTML, like Gecko) Chrome/134.0.6998.165 Mobile Safari/537.36 (compatible; GoogleOther)"
66.249.72.203 - - [05/Apr/2025:04:18:05 -0400] "GET /robots.txt HTTP/1.1" 404 1251 "-" "Mozilla/5.0 (compatible; Googlebot/2.1; +http://www.google.com/bot.html)"
66.249.72.204 - - [05/Apr/2025:04:19:41 -0400] "GET /x-&034;-Globe-Longboard-Cruiser/SkateboardsComplete-721405/ HTTP/1.1" 404 1251 "-" "Mozilla/5.0 (Linux; Android 6.0.1; Nexus 5X Build/MMB29P) AppleWebKit/537.36 (KHTML, like Gecko) Chrome/134.0.6998.165 Mobile Safari/537.36 (compatible; Googlebot/2.1; +http://www.google.com/bot.html)"
66.249.72.204 - - [05/Apr/2025:04:19:41 -0400] "GET /robots.txt HTTP/1.1" 404 1251 "-" "Mozilla/5.0 (compatible; Googlebot/2.1; +http://www.google.com/bot.html)"
216.244.66.234 - - [05/Apr/2025:04:20:58 -0400] "GET /building-a-youtube-subscriber-base/feed/ HTTP/1.1" 404 1251 "-" "Mozilla/5.0 (compatible; DotBot/1.2; +https://opensiteexplorer.org/dotbot; help@moz.com)"
66.249.72.204 - - [05/Apr/2025:04:21:17 -0400] "GET /ThruAxle-CL-Disc-Rear-Hub-BlackSilver-Shimano/Hubs-130679/ HTTP/1.1" 404 1251 "-" "Mozilla/5.0 (Linux; Android 6.0.1; Nexus 5X Build/MMB29P) AppleWebKit/537.36 (KHTML, like Gecko) Chrome/134.0.6998.165 Mobile Safari/537.36 (compatible; Googlebot/2.1; +http://www.google.com/bot.html)"
66.249.72.202 - - [05/Apr/2025:04:21:17 -0400] "GET /robots.txt HTTP/1.1" 404 1251 "-" "Mozilla/5.0 (compatible; Googlebot/2.1; +http://www.google.com/bot.html)"
91.84.98.84 - - [05/Apr/2025:04:21:48 -0400] "GET /how-to-win-at-gas-station-slots/ HTTP/1.1" 404 1251 "http://christianmantopoulos.com/how-to-win-at-gas-station-slots/" "Mozilla/5.0 (Windows NT 6.3; Win64; x64) AppleWebKit/537.36 (KHTML, like Gecko) Chrome/103.0.5060.114 Safari/537.36"
91.84.98.84 - - [05/Apr/2025:04:21:49 -0400] "GET / HTTP/1.1" 200 97713 "http://christianmantopoulos.com/" "Mozilla/5.0 (Windows NT 6.3; Win64; x64) AppleWebKit/537.36 (KHTML, like Gecko) Chrome/103.0.5060.114 Safari/537.36"
66.249.72.204 - - [05/Apr/2025:04:22:53 -0400] "GET /Range-Mat-Combo-Black-NcSTAR-Tactical/Cases-479746/ HTTP/1.1" 404 1251 "-" "Mozilla/5.0 (Linux; Android 6.0.1; Nexus 5X Build/MMB29P) AppleWebKit/537.36 (KHTML, like Gecko) Chrome/134.0.6998.165 Mobile Safari/537.36 (compatible; Googlebot/2.1; +http://www.google.com/bot.html)"
66.249.72.202 - - [05/Apr/2025:04:22:53 -0400] "GET /robots.txt HTTP/1.1" 404 1251 "-" "Mozilla/5.0 (compatible; Googlebot/2.1; +http://www.google.com/bot.html)"
66.249.72.202 - - [05/Apr/2025:04:24:29 -0400] "GET /Resistance-Bands-XCELER-Athletics-DYNAMX/Resistance-Trainers-430672/ HTTP/1.1" 404 1251 "-" "Mozilla/5.0 (Linux; Android 6.0.1; Nexus 5X Build/MMB29P) AppleWebKit/537.36 (KHTML, like Gecko) Chrome/134.0.6998.165 Mobile Safari/537.36 (compatible; Googlebot/2.1; +http://www.google.com/bot.html)"
110.40.78.19 - - [05/Apr/2025:04:25:43 -0400] "GET /zb_users/plugin/UEditor/themes/default/images/cancelbutton.gif HTTP/1.1" 404 1251 "http://christianmantopoulos.com" "Mozilla/5.0 (Windows NT 10.0; Win64; x64) AppleWebKit/537.36 (KHTML, like Gecko) Chrome/83.0.4103.61 Safari/537.36"
110.40.78.19 - - [05/Apr/2025:04:25:45 -0400] "GET /zb_users/plugin/UEditor/themes/default/images/cursor_v.gif HTTP/1.1" 404 1251 "http://christianmantopoulos.com" "Mozilla/5.0 (Windows NT 10.0; Win64; x64) AppleWebKit/537.36 (KHTML, like Gecko) Chrome/83.0.4103.61 Safari/537.36"
110.40.78.19 - - [05/Apr/2025:04:25:47 -0400] "GET /zb_users/emotion/face/Music.gif HTTP/1.1" 404 1251 "http://christianmantopoulos.com" "Mozilla/5.0 (Windows NT 10.0; Win64; x64) AppleWebKit/537.36 (KHTML, like Gecko) Chrome/83.0.4103.61 Safari/537.36"
66.249.72.202 - - [05/Apr/2025:04:26:05 -0400] "GET /Front-Bag-inch-Mobile-WILD-MAN/Bags-&-Panniers-25236/ HTTP/1.1" 404 1251 "-" "Mozilla/5.0 (Linux; Android 6.0.1; Nexus 5X Build/MMB29P) AppleWebKit/537.36 (KHTML, like Gecko) Chrome/134.0.6998.165 Mobile Safari/537.36 (compatible; Googlebot/2.1; +http://www.google.com/bot.html)"
66.249.72.203 - - [05/Apr/2025:04:27:41 -0400] "GET /ExpDecapping-Unit-RCBS/Dies-522243/ HTTP/1.1" 404 1251 "-" "Mozilla/5.0 (Linux; Android 6.0.1; Nexus 5X Build/MMB29P) AppleWebKit/537.36 (KHTML, like Gecko) Chrome/134.0.6998.165 Mobile Safari/537.36 (compatible; Googlebot/2.1; +http://www.google.com/bot.html)"
66.249.72.203 - - [05/Apr/2025:04:29:17 -0400] "GET /Power-Hybrid-Tennis-String-Auth-Dealer-Wilson/Strings-783539/ HTTP/1.1" 404 1251 "-" "Mozilla/5.0 (Linux; Android 6.0.1; Nexus 5X Build/MMB29P) AppleWebKit/537.36 (KHTML, like Gecko) Chrome/134.0.6998.165 Mobile Safari/537.36 (compatible; Googlebot/2.1; +http://www.google.com/bot.html)"
66.249.72.193 - - [05/Apr/2025:04:30:54 -0400] "GET /Pistol-Gun-Holster-Pouch-Black-Tactical/Holsters-491916/ HTTP/1.1" 404 1251 "-" "Mozilla/5.0 (Linux; Android 6.0.1; Nexus 5X Build/MMB29P) AppleWebKit/537.36 (KHTML, like Gecko) Chrome/134.0.6998.165 Mobile Safari/537.36 (compatible; Googlebot/2.1; +http://www.google.com/bot.html)"
66.249.72.192 - - [05/Apr/2025:04:32:30 -0400] "GET /66LBs-Max-Drag-Power-CAMEKOON-WT6000/Spinning-Reels-369891/ HTTP/1.1" 404 1251 "-" "Mozilla/5.0 (Linux; Android 6.0.1; Nexus 5X Build/MMB29P) AppleWebKit/537.36 (KHTML, like Gecko) Chrome/134.0.6998.165 Mobile Safari/537.36 (compatible; Googlebot/2.1; +http://www.google.com/bot.html)"
216.244.66.234 - - [05/Apr/2025:04:33:07 -0400] "GET /unlocking-the-power-of-ruqyah-understanding-its-meaning-and-significance/feed/ HTTP/1.1" 404 1251 "-" "Mozilla/5.0 (compatible; DotBot/1.2; +https://opensiteexplorer.org/dotbot; help@moz.com)"
66.249.72.192 - - [05/Apr/2025:04:34:06 -0400] "GET /Dr-Slick-Tweezers-Curved/Other-Fishing-352281/ HTTP/1.1" 404 1251 "-" "Mozilla/5.0 (Linux; Android 6.0.1; Nexus 5X Build/MMB29P) AppleWebKit/537.36 (KHTML, like Gecko) Chrome/134.0.6998.165 Mobile Safari/537.36 (compatible; Googlebot/2.1; +http://www.google.com/bot.html)"
66.249.72.193 - - [05/Apr/2025:04:35:42 -0400] "GET /Turkey-Mouth-Call-Primos-Hook-Hunter/Game-Calls-475615/ HTTP/1.1" 404 1251 "-" "Mozilla/5.0 (Linux; Android 6.0.1; Nexus 5X Build/MMB29P) AppleWebKit/537.36 (KHTML, like Gecko) Chrome/134.0.6998.165 Mobile Safari/537.36 (compatible; Googlebot/2.1; +http://www.google.com/bot.html)"
66.249.72.204 - - [05/Apr/2025:04:37:18 -0400] "GET /Platatac-Khiaki/Current-Militaria-Now-8962/ HTTP/1.1" 404 1251 "-" "Mozilla/5.0 (Linux; Android 6.0.1; Nexus 5X Build/MMB29P) AppleWebKit/537.36 (KHTML, like Gecko) Chrome/134.0.6998.165 Mobile Safari/537.36 (compatible; GoogleOther)"
66.249.72.202 - - [05/Apr/2025:04:38:54 -0400] "GET /Vehicle-Potty-Commode-L-Portable-Outdoor/Portable-Toilets-&-Accessories-598293/ HTTP/1.1" 404 1251 "-" "Mozilla/5.0 (Linux; Android 6.0.1; Nexus 5X Build/MMB29P) AppleWebKit/537.36 (KHTML, like Gecko) Chrome/134.0.6998.165 Mobile Safari/537.36 (compatible; Googlebot/2.1; +http://www.google.com/bot.html)"
66.249.72.202 - - [05/Apr/2025:04:40:30 -0400] "GET /Carbide-Sizing-Die-for-Auto-Super/Dies-522391/ HTTP/1.1" 404 1251 "-" "Mozilla/5.0 (Linux; Android 6.0.1; Nexus 5X Build/MMB29P) AppleWebKit/537.36 (KHTML, like Gecko) Chrome/134.0.6998.165 Mobile Safari/537.36 (compatible; Googlebot/2.1; +http://www.google.com/bot.html)"
154.195.26.38 - - [05/Apr/2025:04:40:48 -0400] "GET /how-to-win-at-gas-station-slots/ HTTP/1.1" 404 1251 "http://christianmantopoulos.com/how-to-win-at-gas-station-slots/" "Mozilla/5.0 (Windows NT 10.0; Win64; x64) AppleWebKit/537.36 (KHTML, like Gecko) Chrome/129.0.0.0 Safari/537.36"
154.195.26.38 - - [05/Apr/2025:04:40:49 -0400] "GET / HTTP/1.1" 200 97713 "http://christianmantopoulos.com/" "Mozilla/5.0 (Windows NT 10.0; Win64; x64) AppleWebKit/537.36 (KHTML, like Gecko) Chrome/129.0.0.0 Safari/537.36"
66.249.72.204 - - [05/Apr/2025:04:42:06 -0400] "GET /Color-set-PAL-Maziora/Spoons-307836/ HTTP/1.1" 404 1251 "-" "Mozilla/5.0 (Linux; Android 6.0.1; Nexus 5X Build/MMB29P) AppleWebKit/537.36 (KHTML, like Gecko) Chrome/134.0.6998.165 Mobile Safari/537.36 (compatible; Googlebot/2.1; +http://www.google.com/bot.html)"
66.249.72.204 - - [05/Apr/2025:04:43:42 -0400] "GET /Stoff-einzeln-erSet-rutschfest-Loop/Resistance-Trainers-434938/ HTTP/1.1" 404 1251 "-" "Mozilla/5.0 (Linux; Android 6.0.1; Nexus 5X Build/MMB29P) AppleWebKit/537.36 (KHTML, like Gecko) Chrome/134.0.6998.165 Mobile Safari/537.36 (compatible; Googlebot/2.1; +http://www.google.com/bot.html)"
61.130.144.178 - - [05/Apr/2025:04:43:55 -0400] "GET /e/data/images/arrow.gif HTTP/1.1" 404 1251 "http://christianmantopoulos.com/e/data/images/arrow.gif" "Mozilla/4.0 (compatible; MSIE 9.0; Windows NT 6.1)"
216.244.66.234 - - [05/Apr/2025:04:45:03 -0400] "GET /category/activity/page/51/ HTTP/1.1" 404 1251 "-" "Mozilla/5.0 (compatible; DotBot/1.2; +https://opensiteexplorer.org/dotbot; help@moz.com)"
66.249.72.204 - - [05/Apr/2025:04:45:18 -0400] "GET /Digital-Helmet-Telescope-PV-X200M-HD/Rifle-Scopes-531085/ HTTP/1.1" 404 1251 "-" "Mozilla/5.0 (Linux; Android 6.0.1; Nexus 5X Build/MMB29P) AppleWebKit/537.36 (KHTML, like Gecko) Chrome/134.0.6998.165 Mobile Safari/537.36 (compatible; Googlebot/2.1; +http://www.google.com/bot.html)"
66.249.72.202 - - [05/Apr/2025:04:46:55 -0400] "GET /Mach-Spinning/Spinning-Reels-369442/ HTTP/1.1" 404 1251 "-" "Mozilla/5.0 (Linux; Android 6.0.1; Nexus 5X Build/MMB29P) AppleWebKit/537.36 (KHTML, like Gecko) Chrome/134.0.6998.165 Mobile Safari/537.36 (compatible; Googlebot/2.1; +http://www.google.com/bot.html)"
40.77.167.247 - - [05/Apr/2025:04:47:14 -0400] "GET /tourismcat-1432-1546-zhaoxing.html HTTP/1.1" 404 1251 "-" "Mozilla/5.0 AppleWebKit/537.36 (KHTML, like Gecko; compatible; bingbot/2.0; +http://www.bing.com/bingbot.htm) Chrome/116.0.1938.76 Safari/537.36"
216.244.66.234 - - [05/Apr/2025:04:47:43 -0400] "GET /true-clay-surfaces-poker-poker-chips-guide-2/ HTTP/1.1" 404 1251 "-" "Mozilla/5.0 (compatible; DotBot/1.2; +https://opensiteexplorer.org/dotbot; help@moz.com)"
66.249.72.202 - - [05/Apr/2025:04:48:31 -0400] "GET /Boxing-UFC-Head-Gear-Helmet-Fight-Gear-Head/Head-Gear-18821/ HTTP/1.1" 404 1251 "-" "Mozilla/5.0 (Linux; Android 6.0.1; Nexus 5X Build/MMB29P) AppleWebKit/537.36 (KHTML, like Gecko) Chrome/134.0.6998.165 Mobile Safari/537.36 (compatible; Googlebot/2.1; +http://www.google.com/bot.html)"
66.249.72.202 - - [05/Apr/2025:04:50:08 -0400] "GET /Waterproof-XPE-COB-LED-Headlamp/Headlamps-635913/ HTTP/1.1" 404 1251 "-" "Mozilla/5.0 (Linux; Android 6.0.1; Nexus 5X Build/MMB29P) AppleWebKit/537.36 (KHTML, like Gecko) Chrome/134.0.6998.165 Mobile Safari/537.36 (compatible; Googlebot/2.1; +http://www.google.com/bot.html)"
66.249.72.204 - - [05/Apr/2025:04:51:43 -0400] "GET /Young-Rider-TAG-Size-Medium-New-Assos/Jerseys-220437/ HTTP/1.1" 404 1251 "-" "Mozilla/5.0 (Linux; Android 6.0.1; Nexus 5X Build/MMB29P) AppleWebKit/537.36 (KHTML, like Gecko) Chrome/134.0.6998.165 Mobile Safari/537.36 (compatible; Googlebot/2.1; +http://www.google.com/bot.html)"
40.77.167.42 - - [05/Apr/2025:04:53:14 -0400] "GET /product/list_thumb.html?cate_no=129 HTTP/1.1" 404 1251 "-" "Mozilla/5.0 AppleWebKit/537.36 (KHTML, like Gecko; compatible; bingbot/2.0; +http://www.bing.com/bingbot.htm) Chrome/116.0.1938.76 Safari/537.36"
66.249.72.202 - - [05/Apr/2025:04:53:19 -0400] "GET /306g-kg-Tailwalk-Baitcasting/Baitcasting-Reels-355925/ HTTP/1.1" 404 1251 "-" "Mozilla/5.0 (Linux; Android 6.0.1; Nexus 5X Build/MMB29P) AppleWebKit/537.36 (KHTML, like Gecko) Chrome/134.0.6998.165 Mobile Safari/537.36 (compatible; Googlebot/2.1; +http://www.google.com/bot.html)"
216.244.66.234 - - [05/Apr/2025:04:53:53 -0400] "GET /building-a-youtube-subscriber-base/feed/ HTTP/1.1" 404 1251 "-" "Mozilla/5.0 (compatible; DotBot/1.2; +https://opensiteexplorer.org/dotbot; help@moz.com)"
66.249.72.204 - - [05/Apr/2025:04:54:56 -0400] "GET /10x42mm-Crush-Binoculars/Hunting-Binoculars-525291/ HTTP/1.1" 404 1251 "-" "Mozilla/5.0 (Linux; Android 6.0.1; Nexus 5X Build/MMB29P) AppleWebKit/537.36 (KHTML, like Gecko) Chrome/134.0.6998.165 Mobile Safari/537.36 (compatible; Googlebot/2.1; +http://www.google.com/bot.html)"
52.167.144.207 - - [05/Apr/2025:04:55:39 -0400] "GET /document-request HTTP/1.1" 404 1251 "-" "Mozilla/5.0 AppleWebKit/537.36 (KHTML, like Gecko; compatible; bingbot/2.0; +http://www.bing.com/bingbot.htm) Chrome/116.0.1938.76 Safari/537.36"
66.249.72.202 - - [05/Apr/2025:04:56:31 -0400] "GET /Football-shirt-SXXL-NEW-Leeds/Men-765367/ HTTP/1.1" 404 1251 "-" "Mozilla/5.0 (Linux; Android 6.0.1; Nexus 5X Build/MMB29P) AppleWebKit/537.36 (KHTML, like Gecko) Chrome/134.0.6998.165 Mobile Safari/537.36 (compatible; Googlebot/2.1; +http://www.google.com/bot.html)"
66.249.72.204 - - [05/Apr/2025:04:58:07 -0400] "GET /Camouflage-w-P-ive/Camouflage-Materials-464211/ HTTP/1.1" 404 1251 "-" "Mozilla/5.0 (Linux; Android 6.0.1; Nexus 5X Build/MMB29P) AppleWebKit/537.36 (KHTML, like Gecko) Chrome/134.0.6998.165 Mobile Safari/537.36 (compatible; Googlebot/2.1; +http://www.google.com/bot.html)"
66.249.72.202 - - [05/Apr/2025:04:59:43 -0400] "GET /Ammo-Holder-Bandolier-&-Gauge-Hunting/Magazine-Pouches-501238/ HTTP/1.1" 404 1251 "-" "Mozilla/5.0 (Linux; Android 6.0.1; Nexus 5X Build/MMB29P) AppleWebKit/537.36 (KHTML, like Gecko) Chrome/134.0.6998.165 Mobile Safari/537.36 (compatible; Googlebot/2.1; +http://www.google.com/bot.html)"
66.249.72.203 - - [05/Apr/2025:05:01:20 -0400] "GET /FLY-FISHING-FLIES-Size/Flies-275307/ HTTP/1.1" 404 1251 "-" "Mozilla/5.0 (Linux; Android 6.0.1; Nexus 5X Build/MMB29P) AppleWebKit/537.36 (KHTML, like Gecko) Chrome/134.0.6998.165 Mobile Safari/537.36 (compatible; Googlebot/2.1; +http://www.google.com/bot.html)"
