52.169.110.77 - - [14/Apr/2025:23:50:58 -0400] "GET /shell20211028.php HTTP/1.1" 404 15293 "-" "-"
52.169.24.230 - - [14/Apr/2025:23:50:58 -0400] "GET /wp-includes/NCImtphZOK5.php HTTP/1.1" 404 15323 "-" "-"
52.169.110.77 - - [14/Apr/2025:23:50:59 -0400] "GET /shellv3.php HTTP/1.1" 301 0 "-" "-"
52.169.24.230 - - [14/Apr/2025:23:51:00 -0400] "GET /wp-includes/O5Z8Gyn4EIh.php HTTP/1.1" 404 15323 "-" "-"
52.169.110.77 - - [14/Apr/2025:23:51:02 -0400] "GET /shellv3.php HTTP/1.1" 404 15288 "-" "-"
52.169.24.230 - - [14/Apr/2025:23:51:02 -0400] "GET /wp-includes/OYStpqjgDZ5.php HTTP/1.1" 404 15323 "-" "-"
52.169.110.77 - - [14/Apr/2025:23:51:04 -0400] "GET /shop/ HTTP/1.1" 301 0 "-" "-"
216.244.66.194 - - [14/Apr/2025:23:51:04 -0400] "GET /2024/07/02/ HTTP/1.1" 301 0 "-" "Mozilla/5.0 (compatible; DotBot/1.2; +https://opensiteexplorer.org/dotbot; help@moz.com)"
52.169.24.230 - - [14/Apr/2025:23:51:04 -0400] "GET /wp-includes/OhpfCSna9Vc.php HTTP/1.1" 404 15321 "-" "-"
52.169.24.230 - - [14/Apr/2025:23:51:06 -0400] "GET /wp-includes/OwG5LmjClXZ.php HTTP/1.1" 404 15324 "-" "-"
52.169.110.77 - - [14/Apr/2025:23:51:07 -0400] "GET /shop/lock.php HTTP/1.1" 301 0 "-" "-"
52.169.24.230 - - [14/Apr/2025:23:51:08 -0400] "GET /wp-includes/PBfZp95n2Ud.php HTTP/1.1" 404 15321 "-" "-"
52.169.110.77 - - [14/Apr/2025:23:51:09 -0400] "GET /shop/lock.php HTTP/1.1" 404 15290 "-" "-"
52.169.24.230 - - [14/Apr/2025:23:51:11 -0400] "GET /wp-includes/PHPMailer/ HTTP/1.1" 403 1242 "-" "-"
52.169.110.77 - - [14/Apr/2025:23:51:12 -0400] "GET /shx.php HTTP/1.1" 301 0 "-" "-"
52.169.24.230 - - [14/Apr/2025:23:51:12 -0400] "GET /wp-includes/PHPMailer//2222.php HTTP/1.1" 301 0 "-" "-"
52.169.24.230 - - [14/Apr/2025:23:51:14 -0400] "GET /wp-includes/PHPMailer/2222.php HTTP/1.1" 404 15323 "-" "-"
52.169.110.77 - - [14/Apr/2025:23:51:14 -0400] "GET /shx.php HTTP/1.1" 404 15284 "-" "-"
52.169.24.230 - - [14/Apr/2025:23:51:16 -0400] "GET /wp-includes/PHPMailer//Ab0ut.php HTTP/1.1" 301 0 "-" "-"
52.169.110.77 - - [14/Apr/2025:23:51:18 -0400] "GET /sidebar.php HTTP/1.1" 301 0 "-" "-"
52.169.24.230 - - [14/Apr/2025:23:51:19 -0400] "GET /wp-includes/PHPMailer/Ab0ut.php HTTP/1.1" 404 15327 "-" "-"
52.169.110.77 - - [14/Apr/2025:23:51:19 -0400] "GET /sidebar.php HTTP/1.1" 404 15288 "-" "-"
52.169.24.230 - - [14/Apr/2025:23:51:22 -0400] "GET /wp-includes/PHPMailer//about.php HTTP/1.1" 301 0 "-" "-"
52.169.110.77 - - [14/Apr/2025:23:51:22 -0400] "GET /sidwso.php HTTP/1.1" 301 0 "-" "-"
52.169.24.230 - - [14/Apr/2025:23:51:24 -0400] "GET /wp-includes/PHPMailer/about.php HTTP/1.1" 404 15324 "-" "-"
52.169.110.77 - - [14/Apr/2025:23:51:25 -0400] "GET /sidwso.php HTTP/1.1" 404 15287 "-" "-"
52.169.24.230 - - [14/Apr/2025:23:51:27 -0400] "GET /wp-includes/PHPMailer//indexx.php HTTP/1.1" 301 0 "-" "-"
52.169.110.77 - - [14/Apr/2025:23:51:28 -0400] "GET /sim.php HTTP/1.1" 301 0 "-" "-"
52.169.24.230 - - [14/Apr/2025:23:51:29 -0400] "GET /wp-includes/PHPMailer/indexx.php HTTP/1.1" 404 15326 "-" "-"
52.169.110.77 - - [14/Apr/2025:23:51:30 -0400] "GET /sim.php HTTP/1.1" 404 15286 "-" "-"
52.169.24.230 - - [14/Apr/2025:23:51:31 -0400] "GET /wp-includes/PHPMailer//themes-install.php HTTP/1.1" 301 0 "-" "-"
52.169.110.77 - - [14/Apr/2025:23:51:32 -0400] "GET /sim.php/wp-includes/certificates/ HTTP/1.1" 301 0 "-" "-"
52.169.24.230 - - [14/Apr/2025:23:51:33 -0400] "GET /wp-includes/PHPMailer/themes-install.php HTTP/1.1" 404 15329 "-" "-"
52.169.24.230 - - [14/Apr/2025:23:51:36 -0400] "GET /wp-includes/PHPMailer/about.php HTTP/1.1" 404 15324 "-" "-"
52.169.110.77 - - [14/Apr/2025:23:51:35 -0400] "GET /sim.php/wp-includes/certificates/ HTTP/1.1" 404 15301 "-" "-"
52.169.110.77 - - [14/Apr/2025:23:51:37 -0400] "GET /sim.php/wp-includes/certificates/plugins.php HTTP/1.1" 301 0 "-" "-"
52.169.24.230 - - [14/Apr/2025:23:51:36 -0400] "GET /wp-includes/PHPMailer/autoload_classmap.php HTTP/1.1" 404 15332 "-" "-"
52.169.24.230 - - [14/Apr/2025:23:51:39 -0400] "GET /wp-includes/PHPMailer/index.php HTTP/1.1" 301 0 "-" "-"
52.169.24.230 - - [14/Apr/2025:23:51:40 -0400] "GET /wp-includes/PHPMailer/ HTTP/1.1" 403 1242 "-" "-"
52.169.110.77 - - [14/Apr/2025:23:51:39 -0400] "GET /sim.php/wp-includes/certificates/plugins.php HTTP/1.1" 404 15308 "-" "-"
52.169.24.230 - - [14/Apr/2025:23:51:41 -0400] "GET /wp-includes/PHPMailer/radio.php HTTP/1.1" 404 15326 "-" "-"
52.169.110.77 - - [14/Apr/2025:23:51:42 -0400] "GET /simple.php HTTP/1.1" 301 0 "-" "-"
52.169.110.77 - - [14/Apr/2025:23:51:43 -0400] "GET /simple.php HTTP/1.1" 404 15287 "-" "-"
52.169.24.230 - - [14/Apr/2025:23:51:43 -0400] "GET /wp-includes/Q4TbrMq6sSk.php HTTP/1.1" 404 15323 "-" "-"
52.169.110.77 - - [14/Apr/2025:23:51:44 -0400] "GET /simple/function.php HTTP/1.1" 301 0 "-" "-"
52.169.24.230 - - [14/Apr/2025:23:51:46 -0400] "GET /wp-includes/Q8yL6j2i9zk.php HTTP/1.1" 404 15322 "-" "-"
52.169.110.77 - - [14/Apr/2025:23:51:47 -0400] "GET /simple/function.php HTTP/1.1" 404 15293 "-" "-"
52.169.110.77 - - [14/Apr/2025:23:51:49 -0400] "GET /simple/function.php?p= HTTP/1.1" 301 0 "-" "-"
198.54.114.83 - - [14/Apr/2025:23:51:50 -0400] "POST /wp-cron.php?doing_wp_cron=1744689109.8050649166107177734375 HTTP/1.1" 200 0 "-" "WordPress/6.7.2; https://creative-webstyle.com"
52.169.110.77 - - [14/Apr/2025:23:51:50 -0400] "GET /simple/function.php HTTP/1.1" 404 15293 "-" "-"
52.169.24.230 - - [14/Apr/2025:23:51:49 -0400] "GET /wp-includes/QLJoTSZn46j.php HTTP/1.1" 404 15324 "-" "-"
52.169.110.77 - - [14/Apr/2025:23:51:52 -0400] "GET /site/ HTTP/1.1" 301 0 "-" "-"
52.169.24.230 - - [14/Apr/2025:23:51:53 -0400] "GET /wp-includes/QewG7L1lTkb.php HTTP/1.1" 404 15323 "-" "-"
52.169.110.77 - - [14/Apr/2025:23:51:55 -0400] "GET /sitemap.php HTTP/1.1" 301 0 "-" "-"
52.169.24.230 - - [14/Apr/2025:23:51:55 -0400] "GET /wp-includes/QgfAohVSwD1.php HTTP/1.1" 404 15323 "-" "-"
198.54.114.83 - - [14/Apr/2025:23:51:58 -0400] "POST /wp-cron.php?doing_wp_cron=1744689117.7179648876190185546875 HTTP/1.1" 200 0 "-" "WordPress/6.7.2; https://creative-webstyle.com"
52.169.110.77 - - [14/Apr/2025:23:51:57 -0400] "GET /sitemap.php HTTP/1.1" 404 15288 "-" "-"
52.169.24.230 - - [14/Apr/2025:23:51:58 -0400] "GET /wp-includes/Qj9rebE2xow.php HTTP/1.1" 404 15322 "-" "-"
52.169.110.77 - - [14/Apr/2025:23:52:02 -0400] "GET /sites/default/files/ HTTP/1.1" 301 0 "-" "-"
52.169.24.230 - - [14/Apr/2025:23:52:02 -0400] "GET /wp-includes/Qm9vKED1AXP.php HTTP/1.1" 404 15325 "-" "-"
52.169.24.230 - - [14/Apr/2025:23:52:05 -0400] "GET /wp-includes/Requests/ HTTP/1.1" 403 1242 "-" "-"
52.169.110.77 - - [14/Apr/2025:23:52:05 -0400] "GET /sites/default/files/ HTTP/1.1" 404 15294 "-" "-"
52.169.24.230 - - [14/Apr/2025:23:52:06 -0400] "GET /wp-includes/Requests//cong.php HTTP/1.1" 301 0 "-" "-"
52.169.110.77 - - [14/Apr/2025:23:52:10 -0400] "GET /small.php HTTP/1.1" 301 0 "-" "-"
52.169.24.230 - - [14/Apr/2025:23:52:09 -0400] "GET /wp-includes/Requests/cong.php HTTP/1.1" 404 15323 "-" "-"
52.169.110.77 - - [14/Apr/2025:23:52:12 -0400] "GET /small.php HTTP/1.1" 404 15285 "-" "-"
52.169.24.230 - - [14/Apr/2025:23:52:13 -0400] "GET /wp-includes/Requests//hellodoyyl.php HTTP/1.1" 301 0 "-" "-"
52.169.110.77 - - [14/Apr/2025:23:52:16 -0400] "GET /st.php HTTP/1.1" 301 0 "-" "-"
52.169.24.230 - - [14/Apr/2025:23:52:17 -0400] "GET /wp-includes/Requests/hellodoyyl.php HTTP/1.1" 404 15328 "-" "-"
52.169.110.77 - - [14/Apr/2025:23:52:20 -0400] "GET /st.php HTTP/1.1" 404 15284 "-" "-"
52.169.24.230 - - [14/Apr/2025:23:52:21 -0400] "GET /wp-includes/Requests/Auth/ HTTP/1.1" 404 15321 "-" "-"
52.169.110.77 - - [14/Apr/2025:23:52:23 -0400] "GET /storage/ HTTP/1.1" 301 0 "-" "-"
52.169.24.230 - - [14/Apr/2025:23:52:24 -0400] "GET /wp-includes/Requests/Auth//images.php HTTP/1.1" 301 0 "-" "-"
52.169.110.77 - - [14/Apr/2025:23:52:26 -0400] "GET /storage/ HTTP/1.1" 404 15283 "-" "-"
52.169.24.230 - - [14/Apr/2025:23:52:28 -0400] "GET /wp-includes/Requests/Auth/images.php HTTP/1.1" 404 15327 "-" "-"
52.169.110.77 - - [14/Apr/2025:23:52:29 -0400] "GET /sts.php HTTP/1.1" 301 0 "-" "-"
52.169.24.230 - - [14/Apr/2025:23:52:31 -0400] "GET /wp-includes/Requests/Cookie/ HTTP/1.1" 404 15321 "-" "-"
52.169.110.77 - - [14/Apr/2025:23:52:32 -0400] "GET /sts.php HTTP/1.1" 404 15285 "-" "-"
52.169.24.230 - - [14/Apr/2025:23:52:36 -0400] "GET /wp-includes/Requests/Exception/ HTTP/1.1" 404 15323 "-" "-"
52.169.110.77 - - [14/Apr/2025:23:52:38 -0400] "GET /sx.php HTTP/1.1" 301 0 "-" "-"
52.169.24.230 - - [14/Apr/2025:23:52:39 -0400] "GET /wp-includes/Requests/Exception/xBrain.php HTTP/1.1" 404 15333 "-" "-"
52.169.110.77 - - [14/Apr/2025:23:52:40 -0400] "GET /sx.php HTTP/1.1" 404 15284 "-" "-"
52.169.110.77 - - [14/Apr/2025:23:52:47 -0400] "GET /sym403.php HTTP/1.1" 301 0 "-" "-"
52.169.24.230 - - [14/Apr/2025:23:52:46 -0400] "GET /wp-includes/Requests/Proxy/ HTTP/1.1" 404 15322 "-" "-"
52.169.24.230 - - [14/Apr/2025:23:52:49 -0400] "GET /wp-includes/Requests/Response/ HTTP/1.1" 404 15321 "-" "-"
198.54.114.83 - - [14/Apr/2025:23:52:51 -0400] "POST /wp-cron.php?doing_wp_cron=1744689169.2393500804901123046875 HTTP/1.1" 200 0 "-" "WordPress/6.7.2; https://creative-webstyle.com"
52.169.110.77 - - [14/Apr/2025:23:52:48 -0400] "GET /sym403.php HTTP/1.1" 404 15287 "-" "-"
52.169.24.230 - - [14/Apr/2025:23:52:52 -0400] "GET /wp-includes/Requests/Response//siteindex.php HTTP/1.1" 301 0 "-" "-"
52.169.110.77 - - [14/Apr/2025:23:52:53 -0400] "GET /system.php HTTP/1.1" 301 0 "-" "-"
52.169.24.230 - - [14/Apr/2025:23:52:54 -0400] "GET /wp-includes/Requests/Response/siteindex.php HTTP/1.1" 404 15331 "-" "-"
52.169.110.77 - - [14/Apr/2025:23:52:54 -0400] "GET /system.php HTTP/1.1" 404 15288 "-" "-"
52.169.24.230 - - [14/Apr/2025:23:52:57 -0400] "GET /wp-includes/Requests/Response//wp-theme.php HTTP/1.1" 301 0 "-" "-"
52.169.110.77 - - [14/Apr/2025:23:52:58 -0400] "GET /system/ HTTP/1.1" 301 0 "-" "-"
52.169.24.230 - - [14/Apr/2025:23:52:59 -0400] "GET /wp-includes/Requests/Response/wp-theme.php HTTP/1.1" 404 15330 "-" "-"
52.169.110.77 - - [14/Apr/2025:23:53:01 -0400] "GET /system/ HTTP/1.1" 404 15286 "-" "-"
52.169.24.230 - - [14/Apr/2025:23:53:04 -0400] "GET /wp-includes/Requests/Response/admiin.php HTTP/1.1" 404 15329 "-" "-"
52.169.110.77 - - [14/Apr/2025:23:53:05 -0400] "GET /system//default.php HTTP/1.1" 301 0 "-" "-"
52.169.24.230 - - [14/Apr/2025:23:53:06 -0400] "GET /wp-includes/Requests/Text/admin.php HTTP/1.1" 404 15326 "-" "-"
52.169.110.77 - - [14/Apr/2025:23:53:06 -0400] "GET /system/default.php HTTP/1.1" 404 15295 "-" "-"
52.169.24.230 - - [14/Apr/2025:23:53:08 -0400] "GET /wp-includes/Requests/Text/index.php HTTP/1.1" 301 0 "-" "-"
52.169.110.77 - - [14/Apr/2025:23:53:09 -0400] "GET /system_log.php HTTP/1.1" 301 0 "-" "-"
52.169.24.230 - - [14/Apr/2025:23:53:09 -0400] "GET /wp-includes/Requests/Text/ HTTP/1.1" 404 15320 "-" "-"
52.169.110.77 - - [14/Apr/2025:23:53:10 -0400] "GET /system_log.php HTTP/1.1" 404 15291 "-" "-"
52.169.110.77 - - [14/Apr/2025:23:53:12 -0400] "GET /system_log.php?p= HTTP/1.1" 301 0 "-" "-"
52.169.24.230 - - [14/Apr/2025:23:53:12 -0400] "GET /wp-includes/Requests/Utility/cc.php HTTP/1.1" 404 15329 "-" "-"
52.169.110.77 - - [14/Apr/2025:23:53:15 -0400] "GET /system_log.php HTTP/1.1" 404 15291 "-" "-"
52.169.24.230 - - [14/Apr/2025:23:53:15 -0400] "GET /wp-includes/Requests/about.php HTTP/1.1" 404 15322 "-" "-"
52.169.110.77 - - [14/Apr/2025:23:53:16 -0400] "GET /t.php HTTP/1.1" 301 0 "-" "-"
52.169.24.230 - - [14/Apr/2025:23:53:18 -0400] "GET /wp-includes/Requests/admin.php HTTP/1.1" 404 15320 "-" "-"
52.169.110.77 - - [14/Apr/2025:23:53:18 -0400] "GET /t.php HTTP/1.1" 404 15284 "-" "-"
52.169.110.77 - - [14/Apr/2025:23:53:21 -0400] "GET /t4MyJ.php HTTP/1.1" 301 0 "-" "-"
52.169.24.230 - - [14/Apr/2025:23:53:21 -0400] "GET /wp-includes/Requests/autoload_classmap.php HTTP/1.1" 404 15331 "-" "-"
52.169.110.77 - - [14/Apr/2025:23:53:23 -0400] "GET /t4MyJ.php HTTP/1.1" 404 15288 "-" "-"
52.169.24.230 - - [14/Apr/2025:23:53:23 -0400] "GET /wp-includes/Requests/chosen.php HTTP/1.1" 404 15324 "-" "-"
52.169.24.230 - - [14/Apr/2025:23:53:25 -0400] "GET /wp-includes/Requests/library/ HTTP/1.1" 403 1242 "-" "-"
52.169.110.77 - - [14/Apr/2025:23:53:25 -0400] "GET /tB.php HTTP/1.1" 301 0 "-" "-"
52.169.24.230 - - [14/Apr/2025:23:53:26 -0400] "GET /wp-includes/Requests/library/about.php HTTP/1.1" 404 15329 "-" "-"
52.169.110.77 - - [14/Apr/2025:23:53:26 -0400] "GET /tB.php HTTP/1.1" 404 15285 "-" "-"
52.169.24.230 - - [14/Apr/2025:23:53:28 -0400] "GET /wp-includes/Requests/src/Auth/ HTTP/1.1" 403 1242 "-" "-"
52.169.24.230 - - [14/Apr/2025:23:53:29 -0400] "GET /wp-includes/SimplePie/ HTTP/1.1" 403 1242 "-" "-"
52.169.110.77 - - [14/Apr/2025:23:53:28 -0400] "GET /templates/ HTTP/1.1" 301 0 "-" "-"
52.169.24.230 - - [14/Apr/2025:23:53:30 -0400] "GET /wp-includes/SimplePie//f-index4.php HTTP/1.1" 301 0 "-" "-"
52.169.110.77 - - [14/Apr/2025:23:53:31 -0400] "GET /templates/ HTTP/1.1" 404 15288 "-" "-"
52.169.24.230 - - [14/Apr/2025:23:53:32 -0400] "GET /wp-includes/SimplePie/f-index4.php HTTP/1.1" 404 15326 "-" "-"
52.169.110.77 - - [14/Apr/2025:23:53:35 -0400] "GET /templates/atomic/error.php HTTP/1.1" 301 0 "-" "-"
52.169.24.230 - - [14/Apr/2025:23:53:35 -0400] "GET /wp-includes/SimplePie/Cache/ HTTP/1.1" 404 15319 "-" "-"
52.169.24.230 - - [14/Apr/2025:23:53:37 -0400] "GET /wp-includes/SimplePie/Cache//cloud.php HTTP/1.1" 301 0 "-" "-"
52.169.110.77 - - [14/Apr/2025:23:53:37 -0400] "GET /templates/atomic/error.php HTTP/1.1" 404 15301 "-" "-"
52.169.24.230 - - [14/Apr/2025:23:53:38 -0400] "GET /wp-includes/SimplePie/Cache/cloud.php HTTP/1.1" 404 15328 "-" "-"
52.169.110.77 - - [14/Apr/2025:23:53:40 -0400] "GET /templates/beez3/ HTTP/1.1" 301 0 "-" "-"
52.169.110.77 - - [14/Apr/2025:23:53:41 -0400] "GET /templates/beez3/ HTTP/1.1" 404 15294 "-" "-"
52.169.24.230 - - [14/Apr/2025:23:53:41 -0400] "GET /wp-includes/SimplePie/Cache/Hash.php HTTP/1.1" 404 15328 "-" "-"
52.169.110.77 - - [14/Apr/2025:23:53:43 -0400] "GET /templates/beez3/index.php HTTP/1.1" 301 0 "-" "-"
52.169.24.230 - - [14/Apr/2025:23:53:43 -0400] "GET /wp-includes/SimplePie/Content/ HTTP/1.1" 404 15321 "-" "-"
52.169.110.77 - - [14/Apr/2025:23:53:47 -0400] "GET /templates/beez3/ HTTP/1.1" 404 15294 "-" "-"
52.169.24.230 - - [14/Apr/2025:23:53:47 -0400] "GET /wp-includes/SimplePie/Content//makeasmtp.php HTTP/1.1" 301 0 "-" "-"
52.169.110.77 - - [14/Apr/2025:23:53:48 -0400] "GET /templates/natural.php HTTP/1.1" 301 0 "-" "-"
52.169.24.230 - - [14/Apr/2025:23:53:48 -0400] "GET /wp-includes/SimplePie/Content/makeasmtp.php HTTP/1.1" 404 15332 "-" "-"
198.54.114.83 - - [14/Apr/2025:23:53:51 -0400] "POST /wp-cron.php?doing_wp_cron=1744689230.3171789646148681640625 HTTP/1.1" 200 0 "-" "WordPress/6.7.2; https://creative-webstyle.com"
52.169.110.77 - - [14/Apr/2025:23:53:49 -0400] "GET /templates/natural.php HTTP/1.1" 404 15297 "-" "-"
52.169.24.230 - - [14/Apr/2025:23:53:51 -0400] "GET /wp-includes/SimplePie/Content/Type//themes.php HTTP/1.1" 301 0 "-" "-"
52.169.110.77 - - [14/Apr/2025:23:53:53 -0400] "GET /templates/protostar/index.php HTTP/1.1" 301 0 "-" "-"
52.169.24.230 - - [14/Apr/2025:23:53:53 -0400] "GET /wp-includes/SimplePie/Content/Type/themes.php HTTP/1.1" 404 15331 "-" "-"
52.169.110.77 - - [14/Apr/2025:23:53:56 -0400] "GET /templates/protostar/ HTTP/1.1" 404 15294 "-" "-"
52.169.24.230 - - [14/Apr/2025:23:53:57 -0400] "GET /wp-includes/SimplePie/Content/Type/index.php HTTP/1.1" 301 0 "-" "-"
52.169.110.77 - - [14/Apr/2025:23:53:59 -0400] "GET /test.php HTTP/1.1" 301 0 "-" "-"
52.169.110.77 - - [14/Apr/2025:23:54:00 -0400] "GET /test.php HTTP/1.1" 404 15286 "-" "-"
52.169.24.230 - - [14/Apr/2025:23:53:59 -0400] "GET /wp-includes/SimplePie/Content/Type/ HTTP/1.1" 404 15326 "-" "-"
52.169.110.77 - - [14/Apr/2025:23:54:02 -0400] "GET /test.php?p= HTTP/1.1" 301 0 "-" "-"
52.169.110.77 - - [14/Apr/2025:23:54:04 -0400] "GET /test.php HTTP/1.1" 404 15286 "-" "-"
52.169.24.230 - - [14/Apr/2025:23:54:03 -0400] "GET /wp-includes/SimplePie/Content/admiin.php HTTP/1.1" 404 15328 "-" "-"
52.169.110.77 - - [14/Apr/2025:23:54:05 -0400] "GET /test/ HTTP/1.1" 301 0 "-" "-"
52.169.24.230 - - [14/Apr/2025:23:54:06 -0400] "GET /wp-includes/SimplePie/Content/index.php HTTP/1.1" 301 0 "-" "-"
52.169.24.230 - - [14/Apr/2025:23:54:08 -0400] "GET /wp-includes/SimplePie/Content/ HTTP/1.1" 404 15321 "-" "-"
52.169.110.77 - - [14/Apr/2025:23:54:06 -0400] "GET /test/ HTTP/1.1" 404 15284 "-" "-"
52.169.110.77 - - [14/Apr/2025:23:54:10 -0400] "GET /text.php HTTP/1.1" 301 0 "-" "-"
52.169.24.230 - - [14/Apr/2025:23:54:09 -0400] "GET /wp-includes/SimplePie/Parse/ HTTP/1.1" 404 15321 "-" "-"
52.169.110.77 - - [14/Apr/2025:23:54:11 -0400] "GET /text.php HTTP/1.1" 404 15285 "-" "-"
52.169.24.230 - - [14/Apr/2025:23:54:11 -0400] "GET /wp-includes/SimplePie/about.php HTTP/1.1" 404 15321 "-" "-"
52.169.110.77 - - [14/Apr/2025:23:54:13 -0400] "GET /tghuGZVrERD.php HTTP/1.1" 301 0 "-" "-"
52.169.24.230 - - [14/Apr/2025:23:54:14 -0400] "GET /wp-includes/SimplePie/about.php?p= HTTP/1.1" 301 0 "-" "-"
52.169.24.230 - - [14/Apr/2025:23:54:15 -0400] "GET /wp-includes/SimplePie/about.php HTTP/1.1" 404 15321 "-" "-"
52.169.110.77 - - [14/Apr/2025:23:54:15 -0400] "GET /tghuGZVrERD.php HTTP/1.1" 404 15295 "-" "-"
52.169.110.77 - - [14/Apr/2025:23:54:17 -0400] "GET /themes.php HTTP/1.1" 301 0 "-" "-"
52.169.24.230 - - [14/Apr/2025:23:54:15 -0400] "GET /wp-includes/SimplePie/admin.php HTTP/1.1" 404 15320 "-" "-"
52.169.110.77 - - [14/Apr/2025:23:54:18 -0400] "GET /themes.php HTTP/1.1" 404 15285 "-" "-"
52.169.24.230 - - [14/Apr/2025:23:54:19 -0400] "GET /wp-includes/SimplePie/autoload_classmap.php HTTP/1.1" 404 15331 "-" "-"
52.169.110.77 - - [14/Apr/2025:23:54:20 -0400] "GET /themes/index.php HTTP/1.1" 301 0 "-" "-"
52.169.24.230 - - [14/Apr/2025:23:54:21 -0400] "GET /wp-includes/SimplePie/index.php HTTP/1.1" 301 0 "-" "-"
52.169.24.230 - - [14/Apr/2025:23:54:22 -0400] "GET /wp-includes/SimplePie/ HTTP/1.1" 403 1242 "-" "-"
52.169.110.77 - - [14/Apr/2025:23:54:22 -0400] "GET /themes/ HTTP/1.1" 404 15284 "-" "-"
52.169.24.230 - - [14/Apr/2025:23:54:23 -0400] "GET /wp-includes/SimplePie/plugins.php HTTP/1.1" 404 15324 "-" "-"
52.169.110.77 - - [14/Apr/2025:23:54:24 -0400] "GET /themes/zMousse/otuz1.php HTTP/1.1" 301 0 "-" "-"
52.169.24.230 - - [14/Apr/2025:23:54:24 -0400] "GET /wp-includes/SimplePie/system.php HTTP/1.1" 404 15324 "-" "-"
52.169.110.77 - - [14/Apr/2025:23:54:25 -0400] "GET /themes/zMousse/otuz1.php HTTP/1.1" 404 15299 "-" "-"
52.169.110.77 - - [14/Apr/2025:23:54:27 -0400] "GET /tiny.php HTTP/1.1" 301 0 "-" "-"
52.169.24.230 - - [14/Apr/2025:23:54:26 -0400] "GET /wp-includes/SimplePie/wp-conflg.php HTTP/1.1" 404 15326 "-" "-"
52.169.24.230 - - [14/Apr/2025:23:54:28 -0400] "GET /wp-includes/SimplePie/wp-conflg.php?p= HTTP/1.1" 301 0 "-" "-"
52.169.110.77 - - [14/Apr/2025:23:54:28 -0400] "GET /tiny.php HTTP/1.1" 404 15286 "-" "-"
52.169.24.230 - - [14/Apr/2025:23:54:29 -0400] "GET /wp-includes/SimplePie/wp-conflg.php HTTP/1.1" 404 15326 "-" "-"
52.169.110.77 - - [14/Apr/2025:23:54:31 -0400] "GET /tiny.php?p= HTTP/1.1" 301 0 "-" "-"
52.169.24.230 - - [14/Apr/2025:23:54:31 -0400] "GET /wp-includes/SimplePie/wp-login.php HTTP/1.1" 404 15323 "-" "-"
52.169.110.77 - - [14/Apr/2025:23:54:32 -0400] "GET /tiny.php HTTP/1.1" 404 15286 "-" "-"
52.169.24.230 - - [14/Apr/2025:23:54:32 -0400] "GET /wp-includes/Text/ HTTP/1.1" 403 1242 "-" "-"
52.169.24.230 - - [14/Apr/2025:23:54:33 -0400] "GET /wp-includes/Text/Diff/ HTTP/1.1" 403 1242 "-" "-"
52.169.110.77 - - [14/Apr/2025:23:54:33 -0400] "GET /tinyfilemanager.php HTTP/1.1" 301 0 "-" "-"
52.169.24.230 - - [14/Apr/2025:23:54:35 -0400] "GET /wp-includes/Text/Diff/Engine//about.php HTTP/1.1" 301 0 "-" "-"
52.169.110.77 - - [14/Apr/2025:23:54:36 -0400] "GET /tinyfilemanager.php HTTP/1.1" 404 15294 "-" "-"
52.169.24.230 - - [14/Apr/2025:23:54:37 -0400] "GET /wp-includes/Text/Diff/Engine/about.php HTTP/1.1" 404 15329 "-" "-"
52.169.110.77 - - [14/Apr/2025:23:54:40 -0400] "GET /tinyfilemanager.php?p= HTTP/1.1" 301 0 "-" "-"
52.169.24.230 - - [14/Apr/2025:23:54:40 -0400] "GET /wp-includes/Text/Diff/Engine//index.php HTTP/1.1" 301 0 "-" "-"
52.169.110.77 - - [14/Apr/2025:23:54:42 -0400] "GET /tinyfilemanager.php HTTP/1.1" 404 15294 "-" "-"
52.169.24.230 - - [14/Apr/2025:23:54:43 -0400] "GET /wp-includes/Text/Diff/Engine/ HTTP/1.1" 403 1242 "-" "-"
52.169.110.77 - - [14/Apr/2025:23:54:44 -0400] "GET /tinyfilemanager/ HTTP/1.1" 301 0 "-" "-"
52.169.24.230 - - [14/Apr/2025:23:54:44 -0400] "GET /wp-includes/Text/Diff/Engine//shell.php HTTP/1.1" 200 0 "-" "-"
52.169.24.230 - - [14/Apr/2025:23:54:45 -0400] "GET /wp-includes/Text/Diff/Engine/about.php HTTP/1.1" 404 15329 "-" "-"
52.169.110.77 - - [14/Apr/2025:23:54:45 -0400] "GET /tinyfilemanager/ HTTP/1.1" 404 15292 "-" "-"
52.169.24.230 - - [14/Apr/2025:23:54:46 -0400] "GET /wp-includes/Text/Diff/Engine/index.php HTTP/1.1" 301 0 "-" "-"
52.169.24.230 - - [14/Apr/2025:23:54:48 -0400] "GET /wp-includes/Text/Diff/Engine/ HTTP/1.1" 403 1242 "-" "-"
52.169.110.77 - - [14/Apr/2025:23:54:48 -0400] "GET /tinyfilemanager/tinyfilemanager.php HTTP/1.1" 301 0 "-" "-"
198.54.114.83 - - [14/Apr/2025:23:54:50 -0400] "POST /wp-cron.php?doing_wp_cron=1744689289.1580379009246826171875 HTTP/1.1" 200 0 "-" "WordPress/6.7.2; https://creative-webstyle.com"
52.169.24.230 - - [14/Apr/2025:23:54:50 -0400] "GET /wp-includes/Text/Diff/Engine/wp-login.php HTTP/1.1" 404 15330 "-" "-"
52.169.24.230 - - [14/Apr/2025:23:54:52 -0400] "GET /wp-includes/Text/Diff/Renderer/ HTTP/1.1" 403 1242 "-" "-"
52.169.110.77 - - [14/Apr/2025:23:54:51 -0400] "GET /tinyfilemanager/tinyfilemanager.php HTTP/1.1" 404 15300 "-" "-"
52.169.24.230 - - [14/Apr/2025:23:54:53 -0400] "GET /wp-includes/Text/Diff/Renderer/admiin.php HTTP/1.1" 404 15332 "-" "-"
52.169.110.77 - - [14/Apr/2025:23:54:54 -0400] "GET /tkpKSqOfFIE.php HTTP/1.1" 301 0 "-" "-"
52.169.24.230 - - [14/Apr/2025:23:54:55 -0400] "GET /wp-includes/Text/Diff/Renderer/index.php?p= HTTP/1.1" 301 0 "-" "-"
52.169.24.230 - - [14/Apr/2025:23:54:56 -0400] "GET /wp-includes/Text/Diff/Renderer/ HTTP/1.1" 403 1242 "-" "-"
52.169.110.77 - - [14/Apr/2025:23:54:55 -0400] "GET /tkpKSqOfFIE.php HTTP/1.1" 404 15295 "-" "-"
52.169.110.77 - - [14/Apr/2025:23:54:57 -0400] "GET /tmpls.php HTTP/1.1" 301 0 "-" "-"
52.169.24.230 - - [14/Apr/2025:23:54:56 -0400] "GET /wp-includes/Text/Diff/about.php HTTP/1.1" 404 15324 "-" "-"
52.169.24.230 - - [14/Apr/2025:23:55:00 -0400] "GET /wp-includes/Text/Diff/index.php HTTP/1.1" 301 0 "-" "-"
52.169.24.230 - - [14/Apr/2025:23:55:02 -0400] "GET /wp-includes/Text/Diff/ HTTP/1.1" 403 1242 "-" "-"
52.169.110.77 - - [14/Apr/2025:23:55:00 -0400] "GET /tmpls.php HTTP/1.1" 404 15287 "-" "-"
52.169.24.230 - - [14/Apr/2025:23:55:02 -0400] "GET /wp-includes/Text/about.php HTTP/1.1" 404 15318 "-" "-"
52.169.110.77 - - [14/Apr/2025:23:55:05 -0400] "GET /tqy.php HTTP/1.1" 301 0 "-" "-"
52.169.110.77 - - [14/Apr/2025:23:55:07 -0400] "GET /tqy.php HTTP/1.1" 404 15286 "-" "-"
52.169.24.230 - - [14/Apr/2025:23:55:06 -0400] "GET /wp-includes/Text/alfa-rex.php HTTP/1.1" 404 15321 "-" "-"
52.169.110.77 - - [14/Apr/2025:23:55:11 -0400] "GET /tsRBxmo.php HTTP/1.1" 301 0 "-" "-"
52.169.24.230 - - [14/Apr/2025:23:55:11 -0400] "GET /wp-includes/Text/autoload_classmap.php HTTP/1.1" 404 15327 "-" "-"
52.169.24.230 - - [14/Apr/2025:23:55:15 -0400] "GET /wp-includes/Text/autoload_classmap.php HTTP/1.1" 404 15327 "-" "-"
52.169.110.77 - - [14/Apr/2025:23:55:14 -0400] "GET /tsRBxmo.php HTTP/1.1" 404 15289 "-" "-"
52.169.110.77 - - [14/Apr/2025:23:55:17 -0400] "GET /ty.php HTTP/1.1" 301 0 "-" "-"
52.169.24.230 - - [14/Apr/2025:23:55:16 -0400] "GET /wp-includes/Text/chosen.php HTTP/1.1" 404 15320 "-" "-"
52.169.24.230 - - [14/Apr/2025:23:55:20 -0400] "GET /wp-includes/Text/index.php HTTP/1.1" 301 0 "-" "-"
52.169.110.77 - - [14/Apr/2025:23:55:19 -0400] "GET /ty.php HTTP/1.1" 404 15285 "-" "-"
52.169.24.230 - - [14/Apr/2025:23:55:21 -0400] "GET /wp-includes/Text/ HTTP/1.1" 403 1242 "-" "-"
52.169.110.77 - - [14/Apr/2025:23:55:22 -0400] "GET /ty.php?p= HTTP/1.1" 301 0 "-" "-"
52.169.24.230 - - [14/Apr/2025:23:55:22 -0400] "GET /wp-includes/Text/index.php?p= HTTP/1.1" 301 0 "-" "-"
52.169.110.77 - - [14/Apr/2025:23:55:24 -0400] "GET /ty.php HTTP/1.1" 404 15285 "-" "-"
52.169.24.230 - - [14/Apr/2025:23:55:24 -0400] "GET /wp-includes/Text/ HTTP/1.1" 403 1242 "-" "-"
52.169.110.77 - - [14/Apr/2025:23:55:26 -0400] "GET /u.php HTTP/1.1" 301 0 "-" "-"
52.169.24.230 - - [14/Apr/2025:23:55:26 -0400] "GET /wp-includes/Text/network.php HTTP/1.1" 404 15321 "-" "-"
52.169.24.230 - - [14/Apr/2025:23:55:27 -0400] "GET /wp-includes/Text/wp-conflg.php HTTP/1.1" 404 15322 "-" "-"
52.169.110.77 - - [14/Apr/2025:23:55:26 -0400] "GET /u.php HTTP/1.1" 404 15284 "-" "-"
52.169.24.230 - - [14/Apr/2025:23:55:29 -0400] "GET /wp-includes/Text/wp-conflg.php?p= HTTP/1.1" 301 0 "-" "-"
52.169.110.77 - - [14/Apr/2025:23:55:30 -0400] "GET /uWjxHmRO9AM.php HTTP/1.1" 301 0 "-" "-"
52.169.24.230 - - [14/Apr/2025:23:55:31 -0400] "GET /wp-includes/Text/wp-conflg.php HTTP/1.1" 404 15322 "-" "-"
52.169.110.77 - - [14/Apr/2025:23:55:31 -0400] "GET /uWjxHmRO9AM.php HTTP/1.1" 404 15295 "-" "-"
52.169.24.230 - - [14/Apr/2025:23:55:32 -0400] "GET /wp-includes/about.php HTTP/1.1" 404 15313 "-" "-"
52.169.110.77 - - [14/Apr/2025:23:55:33 -0400] "GET /up.php HTTP/1.1" 301 0 "-" "-"
52.169.110.77 - - [14/Apr/2025:23:55:35 -0400] "GET /up.php HTTP/1.1" 404 15285 "-" "-"
52.169.24.230 - - [14/Apr/2025:23:55:34 -0400] "GET /wp-includes/admin.php HTTP/1.1" 404 15312 "-" "-"
52.169.24.230 - - [14/Apr/2025:23:55:37 -0400] "GET /wp-includes/assets/ HTTP/1.1" 403 1242 "-" "-"
52.169.110.77 - - [14/Apr/2025:23:55:37 -0400] "GET /up.php?p= HTTP/1.1" 301 0 "-" "-"
52.169.110.77 - - [14/Apr/2025:23:55:38 -0400] "GET /up.php HTTP/1.1" 404 15285 "-" "-"
52.169.110.77 - - [14/Apr/2025:23:55:39 -0400] "GET /updates.php HTTP/1.1" 301 0 "-" "-"
52.169.24.230 - - [14/Apr/2025:23:55:38 -0400] "GET /wp-includes/assets//about.php HTTP/1.1" 301 0 "-" "-"
52.169.110.77 - - [14/Apr/2025:23:55:40 -0400] "GET /updates.php HTTP/1.1" 404 15287 "-" "-"
52.169.24.230 - - [14/Apr/2025:23:55:40 -0400] "GET /wp-includes/assets/about.php HTTP/1.1" 404 15318 "-" "-"
52.169.110.77 - - [14/Apr/2025:23:55:42 -0400] "GET /upload.php HTTP/1.1" 301 0 "-" "-"
52.169.24.230 - - [14/Apr/2025:23:55:42 -0400] "GET /wp-includes/assets//classwithtostring.php HTTP/1.1" 301 0 "-" "-"
52.169.110.77 - - [14/Apr/2025:23:55:43 -0400] "GET /upload.php HTTP/1.1" 404 15286 "-" "-"
52.169.24.230 - - [14/Apr/2025:23:55:44 -0400] "GET /wp-includes/assets/classwithtostring.php HTTP/1.1" 404 15329 "-" "-"
52.169.110.77 - - [14/Apr/2025:23:55:47 -0400] "GET /upload/ HTTP/1.1" 301 0 "-" "-"
52.169.24.230 - - [14/Apr/2025:23:55:47 -0400] "GET /wp-includes/assets//cloud.php HTTP/1.1" 301 0 "-" "-"
198.54.114.83 - - [14/Apr/2025:23:55:49 -0400] "POST /wp-cron.php?doing_wp_cron=1744689349.2089169025421142578125 HTTP/1.1" 200 0 "-" "WordPress/6.7.2; https://creative-webstyle.com"
52.169.24.230 - - [14/Apr/2025:23:55:48 -0400] "GET /wp-includes/assets/cloud.php HTTP/1.1" 404 15320 "-" "-"
52.169.110.77 - - [14/Apr/2025:23:55:48 -0400] "GET /upload/ HTTP/1.1" 404 15283 "-" "-"
52.169.24.230 - - [14/Apr/2025:23:55:52 -0400] "GET /wp-includes/assets//wp-access.php HTTP/1.1" 301 0 "-" "-"
52.169.110.77 - - [14/Apr/2025:23:55:52 -0400] "GET /upload/image/ HTTP/1.1" 301 0 "-" "-"
52.169.24.230 - - [14/Apr/2025:23:55:53 -0400] "GET /wp-includes/assets/wp-access.php HTTP/1.1" 404 15321 "-" "-"
52.169.24.230 - - [14/Apr/2025:23:55:55 -0400] "GET /wp-includes/assets/about.php HTTP/1.1" 404 15318 "-" "-"
52.169.110.77 - - [14/Apr/2025:23:55:54 -0400] "GET /upload/image/ HTTP/1.1" 404 15286 "-" "-"
52.169.110.77 - - [14/Apr/2025:23:55:57 -0400] "GET /upload/upload.php HTTP/1.1" 301 0 "-" "-"
52.169.24.230 - - [14/Apr/2025:23:55:56 -0400] "GET /wp-includes/assets/admiin.php HTTP/1.1" 404 15320 "-" "-"
52.169.110.77 - - [14/Apr/2025:23:55:59 -0400] "GET /upload/upload.php HTTP/1.1" 404 15289 "-" "-"
52.169.24.230 - - [14/Apr/2025:23:55:59 -0400] "GET /wp-includes/assets/autoload_classmap.php HTTP/1.1" 404 15326 "-" "-"
52.169.110.77 - - [14/Apr/2025:23:56:01 -0400] "GET /upload/wp-info.php HTTP/1.1" 301 0 "-" "-"
52.169.24.230 - - [14/Apr/2025:23:56:01 -0400] "GET /wp-includes/assets/file.php HTTP/1.1" 404 15320 "-" "-"
52.169.110.77 - - [14/Apr/2025:23:56:03 -0400] "GET /upload/wp-info.php HTTP/1.1" 404 15291 "-" "-"
52.169.24.230 - - [14/Apr/2025:23:56:04 -0400] "GET /wp-includes/assets/index.php HTTP/1.1" 301 0 "-" "-"
52.169.110.77 - - [14/Apr/2025:23:56:05 -0400] "GET /uploads/ HTTP/1.1" 301 0 "-" "-"
52.169.24.230 - - [14/Apr/2025:23:56:06 -0400] "GET /wp-includes/assets/ HTTP/1.1" 403 1242 "-" "-"
52.169.110.77 - - [14/Apr/2025:23:56:06 -0400] "GET /uploads/ HTTP/1.1" 404 15285 "-" "-"
52.169.24.230 - - [14/Apr/2025:23:56:07 -0400] "GET /wp-includes/assets/index.php?p= HTTP/1.1" 301 0 "-" "-"
52.169.24.230 - - [14/Apr/2025:23:56:09 -0400] "GET /wp-includes/assets/ HTTP/1.1" 403 1242 "-" "-"
52.169.110.77 - - [14/Apr/2025:23:56:09 -0400] "GET /uploads/.1/ HTTP/1.1" 301 0 "-" "-"
52.169.24.230 - - [14/Apr/2025:23:56:11 -0400] "GET /wp-includes/assets/x2.php HTTP/1.1" 404 15319 "-" "-"
52.169.24.230 - - [14/Apr/2025:23:56:13 -0400] "GET /wp-includes/assets/xBrain.php HTTP/1.1" 404 15322 "-" "-"
52.169.110.77 - - [14/Apr/2025:23:56:14 -0400] "GET /uploads/index.php HTTP/1.1" 301 0 "-" "-"
52.169.110.77 - - [14/Apr/2025:23:56:15 -0400] "GET /uploads/ HTTP/1.1" 404 15285 "-" "-"
52.169.24.230 - - [14/Apr/2025:23:56:15 -0400] "GET /wp-includes/autoload_classmap.php HTTP/1.1" 404 15322 "-" "-"
52.169.110.77 - - [14/Apr/2025:23:56:17 -0400] "GET /uploads/test.php HTTP/1.1" 301 0 "-" "-"
52.169.24.230 - - [14/Apr/2025:23:56:17 -0400] "GET /wp-includes/bak.php HTTP/1.1" 404 15313 "-" "-"
52.169.110.77 - - [14/Apr/2025:23:56:18 -0400] "GET /uploads/test.php HTTP/1.1" 404 15291 "-" "-"
52.169.24.230 - - [14/Apr/2025:23:56:19 -0400] "GET /wp-includes/bk/index.php HTTP/1.1" 301 0 "-" "-"
52.169.110.77 - - [14/Apr/2025:23:56:20 -0400] "GET /uploads/up.php HTTP/1.1" 301 0 "-" "-"
52.169.24.230 - - [14/Apr/2025:23:56:20 -0400] "GET /wp-includes/bk/ HTTP/1.1" 404 15310 "-" "-"
52.169.110.77 - - [14/Apr/2025:23:56:21 -0400] "GET /uploads/up.php HTTP/1.1" 404 15291 "-" "-"
52.169.110.77 - - [14/Apr/2025:23:56:23 -0400] "GET /used HTTP/1.1" 301 0 "-" "-"
52.169.24.230 - - [14/Apr/2025:23:56:23 -0400] "GET /wp-includes/blTvYBaqncP.php HTTP/1.1" 404 15322 "-" "-"
52.169.24.230 - - [14/Apr/2025:23:56:25 -0400] "GET /wp-includes/block-bindings/ HTTP/1.1" 403 1242 "-" "-"
52.169.110.77 - - [14/Apr/2025:23:56:25 -0400] "GET /used HTTP/1.1" 404 15283 "-" "-"
52.169.24.230 - - [14/Apr/2025:23:56:26 -0400] "GET /wp-includes/block-bindings/admin.php HTTP/1.1" 404 15324 "-" "-"
52.169.110.77 - - [14/Apr/2025:23:56:27 -0400] "GET /user.php HTTP/1.1" 301 0 "-" "-"
52.169.24.230 - - [14/Apr/2025:23:56:28 -0400] "GET /wp-includes/block-patterns/ HTTP/1.1" 403 1242 "-" "-"
52.169.110.77 - - [14/Apr/2025:23:56:29 -0400] "GET /user.php HTTP/1.1" 404 15286 "-" "-"
52.169.24.230 - - [14/Apr/2025:23:56:29 -0400] "GET /wp-includes/block-patterns/about.php HTTP/1.1" 404 15324 "-" "-"
52.169.110.77 - - [14/Apr/2025:23:56:30 -0400] "GET /users.php HTTP/1.1" 301 0 "-" "-"
52.169.24.230 - - [14/Apr/2025:23:56:31 -0400] "GET /wp-includes/block-patterns/autoload_classmap.php HTTP/1.1" 404 15334 "-" "-"
52.169.110.77 - - [14/Apr/2025:23:56:32 -0400] "GET /users.php HTTP/1.1" 404 15286 "-" "-"
52.169.24.230 - - [14/Apr/2025:23:56:33 -0400] "GET /wp-includes/block-patterns/ben.php HTTP/1.1" 404 15324 "-" "-"
52.169.110.77 - - [14/Apr/2025:23:56:36 -0400] "GET /uvrDZ.php HTTP/1.1" 301 0 "-" "-"
52.169.24.230 - - [14/Apr/2025:23:56:36 -0400] "GET /wp-includes/block-patterns/index.php HTTP/1.1" 301 0 "-" "-"
52.169.24.230 - - [14/Apr/2025:23:56:38 -0400] "GET /wp-includes/block-patterns/ HTTP/1.1" 403 1242 "-" "-"
52.169.110.77 - - [14/Apr/2025:23:56:38 -0400] "GET /uvrDZ.php HTTP/1.1" 404 15288 "-" "-"
52.169.24.230 - - [14/Apr/2025:23:56:38 -0400] "GET /wp-includes/block-patterns/index.php?p= HTTP/1.1" 301 0 "-" "-"
52.169.24.230 - - [14/Apr/2025:23:56:40 -0400] "GET /wp-includes/block-patterns/ HTTP/1.1" 403 1242 "-" "-"
52.169.110.77 - - [14/Apr/2025:23:56:40 -0400] "GET /v.php HTTP/1.1" 301 0 "-" "-"
52.169.24.230 - - [14/Apr/2025:23:56:42 -0400] "GET /wp-includes/block-supports/ HTTP/1.1" 403 1242 "-" "-"
52.169.110.77 - - [14/Apr/2025:23:56:42 -0400] "GET /v.php HTTP/1.1" 404 15284 "-" "-"
52.169.24.230 - - [14/Apr/2025:23:56:43 -0400] "GET /wp-includes/block-supports//default-constant.php HTTP/1.1" 301 0 "-" "-"
52.169.110.77 - - [14/Apr/2025:23:56:44 -0400] "GET /vSiY7GNIxVH.php HTTP/1.1" 301 0 "-" "-"
52.169.24.230 - - [14/Apr/2025:23:56:45 -0400] "GET /wp-includes/block-supports/default-constant.php HTTP/1.1" 404 15336 "-" "-"
52.169.110.77 - - [14/Apr/2025:23:56:47 -0400] "GET /vSiY7GNIxVH.php HTTP/1.1" 404 15295 "-" "-"
52.169.24.230 - - [14/Apr/2025:23:56:48 -0400] "GET /wp-includes/block-supports//dimensions-ajax.php HTTP/1.1" 301 0 "-" "-"
198.54.114.83 - - [14/Apr/2025:23:56:51 -0400] "POST /wp-cron.php?doing_wp_cron=1744689410.2203140258789062500000 HTTP/1.1" 200 0 "-" "WordPress/6.7.2; https://creative-webstyle.com"
52.169.24.230 - - [14/Apr/2025:23:56:50 -0400] "GET /wp-includes/block-supports/dimensions-ajax.php HTTP/1.1" 404 15331 "-" "-"
52.169.110.77 - - [14/Apr/2025:23:56:49 -0400] "GET /var/www/html/uploads/ HTTP/1.1" 301 0 "-" "-"
52.169.24.230 - - [14/Apr/2025:23:56:52 -0400] "GET /wp-includes/block-supports/about.php HTTP/1.1" 404 15325 "-" "-"
52.169.110.77 - - [14/Apr/2025:23:56:52 -0400] "GET /var/www/html/uploads/ HTTP/1.1" 404 15295 "-" "-"
52.169.110.77 - - [14/Apr/2025:23:56:55 -0400] "GET /vendor/ HTTP/1.1" 301 0 "-" "-"
52.169.24.230 - - [14/Apr/2025:23:56:54 -0400] "GET /wp-includes/block-supports/admiin.php HTTP/1.1" 404 15326 "-" "-"
52.169.24.230 - - [14/Apr/2025:23:56:57 -0400] "GET /wp-includes/block-supports/autoload_classmap.php HTTP/1.1" 404 15334 "-" "-"
198.54.114.83 - - [14/Apr/2025:23:56:58 -0400] "POST /wp-cron.php?doing_wp_cron=1744689417.6902830600738525390625 HTTP/1.1" 200 0 "-" "WordPress/6.7.2; https://creative-webstyle.com"
52.169.110.77 - - [14/Apr/2025:23:56:57 -0400] "GET /vendor/ HTTP/1.1" 404 15284 "-" "-"
52.169.24.230 - - [14/Apr/2025:23:56:59 -0400] "GET /wp-includes/block-supports/index.php HTTP/1.1" 301 0 "-" "-"
52.169.110.77 - - [14/Apr/2025:23:57:01 -0400] "GET /w.php HTTP/1.1" 301 0 "-" "-"
52.169.24.230 - - [14/Apr/2025:23:57:02 -0400] "GET /wp-includes/block-supports/ HTTP/1.1" 403 1242 "-" "-"
52.169.24.230 - - [14/Apr/2025:23:57:03 -0400] "GET /wp-includes/blocks/ HTTP/1.1" 200 22 "-" "-"
52.169.110.77 - - [14/Apr/2025:23:57:02 -0400] "GET /w.php HTTP/1.1" 404 15283 "-" "-"
52.169.24.230 - - [14/Apr/2025:23:57:03 -0400] "GET /wp-includes/blocks/about.php HTTP/1.1" 404 15319 "-" "-"
52.169.110.77 - - [14/Apr/2025:23:57:05 -0400] "GET /wb.php HTTP/1.1" 301 0 "-" "-"
52.169.24.230 - - [14/Apr/2025:23:57:05 -0400] "GET /wp-includes/blocks/autoload_classmap.php HTTP/1.1" 404 15328 "-" "-"
52.169.24.230 - - [14/Apr/2025:23:57:07 -0400] "GET /wp-includes/blocks/block/ HTTP/1.1" 403 1242 "-" "-"
52.169.110.77 - - [14/Apr/2025:23:57:06 -0400] "GET /wb.php HTTP/1.1" 404 15283 "-" "-"
52.169.24.230 - - [14/Apr/2025:23:57:08 -0400] "GET /wp-includes/blocks/calendar/ HTTP/1.1" 403 1242 "-" "-"
52.169.24.230 - - [14/Apr/2025:23:57:08 -0400] "GET /wp-includes/blocks/comment-template/ HTTP/1.1" 403 1242 "-" "-"
52.169.24.230 - - [14/Apr/2025:23:57:08 -0400] "GET /wp-includes/blocks/freeform/ HTTP/1.1" 403 1242 "-" "-"
52.169.110.77 - - [14/Apr/2025:23:57:08 -0400] "GET /wcqLft7.php HTTP/1.1" 301 0 "-" "-"
52.169.24.230 - - [14/Apr/2025:23:57:09 -0400] "GET /wp-includes/blocks/heading/ HTTP/1.1" 403 1242 "-" "-"
52.169.24.230 - - [14/Apr/2025:23:57:09 -0400] "GET /wp-includes/blocks/latest-comments/ HTTP/1.1" 403 1242 "-" "-"
52.169.24.230 - - [14/Apr/2025:23:57:09 -0400] "GET /wp-includes/blocks/list/ HTTP/1.1" 403 1242 "-" "-"
52.169.24.230 - - [14/Apr/2025:23:57:09 -0400] "GET /wp-includes/blocks/list/index.php?p= HTTP/1.1" 301 0 "-" "-"
52.169.110.77 - - [14/Apr/2025:23:57:09 -0400] "GET /wcqLft7.php HTTP/1.1" 404 15288 "-" "-"
52.169.24.230 - - [14/Apr/2025:23:57:11 -0400] "GET /wp-includes/blocks/list/ HTTP/1.1" 403 1242 "-" "-"
52.169.24.230 - - [14/Apr/2025:23:57:11 -0400] "GET /wp-includes/blocks/loginout/ HTTP/1.1" 403 1242 "-" "-"
52.169.24.230 - - [14/Apr/2025:23:57:12 -0400] "GET /wp-includes/blocks/more/ HTTP/1.1" 403 1242 "-" "-"
52.169.110.77 - - [14/Apr/2025:23:57:12 -0400] "GET /we.php HTTP/1.1" 301 0 "-" "-"
52.169.24.230 - - [14/Apr/2025:23:57:12 -0400] "GET /wp-includes/blocks/post-author/ HTTP/1.1" 403 1242 "-" "-"
52.169.110.77 - - [14/Apr/2025:23:57:13 -0400] "GET /we.php HTTP/1.1" 404 15284 "-" "-"
52.169.24.230 - - [14/Apr/2025:23:57:13 -0400] "GET /wp-includes/blocks/post-author/wp-post.php HTTP/1.1" 404 15326 "-" "-"
52.169.24.230 - - [14/Apr/2025:23:57:15 -0400] "GET /wp-includes/blocks/shortcode/ HTTP/1.1" 403 1242 "-" "-"
52.169.24.230 - - [14/Apr/2025:23:57:16 -0400] "GET /wp-includes/blocks/site-logo/ HTTP/1.1" 403 1242 "-" "-"
52.169.110.77 - - [14/Apr/2025:23:57:15 -0400] "GET /web.php HTTP/1.1" 301 0 "-" "-"
52.169.24.230 - - [14/Apr/2025:23:57:16 -0400] "GET /wp-includes/blocks/social-links/ HTTP/1.1" 403 1242 "-" "-"
52.169.24.230 - - [14/Apr/2025:23:57:16 -0400] "GET /wp-includes/blocks/term-description/ HTTP/1.1" 403 1242 "-" "-"
52.169.110.77 - - [14/Apr/2025:23:57:16 -0400] "GET /web.php HTTP/1.1" 404 15284 "-" "-"
52.169.24.230 - - [14/Apr/2025:23:57:16 -0400] "GET /wp-includes/blocks/wp-conflg.php HTTP/1.1" 404 15321 "-" "-"
52.169.110.77 - - [14/Apr/2025:23:57:18 -0400] "GET /webadmin.php HTTP/1.1" 301 0 "-" "-"
52.169.24.230 - - [14/Apr/2025:23:57:18 -0400] "GET /wp-includes/blocks/wp-conflg.php?p= HTTP/1.1" 301 0 "-" "-"
52.169.110.77 - - [14/Apr/2025:23:57:19 -0400] "GET /webadmin.php HTTP/1.1" 404 15287 "-" "-"
52.169.24.230 - - [14/Apr/2025:23:57:21 -0400] "GET /wp-includes/blocks/wp-conflg.php HTTP/1.1" 404 15321 "-" "-"
52.169.110.77 - - [14/Apr/2025:23:57:21 -0400] "GET /wi.php HTTP/1.1" 301 0 "-" "-"
52.169.110.77 - - [14/Apr/2025:23:57:22 -0400] "GET /wi.php HTTP/1.1" 404 15283 "-" "-"
52.169.24.230 - - [14/Apr/2025:23:57:21 -0400] "GET /wp-includes/bnYGWrcap1X.php HTTP/1.1" 404 15322 "-" "-"
52.169.110.77 - - [14/Apr/2025:23:57:23 -0400] "GET /wikindex.php HTTP/1.1" 301 0 "-" "-"
52.169.24.230 - - [14/Apr/2025:23:57:23 -0400] "GET /wp-includes/buy.php HTTP/1.1" 404 15313 "-" "-"
52.169.24.230 - - [14/Apr/2025:23:57:25 -0400] "GET /wp-includes/certificates/ HTTP/1.1" 403 1242 "-" "-"
52.169.110.77 - - [14/Apr/2025:23:57:24 -0400] "GET /wikindex.php HTTP/1.1" 404 15288 "-" "-"
52.169.24.230 - - [14/Apr/2025:23:57:25 -0400] "GET /wp-includes/certificates/about.php HTTP/1.1" 404 15325 "-" "-"
52.169.110.77 - - [14/Apr/2025:23:57:27 -0400] "GET /winamp/index.php HTTP/1.1" 301 0 "-" "-"
52.169.24.230 - - [14/Apr/2025:23:57:28 -0400] "GET /wp-includes/certificates/admin.php HTTP/1.1" 404 15323 "-" "-"
52.169.110.77 - - [14/Apr/2025:23:57:29 -0400] "GET /winamp/ HTTP/1.1" 404 15282 "-" "-"
52.169.24.230 - - [14/Apr/2025:23:57:30 -0400] "GET /wp-includes/certificates/autoload_classmap.php HTTP/1.1" 404 15332 "-" "-"
52.169.110.77 - - [14/Apr/2025:23:57:32 -0400] "GET /wkG.php HTTP/1.1" 301 0 "-" "-"
52.169.24.230 - - [14/Apr/2025:23:57:32 -0400] "GET /wp-includes/certificates/chosen.php HTTP/1.1" 404 15324 "-" "-"
52.169.110.77 - - [14/Apr/2025:23:57:34 -0400] "GET /wkG.php HTTP/1.1" 404 15284 "-" "-"
52.169.24.230 - - [14/Apr/2025:23:57:35 -0400] "GET /wp-includes/certificates/index.php HTTP/1.1" 301 0 "-" "-"
52.169.24.230 - - [14/Apr/2025:23:57:37 -0400] "GET /wp-includes/certificates/ HTTP/1.1" 403 1242 "-" "-"
52.169.110.77 - - [14/Apr/2025:23:57:36 -0400] "GET /woh.php HTTP/1.1" 301 0 "-" "-"
34.127.92.254 - - [14/Apr/2025:23:57:38 -0400] "HEAD / HTTP/1.1" 200 0 "-" "python-requests/2.32.3"
52.169.24.230 - - [14/Apr/2025:23:57:37 -0400] "GET /wp-includes/certificates/index.php?p= HTTP/1.1" 301 0 "-" "-"
52.169.110.77 - - [14/Apr/2025:23:57:37 -0400] "GET /woh.php HTTP/1.1" 404 15283 "-" "-"
52.169.24.230 - - [14/Apr/2025:23:57:38 -0400] "GET /wp-includes/certificates/ HTTP/1.1" 403 1242 "-" "-"
52.169.110.77 - - [14/Apr/2025:23:57:39 -0400] "GET /wordpress/wp-includes/IXR/allez.php HTTP/1.1" 301 0 "-" "-"
52.169.24.230 - - [14/Apr/2025:23:57:39 -0400] "GET /wp-includes/certificates/plugins.php HTTP/1.1" 404 15327 "-" "-"
52.169.110.77 - - [14/Apr/2025:23:57:40 -0400] "GET /wordpress/wp-includes/IXR/allez.php HTTP/1.1" 404 15303 "-" "-"
52.169.110.77 - - [14/Apr/2025:23:57:42 -0400] "GET /wordpress/wp-includes/wp-config-sample.php HTTP/1.1" 301 0 "-" "-"
52.169.24.230 - - [14/Apr/2025:23:57:41 -0400] "GET /wp-includes/certificates/wp-login.php HTTP/1.1" 404 15327 "-" "-"
52.169.24.230 - - [14/Apr/2025:23:57:43 -0400] "GET /wp-includes/css.php HTTP/1.1" 404 15313 "-" "-"
52.169.110.77 - - [14/Apr/2025:23:57:43 -0400] "GET /wordpress/wp-includes/wp-config-sample.php HTTP/1.1" 404 15303 "-" "-"
52.169.24.230 - - [14/Apr/2025:23:57:46 -0400] "GET /wp-includes/css/ HTTP/1.1" 403 1242 "-" "-"
52.169.110.77 - - [14/Apr/2025:23:57:46 -0400] "GET /worm0.PhP7 HTTP/1.1" 301 0 "-" "-"
52.169.24.230 - - [14/Apr/2025:23:57:47 -0400] "GET /wp-includes/css//index.php HTTP/1.1" 301 0 "-" "-"
52.169.24.230 - - [14/Apr/2025:23:57:48 -0400] "GET /wp-includes/css/ HTTP/1.1" 403 1242 "-" "-"
52.169.110.77 - - [14/Apr/2025:23:57:48 -0400] "GET /worm0.PhP7 HTTP/1.1" 404 15288 "-" "-"
52.169.24.230 - - [14/Apr/2025:23:57:48 -0400] "GET /wp-includes/css/about.php HTTP/1.1" 404 15316 "-" "-"
52.169.110.77 - - [14/Apr/2025:23:57:51 -0400] "GET /wp-2019.php HTTP/1.1" 301 0 "-" "-"
52.169.24.230 - - [14/Apr/2025:23:57:51 -0400] "GET /wp-includes/css/about.php?p= HTTP/1.1" 301 0 "-" "-"
52.169.110.77 - - [14/Apr/2025:23:57:53 -0400] "GET /wp-2019.php HTTP/1.1" 404 15286 "-" "-"
52.169.24.230 - - [14/Apr/2025:23:57:54 -0400] "GET /wp-includes/css/about.php HTTP/1.1" 404 15316 "-" "-"
52.169.110.77 - - [14/Apr/2025:23:57:54 -0400] "GET /wp-Owl.php HTTP/1.1" 301 0 "-" "-"
52.169.24.230 - - [14/Apr/2025:23:57:54 -0400] "GET /wp-includes/css/admiin.php HTTP/1.1" 404 15317 "-" "-"
52.169.110.77 - - [14/Apr/2025:23:57:55 -0400] "GET /wp-Owl.php HTTP/1.1" 404 15285 "-" "-"
198.54.114.83 - - [14/Apr/2025:23:57:58 -0400] "POST /wp-cron.php?doing_wp_cron=1744689478.1702210903167724609375 HTTP/1.1" 200 0 "-" "WordPress/6.7.2; https://creative-webstyle.com"
52.169.24.230 - - [14/Apr/2025:23:57:57 -0400] "GET /wp-includes/css/alfa-rex.php HTTP/1.1" 404 15320 "-" "-"
52.169.110.77 - - [14/Apr/2025:23:57:59 -0400] "GET /wp-add-admin.php HTTP/1.1" 301 0 "-" "-"
52.169.24.230 - - [14/Apr/2025:23:58:00 -0400] "GET /wp-includes/css/dist/ HTTP/1.1" 403 1242 "-" "-"
52.169.110.77 - - [14/Apr/2025:23:58:00 -0400] "GET /wp-add-admin.php HTTP/1.1" 404 15286 "-" "-"
52.169.24.230 - - [14/Apr/2025:23:58:00 -0400] "GET /wp-includes/css/dist/block-library/ HTTP/1.1" 403 1242 "-" "-"
52.169.110.77 - - [14/Apr/2025:23:58:01 -0400] "GET /wp-admin.php HTTP/1.1" 301 0 "-" "-"
52.169.24.230 - - [14/Apr/2025:23:58:01 -0400] "GET /wp-includes/css/dist/components/admin.php HTTP/1.1" 404 15330 "-" "-"
52.169.110.77 - - [14/Apr/2025:23:58:02 -0400] "GET /wp-admin.php HTTP/1.1" 404 15283 "-" "-"
52.169.24.230 - - [14/Apr/2025:23:58:04 -0400] "GET /wp-includes/css/dist/edit-site/ HTTP/1.1" 403 1242 "-" "-"
52.169.24.230 - - [14/Apr/2025:23:58:04 -0400] "GET /wp-includes/css/dist/edit-widgets/ HTTP/1.1" 403 1242 "-" "-"
52.169.24.230 - - [14/Apr/2025:23:58:04 -0400] "GET /wp-includes/css/dist/list-reusable-blocks/ HTTP/1.1" 403 1242 "-" "-"
52.169.110.77 - - [14/Apr/2025:23:58:04 -0400] "GET /wp-admin.phphttps://diegun.com/autoload_classmap.php HTTP/1.1" 301 0 "-" "-"
52.169.24.230 - - [14/Apr/2025:23:58:05 -0400] "GET /wp-includes/css/dist/preferences/index.php HTTP/1.1" 301 0 "-" "-"
52.169.24.230 - - [14/Apr/2025:23:58:07 -0400] "GET /wp-includes/css/dist/preferences/ HTTP/1.1" 403 1242 "-" "-"
52.169.110.77 - - [14/Apr/2025:23:58:06 -0400] "GET /wp-admin.phphttps:/diegun.com/autoload_classmap.php HTTP/1.1" 404 15307 "-" "-"
52.169.24.230 - - [14/Apr/2025:23:58:08 -0400] "GET /wp-includes/css/dist/widgets/ HTTP/1.1" 403 1242 "-" "-"
52.169.110.77 - - [14/Apr/2025:23:58:08 -0400] "GET /wp-admin/ HTTP/1.1" 302 0 "-" "-"
52.169.24.230 - - [14/Apr/2025:23:58:09 -0400] "GET /wp-includes/css/index.php HTTP/1.1" 301 0 "-" "-"
52.169.24.230 - - [14/Apr/2025:23:58:10 -0400] "GET /wp-includes/css/ HTTP/1.1" 403 1242 "-" "-"
52.169.24.230 - - [14/Apr/2025:23:58:11 -0400] "GET /wp-includes/css/index.php?p= HTTP/1.1" 301 0 "-" "-"
52.169.24.230 - - [14/Apr/2025:23:58:13 -0400] "GET /wp-includes/css/ HTTP/1.1" 403 1242 "-" "-"
52.169.24.230 - - [14/Apr/2025:23:58:14 -0400] "GET /wp-includes/css/wp-conflg.php HTTP/1.1" 404 15321 "-" "-"
52.169.110.77 - - [14/Apr/2025:23:58:16 -0400] "GET /wp-admin//fmadmin.php HTTP/1.1" 301 0 "-" "-"
52.169.24.230 - - [14/Apr/2025:23:58:16 -0400] "GET /wp-includes/css/wp-conflg.php?p= HTTP/1.1" 301 0 "-" "-"
52.169.24.230 - - [14/Apr/2025:23:58:18 -0400] "GET /wp-includes/css/wp-conflg.php HTTP/1.1" 404 15321 "-" "-"
52.169.24.230 - - [14/Apr/2025:23:58:18 -0400] "GET /wp-includes/css/wp-login.php HTTP/1.1" 404 15319 "-" "-"
52.169.110.77 - - [14/Apr/2025:23:58:18 -0400] "GET /wp-admin/fmadmin.php HTTP/1.1" 404 15287 "-" "-"
52.169.24.230 - - [14/Apr/2025:23:58:21 -0400] "GET /wp-includes/css/xBrain.php HTTP/1.1" 404 15321 "-" "-"
52.169.110.77 - - [14/Apr/2025:23:58:22 -0400] "GET /wp-admin/31eqRsJgQ6n.php HTTP/1.1" 301 0 "-" "-"
52.169.24.230 - - [14/Apr/2025:23:58:23 -0400] "GET /wp-includes/customize/ HTTP/1.1" 403 1242 "-" "-"
52.169.110.77 - - [14/Apr/2025:23:58:24 -0400] "GET /wp-admin/31eqRsJgQ6n.php HTTP/1.1" 404 15294 "-" "-"
52.169.24.230 - - [14/Apr/2025:23:58:25 -0400] "GET /wp-includes/customize/about.php HTTP/1.1" 404 15320 "-" "-"
52.169.110.77 - - [14/Apr/2025:23:58:26 -0400] "GET /wp-admin/404.php HTTP/1.1" 301 0 "-" "-"
52.169.24.230 - - [14/Apr/2025:23:58:27 -0400] "GET /wp-includes/customize/autoload_classmap.php HTTP/1.1" 404 15329 "-" "-"
52.169.110.77 - - [14/Apr/2025:23:58:28 -0400] "GET /wp-admin/404.php HTTP/1.1" 404 15285 "-" "-"
52.169.24.230 - - [14/Apr/2025:23:58:31 -0400] "GET /wp-includes/customize/chosen.php HTTP/1.1" 404 15322 "-" "-"
52.169.110.77 - - [14/Apr/2025:23:58:32 -0400] "GET /wp-admin/5gTfXRhIqkW.php HTTP/1.1" 301 0 "-" "-"
52.169.24.230 - - [14/Apr/2025:23:58:33 -0400] "GET /wp-includes/customize/index.php HTTP/1.1" 301 0 "-" "-"
52.169.24.230 - - [14/Apr/2025:23:58:36 -0400] "GET /wp-includes/customize/ HTTP/1.1" 403 1242 "-" "-"
52.169.110.77 - - [14/Apr/2025:23:58:35 -0400] "GET /wp-admin/5gTfXRhIqkW.php HTTP/1.1" 404 15295 "-" "-"
52.169.24.230 - - [14/Apr/2025:23:58:37 -0400] "GET /wp-includes/customize/mariju.php HTTP/1.1" 404 15324 "-" "-"
52.169.110.77 - - [14/Apr/2025:23:58:38 -0400] "GET /wp-admin/7EPezNYMy84.php HTTP/1.1" 301 0 "-" "-"
52.169.24.230 - - [14/Apr/2025:23:58:39 -0400] "GET /wp-includes/customize/wp-conflg.php HTTP/1.1" 404 15324 "-" "-"
52.169.110.77 - - [14/Apr/2025:23:58:40 -0400] "GET /wp-admin/7EPezNYMy84.php HTTP/1.1" 404 15294 "-" "-"
52.169.24.230 - - [14/Apr/2025:23:58:42 -0400] "GET /wp-includes/customize/wp-conflg.php?p= HTTP/1.1" 301 0 "-" "-"
52.169.110.77 - - [14/Apr/2025:23:58:43 -0400] "GET /wp-admin/8h4AoSFJCLO.php HTTP/1.1" 301 0 "-" "-"
52.169.24.230 - - [14/Apr/2025:23:58:43 -0400] "GET /wp-includes/customize/wp-conflg.php HTTP/1.1" 404 15324 "-" "-"
52.169.110.77 - - [14/Apr/2025:23:58:44 -0400] "GET /wp-admin/8h4AoSFJCLO.php HTTP/1.1" 404 15294 "-" "-"
52.169.24.230 - - [14/Apr/2025:23:58:44 -0400] "GET /wp-includes/customize/wp-login.php HTTP/1.1" 404 15322 "-" "-"
52.169.110.77 - - [14/Apr/2025:23:58:47 -0400] "GET /wp-admin/9pX1s4oMLtC.php HTTP/1.1" 301 0 "-" "-"
52.169.24.230 - - [14/Apr/2025:23:58:47 -0400] "GET /wp-includes/customize/zmFM.php HTTP/1.1" 404 15322 "-" "-"
52.169.110.77 - - [14/Apr/2025:23:58:47 -0400] "GET /wp-admin/9pX1s4oMLtC.php HTTP/1.1" 404 15293 "-" "-"
52.169.24.230 - - [14/Apr/2025:23:58:49 -0400] "GET /wp-includes/fonts/ HTTP/1.1" 403 1242 "-" "-"
52.169.110.77 - - [14/Apr/2025:23:58:50 -0400] "GET /wp-admin/AhqPecJ6oky.php HTTP/1.1" 301 0 "-" "-"
198.54.114.83 - - [14/Apr/2025:23:58:51 -0400] "POST /wp-cron.php?doing_wp_cron=1744689531.1456470489501953125000 HTTP/1.1" 200 0 "-" "WordPress/6.7.2; https://creative-webstyle.com"
52.169.24.230 - - [14/Apr/2025:23:58:50 -0400] "GET /wp-includes/fonts//links.php HTTP/1.1" 301 0 "-" "-"
52.169.110.77 - - [14/Apr/2025:23:58:52 -0400] "GET /wp-admin/AhqPecJ6oky.php HTTP/1.1" 404 15294 "-" "-"
52.169.24.230 - - [14/Apr/2025:23:58:52 -0400] "GET /wp-includes/fonts/links.php HTTP/1.1" 404 15322 "-" "-"
52.169.110.77 - - [14/Apr/2025:23:58:53 -0400] "GET /wp-admin/FriUsGzT5d7.php HTTP/1.1" 301 0 "-" "-"
52.169.110.77 - - [14/Apr/2025:23:58:54 -0400] "GET /wp-admin/FriUsGzT5d7.php HTTP/1.1" 404 15293 "-" "-"
52.169.24.230 - - [14/Apr/2025:23:58:54 -0400] "GET /wp-includes/fonts/admin.php HTTP/1.1" 404 15317 "-" "-"
198.54.114.83 - - [14/Apr/2025:23:58:59 -0400] "POST /wp-cron.php?doing_wp_cron=1744689538.9283349514007568359375 HTTP/1.1" 200 0 "-" "WordPress/6.7.2; https://creative-webstyle.com"
52.169.110.77 - - [14/Apr/2025:23:58:58 -0400] "GET /wp-admin/GkXRTpxowKQ.php HTTP/1.1" 301 0 "-" "-"
52.169.24.230 - - [14/Apr/2025:23:58:59 -0400] "GET /wp-includes/fonts/index.php HTTP/1.1" 301 0 "-" "-"
52.169.24.230 - - [14/Apr/2025:23:59:01 -0400] "GET /wp-includes/fonts/ HTTP/1.1" 403 1242 "-" "-"
