52.169.110.77 - - [14/Apr/2025:23:58:59 -0400] "GET /wp-admin/GkXRTpxowKQ.php HTTP/1.1" 404 15296 "-" "-"
52.169.24.230 - - [14/Apr/2025:23:59:02 -0400] "GET /wp-includes/fonts/index.php?p= HTTP/1.1" 301 0 "-" "-"
52.169.110.77 - - [14/Apr/2025:23:59:03 -0400] "GET /wp-admin/ILNqJhgUpAG.php HTTP/1.1" 301 0 "-" "-"
52.169.24.230 - - [14/Apr/2025:23:59:03 -0400] "GET /wp-includes/fonts/ HTTP/1.1" 403 1242 "-" "-"
52.169.24.230 - - [14/Apr/2025:23:59:04 -0400] "GET /wp-includes/fonts/wp-conflg.php?p= HTTP/1.1" 301 0 "-" "-"
52.169.110.77 - - [14/Apr/2025:23:59:04 -0400] "GET /wp-admin/ILNqJhgUpAG.php HTTP/1.1" 404 15295 "-" "-"
52.169.24.230 - - [14/Apr/2025:23:59:06 -0400] "GET /wp-includes/fonts/wp-conflg.php HTTP/1.1" 404 15323 "-" "-"
52.169.110.77 - - [14/Apr/2025:23:59:07 -0400] "GET /wp-admin/LaAkNhWMyOQ.php HTTP/1.1" 301 0 "-" "-"
52.169.24.230 - - [14/Apr/2025:23:59:08 -0400] "GET /wp-includes/fonts/wp-login.php HTTP/1.1" 404 15321 "-" "-"
52.169.110.77 - - [14/Apr/2025:23:59:09 -0400] "GET /wp-admin/LaAkNhWMyOQ.php HTTP/1.1" 404 15296 "-" "-"
52.169.110.77 - - [14/Apr/2025:23:59:12 -0400] "GET /wp-admin/MDO8adG9euX.php HTTP/1.1" 301 0 "-" "-"
52.169.24.230 - - [14/Apr/2025:23:59:10 -0400] "GET /wp-includes/function.php HTTP/1.1" 404 15316 "-" "-"
52.169.24.230 - - [14/Apr/2025:23:59:14 -0400] "GET /wp-includes/html-api/ HTTP/1.1" 403 1242 "-" "-"
52.169.110.77 - - [14/Apr/2025:23:59:14 -0400] "GET /wp-admin/MDO8adG9euX.php HTTP/1.1" 404 15294 "-" "-"
52.169.24.230 - - [14/Apr/2025:23:59:16 -0400] "GET /wp-includes/html-api/chosen.php HTTP/1.1" 404 15323 "-" "-"
52.169.110.77 - - [14/Apr/2025:23:59:17 -0400] "GET /wp-admin/NFBqIyOZcQL.php HTTP/1.1" 301 0 "-" "-"
52.169.24.230 - - [14/Apr/2025:23:59:18 -0400] "GET /wp-includes/html-api/index.php HTTP/1.1" 301 0 "-" "-"
52.169.110.77 - - [14/Apr/2025:23:59:18 -0400] "GET /wp-admin/NFBqIyOZcQL.php HTTP/1.1" 404 15296 "-" "-"
52.169.24.230 - - [14/Apr/2025:23:59:20 -0400] "GET /wp-includes/html-api/ HTTP/1.1" 403 1242 "-" "-"
52.169.110.77 - - [14/Apr/2025:23:59:22 -0400] "GET /wp-admin/O5pANR6rDXx.php HTTP/1.1" 301 0 "-" "-"
52.169.24.230 - - [14/Apr/2025:23:59:22 -0400] "GET /wp-includes/html-api/wp-conflg.php HTTP/1.1" 404 15324 "-" "-"
52.169.110.77 - - [14/Apr/2025:23:59:24 -0400] "GET /wp-admin/O5pANR6rDXx.php HTTP/1.1" 404 15294 "-" "-"
52.169.24.230 - - [14/Apr/2025:23:59:24 -0400] "GET /wp-includes/html-api/wp-conflg.php?p= HTTP/1.1" 301 0 "-" "-"
52.169.24.230 - - [14/Apr/2025:23:59:28 -0400] "GET /wp-includes/html-api/wp-conflg.php HTTP/1.1" 404 15324 "-" "-"
52.169.110.77 - - [14/Apr/2025:23:59:29 -0400] "GET /wp-admin/RqdXEex3Jfb.php HTTP/1.1" 301 0 "-" "-"
52.169.24.230 - - [14/Apr/2025:23:59:29 -0400] "GET /wp-includes/html-api/wp-login.php HTTP/1.1" 404 15322 "-" "-"
52.169.110.77 - - [14/Apr/2025:23:59:31 -0400] "GET /wp-admin/RqdXEex3Jfb.php HTTP/1.1" 404 15295 "-" "-"
52.169.110.77 - - [14/Apr/2025:23:59:33 -0400] "GET /wp-admin/UmpVR1Ersn8.php HTTP/1.1" 301 0 "-" "-"
52.169.24.230 - - [14/Apr/2025:23:59:33 -0400] "GET /wp-includes/iUN3FwyCaZR.php HTTP/1.1" 404 15322 "-" "-"
52.169.110.77 - - [14/Apr/2025:23:59:36 -0400] "GET /wp-admin/UmpVR1Ersn8.php HTTP/1.1" 404 15294 "-" "-"
52.169.24.230 - - [14/Apr/2025:23:59:36 -0400] "GET /wp-includes/iWoGYaunXNz.php HTTP/1.1" 404 15323 "-" "-"
52.169.24.230 - - [14/Apr/2025:23:59:39 -0400] "GET /wp-includes/images/ HTTP/1.1" 403 1242 "-" "-"
52.169.110.77 - - [14/Apr/2025:23:59:38 -0400] "GET /wp-admin/WvASxq1D2c8.php HTTP/1.1" 301 0 "-" "-"
52.169.24.230 - - [14/Apr/2025:23:59:40 -0400] "GET /wp-includes/images//about.php HTTP/1.1" 301 0 "-" "-"
52.169.110.77 - - [14/Apr/2025:23:59:40 -0400] "GET /wp-admin/WvASxq1D2c8.php HTTP/1.1" 404 15295 "-" "-"
52.169.24.230 - - [14/Apr/2025:23:59:40 -0400] "GET /wp-includes/images/about.php HTTP/1.1" 404 15318 "-" "-"
52.169.110.77 - - [14/Apr/2025:23:59:42 -0400] "GET /wp-admin/about.php HTTP/1.1" 302 0 "-" "-"
52.169.24.230 - - [14/Apr/2025:23:59:44 -0400] "GET /wp-includes/images/about.php HTTP/1.1" 404 15318 "-" "-"
52.169.24.230 - - [14/Apr/2025:23:59:46 -0400] "GET /wp-includes/images/autoload_classmap.php HTTP/1.1" 404 15326 "-" "-"
52.169.24.230 - - [14/Apr/2025:23:59:48 -0400] "GET /wp-includes/images/chosen.php HTTP/1.1" 404 15320 "-" "-"
52.169.24.230 - - [14/Apr/2025:23:59:50 -0400] "GET /wp-includes/images/crystal/ HTTP/1.1" 403 1242 "-" "-"
198.54.114.83 - - [14/Apr/2025:23:59:51 -0400] "POST /wp-cron.php?doing_wp_cron=1744689590.0097761154174804687500 HTTP/1.1" 200 0 "-" "WordPress/6.7.2; https://creative-webstyle.com"
52.169.110.77 - - [14/Apr/2025:23:59:49 -0400] "GET /wp-admin/admiin.php HTTP/1.1" 301 0 "-" "-"
52.169.24.230 - - [14/Apr/2025:23:59:51 -0400] "GET /wp-includes/images/crystal//index.php HTTP/1.1" 301 0 "-" "-"
52.169.24.230 - - [14/Apr/2025:23:59:52 -0400] "GET /wp-includes/images/crystal/ HTTP/1.1" 403 1242 "-" "-"
52.169.110.77 - - [14/Apr/2025:23:59:51 -0400] "GET /wp-admin/admiin.php HTTP/1.1" 404 15286 "-" "-"
52.169.24.230 - - [14/Apr/2025:23:59:52 -0400] "GET /wp-includes/images/index.php HTTP/1.1" 301 0 "-" "-"
52.169.110.77 - - [14/Apr/2025:23:59:53 -0400] "GET /wp-admin/admin.php HTTP/1.1" 302 0 "-" "-"
52.169.24.230 - - [14/Apr/2025:23:59:54 -0400] "GET /wp-includes/images/ HTTP/1.1" 403 1242 "-" "-"
52.169.24.230 - - [14/Apr/2025:23:59:56 -0400] "GET /wp-includes/images/media/ HTTP/1.1" 403 1242 "-" "-"
198.54.114.83 - - [14/Apr/2025:23:59:58 -0400] "POST /wp-cron.php?doing_wp_cron=1744689597.7181229591369628906250 HTTP/1.1" 200 0 "-" "WordPress/6.7.2; https://creative-webstyle.com"
52.169.24.230 - - [14/Apr/2025:23:59:57 -0400] "GET /wp-includes/images/media/about.php HTTP/1.1" 404 15323 "-" "-"
52.169.110.77 - - [14/Apr/2025:23:59:59 -0400] "GET /wp-admin/alfa.php HTTP/1.1" 301 0 "-" "-"
52.169.24.230 - - [15/Apr/2025:00:00:01 -0400] "GET /wp-includes/images/media/ben.php HTTP/1.1" 404 15324 "-" "-"
52.169.110.77 - - [15/Apr/2025:00:00:01 -0400] "GET /wp-admin/alfa.php HTTP/1.1" 404 15285 "-" "-"
52.169.110.77 - - [15/Apr/2025:00:00:08 -0400] "GET /wp-admin/atomlib.php HTTP/1.1" 301 0 "-" "-"
52.169.24.230 - - [15/Apr/2025:00:00:08 -0400] "GET /wp-includes/images/media/index.php HTTP/1.1" 301 0 "-" "-"
52.169.24.230 - - [15/Apr/2025:00:00:13 -0400] "GET /wp-includes/images/media/ HTTP/1.1" 403 1242 "-" "-"
52.169.110.77 - - [15/Apr/2025:00:00:13 -0400] "GET /wp-admin/atomlib.php HTTP/1.1" 404 15288 "-" "-"
52.169.24.230 - - [15/Apr/2025:00:00:17 -0400] "GET /wp-includes/images/media/wp-login.php HTTP/1.1" 404 15325 "-" "-"
52.169.110.77 - - [15/Apr/2025:00:00:19 -0400] "GET /wp-admin/autoload_classmap.php HTTP/1.1" 301 0 "-" "-"
52.169.24.230 - - [15/Apr/2025:00:00:24 -0400] "GET /wp-includes/images/smilies/ HTTP/1.1" 403 1242 "-" "-"
52.169.110.77 - - [15/Apr/2025:00:00:25 -0400] "GET /wp-admin/autoload_classmap.php HTTP/1.1" 404 15293 "-" "-"
52.169.24.230 - - [15/Apr/2025:00:00:27 -0400] "GET /wp-includes/images/smilies/about.php HTTP/1.1" 404 15324 "-" "-"
52.169.110.77 - - [15/Apr/2025:00:00:30 -0400] "GET /wp-admin/ccx/ HTTP/1.1" 301 0 "-" "-"
52.169.24.230 - - [15/Apr/2025:00:00:36 -0400] "GET /wp-includes/images/smilies/index.php HTTP/1.1" 301 0 "-" "-"
52.169.110.77 - - [15/Apr/2025:00:00:36 -0400] "GET /wp-admin/ccx/ HTTP/1.1" 404 15284 "-" "-"
52.169.24.230 - - [15/Apr/2025:00:00:41 -0400] "GET /wp-includes/images/smilies/ HTTP/1.1" 403 1242 "-" "-"
52.169.110.77 - - [15/Apr/2025:00:00:42 -0400] "GET /wp-admin/chosen.php HTTP/1.1" 301 0 "-" "-"
52.169.24.230 - - [15/Apr/2025:00:00:44 -0400] "GET /wp-includes/images/smilies/wp-login.php HTTP/1.1" 404 15326 "-" "-"
52.169.110.77 - - [15/Apr/2025:00:00:47 -0400] "GET /wp-admin/chosen.php HTTP/1.1" 404 15287 "-" "-"
52.169.24.230 - - [15/Apr/2025:00:00:52 -0400] "GET /wp-includes/images/wlw/ HTTP/1.1" 404 15314 "-" "-"
198.54.114.83 - - [15/Apr/2025:00:00:55 -0400] "POST /wp-cron.php?doing_wp_cron=1744689652.5618948936462402343750 HTTP/1.1" 200 0 "-" "WordPress/6.7.2; https://creative-webstyle.com"
52.169.110.77 - - [15/Apr/2025:00:00:55 -0400] "GET /wp-admin/classwithtostring.php HTTP/1.1" 301 0 "-" "-"
52.169.24.230 - - [15/Apr/2025:00:00:57 -0400] "GET /wp-includes/images/wlw/wp-login.php HTTP/1.1" 404 15323 "-" "-"
52.169.110.77 - - [15/Apr/2025:00:00:59 -0400] "GET /wp-admin/classwithtostring.php HTTP/1.1" 404 15294 "-" "-"
52.169.24.230 - - [15/Apr/2025:00:01:02 -0400] "GET /wp-includes/images/wp-error_log.php HTTP/1.1" 404 15322 "-" "-"
52.169.110.77 - - [15/Apr/2025:00:01:04 -0400] "GET /wp-admin/cong.php HTTP/1.1" 301 0 "-" "-"
52.169.24.230 - - [15/Apr/2025:00:01:05 -0400] "GET /wp-includes/images/wp-login.php HTTP/1.1" 404 15319 "-" "-"
52.169.110.77 - - [15/Apr/2025:00:01:07 -0400] "GET /wp-admin/cong.php HTTP/1.1" 404 15286 "-" "-"
52.169.110.77 - - [15/Apr/2025:00:01:10 -0400] "GET /wp-admin/css/ HTTP/1.1" 403 1242 "-" "-"
52.169.24.230 - - [15/Apr/2025:00:01:09 -0400] "GET /wp-includes/index.php HTTP/1.1" 301 0 "-" "-"
52.169.24.230 - - [15/Apr/2025:00:01:11 -0400] "GET /wp-includes/ HTTP/1.1" 403 1242 "-" "-"
52.169.110.77 - - [15/Apr/2025:00:01:11 -0400] "GET /wp-admin/css//about.php HTTP/1.1" 301 0 "-" "-"
52.169.24.230 - - [15/Apr/2025:00:01:12 -0400] "GET /wp-includes/install.php HTTP/1.1" 404 15316 "-" "-"
52.169.110.77 - - [15/Apr/2025:00:01:14 -0400] "GET /wp-admin/css/about.php HTTP/1.1" 404 15289 "-" "-"
52.169.24.230 - - [15/Apr/2025:00:01:16 -0400] "GET /wp-includes/interactivity-api/ HTTP/1.1" 403 1242 "-" "-"
52.169.24.230 - - [15/Apr/2025:00:01:17 -0400] "GET /wp-includes/js/ HTTP/1.1" 403 1242 "-" "-"
52.169.110.77 - - [15/Apr/2025:00:01:17 -0400] "GET /wp-admin/css//forbidden.php HTTP/1.1" 301 0 "-" "-"
52.169.24.230 - - [15/Apr/2025:00:01:18 -0400] "GET /wp-includes/js//text.php HTTP/1.1" 301 0 "-" "-"
52.169.110.77 - - [15/Apr/2025:00:01:18 -0400] "GET /wp-admin/css/forbidden.php HTTP/1.1" 404 15293 "-" "-"
52.169.24.230 - - [15/Apr/2025:00:01:21 -0400] "GET /wp-includes/js/text.php HTTP/1.1" 404 15316 "-" "-"
52.169.110.77 - - [15/Apr/2025:00:01:22 -0400] "GET /wp-admin/css//item.php HTTP/1.1" 301 0 "-" "-"
52.169.24.230 - - [15/Apr/2025:00:01:23 -0400] "GET /wp-includes/js/about.php HTTP/1.1" 404 15317 "-" "-"
52.169.24.230 - - [15/Apr/2025:00:01:58 -0400] "GET /wp-includes/js/crop/ HTTP/1.1" 403 1242 "-" "-"
52.169.110.77 - - [15/Apr/2025:00:02:00 -0400] "GET /wp-admin/css/autoload_classmap.php HTTP/1.1" 404 15299 "-" "-"
52.169.24.230 - - [15/Apr/2025:00:02:01 -0400] "GET /wp-includes/js/crop/about.php HTTP/1.1" 404 15321 "-" "-"
52.169.110.77 - - [15/Apr/2025:00:02:06 -0400] "GET /wp-admin/css/colors/ HTTP/1.1" 403 1242 "-" "-"
52.169.24.230 - - [15/Apr/2025:00:02:06 -0400] "GET /wp-includes/js/crop/admin.php HTTP/1.1" 404 15320 "-" "-"
52.169.110.77 - - [15/Apr/2025:00:02:09 -0400] "GET /wp-admin/css/colors//Admin-Author.php HTTP/1.1" 301 0 "-" "-"
52.169.24.230 - - [15/Apr/2025:00:02:12 -0400] "GET /wp-includes/js/dist/ HTTP/1.1" 403 1242 "-" "-"
52.169.110.77 - - [15/Apr/2025:00:02:14 -0400] "GET /wp-admin/css/colors/Admin-Author.php HTTP/1.1" 404 15300 "-" "-"
52.169.24.230 - - [15/Apr/2025:00:02:16 -0400] "GET /wp-includes/js/dist/vendor/ HTTP/1.1" 403 1242 "-" "-"
52.169.24.230 - - [15/Apr/2025:00:02:20 -0400] "GET /wp-includes/js/imgareaselect/ HTTP/1.1" 403 1242 "-" "-"
52.169.110.77 - - [15/Apr/2025:00:02:21 -0400] "GET /wp-admin/css/colors//about.php HTTP/1.1" 301 0 "-" "-"
52.169.24.230 - - [15/Apr/2025:00:02:23 -0400] "GET /wp-includes/js/jcrop/ HTTP/1.1" 403 1242 "-" "-"
52.169.110.77 - - [15/Apr/2025:00:02:24 -0400] "GET /wp-admin/css/colors/about.php HTTP/1.1" 404 15294 "-" "-"
52.169.24.230 - - [15/Apr/2025:00:02:27 -0400] "GET /wp-includes/js/jcrop/Jcrop.php HTTP/1.1" 404 15322 "-" "-"
52.169.110.77 - - [15/Apr/2025:00:02:31 -0400] "GET /wp-admin/css/colors//moon.php HTTP/1.1" 301 0 "-" "-"
52.169.24.230 - - [15/Apr/2025:00:02:35 -0400] "GET /wp-includes/js/tinymce/ HTTP/1.1" 403 1242 "-" "-"
52.169.110.77 - - [15/Apr/2025:00:02:37 -0400] "GET /wp-admin/css/colors/moon.php HTTP/1.1" 404 15295 "-" "-"
52.169.24.230 - - [15/Apr/2025:00:02:40 -0400] "GET /wp-includes/js/tinymce/about.php HTTP/1.1" 404 15323 "-" "-"
52.169.110.77 - - [15/Apr/2025:00:02:45 -0400] "GET /wp-admin/css/colors/aPRTXyP.php HTTP/1.1" 301 0 "-" "-"
52.169.24.230 - - [15/Apr/2025:00:02:46 -0400] "GET /wp-includes/js/tinymce/plugins/charmap/ HTTP/1.1" 403 1242 "-" "-"
52.169.24.230 - - [15/Apr/2025:00:02:48 -0400] "GET /wp-includes/js/tinymce/plugins/compat3x/css/ HTTP/1.1" 403 1242 "-" "-"
52.169.110.77 - - [15/Apr/2025:00:02:48 -0400] "GET /wp-admin/css/colors/aPRTXyP.php HTTP/1.1" 404 15299 "-" "-"
52.169.24.230 - - [15/Apr/2025:00:02:51 -0400] "GET /wp-includes/js/tinymce/plugins/compat3x/css/index.php HTTP/1.1" 301 0 "-" "-"
52.169.110.77 - - [15/Apr/2025:00:02:53 -0400] "GET /wp-admin/css/colors/about.php HTTP/1.1" 301 0 "-" "-"
52.169.24.230 - - [15/Apr/2025:00:02:55 -0400] "GET /wp-includes/js/tinymce/plugins/compat3x/css/ HTTP/1.1" 403 1242 "-" "-"
52.169.110.77 - - [15/Apr/2025:00:02:57 -0400] "GET /wp-admin/css/colors/about.php HTTP/1.1" 404 15294 "-" "-"
52.169.24.230 - - [15/Apr/2025:00:02:57 -0400] "GET /wp-includes/js/tinymce/plugins/directionality/ HTTP/1.1" 403 1242 "-" "-"
52.169.110.77 - - [15/Apr/2025:00:02:59 -0400] "GET /wp-admin/css/colors/blue/ HTTP/1.1" 403 1242 "-" "-"
52.169.24.230 - - [15/Apr/2025:00:02:59 -0400] "GET /wp-includes/js/tinymce/plugins/image/ HTTP/1.1" 403 1242 "-" "-"
52.169.24.230 - - [15/Apr/2025:00:03:01 -0400] "GET /wp-includes/js/tinymce/plugins/wpview/ HTTP/1.1" 403 1242 "-" "-"
52.169.24.230 - - [15/Apr/2025:00:03:03 -0400] "GET /wp-includes/js/tinymce/skins/lightgray/img/ HTTP/1.1" 403 1242 "-" "-"
52.169.110.77 - - [15/Apr/2025:00:03:03 -0400] "GET /wp-admin/css/colors/blue/about.php HTTP/1.1" 301 0 "-" "-"
198.54.114.83 - - [15/Apr/2025:00:03:05 -0400] "POST /wp-cron.php?doing_wp_cron=1744689783.6968650817871093750000 HTTP/1.1" 200 0 "-" "WordPress/6.7.2; https://creative-webstyle.com"
52.169.24.230 - - [15/Apr/2025:00:03:05 -0400] "GET /wp-includes/js/tinymce/skins/lightgray/img/about.php HTTP/1.1" 404 15343 "-" "-"
52.169.110.77 - - [15/Apr/2025:00:03:07 -0400] "GET /wp-admin/css/colors/blue/about.php HTTP/1.1" 404 15299 "-" "-"
52.169.24.230 - - [15/Apr/2025:00:03:08 -0400] "GET /wp-includes/js/tinymce/skins/lightgray/img/index.php HTTP/1.1" 301 0 "-" "-"
52.169.24.230 - - [15/Apr/2025:00:03:10 -0400] "GET /wp-includes/js/tinymce/skins/lightgray/img/ HTTP/1.1" 403 1242 "-" "-"
52.169.110.77 - - [15/Apr/2025:00:03:10 -0400] "GET /wp-admin/css/colors/blue/admin.php HTTP/1.1" 301 0 "-" "-"
52.169.24.230 - - [15/Apr/2025:00:03:13 -0400] "GET /wp-includes/js/tinymce/skins/wordpress/images/about.php HTTP/1.1" 404 15337 "-" "-"
52.169.110.77 - - [15/Apr/2025:00:03:12 -0400] "GET /wp-admin/css/colors/blue/admin.php HTTP/1.1" 404 15297 "-" "-"
52.169.24.230 - - [15/Apr/2025:00:03:15 -0400] "GET /wp-includes/js/tinymce/skins/wordpress/images/index.php HTTP/1.1" 301 0 "-" "-"
52.169.24.230 - - [15/Apr/2025:00:03:17 -0400] "GET /wp-includes/js/tinymce/skins/wordpress/images/ HTTP/1.1" 403 1242 "-" "-"
52.169.110.77 - - [15/Apr/2025:00:03:17 -0400] "GET /wp-admin/css/colors/blue/atomlib.php HTTP/1.1" 301 0 "-" "-"
52.169.24.230 - - [15/Apr/2025:00:03:19 -0400] "GET /wp-includes/js/tinymce/skins/wordpress/images/index.php?p= HTTP/1.1" 301 0 "-" "-"
52.169.24.230 - - [15/Apr/2025:00:03:20 -0400] "GET /wp-includes/js/tinymce/skins/wordpress/images/ HTTP/1.1" 403 1242 "-" "-"
52.169.110.77 - - [15/Apr/2025:00:03:19 -0400] "GET /wp-admin/css/colors/blue/atomlib.php HTTP/1.1" 404 15301 "-" "-"
52.169.24.230 - - [15/Apr/2025:00:03:21 -0400] "GET /wp-includes/js/tinymce/skins/wordpress/images/wp-login.php HTTP/1.1" 404 15340 "-" "-"
52.169.24.230 - - [15/Apr/2025:00:03:23 -0400] "GET /wp-includes/js/tinymce/themes/ HTTP/1.1" 403 1242 "-" "-"
52.169.110.77 - - [15/Apr/2025:00:03:22 -0400] "GET /wp-admin/css/colors/blue/index.php HTTP/1.1" 301 0 "-" "-"
52.169.24.230 - - [15/Apr/2025:00:03:23 -0400] "GET /wp-includes/js/tinymce/themes/inlite/ HTTP/1.1" 403 1242 "-" "-"
52.169.110.77 - - [15/Apr/2025:00:03:24 -0400] "GET /wp-admin/css/colors/blue/ HTTP/1.1" 403 1242 "-" "-"
52.169.24.230 - - [15/Apr/2025:00:03:25 -0400] "GET /wp-includes/js/tinymce/utils/ HTTP/1.1" 403 1242 "-" "-"
52.169.110.77 - - [15/Apr/2025:00:03:25 -0400] "GET /wp-admin/css/colors/blue/index.php/ HTTP/1.1" 301 0 "-" "-"
52.169.24.230 - - [15/Apr/2025:00:03:26 -0400] "GET /wp-includes/js/tinymce/wp-tinymce.php HTTP/1.1" 200 146897 "-" "-"
52.169.110.77 - - [15/Apr/2025:00:03:27 -0400] "GET /wp-admin/css/colors/blue/ HTTP/1.1" 403 1242 "-" "-"
52.169.24.230 - - [15/Apr/2025:00:03:28 -0400] "GET /wp-includes/js/wp-login.php HTTP/1.1" 404 15318 "-" "-"
52.169.110.77 - - [15/Apr/2025:00:03:30 -0400] "GET /wp-admin/css/colors/blue/index.php/.well-known/pki-validation/xmrlpc.php HTTP/1.1" 301 0 "-" "-"
52.169.24.230 - - [15/Apr/2025:00:03:32 -0400] "GET /wp-includes/js/x2.php HTTP/1.1" 404 15316 "-" "-"
52.169.110.77 - - [15/Apr/2025:00:03:33 -0400] "GET /wp-admin/css/colors/blue/.well-known/pki-validation/xmrlpc.php HTTP/1.1" 404 15326 "-" "-"
52.169.24.230 - - [15/Apr/2025:00:03:36 -0400] "GET /wp-includes/mah.php HTTP/1.1" 404 15313 "-" "-"
52.169.110.77 - - [15/Apr/2025:00:03:37 -0400] "GET /wp-admin/css/colors/blue/index.php?p= HTTP/1.1" 301 0 "-" "-"
52.169.110.77 - - [15/Apr/2025:00:03:40 -0400] "GET /wp-admin/css/colors/blue/ HTTP/1.1" 403 1242 "-" "-"
52.169.24.230 - - [15/Apr/2025:00:03:39 -0400] "GET /wp-includes/mah.php?pass=888xyz999 HTTP/1.1" 404 15327 "-" "-"
52.169.24.230 - - [15/Apr/2025:00:03:44 -0400] "GET /wp-includes/network.php HTTP/1.1" 404 15316 "-" "-"
52.169.110.77 - - [15/Apr/2025:00:03:43 -0400] "GET /wp-admin/css/colors/blue/lock.php HTTP/1.1" 301 0 "-" "-"
52.169.24.230 - - [15/Apr/2025:00:03:46 -0400] "GET /wp-includes/packed.php HTTP/1.1" 404 15315 "-" "-"
52.169.110.77 - - [15/Apr/2025:00:03:46 -0400] "GET /wp-admin/css/colors/blue/lock.php HTTP/1.1" 404 15299 "-" "-"
52.169.24.230 - - [15/Apr/2025:00:03:50 -0400] "GET /wp-includes/php-compat/ HTTP/1.1" 403 1242 "-" "-"
52.169.110.77 - - [15/Apr/2025:00:03:52 -0400] "GET /wp-admin/css/colors/blue/moon.php HTTP/1.1" 301 0 "-" "-"
52.169.110.77 - - [15/Apr/2025:00:04:24 -0400] "GET /wp-admin/css/colors/coffee/ HTTP/1.1" 403 1242 "-" "-"
52.169.110.77 - - [15/Apr/2025:00:04:27 -0400] "GET /wp-admin/css/colors/ectoplasm/ HTTP/1.1" 403 1242 "-" "-"
52.169.24.230 - - [15/Apr/2025:00:04:26 -0400] "GET /wp-includes/pomo/chosen.php HTTP/1.1" 404 15322 "-" "-"
52.169.110.77 - - [15/Apr/2025:00:04:30 -0400] "GET /wp-admin/css/colors/ectoplasm//my1.php HTTP/1.1" 301 0 "-" "-"
52.169.24.230 - - [15/Apr/2025:00:04:30 -0400] "GET /wp-includes/pomo/fgertreyersd.php.suspected HTTP/1.1" 404 15336 "-" "-"
52.169.110.77 - - [15/Apr/2025:00:04:33 -0400] "GET /wp-admin/css/colors/ectoplasm/my1.php HTTP/1.1" 404 15303 "-" "-"
52.169.24.230 - - [15/Apr/2025:00:04:36 -0400] "GET /wp-includes/pomo/install.php HTTP/1.1" 404 15323 "-" "-"
52.169.110.77 - - [15/Apr/2025:00:04:37 -0400] "GET /wp-admin/css/colors/ectoplasm/users.php HTTP/1.1" 301 0 "-" "-"
52.169.24.230 - - [15/Apr/2025:00:04:39 -0400] "GET /wp-includes/pomo/plugins.php HTTP/1.1" 404 15320 "-" "-"
52.169.110.77 - - [15/Apr/2025:00:04:41 -0400] "GET /wp-admin/css/colors/ectoplasm/users.php HTTP/1.1" 404 15305 "-" "-"
52.169.24.230 - - [15/Apr/2025:00:04:42 -0400] "GET /wp-includes/pomo/wp-conflg.php HTTP/1.1" 404 15322 "-" "-"
52.169.110.77 - - [15/Apr/2025:00:04:45 -0400] "GET /wp-admin/css/colors/ectoplasm/wp-error_log.php HTTP/1.1" 301 0 "-" "-"
52.169.24.230 - - [15/Apr/2025:00:04:46 -0400] "GET /wp-includes/pomo/wp-login.php HTTP/1.1" 404 15321 "-" "-"
52.169.110.77 - - [15/Apr/2025:00:04:47 -0400] "GET /wp-admin/css/colors/ectoplasm/wp-error_log.php HTTP/1.1" 404 15309 "-" "-"
52.169.24.230 - - [15/Apr/2025:00:04:49 -0400] "GET /wp-includes/radio.php HTTP/1.1" 404 15315 "-" "-"
52.169.110.77 - - [15/Apr/2025:00:04:50 -0400] "GET /wp-admin/css/colors/ectoplasm/wp-login.php HTTP/1.1" 301 0 "-" "-"
52.169.24.230 - - [15/Apr/2025:00:04:51 -0400] "GET /wp-includes/random_compat/ HTTP/1.1" 404 15319 "-" "-"
52.169.110.77 - - [15/Apr/2025:00:04:52 -0400] "GET /wp-admin/css/colors/ectoplasm/wp-login.php HTTP/1.1" 404 15305 "-" "-"
52.169.24.230 - - [15/Apr/2025:00:04:54 -0400] "GET /wp-includes/random_compat/about.php HTTP/1.1" 404 15327 "-" "-"
52.169.110.77 - - [15/Apr/2025:00:04:55 -0400] "GET /wp-admin/css/colors/index.php HTTP/1.1" 301 0 "-" "-"
52.169.110.77 - - [15/Apr/2025:00:04:57 -0400] "GET /wp-admin/css/colors/ HTTP/1.1" 403 1242 "-" "-"
52.169.24.230 - - [15/Apr/2025:00:04:57 -0400] "GET /wp-includes/random_compat/chosen.php HTTP/1.1" 404 15329 "-" "-"
52.169.110.77 - - [15/Apr/2025:00:04:58 -0400] "GET /wp-admin/css/colors/light/about.php HTTP/1.1" 301 0 "-" "-"
52.169.24.230 - - [15/Apr/2025:00:05:00 -0400] "GET /wp-includes/rest-api/ HTTP/1.1" 403 1242 "-" "-"
52.169.110.77 - - [15/Apr/2025:00:05:01 -0400] "GET /wp-admin/css/colors/light/about.php HTTP/1.1" 404 15300 "-" "-"
52.169.24.230 - - [15/Apr/2025:00:05:03 -0400] "GET /wp-includes/rest-api//class-wp-rest-core.php HTTP/1.1" 301 0 "-" "-"
198.54.114.83 - - [15/Apr/2025:00:05:08 -0400] "POST /wp-cron.php?doing_wp_cron=1744689907.0379920005798339843750 HTTP/1.1" 200 0 "-" "WordPress/6.7.2; https://creative-webstyle.com"
198.54.114.83 - - [15/Apr/2025:00:05:08 -0400] "POST /wp-cron.php?doing_wp_cron=1744689907.0014679431915283203125 HTTP/1.1" 200 0 "-" "WordPress/6.7.2; https://creative-webstyle.com"
52.169.110.77 - - [15/Apr/2025:00:05:06 -0400] "GET /wp-admin/css/colors/light/index.php HTTP/1.1" 301 0 "-" "-"
52.169.24.230 - - [15/Apr/2025:00:05:06 -0400] "GET /wp-includes/rest-api/class-wp-rest-core.php HTTP/1.1" 404 15332 "-" "-"
52.169.110.77 - - [15/Apr/2025:00:05:10 -0400] "GET /wp-admin/css/colors/light/ HTTP/1.1" 403 1242 "-" "-"
52.169.24.230 - - [15/Apr/2025:00:05:12 -0400] "GET /wp-includes/rest-api//ot_shipping.php HTTP/1.1" 301 0 "-" "-"
52.169.110.77 - - [15/Apr/2025:00:05:14 -0400] "GET /wp-admin/css/colors/midnight/IUSPPi.php HTTP/1.1" 301 0 "-" "-"
52.169.24.230 - - [15/Apr/2025:00:05:16 -0400] "GET /wp-includes/rest-api/ot_shipping.php HTTP/1.1" 404 15327 "-" "-"
52.169.110.77 - - [15/Apr/2025:00:05:16 -0400] "GET /wp-admin/css/colors/midnight/IUSPPi.php HTTP/1.1" 404 15306 "-" "-"
52.169.24.230 - - [15/Apr/2025:00:05:20 -0400] "GET /wp-includes/rest-api/about.php HTTP/1.1" 404 15322 "-" "-"
52.169.110.77 - - [15/Apr/2025:00:05:22 -0400] "GET /wp-admin/css/colors/midnight/colors.php HTTP/1.1" 301 0 "-" "-"
52.169.24.230 - - [15/Apr/2025:00:05:23 -0400] "GET /wp-includes/rest-api/admin.php HTTP/1.1" 404 15320 "-" "-"
52.169.110.77 - - [15/Apr/2025:00:05:25 -0400] "GET /wp-admin/css/colors/midnight/colors.php HTTP/1.1" 404 15300 "-" "-"
52.169.24.230 - - [15/Apr/2025:00:05:26 -0400] "GET /wp-includes/rest-api/alfa-rex.php HTTP/1.1" 404 15325 "-" "-"
52.169.110.77 - - [15/Apr/2025:00:05:32 -0400] "GET /wp-admin/css/colors/ocean/ HTTP/1.1" 403 1242 "-" "-"
52.169.24.230 - - [15/Apr/2025:00:05:32 -0400] "GET /wp-includes/rest-api/autoload_classmap.php HTTP/1.1" 404 15330 "-" "-"
52.169.110.77 - - [15/Apr/2025:00:05:35 -0400] "GET /wp-admin/css/colors/ocean/wp-post.php HTTP/1.1" 301 0 "-" "-"
52.169.24.230 - - [15/Apr/2025:00:05:37 -0400] "GET /wp-includes/rest-api/endpoints/ HTTP/1.1" 403 1242 "-" "-"
52.169.110.77 - - [15/Apr/2025:00:05:38 -0400] "GET /wp-admin/css/colors/ocean/wp-post.php HTTP/1.1" 404 15301 "-" "-"
52.169.24.230 - - [15/Apr/2025:00:05:39 -0400] "GET /wp-includes/rest-api/endpoints/admiin.php HTTP/1.1" 404 15329 "-" "-"
52.169.110.77 - - [15/Apr/2025:00:05:43 -0400] "GET /wp-admin/css/colors/sunrise/ HTTP/1.1" 403 1242 "-" "-"
52.169.24.230 - - [15/Apr/2025:00:05:43 -0400] "GET /wp-includes/rest-api/endpoints/index.php HTTP/1.1" 301 0 "-" "-"
52.169.24.230 - - [15/Apr/2025:00:05:46 -0400] "GET /wp-includes/rest-api/endpoints/ HTTP/1.1" 403 1242 "-" "-"
52.169.110.77 - - [15/Apr/2025:00:05:46 -0400] "GET /wp-admin/css/colors/wp-post.php HTTP/1.1" 301 0 "-" "-"
52.169.24.230 - - [15/Apr/2025:00:05:49 -0400] "GET /wp-includes/rest-api/endpoints/index.php?p= HTTP/1.1" 301 0 "-" "-"
52.169.110.77 - - [15/Apr/2025:00:05:50 -0400] "GET /wp-admin/css/colors/wp-post.php HTTP/1.1" 404 15295 "-" "-"
52.169.24.230 - - [15/Apr/2025:00:05:51 -0400] "GET /wp-includes/rest-api/endpoints/ HTTP/1.1" 403 1242 "-" "-"
52.169.24.230 - - [15/Apr/2025:00:05:53 -0400] "GET /wp-includes/rest-api/fields/ HTTP/1.1" 403 1242 "-" "-"
52.169.110.77 - - [15/Apr/2025:00:05:53 -0400] "GET /wp-admin/css/colors/xmrlpc.php?p= HTTP/1.1" 301 0 "-" "-"
52.169.24.230 - - [15/Apr/2025:00:05:56 -0400] "GET /wp-includes/rest-api/fields/admin.php HTTP/1.1" 404 15325 "-" "-"
52.169.110.77 - - [15/Apr/2025:00:05:58 -0400] "GET /wp-admin/css/colors/xmrlpc.php HTTP/1.1" 404 15297 "-" "-"
52.169.24.230 - - [15/Apr/2025:00:05:59 -0400] "GET /wp-includes/rest-api/fields/index.php HTTP/1.1" 301 0 "-" "-"
52.169.24.230 - - [15/Apr/2025:00:06:04 -0400] "GET /wp-includes/rest-api/fields/ HTTP/1.1" 403 1242 "-" "-"
52.169.110.77 - - [15/Apr/2025:00:06:03 -0400] "GET /wp-admin/css/index.php HTTP/1.1" 301 0 "-" "-"
52.169.24.230 - - [15/Apr/2025:00:06:05 -0400] "GET /wp-includes/rest-api/search/ HTTP/1.1" 403 1242 "-" "-"
52.169.110.77 - - [15/Apr/2025:00:06:05 -0400] "GET /wp-admin/css/ HTTP/1.1" 403 1242 "-" "-"
198.54.114.83 - - [15/Apr/2025:00:06:08 -0400] "POST /wp-cron.php?doing_wp_cron=1744689967.8204689025878906250000 HTTP/1.1" 200 0 "-" "WordPress/6.7.2; https://creative-webstyle.com"
198.54.114.83 - - [15/Apr/2025:00:06:08 -0400] "POST /wp-cron.php?doing_wp_cron=1744689967.8481760025024414062500 HTTP/1.1" 200 0 "-" "WordPress/6.7.2; https://creative-webstyle.com"
52.169.110.77 - - [15/Apr/2025:00:06:07 -0400] "GET /wp-admin/css/index.php?p= HTTP/1.1" 301 0 "-" "-"
52.169.24.230 - - [15/Apr/2025:00:06:06 -0400] "GET /wp-includes/rest-api/search/alfa-rex.php HTTP/1.1" 404 15330 "-" "-"
52.169.110.77 - - [15/Apr/2025:00:06:12 -0400] "GET /wp-admin/css/ HTTP/1.1" 403 1242 "-" "-"
52.169.24.230 - - [15/Apr/2025:00:06:13 -0400] "GET /wp-includes/sitemaps/ HTTP/1.1" 403 1242 "-" "-"
52.169.24.230 - - [15/Apr/2025:00:06:13 -0400] "GET /wp-includes/sitemaps//wp-login.php HTTP/1.1" 301 0 "-" "-"
52.169.24.230 - - [15/Apr/2025:00:03:53 -0400] "GET /wp-includes/php-compat//chosen.php HTTP/1.1" 301 0 "-" "-"
52.169.110.77 - - [15/Apr/2025:00:03:56 -0400] "GET /wp-admin/css/colors/blue/moon.php HTTP/1.1" 404 15299 "-" "-"
52.169.24.230 - - [15/Apr/2025:00:03:56 -0400] "GET /wp-includes/php-compat/chosen.php HTTP/1.1" 404 15324 "-" "-"
52.169.110.77 - - [15/Apr/2025:00:03:58 -0400] "GET /wp-admin/css/colors/blue/wp-login.php HTTP/1.1" 301 0 "-" "-"
52.169.24.230 - - [15/Apr/2025:00:03:58 -0400] "GET /wp-includes/php-compat/admiin.php HTTP/1.1" 404 15321 "-" "-"
52.169.24.230 - - [15/Apr/2025:00:04:02 -0400] "GET /wp-includes/pomo/ HTTP/1.1" 403 1242 "-" "-"
52.169.110.77 - - [15/Apr/2025:00:04:01 -0400] "GET /wp-admin/css/colors/blue/wp-login.php HTTP/1.1" 404 15301 "-" "-"
52.169.110.77 - - [15/Apr/2025:00:04:04 -0400] "GET /wp-admin/css/colors/coffee/about.php HTTP/1.1" 301 0 "-" "-"
198.54.114.83 - - [15/Apr/2025:00:04:06 -0400] "POST /wp-cron.php?doing_wp_cron=1744689844.6083960533142089843750 HTTP/1.1" 200 0 "-" "WordPress/6.7.2; https://creative-webstyle.com"
52.169.24.230 - - [15/Apr/2025:00:04:04 -0400] "GET /wp-includes/pomo/about.php HTTP/1.1" 404 15319 "-" "-"
52.169.110.77 - - [15/Apr/2025:00:04:07 -0400] "GET /wp-admin/css/colors/coffee/about.php HTTP/1.1" 404 15299 "-" "-"
52.169.24.230 - - [15/Apr/2025:00:04:08 -0400] "GET /wp-includes/pomo/about.php?p= HTTP/1.1" 301 0 "-" "-"
52.169.24.230 - - [15/Apr/2025:00:04:11 -0400] "GET /wp-includes/pomo/about.php HTTP/1.1" 404 15319 "-" "-"
52.169.110.77 - - [15/Apr/2025:00:04:11 -0400] "GET /wp-admin/css/colors/coffee/alfa-rex.php HTTP/1.1" 301 0 "-" "-"
52.169.24.230 - - [15/Apr/2025:00:04:13 -0400] "GET /wp-includes/pomo/admiin.php HTTP/1.1" 404 15320 "-" "-"
52.169.110.77 - - [15/Apr/2025:00:04:13 -0400] "GET /wp-admin/css/colors/coffee/alfa-rex.php HTTP/1.1" 404 15301 "-" "-"
52.169.24.230 - - [15/Apr/2025:00:04:16 -0400] "GET /wp-includes/pomo/admin.php HTTP/1.1" 404 15317 "-" "-"
52.169.110.77 - - [15/Apr/2025:00:04:19 -0400] "GET /wp-admin/css/colors/coffee/index.php HTTP/1.1" 301 0 "-" "-"
52.169.24.230 - - [15/Apr/2025:00:04:22 -0400] "GET /wp-includes/pomo/autoload_classmap.php HTTP/1.1" 404 15328 "-" "-"
52.169.110.77 - - [15/Apr/2025:00:06:14 -0400] "GET /wp-admin/css/index.php?pass=admin HTTP/1.1" 301 0 "-" "-"
52.169.110.77 - - [15/Apr/2025:00:06:17 -0400] "GET /wp-admin/css/?pass=admin HTTP/1.1" 403 1242 "-" "-"
52.169.24.230 - - [15/Apr/2025:00:06:17 -0400] "GET /wp-includes/sitemaps/wp-login.php HTTP/1.1" 404 15321 "-" "-"
52.169.110.77 - - [15/Apr/2025:00:06:18 -0400] "GET /wp-admin/css/network.php HTTP/1.1" 301 0 "-" "-"
52.169.24.230 - - [15/Apr/2025:00:06:19 -0400] "GET /wp-includes/sitemaps/about.php HTTP/1.1" 404 15319 "-" "-"
52.169.110.77 - - [15/Apr/2025:00:06:21 -0400] "GET /wp-admin/css/network.php HTTP/1.1" 404 15294 "-" "-"
52.169.24.230 - - [15/Apr/2025:00:06:22 -0400] "GET /wp-includes/sitemaps/autoload_classmap.php HTTP/1.1" 404 15328 "-" "-"
52.169.110.77 - - [15/Apr/2025:00:06:25 -0400] "GET /wp-admin/css/wp-conflg.php HTTP/1.1" 301 0 "-" "-"
52.169.24.230 - - [15/Apr/2025:00:06:25 -0400] "GET /wp-includes/sitemaps/index.php HTTP/1.1" 301 0 "-" "-"
34.127.92.254 - - [15/Apr/2025:00:06:27 -0400] "HEAD / HTTP/1.1" 200 0 "-" "python-requests/2.32.3"
52.169.24.230 - - [15/Apr/2025:00:06:27 -0400] "GET /wp-includes/sitemaps/ HTTP/1.1" 403 1242 "-" "-"
52.169.110.77 - - [15/Apr/2025:00:06:27 -0400] "GET /wp-admin/css/wp-conflg.php HTTP/1.1" 404 15293 "-" "-"
52.169.24.230 - - [15/Apr/2025:00:06:28 -0400] "GET /wp-includes/sitemaps/providers/ HTTP/1.1" 403 1242 "-" "-"
52.169.110.77 - - [15/Apr/2025:00:06:30 -0400] "GET /wp-admin/css/wp-error_log.php HTTP/1.1" 301 0 "-" "-"
52.169.24.230 - - [15/Apr/2025:00:06:29 -0400] "GET /wp-includes/sitemaps/providers/about.php HTTP/1.1" 404 15328 "-" "-"
52.169.24.230 - - [15/Apr/2025:00:06:32 -0400] "GET /wp-includes/sitemaps/providers/index.php HTTP/1.1" 301 0 "-" "-"
52.169.110.77 - - [15/Apr/2025:00:06:32 -0400] "GET /wp-admin/css/wp-error_log.php HTTP/1.1" 404 15294 "-" "-"
52.169.24.230 - - [15/Apr/2025:00:06:35 -0400] "GET /wp-includes/sitemaps/providers/ HTTP/1.1" 403 1242 "-" "-"
52.169.110.77 - - [15/Apr/2025:00:06:35 -0400] "GET /wp-admin/css/wp-login.php HTTP/1.1" 301 0 "-" "-"
52.169.24.230 - - [15/Apr/2025:00:06:35 -0400] "GET /wp-includes/sitemaps/providers/wp-error_log.php HTTP/1.1" 404 15335 "-" "-"
52.169.24.230 - - [15/Apr/2025:00:06:39 -0400] "GET /wp-includes/sodium_compat/ HTTP/1.1" 403 1242 "-" "-"
52.169.24.230 - - [15/Apr/2025:00:06:40 -0400] "GET /wp-includes/sodium_compat/admiin.php HTTP/1.1" 404 15326 "-" "-"
52.169.110.77 - - [15/Apr/2025:00:06:43 -0400] "GET /wp-admin/css/wp-login.php HTTP/1.1" 404 15291 "-" "-"
52.169.24.230 - - [15/Apr/2025:00:06:43 -0400] "GET /wp-includes/sodium_compat/autoload_classmap.php HTTP/1.1" 404 15335 "-" "-"
52.169.110.77 - - [15/Apr/2025:00:06:46 -0400] "GET /wp-admin/css/x2.php HTTP/1.1" 301 0 "-" "-"
52.169.24.230 - - [15/Apr/2025:00:06:47 -0400] "GET /wp-includes/sodium_compat/index.php HTTP/1.1" 301 0 "-" "-"
52.169.24.230 - - [15/Apr/2025:00:06:49 -0400] "GET /wp-includes/sodium_compat/ HTTP/1.1" 403 1242 "-" "-"
198.54.114.83 - - [15/Apr/2025:00:06:51 -0400] "POST /wp-cron.php?doing_wp_cron=1744690009.1354410648345947265625 HTTP/1.1" 200 0 "-" "WordPress/6.7.2; https://creative-webstyle.com"
52.169.110.77 - - [15/Apr/2025:00:06:48 -0400] "GET /wp-admin/css/x2.php HTTP/1.1" 404 15289 "-" "-"
52.169.24.230 - - [15/Apr/2025:00:06:51 -0400] "GET /wp-includes/sodium_compat/namespaced/ HTTP/1.1" 403 1242 "-" "-"
52.169.110.77 - - [15/Apr/2025:00:06:52 -0400] "GET /wp-admin/cux.php HTTP/1.1" 301 0 "-" "-"
52.169.24.230 - - [15/Apr/2025:00:06:53 -0400] "GET /wp-includes/sodium_compat/namespaced/Core/Curve25519/Ge/ HTTP/1.1" 403 1242 "-" "-"
52.169.24.230 - - [15/Apr/2025:00:06:54 -0400] "GET /wp-includes/sodium_compat/src/ HTTP/1.1" 403 1242 "-" "-"
52.169.110.77 - - [15/Apr/2025:00:06:54 -0400] "GET /wp-admin/cux.php HTTP/1.1" 404 15284 "-" "-"
52.169.24.230 - - [15/Apr/2025:00:06:56 -0400] "GET /wp-includes/sodium_compat/src/Core/Curve25519/Ge/about.php HTTP/1.1" 404 15344 "-" "-"
52.169.110.77 - - [15/Apr/2025:00:06:58 -0400] "GET /wp-admin/date.php HTTP/1.1" 301 0 "-" "-"
52.169.110.77 - - [15/Apr/2025:00:01:24 -0400] "GET /wp-admin/css/item.php HTTP/1.1" 404 15290 "-" "-"
52.169.24.230 - - [15/Apr/2025:00:01:27 -0400] "GET /wp-includes/js/alfa-rex.php HTTP/1.1" 404 15320 "-" "-"
52.169.110.77 - - [15/Apr/2025:00:01:29 -0400] "GET /wp-admin/css/about.php HTTP/1.1" 301 0 "-" "-"
52.169.24.230 - - [15/Apr/2025:00:01:32 -0400] "GET /wp-includes/js/chosen.php HTTP/1.1" 404 15319 "-" "-"
52.169.110.77 - - [15/Apr/2025:00:01:36 -0400] "GET /wp-admin/css/about.php HTTP/1.1" 404 15289 "-" "-"
52.169.24.230 - - [15/Apr/2025:00:01:37 -0400] "GET /wp-includes/js/codemirror/ HTTP/1.1" 403 1242 "-" "-"
52.169.110.77 - - [15/Apr/2025:00:01:40 -0400] "GET /wp-admin/css/about.php/alfacgiapi/ HTTP/1.1" 301 0 "-" "-"
52.169.24.230 - - [15/Apr/2025:00:01:41 -0400] "GET /wp-includes/js/codemirror/about.php HTTP/1.1" 404 15326 "-" "-"
52.169.110.77 - - [15/Apr/2025:00:01:45 -0400] "GET /wp-admin/css/about.php/alfacgiapi/ HTTP/1.1" 404 15299 "-" "-"
52.169.24.230 - - [15/Apr/2025:00:01:46 -0400] "GET /wp-includes/js/codemirror/index.php HTTP/1.1" 301 0 "-" "-"
52.169.24.230 - - [15/Apr/2025:00:01:49 -0400] "GET /wp-includes/js/codemirror/ HTTP/1.1" 403 1242 "-" "-"
52.169.110.77 - - [15/Apr/2025:00:01:49 -0400] "GET /wp-admin/css/admin.php HTTP/1.1" 301 0 "-" "-"
52.169.24.230 - - [15/Apr/2025:00:01:51 -0400] "GET /wp-includes/js/codemirror/index.php?p= HTTP/1.1" 301 0 "-" "-"
52.169.110.77 - - [15/Apr/2025:00:01:51 -0400] "GET /wp-admin/css/admin.php HTTP/1.1" 404 15288 "-" "-"
52.169.24.230 - - [15/Apr/2025:00:01:56 -0400] "GET /wp-includes/js/codemirror/ HTTP/1.1" 403 1242 "-" "-"
52.169.110.77 - - [15/Apr/2025:00:01:57 -0400] "GET /wp-admin/css/autoload_classmap.php HTTP/1.1" 301 0 "-" "-"
52.169.24.230 - - [15/Apr/2025:00:06:59 -0400] "GET /wp-includes/sodium_compat/src/Core/Curve25519/Ge/index.php?p= HTTP/1.1" 301 0 "-" "-"
52.169.24.230 - - [15/Apr/2025:00:07:01 -0400] "GET /wp-includes/sodium_compat/src/Core/Curve25519/Ge/ HTTP/1.1" 403 1242 "-" "-"
52.169.110.77 - - [15/Apr/2025:00:06:59 -0400] "GET /wp-admin/date.php HTTP/1.1" 404 15285 "-" "-"
52.169.24.230 - - [15/Apr/2025:00:07:02 -0400] "GET /wp-includes/sodium_compat/src/Core32/Curve25519/Ge//Core32.php HTTP/1.1" 301 0 "-" "-"
52.169.110.77 - - [15/Apr/2025:00:07:02 -0400] "GET /wp-admin/dropdown.php HTTP/1.1" 301 0 "-" "-"
52.169.110.77 - - [15/Apr/2025:00:07:04 -0400] "GET /wp-admin/dropdown.php HTTP/1.1" 404 15289 "-" "-"
52.169.24.230 - - [15/Apr/2025:00:07:04 -0400] "GET /wp-includes/sodium_compat/src/Core32/Curve25519/Ge/Core32.php HTTP/1.1" 404 15343 "-" "-"
52.169.110.77 - - [15/Apr/2025:00:07:06 -0400] "GET /wp-admin/fIPCHgi5lwx.php HTTP/1.1" 301 0 "-" "-"
52.169.24.230 - - [15/Apr/2025:00:07:06 -0400] "GET /wp-includes/sodium_compat/src/Core32/Curve25519/Ge/about.php HTTP/1.1" 404 15345 "-" "-"
52.169.24.230 - - [15/Apr/2025:00:07:09 -0400] "GET /wp-includes/sodium_compat/src/Core32/Poly1305/ HTTP/1.1" 403 1242 "-" "-"
52.169.110.77 - - [15/Apr/2025:00:07:08 -0400] "GET /wp-admin/fIPCHgi5lwx.php HTTP/1.1" 404 15292 "-" "-"
52.169.24.230 - - [15/Apr/2025:00:07:10 -0400] "GET /wp-includes/sodium_compat/src/alfa-rex.php HTTP/1.1" 404 15332 "-" "-"
52.169.110.77 - - [15/Apr/2025:00:07:12 -0400] "GET /wp-admin/file.php HTTP/1.1" 301 0 "-" "-"
52.169.24.230 - - [15/Apr/2025:00:07:13 -0400] "GET /wp-includes/sodium_compat/src/content.php HTTP/1.1" 404 15329 "-" "-"
52.169.110.77 - - [15/Apr/2025:00:07:14 -0400] "GET /wp-admin/file.php HTTP/1.1" 404 15286 "-" "-"
52.169.24.230 - - [15/Apr/2025:00:07:17 -0400] "GET /wp-includes/sodium_compat/src/index.php HTTP/1.1" 301 0 "-" "-"
52.169.110.77 - - [15/Apr/2025:00:07:18 -0400] "GET /wp-admin/ftpnMRS2BQw.php HTTP/1.1" 301 0 "-" "-"
52.169.24.230 - - [15/Apr/2025:00:07:19 -0400] "GET /wp-includes/sodium_compat/src/ HTTP/1.1" 403 1242 "-" "-"
52.169.110.77 - - [15/Apr/2025:00:07:20 -0400] "GET /wp-admin/ftpnMRS2BQw.php HTTP/1.1" 404 15294 "-" "-"
52.169.24.230 - - [15/Apr/2025:00:07:20 -0400] "GET /wp-includes/sodium_compat/wp-login.php HTTP/1.1" 404 15327 "-" "-"
52.169.24.230 - - [15/Apr/2025:00:07:25 -0400] "GET /wp-includes/style-engine/ HTTP/1.1" 403 1242 "-" "-"
52.169.110.77 - - [15/Apr/2025:00:07:24 -0400] "GET /wp-admin/function.php HTTP/1.1" 301 0 "-" "-"
52.169.110.77 - - [15/Apr/2025:00:07:26 -0400] "GET /wp-admin/function.php HTTP/1.1" 404 15289 "-" "-"
52.169.24.230 - - [15/Apr/2025:00:07:26 -0400] "GET /wp-includes/style-engine/about.php HTTP/1.1" 404 15322 "-" "-"
52.169.110.77 - - [15/Apr/2025:00:07:28 -0400] "GET /wp-admin/gLMkHUftdyF.php HTTP/1.1" 301 0 "-" "-"
52.169.110.77 - - [15/Apr/2025:00:07:29 -0400] "GET /wp-admin/gLMkHUftdyF.php HTTP/1.1" 404 15294 "-" "-"
52.169.24.230 - - [15/Apr/2025:00:07:29 -0400] "GET /wp-includes/style-engine/admiin.php HTTP/1.1" 404 15322 "-" "-"
52.169.110.77 - - [15/Apr/2025:00:07:31 -0400] "GET /wp-admin/images/ HTTP/1.1" 403 1242 "-" "-"
52.169.110.77 - - [15/Apr/2025:00:07:32 -0400] "GET /wp-admin/images//Mhbgf.php HTTP/1.1" 301 0 "-" "-"
52.169.24.230 - - [15/Apr/2025:00:07:32 -0400] "GET /wp-includes/style-engine/admin.php HTTP/1.1" 404 15320 "-" "-"
52.169.110.77 - - [15/Apr/2025:00:07:35 -0400] "GET /wp-admin/images/Mhbgf.php HTTP/1.1" 404 15292 "-" "-"
52.169.24.230 - - [15/Apr/2025:00:07:35 -0400] "GET /wp-includes/style-engine/autoload_classmap.php HTTP/1.1" 404 15331 "-" "-"
52.169.110.77 - - [15/Apr/2025:00:07:37 -0400] "GET /wp-admin/images//links.php HTTP/1.1" 301 0 "-" "-"
52.169.24.230 - - [15/Apr/2025:00:07:38 -0400] "GET /wp-includes/style-engine/content.php HTTP/1.1" 404 15323 "-" "-"
52.169.110.77 - - [15/Apr/2025:00:07:38 -0400] "GET /wp-admin/images/links.php HTTP/1.1" 404 15292 "-" "-"
52.169.24.230 - - [15/Apr/2025:00:07:40 -0400] "GET /wp-includes/style-engine/index.php HTTP/1.1" 301 0 "-" "-"
52.169.24.230 - - [15/Apr/2025:00:07:41 -0400] "GET /wp-includes/style-engine/ HTTP/1.1" 403 1242 "-" "-"
52.169.110.77 - - [15/Apr/2025:00:07:41 -0400] "GET /wp-admin/images//mlm.php HTTP/1.1" 301 0 "-" "-"
52.169.24.230 - - [15/Apr/2025:00:07:42 -0400] "GET /wp-includes/style-engine/wp-login.php HTTP/1.1" 404 15323 "-" "-"
52.169.24.230 - - [15/Apr/2025:00:07:44 -0400] "GET /wp-includes/theme-compat/ HTTP/1.1" 403 1242 "-" "-"
52.169.110.77 - - [15/Apr/2025:00:07:42 -0400] "GET /wp-admin/images/mlm.php HTTP/1.1" 404 15291 "-" "-"
52.169.24.230 - - [15/Apr/2025:00:07:45 -0400] "GET /wp-includes/theme-compat/about.php HTTP/1.1" 404 15322 "-" "-"
52.169.110.77 - - [15/Apr/2025:00:07:46 -0400] "GET /wp-admin/images//wp-signup.php HTTP/1.1" 301 0 "-" "-"
52.169.24.230 - - [15/Apr/2025:00:07:47 -0400] "GET /wp-includes/theme-compat/autoload_classmap.php HTTP/1.1" 404 15331 "-" "-"
52.169.110.77 - - [15/Apr/2025:00:07:48 -0400] "GET /wp-admin/images/wp-signup.php HTTP/1.1" 404 15292 "-" "-"
198.54.114.83 - - [15/Apr/2025:00:07:50 -0400] "POST /wp-cron.php?doing_wp_cron=1744690070.0959899425506591796875 HTTP/1.1" 200 0 "-" "WordPress/6.7.2; https://creative-webstyle.com"
52.169.110.77 - - [15/Apr/2025:00:07:50 -0400] "GET /wp-admin/images/about.php HTTP/1.1" 301 0 "-" "-"
52.169.24.230 - - [15/Apr/2025:00:07:49 -0400] "GET /wp-includes/theme-compat/chosen.php HTTP/1.1" 404 15325 "-" "-"
52.169.24.230 - - [15/Apr/2025:00:07:52 -0400] "GET /wp-includes/theme-compat/index.php HTTP/1.1" 301 0 "-" "-"
52.169.24.230 - - [15/Apr/2025:00:07:53 -0400] "GET /wp-includes/theme-compat/ HTTP/1.1" 403 1242 "-" "-"
52.169.110.77 - - [15/Apr/2025:00:07:52 -0400] "GET /wp-admin/images/about.php HTTP/1.1" 404 15290 "-" "-"
52.169.24.230 - - [15/Apr/2025:00:07:54 -0400] "GET /wp-includes/theme-compat/wp-conflg.php/wp-content/plugins/google-seo-rank/index.php HTTP/1.1" 301 0 "-" "-"
52.169.110.77 - - [15/Apr/2025:00:07:55 -0400] "GET /wp-admin/images/admin.php HTTP/1.1" 301 0 "-" "-"
52.169.24.230 - - [15/Apr/2025:00:07:58 -0400] "GET /wp-includes/theme-compat/wp-conflg.php/wp-content/plugins/google-seo-rank/ HTTP/1.1" 404 15351 "-" "-"
52.169.110.77 - - [15/Apr/2025:00:07:58 -0400] "GET /wp-admin/images/admin.php HTTP/1.1" 404 15289 "-" "-"
52.169.110.77 - - [15/Apr/2025:00:08:00 -0400] "GET /wp-admin/images/atomlib.php HTTP/1.1" 301 0 "-" "-"
52.169.24.230 - - [15/Apr/2025:00:08:00 -0400] "GET /wp-includes/theme-compat/wp-login.php HTTP/1.1" 404 15324 "-" "-"
52.169.24.230 - - [15/Apr/2025:00:08:02 -0400] "GET /wp-includes/theme-compat/x2.php HTTP/1.1" 404 15322 "-" "-"
52.169.110.77 - - [15/Apr/2025:00:08:02 -0400] "GET /wp-admin/images/atomlib.php HTTP/1.1" 404 15293 "-" "-"
52.169.110.77 - - [15/Apr/2025:00:08:05 -0400] "GET /wp-admin/images/autoload_classmap.php HTTP/1.1" 301 0 "-" "-"
52.169.24.230 - - [15/Apr/2025:00:08:05 -0400] "GET /wp-includes/themes.php HTTP/1.1" 404 15313 "-" "-"
52.169.110.77 - - [15/Apr/2025:00:08:07 -0400] "GET /wp-admin/images/autoload_classmap.php HTTP/1.1" 404 15299 "-" "-"
52.169.24.230 - - [15/Apr/2025:00:08:09 -0400] "GET /wp-includes/upload.php HTTP/1.1" 404 15314 "-" "-"
52.169.110.77 - - [15/Apr/2025:00:08:10 -0400] "GET /wp-admin/images/chosen.php HTTP/1.1" 301 0 "-" "-"
52.169.24.230 - - [15/Apr/2025:00:08:11 -0400] "GET /wp-includes/widgets/ HTTP/1.1" 403 1242 "-" "-"
52.169.110.77 - - [15/Apr/2025:00:08:11 -0400] "GET /wp-admin/images/chosen.php HTTP/1.1" 404 15293 "-" "-"
52.169.24.230 - - [15/Apr/2025:00:08:12 -0400] "GET /wp-includes/widgets//class-wp-widget-tag.php HTTP/1.1" 301 0 "-" "-"
52.169.110.77 - - [15/Apr/2025:00:08:14 -0400] "GET /wp-admin/images/cloud.php HTTP/1.1" 301 0 "-" "-"
52.169.24.230 - - [15/Apr/2025:00:08:14 -0400] "GET /wp-includes/widgets/class-wp-widget-tag.php HTTP/1.1" 404 15330 "-" "-"
52.169.110.77 - - [15/Apr/2025:00:08:15 -0400] "GET /wp-admin/images/cloud.php HTTP/1.1" 404 15292 "-" "-"
52.169.24.230 - - [15/Apr/2025:00:08:16 -0400] "GET /wp-includes/widgets/about.php HTTP/1.1" 404 15320 "-" "-"
52.169.110.77 - - [15/Apr/2025:00:08:17 -0400] "GET /wp-admin/images/index.php HTTP/1.1" 301 0 "-" "-"
52.169.110.77 - - [15/Apr/2025:00:08:20 -0400] "GET /wp-admin/images/ HTTP/1.1" 403 1242 "-" "-"
52.169.24.230 - - [15/Apr/2025:00:08:19 -0400] "GET /wp-includes/widgets/about.php?p= HTTP/1.1" 301 0 "-" "-"
52.169.24.230 - - [15/Apr/2025:00:08:21 -0400] "GET /wp-includes/widgets/about.php HTTP/1.1" 404 15320 "-" "-"
52.169.110.77 - - [15/Apr/2025:00:08:21 -0400] "GET /wp-admin/images/index.php?p= HTTP/1.1" 301 0 "-" "-"
52.169.110.77 - - [15/Apr/2025:00:08:23 -0400] "GET /wp-admin/images/ HTTP/1.1" 403 1242 "-" "-"
52.169.24.230 - - [15/Apr/2025:00:08:23 -0400] "GET /wp-includes/widgets/index.php HTTP/1.1" 301 0 "-" "-"
52.169.110.77 - - [15/Apr/2025:00:08:25 -0400] "GET /wp-admin/images/install.php HTTP/1.1" 301 0 "-" "-"
52.169.24.230 - - [15/Apr/2025:00:08:26 -0400] "GET /wp-includes/widgets/ HTTP/1.1" 403 1242 "-" "-"
52.169.110.77 - - [15/Apr/2025:00:08:27 -0400] "GET /wp-admin/images/install.php HTTP/1.1" 404 15294 "-" "-"
52.169.24.230 - - [15/Apr/2025:00:08:27 -0400] "GET /wp-includes/widgets/xBrain.php HTTP/1.1" 404 15324 "-" "-"
52.169.110.77 - - [15/Apr/2025:00:08:30 -0400] "GET /wp-admin/images/layout.php HTTP/1.1" 301 0 "-" "-"
52.169.24.230 - - [15/Apr/2025:00:08:30 -0400] "GET /wp-includes/wjacfltdmPx.php HTTP/1.1" 404 15320 "-" "-"
52.169.110.77 - - [15/Apr/2025:00:08:33 -0400] "GET /wp-admin/images/layout.php HTTP/1.1" 404 15290 "-" "-"
52.169.24.230 - - [15/Apr/2025:00:08:33 -0400] "GET /wp-includes/wp-activate.php HTTP/1.1" 404 15317 "-" "-"
52.169.110.77 - - [15/Apr/2025:00:08:36 -0400] "GET /wp-admin/images/users.php HTTP/1.1" 301 0 "-" "-"
52.169.24.230 - - [15/Apr/2025:00:08:36 -0400] "GET /wp-includes/wp-atom.php HTTP/1.1" 301 0 "-" "-"
52.169.110.77 - - [15/Apr/2025:00:08:38 -0400] "GET /wp-admin/images/users.php HTTP/1.1" 404 15290 "-" "-"
52.169.24.230 - - [15/Apr/2025:00:08:41 -0400] "GET /wp-includes/wp-class.php HTTP/1.1" 404 15313 "-" "-"
52.169.110.77 - - [15/Apr/2025:00:08:42 -0400] "GET /wp-admin/images/wp-login.php HTTP/1.1" 301 0 "-" "-"
52.169.24.230 - - [15/Apr/2025:00:08:42 -0400] "GET /wp-includes/wp-class.php/wp-content/uploads/wp_live_chat/ HTTP/1.1" 404 15334 "-" "-"
52.169.110.77 - - [15/Apr/2025:00:08:44 -0400] "GET /wp-admin/images/wp-login.php HTTP/1.1" 404 15291 "-" "-"
52.169.110.77 - - [15/Apr/2025:00:08:46 -0400] "GET /wp-admin/includes/ HTTP/1.1" 403 1242 "-" "-"
52.169.24.230 - - [15/Apr/2025:00:08:45 -0400] "GET /wp-includes/wp-class.php/wp-content/uploads/wplivechat/ HTTP/1.1" 404 15332 "-" "-"
52.169.110.77 - - [15/Apr/2025:00:08:47 -0400] "GET /wp-admin/includes//12wvdscz.php HTTP/1.1" 301 0 "-" "-"
52.169.24.230 - - [15/Apr/2025:00:08:47 -0400] "GET /wp-includes/wp-error_log.php HTTP/1.1" 404 15317 "-" "-"
198.54.114.83 - - [15/Apr/2025:00:08:50 -0400] "POST /wp-cron.php?doing_wp_cron=1744690129.8053541183471679687500 HTTP/1.1" 200 0 "-" "WordPress/6.7.2; https://creative-webstyle.com"
52.169.24.230 - - [15/Apr/2025:00:08:49 -0400] "GET /wp-includes/wp-includes_function.php HTTP/1.1" 404 15319 "-" "-"
52.169.110.77 - - [15/Apr/2025:00:08:49 -0400] "GET /wp-admin/includes/12wvdscz.php HTTP/1.1" 404 15295 "-" "-"
52.169.24.230 - - [15/Apr/2025:00:08:51 -0400] "GET /wp-includes/wp-load.php HTTP/1.1" 404 15314 "-" "-"
52.169.24.230 - - [15/Apr/2025:00:08:52 -0400] "GET /wp-includes/wp-login.php HTTP/1.1" 404 15315 "-" "-"
52.169.110.77 - - [15/Apr/2025:00:08:53 -0400] "GET /wp-admin/includes//inputs.php HTTP/1.1" 301 0 "-" "-"
52.169.110.77 - - [15/Apr/2025:00:08:54 -0400] "GET /wp-admin/includes/inputs.php HTTP/1.1" 404 15291 "-" "-"
52.169.24.230 - - [15/Apr/2025:00:08:55 -0400] "GET /wp-includes/wp-shell.php HTTP/1.1" 404 15315 "-" "-"
198.54.114.83 - - [15/Apr/2025:00:08:58 -0400] "POST /wp-cron.php?doing_wp_cron=1744690138.5505540370941162109375 HTTP/1.1" 200 0 "-" "WordPress/6.7.2; https://creative-webstyle.com"
52.169.110.77 - - [15/Apr/2025:00:08:58 -0400] "GET /wp-admin/includes//install.php HTTP/1.1" 301 0 "-" "-"
52.169.24.230 - - [15/Apr/2025:00:08:58 -0400] "GET /wp-includes/x2.php HTTP/1.1" 404 15312 "-" "-"
52.169.110.77 - - [15/Apr/2025:00:09:00 -0400] "GET /wp-admin/includes/install.php HTTP/1.1" 404 15293 "-" "-"
52.169.24.230 - - [15/Apr/2025:00:09:01 -0400] "GET /wp-index.php HTTP/1.1" 404 15311 "-" "-"
52.169.110.77 - - [15/Apr/2025:00:09:03 -0400] "GET /wp-admin/includes//links.php HTTP/1.1" 301 0 "-" "-"
52.169.24.230 - - [15/Apr/2025:00:09:04 -0400] "GET /wp-info.php HTTP/1.1" 404 15309 "-" "-"
52.169.110.77 - - [15/Apr/2025:00:09:04 -0400] "GET /wp-admin/includes/links.php HTTP/1.1" 404 15292 "-" "-"
52.169.110.77 - - [15/Apr/2025:00:09:07 -0400] "GET /wp-admin/includes//nav.php HTTP/1.1" 301 0 "-" "-"
52.169.24.230 - - [15/Apr/2025:00:09:06 -0400] "GET /wp-json/wp/v2/posts?cmd=system HTTP/1.1" 200 1203364 "-" "-"
52.169.110.77 - - [15/Apr/2025:00:09:08 -0400] "GET /wp-admin/includes/nav.php HTTP/1.1" 404 15290 "-" "-"
52.169.24.230 - - [15/Apr/2025:00:09:10 -0400] "GET /wp-l0gin.php HTTP/1.1" 404 15310 "-" "-"
52.169.110.77 - - [15/Apr/2025:00:09:12 -0400] "GET /wp-admin/includes/about.php HTTP/1.1" 301 0 "-" "-"
52.169.24.230 - - [15/Apr/2025:00:09:12 -0400] "GET /wp-links.php HTTP/1.1" 404 15310 "-" "-"
52.169.24.230 - - [15/Apr/2025:00:09:14 -0400] "GET /wp-load.php HTTP/1.1" 200 0 "-" "-"
52.169.110.77 - - [15/Apr/2025:00:09:13 -0400] "GET /wp-admin/includes/about.php HTTP/1.1" 404 15289 "-" "-"
52.169.24.230 - - [15/Apr/2025:00:09:15 -0400] "GET /wp-login.php HTTP/1.1" 302 0 "-" "-"
52.169.110.77 - - [15/Apr/2025:00:09:18 -0400] "GET /wp-admin/includes/about.php?p= HTTP/1.1" 301 0 "-" "-"
52.169.110.77 - - [15/Apr/2025:00:09:20 -0400] "GET /wp-admin/includes/about.php HTTP/1.1" 404 15289 "-" "-"
52.169.24.230 - - [15/Apr/2025:00:09:20 -0400] "GET /wp-mail.php HTTP/1.1" 403 1123 "-" "-"
52.169.24.230 - - [15/Apr/2025:00:09:21 -0400] "GET /wp-mail.php/ HTTP/1.1" 403 1123 "-" "-"
52.169.110.77 - - [15/Apr/2025:00:09:21 -0400] "GET /wp-admin/includes/cloud.php HTTP/1.1" 301 0 "-" "-"
52.169.24.230 - - [15/Apr/2025:00:09:22 -0400] "GET /wp-mail.php/wp-includes/ID3/.info.php HTTP/1.1" 403 1123 "-" "-"
52.169.24.230 - - [15/Apr/2025:00:09:23 -0400] "GET /wp-mail.php/wp-includes/ID3/class-config.php HTTP/1.1" 403 1123 "-" "-"
52.169.110.77 - - [15/Apr/2025:00:09:23 -0400] "GET /wp-admin/includes/cloud.php HTTP/1.1" 404 15292 "-" "-"
52.169.24.230 - - [15/Apr/2025:00:09:25 -0400] "GET /wp-mail.php/wp-includes/ID3/rk2.php HTTP/1.1" 403 1123 "-" "-"
52.169.110.77 - - [15/Apr/2025:00:09:26 -0400] "GET /wp-admin/includes/cong.php HTTP/1.1" 301 0 "-" "-"
52.169.24.230 - - [15/Apr/2025:00:09:26 -0400] "GET /wp-one.php HTTP/1.1" 404 15309 "-" "-"
52.169.24.230 - - [15/Apr/2025:00:09:29 -0400] "GET /wp-post.php HTTP/1.1" 404 15308 "-" "-"
52.169.110.77 - - [15/Apr/2025:00:09:29 -0400] "GET /wp-admin/includes/cong.php HTTP/1.1" 404 15290 "-" "-"
52.169.110.77 - - [15/Apr/2025:00:09:33 -0400] "GET /wp-admin/includes/iR7SzrsOUEP.php HTTP/1.1" 301 0 "-" "-"
52.169.24.230 - - [15/Apr/2025:00:09:32 -0400] "GET /wp-scripts.php HTTP/1.1" 404 15309 "-" "-"
52.169.110.77 - - [15/Apr/2025:00:09:35 -0400] "GET /wp-admin/includes/iR7SzrsOUEP.php HTTP/1.1" 404 15299 "-" "-"
52.169.24.230 - - [15/Apr/2025:00:09:35 -0400] "GET /wp-seo.php HTTP/1.1" 404 15310 "-" "-"
52.169.24.230 - - [15/Apr/2025:00:09:38 -0400] "GET /wp-settings.php HTTP/1.1" 500 0 "-" "-"
