Server IP : 104.21.46.188 / Your IP : 3.14.253.99 Web Server : LiteSpeed System : Linux business31.web-hosting.com 4.18.0-553.16.1.lve.1.el8.x86_64 #1 SMP Mon Sep 23 20:16:18 UTC 2024 x86_64 User : varizmol ( 2121) PHP Version : 8.0.30 Disable Function : NONE MySQL : OFF | cURL : ON | WGET : ON | Perl : ON | Python : ON | Sudo : OFF | Pkexec : OFF Directory : /home/varizmol/access-logs/ |
Upload File : |
45.137.116.223 - - [14/Apr/2025:06:19:47 -0400] "GET / HTTP/1.1" 200 98430 "-" "python-requests/2.32.3"
216.244.66.194 - - [14/Apr/2025:06:45:45 -0400] "GET /robots.txt HTTP/1.1" 200 132 "-" "Mozilla/5.0 (compatible; DotBot/1.2; +https://opensiteexplorer.org/dotbot; help@moz.com)"
61.227.106.157 - - [14/Apr/2025:06:51:00 -0400] "GET / HTTP/1.1" 200 98430 "http://creative-webstyle.com/" "Mozilla/5.0 (Windows NT 6.1; WOW64) AppleWebKit/537.36 (KHTML, like Gecko) Chrome/32.0.6943.520 Safari/537.36"
61.227.106.157 - - [14/Apr/2025:06:51:04 -0400] "GET / HTTP/1.1" 200 98430 "http://creative-webstyle.com/" "Mozilla/5.0 (Windows NT 6.1; WOW64) AppleWebKit/537.36 (KHTML, like Gecko) Chrome/32.0.6943.520 Safari/537.36"
216.244.66.194 - - [14/Apr/2025:06:52:12 -0400] "GET / HTTP/1.1" 200 98430 "-" "Mozilla/5.0 (compatible; DotBot/1.2; +https://opensiteexplorer.org/dotbot; help@moz.com)"
216.244.66.194 - - [14/Apr/2025:06:52:38 -0400] "GET /2025/01/06/ HTTP/1.1" 301 0 "-" "Mozilla/5.0 (compatible; DotBot/1.2; +https://opensiteexplorer.org/dotbot; help@moz.com)"
216.244.66.194 - - [14/Apr/2025:06:52:42 -0400] "GET /haushaltsauflosung-in-luneburg-effizient-und-zuverlassig/ HTTP/1.1" 200 23233 "-" "Mozilla/5.0 (compatible; DotBot/1.2; +https://opensiteexplorer.org/dotbot; help@moz.com)"
216.244.66.194 - - [14/Apr/2025:06:52:51 -0400] "GET /quality-bathroom-renovations-in-melbournes-western-suburbs/ HTTP/1.1" 200 22958 "-" "Mozilla/5.0 (compatible; DotBot/1.2; +https://opensiteexplorer.org/dotbot; help@moz.com)"
109.70.100.5 - - [14/Apr/2025:07:05:39 -0400] "GET / HTTP/1.1" 200 98430 "http://creative-webstyle.com" "Mozilla/5.0 (Windows NT 6.1; WOW64) AppleWebKit/537.36 (KHTML, like Gecko) Chrome/44.0.2403.157 Safari/537.36"
89.217.174.45 - - [14/Apr/2025:07:20:57 -0400] "GET / HTTP/1.1" 200 98430 "-" "Timpibot/0.9 (+http://www.timpi.io)"
216.244.66.194 - - [14/Apr/2025:07:31:32 -0400] "GET /robots.txt HTTP/1.1" 304 0 "-" "Mozilla/5.0 (compatible; DotBot/1.2; +https://opensiteexplorer.org/dotbot; help@moz.com)"
196.251.80.228 - - [14/Apr/2025:07:37:43 -0400] "GET / HTTP/1.1" 200 98430 "-" "-"
198.54.114.83 - - [14/Apr/2025:07:39:17 -0400] "POST /wp-cron.php?doing_wp_cron=1744630756.1681890487670898437500 HTTP/1.1" 200 0 "-" "WordPress/6.7.2; https://creative-webstyle.com"
216.244.66.194 - - [14/Apr/2025:07:39:10 -0400] "GET /northern-pharma-revolutionizing-the-pharmaceutical-industry/ HTTP/1.1" 200 22830 "-" "Mozilla/5.0 (compatible; DotBot/1.2; +https://opensiteexplorer.org/dotbot; help@moz.com)"
37.17.244.207 - - [14/Apr/2025:07:44:39 -0400] "GET / HTTP/1.1" 200 98430 "-" "Timpibot/0.9 (+http://www.timpi.io)"
43.130.15.147 - - [14/Apr/2025:07:45:17 -0400] "GET / HTTP/1.1" 200 98430 "-" "Mozilla/5.0 (iPhone; CPU iPhone OS 13_2_3 like Mac OS X) AppleWebKit/605.1.15 (KHTML, like Gecko) Version/13.0.3 Mobile/15E148 Safari/604.1"
50.47.238.84 - - [14/Apr/2025:07:55:53 -0400] "GET / HTTP/1.1" 200 98430 "-" "Timpibot/0.9 (+http://www.timpi.io)"
209.99.144.156 - - [14/Apr/2025:08:16:07 -0400] "GET / HTTP/1.1" 200 98430 "-" "Mozilla/5.0 (Windows NT 10.0; WOW64) AppleWebKit/537.36 (KHTML, like Gecko) Chrome/20.0.1132.57 Safari/537.36"
212.23.222.55 - - [14/Apr/2025:08:24:42 -0400] "GET / HTTP/1.1" 200 98430 "-" "Timpibot/0.9 (+http://www.timpi.io)"
198.54.114.83 - - [14/Apr/2025:08:28:43 -0400] "POST /wp-cron.php?doing_wp_cron=1744633722.5625948905944824218750 HTTP/1.1" 200 0 "-" "WordPress/6.7.2; https://creative-webstyle.com"
216.244.66.194 - - [14/Apr/2025:08:28:39 -0400] "GET /how-to-keep-up-your-oral-hygiene/ HTTP/1.1" 200 22928 "-" "Mozilla/5.0 (compatible; DotBot/1.2; +https://opensiteexplorer.org/dotbot; help@moz.com)"
198.54.114.83 - - [14/Apr/2025:08:29:19 -0400] "POST /wp-cron.php?doing_wp_cron=1744633758.3828499317169189453125 HTTP/1.1" 200 0 "-" "WordPress/6.7.2; https://creative-webstyle.com"
216.244.66.194 - - [14/Apr/2025:08:29:17 -0400] "GET /gitarre-lernen-in-dusseldorf/ HTTP/1.1" 200 22969 "-" "Mozilla/5.0 (compatible; DotBot/1.2; +https://opensiteexplorer.org/dotbot; help@moz.com)"
216.244.66.194 - - [14/Apr/2025:08:36:40 -0400] "GET /category/activity/page/6/ HTTP/1.1" 200 20351 "-" "Mozilla/5.0 (compatible; DotBot/1.2; +https://opensiteexplorer.org/dotbot; help@moz.com)"
43.131.253.14 - - [14/Apr/2025:08:50:31 -0400] "GET / HTTP/1.1" 200 98430 "-" "Mozilla/5.0 (iPhone; CPU iPhone OS 13_2_3 like Mac OS X) AppleWebKit/605.1.15 (KHTML, like Gecko) Version/13.0.3 Mobile/15E148 Safari/604.1"
160.153.159.5 - - [14/Apr/2025:08:52:29 -0400] "GET /wp-json/wp/v2/users HTTP/1.1" 200 2069 "-" "Mozilla/5.0 (Windows NT 10.0; Win64; x64; rv:88.0) Gecko/20100101 Firefox/88.0"
198.54.114.83 - - [14/Apr/2025:08:52:35 -0400] "POST /wp-cron.php?doing_wp_cron=1744635153.3073229789733886718750 HTTP/1.1" 200 0 "-" "WordPress/6.7.2; https://creative-webstyle.com"
160.153.159.5 - - [14/Apr/2025:08:52:35 -0400] "GET /wp-json/wp/v2/users HTTP/1.1" 200 2069 "-" "Mozilla/5.0 (Windows NT 10.0; Win64; x64; rv:88.0) Gecko/20100101 Firefox/88.0"
159.223.132.86 - - [14/Apr/2025:08:55:25 -0400] "GET / HTTP/1.1" 200 0 "-" "-"
154.47.20.231 - - [14/Apr/2025:09:03:45 -0400] "GET / HTTP/1.1" 200 98430 "-" "Mozilla/5.0 (Windows; U; Windows NT 6.1; en-US; rv:1.9.1.5) Gecko/20091102 Firefox/3.5.5 (.NET CLR 3.5.30729)"
216.244.66.194 - - [14/Apr/2025:09:07:39 -0400] "GET /robots.txt HTTP/1.1" 200 132 "-" "Mozilla/5.0 (compatible; DotBot/1.2; +https://opensiteexplorer.org/dotbot; help@moz.com)"
36.111.67.189 - - [14/Apr/2025:09:07:43 -0400] "GET / HTTP/1.1" 200 98430 "-" "Mozilla/5.0 (iPhone; CPU iPhone OS 13_2_3 like Mac OS X) AppleWebKit/605.1.15 (KHTML, like Gecko) Version/13.0.3 Mobile/15E148 Safari/604.1"
198.54.114.83 - - [14/Apr/2025:09:12:59 -0400] "POST /wp-cron.php?doing_wp_cron=1744636378.2058711051940917968750 HTTP/1.1" 200 0 "-" "WordPress/6.7.2; https://creative-webstyle.com"
98.188.47.132 - - [14/Apr/2025:09:12:57 -0400] "GET /the-intriguing-world-of-satta-king-a-comprehensive-overview/ HTTP/1.1" 200 23063 "-" "Mozilla/5.0 (Windows NT 10.0; Win64; x64) AppleWebKit/537.36 (KHTML, like Gecko) Chrome/114.0.0.0 Safari/537.36"
198.54.114.83 - - [14/Apr/2025:09:24:02 -0400] "POST /wp-cron.php?doing_wp_cron=1744637042.4971249103546142578125 HTTP/1.1" 200 0 "-" "WordPress/6.7.2; https://creative-webstyle.com"
216.244.66.194 - - [14/Apr/2025:09:24:02 -0400] "GET /category/activity/page/22/ HTTP/1.1" 200 20623 "-" "Mozilla/5.0 (compatible; DotBot/1.2; +https://opensiteexplorer.org/dotbot; help@moz.com)"
157.90.182.30 - - [14/Apr/2025:09:42:26 -0400] "GET /robots.txt HTTP/1.1" 200 132 "-" "Mozilla/5.0 (compatible; BLEXBot/1.0; +https://help.seranking.com/en/blex-crawler)"
157.90.182.30 - - [14/Apr/2025:09:42:27 -0400] "GET / HTTP/1.1" 200 98430 "-" "Mozilla/5.0 (compatible; BLEXBot/1.0; +https://help.seranking.com/en/blex-crawler)"
198.54.114.83 - - [14/Apr/2025:09:49:56 -0400] "POST /wp-cron.php?doing_wp_cron=1744638594.8008120059967041015625 HTTP/1.1" 200 0 "-" "WordPress/6.7.2; https://creative-webstyle.com"
13.68.75.117 - - [14/Apr/2025:09:49:54 -0400] "GET /autoload_classmap.php HTTP/1.1" 404 15291 "-" "-"
13.68.75.117 - - [14/Apr/2025:09:49:57 -0400] "GET /post.php HTTP/1.1" 404 15282 "-" "-"
13.68.75.117 - - [14/Apr/2025:09:50:00 -0400] "GET /1.php HTTP/1.1" 404 15284 "-" "-"
13.68.75.117 - - [14/Apr/2025:09:50:01 -0400] "GET /flower.php HTTP/1.1" 404 15287 "-" "-"
13.68.75.117 - - [14/Apr/2025:09:50:05 -0400] "GET /admin.php HTTP/1.1" 404 15285 "-" "-"
13.68.75.117 - - [14/Apr/2025:09:50:07 -0400] "GET /file.php HTTP/1.1" 404 15286 "-" "-"
13.68.75.117 - - [14/Apr/2025:09:50:09 -0400] "GET /meta.php HTTP/1.1" 404 15286 "-" "-"
13.68.75.117 - - [14/Apr/2025:09:50:10 -0400] "GET /index.php HTTP/1.1" 301 0 "-" "-"
13.68.75.117 - - [14/Apr/2025:09:50:11 -0400] "GET / HTTP/1.1" 200 98430 "-" "-"
13.68.75.117 - - [14/Apr/2025:09:50:11 -0400] "GET /about.php HTTP/1.1" 404 15285 "-" "-"
13.68.75.117 - - [14/Apr/2025:09:50:13 -0400] "GET /randkeyword.php HTTP/1.1" 404 15291 "-" "-"
13.68.75.117 - - [14/Apr/2025:09:50:14 -0400] "GET /goods.php HTTP/1.1" 404 15287 "-" "-"
13.68.75.117 - - [14/Apr/2025:09:50:15 -0400] "GET /hehe.php HTTP/1.1" 404 15286 "-" "-"
13.68.75.117 - - [14/Apr/2025:09:50:17 -0400] "GET /yindu.php HTTP/1.1" 404 15286 "-" "-"
13.68.75.117 - - [14/Apr/2025:09:50:19 -0400] "GET /wp-admin/class-db.php HTTP/1.1" 404 15288 "-" "-"
13.68.75.117 - - [14/Apr/2025:09:50:21 -0400] "GET /baxa1.phP8 HTTP/1.1" 404 15289 "-" "-"
13.68.75.117 - - [14/Apr/2025:09:50:22 -0400] "GET /baxa1.php HTTP/1.1" 404 15287 "-" "-"
13.68.75.117 - - [14/Apr/2025:09:50:25 -0400] "GET /.well-known//index.php HTTP/1.1" 301 0 "-" "-"
13.68.75.117 - - [14/Apr/2025:09:50:26 -0400] "GET /.well-known/ HTTP/1.1" 404 15289 "-" "-"
13.68.75.117 - - [14/Apr/2025:09:50:28 -0400] "GET /libraries/phpmailer//index.php HTTP/1.1" 301 0 "-" "-"
13.68.75.117 - - [14/Apr/2025:09:50:30 -0400] "GET /libraries/phpmailer/ HTTP/1.1" 404 15296 "-" "-"
13.68.75.117 - - [14/Apr/2025:09:50:32 -0400] "GET /wp-admin/autoload_classmap.php HTTP/1.1" 404 15292 "-" "-"
13.68.75.117 - - [14/Apr/2025:09:50:35 -0400] "GET /wp-admin/css/colors/blue//1.php HTTP/1.1" 301 0 "-" "-"
13.68.75.117 - - [14/Apr/2025:09:50:36 -0400] "GET /wp-admin/css/colors/blue/1.php HTTP/1.1" 404 15297 "-" "-"
13.68.75.117 - - [14/Apr/2025:09:50:37 -0400] "GET /wp-content/plugins//about.php HTTP/1.1" 301 0 "-" "-"
13.68.75.117 - - [14/Apr/2025:09:50:38 -0400] "GET /wp-content/plugins/about.php HTTP/1.1" 404 15295 "-" "-"
13.68.75.117 - - [14/Apr/2025:09:50:40 -0400] "GET /wp-content/plugins//index.php HTTP/1.1" 200 0 "-" "-"
13.68.75.117 - - [14/Apr/2025:09:50:40 -0400] "GET /wp-content/plugins/about.php HTTP/1.1" 404 15295 "-" "-"
13.68.75.117 - - [14/Apr/2025:09:50:40 -0400] "GET /wp-content/uploads/BbUMY/flower.php HTTP/1.1" 404 15305 "-" "-"
13.68.75.117 - - [14/Apr/2025:09:50:42 -0400] "GET /wp-includes/ID3//file.php HTTP/1.1" 301 0 "-" "-"
13.68.75.117 - - [14/Apr/2025:09:50:43 -0400] "GET /wp-includes/ID3/file.php HTTP/1.1" 404 15295 "-" "-"
13.68.75.117 - - [14/Apr/2025:09:50:45 -0400] "GET /wp-includes/Text/Diff/Engine//about.php HTTP/1.1" 301 0 "-" "-"
13.68.75.117 - - [14/Apr/2025:09:50:46 -0400] "GET /wp-includes/Text/Diff/Engine/about.php HTTP/1.1" 404 15305 "-" "-"
13.68.75.117 - - [14/Apr/2025:09:50:47 -0400] "GET /wp-includes/Text/Diff/Engine//index.php HTTP/1.1" 301 0 "-" "-"
13.68.75.117 - - [14/Apr/2025:09:50:48 -0400] "GET /wp-includes/Text/Diff/Engine/ HTTP/1.1" 403 1242 "-" "-"
13.68.75.117 - - [14/Apr/2025:09:50:49 -0400] "GET /wp-includes/css//index.php HTTP/1.1" 301 0 "-" "-"
13.68.75.117 - - [14/Apr/2025:09:50:49 -0400] "GET /wp-includes/css/ HTTP/1.1" 403 1242 "-" "-"
13.68.75.117 - - [14/Apr/2025:09:50:49 -0400] "GET /wp-includes/css//xc.php HTTP/1.1" 301 0 "-" "-"
13.68.75.117 - - [14/Apr/2025:09:50:51 -0400] "GET /wp-includes/css/xc.php HTTP/1.1" 404 15293 "-" "-"
13.68.75.117 - - [14/Apr/2025:09:50:52 -0400] "GET /wp-includes/images//about.php HTTP/1.1" 301 0 "-" "-"
13.68.75.117 - - [14/Apr/2025:09:50:53 -0400] "GET /wp-includes/images/about.php HTTP/1.1" 404 15292 "-" "-"
198.54.114.83 - - [14/Apr/2025:09:50:56 -0400] "POST /wp-cron.php?doing_wp_cron=1744638656.0669720172882080078125 HTTP/1.1" 200 0 "-" "WordPress/6.7.2; https://creative-webstyle.com"
13.68.75.117 - - [14/Apr/2025:09:50:55 -0400] "GET /wp-includes/images/crystal//index.php HTTP/1.1" 301 0 "-" "-"
13.68.75.117 - - [14/Apr/2025:09:50:56 -0400] "GET /wp-includes/images/crystal/ HTTP/1.1" 403 1242 "-" "-"
13.68.75.117 - - [14/Apr/2025:09:50:57 -0400] "GET /wp//index.php HTTP/1.1" 301 0 "-" "-"
13.68.75.117 - - [14/Apr/2025:09:50:57 -0400] "GET /wp/ HTTP/1.1" 404 15280 "-" "-"
13.68.75.117 - - [14/Apr/2025:09:50:58 -0400] "GET /user.php HTTP/1.1" 404 15285 "-" "-"
13.68.75.117 - - [14/Apr/2025:09:51:00 -0400] "GET /wp-2019.php HTTP/1.1" 404 15285 "-" "-"
13.68.75.117 - - [14/Apr/2025:09:51:01 -0400] "GET /chosen.php HTTP/1.1" 404 15288 "-" "-"
13.68.75.117 - - [14/Apr/2025:09:51:04 -0400] "GET /functions.php HTTP/1.1" 404 15288 "-" "-"
13.68.75.117 - - [14/Apr/2025:09:51:05 -0400] "GET /cron.php HTTP/1.1" 404 15286 "-" "-"
13.68.75.117 - - [14/Apr/2025:09:51:06 -0400] "GET /edit.php HTTP/1.1" 404 15286 "-" "-"
13.68.75.117 - - [14/Apr/2025:09:51:08 -0400] "GET /gecko-new.php HTTP/1.1" 404 15289 "-" "-"
13.68.75.117 - - [14/Apr/2025:09:51:09 -0400] "GET /cookie.php HTTP/1.1" 404 15287 "-" "-"
13.68.75.117 - - [14/Apr/2025:09:51:10 -0400] "GET /xleet.php HTTP/1.1" 404 15287 "-" "-"
13.68.75.117 - - [14/Apr/2025:09:51:12 -0400] "GET /spip.php HTTP/1.1" 404 15285 "-" "-"
13.68.75.117 - - [14/Apr/2025:09:51:13 -0400] "GET /22.php HTTP/1.1" 404 15283 "-" "-"
13.68.75.117 - - [14/Apr/2025:09:51:14 -0400] "GET /room.php HTTP/1.1" 404 15292 "-" "-"
13.68.75.117 - - [14/Apr/2025:09:51:15 -0400] "GET /disagreed.php HTTP/1.1" 404 15291 "-" "-"
13.68.75.117 - - [14/Apr/2025:09:51:17 -0400] "GET /text.php HTTP/1.1" 404 15284 "-" "-"
13.68.75.117 - - [14/Apr/2025:09:51:18 -0400] "GET /alfa-rex.php HTTP/1.1" 404 15288 "-" "-"
13.68.75.117 - - [14/Apr/2025:09:51:19 -0400] "GET /alfa-rex.php7 HTTP/1.1" 404 15289 "-" "-"
13.68.75.117 - - [14/Apr/2025:09:51:20 -0400] "GET /feeds.php HTTP/1.1" 404 15287 "-" "-"
13.68.75.117 - - [14/Apr/2025:09:51:21 -0400] "GET /radio.php HTTP/1.1" 404 15286 "-" "-"
13.68.75.117 - - [14/Apr/2025:09:51:21 -0400] "GET /dropdown.php HTTP/1.1" 404 15289 "-" "-"
13.68.75.117 - - [14/Apr/2025:09:51:22 -0400] "GET /defaults.php HTTP/1.1" 404 15289 "-" "-"
13.68.75.117 - - [14/Apr/2025:09:51:23 -0400] "GET /system.php HTTP/1.1" 404 15287 "-" "-"
13.68.75.117 - - [14/Apr/2025:09:51:24 -0400] "GET /colors.php HTTP/1.1" 404 15287 "-" "-"
13.68.75.117 - - [14/Apr/2025:09:51:25 -0400] "GET /updates.php HTTP/1.1" 404 15285 "-" "-"
13.68.75.117 - - [14/Apr/2025:09:51:26 -0400] "GET /alfa-rex1.php HTTP/1.1" 404 15290 "-" "-"
13.68.75.117 - - [14/Apr/2025:09:51:27 -0400] "GET /wp-index.php HTTP/1.1" 404 15286 "-" "-"
13.68.75.117 - - [14/Apr/2025:09:51:28 -0400] "GET /wp-admin.php HTTP/1.1" 404 15283 "-" "-"
13.68.75.117 - - [14/Apr/2025:09:51:29 -0400] "GET /alfa.php HTTP/1.1" 404 15285 "-" "-"
13.68.75.117 - - [14/Apr/2025:09:51:30 -0400] "GET /alfanew.php7 HTTP/1.1" 404 15290 "-" "-"
13.68.75.117 - - [14/Apr/2025:09:51:31 -0400] "GET /locale.php HTTP/1.1" 404 15288 "-" "-"
13.68.75.117 - - [14/Apr/2025:09:51:32 -0400] "GET /wxo.php HTTP/1.1" 404 15284 "-" "-"
13.68.75.117 - - [14/Apr/2025:09:51:33 -0400] "GET /colour.php HTTP/1.1" 404 15287 "-" "-"
13.68.75.117 - - [14/Apr/2025:09:51:35 -0400] "GET /files.php HTTP/1.1" 404 15287 "-" "-"
13.68.75.117 - - [14/Apr/2025:09:51:36 -0400] "GET /install.php HTTP/1.1" 404 15289 "-" "-"
13.68.75.117 - - [14/Apr/2025:09:51:38 -0400] "GET /wp-contentt.php HTTP/1.1" 404 15285 "-" "-"
13.68.75.117 - - [14/Apr/2025:09:51:39 -0400] "GET /config.php7 HTTP/1.1" 404 15288 "-" "-"
13.68.75.117 - - [14/Apr/2025:09:51:40 -0400] "GET /config.php HTTP/1.1" 404 15288 "-" "-"
13.68.75.117 - - [14/Apr/2025:09:51:41 -0400] "GET /theme.php HTTP/1.1" 404 15285 "-" "-"
13.68.75.117 - - [14/Apr/2025:09:51:44 -0400] "GET /block-bindings.php HTTP/1.1" 404 15292 "-" "-"
13.68.75.117 - - [14/Apr/2025:09:51:45 -0400] "GET /class_api.php HTTP/1.1" 404 15289 "-" "-"
13.68.75.117 - - [14/Apr/2025:09:51:47 -0400] "GET /inputs.php HTTP/1.1" 404 15286 "-" "-"
198.54.114.83 - - [14/Apr/2025:09:51:50 -0400] "POST /wp-cron.php?doing_wp_cron=1744638709.6196711063385009765625 HTTP/1.1" 200 0 "-" "WordPress/6.7.2; https://creative-webstyle.com"
13.68.75.117 - - [14/Apr/2025:09:51:49 -0400] "GET /root.php HTTP/1.1" 404 15284 "-" "-"
13.68.75.117 - - [14/Apr/2025:09:51:51 -0400] "GET /menu.php HTTP/1.1" 404 15285 "-" "-"
198.54.114.83 - - [14/Apr/2025:09:51:54 -0400] "POST /wp-cron.php?doing_wp_cron=1744638714.4192750453948974609375 HTTP/1.1" 200 0 "-" "WordPress/6.7.2; https://creative-webstyle.com"
13.68.75.117 - - [14/Apr/2025:09:51:53 -0400] "GET /plugin.php HTTP/1.1" 404 15287 "-" "-"
13.68.75.117 - - [14/Apr/2025:09:51:57 -0400] "GET /cloud.php HTTP/1.1" 404 15286 "-" "-"
13.68.75.117 - - [14/Apr/2025:09:51:59 -0400] "GET /configs.php HTTP/1.1" 404 15289 "-" "-"
13.68.75.117 - - [14/Apr/2025:09:52:00 -0400] "GET /wp-configs.php HTTP/1.1" 404 15288 "-" "-"
13.68.75.117 - - [14/Apr/2025:09:52:03 -0400] "GET /update.php HTTP/1.1" 404 15285 "-" "-"
13.68.75.117 - - [14/Apr/2025:09:52:05 -0400] "GET /2.php HTTP/1.1" 404 15284 "-" "-"
13.68.75.117 - - [14/Apr/2025:09:52:07 -0400] "GET /input.php HTTP/1.1" 404 15285 "-" "-"
13.68.75.117 - - [14/Apr/2025:09:52:09 -0400] "GET /aaa.php HTTP/1.1" 404 15284 "-" "-"
216.244.66.194 - - [14/Apr/2025:09:54:55 -0400] "GET /robots.txt HTTP/1.1" 200 132 "-" "Mozilla/5.0 (compatible; DotBot/1.2; +https://opensiteexplorer.org/dotbot; help@moz.com)"
198.54.114.83 - - [14/Apr/2025:10:04:16 -0400] "POST /wp-cron.php?doing_wp_cron=1744639456.3297450542449951171875 HTTP/1.1" 200 0 "-" "WordPress/6.7.2; https://creative-webstyle.com"
216.244.66.194 - - [14/Apr/2025:10:04:09 -0400] "GET /2024/07/ HTTP/1.1" 301 0 "-" "Mozilla/5.0 (compatible; DotBot/1.2; +https://opensiteexplorer.org/dotbot; help@moz.com)"
198.54.114.83 - - [14/Apr/2025:10:05:58 -0400] "POST /wp-cron.php?doing_wp_cron=1744639558.2691578865051269531250 HTTP/1.1" 200 0 "-" "WordPress/6.7.2; https://creative-webstyle.com"
135.119.140.236 - - [14/Apr/2025:10:05:54 -0400] "HEAD /wordpress HTTP/1.1" 404 0 "-" "Mozilla/5.0 (Windows NT 10.0; Win64; x64) AppleWebKit/537.36 (KHTML, like Gecko) Chrome/74.0.3729.169 Safari/537.36"
135.119.140.236 - - [14/Apr/2025:10:06:00 -0400] "HEAD / HTTP/1.1" 200 0 "-" "Mozilla/5.0 (Windows NT 10.0; Win64; x64) AppleWebKit/537.36 (KHTML, like Gecko) Chrome/74.0.3729.169 Safari/537.36"
135.119.140.236 - - [14/Apr/2025:10:06:00 -0400] "HEAD /wp HTTP/1.1" 404 0 "-" "Mozilla/5.0 (Windows NT 10.0; Win64; x64) AppleWebKit/537.36 (KHTML, like Gecko) Chrome/74.0.3729.169 Safari/537.36"
135.119.140.236 - - [14/Apr/2025:10:06:01 -0400] "HEAD /bc HTTP/1.1" 404 0 "-" "Mozilla/5.0 (Windows NT 10.0; Win64; x64) AppleWebKit/537.36 (KHTML, like Gecko) Chrome/74.0.3729.169 Safari/537.36"
135.119.140.236 - - [14/Apr/2025:10:06:03 -0400] "HEAD /bk HTTP/1.1" 404 0 "-" "Mozilla/5.0 (Windows NT 10.0; Win64; x64) AppleWebKit/537.36 (KHTML, like Gecko) Chrome/74.0.3729.169 Safari/537.36"
135.119.140.236 - - [14/Apr/2025:10:06:04 -0400] "HEAD /backup HTTP/1.1" 404 0 "-" "Mozilla/5.0 (Windows NT 10.0; Win64; x64) AppleWebKit/537.36 (KHTML, like Gecko) Chrome/74.0.3729.169 Safari/537.36"
135.119.140.236 - - [14/Apr/2025:10:06:05 -0400] "HEAD /old HTTP/1.1" 404 0 "-" "Mozilla/5.0 (Windows NT 10.0; Win64; x64) AppleWebKit/537.36 (KHTML, like Gecko) Chrome/74.0.3729.169 Safari/537.36"
135.119.140.236 - - [14/Apr/2025:10:06:06 -0400] "HEAD /new HTTP/1.1" 301 0 "-" "Mozilla/5.0 (Windows NT 10.0; Win64; x64) AppleWebKit/537.36 (KHTML, like Gecko) Chrome/74.0.3729.169 Safari/537.36"
135.119.140.236 - - [14/Apr/2025:10:06:09 -0400] "HEAD /main HTTP/1.1" 404 0 "-" "Mozilla/5.0 (Windows NT 10.0; Win64; x64) AppleWebKit/537.36 (KHTML, like Gecko) Chrome/74.0.3729.169 Safari/537.36"
135.119.140.236 - - [14/Apr/2025:10:06:10 -0400] "HEAD /home HTTP/1.1" 301 0 "-" "Mozilla/5.0 (Windows NT 10.0; Win64; x64) AppleWebKit/537.36 (KHTML, like Gecko) Chrome/74.0.3729.169 Safari/537.36"
198.54.114.83 - - [14/Apr/2025:10:07:21 -0400] "POST /wp-cron.php?doing_wp_cron=1744639641.0096991062164306640625 HTTP/1.1" 200 0 "-" "WordPress/6.7.2; https://creative-webstyle.com"
216.244.66.194 - - [14/Apr/2025:10:07:20 -0400] "GET /2023/12/21/ HTTP/1.1" 301 0 "-" "Mozilla/5.0 (compatible; DotBot/1.2; +https://opensiteexplorer.org/dotbot; help@moz.com)"
198.54.114.83 - - [14/Apr/2025:10:08:39 -0400] "POST /wp-cron.php?doing_wp_cron=1744639719.4718949794769287109375 HTTP/1.1" 200 0 "-" "WordPress/6.7.2; https://creative-webstyle.com"
216.244.66.194 - - [14/Apr/2025:10:08:38 -0400] "GET /die-eleganz-der-mordren-hangelampe/feed/ HTTP/1.1" 200 446 "-" "Mozilla/5.0 (compatible; DotBot/1.2; +https://opensiteexplorer.org/dotbot; help@moz.com)"
198.54.114.83 - - [14/Apr/2025:10:09:13 -0400] "POST /wp-cron.php?doing_wp_cron=1744639751.9595620632171630859375 HTTP/1.1" 200 0 "-" "WordPress/6.7.2; https://creative-webstyle.com"
216.244.66.194 - - [14/Apr/2025:10:09:11 -0400] "GET /moderne-hangeleuchte-fur-zeitgemases-wohnambiente/feed/ HTTP/1.1" 200 467 "-" "Mozilla/5.0 (compatible; DotBot/1.2; +https://opensiteexplorer.org/dotbot; help@moz.com)"
198.54.114.83 - - [14/Apr/2025:10:16:25 -0400] "POST /wp-cron.php?doing_wp_cron=1744640184.7892010211944580078125 HTTP/1.1" 200 0 "-" "WordPress/6.7.2; https://creative-webstyle.com"
216.244.66.194 - - [14/Apr/2025:10:16:24 -0400] "GET /choosing-a-diaper-bag/feed/ HTTP/1.1" 200 427 "-" "Mozilla/5.0 (compatible; DotBot/1.2; +https://opensiteexplorer.org/dotbot; help@moz.com)"
139.59.250.182 - - [14/Apr/2025:10:32:12 -0400] "GET / HTTP/1.1" 200 98430 "-" "-"
198.54.114.83 - - [14/Apr/2025:10:48:51 -0400] "POST /wp-cron.php?doing_wp_cron=1744642130.9501910209655761718750 HTTP/1.1" 200 0 "-" "WordPress/6.7.2; https://creative-webstyle.com"
222.186.134.245 - - [14/Apr/2025:10:48:45 -0400] "GET /e/data/images/arrow.gif HTTP/1.1" 404 15298 "http://creative-webstyle.com/e/data/images/arrow.gif" "Mozilla/4.0 (compatible; MSIE 9.0; Windows NT 6.1)"
198.54.114.83 - - [14/Apr/2025:10:51:10 -0400] "POST /wp-cron.php?doing_wp_cron=1744642270.1269629001617431640625 HTTP/1.1" 200 0 "-" "WordPress/6.7.2; https://creative-webstyle.com"
216.244.66.194 - - [14/Apr/2025:10:51:06 -0400] "GET /hamburg-fur-ihre-bedurfnisse/ HTTP/1.1" 200 22780 "-" "Mozilla/5.0 (compatible; DotBot/1.2; +https://opensiteexplorer.org/dotbot; help@moz.com)"
216.244.66.194 - - [14/Apr/2025:11:05:28 -0400] "GET /a-glimpse-into-luxury-living-exploring-the-hillhaven-showflat/feed/ HTTP/1.1" 200 478 "-" "Mozilla/5.0 (compatible; DotBot/1.2; +https://opensiteexplorer.org/dotbot; help@moz.com)"
198.54.114.83 - - [14/Apr/2025:11:05:36 -0400] "POST /wp-cron.php?doing_wp_cron=1744643133.3069400787353515625000 HTTP/1.1" 200 0 "-" "WordPress/6.7.2; https://creative-webstyle.com"
109.70.100.1 - - [14/Apr/2025:11:14:41 -0400] "GET / HTTP/1.1" 200 98430 "http://creative-webstyle.com" "Mozilla/5.0 (Windows NT 6.3; rv:39.0) Gecko/20100101 Firefox/39.0"
216.244.66.194 - - [14/Apr/2025:11:29:42 -0400] "GET /robots.txt HTTP/1.1" 304 0 "-" "Mozilla/5.0 (compatible; DotBot/1.2; +https://opensiteexplorer.org/dotbot; help@moz.com)"
46.8.22.200 - - [14/Apr/2025:11:40:10 -0400] "GET /hvac-systems-and-mold/ HTTP/1.1" 200 24055 "http://creative-webstyle.com/hvac-systems-and-mold/" "Mozilla/5.0 (Windows NT 10.0; Win64; x64) AppleWebKit/537.36 (KHTML, like Gecko) Chrome/131.0.0.0 Safari/537.36 Avast/131.0.0.0"
198.54.114.83 - - [14/Apr/2025:11:40:18 -0400] "POST /wp-cron.php?doing_wp_cron=1744645217.7999799251556396484375 HTTP/1.1" 200 0 "-" "WordPress/6.7.2; https://creative-webstyle.com"
46.8.22.200 - - [14/Apr/2025:11:40:12 -0400] "POST /wp-comments-post.php HTTP/1.1" 302 0 "http://creative-webstyle.com/hvac-systems-and-mold/" "Mozilla/5.0 (Windows NT 10.0; Win64; x64) AppleWebKit/537.36 (KHTML, like Gecko) Chrome/131.0.0.0 Safari/537.36 Avast/131.0.0.0"
151.106.171.1 - - [14/Apr/2025:11:40:22 -0400] "GET /img/2019itamae850-1.jpg HTTP/1.1" 301 0 "-" "Mozilla/5.0 (X11; Ubuntu; Linux x86_64; rv:72.0) Gecko/20100101 Firefox/72.0"
151.106.171.1 - - [14/Apr/2025:11:40:24 -0400] "GET /img/2019itamae850-1.jpg HTTP/1.1" 404 15295 "-" "Mozilla/5.0 (X11; Ubuntu; Linux x86_64; rv:72.0) Gecko/20100101 Firefox/72.0"
151.106.171.1 - - [14/Apr/2025:11:40:26 -0400] "GET /img/2019itamae850-1.jpg HTTP/1.1" 301 0 "-" "Mozilla/5.0 (X11; Ubuntu; Linux x86_64; rv:72.0) Gecko/20100101 Firefox/72.0"
151.106.171.1 - - [14/Apr/2025:11:40:28 -0400] "GET /img/2019itamae850-1.jpg HTTP/1.1" 404 15295 "-" "Mozilla/5.0 (X11; Ubuntu; Linux x86_64; rv:72.0) Gecko/20100101 Firefox/72.0"
151.106.171.1 - - [14/Apr/2025:11:40:29 -0400] "GET /img/2019itamae850-1.jpg HTTP/1.1" 301 0 "-" "Mozilla/5.0 (X11; Ubuntu; Linux x86_64; rv:72.0) Gecko/20100101 Firefox/72.0"
151.106.171.1 - - [14/Apr/2025:11:40:30 -0400] "GET /img/2019itamae850-1.jpg HTTP/1.1" 404 15295 "-" "Mozilla/5.0 (X11; Ubuntu; Linux x86_64; rv:72.0) Gecko/20100101 Firefox/72.0"
51.222.253.18 - - [14/Apr/2025:11:42:54 -0400] "GET /robots.txt HTTP/1.1" 200 132 "-" "Mozilla/5.0 (compatible; AhrefsBot/7.0; +http://ahrefs.com/robot/)"
47.238.13.17 - - [14/Apr/2025:11:50:36 -0400] "GET / HTTP/1.1" 200 98430 "-" "Mozilla/5.0 (Macintosh; Intel Mac OS X 10_15_7) AppleWebKit/537.36 (KHTML, like Gecko) Chrome/109.0.0.0 Safari/537.36"
198.54.114.83 - - [14/Apr/2025:11:52:20 -0400] "POST /wp-cron.php?doing_wp_cron=1744645940.2730469703674316406250 HTTP/1.1" 200 0 "-" "WordPress/6.7.2; https://creative-webstyle.com"
216.244.66.194 - - [14/Apr/2025:11:52:19 -0400] "GET /category/activity/page/112/ HTTP/1.1" 200 20210 "-" "Mozilla/5.0 (compatible; DotBot/1.2; +https://opensiteexplorer.org/dotbot; help@moz.com)"
198.54.114.83 - - [14/Apr/2025:11:53:08 -0400] "POST /wp-cron.php?doing_wp_cron=1744645986.9885199069976806640625 HTTP/1.1" 200 0 "-" "WordPress/6.7.2; https://creative-webstyle.com"
216.244.66.194 - - [14/Apr/2025:11:53:06 -0400] "GET /thailand-elite-agent/feed/ HTTP/1.1" 200 421 "-" "Mozilla/5.0 (compatible; DotBot/1.2; +https://opensiteexplorer.org/dotbot; help@moz.com)"
216.244.66.194 - - [14/Apr/2025:11:54:02 -0400] "GET /unveiling-the-serenity-of-the-hill-shore/feed/ HTTP/1.1" 200 457 "-" "Mozilla/5.0 (compatible; DotBot/1.2; +https://opensiteexplorer.org/dotbot; help@moz.com)"
85.208.98.23 - - [14/Apr/2025:12:05:37 -0400] "GET /robots.txt HTTP/1.1" 200 132 "-" "Mozilla/5.0 (compatible; SemrushBot-BA; +http://www.semrush.com/bot.html)"
85.208.98.23 - - [14/Apr/2025:12:05:41 -0400] "GET /robots.txt HTTP/1.1" 200 132 "-" "Mozilla/5.0 (compatible; SemrushBot-BA; +http://www.semrush.com/bot.html)"
2a11:5781:941b:e07a:3e7d:e8d5:67fd:3b09 - - [14/Apr/2025:12:12:08 -0400] "GET /hvac-systems-and-mold/ HTTP/1.1" 200 24055 "http://creative-webstyle.com/hvac-systems-and-mold/#comment-32476" "Mozilla/5.0 (Windows NT 10.0; Win64; x64) AppleWebKit/537.36 (KHTML, like Gecko) Chrome/131.0.0.0 Safari/537.36 Avast/131.0.0.0"
198.54.114.83 - - [14/Apr/2025:12:12:17 -0400] "POST /wp-cron.php?doing_wp_cron=1744647136.4140150547027587890625 HTTP/1.1" 200 0 "-" "WordPress/6.7.2; https://creative-webstyle.com"
2a12:8106:24:d2b5:3d40:6686:14a4:95cd - - [14/Apr/2025:12:12:11 -0400] "POST /wp-comments-post.php HTTP/1.1" 302 0 "http://creative-webstyle.com/hvac-systems-and-mold/#comment-32476" "Mozilla/5.0 (Windows NT 10.0; Win64; x64) AppleWebKit/537.36 (KHTML, like Gecko) Chrome/131.0.0.0 Safari/537.36 Avast/131.0.0.0"
216.244.66.194 - - [14/Apr/2025:12:17:19 -0400] "GET /robots.txt HTTP/1.1" 304 0 "-" "Mozilla/5.0 (compatible; DotBot/1.2; +https://opensiteexplorer.org/dotbot; help@moz.com)"
20.121.186.102 - - [14/Apr/2025:12:22:38 -0400] "HEAD /wordpress HTTP/1.1" 404 0 "-" "Mozilla/5.0 (Windows NT 10.0; Win64; x64) AppleWebKit/537.36 (KHTML, like Gecko) Chrome/74.0.3729.169 Safari/537.36"
20.121.186.102 - - [14/Apr/2025:12:22:42 -0400] "HEAD / HTTP/1.1" 200 0 "-" "Mozilla/5.0 (Windows NT 10.0; Win64; x64) AppleWebKit/537.36 (KHTML, like Gecko) Chrome/74.0.3729.169 Safari/537.36"
20.121.186.102 - - [14/Apr/2025:12:22:46 -0400] "HEAD /wp HTTP/1.1" 404 0 "-" "Mozilla/5.0 (Windows NT 10.0; Win64; x64) AppleWebKit/537.36 (KHTML, like Gecko) Chrome/74.0.3729.169 Safari/537.36"
20.121.186.102 - - [14/Apr/2025:12:22:50 -0400] "HEAD /bc HTTP/1.1" 404 0 "-" "Mozilla/5.0 (Windows NT 10.0; Win64; x64) AppleWebKit/537.36 (KHTML, like Gecko) Chrome/74.0.3729.169 Safari/537.36"
20.121.186.102 - - [14/Apr/2025:12:22:53 -0400] "HEAD /bk HTTP/1.1" 404 0 "-" "Mozilla/5.0 (Windows NT 10.0; Win64; x64) AppleWebKit/537.36 (KHTML, like Gecko) Chrome/74.0.3729.169 Safari/537.36"
20.121.186.102 - - [14/Apr/2025:12:22:56 -0400] "HEAD /backup HTTP/1.1" 404 0 "-" "Mozilla/5.0 (Windows NT 10.0; Win64; x64) AppleWebKit/537.36 (KHTML, like Gecko) Chrome/74.0.3729.169 Safari/537.36"
20.121.186.102 - - [14/Apr/2025:12:23:00 -0400] "HEAD /old HTTP/1.1" 404 0 "-" "Mozilla/5.0 (Windows NT 10.0; Win64; x64) AppleWebKit/537.36 (KHTML, like Gecko) Chrome/74.0.3729.169 Safari/537.36"
198.54.114.83 - - [14/Apr/2025:12:23:04 -0400] "POST /wp-cron.php?doing_wp_cron=1744647780.7096190452575683593750 HTTP/1.1" 200 0 "-" "WordPress/6.7.2; https://creative-webstyle.com"
20.121.186.102 - - [14/Apr/2025:12:23:05 -0400] "HEAD /new HTTP/1.1" 301 0 "-" "Mozilla/5.0 (Windows NT 10.0; Win64; x64) AppleWebKit/537.36 (KHTML, like Gecko) Chrome/74.0.3729.169 Safari/537.36"
20.121.186.102 - - [14/Apr/2025:12:23:11 -0400] "HEAD /main HTTP/1.1" 404 0 "-" "Mozilla/5.0 (Windows NT 10.0; Win64; x64) AppleWebKit/537.36 (KHTML, like Gecko) Chrome/74.0.3729.169 Safari/537.36"
20.121.186.102 - - [14/Apr/2025:12:23:14 -0400] "HEAD /home HTTP/1.1" 301 0 "-" "Mozilla/5.0 (Windows NT 10.0; Win64; x64) AppleWebKit/537.36 (KHTML, like Gecko) Chrome/74.0.3729.169 Safari/537.36"
198.54.114.83 - - [14/Apr/2025:12:30:31 -0400] "POST /wp-cron.php?doing_wp_cron=1744648227.4287080764770507812500 HTTP/1.1" 200 0 "-" "WordPress/6.7.2; https://creative-webstyle.com"
216.244.66.194 - - [14/Apr/2025:12:30:21 -0400] "GET /2023/03/18/ HTTP/1.1" 301 0 "-" "Mozilla/5.0 (compatible; DotBot/1.2; +https://opensiteexplorer.org/dotbot; help@moz.com)"
2a02:598:128:8a00::b00:a - - [14/Apr/2025:12:36:29 -0400] "GET /robots.txt HTTP/1.1" 200 132 "-" "Mozilla/5.0 (compatible; SeznamBot/4.0; +https://o-seznam.cz/napoveda/vyhledavani/en/seznambot-crawler/)"
2a02:598:128:8a00::b00:a - - [14/Apr/2025:12:36:30 -0400] "GET / HTTP/1.1" 200 98430 "-" "Mozilla/5.0 (compatible; SeznamBot/4.0; +https://o-seznam.cz/napoveda/vyhledavani/en/seznambot-crawler/)"
45.61.160.87 - - [14/Apr/2025:12:39:11 -0400] "GET /wp-admin/network/index.php HTTP/1.1" 302 0 "-" "Mozlila/5.0 (Linux; Android 7.0; SM-G892A Bulid/NRD90M; wv) AppleWebKit/537.36 (KHTML, like Gecko) Version/4.0 Chrome/60.0.3112.107 Moblie Safari/537.36"
198.54.114.83 - - [14/Apr/2025:12:43:20 -0400] "POST /wp-cron.php?doing_wp_cron=1744648999.7191109657287597656250 HTTP/1.1" 200 0 "-" "WordPress/6.7.2; https://creative-webstyle.com"
45.61.160.87 - - [14/Apr/2025:12:43:18 -0400] "GET /wp-admin/js/index.php HTTP/1.1" 301 0 "-" "Mozlila/5.0 (Linux; Android 7.0; SM-G892A Bulid/NRD90M; wv) AppleWebKit/537.36 (KHTML, like Gecko) Version/4.0 Chrome/60.0.3112.107 Moblie Safari/537.36"
45.61.160.87 - - [14/Apr/2025:12:43:46 -0400] "GET /wp-admin/js/ HTTP/1.1" 403 1242 "-" "Mozlila/5.0 (Linux; Android 7.0; SM-G892A Bulid/NRD90M; wv) AppleWebKit/537.36 (KHTML, like Gecko) Version/4.0 Chrome/60.0.3112.107 Moblie Safari/537.36"
198.54.114.83 - - [14/Apr/2025:12:46:08 -0400] "POST /wp-cron.php?doing_wp_cron=1744649166.3283870220184326171875 HTTP/1.1" 200 0 "-" "WordPress/6.7.2; https://creative-webstyle.com"
45.61.160.87 - - [14/Apr/2025:12:46:01 -0400] "GET /wp-admin/images/index.php HTTP/1.1" 301 0 "-" "Mozlila/5.0 (Linux; Android 7.0; SM-G892A Bulid/NRD90M; wv) AppleWebKit/537.36 (KHTML, like Gecko) Version/4.0 Chrome/60.0.3112.107 Moblie Safari/537.36"
45.61.160.87 - - [14/Apr/2025:12:46:28 -0400] "GET /wp-admin/images/ HTTP/1.1" 403 1242 "-" "Mozlila/5.0 (Linux; Android 7.0; SM-G892A Bulid/NRD90M; wv) AppleWebKit/537.36 (KHTML, like Gecko) Version/4.0 Chrome/60.0.3112.107 Moblie Safari/537.36"
45.61.160.87 - - [14/Apr/2025:12:48:14 -0400] "GET /wp-admin/css/index.php HTTP/1.1" 301 0 "-" "Mozlila/5.0 (Linux; Android 7.0; SM-G892A Bulid/NRD90M; wv) AppleWebKit/537.36 (KHTML, like Gecko) Version/4.0 Chrome/60.0.3112.107 Moblie Safari/537.36"
198.54.114.83 - - [14/Apr/2025:12:48:24 -0400] "POST /wp-cron.php?doing_wp_cron=1744649299.5547580718994140625000 HTTP/1.1" 200 0 "-" "WordPress/6.7.2; https://creative-webstyle.com"
45.61.160.87 - - [14/Apr/2025:12:48:37 -0400] "GET /wp-admin/css/ HTTP/1.1" 403 1242 "-" "Mozlila/5.0 (Linux; Android 7.0; SM-G892A Bulid/NRD90M; wv) AppleWebKit/537.36 (KHTML, like Gecko) Version/4.0 Chrome/60.0.3112.107 Moblie Safari/537.36"
198.54.114.83 - - [14/Apr/2025:12:50:01 -0400] "POST /wp-cron.php?doing_wp_cron=1744649399.9732019901275634765625 HTTP/1.1" 200 0 "-" "WordPress/6.7.2; https://creative-webstyle.com"
45.61.160.87 - - [14/Apr/2025:12:49:57 -0400] "GET /wp-includes/SimplePie/Content/Type/index.php HTTP/1.1" 301 0 "-" "Mozlila/5.0 (Linux; Android 7.0; SM-G892A Bulid/NRD90M; wv) AppleWebKit/537.36 (KHTML, like Gecko) Version/4.0 Chrome/60.0.3112.107 Moblie Safari/537.36"
45.61.160.87 - - [14/Apr/2025:12:50:20 -0400] "GET /wp-includes/SimplePie/Content/Type/ HTTP/1.1" 404 15301 "-" "Mozlila/5.0 (Linux; Android 7.0; SM-G892A Bulid/NRD90M; wv) AppleWebKit/537.36 (KHTML, like Gecko) Version/4.0 Chrome/60.0.3112.107 Moblie Safari/537.36"
45.61.160.87 - - [14/Apr/2025:12:52:33 -0400] "GET /wp-includes/Requests/Auth/index.php HTTP/1.1" 301 0 "-" "Mozlila/5.0 (Linux; Android 7.0; SM-G892A Bulid/NRD90M; wv) AppleWebKit/537.36 (KHTML, like Gecko) Version/4.0 Chrome/60.0.3112.107 Moblie Safari/537.36"
45.61.160.87 - - [14/Apr/2025:12:52:55 -0400] "GET /wp-includes/Requests/Auth/ HTTP/1.1" 404 15297 "-" "Mozlila/5.0 (Linux; Android 7.0; SM-G892A Bulid/NRD90M; wv) AppleWebKit/537.36 (KHTML, like Gecko) Version/4.0 Chrome/60.0.3112.107 Moblie Safari/537.36"
45.61.160.87 - - [14/Apr/2025:12:55:36 -0400] "GET /wp-admin/css/colors/index.php HTTP/1.1" 301 0 "-" "Mozlila/5.0 (Linux; Android 7.0; SM-G892A Bulid/NRD90M; wv) AppleWebKit/537.36 (KHTML, like Gecko) Version/4.0 Chrome/60.0.3112.107 Moblie Safari/537.36"
45.61.160.87 - - [14/Apr/2025:12:55:50 -0400] "GET /wp-admin/css/colors/ HTTP/1.1" 403 1242 "-" "Mozlila/5.0 (Linux; Android 7.0; SM-G892A Bulid/NRD90M; wv) AppleWebKit/537.36 (KHTML, like Gecko) Version/4.0 Chrome/60.0.3112.107 Moblie Safari/537.36"
139.59.231.251 - - [14/Apr/2025:12:55:54 -0400] "GET / HTTP/1.1" 200 98430 "-" "Mozilla/5.0 (Windows NT 10.0; Win64; x64) AppleWebKit/537.36 (KHTML, like Gecko) Chrome/78.0.3904.108 Safari/537.36"
139.59.231.251 - - [14/Apr/2025:12:55:56 -0400] "GET / HTTP/1.1" 200 98430 "-" "Mozilla/5.0 (Windows NT 10.0; Win64; x64) AppleWebKit/537.36 (KHTML, like Gecko) Chrome/78.0.3904.108 Safari/537.36"
139.59.231.251 - - [14/Apr/2025:12:55:57 -0400] "GET /wp-includes/wlwmanifest.xml HTTP/1.1" 404 15295 "-" "Mozilla/5.0 (Windows NT 10.0; Win64; x64) AppleWebKit/537.36 (KHTML, like Gecko) Chrome/78.0.3904.108 Safari/537.36"
139.59.231.251 - - [14/Apr/2025:12:56:01 -0400] "GET /?author=1 HTTP/1.1" 200 98430 "-" "Mozilla/5.0 (Windows NT 10.0; Win64; x64) AppleWebKit/537.36 (KHTML, like Gecko) Chrome/78.0.3904.108 Safari/537.36"
139.59.231.251 - - [14/Apr/2025:12:56:02 -0400] "GET /?author=2 HTTP/1.1" 200 98430 "-" "Mozilla/5.0 (Windows NT 10.0; Win64; x64) AppleWebKit/537.36 (KHTML, like Gecko) Chrome/78.0.3904.108 Safari/537.36"
139.59.231.251 - - [14/Apr/2025:12:56:03 -0400] "GET /wp-json/wp/v2/users/ HTTP/1.1" 200 2069 "-" "Mozilla/5.0 (Windows NT 10.0; Win64; x64) AppleWebKit/537.36 (KHTML, like Gecko) Chrome/78.0.3904.108 Safari/537.36"
139.59.231.251 - - [14/Apr/2025:12:56:07 -0400] "POST /xmlrpc.php HTTP/1.1" 200 236 "-" "Mozilla/5.0 (Windows NT 10.0; Win64; x64) AppleWebKit/537.36 (KHTML, like Gecko) Chrome/78.0.3904.108 Safari/537.36"
139.59.231.251 - - [14/Apr/2025:12:56:09 -0400] "POST /xmlrpc.php HTTP/1.1" 200 236 "-" "Mozilla/5.0 (Windows NT 10.0; Win64; x64) AppleWebKit/537.36 (KHTML, like Gecko) Chrome/78.0.3904.108 Safari/537.36"
139.59.231.251 - - [14/Apr/2025:12:56:11 -0400] "POST /xmlrpc.php HTTP/1.1" 200 236 "-" "Mozilla/5.0 (Windows NT 10.0; Win64; x64) AppleWebKit/537.36 (KHTML, like Gecko) Chrome/78.0.3904.108 Safari/537.36"
139.59.231.251 - - [14/Apr/2025:12:56:12 -0400] "POST /xmlrpc.php HTTP/1.1" 200 236 "-" "Mozilla/5.0 (Windows NT 10.0; Win64; x64) AppleWebKit/537.36 (KHTML, like Gecko) Chrome/78.0.3904.108 Safari/537.36"
139.59.231.251 - - [14/Apr/2025:12:56:13 -0400] "POST /xmlrpc.php HTTP/1.1" 200 236 "-" "Mozilla/5.0 (Windows NT 10.0; Win64; x64) AppleWebKit/537.36 (KHTML, like Gecko) Chrome/78.0.3904.108 Safari/537.36"
139.59.231.251 - - [14/Apr/2025:12:56:14 -0400] "POST /xmlrpc.php HTTP/1.1" 200 236 "-" "Mozilla/5.0 (Windows NT 10.0; Win64; x64) AppleWebKit/537.36 (KHTML, like Gecko) Chrome/78.0.3904.108 Safari/537.36"
198.54.114.83 - - [14/Apr/2025:12:57:06 -0400] "POST /wp-cron.php?doing_wp_cron=1744649825.5735960006713867187500 HTTP/1.1" 200 0 "-" "WordPress/6.7.2; https://creative-webstyle.com"
45.61.160.87 - - [14/Apr/2025:12:57:05 -0400] "GET /wp-content/languages/index.php HTTP/1.1" 301 0 "-" "Mozlila/5.0 (Linux; Android 7.0; SM-G892A Bulid/NRD90M; wv) AppleWebKit/537.36 (KHTML, like Gecko) Version/4.0 Chrome/60.0.3112.107 Moblie Safari/537.36"
45.61.160.87 - - [14/Apr/2025:12:57:22 -0400] "GET /wp-content/languages/ HTTP/1.1" 404 15291 "-" "Mozlila/5.0 (Linux; Android 7.0; SM-G892A Bulid/NRD90M; wv) AppleWebKit/537.36 (KHTML, like Gecko) Version/4.0 Chrome/60.0.3112.107 Moblie Safari/537.36"
45.61.160.87 - - [14/Apr/2025:12:58:24 -0400] "GET /wp-content/upgrade/index.php HTTP/1.1" 301 0 "-" "Mozlila/5.0 (Linux; Android 7.0; SM-G892A Bulid/NRD90M; wv) AppleWebKit/537.36 (KHTML, like Gecko) Version/4.0 Chrome/60.0.3112.107 Moblie Safari/537.36"
198.54.114.83 - - [14/Apr/2025:12:58:27 -0400] "POST /wp-cron.php?doing_wp_cron=1744649905.3091828823089599609375 HTTP/1.1" 200 0 "-" "WordPress/6.7.2; https://creative-webstyle.com"
45.61.160.87 - - [14/Apr/2025:12:59:22 -0400] "GET /wp-content/upgrade/ HTTP/1.1" 403 1242 "-" "Mozlila/5.0 (Linux; Android 7.0; SM-G892A Bulid/NRD90M; wv) AppleWebKit/537.36 (KHTML, like Gecko) Version/4.0 Chrome/60.0.3112.107 Moblie Safari/537.36"
45.61.160.87 - - [14/Apr/2025:13:00:35 -0400] "GET /wp-content/IXR/index.php HTTP/1.1" 301 0 "-" "Mozlila/5.0 (Linux; Android 7.0; SM-G892A Bulid/NRD90M; wv) AppleWebKit/537.36 (KHTML, like Gecko) Version/4.0 Chrome/60.0.3112.107 Moblie Safari/537.36"
198.54.114.83 - - [14/Apr/2025:13:00:39 -0400] "POST /wp-cron.php?doing_wp_cron=1744650035.9581971168518066406250 HTTP/1.1" 200 0 "-" "WordPress/6.7.2; https://creative-webstyle.com"
45.61.160.87 - - [14/Apr/2025:13:00:57 -0400] "GET /wp-content/IXR/ HTTP/1.1" 404 15288 "-" "Mozlila/5.0 (Linux; Android 7.0; SM-G892A Bulid/NRD90M; wv) AppleWebKit/537.36 (KHTML, like Gecko) Version/4.0 Chrome/60.0.3112.107 Moblie Safari/537.36"
198.54.114.83 - - [14/Apr/2025:13:14:26 -0400] "POST /wp-cron.php?doing_wp_cron=1744650864.2401490211486816406250 HTTP/1.1" 200 0 "-" "WordPress/6.7.2; https://creative-webstyle.com"
216.244.66.194 - - [14/Apr/2025:13:14:18 -0400] "GET /unlocking-freedom-the-world-of-no-deposit-car-finance/ HTTP/1.1" 200 22833 "-" "Mozilla/5.0 (compatible; DotBot/1.2; +https://opensiteexplorer.org/dotbot; help@moz.com)"
85.208.98.23 - - [14/Apr/2025:13:16:09 -0400] "GET /robots.txt HTTP/1.1" 200 132 "-" "Mozilla/5.0 (compatible; SemrushBot-BA; +http://www.semrush.com/bot.html)"
85.208.98.23 - - [14/Apr/2025:13:18:22 -0400] "GET /robots.txt HTTP/1.1" 200 132 "-" "Mozilla/5.0 (compatible; SemrushBot-BA; +http://www.semrush.com/bot.html)"
198.54.114.83 - - [14/Apr/2025:13:29:07 -0400] "POST /wp-cron.php?doing_wp_cron=1744651745.9930338859558105468750 HTTP/1.1" 200 0 "-" "WordPress/6.7.2; https://creative-webstyle.com"
172.86.73.162 - - [14/Apr/2025:13:29:00 -0400] "GET /wp-content/plugins/about.php HTTP/1.1" 404 15296 "-" "Mozlila/5.0 (Linux; Android 7.0; SM-G892A Bulid/NRD90M; wv) AppleWebKit/537.36 (KHTML, like Gecko) Version/4.0 Chrome/60.0.3112.107 Moblie Safari/537.36"
172.86.73.162 - - [14/Apr/2025:13:29:29 -0400] "GET /geju.php HTTP/1.1" 404 15286 "-" "Mozlila/5.0 (Linux; Android 7.0; SM-G892A Bulid/NRD90M; wv) AppleWebKit/537.36 (KHTML, like Gecko) Version/4.0 Chrome/60.0.3112.107 Moblie Safari/537.36"
172.86.73.162 - - [14/Apr/2025:13:29:54 -0400] "GET /wp.php HTTP/1.1" 404 15282 "-" "Mozlila/5.0 (Linux; Android 7.0; SM-G892A Bulid/NRD90M; wv) AppleWebKit/537.36 (KHTML, like Gecko) Version/4.0 Chrome/60.0.3112.107 Moblie Safari/537.36"
119.28.177.175 - - [14/Apr/2025:13:32:51 -0400] "GET / HTTP/1.1" 200 98430 "-" "Mozilla/5.0 (iPhone; CPU iPhone OS 13_2_3 like Mac OS X) AppleWebKit/605.1.15 (KHTML, like Gecko) Version/13.0.3 Mobile/15E148 Safari/604.1"
85.208.98.23 - - [14/Apr/2025:13:35:12 -0400] "GET /robots.txt HTTP/1.1" 200 132 "-" "Mozilla/5.0 (compatible; SemrushBot-BA; +http://www.semrush.com/bot.html)"
216.244.66.194 - - [14/Apr/2025:13:53:10 -0400] "GET /robots.txt HTTP/1.1" 304 0 "-" "Mozilla/5.0 (compatible; DotBot/1.2; +https://opensiteexplorer.org/dotbot; help@moz.com)"
175.6.217.4 - - [14/Apr/2025:13:57:07 -0400] "GET / HTTP/1.1" 200 98430 "-" "Mozilla/5.0 (iPhone; CPU iPhone OS 13_2_3 like Mac OS X) AppleWebKit/605.1.15 (KHTML, like Gecko) Version/13.0.3 Mobile/15E148 Safari/604.1"
216.244.66.194 - - [14/Apr/2025:14:04:52 -0400] "GET /guide-complet-sur-les-housses-de-canape-pratiques-esthetiques-et-durable/ HTTP/1.1" 200 22670 "-" "Mozilla/5.0 (compatible; DotBot/1.2; +https://opensiteexplorer.org/dotbot; help@moz.com)"
198.54.114.83 - - [14/Apr/2025:14:05:01 -0400] "POST /wp-cron.php?doing_wp_cron=1744653898.1666479110717773437500 HTTP/1.1" 200 0 "-" "WordPress/6.7.2; https://creative-webstyle.com"
198.54.114.83 - - [14/Apr/2025:14:07:23 -0400] "POST /wp-cron.php?doing_wp_cron=1744654042.6432490348815917968750 HTTP/1.1" 200 0 "-" "WordPress/6.7.2; https://creative-webstyle.com"
151.106.164.127 - - [14/Apr/2025:14:07:16 -0400] "GET /images/icons/socials/location.png HTTP/1.1" 301 0 "-" "Mozilla/5.0 (X11; Ubuntu; Linux x86_64; rv:72.0) Gecko/20100101 Firefox/72.0"
151.106.164.127 - - [14/Apr/2025:14:07:27 -0400] "GET /images/icons/socials/location.png HTTP/1.1" 301 0 "-" "Mozilla/5.0 (X11; Ubuntu; Linux x86_64; rv:72.0) Gecko/20100101 Firefox/72.0"
151.106.164.127 - - [14/Apr/2025:14:07:29 -0400] "GET /images/icons/socials/location.png HTTP/1.1" 404 15303 "-" "Mozilla/5.0 (X11; Ubuntu; Linux x86_64; rv:72.0) Gecko/20100101 Firefox/72.0"
151.106.164.127 - - [14/Apr/2025:14:07:32 -0400] "GET /images/icons/socials/location.png HTTP/1.1" 301 0 "-" "Mozilla/5.0 (X11; Ubuntu; Linux x86_64; rv:72.0) Gecko/20100101 Firefox/72.0"
151.106.164.127 - - [14/Apr/2025:14:07:35 -0400] "GET /images/icons/socials/location.png HTTP/1.1" 404 15303 "-" "Mozilla/5.0 (X11; Ubuntu; Linux x86_64; rv:72.0) Gecko/20100101 Firefox/72.0"
151.106.162.30 - - [14/Apr/2025:14:22:43 -0400] "GET /images/slider/elastic/01.jpg HTTP/1.1" 301 0 "-" "Mozilla/5.0 (X11; Ubuntu; Linux x86_64; rv:72.0) Gecko/20100101 Firefox/72.0"
198.54.114.83 - - [14/Apr/2025:14:22:54 -0400] "POST /wp-cron.php?doing_wp_cron=1744654971.0232601165771484375000 HTTP/1.1" 200 0 "-" "WordPress/6.7.2; https://creative-webstyle.com"
151.106.162.30 - - [14/Apr/2025:14:22:54 -0400] "GET /images/slider/elastic/01.jpg HTTP/1.1" 301 0 "-" "Mozilla/5.0 (X11; Ubuntu; Linux x86_64; rv:72.0) Gecko/20100101 Firefox/72.0"
151.106.162.30 - - [14/Apr/2025:14:22:57 -0400] "GET /images/slider/elastic/01.jpg HTTP/1.1" 404 15302 "-" "Mozilla/5.0 (X11; Ubuntu; Linux x86_64; rv:72.0) Gecko/20100101 Firefox/72.0"
151.106.162.30 - - [14/Apr/2025:14:23:03 -0400] "GET /images/slider/elastic/01.jpg HTTP/1.1" 301 0 "-" "Mozilla/5.0 (X11; Ubuntu; Linux x86_64; rv:72.0) Gecko/20100101 Firefox/72.0"
151.106.162.30 - - [14/Apr/2025:14:23:07 -0400] "GET /images/slider/elastic/01.jpg HTTP/1.1" 404 15302 "-" "Mozilla/5.0 (X11; Ubuntu; Linux x86_64; rv:72.0) Gecko/20100101 Firefox/72.0"
43.157.209.252 - - [14/Apr/2025:14:39:27 -0400] "GET / HTTP/1.1" 200 98430 "-" "Mozilla/5.0 (iPhone; CPU iPhone OS 13_2_3 like Mac OS X) AppleWebKit/605.1.15 (KHTML, like Gecko) Version/13.0.3 Mobile/15E148 Safari/604.1"
216.244.66.194 - - [14/Apr/2025:14:41:33 -0400] "GET /robots.txt HTTP/1.1" 304 0 "-" "Mozilla/5.0 (compatible; DotBot/1.2; +https://opensiteexplorer.org/dotbot; help@moz.com)"
103.169.35.190 - - [14/Apr/2025:14:47:23 -0400] "GET / HTTP/1.1" 200 98430 "https://www.google.co.in" "Mozilla/5.0 (Windows NT 10.0; Win64; x64) AppleWebKit/537.36 (KHTML, like Gecko) Chrome/126.0.0.0 Safari/537.36"
85.208.98.23 - - [14/Apr/2025:14:48:22 -0400] "GET /robots.txt HTTP/1.1" 200 132 "-" "Mozilla/5.0 (compatible; SemrushBot-BA; +http://www.semrush.com/bot.html)"
216.244.66.194 - - [14/Apr/2025:14:50:22 -0400] "GET /effektive-haushaltsauflosungen-in-luneburg-2/ HTTP/1.1" 200 22989 "-" "Mozilla/5.0 (compatible; DotBot/1.2; +https://opensiteexplorer.org/dotbot; help@moz.com)"
143.198.33.2 - - [14/Apr/2025:15:08:57 -0400] "GET / HTTP/1.1" 200 98430 "-" "Mozilla/5.0 (compatible)"
216.244.66.194 - - [14/Apr/2025:15:30:18 -0400] "GET /robots.txt HTTP/1.1" 304 0 "-" "Mozilla/5.0 (compatible; DotBot/1.2; +https://opensiteexplorer.org/dotbot; help@moz.com)"
8.28.7.20 - - [14/Apr/2025:15:41:23 -0400] "GET /ads.txt HTTP/1.1" 404 15286 "-" "PubMatic Crawler Bot"
8.28.7.20 - - [14/Apr/2025:15:41:25 -0400] "GET /ads.txt HTTP/1.1" 404 15286 "-" "Mozilla/5.0 (X11; Linux x86_64) AppleWebKit/537.36 (KHTML, like Gecko) Chrome/66.0.3359.139 Safari/537.36"
216.244.66.194 - - [14/Apr/2025:15:42:28 -0400] "GET /exploring-the-lumina-grand-showroom/ HTTP/1.1" 200 22555 "-" "Mozilla/5.0 (compatible; DotBot/1.2; +https://opensiteexplorer.org/dotbot; help@moz.com)"
216.244.66.194 - - [14/Apr/2025:15:42:53 -0400] "GET /page/161/ HTTP/1.1" 200 19828 "-" "Mozilla/5.0 (compatible; DotBot/1.2; +https://opensiteexplorer.org/dotbot; help@moz.com)"
65.0.31.197 - - [14/Apr/2025:15:43:01 -0400] "GET / HTTP/1.1" 200 98430 "-" "Mozilla/5.0 (Windows NT 10.0; Win64; x64) AppleWebKit/537.36 (KHTML, like Gecko) Chrome/80.0.3987.149 Safari/537.36"
65.0.31.197 - - [14/Apr/2025:15:43:03 -0400] "GET / HTTP/1.1" 200 98430 "-" "Mozilla/5.0 (Windows NT 10.0; Win64; x64) AppleWebKit/537.36 (KHTML, like Gecko) Chrome/80.0.3987.149 Safari/537.36"
65.0.31.197 - - [14/Apr/2025:15:43:04 -0400] "GET /wp-includes/wlwmanifest.xml HTTP/1.1" 404 15295 "-" "Mozilla/5.0 (Windows NT 10.0; Win64; x64) AppleWebKit/537.36 (KHTML, like Gecko) Chrome/80.0.3987.149 Safari/537.36"
65.0.31.197 - - [14/Apr/2025:15:43:06 -0400] "GET /?author=1 HTTP/1.1" 200 98430 "-" "Mozilla/5.0 (Windows NT 10.0; Win64; x64) AppleWebKit/537.36 (KHTML, like Gecko) Chrome/80.0.3987.149 Safari/537.36"
65.0.31.197 - - [14/Apr/2025:15:43:07 -0400] "GET /?author=2 HTTP/1.1" 200 98430 "-" "Mozilla/5.0 (Windows NT 10.0; Win64; x64) AppleWebKit/537.36 (KHTML, like Gecko) Chrome/80.0.3987.149 Safari/537.36"
65.0.31.197 - - [14/Apr/2025:15:43:08 -0400] "GET /wp-json/wp/v2/users/ HTTP/1.1" 200 2069 "-" "Mozilla/5.0 (Windows NT 10.0; Win64; x64) AppleWebKit/537.36 (KHTML, like Gecko) Chrome/80.0.3987.149 Safari/537.36"
216.244.66.194 - - [14/Apr/2025:15:43:23 -0400] "GET /la-revolution-du-jeu-en-ligne-decouvrez-1x-bet/ HTTP/1.1" 200 22658 "-" "Mozilla/5.0 (compatible; DotBot/1.2; +https://opensiteexplorer.org/dotbot; help@moz.com)"
216.244.66.194 - - [14/Apr/2025:15:44:30 -0400] "GET /the-wool-beanie-warm-soft-and-lightweight/ HTTP/1.1" 200 0 "-" "Mozilla/5.0 (compatible; DotBot/1.2; +https://opensiteexplorer.org/dotbot; help@moz.com)"
216.244.66.194 - - [14/Apr/2025:15:52:14 -0400] "GET /health-benefits-of-black-cumin-seed-oil/ HTTP/1.1" 200 22374 "-" "Mozilla/5.0 (compatible; DotBot/1.2; +https://opensiteexplorer.org/dotbot; help@moz.com)"
216.244.66.194 - - [14/Apr/2025:16:00:05 -0400] "GET /a-tour-of-the-tembusu-grand-showflat/feed/ HTTP/1.1" 200 445 "-" "Mozilla/5.0 (compatible; DotBot/1.2; +https://opensiteexplorer.org/dotbot; help@moz.com)"
51.222.253.13 - - [14/Apr/2025:16:04:55 -0400] "GET /robots.txt HTTP/1.1" 301 0 "-" "Mozilla/5.0 (compatible; AhrefsBot/7.0; +http://ahrefs.com/robot/)"
51.222.253.13 - - [14/Apr/2025:16:05:08 -0400] "GET /robots.txt HTTP/1.1" 304 0 "-" "Mozilla/5.0 (compatible; AhrefsBot/7.0; +http://ahrefs.com/robot/)"
52.170.90.42 - - [14/Apr/2025:16:07:15 -0400] "GET /lv.php HTTP/1.1" 404 15284 "-" "-"
52.170.90.42 - - [14/Apr/2025:16:07:39 -0400] "GET /wp-content/plugins/pwnd/pwnd.php HTTP/1.1" 404 15298 "-" "-"
52.170.90.42 - - [14/Apr/2025:16:07:42 -0400] "GET /wp-content/plugins/pwnd-1/pwnd.php HTTP/1.1" 404 15299 "-" "-"
52.170.90.42 - - [14/Apr/2025:16:07:45 -0400] "GET /wp-includes/Requests/about.php HTTP/1.1" 404 15297 "-" "-"
52.170.90.42 - - [14/Apr/2025:16:07:52 -0400] "GET /wp-includes/style-engine/about.php HTTP/1.1" 404 15298 "-" "-"
52.170.90.42 - - [14/Apr/2025:16:07:55 -0400] "GET /wp-includes/rest-api/about.php HTTP/1.1" 404 15297 "-" "-"
52.170.90.42 - - [14/Apr/2025:16:07:58 -0400] "GET /wp-includes/SimplePie/about.php HTTP/1.1" 404 15298 "-" "-"
52.170.90.42 - - [14/Apr/2025:16:08:01 -0400] "GET /wp-content/banners/about.php HTTP/1.1" 404 15297 "-" "-"
52.170.90.42 - - [14/Apr/2025:16:08:06 -0400] "GET /wp-content/about.php HTTP/1.1" 404 15289 "-" "-"
52.170.90.42 - - [14/Apr/2025:16:08:11 -0400] "GET /.well-known/about.php HTTP/1.1" 404 15296 "-" "-"
52.170.90.42 - - [14/Apr/2025:16:08:16 -0400] "GET /wp-includes/Text/about.php HTTP/1.1" 404 15293 "-" "-"
52.170.90.42 - - [14/Apr/2025:16:08:21 -0400] "GET /wp-includes/ID3/about.php HTTP/1.1" 404 15295 "-" "-"
52.170.90.42 - - [14/Apr/2025:16:08:23 -0400] "GET /img/about.php HTTP/1.1" 404 15288 "-" "-"
52.170.90.42 - - [14/Apr/2025:16:08:25 -0400] "GET /wp-content/languages/about.php HTTP/1.1" 404 15298 "-" "-"
52.170.90.42 - - [14/Apr/2025:16:08:31 -0400] "GET /wp-includes/customize/about.php HTTP/1.1" 404 15296 "-" "-"
52.170.90.42 - - [14/Apr/2025:16:08:33 -0400] "GET /wp-includes.bak/html-api/about.php HTTP/1.1" 404 15300 "-" "-"
