52.169.24.230 - - [14/Apr/2025:23:19:07 -0400] "GET /wp-admin/images/atomlib.php HTTP/1.1" 404 15317 "-" "-"
52.169.110.77 - - [14/Apr/2025:23:19:09 -0400] "GET /baxa1.phP8 HTTP/1.1" 404 15289 "-" "-"
52.169.24.230 - - [14/Apr/2025:23:19:11 -0400] "GET /wp-admin/images/autoload_classmap.php HTTP/1.1" 404 15323 "-" "-"
52.169.110.77 - - [14/Apr/2025:23:19:12 -0400] "GET /bb.php HTTP/1.1" 301 0 "-" "-"
52.169.24.230 - - [14/Apr/2025:23:19:13 -0400] "GET /wp-admin/images/chosen.php HTTP/1.1" 404 15316 "-" "-"
52.169.110.77 - - [14/Apr/2025:23:19:15 -0400] "GET /bb.php HTTP/1.1" 404 15285 "-" "-"
52.169.24.230 - - [14/Apr/2025:23:19:16 -0400] "GET /wp-admin/images/cloud.php HTTP/1.1" 404 15315 "-" "-"
52.169.110.77 - - [14/Apr/2025:23:19:18 -0400] "GET /ben.php HTTP/1.1" 301 0 "-" "-"
52.169.24.230 - - [14/Apr/2025:23:19:20 -0400] "GET /wp-admin/images/index.php HTTP/1.1" 301 0 "-" "-"
52.169.110.77 - - [14/Apr/2025:23:19:20 -0400] "GET /ben.php HTTP/1.1" 404 15286 "-" "-"
52.169.24.230 - - [14/Apr/2025:23:19:24 -0400] "GET /wp-admin/images/ HTTP/1.1" 403 1242 "-" "-"
52.169.110.77 - - [14/Apr/2025:23:19:25 -0400] "GET /bitrix/admin/htmleditor2/natural.php HTTP/1.1" 301 0 "-" "-"
52.169.24.230 - - [14/Apr/2025:23:19:25 -0400] "GET /wp-admin/images/index.php?p= HTTP/1.1" 301 0 "-" "-"
52.169.24.230 - - [14/Apr/2025:23:19:27 -0400] "GET /wp-admin/images/ HTTP/1.1" 403 1242 "-" "-"
52.169.24.230 - - [14/Apr/2025:23:19:28 -0400] "GET /wp-admin/images/install.php HTTP/1.1" 404 15318 "-" "-"
52.169.110.77 - - [14/Apr/2025:23:19:27 -0400] "GET /bitrix/admin/htmleditor2/natural.php HTTP/1.1" 404 15308 "-" "-"
52.169.110.77 - - [14/Apr/2025:23:19:30 -0400] "GET /blog.php HTTP/1.1" 301 0 "-" "-"
52.169.24.230 - - [14/Apr/2025:23:19:29 -0400] "GET /wp-admin/images/layout.php HTTP/1.1" 404 15314 "-" "-"
52.169.110.77 - - [14/Apr/2025:23:19:32 -0400] "GET /blog.php HTTP/1.1" 404 15286 "-" "-"
52.169.24.230 - - [14/Apr/2025:23:19:32 -0400] "GET /wp-admin/images/users.php HTTP/1.1" 404 15314 "-" "-"
52.169.110.77 - - [14/Apr/2025:23:19:37 -0400] "GET /blog/fw.php HTTP/1.1" 301 0 "-" "-"
52.169.24.230 - - [14/Apr/2025:23:19:36 -0400] "GET /wp-admin/images/wp-login.php HTTP/1.1" 404 15315 "-" "-"
52.169.24.230 - - [14/Apr/2025:23:19:40 -0400] "GET /wp-admin/includes/ HTTP/1.1" 403 1242 "-" "-"
52.169.110.77 - - [14/Apr/2025:23:19:39 -0400] "GET /blog/fw.php HTTP/1.1" 404 15289 "-" "-"
52.169.24.230 - - [14/Apr/2025:23:19:41 -0400] "GET /wp-admin/includes//12wvdscz.php HTTP/1.1" 301 0 "-" "-"
52.169.110.77 - - [14/Apr/2025:23:19:41 -0400] "GET /blog/wp-includes/index.php HTTP/1.1" 301 0 "-" "-"
52.169.24.230 - - [14/Apr/2025:23:19:43 -0400] "GET /wp-admin/includes/12wvdscz.php HTTP/1.1" 404 15318 "-" "-"
52.169.110.77 - - [14/Apr/2025:23:19:43 -0400] "GET /blog/wp-includes/ HTTP/1.1" 404 15287 "-" "-"
52.169.24.230 - - [14/Apr/2025:23:19:45 -0400] "GET /wp-admin/includes//inputs.php HTTP/1.1" 301 0 "-" "-"
52.169.110.77 - - [14/Apr/2025:23:19:46 -0400] "GET /bob.php?p= HTTP/1.1" 301 0 "-" "-"
52.169.24.230 - - [14/Apr/2025:23:19:47 -0400] "GET /wp-admin/includes/inputs.php HTTP/1.1" 404 15315 "-" "-"
52.169.110.77 - - [14/Apr/2025:23:19:47 -0400] "GET /bob.php HTTP/1.1" 404 15285 "-" "-"
198.54.114.83 - - [14/Apr/2025:23:19:50 -0400] "POST /wp-cron.php?doing_wp_cron=1744687190.4099440574645996093750 HTTP/1.1" 200 0 "-" "WordPress/6.7.2; https://creative-webstyle.com"
52.169.24.230 - - [14/Apr/2025:23:19:50 -0400] "GET /wp-admin/includes//install.php HTTP/1.1" 301 0 "-" "-"
52.169.110.77 - - [14/Apr/2025:23:19:50 -0400] "GET /brU.php HTTP/1.1" 301 0 "-" "-"
52.169.110.77 - - [14/Apr/2025:23:19:51 -0400] "GET /brU.php HTTP/1.1" 404 15287 "-" "-"
52.169.24.230 - - [14/Apr/2025:23:19:51 -0400] "GET /wp-admin/includes/install.php HTTP/1.1" 404 15318 "-" "-"
52.169.110.77 - - [14/Apr/2025:23:19:53 -0400] "GET /browse.php HTTP/1.1" 301 0 "-" "-"
198.54.114.83 - - [14/Apr/2025:23:19:53 -0400] "POST /wp-cron.php?doing_wp_cron=1744687193.6954770088195800781250 HTTP/1.1" 200 0 "-" "WordPress/6.7.2; https://creative-webstyle.com"
52.169.24.230 - - [14/Apr/2025:23:19:53 -0400] "GET /wp-admin/includes//links.php HTTP/1.1" 301 0 "-" "-"
52.169.110.77 - - [14/Apr/2025:23:19:54 -0400] "GET /browse.php HTTP/1.1" 404 15288 "-" "-"
52.169.24.230 - - [14/Apr/2025:23:19:54 -0400] "GET /wp-admin/includes/links.php HTTP/1.1" 404 15315 "-" "-"
52.169.110.77 - - [14/Apr/2025:23:19:57 -0400] "GET /bs1.php HTTP/1.1" 301 0 "-" "-"
52.169.24.230 - - [14/Apr/2025:23:19:58 -0400] "GET /wp-admin/includes//nav.php HTTP/1.1" 301 0 "-" "-"
52.169.110.77 - - [14/Apr/2025:23:20:01 -0400] "GET /bs1.php HTTP/1.1" 404 15286 "-" "-"
52.169.24.230 - - [14/Apr/2025:23:20:01 -0400] "GET /wp-admin/includes/nav.php HTTP/1.1" 404 15313 "-" "-"
52.169.110.77 - - [14/Apr/2025:23:20:04 -0400] "GET /bs1.php?d=2f7777772f3030396437 HTTP/1.1" 301 0 "-" "-"
198.54.114.83 - - [14/Apr/2025:23:20:08 -0400] "POST /wp-cron.php?doing_wp_cron=1744687207.6669960021972656250000 HTTP/1.1" 200 0 "-" "WordPress/6.7.2; https://creative-webstyle.com"
52.169.24.230 - - [14/Apr/2025:23:20:04 -0400] "GET /wp-admin/includes/about.php HTTP/1.1" 404 15314 "-" "-"
52.169.110.77 - - [14/Apr/2025:23:20:06 -0400] "GET /bs1.php?d=2f7777772f3030396437 HTTP/1.1" 404 15302 "-" "-"
52.169.110.77 - - [14/Apr/2025:23:20:11 -0400] "GET /buy.php HTTP/1.1" 301 0 "-" "-"
52.169.24.230 - - [14/Apr/2025:23:20:11 -0400] "GET /wp-admin/includes/about.php?p= HTTP/1.1" 301 0 "-" "-"
52.169.24.230 - - [14/Apr/2025:23:20:13 -0400] "GET /wp-admin/includes/about.php HTTP/1.1" 404 15314 "-" "-"
52.169.24.230 - - [14/Apr/2025:23:20:15 -0400] "GET /wp-admin/includes/cloud.php HTTP/1.1" 404 15315 "-" "-"
52.169.110.77 - - [14/Apr/2025:23:20:14 -0400] "GET /buy.php HTTP/1.1" 404 15285 "-" "-"
52.169.110.77 - - [14/Apr/2025:23:20:18 -0400] "GET /buy.php?p= HTTP/1.1" 301 0 "-" "-"
52.169.24.230 - - [14/Apr/2025:23:20:18 -0400] "GET /wp-admin/includes/cong.php HTTP/1.1" 404 15315 "-" "-"
52.169.110.77 - - [14/Apr/2025:23:20:21 -0400] "GET /buy.php HTTP/1.1" 404 15285 "-" "-"
52.169.110.77 - - [14/Apr/2025:23:20:22 -0400] "GET /byp.php HTTP/1.1" 301 0 "-" "-"
52.169.24.230 - - [14/Apr/2025:23:20:21 -0400] "GET /wp-admin/includes/iR7SzrsOUEP.php HTTP/1.1" 404 15324 "-" "-"
52.169.24.230 - - [14/Apr/2025:23:20:25 -0400] "GET /wp-admin/includes/index.php HTTP/1.1" 301 0 "-" "-"
52.169.110.77 - - [14/Apr/2025:23:20:25 -0400] "GET /byp.php HTTP/1.1" 404 15285 "-" "-"
52.169.24.230 - - [14/Apr/2025:23:20:27 -0400] "GET /wp-admin/includes/ HTTP/1.1" 403 1242 "-" "-"
52.169.110.77 - - [14/Apr/2025:23:20:28 -0400] "GET /bypass.php HTTP/1.1" 301 0 "-" "-"
52.169.24.230 - - [14/Apr/2025:23:20:28 -0400] "GET /wp-admin/includes/themes.php HTTP/1.1" 404 15313 "-" "-"
52.169.110.77 - - [14/Apr/2025:23:20:32 -0400] "GET /bypass.php HTTP/1.1" 404 15289 "-" "-"
52.169.24.230 - - [14/Apr/2025:23:20:34 -0400] "GET /wp-admin/includes/wp-conflg.php HTTP/1.1" 404 15318 "-" "-"
52.169.110.77 - - [14/Apr/2025:23:20:36 -0400] "GET /c.php HTTP/1.1" 301 0 "-" "-"
52.169.24.230 - - [14/Apr/2025:23:20:36 -0400] "GET /wp-admin/includes/wp-conflg.php?p= HTTP/1.1" 301 0 "-" "-"
52.169.24.230 - - [14/Apr/2025:23:20:39 -0400] "GET /wp-admin/includes/wp-conflg.php HTTP/1.1" 404 15318 "-" "-"
52.169.110.77 - - [14/Apr/2025:23:20:39 -0400] "GET /c.php HTTP/1.1" 404 15284 "-" "-"
52.169.110.77 - - [14/Apr/2025:23:20:42 -0400] "GET /cZkmtUnJVfi.php HTTP/1.1" 301 0 "-" "-"
52.169.24.230 - - [14/Apr/2025:23:20:41 -0400] "GET /wp-admin/includes/xmrlpc.php HTTP/1.1" 404 15316 "-" "-"
52.169.24.230 - - [14/Apr/2025:23:20:44 -0400] "GET /wp-admin/includes/xmrlpc.php?p= HTTP/1.1" 301 0 "-" "-"
52.169.110.77 - - [14/Apr/2025:23:20:44 -0400] "GET /cZkmtUnJVfi.php HTTP/1.1" 404 15295 "-" "-"
52.169.24.230 - - [14/Apr/2025:23:20:47 -0400] "GET /wp-admin/includes/xmrlpc.php HTTP/1.1" 404 15316 "-" "-"
52.169.24.230 - - [14/Apr/2025:23:20:48 -0400] "GET /wp-admin/index.php HTTP/1.1" 302 0 "-" "-"
198.54.114.83 - - [14/Apr/2025:23:20:49 -0400] "POST /wp-cron.php?doing_wp_cron=1744687249.2656040191650390625000 HTTP/1.1" 200 0 "-" "WordPress/6.7.2; https://creative-webstyle.com"
52.169.110.77 - - [14/Apr/2025:23:20:48 -0400] "GET /cache/b/c/e/b/mdtcshwavxn.php HTTP/1.1" 301 0 "-" "-"
198.54.114.83 - - [14/Apr/2025:23:20:53 -0400] "POST /wp-cron.php?doing_wp_cron=1744687253.1363220214843750000000 HTTP/1.1" 200 0 "-" "WordPress/6.7.2; https://creative-webstyle.com"
52.169.110.77 - - [14/Apr/2025:23:20:52 -0400] "GET /cache/b/c/e/b/mdtcshwavxn.php HTTP/1.1" 404 15304 "-" "-"
52.169.24.230 - - [14/Apr/2025:23:20:55 -0400] "GET /wp-admin/index.php?p= HTTP/1.1" 302 0 "-" "-"
52.169.110.77 - - [14/Apr/2025:23:20:56 -0400] "GET /cache/d/d/b/d/zwdlhkfyupn.php HTTP/1.1" 301 0 "-" "-"
52.169.110.77 - - [14/Apr/2025:23:20:59 -0400] "GET /cache/d/d/b/d/zwdlhkfyupn.php HTTP/1.1" 404 15304 "-" "-"
52.169.24.230 - - [14/Apr/2025:23:21:00 -0400] "GET /wp-admin/install.php HTTP/1.1" 200 522 "-" "-"
52.169.110.77 - - [14/Apr/2025:23:21:02 -0400] "GET /cache/d/h/d/f/ukstnfjlbov.php HTTP/1.1" 301 0 "-" "-"
52.169.24.230 - - [14/Apr/2025:23:21:02 -0400] "GET /wp-admin/item.php HTTP/1.1" 404 15309 "-" "-"
52.169.110.77 - - [14/Apr/2025:23:21:04 -0400] "GET /cache/d/h/d/f/ukstnfjlbov.php HTTP/1.1" 404 15306 "-" "-"
52.169.24.230 - - [14/Apr/2025:23:21:05 -0400] "GET /wp-admin/js/ HTTP/1.1" 403 1242 "-" "-"
52.169.24.230 - - [14/Apr/2025:23:21:06 -0400] "GET /wp-admin/js//themes.php HTTP/1.1" 301 0 "-" "-"
52.169.110.77 - - [14/Apr/2025:23:21:07 -0400] "GET /cache/e/e/e/b/abkiszpjdfx.php HTTP/1.1" 301 0 "-" "-"
52.169.24.230 - - [14/Apr/2025:23:21:09 -0400] "GET /wp-admin/js/themes.php HTTP/1.1" 404 15313 "-" "-"
52.169.110.77 - - [14/Apr/2025:23:21:10 -0400] "GET /cache/e/e/e/b/abkiszpjdfx.php HTTP/1.1" 404 15303 "-" "-"
52.169.24.230 - - [14/Apr/2025:23:21:11 -0400] "GET /wp-admin/js//wp-conflg.php HTTP/1.1" 301 0 "-" "-"
52.169.110.77 - - [14/Apr/2025:23:21:14 -0400] "GET /cache/g/a/d/b/qtrxajmpgek.php HTTP/1.1" 301 0 "-" "-"
52.169.24.230 - - [14/Apr/2025:23:21:15 -0400] "GET /wp-admin/js/wp-conflg.php HTTP/1.1" 404 15316 "-" "-"
52.169.110.77 - - [14/Apr/2025:23:21:16 -0400] "GET /cache/g/a/d/b/qtrxajmpgek.php HTTP/1.1" 404 15308 "-" "-"
52.169.24.230 - - [14/Apr/2025:23:21:17 -0400] "GET /wp-admin/js/about.php HTTP/1.1" 404 15312 "-" "-"
52.169.110.77 - - [14/Apr/2025:23:21:20 -0400] "GET /cache/g/c/h/b/tfuoqlvyakp.php HTTP/1.1" 301 0 "-" "-"
52.169.24.230 - - [14/Apr/2025:23:21:20 -0400] "GET /wp-admin/js/about.php7 HTTP/1.1" 404 15313 "-" "-"
52.169.110.77 - - [14/Apr/2025:23:21:22 -0400] "GET /cache/g/c/h/b/tfuoqlvyakp.php HTTP/1.1" 404 15309 "-" "-"
52.169.24.230 - - [14/Apr/2025:23:21:23 -0400] "GET /wp-admin/js/admin.php HTTP/1.1" 404 15311 "-" "-"
52.169.110.77 - - [14/Apr/2025:23:21:25 -0400] "GET /cc.php HTTP/1.1" 301 0 "-" "-"
52.169.24.230 - - [14/Apr/2025:23:21:26 -0400] "GET /wp-admin/js/autoload_classmap.php HTTP/1.1" 404 15322 "-" "-"
52.169.24.230 - - [14/Apr/2025:23:21:27 -0400] "GET /wp-admin/js/chosen.php HTTP/1.1" 404 15315 "-" "-"
52.169.110.77 - - [14/Apr/2025:23:21:27 -0400] "GET /cc.php HTTP/1.1" 404 15285 "-" "-"
52.169.110.77 - - [14/Apr/2025:23:21:30 -0400] "GET /cd.php HTTP/1.1" 301 0 "-" "-"
52.169.24.230 - - [14/Apr/2025:23:21:30 -0400] "GET /wp-admin/js/index.php HTTP/1.1" 301 0 "-" "-"
52.169.24.230 - - [14/Apr/2025:23:21:32 -0400] "GET /wp-admin/js/ HTTP/1.1" 403 1242 "-" "-"
52.169.110.77 - - [14/Apr/2025:23:21:32 -0400] "GET /cd.php HTTP/1.1" 404 15284 "-" "-"
52.169.24.230 - - [14/Apr/2025:23:21:35 -0400] "GET /wp-admin/js/widgets/ HTTP/1.1" 403 1242 "-" "-"
52.169.110.77 - - [14/Apr/2025:23:21:36 -0400] "GET /cgi-bin/ HTTP/1.1" 500 102 "-" "-"
52.169.24.230 - - [14/Apr/2025:23:21:36 -0400] "GET /wp-admin/js/widgets/about.php7 HTTP/1.1" 404 15320 "-" "-"
52.169.110.77 - - [14/Apr/2025:23:21:38 -0400] "GET /cgi-bin/about.php HTTP/1.1" 301 0 "-" "-"
52.169.24.230 - - [14/Apr/2025:23:21:40 -0400] "GET /wp-admin/js/widgets/cloud.php HTTP/1.1" 404 15320 "-" "-"
52.169.110.77 - - [14/Apr/2025:23:21:41 -0400] "GET /cgi-bin/about.php HTTP/1.1" 404 15292 "-" "-"
52.169.24.230 - - [14/Apr/2025:23:21:42 -0400] "GET /wp-admin/js/widgets/edit.php HTTP/1.1" 404 15319 "-" "-"
52.169.110.77 - - [14/Apr/2025:23:21:45 -0400] "GET /cgi-bin/admin.php HTTP/1.1" 301 0 "-" "-"
52.169.24.230 - - [14/Apr/2025:23:21:46 -0400] "GET /wp-admin/js/widgets/index.php HTTP/1.1" 301 0 "-" "-"
52.169.24.230 - - [14/Apr/2025:23:21:48 -0400] "GET /wp-admin/js/widgets/ HTTP/1.1" 403 1242 "-" "-"
52.169.110.77 - - [14/Apr/2025:23:21:48 -0400] "GET /cgi-bin/admin.php HTTP/1.1" 404 15289 "-" "-"
52.169.24.230 - - [14/Apr/2025:23:21:51 -0400] "GET /wp-admin/js/widgets/xmrlpc.php HTTP/1.1" 404 15322 "-" "-"
52.169.110.77 - - [14/Apr/2025:23:21:52 -0400] "GET /cgi-bin/b.php HTTP/1.1" 301 0 "-" "-"
52.169.24.230 - - [14/Apr/2025:23:21:54 -0400] "GET /wp-admin/js/widgets/xmrlpc.php?p= HTTP/1.1" 301 0 "-" "-"
52.169.24.230 - - [14/Apr/2025:23:21:56 -0400] "GET /wp-admin/js/widgets/xmrlpc.php HTTP/1.1" 404 15322 "-" "-"
52.169.110.77 - - [14/Apr/2025:23:21:54 -0400] "GET /cgi-bin/b.php HTTP/1.1" 404 15290 "-" "-"
52.169.24.230 - - [14/Apr/2025:23:21:57 -0400] "GET /wp-admin/js/wp-conflg.php HTTP/1.1" 404 15316 "-" "-"
52.169.110.77 - - [14/Apr/2025:23:21:58 -0400] "GET /cgi-bin/bak.php?p= HTTP/1.1" 301 0 "-" "-"
52.169.24.230 - - [14/Apr/2025:23:22:00 -0400] "GET /wp-admin/js/wp-conflg.php?p= HTTP/1.1" 301 0 "-" "-"
52.169.24.230 - - [14/Apr/2025:23:22:01 -0400] "GET /wp-admin/js/wp-conflg.php HTTP/1.1" 404 15316 "-" "-"
52.169.110.77 - - [14/Apr/2025:23:22:00 -0400] "GET /cgi-bin/bak.php HTTP/1.1" 404 15292 "-" "-"
52.169.24.230 - - [14/Apr/2025:23:22:03 -0400] "GET /wp-admin/js/wp-login.php HTTP/1.1" 404 15314 "-" "-"
52.169.110.77 - - [14/Apr/2025:23:22:03 -0400] "GET /cgi-bin/cgi-bin/about.php HTTP/1.1" 301 0 "-" "-"
52.169.24.230 - - [14/Apr/2025:23:22:06 -0400] "GET /wp-admin/kpjQgosHcIU.php HTTP/1.1" 404 15319 "-" "-"
52.169.110.77 - - [14/Apr/2025:23:22:06 -0400] "GET /cgi-bin/cgi-bin/about.php HTTP/1.1" 404 15294 "-" "-"
52.169.110.77 - - [14/Apr/2025:23:22:09 -0400] "GET /cgi-bin/cloud.php HTTP/1.1" 301 0 "-" "-"
52.169.24.230 - - [14/Apr/2025:23:22:09 -0400] "GET /wp-admin/log.php HTTP/1.1" 404 15309 "-" "-"
52.169.110.77 - - [14/Apr/2025:23:22:11 -0400] "GET /cgi-bin/cloud.php HTTP/1.1" 404 15293 "-" "-"
52.169.24.230 - - [14/Apr/2025:23:22:11 -0400] "GET /wp-admin/m5gxnfKML7e.php HTTP/1.1" 404 15317 "-" "-"
52.169.110.77 - - [14/Apr/2025:23:22:13 -0400] "GET /cgi-bin/file.php HTTP/1.1" 301 0 "-" "-"
52.169.24.230 - - [14/Apr/2025:23:22:14 -0400] "GET /wp-admin/mah.php HTTP/1.1" 404 15309 "-" "-"
52.169.110.77 - - [14/Apr/2025:23:22:14 -0400] "GET /cgi-bin/file.php HTTP/1.1" 404 15292 "-" "-"
52.169.24.230 - - [14/Apr/2025:23:22:17 -0400] "GET /wp-admin/maint/ HTTP/1.1" 403 1242 "-" "-"
52.169.110.77 - - [14/Apr/2025:23:22:17 -0400] "GET /cgi-bin/head.php HTTP/1.1" 301 0 "-" "-"
52.169.24.230 - - [14/Apr/2025:23:22:17 -0400] "GET /wp-admin/maint//go.php HTTP/1.1" 301 0 "-" "-"
52.169.110.77 - - [14/Apr/2025:23:22:18 -0400] "GET /cgi-bin/head.php HTTP/1.1" 404 15291 "-" "-"
52.169.110.77 - - [14/Apr/2025:23:22:21 -0400] "GET /cgi-bin/index.php HTTP/1.1" 500 102 "-" "-"
52.169.24.230 - - [14/Apr/2025:23:22:20 -0400] "GET /wp-admin/maint/go.php HTTP/1.1" 404 15313 "-" "-"
52.169.110.77 - - [14/Apr/2025:23:22:23 -0400] "GET /cgi-bin/index.php?p= HTTP/1.1" 500 102 "-" "-"
52.169.24.230 - - [14/Apr/2025:23:22:23 -0400] "GET /wp-admin/maint/about.php HTTP/1.1" 404 15314 "-" "-"
52.169.110.77 - - [14/Apr/2025:23:22:24 -0400] "GET /cgi-bin/index.php?p=&upload HTTP/1.1" 500 102 "-" "-"
52.169.110.77 - - [14/Apr/2025:23:22:25 -0400] "GET /cgi-bin/moon.php HTTP/1.1" 301 0 "-" "-"
52.169.24.230 - - [14/Apr/2025:23:22:25 -0400] "GET /wp-admin/maint/admin.php HTTP/1.1" 404 15313 "-" "-"
52.169.110.77 - - [14/Apr/2025:23:22:27 -0400] "GET /cgi-bin/moon.php HTTP/1.1" 404 15293 "-" "-"
52.169.24.230 - - [14/Apr/2025:23:22:27 -0400] "GET /wp-admin/maint/autoload_classmap.php HTTP/1.1" 404 15323 "-" "-"
52.169.110.77 - - [14/Apr/2025:23:22:31 -0400] "GET /cgi-bin/users.php HTTP/1.1" 301 0 "-" "-"
52.169.24.230 - - [14/Apr/2025:23:22:31 -0400] "GET /wp-admin/maint/index.php HTTP/1.1" 301 0 "-" "-"
52.169.24.230 - - [14/Apr/2025:23:22:34 -0400] "GET /wp-admin/maint/ HTTP/1.1" 403 1242 "-" "-"
52.169.110.77 - - [14/Apr/2025:23:22:34 -0400] "GET /cgi-bin/users.php HTTP/1.1" 404 15293 "-" "-"
52.169.24.230 - - [14/Apr/2025:23:22:36 -0400] "GET /wp-admin/maint/index.php?p= HTTP/1.1" 301 0 "-" "-"
52.169.110.77 - - [14/Apr/2025:23:22:38 -0400] "GET /cgi-bin/wp-login.php HTTP/1.1" 500 104 "-" "-"
52.169.24.230 - - [14/Apr/2025:23:22:39 -0400] "GET /wp-admin/maint/ HTTP/1.1" 403 1242 "-" "-"
52.169.110.77 - - [14/Apr/2025:23:22:41 -0400] "GET /cgi-bin/xmrlpc.php HTTP/1.1" 301 0 "-" "-"
52.169.24.230 - - [14/Apr/2025:23:22:42 -0400] "GET /wp-admin/maint/index.php?pass=lin598853003 HTTP/1.1" 301 0 "-" "-"
52.169.110.77 - - [14/Apr/2025:23:22:43 -0400] "GET /cgi-bin/xmrlpc.php HTTP/1.1" 404 15294 "-" "-"
52.169.24.230 - - [14/Apr/2025:23:22:44 -0400] "GET /wp-admin/maint/?pass=lin598853003 HTTP/1.1" 403 1242 "-" "-"
52.169.110.77 - - [14/Apr/2025:23:22:46 -0400] "GET /chosen HTTP/1.1" 301 0 "-" "-"
52.169.24.230 - - [14/Apr/2025:23:22:46 -0400] "GET /wp-admin/maint/users.php HTTP/1.1" 404 15315 "-" "-"
52.169.110.77 - - [14/Apr/2025:23:22:49 -0400] "GET /chosen HTTP/1.1" 404 15284 "-" "-"
52.169.24.230 - - [14/Apr/2025:23:22:50 -0400] "GET /wp-admin/maint/wp-login.php HTTP/1.1" 404 15316 "-" "-"
198.54.114.83 - - [14/Apr/2025:23:22:52 -0400] "POST /wp-cron.php?doing_wp_cron=1744687370.6110639572143554687500 HTTP/1.1" 200 0 "-" "WordPress/6.7.2; https://creative-webstyle.com"
52.169.110.77 - - [14/Apr/2025:23:22:52 -0400] "GET /chosen.php HTTP/1.1" 301 0 "-" "-"
52.169.24.230 - - [14/Apr/2025:23:22:54 -0400] "GET /wp-admin/media.php HTTP/1.1" 302 0 "-" "-"
52.169.110.77 - - [14/Apr/2025:23:22:55 -0400] "GET /chosen.php HTTP/1.1" 404 15287 "-" "-"
52.169.110.77 - - [14/Apr/2025:23:22:58 -0400] "GET /chosen.php?p= HTTP/1.1" 301 0 "-" "-"
52.169.110.77 - - [14/Apr/2025:23:23:03 -0400] "GET /chosen.php HTTP/1.1" 404 15287 "-" "-"
52.169.24.230 - - [14/Apr/2025:23:23:04 -0400] "GET /wp-admin/meta/ HTTP/1.1" 404 15307 "-" "-"
52.169.110.77 - - [14/Apr/2025:23:23:06 -0400] "GET /chosen/ HTTP/1.1" 301 0 "-" "-"
52.169.24.230 - - [14/Apr/2025:23:23:07 -0400] "GET /wp-admin/network/ HTTP/1.1" 302 0 "-" "-"
52.169.110.77 - - [14/Apr/2025:23:23:08 -0400] "GET /chosen/ HTTP/1.1" 404 15284 "-" "-"
52.169.110.77 - - [14/Apr/2025:23:23:12 -0400] "GET /chosen?p= HTTP/1.1" 301 0 "-" "-"
52.169.110.77 - - [14/Apr/2025:23:23:14 -0400] "GET /chosen HTTP/1.1" 404 15284 "-" "-"
52.169.24.230 - - [14/Apr/2025:23:23:14 -0400] "GET /wp-admin/network/about.php HTTP/1.1" 302 0 "-" "-"
52.169.110.77 - - [14/Apr/2025:23:23:16 -0400] "GET /cjfuns.php HTTP/1.1" 301 0 "-" "-"
52.169.110.77 - - [14/Apr/2025:23:23:18 -0400] "GET /cjfuns.php HTTP/1.1" 404 15289 "-" "-"
52.169.24.230 - - [14/Apr/2025:23:23:18 -0400] "GET /wp-admin/network/admiin.php HTTP/1.1" 404 15318 "-" "-"
52.169.110.77 - - [14/Apr/2025:23:23:19 -0400] "GET /class-php HTTP/1.1" 301 0 "-" "-"
52.169.24.230 - - [14/Apr/2025:23:23:21 -0400] "GET /wp-admin/network/admin.php HTTP/1.1" 302 0 "-" "-"
52.169.110.77 - - [14/Apr/2025:23:23:21 -0400] "GET /class-php HTTP/1.1" 404 15286 "-" "-"
52.169.110.77 - - [14/Apr/2025:23:23:24 -0400] "GET /class-wp-lock.php HTTP/1.1" 301 0 "-" "-"
52.169.110.77 - - [14/Apr/2025:23:23:26 -0400] "GET /class-wp-lock.php HTTP/1.1" 404 15290 "-" "-"
52.169.24.230 - - [14/Apr/2025:23:23:26 -0400] "GET /wp-admin/network/autoload_classmap.php HTTP/1.1" 404 15325 "-" "-"
52.169.110.77 - - [14/Apr/2025:23:23:29 -0400] "GET /class.api.php HTTP/1.1" 301 0 "-" "-"
52.169.24.230 - - [14/Apr/2025:23:23:29 -0400] "GET /wp-admin/network/b.php HTTP/1.1" 404 15316 "-" "-"
52.169.110.77 - - [14/Apr/2025:23:23:30 -0400] "GET /class.api.php HTTP/1.1" 404 15289 "-" "-"
52.169.24.230 - - [14/Apr/2025:23:23:32 -0400] "GET /wp-admin/network/chosen.php HTTP/1.1" 404 15319 "-" "-"
52.169.110.77 - - [14/Apr/2025:23:23:34 -0400] "GET /class.api.php?p= HTTP/1.1" 301 0 "-" "-"
52.169.110.77 - - [14/Apr/2025:23:23:36 -0400] "GET /class.api.php HTTP/1.1" 404 15289 "-" "-"
52.169.24.230 - - [14/Apr/2025:23:23:35 -0400] "GET /wp-admin/network/index.php HTTP/1.1" 302 0 "-" "-"
52.169.110.77 - - [14/Apr/2025:23:23:38 -0400] "GET /classsmtps.php HTTP/1.1" 301 0 "-" "-"
52.169.110.77 - - [14/Apr/2025:23:23:39 -0400] "GET /classsmtps.php HTTP/1.1" 404 15289 "-" "-"
52.169.110.77 - - [14/Apr/2025:23:23:42 -0400] "GET /classwithtostring.php HTTP/1.1" 301 0 "-" "-"
52.169.24.230 - - [14/Apr/2025:23:23:42 -0400] "GET /wp-admin/network/natural.php HTTP/1.1" 404 15320 "-" "-"
52.169.110.77 - - [14/Apr/2025:23:23:44 -0400] "GET /classwithtostring.php HTTP/1.1" 404 15295 "-" "-"
52.169.24.230 - - [14/Apr/2025:23:23:44 -0400] "GET /wp-admin/network/network.php HTTP/1.1" 404 15317 "-" "-"
52.169.110.77 - - [14/Apr/2025:23:23:45 -0400] "GET /classwithtostring.php/rbzccnnp.php/ HTTP/1.1" 301 0 "-" "-"
52.169.24.230 - - [14/Apr/2025:23:23:46 -0400] "GET /wp-admin/network/plugins.php HTTP/1.1" 302 0 "-" "-"
52.169.110.77 - - [14/Apr/2025:23:23:47 -0400] "GET /classwithtostring.php/rbzccnnp.php/ HTTP/1.1" 404 15303 "-" "-"
52.169.110.77 - - [14/Apr/2025:23:23:49 -0400] "GET /classwithtostring.php?p= HTTP/1.1" 301 0 "-" "-"
52.169.110.77 - - [14/Apr/2025:23:23:51 -0400] "GET /classwithtostring.php HTTP/1.1" 404 15295 "-" "-"
52.169.110.77 - - [14/Apr/2025:23:24:31 -0400] "GET /conf_upload.php HTTP/1.1" 301 0 "-" "-"
52.169.24.230 - - [14/Apr/2025:23:24:30 -0400] "GET /wp-admin/plugins HTTP/1.1" 404 15309 "-" "-"
52.169.110.77 - - [14/Apr/2025:23:24:32 -0400] "GET /conf_upload.php HTTP/1.1" 404 15290 "-" "-"
52.169.24.230 - - [14/Apr/2025:23:24:34 -0400] "GET /wp-admin/plugins/setup HTTP/1.1" 404 15315 "-" "-"
52.169.110.77 - - [14/Apr/2025:23:24:35 -0400] "GET /config.php HTTP/1.1" 301 0 "-" "-"
52.169.24.230 - - [14/Apr/2025:23:24:35 -0400] "GET /wp-admin/pn2V4tLmwH3.php HTTP/1.1" 404 15317 "-" "-"
52.169.110.77 - - [14/Apr/2025:23:24:36 -0400] "GET /config.php HTTP/1.1" 404 15288 "-" "-"
52.169.110.77 - - [14/Apr/2025:23:24:38 -0400] "GET /config.php7 HTTP/1.1" 301 0 "-" "-"
52.169.24.230 - - [14/Apr/2025:23:24:38 -0400] "GET /wp-admin/radio.php HTTP/1.1" 404 15310 "-" "-"
52.169.24.230 - - [14/Apr/2025:23:24:40 -0400] "GET /wp-admin/setup-config.php HTTP/1.1" 409 1222 "-" "-"
52.169.110.77 - - [14/Apr/2025:23:24:40 -0400] "GET /config.php7 HTTP/1.1" 404 15289 "-" "-"
52.169.110.77 - - [14/Apr/2025:23:24:41 -0400] "GET /configs.php HTTP/1.1" 301 0 "-" "-"
52.169.24.230 - - [14/Apr/2025:23:24:41 -0400] "GET /wp-admin/shapes.php HTTP/1.1" 404 15312 "-" "-"
52.169.110.77 - - [14/Apr/2025:23:24:43 -0400] "GET /configs.php HTTP/1.1" 404 15288 "-" "-"
52.169.24.230 - - [14/Apr/2025:23:24:43 -0400] "GET /wp-admin/shell.php HTTP/1.1" 404 15309 "-" "-"
52.169.110.77 - - [14/Apr/2025:23:24:45 -0400] "GET /cong.php HTTP/1.1" 301 0 "-" "-"
52.169.24.230 - - [14/Apr/2025:23:24:46 -0400] "GET /wp-admin/shell.php?p= HTTP/1.1" 301 0 "-" "-"
52.169.110.77 - - [14/Apr/2025:23:24:46 -0400] "GET /cong.php HTTP/1.1" 404 15287 "-" "-"
52.169.24.230 - - [14/Apr/2025:23:24:47 -0400] "GET /wp-admin/shell.php HTTP/1.1" 404 15309 "-" "-"
52.169.24.230 - - [14/Apr/2025:23:24:48 -0400] "GET /wp-admin/soDcBgSFtLA.php HTTP/1.1" 404 15318 "-" "-"
198.54.114.83 - - [14/Apr/2025:23:24:49 -0400] "POST /wp-cron.php?doing_wp_cron=1744687489.1633300781250000000000 HTTP/1.1" 200 0 "-" "WordPress/6.7.2; https://creative-webstyle.com"
52.169.110.77 - - [14/Apr/2025:23:24:48 -0400] "GET /cong.php?p= HTTP/1.1" 301 0 "-" "-"
52.169.110.77 - - [14/Apr/2025:23:24:51 -0400] "GET /cong.php HTTP/1.1" 404 15287 "-" "-"
52.169.24.230 - - [14/Apr/2025:23:24:50 -0400] "GET /wp-admin/swm6p5Zny1e.php HTTP/1.1" 404 15316 "-" "-"
52.169.110.77 - - [14/Apr/2025:23:24:52 -0400] "GET /contact.php HTTP/1.1" 301 0 "-" "-"
52.169.24.230 - - [14/Apr/2025:23:24:52 -0400] "GET /wp-admin/tYDX5wNaIbH.php HTTP/1.1" 404 15319 "-" "-"
52.169.24.230 - - [14/Apr/2025:23:24:54 -0400] "GET /wp-admin/themes HTTP/1.1" 404 15307 "-" "-"
198.54.114.83 - - [14/Apr/2025:23:24:55 -0400] "POST /wp-cron.php?doing_wp_cron=1744687494.3449530601501464843750 HTTP/1.1" 200 0 "-" "WordPress/6.7.2; https://creative-webstyle.com"
52.169.110.77 - - [14/Apr/2025:23:24:53 -0400] "GET /contact.php HTTP/1.1" 404 15286 "-" "-"
52.169.24.230 - - [14/Apr/2025:23:24:57 -0400] "GET /wp-admin/uiTWAJnRoeg.php HTTP/1.1" 404 15318 "-" "-"
52.169.110.77 - - [14/Apr/2025:23:24:58 -0400] "GET /contacts.php HTTP/1.1" 301 0 "-" "-"
52.169.24.230 - - [14/Apr/2025:23:25:00 -0400] "GET /wp-admin/user/ HTTP/1.1" 302 0 "-" "-"
52.169.110.77 - - [14/Apr/2025:23:25:00 -0400] "GET /contacts.php HTTP/1.1" 404 15287 "-" "-"
182.42.110.255 - - [14/Apr/2025:23:25:05 -0400] "GET / HTTP/1.1" 200 98430 "-" "Mozilla/5.0 (iPhone; CPU iPhone OS 13_2_3 like Mac OS X) AppleWebKit/605.1.15 (KHTML, like Gecko) Version/13.0.3 Mobile/15E148 Safari/604.1"
52.169.110.77 - - [14/Apr/2025:23:25:05 -0400] "GET /content.php HTTP/1.1" 301 0 "-" "-"
52.169.110.77 - - [14/Apr/2025:23:25:09 -0400] "GET /content.php HTTP/1.1" 404 15286 "-" "-"
52.169.24.230 - - [14/Apr/2025:23:25:12 -0400] "GET /wp-admin/user/?p= HTTP/1.1" 302 0 "-" "-"
52.169.110.77 - - [14/Apr/2025:23:25:12 -0400] "GET /content.php888 HTTP/1.1" 301 0 "-" "-"
52.169.110.77 - - [14/Apr/2025:23:25:16 -0400] "GET /content.php888 HTTP/1.1" 404 15287 "-" "-"
52.169.110.77 - - [14/Apr/2025:23:25:19 -0400] "GET /cpouchon/ORTHOSKIM HTTP/1.1" 301 0 "-" "-"
52.169.24.230 - - [14/Apr/2025:23:25:20 -0400] "GET /wp-admin/user/about.php HTTP/1.1" 302 0 "-" "-"
52.169.110.77 - - [14/Apr/2025:23:25:22 -0400] "GET /cpouchon/ORTHOSKIM HTTP/1.1" 404 15300 "-" "-"
52.169.110.77 - - [14/Apr/2025:23:25:27 -0400] "GET /css.php HTTP/1.1" 301 0 "-" "-"
52.169.24.230 - - [14/Apr/2025:23:25:29 -0400] "GET /wp-admin/user/about.php?p= HTTP/1.1" 302 0 "-" "-"
52.169.110.77 - - [14/Apr/2025:23:25:29 -0400] "GET /css.php HTTP/1.1" 404 15287 "-" "-"
52.169.110.77 - - [14/Apr/2025:23:25:35 -0400] "GET /css.php/cloud.php HTTP/1.1" 301 0 "-" "-"
52.169.24.230 - - [14/Apr/2025:23:25:37 -0400] "GET /wp-admin/user/admin.php HTTP/1.1" 302 0 "-" "-"
52.169.110.77 - - [14/Apr/2025:23:25:37 -0400] "GET /css.php/cloud.php HTTP/1.1" 404 15290 "-" "-"
52.169.110.77 - - [14/Apr/2025:23:25:41 -0400] "GET /css.php?p= HTTP/1.1" 301 0 "-" "-"
52.169.110.77 - - [14/Apr/2025:23:25:43 -0400] "GET /css.php HTTP/1.1" 404 15287 "-" "-"
52.169.24.230 - - [14/Apr/2025:23:25:44 -0400] "GET /wp-admin/user/autoload_classmap.php HTTP/1.1" 404 15323 "-" "-"
52.169.110.77 - - [14/Apr/2025:23:25:45 -0400] "GET /css/.tmp/ HTTP/1.1" 301 0 "-" "-"
52.169.24.230 - - [14/Apr/2025:23:25:46 -0400] "GET /wp-admin/user/bak.php HTTP/1.1" 404 15314 "-" "-"
52.169.110.77 - - [14/Apr/2025:23:25:47 -0400] "GET /css/.tmp/ HTTP/1.1" 404 15288 "-" "-"
52.169.24.230 - - [14/Apr/2025:23:25:48 -0400] "GET /wp-admin/user/cloud.php HTTP/1.1" 404 15315 "-" "-"
52.169.110.77 - - [14/Apr/2025:23:25:50 -0400] "GET /css/ALFA_DATA/alfacgiapi/perl.alfa.php HTTP/1.1" 301 0 "-" "-"
52.169.24.230 - - [14/Apr/2025:23:25:50 -0400] "GET /wp-admin/user/file.php HTTP/1.1" 404 15315 "-" "-"
52.169.24.230 - - [14/Apr/2025:23:25:53 -0400] "GET /wp-admin/user/index.php HTTP/1.1" 302 0 "-" "-"
52.169.110.77 - - [14/Apr/2025:23:25:52 -0400] "GET /css/ALFA_DATA/alfacgiapi/perl.alfa.php HTTP/1.1" 404 15315 "-" "-"
52.169.110.77 - - [14/Apr/2025:23:25:56 -0400] "GET /css/admin.php HTTP/1.1" 301 0 "-" "-"
52.169.110.77 - - [14/Apr/2025:23:25:58 -0400] "GET /css/admin.php HTTP/1.1" 404 15288 "-" "-"
52.169.24.230 - - [14/Apr/2025:23:25:59 -0400] "GET /wp-admin/user/wp-login.php HTTP/1.1" 404 15315 "-" "-"
52.169.110.77 - - [14/Apr/2025:23:26:01 -0400] "GET /css/cloud.php HTTP/1.1" 301 0 "-" "-"
52.169.24.230 - - [14/Apr/2025:23:26:02 -0400] "GET /wp-admin/user/xmrlpc.php?p= HTTP/1.1" 301 0 "-" "-"
52.169.110.77 - - [14/Apr/2025:23:26:03 -0400] "GET /css/cloud.php HTTP/1.1" 404 15290 "-" "-"
52.169.24.230 - - [14/Apr/2025:23:26:04 -0400] "GET /wp-admin/user/xmrlpc.php HTTP/1.1" 404 15316 "-" "-"
52.169.24.230 - - [14/Apr/2025:23:26:06 -0400] "GET /wp-admin/users.php HTTP/1.1" 302 0 "-" "-"
52.169.110.77 - - [14/Apr/2025:23:26:06 -0400] "GET /css/cong.php HTTP/1.1" 301 0 "-" "-"
52.169.110.77 - - [14/Apr/2025:23:26:08 -0400] "GET /css/cong.php HTTP/1.1" 404 15290 "-" "-"
52.169.110.77 - - [14/Apr/2025:23:26:11 -0400] "GET /css/default.php HTTP/1.1" 301 0 "-" "-"
52.169.24.230 - - [14/Apr/2025:23:26:11 -0400] "GET /wp-admin/wEvOhNfjUQY.php HTTP/1.1" 404 15320 "-" "-"
52.169.110.77 - - [14/Apr/2025:23:26:13 -0400] "GET /css/default.php HTTP/1.1" 404 15293 "-" "-"
52.169.24.230 - - [14/Apr/2025:23:26:14 -0400] "GET /wp-admin/wp-admin.php HTTP/1.1" 404 15308 "-" "-"
52.169.110.77 - - [14/Apr/2025:23:26:17 -0400] "GET /css/index.php HTTP/1.1" 301 0 "-" "-"
52.169.24.230 - - [14/Apr/2025:23:26:17 -0400] "GET /wp-admin/wp-conflg.php HTTP/1.1" 404 15313 "-" "-"
52.169.110.77 - - [14/Apr/2025:23:26:19 -0400] "GET /css/ HTTP/1.1" 404 15283 "-" "-"
52.169.24.230 - - [14/Apr/2025:23:26:21 -0400] "GET /wp-admin/wp-conflg.php?p= HTTP/1.1" 301 0 "-" "-"
52.169.110.77 - - [14/Apr/2025:23:26:23 -0400] "GET /css/nop.php HTTP/1.1" 301 0 "-" "-"
52.169.24.230 - - [14/Apr/2025:23:26:24 -0400] "GET /wp-admin/wp-conflg.php HTTP/1.1" 404 15313 "-" "-"
52.169.110.77 - - [14/Apr/2025:23:26:25 -0400] "GET /css/nop.php HTTP/1.1" 404 15289 "-" "-"
52.169.24.230 - - [14/Apr/2025:23:26:25 -0400] "GET /wp-admin/wp-login.php HTTP/1.1" 404 15311 "-" "-"
52.169.110.77 - - [14/Apr/2025:23:26:28 -0400] "GET /css/wp-login.php HTTP/1.1" 301 0 "-" "-"
52.169.24.230 - - [14/Apr/2025:23:26:28 -0400] "GET /wp-admin/wp.php HTTP/1.1" 404 15308 "-" "-"
52.169.110.77 - - [14/Apr/2025:23:26:29 -0400] "GET /css/wp-login.php HTTP/1.1" 404 15290 "-" "-"
52.169.24.230 - - [14/Apr/2025:23:26:30 -0400] "GET /wp-admin/wso.php HTTP/1.1" 404 15309 "-" "-"
52.169.110.77 - - [14/Apr/2025:23:26:32 -0400] "GET /csv.php HTTP/1.1" 301 0 "-" "-"
52.169.24.230 - - [14/Apr/2025:23:26:34 -0400] "GET /wp-admin/x.php HTTP/1.1" 404 15307 "-" "-"
52.169.110.77 - - [14/Apr/2025:23:26:34 -0400] "GET /csv.php HTTP/1.1" 404 15286 "-" "-"
52.169.24.230 - - [14/Apr/2025:23:26:36 -0400] "GET /wp-api.php HTTP/1.1" 404 15308 "-" "-"
52.169.110.77 - - [14/Apr/2025:23:26:37 -0400] "GET /custom-background.php HTTP/1.1" 301 0 "-" "-"
52.169.24.230 - - [14/Apr/2025:23:26:37 -0400] "GET /wp-atom.php HTTP/1.1" 301 0 "-" "-"
52.169.110.77 - - [14/Apr/2025:23:26:39 -0400] "GET /custom-background.php HTTP/1.1" 404 15294 "-" "-"
52.169.110.77 - - [14/Apr/2025:23:26:41 -0400] "GET /cux.php HTTP/1.1" 301 0 "-" "-"
52.169.24.230 - - [14/Apr/2025:23:26:41 -0400] "GET /wp-back.php HTTP/1.1" 404 15310 "-" "-"
52.169.110.77 - - [14/Apr/2025:23:26:42 -0400] "GET /cux.php HTTP/1.1" 404 15285 "-" "-"
52.169.24.230 - - [14/Apr/2025:23:26:44 -0400] "GET /wp-blog-header.php HTTP/1.1" 404 0 "-" "-"
52.169.110.77 - - [14/Apr/2025:23:26:45 -0400] "GET /d.php HTTP/1.1" 301 0 "-" "-"
52.169.24.230 - - [14/Apr/2025:23:26:46 -0400] "GET /wp-blog-header.php?p= HTTP/1.1" 404 0 "-" "-"
52.169.24.230 - - [14/Apr/2025:23:26:48 -0400] "GET /wp-blog.php HTTP/1.1" 404 15310 "-" "-"
52.169.110.77 - - [14/Apr/2025:23:26:47 -0400] "GET /d.php HTTP/1.1" 404 15284 "-" "-"
52.169.24.230 - - [14/Apr/2025:23:26:49 -0400] "GET /wp-blog.php?pass=hill HTTP/1.1" 404 15318 "-" "-"
52.169.110.77 - - [14/Apr/2025:23:26:50 -0400] "GET /d8Q4AflCtoJ.php HTTP/1.1" 301 0 "-" "-"
52.169.24.230 - - [14/Apr/2025:23:26:51 -0400] "GET /wp-checkbex.php HTTP/1.1" 404 15313 "-" "-"
52.169.110.77 - - [14/Apr/2025:23:26:53 -0400] "GET /d8Q4AflCtoJ.php HTTP/1.1" 404 15293 "-" "-"
52.169.24.230 - - [14/Apr/2025:23:26:54 -0400] "GET /wp-class.php HTTP/1.1" 404 15309 "-" "-"
52.169.110.77 - - [14/Apr/2025:23:26:56 -0400] "GET /data.php HTTP/1.1" 301 0 "-" "-"
198.54.114.83 - - [14/Apr/2025:23:26:58 -0400] "POST /wp-cron.php?doing_wp_cron=1744687616.5164070129394531250000 HTTP/1.1" 200 0 "-" "WordPress/6.7.2; https://creative-webstyle.com"
52.169.24.230 - - [14/Apr/2025:23:26:58 -0400] "GET /wp-cli.php HTTP/1.1" 404 15308 "-" "-"
52.169.110.77 - - [14/Apr/2025:23:26:59 -0400] "GET /data.php HTTP/1.1" 404 15286 "-" "-"
52.169.24.230 - - [14/Apr/2025:23:27:00 -0400] "GET /wp-conf.php HTTP/1.1" 404 15311 "-" "-"
52.169.110.77 - - [14/Apr/2025:23:27:03 -0400] "GET /data/.backup.php HTTP/1.1" 301 0 "-" "-"
52.169.24.230 - - [14/Apr/2025:23:27:05 -0400] "GET /wp-conf.php?p= HTTP/1.1" 301 0 "-" "-"
52.169.110.77 - - [14/Apr/2025:23:27:05 -0400] "GET /data/.backup.php HTTP/1.1" 404 15293 "-" "-"
52.169.24.230 - - [14/Apr/2025:23:27:07 -0400] "GET /wp-conf.php HTTP/1.1" 404 15311 "-" "-"
52.169.24.230 - - [14/Apr/2025:23:27:08 -0400] "GET /wp-config-sample.php HTTP/1.1" 500 1083 "-" "-"
52.169.110.77 - - [14/Apr/2025:23:27:08 -0400] "GET /db.php HTTP/1.1" 301 0 "-" "-"
52.169.110.77 - - [14/Apr/2025:23:27:10 -0400] "GET /db.php HTTP/1.1" 404 15285 "-" "-"
52.169.24.230 - - [14/Apr/2025:23:27:10 -0400] "GET /wp-configs.php HTTP/1.1" 404 15313 "-" "-"
52.169.24.230 - - [14/Apr/2025:23:27:12 -0400] "GET /wp-configs.php HTTP/1.1" 404 15313 "-" "-"
52.169.110.77 - - [14/Apr/2025:23:27:13 -0400] "GET /defaul1.php HTTP/1.1" 301 0 "-" "-"
52.169.24.230 - - [14/Apr/2025:23:27:14 -0400] "GET /wp-confiig.php HTTP/1.1" 404 15311 "-" "-"
52.169.110.77 - - [14/Apr/2025:23:27:14 -0400] "GET /defaul1.php HTTP/1.1" 404 15289 "-" "-"
52.169.24.230 - - [14/Apr/2025:23:27:16 -0400] "GET /wp-conflg.php HTTP/1.1" 404 15311 "-" "-"
52.169.24.230 - - [14/Apr/2025:23:27:17 -0400] "GET /wp-conflg.php?p= HTTP/1.1" 301 0 "-" "-"
52.169.24.230 - - [14/Apr/2025:23:27:19 -0400] "GET /wp-conflg.php HTTP/1.1" 404 15311 "-" "-"
52.169.110.77 - - [14/Apr/2025:23:27:18 -0400] "GET /default.php HTTP/1.1" 301 0 "-" "-"
52.169.24.230 - - [14/Apr/2025:23:27:20 -0400] "GET /wp-content/ HTTP/1.1" 200 0 "-" "-"
52.169.110.77 - - [14/Apr/2025:23:27:20 -0400] "GET /default.php HTTP/1.1" 404 15288 "-" "-"
52.169.24.230 - - [14/Apr/2025:23:27:21 -0400] "GET /wp-content//auto.php HTTP/1.1" 301 0 "-" "-"
52.169.110.77 - - [14/Apr/2025:23:27:22 -0400] "GET /defaults.php HTTP/1.1" 301 0 "-" "-"
52.169.24.230 - - [14/Apr/2025:23:27:23 -0400] "GET /wp-content/auto.php HTTP/1.1" 404 15314 "-" "-"
52.169.110.77 - - [14/Apr/2025:23:27:24 -0400] "GET /defaults.php HTTP/1.1" 404 15290 "-" "-"
52.169.24.230 - - [14/Apr/2025:23:27:27 -0400] "GET /wp-content/about.php HTTP/1.1" 404 15314 "-" "-"
52.169.110.77 - - [14/Apr/2025:23:27:27 -0400] "GET /dg6Umx2OrVh.php HTTP/1.1" 301 0 "-" "-"
52.169.24.230 - - [14/Apr/2025:23:27:29 -0400] "GET /wp-content/about.php?p= HTTP/1.1" 301 0 "-" "-"
52.169.110.77 - - [14/Apr/2025:23:27:30 -0400] "GET /dg6Umx2OrVh.php HTTP/1.1" 404 15293 "-" "-"
52.169.24.230 - - [14/Apr/2025:23:27:32 -0400] "GET /wp-content/about.php HTTP/1.1" 404 15314 "-" "-"
52.169.110.77 - - [14/Apr/2025:23:27:34 -0400] "GET /doc.php HTTP/1.1" 301 0 "-" "-"
52.169.24.230 - - [14/Apr/2025:23:27:34 -0400] "GET /wp-content/admin.php HTTP/1.1" 404 15311 "-" "-"
52.169.110.77 - - [14/Apr/2025:23:27:37 -0400] "GET /doc.php HTTP/1.1" 404 15285 "-" "-"
52.169.24.230 - - [14/Apr/2025:23:27:37 -0400] "GET /wp-content/alfa.php HTTP/1.1" 404 15313 "-" "-"
52.169.110.77 - - [14/Apr/2025:23:27:38 -0400] "GET /dropdown.php HTTP/1.1" 301 0 "-" "-"
52.169.110.77 - - [14/Apr/2025:23:27:40 -0400] "GET /dropdown.php HTTP/1.1" 404 15290 "-" "-"
52.169.24.230 - - [14/Apr/2025:23:27:39 -0400] "GET /wp-content/atomlib.php HTTP/1.1" 404 15316 "-" "-"
52.169.24.230 - - [14/Apr/2025:23:27:41 -0400] "GET /wp-content/autoload_classmap.php HTTP/1.1" 404 15322 "-" "-"
52.169.110.77 - - [14/Apr/2025:23:27:41 -0400] "GET /dropdown.php?p= HTTP/1.1" 301 0 "-" "-"
52.169.110.77 - - [14/Apr/2025:23:27:42 -0400] "GET /dropdown.php HTTP/1.1" 404 15290 "-" "-"
52.169.24.230 - - [14/Apr/2025:23:27:42 -0400] "GET /wp-content/autoload_classmap.php/ HTTP/1.1" 404 15322 "-" "-"
52.169.110.77 - - [14/Apr/2025:23:27:45 -0400] "GET /ds.php HTTP/1.1" 301 0 "-" "-"
52.169.24.230 - - [14/Apr/2025:23:27:45 -0400] "GET /wp-content/b.php HTTP/1.1" 404 15312 "-" "-"
52.169.110.77 - - [14/Apr/2025:23:27:46 -0400] "GET /ds.php HTTP/1.1" 404 15285 "-" "-"
52.169.24.230 - - [14/Apr/2025:23:27:46 -0400] "GET /wp-content/blogs.dir/about.php HTTP/1.1" 404 15323 "-" "-"
52.169.110.77 - - [14/Apr/2025:23:27:49 -0400] "GET /e.php HTTP/1.1" 301 0 "-" "-"
52.169.24.230 - - [14/Apr/2025:23:27:49 -0400] "GET /wp-content/blue.php HTTP/1.1" 404 15314 "-" "-"
52.169.110.77 - - [14/Apr/2025:23:27:51 -0400] "GET /e.php HTTP/1.1" 404 15284 "-" "-"
52.169.24.230 - - [14/Apr/2025:23:27:52 -0400] "GET /wp-content/cache/index.php HTTP/1.1" 301 0 "-" "-"
52.169.24.230 - - [14/Apr/2025:23:27:53 -0400] "GET /wp-content/cache/ HTTP/1.1" 404 15312 "-" "-"
52.169.110.77 - - [14/Apr/2025:23:27:54 -0400] "GET /eVhyNnBmDl4.php HTTP/1.1" 301 0 "-" "-"
52.169.24.230 - - [14/Apr/2025:23:27:55 -0400] "GET /wp-content/cache/w.php HTTP/1.1" 404 15317 "-" "-"
52.169.110.77 - - [14/Apr/2025:23:27:55 -0400] "GET /eVhyNnBmDl4.php HTTP/1.1" 404 15294 "-" "-"
198.54.114.83 - - [14/Apr/2025:23:27:59 -0400] "POST /wp-cron.php?doing_wp_cron=1744687678.1284909248352050781250 HTTP/1.1" 200 0 "-" "WordPress/6.7.2; https://creative-webstyle.com"
52.169.110.77 - - [14/Apr/2025:23:27:59 -0400] "GET /ecoraiderusa.com/cong.php HTTP/1.1" 301 0 "-" "-"
52.169.24.230 - - [14/Apr/2025:23:27:57 -0400] "GET /wp-content/cong.php HTTP/1.1" 404 15315 "-" "-"
52.169.24.230 - - [14/Apr/2025:23:28:01 -0400] "GET /wp-content/content.php HTTP/1.1" 404 15315 "-" "-"
52.169.110.77 - - [14/Apr/2025:23:28:01 -0400] "GET /ecoraiderusa.com/cong.php HTTP/1.1" 404 15300 "-" "-"
52.169.110.77 - - [14/Apr/2025:23:28:04 -0400] "GET /edit.php HTTP/1.1" 301 0 "-" "-"
52.169.24.230 - - [14/Apr/2025:23:28:03 -0400] "GET /wp-content/file.php HTTP/1.1" 404 15314 "-" "-"
52.169.24.230 - - [14/Apr/2025:23:28:06 -0400] "GET /wp-content/fonts/ HTTP/1.1" 403 1242 "-" "-"
52.169.110.77 - - [14/Apr/2025:23:28:06 -0400] "GET /edit.php HTTP/1.1" 404 15287 "-" "-"
52.169.24.230 - - [14/Apr/2025:23:28:06 -0400] "GET /wp-content/function.php HTTP/1.1" 404 15316 "-" "-"
52.169.110.77 - - [14/Apr/2025:23:28:08 -0400] "GET /edit.php?p= HTTP/1.1" 301 0 "-" "-"
52.169.110.77 - - [14/Apr/2025:23:28:10 -0400] "GET /edit.php HTTP/1.1" 404 15287 "-" "-"
52.169.24.230 - - [14/Apr/2025:23:28:09 -0400] "GET /wp-content/gallery/ HTTP/1.1" 404 15315 "-" "-"
52.169.110.77 - - [14/Apr/2025:23:28:12 -0400] "GET /ee.php HTTP/1.1" 301 0 "-" "-"
52.169.110.77 - - [14/Apr/2025:23:28:13 -0400] "GET /ee.php HTTP/1.1" 404 15285 "-" "-"
52.169.24.230 - - [14/Apr/2025:23:28:12 -0400] "GET /wp-content/gallery/about.php HTTP/1.1" 404 15322 "-" "-"
52.169.24.230 - - [14/Apr/2025:23:28:15 -0400] "GET /wp-content/index.php HTTP/1.1" 200 0 "-" "-"
52.169.110.77 - - [14/Apr/2025:23:28:15 -0400] "GET /epinyins.php HTTP/1.1" 301 0 "-" "-"
52.169.24.230 - - [14/Apr/2025:23:28:17 -0400] "GET /wp-content/index.php?p= HTTP/1.1" 200 0 "-" "-"
52.169.110.77 - - [14/Apr/2025:23:28:17 -0400] "GET /epinyins.php HTTP/1.1" 404 15289 "-" "-"
52.169.24.230 - - [14/Apr/2025:23:28:18 -0400] "GET /wp-content/index.php?x=ooo HTTP/1.1" 200 0 "-" "-"
52.169.110.77 - - [14/Apr/2025:23:28:19 -0400] "GET /erin1.PhP7 HTTP/1.1" 301 0 "-" "-"
52.169.24.230 - - [14/Apr/2025:23:28:19 -0400] "GET /wp-content/install.php HTTP/1.1" 404 15317 "-" "-"
52.169.24.230 - - [14/Apr/2025:23:28:22 -0400] "GET /wp-content/item.php HTTP/1.1" 404 15313 "-" "-"
52.169.110.77 - - [14/Apr/2025:23:28:22 -0400] "GET /erin1.PhP7 HTTP/1.1" 404 15289 "-" "-"
52.169.24.230 - - [14/Apr/2025:23:28:23 -0400] "GET /wp-content/json.php HTTP/1.1" 404 15314 "-" "-"
52.169.110.77 - - [14/Apr/2025:23:28:25 -0400] "GET /error.php HTTP/1.1" 301 0 "-" "-"
52.169.24.230 - - [14/Apr/2025:23:28:26 -0400] "GET /wp-content/languages/about.php HTTP/1.1" 404 15322 "-" "-"
52.169.110.77 - - [14/Apr/2025:23:28:26 -0400] "GET /error.php HTTP/1.1" 404 15285 "-" "-"
52.169.24.230 - - [14/Apr/2025:23:28:28 -0400] "GET /wp-content/languages/asus.php HTTP/1.1" 404 15322 "-" "-"
52.169.110.77 - - [14/Apr/2025:23:28:28 -0400] "GET /error.php?p= HTTP/1.1" 301 0 "-" "-"
52.169.110.77 - - [14/Apr/2025:23:28:31 -0400] "GET /error.php HTTP/1.1" 404 15285 "-" "-"
52.169.24.230 - - [14/Apr/2025:23:28:30 -0400] "GET /wp-content/languages/chosen.php HTTP/1.1" 404 15325 "-" "-"
52.169.110.77 - - [14/Apr/2025:23:28:31 -0400] "GET /es-ar//wp-content/admin.php HTTP/1.1" 301 0 "-" "-"
52.169.24.230 - - [14/Apr/2025:23:28:32 -0400] "GET /wp-content/languages/ebbqviXwm.php HTTP/1.1" 404 15329 "-" "-"
52.169.24.230 - - [14/Apr/2025:23:28:35 -0400] "GET /wp-content/languages/index.php HTTP/1.1" 301 0 "-" "-"
52.169.110.77 - - [14/Apr/2025:23:28:35 -0400] "GET /es-ar/wp-content/admin.php HTTP/1.1" 404 15295 "-" "-"
52.169.110.77 - - [14/Apr/2025:23:28:38 -0400] "GET /exploits7.my.id HTTP/1.1" 301 0 "-" "-"
52.169.24.230 - - [14/Apr/2025:23:28:37 -0400] "GET /wp-content/languages/ HTTP/1.1" 404 15315 "-" "-"
52.169.110.77 - - [14/Apr/2025:23:28:40 -0400] "GET /exploits7.my.id HTTP/1.1" 404 15292 "-" "-"
52.169.24.230 - - [14/Apr/2025:23:28:40 -0400] "GET /wp-content/languages/themes/ HTTP/1.1" 404 15319 "-" "-"
52.169.110.77 - - [14/Apr/2025:23:28:43 -0400] "GET /f.php HTTP/1.1" 301 0 "-" "-"
52.169.24.230 - - [14/Apr/2025:23:28:43 -0400] "GET /wp-content/languages/themes/wp-login.php HTTP/1.1" 404 15327 "-" "-"
52.169.110.77 - - [14/Apr/2025:23:28:44 -0400] "GET /f.php HTTP/1.1" 404 15284 "-" "-"
52.169.110.77 - - [14/Apr/2025:23:28:46 -0400] "GET /f35.php HTTP/1.1" 301 0 "-" "-"
52.169.24.230 - - [14/Apr/2025:23:28:45 -0400] "GET /wp-content/languages/wp-login.php HTTP/1.1" 404 15324 "-" "-"
52.169.110.77 - - [14/Apr/2025:23:28:47 -0400] "GET /f35.php HTTP/1.1" 404 15285 "-" "-"
52.169.24.230 - - [14/Apr/2025:23:28:47 -0400] "GET /wp-content/mah.php HTTP/1.1" 404 15313 "-" "-"
52.169.110.77 - - [14/Apr/2025:23:28:50 -0400] "GET /f8P2t5IOcAq.php HTTP/1.1" 301 0 "-" "-"
52.169.24.230 - - [14/Apr/2025:23:28:50 -0400] "GET /wp-content/mu-plugins-old/ HTTP/1.1" 404 15319 "-" "-"
52.169.110.77 - - [14/Apr/2025:23:28:51 -0400] "GET /f8P2t5IOcAq.php HTTP/1.1" 404 15294 "-" "-"
52.169.24.230 - - [14/Apr/2025:23:28:52 -0400] "GET /wp-content/mu-plugins-old/admin.php HTTP/1.1" 404 15325 "-" "-"
52.169.110.77 - - [14/Apr/2025:23:28:53 -0400] "GET /favicon.php HTTP/1.1" 301 0 "-" "-"
52.169.24.230 - - [14/Apr/2025:23:28:54 -0400] "GET /wp-content/mu-plugins-old/index.php HTTP/1.1" 301 0 "-" "-"
52.169.110.77 - - [14/Apr/2025:23:28:54 -0400] "GET /favicon.php HTTP/1.1" 404 15289 "-" "-"
52.169.24.230 - - [14/Apr/2025:23:28:56 -0400] "GET /wp-content/mu-plugins-old/ HTTP/1.1" 404 15319 "-" "-"
198.54.114.83 - - [14/Apr/2025:23:28:59 -0400] "POST /wp-cron.php?doing_wp_cron=1744687738.3822159767150878906250 HTTP/1.1" 200 0 "-" "WordPress/6.7.2; https://creative-webstyle.com"
198.54.114.83 - - [14/Apr/2025:23:28:59 -0400] "POST /wp-cron.php?doing_wp_cron=1744687738.4594309329986572265625 HTTP/1.1" 200 0 "-" "WordPress/6.7.2; https://creative-webstyle.com"
52.169.24.230 - - [14/Apr/2025:23:28:58 -0400] "GET /wp-content/mu-plugins/ HTTP/1.1" 404 15315 "-" "-"
52.169.110.77 - - [14/Apr/2025:23:28:57 -0400] "GET /feed/atom/ HTTP/1.1" 301 0 "-" "-"
52.169.110.77 - - [14/Apr/2025:23:29:02 -0400] "GET /feed/atom/ HTTP/1.1" 200 1106010 "-" "-"
52.169.24.230 - - [14/Apr/2025:23:29:01 -0400] "GET /wp-content/mu-plugins/about.php HTTP/1.1" 404 15322 "-" "-"
52.169.110.77 - - [14/Apr/2025:23:29:05 -0400] "GET /fex.php HTTP/1.1" 301 0 "-" "-"
52.169.24.230 - - [14/Apr/2025:23:29:07 -0400] "GET /wp-content/mu-plugins/item.php HTTP/1.1" 404 15323 "-" "-"
52.169.110.77 - - [14/Apr/2025:23:29:08 -0400] "GET /fex.php HTTP/1.1" 404 15285 "-" "-"
52.169.24.230 - - [14/Apr/2025:23:29:09 -0400] "GET /wp-content/packed.php HTTP/1.1" 404 15315 "-" "-"
52.169.110.77 - - [14/Apr/2025:23:29:11 -0400] "GET /file-manager.php HTTP/1.1" 301 0 "-" "-"
52.169.24.230 - - [14/Apr/2025:23:29:12 -0400] "GET /wp-content/plugin.php HTTP/1.1" 404 15314 "-" "-"
52.169.110.77 - - [14/Apr/2025:23:29:13 -0400] "GET /file-manager.php HTTP/1.1" 404 15292 "-" "-"
52.169.24.230 - - [14/Apr/2025:23:29:15 -0400] "GET /wp-content/plugins/ HTTP/1.1" 200 0 "-" "-"
52.169.110.77 - - [14/Apr/2025:23:29:16 -0400] "GET /file.php HTTP/1.1" 301 0 "-" "-"
52.169.24.230 - - [14/Apr/2025:23:29:16 -0400] "GET /wp-content/plugins//about.php HTTP/1.1" 301 0 "-" "-"
52.169.110.77 - - [14/Apr/2025:23:29:18 -0400] "GET /file.php HTTP/1.1" 404 15287 "-" "-"
52.169.110.77 - - [14/Apr/2025:23:29:19 -0400] "GET /file.php?p= HTTP/1.1" 301 0 "-" "-"
52.169.24.230 - - [14/Apr/2025:23:29:19 -0400] "GET /wp-content/plugins/about.php HTTP/1.1" 404 15320 "-" "-"
52.169.110.77 - - [14/Apr/2025:23:29:22 -0400] "GET /file.php HTTP/1.1" 404 15287 "-" "-"
52.169.24.230 - - [14/Apr/2025:23:29:22 -0400] "GET /wp-content/plugins//hello.php HTTP/1.1" 301 0 "-" "-"
52.169.110.77 - - [14/Apr/2025:23:29:23 -0400] "GET /file2.php HTTP/1.1" 301 0 "-" "-"
52.169.110.77 - - [14/Apr/2025:23:29:24 -0400] "GET /file2.php HTTP/1.1" 404 15287 "-" "-"
52.169.24.230 - - [14/Apr/2025:23:29:23 -0400] "GET /wp-content/plugins/hello.php HTTP/1.1" 404 15322 "-" "-"
52.169.110.77 - - [14/Apr/2025:23:29:25 -0400] "GET /filemanager.php HTTP/1.1" 301 0 "-" "-"
52.169.24.230 - - [14/Apr/2025:23:29:27 -0400] "GET /wp-content/plugins//index.php HTTP/1.1" 200 0 "-" "-"
52.169.110.77 - - [14/Apr/2025:23:29:27 -0400] "GET /filemanager.php HTTP/1.1" 404 15291 "-" "-"
198.54.114.83 - - [14/Apr/2025:23:23:52 -0400] "POST /wp-cron.php?doing_wp_cron=1744687431.5348980426788330078125 HTTP/1.1" 200 0 "-" "WordPress/6.7.2; https://creative-webstyle.com"
52.169.110.77 - - [14/Apr/2025:23:23:52 -0400] "GET /click.php HTTP/1.1" 301 0 "-" "-"
52.169.24.230 - - [14/Apr/2025:23:23:51 -0400] "GET /wp-admin/network/upfile.php HTTP/1.1" 404 15320 "-" "-"
52.169.110.77 - - [14/Apr/2025:23:23:54 -0400] "GET /click.php HTTP/1.1" 404 15287 "-" "-"
52.169.24.230 - - [14/Apr/2025:23:23:55 -0400] "GET /wp-admin/network/wp-conflg.php HTTP/1.1" 404 15320 "-" "-"
52.169.110.77 - - [14/Apr/2025:23:23:59 -0400] "GET /click.php?p= HTTP/1.1" 301 0 "-" "-"
52.169.24.230 - - [14/Apr/2025:23:23:59 -0400] "GET /wp-admin/network/wp-conflg.php?p= HTTP/1.1" 301 0 "-" "-"
52.169.110.77 - - [14/Apr/2025:23:24:00 -0400] "GET /click.php HTTP/1.1" 404 15287 "-" "-"
52.169.24.230 - - [14/Apr/2025:23:24:03 -0400] "GET /wp-admin/network/wp-conflg.php HTTP/1.1" 404 15320 "-" "-"
52.169.110.77 - - [14/Apr/2025:23:24:05 -0400] "GET /cloud.php HTTP/1.1" 301 0 "-" "-"
52.169.24.230 - - [14/Apr/2025:23:24:06 -0400] "GET /wp-admin/network/x2.php HTTP/1.1" 404 15317 "-" "-"
52.169.110.77 - - [14/Apr/2025:23:24:08 -0400] "GET /cloud.php HTTP/1.1" 404 15287 "-" "-"
52.169.24.230 - - [14/Apr/2025:23:24:09 -0400] "GET /wp-admin/network/xBrain.php HTTP/1.1" 404 15320 "-" "-"
52.169.110.77 - - [14/Apr/2025:23:24:11 -0400] "GET /cms.php HTTP/1.1" 301 0 "-" "-"
52.169.24.230 - - [14/Apr/2025:23:24:11 -0400] "GET /wp-admin/network/xmrlpc.php?p= HTTP/1.1" 301 0 "-" "-"
52.169.24.230 - - [14/Apr/2025:23:24:14 -0400] "GET /wp-admin/network/xmrlpc.php HTTP/1.1" 404 15321 "-" "-"
52.169.110.77 - - [14/Apr/2025:23:24:15 -0400] "GET /cms.php HTTP/1.1" 404 15286 "-" "-"
52.169.24.230 - - [14/Apr/2025:23:24:16 -0400] "GET /wp-admin/nu9OXf8vKDb.php HTTP/1.1" 404 15319 "-" "-"
52.169.110.77 - - [14/Apr/2025:23:24:17 -0400] "GET /comment.php HTTP/1.1" 301 0 "-" "-"
52.169.24.230 - - [14/Apr/2025:23:24:19 -0400] "GET /wp-admin/options.php HTTP/1.1" 302 0 "-" "-"
52.169.110.77 - - [14/Apr/2025:23:24:22 -0400] "GET /comment.php HTTP/1.1" 404 15288 "-" "-"
52.169.110.77 - - [14/Apr/2025:23:24:25 -0400] "GET /components/ HTTP/1.1" 301 0 "-" "-"
52.169.24.230 - - [14/Apr/2025:23:24:28 -0400] "GET /wp-admin/plugin.php HTTP/1.1" 404 15310 "-" "-"
52.169.110.77 - - [14/Apr/2025:23:24:28 -0400] "GET /components/ HTTP/1.1" 404 15288 "-" "-"
52.169.24.230 - - [14/Apr/2025:23:29:27 -0400] "GET /wp-content/plugins/Duplicatepost/src/ui/sidwso.php HTTP/1.1" 404 15339 "-" "-"
52.169.24.230 - - [14/Apr/2025:23:29:30 -0400] "GET /wp-content/plugins/TOPXOH/wDR.php HTTP/1.1" 404 15330 "-" "-"
52.169.110.77 - - [14/Apr/2025:23:29:30 -0400] "GET /filemanager.php?p= HTTP/1.1" 301 0 "-" "-"
52.169.24.230 - - [14/Apr/2025:23:29:31 -0400] "GET /wp-content/plugins/WordPressCore/ HTTP/1.1" 404 15320 "-" "-"
52.169.110.77 - - [14/Apr/2025:23:29:32 -0400] "GET /filemanager.php HTTP/1.1" 404 15291 "-" "-"
52.169.110.77 - - [14/Apr/2025:23:29:34 -0400] "GET /filemanager/dialog.php HTTP/1.1" 301 0 "-" "-"
52.169.24.230 - - [14/Apr/2025:23:29:34 -0400] "GET /wp-content/plugins/WordPressCore/include.php HTTP/1.1" 404 15328 "-" "-"
52.169.24.230 - - [14/Apr/2025:23:29:36 -0400] "GET /wp-content/plugins/about.php HTTP/1.1" 404 15320 "-" "-"
52.169.110.77 - - [14/Apr/2025:23:29:36 -0400] "GET /filemanager/dialog.php HTTP/1.1" 404 15297 "-" "-"
52.169.24.230 - - [14/Apr/2025:23:29:37 -0400] "GET /wp-content/plugins/about.php?p= HTTP/1.1" 301 0 "-" "-"
52.169.24.230 - - [14/Apr/2025:23:29:39 -0400] "GET /wp-content/plugins/about.php HTTP/1.1" 404 15320 "-" "-"
52.169.110.77 - - [14/Apr/2025:23:29:39 -0400] "GET /files.php HTTP/1.1" 301 0 "-" "-"
52.169.24.230 - - [14/Apr/2025:23:29:40 -0400] "GET /wp-content/plugins/admin.php HTTP/1.1" 404 15319 "-" "-"
52.169.110.77 - - [14/Apr/2025:23:29:41 -0400] "GET /files.php HTTP/1.1" 404 15288 "-" "-"
52.169.24.230 - - [14/Apr/2025:23:29:43 -0400] "GET /wp-content/plugins/alfa-rex.php HTTP/1.1" 404 15323 "-" "-"
52.169.24.230 - - [14/Apr/2025:23:29:46 -0400] "GET /wp-content/plugins/ango/sett.php HTTP/1.1" 404 15325 "-" "-"
