52.169.110.77 - - [14/Apr/2025:23:29:45 -0400] "GET /files/ HTTP/1.1" 301 0 "-" "-"
52.169.110.77 - - [14/Apr/2025:23:29:48 -0400] "GET /files/ HTTP/1.1" 404 15284 "-" "-"
52.169.24.230 - - [14/Apr/2025:23:29:48 -0400] "GET /wp-content/plugins/apikey/natural.php HTTP/1.1" 404 15330 "-" "-"
52.169.110.77 - - [14/Apr/2025:23:29:52 -0400] "GET /files//tinyfilemanager.php HTTP/1.1" 301 0 "-" "-"
198.54.114.83 - - [14/Apr/2025:23:29:53 -0400] "POST /wp-cron.php?doing_wp_cron=1744687791.8776619434356689453125 HTTP/1.1" 200 0 "-" "WordPress/6.7.2; https://creative-webstyle.com"
52.169.24.230 - - [14/Apr/2025:23:29:51 -0400] "GET /wp-content/plugins/b.php HTTP/1.1" 404 15318 "-" "-"
52.169.110.77 - - [14/Apr/2025:23:29:54 -0400] "GET /files/tinyfilemanager.php HTTP/1.1" 404 15298 "-" "-"
52.169.24.230 - - [14/Apr/2025:23:29:55 -0400] "GET /wp-content/plugins/classic-editor/ HTTP/1.1" 404 15326 "-" "-"
52.169.110.77 - - [14/Apr/2025:23:29:57 -0400] "GET /files/ALFA_DATA/alfacgiapi/perl.alfa.php HTTP/1.1" 301 0 "-" "-"
52.169.24.230 - - [14/Apr/2025:23:29:57 -0400] "GET /wp-content/plugins/classic-editor//about.php HTTP/1.1" 301 0 "-" "-"
52.169.24.230 - - [14/Apr/2025:23:30:00 -0400] "GET /wp-content/plugins/classic-editor/about.php HTTP/1.1" 404 15332 "-" "-"
52.169.110.77 - - [14/Apr/2025:23:30:00 -0400] "GET /files/ALFA_DATA/alfacgiapi/perl.alfa.php HTTP/1.1" 404 15317 "-" "-"
52.169.24.230 - - [14/Apr/2025:23:30:01 -0400] "GET /wp-content/plugins/classic-editor//classic-editor.php HTTP/1.1" 301 0 "-" "-"
52.169.110.77 - - [14/Apr/2025:23:30:02 -0400] "GET /files/index.php HTTP/1.1" 301 0 "-" "-"
52.169.110.77 - - [14/Apr/2025:23:30:04 -0400] "GET /files/ HTTP/1.1" 404 15284 "-" "-"
52.169.24.230 - - [14/Apr/2025:23:30:02 -0400] "GET /wp-content/plugins/classic-editor/classic-editor.php HTTP/1.1" 404 15330 "-" "-"
52.169.110.77 - - [14/Apr/2025:23:30:07 -0400] "GET /files/log.php HTTP/1.1" 301 0 "-" "-"
52.169.24.230 - - [14/Apr/2025:23:30:07 -0400] "GET /wp-content/plugins/core-plugin/include.php HTTP/1.1" 404 15328 "-" "-"
52.169.110.77 - - [14/Apr/2025:23:30:09 -0400] "GET /files/log.php HTTP/1.1" 404 15291 "-" "-"
52.169.24.230 - - [14/Apr/2025:23:30:11 -0400] "GET /wp-content/plugins/core-plugin/wp-error_log.php?dir=. HTTP/1.1" 404 15338 "-" "-"
52.169.110.77 - - [14/Apr/2025:23:30:12 -0400] "GET /fkHOiaRx2.php HTTP/1.1" 301 0 "-" "-"
52.169.24.230 - - [14/Apr/2025:23:30:14 -0400] "GET /wp-content/plugins/core/include.php HTTP/1.1" 404 15324 "-" "-"
52.169.110.77 - - [14/Apr/2025:23:30:15 -0400] "GET /fkHOiaRx2.php HTTP/1.1" 404 15292 "-" "-"
52.169.24.230 - - [14/Apr/2025:23:30:17 -0400] "GET /wp-content/plugins/dummyyummy/wp-signup.php HTTP/1.1" 404 15331 "-" "-"
52.169.110.77 - - [14/Apr/2025:23:30:19 -0400] "GET /flower.php HTTP/1.1" 301 0 "-" "-"
52.169.24.230 - - [14/Apr/2025:23:30:22 -0400] "GET /wp-content/plugins/elementor/ HTTP/1.1" 404 15323 "-" "-"
52.169.110.77 - - [14/Apr/2025:23:30:23 -0400] "GET /flower.php HTTP/1.1" 404 15287 "-" "-"
52.169.24.230 - - [14/Apr/2025:23:30:26 -0400] "GET /wp-content/plugins/elementor//elementor-object.php HTTP/1.1" 301 0 "-" "-"
52.169.110.77 - - [14/Apr/2025:23:30:28 -0400] "GET /fm.php HTTP/1.1" 301 0 "-" "-"
52.169.110.77 - - [14/Apr/2025:23:30:30 -0400] "GET /fm.php HTTP/1.1" 404 15285 "-" "-"
52.169.24.230 - - [14/Apr/2025:23:30:28 -0400] "GET /wp-content/plugins/elementor/elementor-object.php HTTP/1.1" 404 15332 "-" "-"
52.169.110.77 - - [14/Apr/2025:23:30:32 -0400] "GET /fm.php?p= HTTP/1.1" 301 0 "-" "-"
52.169.24.230 - - [14/Apr/2025:23:30:32 -0400] "GET /wp-content/plugins/elementor//wp-login.php HTTP/1.1" 301 0 "-" "-"
52.169.110.77 - - [14/Apr/2025:23:30:35 -0400] "GET /fm.php HTTP/1.1" 404 15285 "-" "-"
52.169.24.230 - - [14/Apr/2025:23:30:36 -0400] "GET /wp-content/plugins/elementor/wp-login.php HTTP/1.1" 404 15331 "-" "-"
52.169.110.77 - - [14/Apr/2025:23:30:37 -0400] "GET /fm1.php HTTP/1.1" 301 0 "-" "-"
52.169.110.77 - - [14/Apr/2025:23:30:38 -0400] "GET /fm1.php HTTP/1.1" 404 15285 "-" "-"
52.169.24.230 - - [14/Apr/2025:23:30:38 -0400] "GET /wp-content/plugins/elementor/about.php HTTP/1.1" 404 15329 "-" "-"
52.169.110.77 - - [14/Apr/2025:23:30:44 -0400] "GET /footer.php HTTP/1.1" 301 0 "-" "-"
52.169.24.230 - - [14/Apr/2025:23:30:44 -0400] "GET /wp-content/plugins/elementor/includes/settings/ HTTP/1.1" 404 15333 "-" "-"
52.169.110.77 - - [14/Apr/2025:23:30:46 -0400] "GET /footer.php HTTP/1.1" 404 15286 "-" "-"
52.169.24.230 - - [14/Apr/2025:23:30:48 -0400] "GET /wp-content/plugins/elementor/wp-error_log.php HTTP/1.1" 404 15334 "-" "-"
52.169.110.77 - - [14/Apr/2025:23:30:50 -0400] "GET /function.php HTTP/1.1" 301 0 "-" "-"
198.54.114.83 - - [14/Apr/2025:23:30:53 -0400] "POST /wp-cron.php?doing_wp_cron=1744687852.2679419517517089843750 HTTP/1.1" 200 0 "-" "WordPress/6.7.2; https://creative-webstyle.com"
198.54.114.83 - - [14/Apr/2025:23:30:53 -0400] "POST /wp-cron.php?doing_wp_cron=1744687852.3610079288482666015625 HTTP/1.1" 200 0 "-" "WordPress/6.7.2; https://creative-webstyle.com"
52.169.110.77 - - [14/Apr/2025:23:30:52 -0400] "GET /function.php HTTP/1.1" 404 15288 "-" "-"
52.169.24.230 - - [14/Apr/2025:23:30:51 -0400] "GET /wp-content/plugins/erinyani/ HTTP/1.1" 404 15321 "-" "-"
52.169.24.230 - - [14/Apr/2025:23:30:55 -0400] "GET /wp-content/plugins/erinyani/yani/ HTTP/1.1" 404 15322 "-" "-"
52.169.110.77 - - [14/Apr/2025:23:30:56 -0400] "GET /function.php HTTP/1.1" 301 0 "-" "-"
52.169.110.77 - - [14/Apr/2025:23:30:57 -0400] "GET /function.php HTTP/1.1" 404 15288 "-" "-"
52.169.24.230 - - [14/Apr/2025:23:30:57 -0400] "GET /wp-content/plugins/fix/00.php HTTP/1.1" 404 15324 "-" "-"
52.169.110.77 - - [14/Apr/2025:23:30:58 -0400] "GET /fw.php HTTP/1.1" 301 0 "-" "-"
52.169.110.77 - - [14/Apr/2025:23:31:00 -0400] "GET /fw.php HTTP/1.1" 404 15285 "-" "-"
52.169.24.230 - - [14/Apr/2025:23:30:59 -0400] "GET /wp-content/plugins/fix/up.php HTTP/1.1" 404 15324 "-" "-"
52.169.110.77 - - [14/Apr/2025:23:31:04 -0400] "GET /fx.php HTTP/1.1" 301 0 "-" "-"
52.169.24.230 - - [14/Apr/2025:23:31:04 -0400] "GET /wp-content/plugins/goods.php HTTP/1.1" 404 15321 "-" "-"
52.169.110.77 - - [14/Apr/2025:23:31:06 -0400] "GET /fx.php HTTP/1.1" 404 15284 "-" "-"
52.169.24.230 - - [14/Apr/2025:23:31:06 -0400] "GET /wp-content/plugins/hellopress/wp_filemanager.php HTTP/1.1" 404 15337 "-" "-"
52.169.110.77 - - [14/Apr/2025:23:31:09 -0400] "GET /g.php HTTP/1.1" 301 0 "-" "-"
52.169.24.230 - - [14/Apr/2025:23:31:09 -0400] "GET /wp-content/plugins/html404/index.html HTTP/1.1" 404 15328 "-" "-"
52.169.24.230 - - [14/Apr/2025:23:31:12 -0400] "GET /wp-content/plugins/index.php HTTP/1.1" 200 0 "-" "-"
52.169.110.77 - - [14/Apr/2025:23:31:12 -0400] "GET /g.php HTTP/1.1" 404 15285 "-" "-"
52.169.24.230 - - [14/Apr/2025:23:31:14 -0400] "GET /wp-content/plugins/index.php?p= HTTP/1.1" 200 0 "-" "-"
52.169.110.77 - - [14/Apr/2025:23:31:14 -0400] "GET /gawean.PhP7 HTTP/1.1" 301 0 "-" "-"
52.169.24.230 - - [14/Apr/2025:23:31:15 -0400] "GET /wp-content/plugins/ioxi/ioxi/ HTTP/1.1" 404 15317 "-" "-"
52.169.110.77 - - [14/Apr/2025:23:31:16 -0400] "GET /gawean.PhP7 HTTP/1.1" 404 15290 "-" "-"
52.169.110.77 - - [14/Apr/2025:23:31:19 -0400] "GET /ge.php HTTP/1.1" 301 0 "-" "-"
52.169.24.230 - - [14/Apr/2025:23:31:19 -0400] "GET /wp-content/plugins/linkpreview/ HTTP/1.1" 404 15324 "-" "-"
52.169.110.77 - - [14/Apr/2025:23:31:21 -0400] "GET /ge.php HTTP/1.1" 404 15285 "-" "-"
52.169.24.230 - - [14/Apr/2025:23:31:21 -0400] "GET /wp-content/plugins/linkpreview/db.php?u HTTP/1.1" 404 15332 "-" "-"
52.169.110.77 - - [14/Apr/2025:23:31:23 -0400] "GET /geLVvYmAkdO.php HTTP/1.1" 301 0 "-" "-"
52.169.24.230 - - [14/Apr/2025:23:31:23 -0400] "GET /wp-content/plugins/linkpreview/index.php HTTP/1.1" 301 0 "-" "-"
52.169.110.77 - - [14/Apr/2025:23:31:24 -0400] "GET /geLVvYmAkdO.php HTTP/1.1" 404 15294 "-" "-"
52.169.24.230 - - [14/Apr/2025:23:31:26 -0400] "GET /wp-content/plugins/linkpreview/ HTTP/1.1" 404 15324 "-" "-"
52.169.110.77 - - [14/Apr/2025:23:31:27 -0400] "GET /gecko-new.php HTTP/1.1" 301 0 "-" "-"
52.169.24.230 - - [14/Apr/2025:23:31:28 -0400] "GET /wp-content/plugins/not/includes/about.php HTTP/1.1" 404 15328 "-" "-"
52.169.110.77 - - [14/Apr/2025:23:31:29 -0400] "GET /gecko-new.php HTTP/1.1" 404 15290 "-" "-"
52.169.24.230 - - [14/Apr/2025:23:31:30 -0400] "GET /wp-content/plugins/one-click-demo-import//about.php HTTP/1.1" 301 0 "-" "-"
52.169.110.77 - - [14/Apr/2025:23:31:32 -0400] "GET /gecko.php HTTP/1.1" 301 0 "-" "-"
52.169.24.230 - - [14/Apr/2025:23:31:32 -0400] "GET /wp-content/plugins/one-click-demo-import/about.php HTTP/1.1" 404 15338 "-" "-"
52.169.110.77 - - [14/Apr/2025:23:31:34 -0400] "GET /gecko.php HTTP/1.1" 404 15288 "-" "-"
216.244.66.194 - - [14/Apr/2025:23:31:35 -0400] "GET /robots.txt HTTP/1.1" 304 0 "-" "Mozilla/5.0 (compatible; DotBot/1.2; +https://opensiteexplorer.org/dotbot; help@moz.com)"
52.169.24.230 - - [14/Apr/2025:23:31:35 -0400] "GET /wp-content/plugins/pwnd-1/pwnd.php HTTP/1.1" 404 15323 "-" "-"
52.169.110.77 - - [14/Apr/2025:23:31:37 -0400] "GET /gel4y.php HTTP/1.1" 301 0 "-" "-"
52.169.24.230 - - [14/Apr/2025:23:31:37 -0400] "GET /wp-content/plugins/pwnd/block-support.php HTTP/1.1" 404 15331 "-" "-"
52.169.110.77 - - [14/Apr/2025:23:31:39 -0400] "GET /gel4y.php HTTP/1.1" 404 15287 "-" "-"
52.169.24.230 - - [14/Apr/2025:23:31:41 -0400] "GET /wp-content/plugins/pwnd/pwnd.php HTTP/1.1" 404 15322 "-" "-"
52.169.110.77 - - [14/Apr/2025:23:31:42 -0400] "GET /geylY2B94sm.php HTTP/1.1" 301 0 "-" "-"
52.169.110.77 - - [14/Apr/2025:23:31:44 -0400] "GET /geylY2B94sm.php HTTP/1.1" 404 15293 "-" "-"
52.169.24.230 - - [14/Apr/2025:23:31:44 -0400] "GET /wp-content/plugins/pwnd/pwnd.php/ HTTP/1.1" 404 15322 "-" "-"
52.169.110.77 - - [14/Apr/2025:23:31:47 -0400] "GET /ggfi.php HTTP/1.1" 301 0 "-" "-"
52.169.24.230 - - [14/Apr/2025:23:31:47 -0400] "GET /wp-content/plugins/pwnd/z4x.php HTTP/1.1" 404 15324 "-" "-"
52.169.24.230 - - [14/Apr/2025:23:31:49 -0400] "GET /wp-content/plugins/revslider/includes/external/page/ HTTP/1.1" 404 15334 "-" "-"
52.169.110.77 - - [14/Apr/2025:23:31:48 -0400] "GET /ggfi.php HTTP/1.1" 404 15286 "-" "-"
52.169.24.230 - - [14/Apr/2025:23:31:51 -0400] "GET /wp-content/plugins/revslider/includes/external/page/index.php HTTP/1.1" 301 0 "-" "-"
52.169.110.77 - - [14/Apr/2025:23:31:51 -0400] "GET /gins/wp-help/ HTTP/1.1" 301 0 "-" "-"
52.169.24.230 - - [14/Apr/2025:23:31:52 -0400] "GET /wp-content/plugins/revslider/includes/external/page/ HTTP/1.1" 404 15334 "-" "-"
52.169.24.230 - - [14/Apr/2025:23:31:55 -0400] "GET /wp-content/plugins/seo-by-rank-math//wp-casper.php HTTP/1.1" 301 0 "-" "-"
198.54.114.83 - - [14/Apr/2025:23:31:55 -0400] "POST /wp-cron.php?doing_wp_cron=1744687914.5838301181793212890625 HTTP/1.1" 200 0 "-" "WordPress/6.7.2; https://creative-webstyle.com"
52.169.110.77 - - [14/Apr/2025:23:31:53 -0400] "GET /gins/wp-help/ HTTP/1.1" 404 15289 "-" "-"
52.169.24.230 - - [14/Apr/2025:23:31:56 -0400] "GET /wp-content/plugins/seo-by-rank-math/wp-casper.php HTTP/1.1" 404 15338 "-" "-"
52.169.110.77 - - [14/Apr/2025:23:31:57 -0400] "GET /go.php HTTP/1.1" 301 0 "-" "-"
52.169.110.77 - - [14/Apr/2025:23:31:59 -0400] "GET /go.php HTTP/1.1" 404 15284 "-" "-"
52.169.24.230 - - [14/Apr/2025:23:31:59 -0400] "GET /wp-content/plugins/seoo/wsoyanz.php HTTP/1.1" 404 15327 "-" "-"
52.169.110.77 - - [14/Apr/2025:23:32:02 -0400] "GET /go.php?p= HTTP/1.1" 301 0 "-" "-"
52.169.24.230 - - [14/Apr/2025:23:32:02 -0400] "GET /wp-content/plugins/seoo/wsoyanz1.php HTTP/1.1" 404 15329 "-" "-"
52.169.110.77 - - [14/Apr/2025:23:32:04 -0400] "GET /go.php HTTP/1.1" 404 15284 "-" "-"
52.169.24.230 - - [14/Apr/2025:23:32:05 -0400] "GET /wp-content/plugins/seoplugins/ HTTP/1.1" 404 15316 "-" "-"
52.169.110.77 - - [14/Apr/2025:23:32:06 -0400] "GET /goat1.php HTTP/1.1" 301 0 "-" "-"
52.169.24.230 - - [14/Apr/2025:23:32:07 -0400] "GET /wp-content/plugins/seoplugins/db.php?u HTTP/1.1" 404 15325 "-" "-"
52.169.110.77 - - [14/Apr/2025:23:32:07 -0400] "GET /goat1.php HTTP/1.1" 404 15287 "-" "-"
52.169.24.230 - - [14/Apr/2025:23:32:11 -0400] "GET /wp-content/plugins/seoplugins/index.php HTTP/1.1" 301 0 "-" "-"
52.169.110.77 - - [14/Apr/2025:23:32:12 -0400] "GET /good.php HTTP/1.1" 301 0 "-" "-"
52.169.24.230 - - [14/Apr/2025:23:32:13 -0400] "GET /wp-content/plugins/seoplugins/ HTTP/1.1" 404 15316 "-" "-"
52.169.110.77 - - [14/Apr/2025:23:32:14 -0400] "GET /good.php HTTP/1.1" 404 15286 "-" "-"
52.169.24.230 - - [14/Apr/2025:23:32:15 -0400] "GET /wp-content/plugins/seoplugins/mar.php HTTP/1.1" 404 15323 "-" "-"
52.169.110.77 - - [14/Apr/2025:23:32:16 -0400] "GET /goods.php HTTP/1.1" 301 0 "-" "-"
52.169.24.230 - - [14/Apr/2025:23:32:18 -0400] "GET /wp-content/plugins/seox/ HTTP/1.1" 404 15317 "-" "-"
52.169.110.77 - - [14/Apr/2025:23:32:18 -0400] "GET /goods.php HTTP/1.1" 404 15288 "-" "-"
52.169.24.230 - - [14/Apr/2025:23:32:19 -0400] "GET /wp-content/plugins/sid/sidwso.php HTTP/1.1" 404 15323 "-" "-"
52.169.110.77 - - [14/Apr/2025:23:32:22 -0400] "GET /gxurwGYPKWI.php HTTP/1.1" 301 0 "-" "-"
52.169.24.230 - - [14/Apr/2025:23:32:23 -0400] "GET /wp-content/plugins/ubh/up.php HTTP/1.1" 404 15323 "-" "-"
52.169.110.77 - - [14/Apr/2025:23:32:24 -0400] "GET /gxurwGYPKWI.php HTTP/1.1" 404 15296 "-" "-"
52.169.110.77 - - [14/Apr/2025:23:32:26 -0400] "GET /header.php HTTP/1.1" 301 0 "-" "-"
52.169.24.230 - - [14/Apr/2025:23:32:26 -0400] "GET /wp-content/plugins/wordpresss3cll/includes.php HTTP/1.1" 404 15330 "-" "-"
52.169.110.77 - - [14/Apr/2025:23:32:28 -0400] "GET /header.php HTTP/1.1" 404 15285 "-" "-"
52.169.24.230 - - [14/Apr/2025:23:32:29 -0400] "GET /wp-content/plugins/wordpresss3cll/wp-login.php HTTP/1.1" 404 15331 "-" "-"
52.169.110.77 - - [14/Apr/2025:23:32:32 -0400] "GET /hehe.php HTTP/1.1" 301 0 "-" "-"
52.169.110.77 - - [14/Apr/2025:23:32:35 -0400] "GET /hehe.php HTTP/1.1" 404 15286 "-" "-"
52.169.24.230 - - [14/Apr/2025:23:32:35 -0400] "GET /wp-content/plugins/wp-conflg.php HTTP/1.1" 404 15322 "-" "-"
52.169.24.230 - - [14/Apr/2025:23:32:38 -0400] "GET /wp-content/plugins/wp-conflg.php?p= HTTP/1.1" 301 0 "-" "-"
52.169.110.77 - - [14/Apr/2025:23:32:38 -0400] "GET /hehehehe.php HTTP/1.1" 301 0 "-" "-"
52.169.24.230 - - [14/Apr/2025:23:32:40 -0400] "GET /wp-content/plugins/wp-conflg.php HTTP/1.1" 404 15322 "-" "-"
52.169.110.77 - - [14/Apr/2025:23:32:41 -0400] "GET /hehehehe.php HTTP/1.1" 404 15287 "-" "-"
52.169.24.230 - - [14/Apr/2025:23:32:41 -0400] "GET /wp-content/plugins/wp-help/ HTTP/1.1" 404 15320 "-" "-"
52.169.110.77 - - [14/Apr/2025:23:32:43 -0400] "GET /hitech-news.com HTTP/1.1" 301 0 "-" "-"
52.169.24.230 - - [14/Apr/2025:23:32:43 -0400] "GET /wp-content/plugins/wp-help/admin/wp-fclass.php HTTP/1.1" 404 15330 "-" "-"
52.169.110.77 - - [14/Apr/2025:23:32:45 -0400] "GET /hitech-news.com HTTP/1.1" 404 15290 "-" "-"
52.169.24.230 - - [14/Apr/2025:23:32:46 -0400] "GET /wp-content/plugins/wp-help/index.php HTTP/1.1" 301 0 "-" "-"
52.169.24.230 - - [14/Apr/2025:23:32:48 -0400] "GET /wp-content/plugins/wp-help/ HTTP/1.1" 404 15320 "-" "-"
52.169.110.77 - - [14/Apr/2025:23:32:48 -0400] "GET /htdocs/shell/ HTTP/1.1" 301 0 "-" "-"
52.169.24.230 - - [14/Apr/2025:23:32:49 -0400] "GET /wp-content/plugins/wp-help/mini.php HTTP/1.1" 404 15326 "-" "-"
52.169.110.77 - - [14/Apr/2025:23:32:50 -0400] "GET /htdocs/shell/ HTTP/1.1" 404 15289 "-" "-"
52.169.24.230 - - [14/Apr/2025:23:32:51 -0400] "GET /wp-content/plugins/wp-login.php HTTP/1.1" 404 15322 "-" "-"
52.169.110.77 - - [14/Apr/2025:23:32:53 -0400] "GET /i.php HTTP/1.1" 301 0 "-" "-"
52.169.24.230 - - [14/Apr/2025:23:32:53 -0400] "GET /wp-content/plugins/wp-sec/ab.php HTTP/1.1" 404 15324 "-" "-"
198.54.114.83 - - [14/Apr/2025:23:32:55 -0400] "POST /wp-cron.php?doing_wp_cron=1744687975.0185658931732177734375 HTTP/1.1" 200 0 "-" "WordPress/6.7.2; https://creative-webstyle.com"
52.169.110.77 - - [14/Apr/2025:23:32:54 -0400] "GET /i.php HTTP/1.1" 404 15284 "-" "-"
52.169.24.230 - - [14/Apr/2025:23:32:55 -0400] "GET /wp-content/plugins/wp-theme-editor/include.php HTTP/1.1" 404 15331 "-" "-"
52.169.110.77 - - [14/Apr/2025:23:32:57 -0400] "GET /iVrp6IoqXQc.php HTTP/1.1" 301 0 "-" "-"
52.169.24.230 - - [14/Apr/2025:23:32:57 -0400] "GET /wp-content/plugins/wp.php HTTP/1.1" 404 15319 "-" "-"
52.169.110.77 - - [14/Apr/2025:23:32:58 -0400] "GET /iVrp6IoqXQc.php HTTP/1.1" 404 15295 "-" "-"
52.169.24.230 - - [14/Apr/2025:23:33:00 -0400] "GET /wp-content/plugins/x/index.php HTTP/1.1" 301 0 "-" "-"
52.169.110.77 - - [14/Apr/2025:23:33:01 -0400] "GET /images/ HTTP/1.1" 301 0 "-" "-"
52.169.24.230 - - [14/Apr/2025:23:33:02 -0400] "GET /wp-content/plugins/x/ HTTP/1.1" 404 15317 "-" "-"
52.169.110.77 - - [14/Apr/2025:23:33:03 -0400] "GET /images/ HTTP/1.1" 404 15283 "-" "-"
52.169.24.230 - - [14/Apr/2025:23:33:04 -0400] "GET /wp-content/plugins/yyobang/mar.php HTTP/1.1" 404 15327 "-" "-"
52.169.110.77 - - [14/Apr/2025:23:33:06 -0400] "GET /images//edit.php HTTP/1.1" 301 0 "-" "-"
52.169.24.230 - - [14/Apr/2025:23:33:06 -0400] "GET /wp-content/radio.php HTTP/1.1" 404 15315 "-" "-"
52.169.110.77 - - [14/Apr/2025:23:33:07 -0400] "GET /images/edit.php HTTP/1.1" 404 15290 "-" "-"
52.169.24.230 - - [14/Apr/2025:23:33:09 -0400] "GET /wp-content/shell20211028.php HTTP/1.1" 404 15320 "-" "-"
52.169.110.77 - - [14/Apr/2025:23:33:10 -0400] "GET /images/404.php HTTP/1.1" 301 0 "-" "-"
52.169.24.230 - - [14/Apr/2025:23:33:11 -0400] "GET /wp-content/themes/ HTTP/1.1" 200 0 "-" "-"
52.169.110.77 - - [14/Apr/2025:23:33:11 -0400] "GET /images/404.php HTTP/1.1" 404 15290 "-" "-"
52.169.24.230 - - [14/Apr/2025:23:33:12 -0400] "GET /wp-content/themes//inpust.php HTTP/1.1" 301 0 "-" "-"
52.169.110.77 - - [14/Apr/2025:23:33:14 -0400] "GET /images/about.php HTTP/1.1" 301 0 "-" "-"
52.169.24.230 - - [14/Apr/2025:23:33:14 -0400] "GET /wp-content/themes/inpust.php HTTP/1.1" 404 15319 "-" "-"
52.169.110.77 - - [14/Apr/2025:23:33:15 -0400] "GET /images/about.php HTTP/1.1" 404 15290 "-" "-"
52.169.24.230 - - [14/Apr/2025:23:33:16 -0400] "GET /wp-content/themes/Divi/includes/builder/frontend-builder/assets/vendors/plugins/fullscreen/ HTTP/1.1" 404 15364 "-" "-"
52.169.110.77 - - [14/Apr/2025:23:33:19 -0400] "GET /images/admin.php HTTP/1.1" 301 0 "-" "-"
52.169.24.230 - - [14/Apr/2025:23:33:20 -0400] "GET /wp-content/themes/aahana/ HTTP/1.1" 404 15317 "-" "-"
52.169.110.77 - - [14/Apr/2025:23:33:20 -0400] "GET /images/admin.php HTTP/1.1" 404 15288 "-" "-"
52.169.24.230 - - [14/Apr/2025:23:33:22 -0400] "GET /wp-content/themes/aahana/json.php HTTP/1.1" 404 15326 "-" "-"
52.169.24.230 - - [14/Apr/2025:23:33:24 -0400] "GET /wp-content/themes/about.php HTTP/1.1" 404 15317 "-" "-"
52.169.110.77 - - [14/Apr/2025:23:33:25 -0400] "GET /images/autoload_classmap.php HTTP/1.1" 301 0 "-" "-"
52.169.24.230 - - [14/Apr/2025:23:33:25 -0400] "GET /wp-content/themes/about.php?p= HTTP/1.1" 301 0 "-" "-"
52.169.24.230 - - [14/Apr/2025:23:33:27 -0400] "GET /wp-content/themes/about.php HTTP/1.1" 404 15317 "-" "-"
52.169.110.77 - - [14/Apr/2025:23:33:27 -0400] "GET /images/autoload_classmap.php HTTP/1.1" 404 15298 "-" "-"
52.169.24.230 - - [14/Apr/2025:23:33:28 -0400] "GET /wp-content/themes/admin.php HTTP/1.1" 404 15316 "-" "-"
52.169.110.77 - - [14/Apr/2025:23:33:30 -0400] "GET /images/class-config.php HTTP/1.1" 301 0 "-" "-"
52.169.24.230 - - [14/Apr/2025:23:33:30 -0400] "GET /wp-content/themes/alera/alpha.php HTTP/1.1" 404 15324 "-" "-"
52.169.110.77 - - [14/Apr/2025:23:33:31 -0400] "GET /images/class-config.php HTTP/1.1" 404 15297 "-" "-"
52.169.24.230 - - [14/Apr/2025:23:33:34 -0400] "GET /wp-content/themes/astra/inc/fm.php HTTP/1.1" 404 15327 "-" "-"
52.169.110.77 - - [14/Apr/2025:23:33:35 -0400] "GET /images/index.php HTTP/1.1" 301 0 "-" "-"
52.169.110.77 - - [14/Apr/2025:23:33:37 -0400] "GET /images/ HTTP/1.1" 404 15283 "-" "-"
52.169.24.230 - - [14/Apr/2025:23:33:36 -0400] "GET /wp-content/themes/astra/inc/ki1k.php HTTP/1.1" 404 15329 "-" "-"
52.169.110.77 - - [14/Apr/2025:23:33:38 -0400] "GET /images/lmfi2.php HTTP/1.1" 301 0 "-" "-"
52.169.24.230 - - [14/Apr/2025:23:33:38 -0400] "GET /wp-content/themes/astra/inc/network.php HTTP/1.1" 404 15331 "-" "-"
52.169.110.77 - - [14/Apr/2025:23:33:40 -0400] "GET /images/lmfi2.php HTTP/1.1" 404 15292 "-" "-"
52.169.24.230 - - [14/Apr/2025:23:33:41 -0400] "GET /wp-content/themes/autoload_classmap.php HTTP/1.1" 404 15326 "-" "-"
52.169.110.77 - - [14/Apr/2025:23:33:43 -0400] "GET /images/mm55.php HTTP/1.1" 301 0 "-" "-"
52.169.110.77 - - [14/Apr/2025:23:33:45 -0400] "GET /images/mm55.php HTTP/1.1" 404 15291 "-" "-"
52.169.24.230 - - [14/Apr/2025:23:33:45 -0400] "GET /wp-content/themes/cay-van-phong/filemanager.php HTTP/1.1" 404 15336 "-" "-"
52.169.110.77 - - [14/Apr/2025:23:33:49 -0400] "GET /images/server.php HTTP/1.1" 301 0 "-" "-"
198.54.114.83 - - [14/Apr/2025:23:33:50 -0400] "POST /wp-cron.php?doing_wp_cron=1744688029.3763499259948730468750 HTTP/1.1" 200 0 "-" "WordPress/6.7.2; https://creative-webstyle.com"
52.169.24.230 - - [14/Apr/2025:23:33:49 -0400] "GET /wp-content/themes/classic/inc/ HTTP/1.1" 404 15322 "-" "-"
52.169.110.77 - - [14/Apr/2025:23:33:50 -0400] "GET /images/server.php HTTP/1.1" 404 15290 "-" "-"
52.169.110.77 - - [14/Apr/2025:23:33:52 -0400] "GET /images/stories/ HTTP/1.1" 301 0 "-" "-"
52.169.24.230 - - [14/Apr/2025:23:33:52 -0400] "GET /wp-content/themes/classic/inc/admiin.php HTTP/1.1" 404 15330 "-" "-"
52.169.110.77 - - [14/Apr/2025:23:33:54 -0400] "GET /images/stories/ HTTP/1.1" 404 15289 "-" "-"
52.169.24.230 - - [14/Apr/2025:23:33:55 -0400] "GET /wp-content/themes/digital-download/ HTTP/1.1" 404 15324 "-" "-"
52.169.110.77 - - [14/Apr/2025:23:33:57 -0400] "GET /images/xBrain.php HTTP/1.1" 301 0 "-" "-"
52.169.24.230 - - [14/Apr/2025:23:33:57 -0400] "GET /wp-content/themes/file.php HTTP/1.1" 404 15319 "-" "-"
52.169.110.77 - - [14/Apr/2025:23:33:58 -0400] "GET /images/xBrain.php HTTP/1.1" 404 15293 "-" "-"
52.169.24.230 - - [14/Apr/2025:23:34:00 -0400] "GET /wp-content/themes/finley/min.php HTTP/1.1" 404 15324 "-" "-"
52.169.110.77 - - [14/Apr/2025:23:34:01 -0400] "GET /images/xmrlpc.php HTTP/1.1" 301 0 "-" "-"
52.169.24.230 - - [14/Apr/2025:23:34:01 -0400] "GET /wp-content/themes/fitnessbase/404.php?ok HTTP/1.1" 404 15330 "-" "-"
52.169.24.230 - - [14/Apr/2025:23:34:04 -0400] "GET /wp-content/themes/hello-element/footer.php HTTP/1.1" 404 15329 "-" "-"
52.169.110.77 - - [14/Apr/2025:23:34:03 -0400] "GET /images/xmrlpc.php HTTP/1.1" 404 15292 "-" "-"
52.169.24.230 - - [14/Apr/2025:23:34:05 -0400] "GET /wp-content/themes/hideo/network.php HTTP/1.1" 404 15327 "-" "-"
52.169.110.77 - - [14/Apr/2025:23:34:07 -0400] "GET /inc.php HTTP/1.1" 301 0 "-" "-"
52.169.110.77 - - [14/Apr/2025:23:34:09 -0400] "GET /inc.php HTTP/1.1" 404 15285 "-" "-"
52.169.24.230 - - [14/Apr/2025:23:34:08 -0400] "GET /wp-content/themes/include.php HTTP/1.1" 404 15318 "-" "-"
52.169.24.230 - - [14/Apr/2025:23:34:12 -0400] "GET /wp-content/themes/index.php HTTP/1.1" 200 0 "-" "-"
52.169.110.77 - - [14/Apr/2025:23:34:12 -0400] "GET /indeex.php HTTP/1.1" 301 0 "-" "-"
52.169.24.230 - - [14/Apr/2025:23:34:14 -0400] "GET /wp-content/themes/index.php?p= HTTP/1.1" 200 0 "-" "-"
52.169.110.77 - - [14/Apr/2025:23:34:14 -0400] "GET /indeex.php HTTP/1.1" 404 15286 "-" "-"
52.169.24.230 - - [14/Apr/2025:23:34:15 -0400] "GET /wp-content/themes/index.php?pass=1313 HTTP/1.1" 200 0 "-" "-"
52.169.110.77 - - [14/Apr/2025:23:34:18 -0400] "GET /index.html HTTP/1.1" 200 98430 "-" "-"
52.169.24.230 - - [14/Apr/2025:23:34:17 -0400] "GET /wp-content/themes/intense/block-css.php?mode=upload HTTP/1.1" 404 15337 "-" "-"
52.169.110.77 - - [14/Apr/2025:23:34:21 -0400] "GET /index.php HTTP/1.1" 301 0 "-" "-"
52.169.24.230 - - [14/Apr/2025:23:34:21 -0400] "GET /wp-content/themes/newstoday/lang.php HTTP/1.1" 404 15328 "-" "-"
52.169.110.77 - - [14/Apr/2025:23:34:23 -0400] "GET / HTTP/1.1" 200 98430 "-" "-"
52.169.24.230 - - [14/Apr/2025:23:34:24 -0400] "GET /wp-content/themes/pridmag/1.php HTTP/1.1" 404 15322 "-" "-"
52.169.110.77 - - [14/Apr/2025:23:34:25 -0400] "GET /index.php?debug=1&test=phpinfo HTTP/1.1" 301 0 "-" "-"
52.169.110.77 - - [14/Apr/2025:23:34:29 -0400] "GET /?debug=1&test=phpinfo HTTP/1.1" 200 98430 "-" "-"
52.169.24.230 - - [14/Apr/2025:23:34:28 -0400] "GET /wp-content/themes/pridmag/db.php HTTP/1.1" 404 15324 "-" "-"
52.169.24.230 - - [14/Apr/2025:23:34:32 -0400] "GET /wp-content/themes/pridmag/db.php?u HTTP/1.1" 404 15326 "-" "-"
52.169.110.77 - - [14/Apr/2025:23:34:31 -0400] "GET /index.php?p= HTTP/1.1" 301 0 "-" "-"
52.169.110.77 - - [14/Apr/2025:23:34:35 -0400] "GET / HTTP/1.1" 200 98430 "-" "-"
52.169.24.230 - - [14/Apr/2025:23:34:35 -0400] "GET /wp-content/themes/seotheme/ HTTP/1.1" 404 15316 "-" "-"
52.169.110.77 - - [14/Apr/2025:23:34:37 -0400] "GET /index/about.php HTTP/1.1" 301 0 "-" "-"
52.169.24.230 - - [14/Apr/2025:23:34:39 -0400] "GET /wp-content/themes/seotheme/db.php?u HTTP/1.1" 404 15325 "-" "-"
52.169.110.77 - - [14/Apr/2025:23:34:40 -0400] "GET /index/about.php HTTP/1.1" 404 15291 "-" "-"
52.169.24.230 - - [14/Apr/2025:23:34:43 -0400] "GET /wp-content/themes/seotheme/mar.php HTTP/1.1" 404 15324 "-" "-"
52.169.110.77 - - [14/Apr/2025:23:34:44 -0400] "GET /index/admin.php HTTP/1.1" 301 0 "-" "-"
52.169.24.230 - - [14/Apr/2025:23:34:45 -0400] "GET /wp-content/themes/seotheme/mar.php?d=2f6e61732f636f6e74656e742f6c6976652f72616368656c73626c6f672f77702d636f6e74656e742f7468656d65732f73656f7468656d65&1 HTTP/1.1" 404 15388 "-" "-"
52.169.110.77 - - [14/Apr/2025:23:34:47 -0400] "GET /index/admin.php HTTP/1.1" 404 15289 "-" "-"
52.169.24.230 - - [14/Apr/2025:23:34:48 -0400] "GET /wp-content/themes/sketch/404.php HTTP/1.1" 404 15323 "-" "-"
52.169.110.77 - - [14/Apr/2025:23:34:52 -0400] "GET /index/ben.php?dir=. HTTP/1.1" 301 0 "-" "-"
198.54.114.83 - - [14/Apr/2025:23:34:55 -0400] "POST /wp-cron.php?doing_wp_cron=1744688093.0293879508972167968750 HTTP/1.1" 200 0 "-" "WordPress/6.7.2; https://creative-webstyle.com"
198.54.114.83 - - [14/Apr/2025:23:34:55 -0400] "POST /wp-cron.php?doing_wp_cron=1744688093.1261079311370849609375 HTTP/1.1" 200 0 "-" "WordPress/6.7.2; https://creative-webstyle.com"
52.169.24.230 - - [14/Apr/2025:23:34:52 -0400] "GET /wp-content/themes/tflow/up.php HTTP/1.1" 404 15321 "-" "-"
52.169.110.77 - - [14/Apr/2025:23:34:56 -0400] "GET /index/ben.php?dir=. HTTP/1.1" 404 15297 "-" "-"
52.169.24.230 - - [14/Apr/2025:23:34:57 -0400] "GET /wp-content/themes/travel/issue.php HTTP/1.1" 404 15325 "-" "-"
52.169.110.77 - - [14/Apr/2025:23:35:01 -0400] "GET /index/function.php HTTP/1.1" 301 0 "-" "-"
52.169.24.230 - - [14/Apr/2025:23:35:02 -0400] "GET /wp-content/themes/twenty/twenty.php HTTP/1.1" 404 15320 "-" "-"
52.169.110.77 - - [14/Apr/2025:23:35:06 -0400] "GET /index/function.php HTTP/1.1" 404 15294 "-" "-"
52.169.24.230 - - [14/Apr/2025:23:35:07 -0400] "GET /wp-content/themes/twentyfive/include.php HTTP/1.1" 404 15327 "-" "-"
52.169.110.77 - - [14/Apr/2025:23:35:09 -0400] "GET /index/function.php HTTP/1.1" 301 0 "-" "-"
212.102.33.158 - - [14/Apr/2025:23:35:10 -0400] "GET / HTTP/1.1" 200 98430 "-" "Mozilla/5.0 (Windows NT 10.0; Win64; x64) AppleWebKit/537.36 (KHTML, like Gecko) Chrome/95.0.4638.69 Safari/537.36"
52.169.110.77 - - [14/Apr/2025:23:35:13 -0400] "GET /index/function.php HTTP/1.1" 404 15294 "-" "-"
212.102.33.158 - - [14/Apr/2025:23:35:14 -0400] "GET /wp-includes/ID3/license.txt HTTP/1.1" 200 501 "-" "Mozilla/5.0 (Windows NT 10.0; Win64; x64) AppleWebKit/537.36 (KHTML, like Gecko) Chrome/95.0.4638.69 Safari/537.36"
52.169.24.230 - - [14/Apr/2025:23:35:13 -0400] "GET /wp-content/themes/twentytwenty/ HTTP/1.1" 404 15319 "-" "-"
52.169.110.77 - - [14/Apr/2025:23:35:15 -0400] "GET /index/function.php HTTP/1.1" 301 0 "-" "-"
52.169.110.77 - - [14/Apr/2025:23:35:18 -0400] "GET /index/function.php HTTP/1.1" 404 15294 "-" "-"
52.169.24.230 - - [14/Apr/2025:23:35:15 -0400] "GET /wp-content/themes/twentytwenty/404.php HTTP/1.1" 404 15325 "-" "-"
212.102.33.158 - - [14/Apr/2025:23:35:15 -0400] "GET /feed/ HTTP/1.1" 200 777735 "-" "Mozilla/5.0 (Windows NT 10.0; Win64; x64) AppleWebKit/537.36 (KHTML, like Gecko) Chrome/95.0.4638.69 Safari/537.36"
52.169.110.77 - - [14/Apr/2025:23:35:20 -0400] "GET /index/function.php?p= HTTP/1.1" 301 0 "-" "-"
212.102.33.158 - - [14/Apr/2025:23:35:21 -0400] "GET /?author=1 HTTP/1.1" 200 98430 "-" "Mozilla/5.0 (Windows NT 10.0; Win64; x64) AppleWebKit/537.36 (KHTML, like Gecko) Chrome/95.0.4638.69 Safari/537.36"
52.169.110.77 - - [14/Apr/2025:23:35:22 -0400] "GET /index/function.php HTTP/1.1" 404 15294 "-" "-"
52.169.24.230 - - [14/Apr/2025:23:35:20 -0400] "GET /wp-content/themes/twentytwentyfour/ HTTP/1.1" 404 15322 "-" "-"
212.102.33.158 - - [14/Apr/2025:23:35:23 -0400] "GET /wp-json/wp/v2/users/ HTTP/1.1" 200 2069 "-" "Mozilla/5.0 (Windows NT 10.0; Win64; x64) AppleWebKit/537.36 (KHTML, like Gecko) Chrome/95.0.4638.69 Safari/537.36"
52.169.110.77 - - [14/Apr/2025:23:35:25 -0400] "GET /index/function.phphttps://trezurekart.com/classwithtostring.php HTTP/1.1" 301 0 "-" "-"
52.169.24.230 - - [14/Apr/2025:23:35:25 -0400] "GET /wp-content/themes/twentytwentythree/patterns/index.php HTTP/1.1" 301 0 "-" "-"
212.102.33.158 - - [14/Apr/2025:23:35:27 -0400] "POST /xmlrpc.php HTTP/1.1" 200 236 "-" "Mozilla/5.0 (Windows NT 10.0; Win64; x64) AppleWebKit/537.36 (KHTML, like Gecko) Chrome/95.0.4638.69 Safari/537.36"
52.169.110.77 - - [14/Apr/2025:23:35:28 -0400] "GET /index/function.phphttps:/trezurekart.com/classwithtostring.php HTTP/1.1" 404 15325 "-" "-"
52.169.24.230 - - [14/Apr/2025:23:35:28 -0400] "GET /wp-content/themes/twentytwentythree/patterns/ HTTP/1.1" 404 15326 "-" "-"
212.102.33.158 - - [14/Apr/2025:23:35:31 -0400] "POST /xmlrpc.php HTTP/1.1" 200 236 "-" "Mozilla/5.0 (Windows NT 10.0; Win64; x64) AppleWebKit/537.36 (KHTML, like Gecko) Chrome/95.0.4638.69 Safari/537.36"
52.169.110.77 - - [14/Apr/2025:23:35:32 -0400] "GET /index/index.php HTTP/1.1" 301 0 "-" "-"
52.169.24.230 - - [14/Apr/2025:23:35:34 -0400] "GET /wp-content/themes/twentytwentytwo/index.php HTTP/1.1" 301 0 "-" "-"
212.102.33.158 - - [14/Apr/2025:23:35:34 -0400] "POST /xmlrpc.php HTTP/1.1" 200 236 "-" "Mozilla/5.0 (Windows NT 10.0; Win64; x64) AppleWebKit/537.36 (KHTML, like Gecko) Chrome/95.0.4638.69 Safari/537.36"
52.169.110.77 - - [14/Apr/2025:23:35:35 -0400] "GET /index/ HTTP/1.1" 404 15284 "-" "-"
212.102.33.158 - - [14/Apr/2025:23:35:37 -0400] "POST /xmlrpc.php HTTP/1.1" 200 236 "-" "Mozilla/5.0 (Windows NT 10.0; Win64; x64) AppleWebKit/537.36 (KHTML, like Gecko) Chrome/95.0.4638.69 Safari/537.36"
52.169.24.230 - - [14/Apr/2025:23:35:37 -0400] "GET /wp-content/themes/twentytwentytwo/ HTTP/1.1" 404 15320 "-" "-"
52.169.110.77 - - [14/Apr/2025:23:35:40 -0400] "GET /index/wp-error_log.php HTTP/1.1" 301 0 "-" "-"
212.102.33.158 - - [14/Apr/2025:23:35:40 -0400] "POST /xmlrpc.php HTTP/1.1" 200 236 "-" "Mozilla/5.0 (Windows NT 10.0; Win64; x64) AppleWebKit/537.36 (KHTML, like Gecko) Chrome/95.0.4638.69 Safari/537.36"
52.169.24.230 - - [14/Apr/2025:23:35:40 -0400] "GET /wp-content/themes/wp-pridmag/admin.php HTTP/1.1" 404 15325 "-" "-"
212.102.33.158 - - [14/Apr/2025:23:35:42 -0400] "POST /xmlrpc.php HTTP/1.1" 200 236 "-" "Mozilla/5.0 (Windows NT 10.0; Win64; x64) AppleWebKit/537.36 (KHTML, like Gecko) Chrome/95.0.4638.69 Safari/537.36"
52.169.110.77 - - [14/Apr/2025:23:35:42 -0400] "GET /index/wp-error_log.php HTTP/1.1" 404 15296 "-" "-"
52.169.24.230 - - [14/Apr/2025:23:35:45 -0400] "GET /wp-content/themes/wp-pridmag/classwithtostring.php HTTP/1.1" 404 15337 "-" "-"
52.169.110.77 - - [14/Apr/2025:23:35:47 -0400] "GET /index/x.php HTTP/1.1" 301 0 "-" "-"
52.169.24.230 - - [14/Apr/2025:23:35:49 -0400] "GET /wp-content/themes/wp-pridmag/init.php HTTP/1.1" 404 15326 "-" "-"
52.169.110.77 - - [14/Apr/2025:23:35:49 -0400] "GET /index/x.php HTTP/1.1" 404 15289 "-" "-"
52.169.110.77 - - [14/Apr/2025:23:35:53 -0400] "GET /index1.php HTTP/1.1" 301 0 "-" "-"
198.54.114.83 - - [14/Apr/2025:23:35:55 -0400] "POST /wp-cron.php?doing_wp_cron=1744688153.8260200023651123046875 HTTP/1.1" 200 0 "-" "WordPress/6.7.2; https://creative-webstyle.com"
52.169.24.230 - - [14/Apr/2025:23:35:53 -0400] "GET /wp-content/themes/wp-pridmag/up.php HTTP/1.1" 404 15326 "-" "-"
52.169.110.77 - - [14/Apr/2025:23:35:57 -0400] "GET /index1.php HTTP/1.1" 404 15289 "-" "-"
52.169.24.230 - - [14/Apr/2025:23:35:58 -0400] "GET /wp-content/themes/xmrlpc.php HTTP/1.1" 404 15321 "-" "-"
52.169.110.77 - - [14/Apr/2025:23:36:00 -0400] "GET /info.php HTTP/1.1" 301 0 "-" "-"
52.169.110.77 - - [14/Apr/2025:23:36:02 -0400] "GET /info.php HTTP/1.1" 404 15285 "-" "-"
52.169.24.230 - - [14/Apr/2025:23:36:01 -0400] "GET /wp-content/themes/xmrlpc.php?p= HTTP/1.1" 301 0 "-" "-"
52.169.24.230 - - [14/Apr/2025:23:36:04 -0400] "GET /wp-content/themes/xmrlpc.php HTTP/1.1" 404 15321 "-" "-"
52.169.110.77 - - [14/Apr/2025:23:36:03 -0400] "GET /info.php/ HTTP/1.1" 301 0 "-" "-"
52.169.110.77 - - [14/Apr/2025:23:36:05 -0400] "GET /info.php/ HTTP/1.1" 404 15286 "-" "-"
52.169.24.230 - - [14/Apr/2025:23:36:05 -0400] "GET /wp-content/themes/zrt.php HTTP/1.1" 404 15318 "-" "-"
52.169.110.77 - - [14/Apr/2025:23:36:11 -0400] "GET /ini.php HTTP/1.1" 301 0 "-" "-"
52.169.24.230 - - [14/Apr/2025:23:36:11 -0400] "GET /wp-content/updraft/about.php HTTP/1.1" 404 15322 "-" "-"
52.169.110.77 - - [14/Apr/2025:23:36:13 -0400] "GET /ini.php HTTP/1.1" 404 15286 "-" "-"
52.169.24.230 - - [14/Apr/2025:23:36:15 -0400] "GET /wp-content/updraft/themes.php HTTP/1.1" 404 15320 "-" "-"
52.169.110.77 - - [14/Apr/2025:23:36:18 -0400] "GET /inputs.php HTTP/1.1" 301 0 "-" "-"
52.169.24.230 - - [14/Apr/2025:23:36:19 -0400] "GET /wp-content/upgrade-temp-backup/about.php HTTP/1.1" 404 15331 "-" "-"
52.169.110.77 - - [14/Apr/2025:23:36:21 -0400] "GET /inputs.php HTTP/1.1" 404 15287 "-" "-"
52.169.24.230 - - [14/Apr/2025:23:36:23 -0400] "GET /wp-content/upgrade-temp-backup/wp-login.php HTTP/1.1" 404 15333 "-" "-"
52.169.110.77 - - [14/Apr/2025:23:36:26 -0400] "GET /inputs.php?dir=/home/bfstatyba/domains/bfstatyba.lt/public_html HTTP/1.1" 301 0 "-" "-"
52.169.24.230 - - [14/Apr/2025:23:36:28 -0400] "GET /wp-content/upgrade/ HTTP/1.1" 403 1242 "-" "-"
52.169.110.77 - - [14/Apr/2025:23:36:29 -0400] "GET /inputs.php?dir=/home/bfstatyba/domains/bfstatyba.lt/public_html HTTP/1.1" 404 15325 "-" "-"
52.169.24.230 - - [14/Apr/2025:23:36:29 -0400] "GET /wp-content/upgrade/about.php HTTP/1.1" 404 15320 "-" "-"
52.169.110.77 - - [14/Apr/2025:23:36:35 -0400] "GET /inputs.php?p=https://dunamisconcept.com.ng/item.php HTTP/1.1" 301 0 "-" "-"
52.169.24.230 - - [14/Apr/2025:23:36:35 -0400] "GET /wp-content/upgrade/admiin.php HTTP/1.1" 404 15320 "-" "-"
52.169.110.77 - - [14/Apr/2025:23:36:39 -0400] "GET /inputs.php?p=https://dunamisconcept.com.ng/item.php HTTP/1.1" 404 15322 "-" "-"
52.169.24.230 - - [14/Apr/2025:23:36:40 -0400] "GET /wp-content/upgrade/admin.php HTTP/1.1" 404 15320 "-" "-"
52.169.110.77 - - [14/Apr/2025:23:36:45 -0400] "GET /install.php HTTP/1.1" 301 0 "-" "-"
52.169.24.230 - - [14/Apr/2025:23:36:45 -0400] "GET /wp-content/upgrade/autoload_classmap.php HTTP/1.1" 404 15330 "-" "-"
52.169.24.230 - - [14/Apr/2025:23:36:47 -0400] "GET /wp-content/upgrade/index.php HTTP/1.1" 301 0 "-" "-"
52.169.110.77 - - [14/Apr/2025:23:36:47 -0400] "GET /install.php HTTP/1.1" 404 15289 "-" "-"
52.169.24.230 - - [14/Apr/2025:23:36:51 -0400] "GET /wp-content/upgrade/ HTTP/1.1" 403 1242 "-" "-"
52.169.110.77 - - [14/Apr/2025:23:36:51 -0400] "GET /ioxi-o.php HTTP/1.1" 301 0 "-" "-"
52.169.24.230 - - [14/Apr/2025:23:36:53 -0400] "GET /wp-content/upgrade/wp-sigunq.php HTTP/1.1" 404 15324 "-" "-"
52.169.110.77 - - [14/Apr/2025:23:36:54 -0400] "GET /ioxi-o.php HTTP/1.1" 404 15288 "-" "-"
198.54.114.83 - - [14/Apr/2025:23:36:57 -0400] "POST /wp-cron.php?doing_wp_cron=1744688214.8680489063262939453125 HTTP/1.1" 200 0 "-" "WordPress/6.7.2; https://creative-webstyle.com"
52.169.24.230 - - [14/Apr/2025:23:36:57 -0400] "GET /wp-content/uploads/ HTTP/1.1" 403 1242 "-" "-"
52.169.110.77 - - [14/Apr/2025:23:36:59 -0400] "GET /ioxi002.PhP7 HTTP/1.1" 301 0 "-" "-"
52.169.24.230 - - [14/Apr/2025:23:36:59 -0400] "GET /wp-content/uploads//good.php HTTP/1.1" 301 0 "-" "-"
52.169.110.77 - - [14/Apr/2025:23:37:01 -0400] "GET /ioxi002.PhP7 HTTP/1.1" 404 15292 "-" "-"
52.169.24.230 - - [14/Apr/2025:23:37:01 -0400] "GET /wp-content/uploads/good.php HTTP/1.1" 404 15322 "-" "-"
52.169.24.230 - - [14/Apr/2025:23:37:04 -0400] "GET /wp-content/uploads//load-scripts-page.php HTTP/1.1" 301 0 "-" "-"
52.169.110.77 - - [14/Apr/2025:23:37:04 -0400] "GET /ispeconline.com/css/index.php HTTP/1.1" 301 0 "-" "-"
52.169.24.230 - - [14/Apr/2025:23:37:07 -0400] "GET /wp-content/uploads/load-scripts-page.php HTTP/1.1" 404 15328 "-" "-"
52.169.110.77 - - [14/Apr/2025:23:37:07 -0400] "GET /ispeconline.com/css/ HTTP/1.1" 404 15294 "-" "-"
52.169.24.230 - - [14/Apr/2025:23:37:09 -0400] "GET /wp-content/uploads//ms-sites-modify.php HTTP/1.1" 301 0 "-" "-"
52.169.110.77 - - [14/Apr/2025:23:37:10 -0400] "GET /item.php HTTP/1.1" 301 0 "-" "-"
52.169.24.230 - - [14/Apr/2025:23:37:12 -0400] "GET /wp-content/uploads/ms-sites-modify.php HTTP/1.1" 404 15328 "-" "-"
52.169.110.77 - - [14/Apr/2025:23:37:14 -0400] "GET /item.php HTTP/1.1" 404 15285 "-" "-"
52.169.24.230 - - [14/Apr/2025:23:37:16 -0400] "GET /wp-content/uploads//network-settings.php HTTP/1.1" 301 0 "-" "-"
52.169.110.77 - - [14/Apr/2025:23:37:16 -0400] "GET /iz4kDodqPnH.php HTTP/1.1" 301 0 "-" "-"
52.169.24.230 - - [14/Apr/2025:23:37:20 -0400] "GET /wp-content/uploads/network-settings.php HTTP/1.1" 404 15329 "-" "-"
52.169.110.77 - - [14/Apr/2025:23:37:20 -0400] "GET /iz4kDodqPnH.php HTTP/1.1" 404 15293 "-" "-"
52.169.24.230 - - [14/Apr/2025:23:37:22 -0400] "GET /wp-content/uploads//wp-backup.php HTTP/1.1" 301 0 "-" "-"
52.169.110.77 - - [14/Apr/2025:23:37:24 -0400] "GET /j.php HTTP/1.1" 301 0 "-" "-"
52.169.24.230 - - [14/Apr/2025:23:37:25 -0400] "GET /wp-content/uploads/wp-backup.php HTTP/1.1" 404 15323 "-" "-"
52.169.110.77 - - [14/Apr/2025:23:37:26 -0400] "GET /j.php HTTP/1.1" 404 15284 "-" "-"
52.169.110.77 - - [14/Apr/2025:23:37:28 -0400] "GET /jNY9.php HTTP/1.1" 301 0 "-" "-"
52.169.24.230 - - [14/Apr/2025:23:37:28 -0400] "GET /wp-content/uploads/2019//dog.php HTTP/1.1" 301 0 "-" "-"
52.169.110.77 - - [14/Apr/2025:23:37:30 -0400] "GET /jNY9.php HTTP/1.1" 404 15287 "-" "-"
52.169.24.230 - - [14/Apr/2025:23:37:30 -0400] "GET /wp-content/uploads/2019/dog.php HTTP/1.1" 404 15324 "-" "-"
52.169.110.77 - - [14/Apr/2025:23:37:34 -0400] "GET /jindex.php HTTP/1.1" 301 0 "-" "-"
52.169.24.230 - - [14/Apr/2025:23:37:35 -0400] "GET /wp-content/uploads/2019//mini.php HTTP/1.1" 301 0 "-" "-"
52.169.110.77 - - [14/Apr/2025:23:37:37 -0400] "GET /jindex.php HTTP/1.1" 404 15287 "-" "-"
52.169.24.230 - - [14/Apr/2025:23:37:37 -0400] "GET /wp-content/uploads/2019/mini.php HTTP/1.1" 404 15324 "-" "-"
52.169.110.77 - - [14/Apr/2025:23:37:40 -0400] "GET /jp.php HTTP/1.1" 301 0 "-" "-"
52.169.110.77 - - [14/Apr/2025:23:37:41 -0400] "GET /jp.php HTTP/1.1" 404 15285 "-" "-"
52.169.24.230 - - [14/Apr/2025:23:37:40 -0400] "GET /wp-content/uploads/2020/admin.php HTTP/1.1" 404 15324 "-" "-"
52.169.110.77 - - [14/Apr/2025:23:37:42 -0400] "GET /jquery.php HTTP/1.1" 301 0 "-" "-"
52.169.24.230 - - [14/Apr/2025:23:37:42 -0400] "GET /wp-content/uploads/2021//snwphriucoj.php HTTP/1.1" 301 0 "-" "-"
52.169.110.77 - - [14/Apr/2025:23:37:44 -0400] "GET /jquery.php HTTP/1.1" 404 15286 "-" "-"
52.169.24.230 - - [14/Apr/2025:23:37:45 -0400] "GET /wp-content/uploads/2021/snwphriucoj.php HTTP/1.1" 404 15330 "-" "-"
52.169.110.77 - - [14/Apr/2025:23:37:48 -0400] "GET /js/fm.php HTTP/1.1" 301 0 "-" "-"
52.169.24.230 - - [14/Apr/2025:23:37:48 -0400] "GET /wp-content/uploads/2021/03/ HTTP/1.1" 404 15319 "-" "-"
52.169.110.77 - - [14/Apr/2025:23:37:49 -0400] "GET /js/fm.php HTTP/1.1" 404 15288 "-" "-"
52.169.24.230 - - [14/Apr/2025:23:37:50 -0400] "GET /wp-content/uploads/2022/07/ HTTP/1.1" 404 15319 "-" "-"
52.169.110.77 - - [14/Apr/2025:23:37:52 -0400] "GET /k.php HTTP/1.1" 301 0 "-" "-"
52.169.24.230 - - [14/Apr/2025:23:37:53 -0400] "GET /wp-content/uploads/2023/ HTTP/1.1" 403 1242 "-" "-"
52.169.110.77 - - [14/Apr/2025:23:37:53 -0400] "GET /k.php HTTP/1.1" 404 15284 "-" "-"
52.169.24.230 - - [14/Apr/2025:23:37:54 -0400] "GET /wp-content/uploads/2023/03/ HTTP/1.1" 403 1242 "-" "-"
52.169.24.230 - - [14/Apr/2025:23:37:56 -0400] "GET /wp-content/uploads/2023/05/ HTTP/1.1" 403 1242 "-" "-"
52.169.110.77 - - [14/Apr/2025:23:37:55 -0400] "GET /k.php?p= HTTP/1.1" 301 0 "-" "-"
198.54.114.83 - - [14/Apr/2025:23:37:57 -0400] "POST /wp-cron.php?doing_wp_cron=1744688276.0671470165252685546875 HTTP/1.1" 200 0 "-" "WordPress/6.7.2; https://creative-webstyle.com"
52.169.110.77 - - [14/Apr/2025:23:37:58 -0400] "GET /k.php HTTP/1.1" 404 15284 "-" "-"
52.169.24.230 - - [14/Apr/2025:23:37:57 -0400] "GET /wp-content/uploads/2023/05/autoload_classmap.php HTTP/1.1" 404 15335 "-" "-"
52.169.24.230 - - [14/Apr/2025:23:38:00 -0400] "GET /wp-content/uploads/2023/10/ HTTP/1.1" 403 1242 "-" "-"
52.169.110.77 - - [14/Apr/2025:23:38:00 -0400] "GET /kNRianIr2EH.php HTTP/1.1" 301 0 "-" "-"
52.169.24.230 - - [14/Apr/2025:23:38:01 -0400] "GET /wp-content/uploads/2023/11/ HTTP/1.1" 403 1242 "-" "-"
52.169.110.77 - - [14/Apr/2025:23:38:02 -0400] "GET /kNRianIr2EH.php HTTP/1.1" 404 15294 "-" "-"
52.169.24.230 - - [14/Apr/2025:23:38:03 -0400] "GET /wp-content/uploads/2024/index.php HTTP/1.1" 301 0 "-" "-"
52.169.110.77 - - [14/Apr/2025:23:38:04 -0400] "GET /kPC.php HTTP/1.1" 301 0 "-" "-"
52.169.24.230 - - [14/Apr/2025:23:38:06 -0400] "GET /wp-content/uploads/2024/ HTTP/1.1" 403 1242 "-" "-"
52.169.110.77 - - [14/Apr/2025:23:38:08 -0400] "GET /kPC.php HTTP/1.1" 404 15286 "-" "-"
52.169.24.230 - - [14/Apr/2025:23:38:08 -0400] "GET /wp-content/uploads/2025/04/natural.php HTTP/1.1" 404 15330 "-" "-"
52.169.24.230 - - [14/Apr/2025:23:38:11 -0400] "GET /wp-content/uploads/? HTTP/1.1" 403 1242 "-" "-"
52.169.110.77 - - [14/Apr/2025:23:38:10 -0400] "GET /kQqh695R1LY.php HTTP/1.1" 301 0 "-" "-"
52.169.24.230 - - [14/Apr/2025:23:38:13 -0400] "GET /wp-content/uploads/about.php HTTP/1.1" 404 15320 "-" "-"
52.169.110.77 - - [14/Apr/2025:23:38:13 -0400] "GET /kQqh695R1LY.php HTTP/1.1" 404 15294 "-" "-"
52.169.24.230 - - [14/Apr/2025:23:38:16 -0400] "GET /wp-content/uploads/admin.php HTTP/1.1" 404 15318 "-" "-"
52.169.110.77 - - [14/Apr/2025:23:38:17 -0400] "GET /kZETIbO4Lt7.php HTTP/1.1" 301 0 "-" "-"
52.169.24.230 - - [14/Apr/2025:23:38:18 -0400] "GET /wp-content/uploads/autoload_classmap.php HTTP/1.1" 404 15329 "-" "-"
52.169.110.77 - - [14/Apr/2025:23:38:19 -0400] "GET /kZETIbO4Lt7.php HTTP/1.1" 404 15294 "-" "-"
52.169.24.230 - - [14/Apr/2025:23:38:23 -0400] "GET /wp-content/uploads/chosen.php HTTP/1.1" 404 15322 "-" "-"
52.169.110.77 - - [14/Apr/2025:23:38:24 -0400] "GET /kk.php HTTP/1.1" 301 0 "-" "-"
52.169.24.230 - - [14/Apr/2025:23:38:27 -0400] "GET /wp-content/uploads/classwithtostring.php HTTP/1.1" 404 15331 "-" "-"
52.169.110.77 - - [14/Apr/2025:23:38:27 -0400] "GET /kk.php HTTP/1.1" 404 15285 "-" "-"
52.169.24.230 - - [14/Apr/2025:23:38:30 -0400] "GET /wp-content/uploads/classwithtostring.php?p= HTTP/1.1" 301 0 "-" "-"
52.169.110.77 - - [14/Apr/2025:23:38:31 -0400] "GET /l.php HTTP/1.1" 301 0 "-" "-"
52.169.24.230 - - [14/Apr/2025:23:38:35 -0400] "GET /wp-content/uploads/classwithtostring.php HTTP/1.1" 404 15331 "-" "-"
52.169.110.77 - - [14/Apr/2025:23:38:36 -0400] "GET /l.php HTTP/1.1" 404 15284 "-" "-"
52.169.24.230 - - [14/Apr/2025:23:38:39 -0400] "GET /wp-content/uploads/cong.php HTTP/1.1" 404 15320 "-" "-"
52.169.110.77 - - [14/Apr/2025:23:38:42 -0400] "GET /lHcbBKS6ixn.php HTTP/1.1" 301 0 "-" "-"
52.169.24.230 - - [14/Apr/2025:23:38:44 -0400] "GET /wp-content/uploads/de_fb_uploads/b.php HTTP/1.1" 404 15326 "-" "-"
52.169.110.77 - - [14/Apr/2025:23:38:46 -0400] "GET /lHcbBKS6ixn.php HTTP/1.1" 404 15294 "-" "-"
52.169.24.230 - - [14/Apr/2025:23:38:49 -0400] "GET /wp-content/uploads/file.php HTTP/1.1" 404 15320 "-" "-"
52.169.110.77 - - [14/Apr/2025:23:38:50 -0400] "GET /layout.php HTTP/1.1" 301 0 "-" "-"
52.169.24.230 - - [14/Apr/2025:23:38:52 -0400] "GET /wp-content/uploads/gravity_forms/a/a/d/e/mpobdxkytgs.php HTTP/1.1" 404 15346 "-" "-"
52.169.110.77 - - [14/Apr/2025:23:38:53 -0400] "GET /layout.php HTTP/1.1" 404 15285 "-" "-"
52.169.110.77 - - [14/Apr/2025:23:38:58 -0400] "GET /leaf.php HTTP/1.1" 301 0 "-" "-"
52.169.24.230 - - [14/Apr/2025:23:38:57 -0400] "GET /wp-content/uploads/gravity_forms/a/a/g/g/sbkntyhpcmw.php HTTP/1.1" 404 15346 "-" "-"
198.54.114.83 - - [14/Apr/2025:23:39:00 -0400] "POST /wp-cron.php?doing_wp_cron=1744688338.1518929004669189453125 HTTP/1.1" 200 0 "-" "WordPress/6.7.2; https://creative-webstyle.com"
52.169.110.77 - - [14/Apr/2025:23:39:00 -0400] "GET /leaf.php HTTP/1.1" 404 15286 "-" "-"
52.169.24.230 - - [14/Apr/2025:23:39:01 -0400] "GET /wp-content/uploads/gravity_forms/a/b/b/g/uglomvzctsn.php HTTP/1.1" 404 15347 "-" "-"
52.169.110.77 - - [14/Apr/2025:23:39:04 -0400] "GET /leafmailer.php HTTP/1.1" 301 0 "-" "-"
52.169.24.230 - - [14/Apr/2025:23:39:05 -0400] "GET /wp-content/uploads/gravity_forms/a/c/e/a/ypwzrbljtug.php HTTP/1.1" 404 15346 "-" "-"
52.169.110.77 - - [14/Apr/2025:23:39:06 -0400] "GET /leafmailer.php HTTP/1.1" 404 15291 "-" "-"
52.169.24.230 - - [14/Apr/2025:23:39:08 -0400] "GET /wp-content/uploads/gravity_forms/a/d/f/f/gcqdnkwesjz.php HTTP/1.1" 404 15348 "-" "-"
52.169.110.77 - - [14/Apr/2025:23:39:10 -0400] "GET /leafmailer2.8.php HTTP/1.1" 301 0 "-" "-"
52.169.24.230 - - [14/Apr/2025:23:39:11 -0400] "GET /wp-content/uploads/gravity_forms/a/h/g/f/rykplgfvasj.php HTTP/1.1" 404 15349 "-" "-"
52.169.110.77 - - [14/Apr/2025:23:39:12 -0400] "GET /leafmailer2.8.php HTTP/1.1" 404 15294 "-" "-"
52.169.24.230 - - [14/Apr/2025:23:39:14 -0400] "GET /wp-content/uploads/gravity_forms/b/c/a/g/czivjydnxqt.php HTTP/1.1" 404 15347 "-" "-"
52.169.110.77 - - [14/Apr/2025:23:39:16 -0400] "GET /lf.php HTTP/1.1" 301 0 "-" "-"
52.169.24.230 - - [14/Apr/2025:23:39:17 -0400] "GET /wp-content/uploads/gravity_forms/b/c/d/a/squoxvwkhlt.php HTTP/1.1" 404 15348 "-" "-"
52.169.110.77 - - [14/Apr/2025:23:39:18 -0400] "GET /lf.php HTTP/1.1" 404 15284 "-" "-"
52.169.110.77 - - [14/Apr/2025:23:39:21 -0400] "GET /lib.php HTTP/1.1" 301 0 "-" "-"
52.169.24.230 - - [14/Apr/2025:23:39:20 -0400] "GET /wp-content/uploads/gravity_forms/b/h/f/a/jnxegkidpwo.php HTTP/1.1" 404 15350 "-" "-"
52.169.110.77 - - [14/Apr/2025:23:39:23 -0400] "GET /lib.php HTTP/1.1" 404 15285 "-" "-"
52.169.24.230 - - [14/Apr/2025:23:39:23 -0400] "GET /wp-content/uploads/gravity_forms/c/a/e/a/uxcbytlahwz.php HTTP/1.1" 404 15346 "-" "-"
52.169.110.77 - - [14/Apr/2025:23:39:27 -0400] "GET /libraries/joomla/css.php HTTP/1.1" 301 0 "-" "-"
52.169.24.230 - - [14/Apr/2025:23:39:27 -0400] "GET /wp-content/uploads/gravity_forms/c/c/a/b/rahlkvfmgdb.php HTTP/1.1" 404 15347 "-" "-"
52.169.24.230 - - [14/Apr/2025:23:39:30 -0400] "GET /wp-content/uploads/gravity_forms/c/c/c/g/mdncplabzif.php HTTP/1.1" 404 15343 "-" "-"
52.169.110.77 - - [14/Apr/2025:23:39:29 -0400] "GET /libraries/joomla/css.php HTTP/1.1" 404 15301 "-" "-"
52.169.110.77 - - [14/Apr/2025:23:39:35 -0400] "GET /license.php HTTP/1.1" 301 0 "-" "-"
52.169.24.230 - - [14/Apr/2025:23:39:35 -0400] "GET /wp-content/uploads/gravity_forms/c/e/d/b/pmxctaowdes.php HTTP/1.1" 404 15349 "-" "-"
52.169.110.77 - - [14/Apr/2025:23:39:37 -0400] "GET /license.php HTTP/1.1" 404 15288 "-" "-"
52.169.24.230 - - [14/Apr/2025:23:39:37 -0400] "GET /wp-content/uploads/gravity_forms/c/e/g/c/czymneukgvd.php HTTP/1.1" 404 15344 "-" "-"
52.169.110.77 - - [14/Apr/2025:23:39:41 -0400] "GET /link.php HTTP/1.1" 301 0 "-" "-"
52.169.24.230 - - [14/Apr/2025:23:39:41 -0400] "GET /wp-content/uploads/gravity_forms/c/h/g/f/tqicwdpsmnh.php HTTP/1.1" 404 15348 "-" "-"
52.169.110.77 - - [14/Apr/2025:23:39:42 -0400] "GET /link.php HTTP/1.1" 404 15285 "-" "-"
52.169.110.77 - - [14/Apr/2025:23:39:46 -0400] "GET /load.php HTTP/1.1" 301 0 "-" "-"
52.169.24.230 - - [14/Apr/2025:23:39:46 -0400] "GET /wp-content/uploads/gravity_forms/d/b/c/a/egyocfrpvwa.php HTTP/1.1" 404 15349 "-" "-"
52.169.110.77 - - [14/Apr/2025:23:39:47 -0400] "GET /load.php HTTP/1.1" 404 15284 "-" "-"
52.169.24.230 - - [14/Apr/2025:23:39:47 -0400] "GET /wp-content/uploads/gravity_forms/d/d/c/d/flpovrzwjck.php HTTP/1.1" 404 15345 "-" "-"
52.169.110.77 - - [14/Apr/2025:23:39:52 -0400] "GET /lock.php HTTP/1.1" 301 0 "-" "-"
52.169.24.230 - - [14/Apr/2025:23:39:51 -0400] "GET /wp-content/uploads/gravity_forms/d/f/c/d/ojqmdbxhate.php HTTP/1.1" 404 15347 "-" "-"
52.169.110.77 - - [14/Apr/2025:23:39:55 -0400] "GET /lock.php HTTP/1.1" 404 15285 "-" "-"
52.169.24.230 - - [14/Apr/2025:23:39:55 -0400] "GET /wp-content/uploads/gravity_forms/d/f/h/f/yosajlczrfb.php HTTP/1.1" 404 15347 "-" "-"
52.169.110.77 - - [14/Apr/2025:23:39:58 -0400] "GET /lock360.php HTTP/1.1" 301 0 "-" "-"
52.169.24.230 - - [14/Apr/2025:23:39:59 -0400] "GET /wp-content/uploads/gravity_forms/e/b/b/g/dqwyzvpuahb.php HTTP/1.1" 404 15346 "-" "-"
52.169.110.77 - - [14/Apr/2025:23:40:01 -0400] "GET /lock360.php HTTP/1.1" 404 15288 "-" "-"
52.169.24.230 - - [14/Apr/2025:23:40:01 -0400] "GET /wp-content/uploads/gravity_forms/e/b/b/g/jkerxdyfnqg.php HTTP/1.1" 404 15346 "-" "-"
52.169.110.77 - - [14/Apr/2025:23:40:06 -0400] "GET /log.php HTTP/1.1" 301 0 "-" "-"
52.169.24.230 - - [14/Apr/2025:23:40:07 -0400] "GET /wp-content/uploads/gravity_forms/e/b/c/e/qotvjlbgrpc.php HTTP/1.1" 404 15346 "-" "-"
52.169.110.77 - - [14/Apr/2025:23:40:10 -0400] "GET /log.php HTTP/1.1" 404 15286 "-" "-"
52.169.110.77 - - [14/Apr/2025:23:40:15 -0400] "GET /login?next=/.well-known/ALFA_DATA/alfacgiapi/perl.alfa.php HTTP/1.1" 301 0 "-" "-"
52.169.24.230 - - [14/Apr/2025:23:40:14 -0400] "GET /wp-content/uploads/gravity_forms/e/d/f/a/axfnwtvogks.php HTTP/1.1" 404 15348 "-" "-"
