31.220.92.157 - - [15/Apr/2025:23:36:40 -0400] "GET /backup.php HTTP/1.1" 404 15290 "-" "Mozilla/5.0 (Linux; Android 7.0; SM-G892A Build/NRD90M; wv) AppleWebKit/537.36 (KHTML, like Gecko) Version/4.0 Chrome/60.0.3112.107 Mobile Safari/537.36"
31.220.92.157 - - [15/Apr/2025:23:36:42 -0400] "GET /exploit.php HTTP/1.1" 404 15291 "-" "Mozilla/5.0 (Linux; Android 7.0; SM-G892A Build/NRD90M; wv) AppleWebKit/537.36 (KHTML, like Gecko) Version/4.0 Chrome/60.0.3112.107 Mobile Safari/537.36"
198.54.114.83 - - [15/Apr/2025:23:36:50 -0400] "POST /wp-cron.php?doing_wp_cron=1744774609.5457060337066650390625 HTTP/1.1" 200 0 "-" "WordPress/6.7.2; https://creative-webstyle.com"
31.220.92.157 - - [15/Apr/2025:23:36:49 -0400] "GET /spam.php HTTP/1.1" 404 15288 "-" "Mozilla/5.0 (Linux; Android 7.0; SM-G892A Build/NRD90M; wv) AppleWebKit/537.36 (KHTML, like Gecko) Version/4.0 Chrome/60.0.3112.107 Mobile Safari/537.36"
17.241.75.16 - - [15/Apr/2025:23:38:33 -0400] "GET /robots.txt HTTP/1.1" 301 0 "-" "Mozilla/5.0 (Macintosh; Intel Mac OS X 10_15_7) AppleWebKit/605.1.15 (KHTML, like Gecko) Version/17.4 Safari/605.1.15 (Applebot/0.1; +http://www.apple.com/go/applebot)"
17.241.227.254 - - [15/Apr/2025:23:38:34 -0400] "GET /robots.txt HTTP/1.1" 304 0 "-" "Mozilla/5.0 (Macintosh; Intel Mac OS X 10_15_7) AppleWebKit/605.1.15 (KHTML, like Gecko) Version/17.4 Safari/605.1.15 (Applebot/0.1; +http://www.apple.com/go/applebot)"
17.241.75.16 - - [15/Apr/2025:23:38:36 -0400] "GET / HTTP/1.1" 200 98430 "-" "Mozilla/5.0 (Macintosh; Intel Mac OS X 10_15_7) AppleWebKit/605.1.15 (KHTML, like Gecko) Version/17.4 Safari/605.1.15 (Applebot/0.1; +http://www.apple.com/go/applebot)"
92.255.85.164 - - [15/Apr/2025:23:42:00 -0400] "GET / HTTP/1.1" 200 98430 "http://creative-webstyle.com/" "Mozilla/5.0 (Windows NT 10.0; Win64; x64) AppleWebKit/537.36 (KHTML, like Gecko) Chrome/130.0.0.0 Safari/537.36 CCleaner/130.0.0.0"
198.54.114.83 - - [15/Apr/2025:23:44:03 -0400] "POST /wp-cron.php?doing_wp_cron=1744775043.1407070159912109375000 HTTP/1.1" 200 0 "-" "WordPress/6.7.2; https://creative-webstyle.com"
216.244.66.194 - - [15/Apr/2025:23:43:58 -0400] "GET /the-importance-of-accounting/feed/ HTTP/1.1" 200 430 "-" "Mozilla/5.0 (compatible; DotBot/1.2; +https://opensiteexplorer.org/dotbot; help@moz.com)"
198.54.114.83 - - [15/Apr/2025:23:45:51 -0400] "POST /wp-cron.php?doing_wp_cron=1744775149.9839179515838623046875 HTTP/1.1" 200 0 "-" "WordPress/6.7.2; https://creative-webstyle.com"
216.244.66.194 - - [15/Apr/2025:23:45:49 -0400] "GET /elegance-et-modernite-le-panneau-pvc-imprime-marbre/feed/ HTTP/1.1" 200 475 "-" "Mozilla/5.0 (compatible; DotBot/1.2; +https://opensiteexplorer.org/dotbot; help@moz.com)"
54.36.148.182 - - [15/Apr/2025:23:45:57 -0400] "GET /robots.txt HTTP/1.1" 200 132 "-" "Mozilla/5.0 (compatible; AhrefsBot/7.0; +http://ahrefs.com/robot/)"
216.244.66.194 - - [15/Apr/2025:23:48:35 -0400] "GET /the-versatile-power-of-portable-fire-pumps/ HTTP/1.1" 200 22568 "-" "Mozilla/5.0 (compatible; DotBot/1.2; +https://opensiteexplorer.org/dotbot; help@moz.com)"
198.54.114.83 - - [15/Apr/2025:23:48:44 -0400] "POST /wp-cron.php?doing_wp_cron=1744775321.5402190685272216796875 HTTP/1.1" 200 0 "-" "WordPress/6.7.2; https://creative-webstyle.com"
165.154.227.150 - - [15/Apr/2025:23:49:08 -0400] "GET / HTTP/1.1" 200 98430 "-" "Embarcadero URI Client/1.0"
198.54.114.83 - - [15/Apr/2025:23:56:09 -0400] "POST /wp-cron.php?doing_wp_cron=1744775767.7352950572967529296875 HTTP/1.1" 200 0 "-" "WordPress/6.7.2; https://creative-webstyle.com"
216.244.66.194 - - [15/Apr/2025:23:56:03 -0400] "GET /how-to-set-up-a-live-cam/feed/ HTTP/1.1" 200 435 "-" "Mozilla/5.0 (compatible; DotBot/1.2; +https://opensiteexplorer.org/dotbot; help@moz.com)"
43.166.246.180 - - [16/Apr/2025:00:17:38 -0400] "GET / HTTP/1.1" 200 98430 "-" "Mozilla/5.0 (iPhone; CPU iPhone OS 13_2_3 like Mac OS X) AppleWebKit/605.1.15 (KHTML, like Gecko) Version/13.0.3 Mobile/15E148 Safari/604.1"
137.184.165.121 - - [16/Apr/2025:00:20:23 -0400] "GET / HTTP/1.1" 200 98430 "-" "Mozilla/5.0 (compatible)"
137.184.165.121 - - [16/Apr/2025:00:20:25 -0400] "GET /ads.txt HTTP/1.1" 200 0 "-" "Mozilla/5.0 (compatible)"
198.54.114.83 - - [16/Apr/2025:00:20:32 -0400] "POST /wp-cron.php?doing_wp_cron=1744777230.8858709335327148437500 HTTP/1.1" 200 0 "-" "WordPress/6.7.2; https://creative-webstyle.com"
216.244.66.194 - - [16/Apr/2025:00:29:11 -0400] "GET /2023/10/03/ HTTP/1.1" 301 0 "-" "Mozilla/5.0 (compatible; DotBot/1.2; +https://opensiteexplorer.org/dotbot; help@moz.com)"
216.244.66.194 - - [16/Apr/2025:00:30:30 -0400] "GET /star-plus-energys/ HTTP/1.1" 200 21566 "-" "Mozilla/5.0 (compatible; DotBot/1.2; +https://opensiteexplorer.org/dotbot; help@moz.com)"
192.169.168.63 - - [16/Apr/2025:00:34:58 -0400] "GET /hvac-systems-and-mold/ HTTP/1.1" 200 24059 "http://creative-webstyle.com/hvac-systems-and-mold/" "Mozilla/5.0 (Windows NT 10.0; Win64; x64) AppleWebKit/537.36 (KHTML, like Gecko) Chrome/131.0.0.0 Safari/537.36 Avast/131.0.0.0"
192.169.168.63 - - [16/Apr/2025:00:35:02 -0400] "POST /wp-comments-post.php HTTP/1.1" 200 1168 "http://creative-webstyle.com/hvac-systems-and-mold/" "Mozilla/5.0 (Windows NT 10.0; Win64; x64) AppleWebKit/537.36 (KHTML, like Gecko) Chrome/131.0.0.0 Safari/537.36 Avast/131.0.0.0"
198.54.114.83 - - [16/Apr/2025:00:43:21 -0400] "POST /wp-cron.php?doing_wp_cron=1744778600.7986009120941162109375 HTTP/1.1" 200 0 "-" "WordPress/6.7.2; https://creative-webstyle.com"
196.251.72.179 - - [16/Apr/2025:00:43:20 -0400] "GET //wp-content/plugins/fix/up.php HTTP/1.1" 200 0 "-" "Mozilla/5.0 (Windows NT 10.0; Win64; x64) AppleWebKit/537.36 (KHTML, like Gecko) Chrome/85.0.4183.102 Safari/537.36"
198.54.114.83 - - [16/Apr/2025:01:24:52 -0400] "POST /wp-cron.php?doing_wp_cron=1744781090.6720860004425048828125 HTTP/1.1" 200 0 "-" "WordPress/6.7.2; https://creative-webstyle.com"
52.191.74.93 - - [16/Apr/2025:01:24:44 -0400] "GET /wp-content/plugins/hellopress/wp_filemanager.php HTTP/1.1" 200 0 "-" "-"
198.54.114.83 - - [16/Apr/2025:01:39:17 -0400] "POST /wp-cron.php?doing_wp_cron=1744781956.8683030605316162109375 HTTP/1.1" 200 0 "-" "WordPress/6.7.2; https://creative-webstyle.com"
134.122.196.9 - - [16/Apr/2025:01:39:10 -0400] "GET /statics/img/login_bg.jpg HTTP/1.1" 404 15301 "http://creative-webstyle.com" "iaskspider/2.0(+http://iask.com/help/help_index.html\xa1\xb1)"
188.166.247.40 - - [16/Apr/2025:02:16:51 -0400] "GET /heh.php HTTP/1.1" 404 15287 "www.google.com" "Mozlila/5.0 (Linux; Android 7.0; SM-G892A Bulid/NRD90M; wv) AppleWebKit/537.36 (KHTML, like Gecko) Version/4.0 Chrome/60.0.3112.107 Moblie Safari/537.36"
188.166.247.40 - - [16/Apr/2025:02:17:06 -0400] "GET /wp-content/plugins/view-more/ioxi.php HTTP/1.1" 404 15305 "www.google.com" "Mozlila/5.0 (Linux; Android 7.0; SM-G892A Bulid/NRD90M; wv) AppleWebKit/537.36 (KHTML, like Gecko) Version/4.0 Chrome/60.0.3112.107 Moblie Safari/537.36"
188.166.247.40 - - [16/Apr/2025:02:17:32 -0400] "GET /wp-content/plugins/erinyani/baxa1.php HTTP/1.1" 404 15308 "www.google.com" "Mozlila/5.0 (Linux; Android 7.0; SM-G892A Bulid/NRD90M; wv) AppleWebKit/537.36 (KHTML, like Gecko) Version/4.0 Chrome/60.0.3112.107 Moblie Safari/537.36"
43.166.245.250 - - [16/Apr/2025:02:19:58 -0400] "GET / HTTP/1.1" 200 98430 "-" "Mozilla/5.0 (iPhone; CPU iPhone OS 13_2_3 like Mac OS X) AppleWebKit/605.1.15 (KHTML, like Gecko) Version/13.0.3 Mobile/15E148 Safari/604.1"
85.208.98.23 - - [16/Apr/2025:02:28:46 -0400] "GET /robots.txt HTTP/1.1" 200 132 "-" "Mozilla/5.0 (compatible; SemrushBot-BA; +http://www.semrush.com/bot.html)"
92.255.57.39 - - [16/Apr/2025:02:38:58 -0400] "GET / HTTP/1.1" 200 98430 "http://creative-webstyle.com/" "Mozilla/5.0 (Windows NT 10.0; Win64; x64) AppleWebKit/537.36 (KHTML, like Gecko) Chrome/129.0.0.0 Safari/537.36"
198.54.114.83 - - [16/Apr/2025:02:45:36 -0400] "POST /wp-cron.php?doing_wp_cron=1744785934.9850859642028808593750 HTTP/1.1" 200 0 "-" "WordPress/6.7.2; https://creative-webstyle.com"
161.97.144.102 - - [16/Apr/2025:02:45:30 -0400] "GET /wp-cli.php HTTP/1.1" 404 15287 "www.google.com" "Mozlila/5.0 (Linux; Android 7.0; SM-G892A Bulid/NRD90M; wv) AppleWebKit/537.36 (KHTML, like Gecko) Version/4.0 Chrome/60.0.3112.107 Moblie Safari/537.36"
192.36.109.129 - - [16/Apr/2025:03:08:24 -0400] "GET /robots.txt HTTP/1.1" 200 132 "-" "Mozilla/5.0 (Windows NT 6.3; Win64; x64; rv:109.0) Gecko/20100101 Firefox/115"
192.36.109.98 - - [16/Apr/2025:03:08:27 -0400] "GET / HTTP/1.1" 200 98430 "-" "Mozilla/5.0 (Windows NT 6.3; Win64; x64; rv:109.0) Gecko/20100101 Firefox/115"
198.54.114.83 - - [16/Apr/2025:03:32:02 -0400] "POST /wp-cron.php?doing_wp_cron=1744788719.5799400806427001953125 HTTP/1.1" 200 0 "-" "WordPress/6.7.2; https://creative-webstyle.com"
212.30.36.14 - - [16/Apr/2025:03:31:54 -0400] "GET /best-cbd-oil-for-sleep-uk/ HTTP/1.1" 200 21695 "http://creative-webstyle.com/best-cbd-oil-for-sleep-uk/" "Mozilla/5.0 (Windows NT 10.0; Win64; x64) AppleWebKit/537.36 (KHTML, like Gecko) Chrome/131.0.0.0 Safari/537.36 Avast/131.0.0.0"
212.30.36.22 - - [16/Apr/2025:03:32:05 -0400] "POST /wp-comments-post.php HTTP/1.1" 302 0 "http://creative-webstyle.com/best-cbd-oil-for-sleep-uk/" "Mozilla/5.0 (Windows NT 10.0; Win64; x64) AppleWebKit/537.36 (KHTML, like Gecko) Chrome/131.0.0.0 Safari/537.36 Avast/131.0.0.0"
15.236.205.145 - - [16/Apr/2025:03:43:02 -0400] "GET /sftp-config.json HTTP/1.1" 403 1242 "-" "Mozilla/5.0 (Macintosh; Intel Mac OS X 10.15; rv:77.0) Gecko/20100101 Firefox/77.0"
15.236.205.145 - - [16/Apr/2025:03:43:09 -0400] "GET /.vscode/sftp.json HTTP/1.1" 200 0 "-" "Mozilla/5.0 (Macintosh; Intel Mac OS X 10.15; rv:77.0) Gecko/20100101 Firefox/77.0"
198.54.114.83 - - [16/Apr/2025:03:59:30 -0400] "POST /wp-cron.php?doing_wp_cron=1744790370.1246490478515625000000 HTTP/1.1" 200 0 "-" "WordPress/6.7.2; https://creative-webstyle.com"
109.235.148.68 - - [16/Apr/2025:03:59:23 -0400] "GET /img.banners_promo/002_468x60.gif HTTP/1.1" 301 0 "-" "-"
13.201.136.135 - - [16/Apr/2025:04:18:20 -0400] "GET /wp-admin/css/ HTTP/1.1" 403 1242 "binance.com" "Mozilla/5.0 (Windows NT 10.0; Win64; x64) AppleWebKit/537.36 (KHTML, like Gecko) Chrome/90.0.4430.85 Safari/537.36"
223.244.35.77 - - [16/Apr/2025:04:24:54 -0400] "GET / HTTP/1.1" 200 98430 "-" "Mozilla/5.0 (iPhone; CPU iPhone OS 13_2_3 like Mac OS X) AppleWebKit/605.1.15 (KHTML, like Gecko) Version/13.0.3 Mobile/15E148 Safari/604.1"
66.249.79.132 - - [16/Apr/2025:04:32:32 -0400] "GET /robots.txt HTTP/1.1" 304 0 "-" "Mozilla/5.0 (compatible; Googlebot/2.1; +http://www.google.com/bot.html)"
66.249.79.133 - - [16/Apr/2025:04:32:34 -0400] "GET /favicon.ico HTTP/1.1" 404 1251 "-" "Googlebot-Image/1.0"
13.127.24.208 - - [16/Apr/2025:04:34:34 -0400] "GET / HTTP/1.1" 200 98430 "-" "Mozilla/5.0 (Windows NT 10.0; Win64; x64) AppleWebKit/537.36 (KHTML, like Gecko) Chrome/89.0.4389.114 Safari/537.36"
13.127.24.208 - - [16/Apr/2025:04:34:37 -0400] "GET / HTTP/1.1" 200 98430 "-" "Mozilla/5.0 (Windows NT 10.0; Win64; x64) AppleWebKit/537.36 (KHTML, like Gecko) Chrome/89.0.4389.114 Safari/537.36"
13.127.24.208 - - [16/Apr/2025:04:34:40 -0400] "GET /wp-includes/wlwmanifest.xml HTTP/1.1" 404 15178 "-" "Mozilla/5.0 (Windows NT 10.0; Win64; x64) AppleWebKit/537.36 (KHTML, like Gecko) Chrome/89.0.4389.114 Safari/537.36"
198.54.114.83 - - [16/Apr/2025:04:34:50 -0400] "POST /wp-cron.php?doing_wp_cron=1744792487.1503279209136962890625 HTTP/1.1" 200 0 "-" "WordPress/6.7.2; https://creative-webstyle.com"
13.127.24.208 - - [16/Apr/2025:04:34:53 -0400] "GET /?author=1 HTTP/1.1" 200 98430 "-" "Mozilla/5.0 (Windows NT 10.0; Win64; x64) AppleWebKit/537.36 (KHTML, like Gecko) Chrome/89.0.4389.114 Safari/537.36"
13.127.24.208 - - [16/Apr/2025:04:34:57 -0400] "GET /?author=2 HTTP/1.1" 200 98430 "-" "Mozilla/5.0 (Windows NT 10.0; Win64; x64) AppleWebKit/537.36 (KHTML, like Gecko) Chrome/89.0.4389.114 Safari/537.36"
13.127.24.208 - - [16/Apr/2025:04:35:01 -0400] "GET /?author=3 HTTP/1.1" 200 98430 "-" "Mozilla/5.0 (Windows NT 10.0; Win64; x64) AppleWebKit/537.36 (KHTML, like Gecko) Chrome/89.0.4389.114 Safari/537.36"
13.127.24.208 - - [16/Apr/2025:04:35:06 -0400] "GET /wp-json/wp/v2/users/ HTTP/1.1" 200 2069 "-" "Mozilla/5.0 (Windows NT 10.0; Win64; x64) AppleWebKit/537.36 (KHTML, like Gecko) Chrome/89.0.4389.114 Safari/537.36"
13.127.24.208 - - [16/Apr/2025:04:35:13 -0400] "POST /xmlrpc.php HTTP/1.1" 200 236 "-" "Mozilla/5.0 (Windows NT 10.0; Win64; x64) AppleWebKit/537.36 (KHTML, like Gecko) Chrome/89.0.4389.114 Safari/537.36"
13.127.24.208 - - [16/Apr/2025:04:35:18 -0400] "POST /xmlrpc.php HTTP/1.1" 200 236 "-" "Mozilla/5.0 (Windows NT 10.0; Win64; x64) AppleWebKit/537.36 (KHTML, like Gecko) Chrome/89.0.4389.114 Safari/537.36"
13.127.24.208 - - [16/Apr/2025:04:35:22 -0400] "POST /xmlrpc.php HTTP/1.1" 200 236 "-" "Mozilla/5.0 (Windows NT 10.0; Win64; x64) AppleWebKit/537.36 (KHTML, like Gecko) Chrome/89.0.4389.114 Safari/537.36"
13.127.24.208 - - [16/Apr/2025:04:35:26 -0400] "POST /xmlrpc.php HTTP/1.1" 200 236 "-" "Mozilla/5.0 (Windows NT 10.0; Win64; x64) AppleWebKit/537.36 (KHTML, like Gecko) Chrome/89.0.4389.114 Safari/537.36"
13.127.24.208 - - [16/Apr/2025:04:35:31 -0400] "POST /xmlrpc.php HTTP/1.1" 200 236 "-" "Mozilla/5.0 (Windows NT 10.0; Win64; x64) AppleWebKit/537.36 (KHTML, like Gecko) Chrome/89.0.4389.114 Safari/537.36"
13.127.24.208 - - [16/Apr/2025:04:35:37 -0400] "POST /xmlrpc.php HTTP/1.1" 200 236 "-" "Mozilla/5.0 (Windows NT 10.0; Win64; x64) AppleWebKit/537.36 (KHTML, like Gecko) Chrome/89.0.4389.114 Safari/537.36"
5.253.117.229 - - [16/Apr/2025:04:35:54 -0400] "GET /michael-kors-bags-a-vision-of-sophistication-and-glitz/ HTTP/1.1" 200 23057 "-" "Mozilla/5.0 (Windows NT 10.0; Win64; x64; Xbox; Xbox One) AppleWebKit/537.36 (KHTML, like Gecko) Chrome/114.0.0.0 Safari/537.36 Edge/44.18363.8131"
198.54.114.83 - - [16/Apr/2025:04:35:59 -0400] "POST /wp-cron.php?doing_wp_cron=1744792555.5434229373931884765625 HTTP/1.1" 200 0 "-" "WordPress/6.7.2; https://creative-webstyle.com"
5.253.117.229 - - [16/Apr/2025:04:36:21 -0400] "GET /michael-kors-bags-a-vision-of-sophistication-and-glitz/ HTTP/1.1" 200 22966 "http://creative-webstyle.com/michael-kors-bags-a-vision-of-sophistication-and-glitz/" "Mozilla/5.0 (Windows NT 6.3; Win64; x64) AppleWebKit/537.36 (KHTML, like Gecko) Chrome/103.0.0.0 Safari/537.36"
5.253.117.229 - - [16/Apr/2025:04:36:28 -0400] "POST /wp-comments-post.php HTTP/1.1" 302 0 "http://creative-webstyle.com/michael-kors-bags-a-vision-of-sophistication-and-glitz/" "Mozilla/5.0 (Windows NT 6.3; Win64; x64) AppleWebKit/537.36 (KHTML, like Gecko) Chrome/103.0.0.0 Safari/537.36"
5.253.117.229 - - [16/Apr/2025:04:36:38 -0400] "GET /michael-kors-bags-a-vision-of-sophistication-and-glitz/ HTTP/1.1" 200 22961 "-" "Mozilla/5.0 (Windows NT 6.3; Win64; x64) AppleWebKit/537.36 (KHTML, like Gecko) Chrome/103.0.0.0 Safari/537.36"
198.54.114.83 - - [16/Apr/2025:04:37:21 -0400] "POST /wp-cron.php?doing_wp_cron=1744792640.1732161045074462890625 HTTP/1.1" 200 0 "-" "WordPress/6.7.2; https://creative-webstyle.com"
5.253.117.229 - - [16/Apr/2025:04:37:19 -0400] "GET /michael-kors-bags-a-vision-of-sophistication-and-glitz/ HTTP/1.1" 200 23079 "-" "Mozilla/5.0 (Windows NT 10.0; Win64; x64; Xbox; Xbox One) AppleWebKit/537.36 (KHTML, like Gecko) Chrome/114.0.0.0 Safari/537.36 Edge/44.18363.8131"
195.78.54.214 - - [16/Apr/2025:04:45:53 -0400] "GET /.env HTTP/1.1" 403 1242 "-" "Mozilla/5.0 (Macintosh; Intel Mac OS X 10.15; rv:77.0) Gecko/20100101 Firefox/77.0"
198.54.114.83 - - [16/Apr/2025:05:01:01 -0400] "POST /wp-cron.php?doing_wp_cron=1744794058.7097809314727783203125 HTTP/1.1" 200 0 "-" "WordPress/6.7.2; https://creative-webstyle.com"
198.54.114.83 - - [16/Apr/2025:05:01:01 -0400] "POST /wp-cron.php?doing_wp_cron=1744794058.7041449546813964843750 HTTP/1.1" 200 0 "-" "WordPress/6.7.2; https://creative-webstyle.com"
85.208.98.23 - - [16/Apr/2025:05:00:56 -0400] "GET /robots.txt HTTP/1.1" 200 132 "-" "Mozilla/5.0 (compatible; SemrushBot-BA; +http://www.semrush.com/bot.html)"
85.208.98.23 - - [16/Apr/2025:05:00:53 -0400] "GET /robots.txt HTTP/1.1" 200 132 "-" "Mozilla/5.0 (compatible; SemrushBot-BA; +http://www.semrush.com/bot.html)"
198.54.114.83 - - [16/Apr/2025:05:08:12 -0400] "POST /wp-cron.php?doing_wp_cron=1744794489.8376989364624023437500 HTTP/1.1" 200 0 "-" "WordPress/6.7.2; https://creative-webstyle.com"
94.46.220.6 - - [16/Apr/2025:05:08:03 -0400] "GET /best-cbd-oil-for-sleep-uk/ HTTP/1.1" 200 21694 "http://creative-webstyle.com/best-cbd-oil-for-sleep-uk/" "Mozilla/5.0 (Windows NT 10.0; Win64; x64) AppleWebKit/537.36 (KHTML, like Gecko) Chrome/131.0.0.0 Safari/537.36 Avast/131.0.0.0"
94.46.220.6 - - [16/Apr/2025:05:08:18 -0400] "POST /wp-comments-post.php HTTP/1.1" 302 0 "http://creative-webstyle.com/best-cbd-oil-for-sleep-uk/" "Mozilla/5.0 (Windows NT 10.0; Win64; x64) AppleWebKit/537.36 (KHTML, like Gecko) Chrome/131.0.0.0 Safari/537.36 Avast/131.0.0.0"
139.59.118.44 - - [16/Apr/2025:05:17:32 -0400] "GET / HTTP/1.1" 200 98430 "-" "Mozilla/5.0 (Windows NT 10.0; Win64; x64) AppleWebKit/537.36 (KHTML, like Gecko) Chrome/99.0.4859.172 Safari/537.36"
165.154.227.208 - - [16/Apr/2025:05:45:21 -0400] "GET / HTTP/1.1" 200 98430 "-" "Embarcadero URI Client/1.0"
116.179.33.200 - - [16/Apr/2025:06:02:25 -0400] "GET / HTTP/1.1" 200 98430 "-" "Mozilla/5.0 (Windows NT 10.0; WOW64) AppleWebKit/537.36 (KHTML, like Gecko) Chrome/48.0.2564.116 Safari/537.36"
3.110.81.194 - - [16/Apr/2025:06:30:09 -0400] "GET / HTTP/1.1" 200 98430 "-" "Mozilla/5.0 (Windows NT 10.0; Win64; x64) AppleWebKit/537.36 (KHTML, like Gecko) Chrome/80.0.3987.149 Safari/537.36"
3.110.81.194 - - [16/Apr/2025:06:30:22 -0400] "GET / HTTP/1.1" 200 98430 "-" "Mozilla/5.0 (Windows NT 10.0; Win64; x64) AppleWebKit/537.36 (KHTML, like Gecko) Chrome/80.0.3987.149 Safari/537.36"
8.28.7.20 - - [16/Apr/2025:06:30:31 -0400] "GET /ads.txt HTTP/1.1" 404 15288 "-" "PubMatic Crawler Bot"
3.110.81.194 - - [16/Apr/2025:06:30:34 -0400] "GET /wp-includes/wlwmanifest.xml HTTP/1.1" 404 15297 "-" "Mozilla/5.0 (Windows NT 10.0; Win64; x64) AppleWebKit/537.36 (KHTML, like Gecko) Chrome/80.0.3987.149 Safari/537.36"
8.28.7.20 - - [16/Apr/2025:06:30:42 -0400] "GET /ads.txt HTTP/1.1" 404 15288 "-" "Mozilla/5.0 (X11; Linux x86_64) AppleWebKit/537.36 (KHTML, like Gecko) Chrome/66.0.3359.139 Safari/537.36"
3.110.81.194 - - [16/Apr/2025:06:30:45 -0400] "GET /?author=1 HTTP/1.1" 200 98430 "-" "Mozilla/5.0 (Windows NT 10.0; Win64; x64) AppleWebKit/537.36 (KHTML, like Gecko) Chrome/80.0.3987.149 Safari/537.36"
3.110.81.194 - - [16/Apr/2025:06:30:56 -0400] "GET /?author=2 HTTP/1.1" 200 98430 "-" "Mozilla/5.0 (Windows NT 10.0; Win64; x64) AppleWebKit/537.36 (KHTML, like Gecko) Chrome/80.0.3987.149 Safari/537.36"
3.110.81.194 - - [16/Apr/2025:06:31:06 -0400] "GET /wp-json/wp/v2/users/ HTTP/1.1" 200 2069 "-" "Mozilla/5.0 (Windows NT 10.0; Win64; x64) AppleWebKit/537.36 (KHTML, like Gecko) Chrome/80.0.3987.149 Safari/537.36"
3.110.81.194 - - [16/Apr/2025:06:31:17 -0400] "POST /xmlrpc.php HTTP/1.1" 200 212 "-" "Mozilla/5.0 (Windows NT 10.0; Win64; x64) AppleWebKit/537.36 (KHTML, like Gecko) Chrome/80.0.3987.149 Safari/537.36"
3.110.81.194 - - [16/Apr/2025:06:31:24 -0400] "POST /xmlrpc.php HTTP/1.1" 200 236 "-" "Mozilla/5.0 (Windows NT 10.0; Win64; x64) AppleWebKit/537.36 (KHTML, like Gecko) Chrome/80.0.3987.149 Safari/537.36"
3.110.81.194 - - [16/Apr/2025:06:31:31 -0400] "POST /xmlrpc.php HTTP/1.1" 200 212 "-" "Mozilla/5.0 (Windows NT 10.0; Win64; x64) AppleWebKit/537.36 (KHTML, like Gecko) Chrome/80.0.3987.149 Safari/537.36"
3.110.81.194 - - [16/Apr/2025:06:31:40 -0400] "POST /xmlrpc.php HTTP/1.1" 200 236 "-" "Mozilla/5.0 (Windows NT 10.0; Win64; x64) AppleWebKit/537.36 (KHTML, like Gecko) Chrome/80.0.3987.149 Safari/537.36"
3.110.81.194 - - [16/Apr/2025:06:31:48 -0400] "POST /xmlrpc.php HTTP/1.1" 200 236 "-" "Mozilla/5.0 (Windows NT 10.0; Win64; x64) AppleWebKit/537.36 (KHTML, like Gecko) Chrome/80.0.3987.149 Safari/537.36"
3.110.81.194 - - [16/Apr/2025:06:31:58 -0400] "POST /xmlrpc.php HTTP/1.1" 200 236 "-" "Mozilla/5.0 (Windows NT 10.0; Win64; x64) AppleWebKit/537.36 (KHTML, like Gecko) Chrome/80.0.3987.149 Safari/537.36"
85.208.98.23 - - [16/Apr/2025:06:42:33 -0400] "GET /robots.txt HTTP/1.1" 200 132 "-" "Mozilla/5.0 (compatible; SemrushBot-BA; +http://www.semrush.com/bot.html)"
188.166.108.93 - - [16/Apr/2025:06:45:58 -0400] "GET / HTTP/1.1" 200 0 "-" "-"
135.119.140.236 - - [16/Apr/2025:06:47:22 -0400] "HEAD /wordpress HTTP/1.1" 404 0 "-" "Mozilla/5.0 (Windows NT 10.0; Win64; x64) AppleWebKit/537.36 (KHTML, like Gecko) Chrome/74.0.3729.169 Safari/537.36"
198.54.114.83 - - [16/Apr/2025:06:47:26 -0400] "POST /wp-cron.php?doing_wp_cron=1744800443.3308858871459960937500 HTTP/1.1" 200 0 "-" "WordPress/6.7.2; https://creative-webstyle.com"
135.119.140.236 - - [16/Apr/2025:06:47:30 -0400] "HEAD / HTTP/1.1" 200 0 "-" "Mozilla/5.0 (Windows NT 10.0; Win64; x64) AppleWebKit/537.36 (KHTML, like Gecko) Chrome/74.0.3729.169 Safari/537.36"
135.119.140.236 - - [16/Apr/2025:06:47:33 -0400] "HEAD /wp HTTP/1.1" 404 0 "-" "Mozilla/5.0 (Windows NT 10.0; Win64; x64) AppleWebKit/537.36 (KHTML, like Gecko) Chrome/74.0.3729.169 Safari/537.36"
135.119.140.236 - - [16/Apr/2025:06:47:39 -0400] "HEAD /bc HTTP/1.1" 404 0 "-" "Mozilla/5.0 (Windows NT 10.0; Win64; x64) AppleWebKit/537.36 (KHTML, like Gecko) Chrome/74.0.3729.169 Safari/537.36"
135.119.140.236 - - [16/Apr/2025:06:47:44 -0400] "HEAD /bk HTTP/1.1" 404 0 "-" "Mozilla/5.0 (Windows NT 10.0; Win64; x64) AppleWebKit/537.36 (KHTML, like Gecko) Chrome/74.0.3729.169 Safari/537.36"
135.119.140.236 - - [16/Apr/2025:06:47:51 -0400] "HEAD /backup HTTP/1.1" 404 0 "-" "Mozilla/5.0 (Windows NT 10.0; Win64; x64) AppleWebKit/537.36 (KHTML, like Gecko) Chrome/74.0.3729.169 Safari/537.36"
135.119.140.236 - - [16/Apr/2025:06:47:56 -0400] "HEAD /old HTTP/1.1" 404 0 "-" "Mozilla/5.0 (Windows NT 10.0; Win64; x64) AppleWebKit/537.36 (KHTML, like Gecko) Chrome/74.0.3729.169 Safari/537.36"
135.119.140.236 - - [16/Apr/2025:06:48:01 -0400] "HEAD /new HTTP/1.1" 301 0 "-" "Mozilla/5.0 (Windows NT 10.0; Win64; x64) AppleWebKit/537.36 (KHTML, like Gecko) Chrome/74.0.3729.169 Safari/537.36"
135.119.140.236 - - [16/Apr/2025:06:48:10 -0400] "HEAD /main HTTP/1.1" 404 0 "-" "Mozilla/5.0 (Windows NT 10.0; Win64; x64) AppleWebKit/537.36 (KHTML, like Gecko) Chrome/74.0.3729.169 Safari/537.36"
135.119.140.236 - - [16/Apr/2025:06:48:15 -0400] "HEAD /home HTTP/1.1" 301 0 "-" "Mozilla/5.0 (Windows NT 10.0; Win64; x64) AppleWebKit/537.36 (KHTML, like Gecko) Chrome/74.0.3729.169 Safari/537.36"
216.244.66.194 - - [16/Apr/2025:06:56:31 -0400] "GET /robots.txt HTTP/1.1" 200 132 "-" "Mozilla/5.0 (compatible; DotBot/1.2; +https://opensiteexplorer.org/dotbot; help@moz.com)"
196.251.85.74 - - [16/Apr/2025:06:58:02 -0400] "GET / HTTP/1.1" 200 98430 "-" "-"
198.54.114.83 - - [16/Apr/2025:07:03:26 -0400] "POST /wp-cron.php?doing_wp_cron=1744801404.1278929710388183593750 HTTP/1.1" 200 0 "-" "WordPress/6.7.2; https://creative-webstyle.com"
216.244.66.194 - - [16/Apr/2025:07:03:17 -0400] "GET /how-to-prepare-a-canvas-for-diamond-painting/ HTTP/1.1" 200 22914 "-" "Mozilla/5.0 (compatible; DotBot/1.2; +https://opensiteexplorer.org/dotbot; help@moz.com)"
198.54.114.83 - - [16/Apr/2025:07:11:31 -0400] "POST /wp-cron.php?doing_wp_cron=1744801889.5994141101837158203125 HTTP/1.1" 200 0 "-" "WordPress/6.7.2; https://creative-webstyle.com"
192.42.116.173 - - [16/Apr/2025:07:11:24 -0400] "GET /wp HTTP/1.1" 404 15281 "-" "Mozilla/4.0 (compatible; MSIE 8.0; Windows NT 6.1; WOW64; Trident/4.0; SLCC2; .NET CLR 2.0.50727; .NET CLR 3.5.30729; .NET CLR 3.0.30729; .NET4.0C; .NET4.0E; InfoPath.3)"
192.42.116.173 - - [16/Apr/2025:07:11:36 -0400] "GET /wp-config.fix HTTP/1.1" 404 15291 "-" "Mozilla/4.0 (compatible; MSIE 8.0; Windows NT 6.1; WOW64; Trident/4.0; SLCC2; .NET CLR 2.0.50727; .NET CLR 3.5.30729; .NET CLR 3.0.30729; .NET4.0C; .NET4.0E; InfoPath.3)"
192.42.116.173 - - [16/Apr/2025:07:11:40 -0400] "GET /wp-config.fix. HTTP/1.1" 301 0 "-" "Mozilla/4.0 (compatible; MSIE 8.0; Windows NT 6.1; WOW64; Trident/4.0; SLCC2; .NET CLR 2.0.50727; .NET CLR 3.5.30729; .NET CLR 3.0.30729; .NET4.0C; .NET4.0E; InfoPath.3)"
192.42.116.173 - - [16/Apr/2025:07:11:44 -0400] "GET /wp-config.fix HTTP/1.1" 404 15291 "-" "Mozilla/4.0 (compatible; MSIE 8.0; Windows NT 6.1; WOW64; Trident/4.0; SLCC2; .NET CLR 2.0.50727; .NET CLR 3.5.30729; .NET CLR 3.0.30729; .NET4.0C; .NET4.0E; InfoPath.3)"
216.244.66.194 - - [16/Apr/2025:07:11:47 -0400] "GET /category/activity/page/71/ HTTP/1.1" 200 20372 "-" "Mozilla/5.0 (compatible; DotBot/1.2; +https://opensiteexplorer.org/dotbot; help@moz.com)"
192.42.116.173 - - [16/Apr/2025:07:11:48 -0400] "GET /wp-config.t HTTP/1.1" 404 15288 "-" "Mozilla/4.0 (compatible; MSIE 8.0; Windows NT 6.1; WOW64; Trident/4.0; SLCC2; .NET CLR 2.0.50727; .NET CLR 3.5.30729; .NET CLR 3.0.30729; .NET4.0C; .NET4.0E; InfoPath.3)"
192.42.116.173 - - [16/Apr/2025:07:11:55 -0400] "GET /wp-config* HTTP/1.1" 404 15288 "-" "Mozilla/4.0 (compatible; MSIE 8.0; Windows NT 6.1; WOW64; Trident/4.0; SLCC2; .NET CLR 2.0.50727; .NET CLR 3.5.30729; .NET CLR 3.0.30729; .NET4.0C; .NET4.0E; InfoPath.3)"
192.42.116.173 - - [16/Apr/2025:07:12:01 -0400] "GET /wp-config.b HTTP/1.1" 404 15289 "-" "Mozilla/4.0 (compatible; MSIE 8.0; Windows NT 6.1; WOW64; Trident/4.0; SLCC2; .NET CLR 2.0.50727; .NET CLR 3.5.30729; .NET CLR 3.0.30729; .NET4.0C; .NET4.0E; InfoPath.3)"
137.135.82.82 - - [16/Apr/2025:07:18:51 -0400] "GET /wp-includes/block-bindings/ HTTP/1.1" 403 1242 "-" "-"
198.54.114.83 - - [16/Apr/2025:07:19:03 -0400] "POST /wp-cron.php?doing_wp_cron=1744802339.8556799888610839843750 HTTP/1.1" 200 0 "-" "WordPress/6.7.2; https://creative-webstyle.com"
137.135.82.82 - - [16/Apr/2025:07:18:54 -0400] "GET /wp-content/themes/pridmag/ HTTP/1.1" 301 0 "-" "-"
137.135.82.82 - - [16/Apr/2025:07:19:11 -0400] "GET /wp-content/themes/pridmag/ HTTP/1.1" 404 15295 "-" "-"
137.135.82.82 - - [16/Apr/2025:07:19:19 -0400] "GET /wp-setting.php HTTP/1.1" 301 0 "-" "-"
137.135.82.82 - - [16/Apr/2025:07:19:25 -0400] "GET /wp-setting.php HTTP/1.1" 404 15288 "-" "-"
137.135.82.82 - - [16/Apr/2025:07:19:31 -0400] "GET /wp-content/themes/alera/ HTTP/1.1" 301 0 "-" "-"
137.135.82.82 - - [16/Apr/2025:07:19:38 -0400] "GET /wp-content/themes/alera/ HTTP/1.1" 404 15293 "-" "-"
137.135.82.82 - - [16/Apr/2025:07:19:45 -0400] "GET /wp-content/plugins/elementor/assets/images/app/ HTTP/1.1" 301 0 "-" "-"
137.135.82.82 - - [16/Apr/2025:07:19:51 -0400] "GET /wp-content/plugins/elementor/assets/images/app/ HTTP/1.1" 404 15312 "-" "-"
137.135.82.82 - - [16/Apr/2025:07:19:58 -0400] "GET /wp-comments-pos.php HTTP/1.1" 301 0 "-" "-"
137.135.82.82 - - [16/Apr/2025:07:20:07 -0400] "GET /wp-comments-pos.php HTTP/1.1" 404 15293 "-" "-"
137.135.82.82 - - [16/Apr/2025:07:20:17 -0400] "GET /wp-content/themes/ripro/inc/admin/ HTTP/1.1" 301 0 "-" "-"
137.135.82.82 - - [16/Apr/2025:07:20:23 -0400] "GET /wp-content/themes/ripro/inc/admin/ HTTP/1.1" 404 15302 "-" "-"
137.135.82.82 - - [16/Apr/2025:07:20:31 -0400] "GET /wp-includes/l10n/ HTTP/1.1" 403 1242 "-" "-"
137.135.82.82 - - [16/Apr/2025:07:20:36 -0400] "GET /index/b/home/h213348220/fundlead.ru/docs/wp-admin/includes/ HTTP/1.1" 301 0 "-" "-"
137.135.82.82 - - [16/Apr/2025:07:20:45 -0400] "GET /index/b/home/h213348220/fundlead.ru/docs/wp-admin/includes/ HTTP/1.1" 404 15324 "-" "-"
137.135.82.82 - - [16/Apr/2025:07:20:52 -0400] "GET /wp-includes/blocks/archives/ HTTP/1.1" 403 1242 "-" "-"
137.135.82.82 - - [16/Apr/2025:07:20:57 -0400] "GET /wp-includes/sodium_compat/namespaced/ HTTP/1.1" 403 1242 "-" "-"
137.135.82.82 - - [16/Apr/2025:07:21:01 -0400] "GET /wp-includes/blocks/latest-comments/ HTTP/1.1" 403 1242 "-" "-"
137.135.82.82 - - [16/Apr/2025:07:21:05 -0400] "GET /wp-content/plugins/woocommerce/assets/client/blocks/products-by-attribute/ HTTP/1.1" 301 0 "-" "-"
137.135.82.82 - - [16/Apr/2025:07:21:11 -0400] "GET /wp-content/plugins/woocommerce/assets/client/blocks/products-by-attribute/ HTTP/1.1" 404 15332 "-" "-"
198.54.114.83 - - [16/Apr/2025:07:21:17 -0400] "POST /wp-cron.php?doing_wp_cron=1744802471.6604769229888916015625 HTTP/1.1" 200 0 "-" "WordPress/6.7.2; https://creative-webstyle.com"
137.135.82.82 - - [16/Apr/2025:07:21:19 -0400] "GET /wp-content/uploads/2023/03/ HTTP/1.1" 403 1242 "-" "-"
137.135.82.82 - - [16/Apr/2025:07:21:24 -0400] "GET /wp-content/themes/seotheme/ HTTP/1.1" 301 0 "-" "-"
137.135.82.82 - - [16/Apr/2025:07:21:31 -0400] "GET /wp-content/themes/seotheme/ HTTP/1.1" 404 15294 "-" "-"
137.135.82.82 - - [16/Apr/2025:07:21:38 -0400] "GET /Content/UserFiles/News/Orjinal/ HTTP/1.1" 301 0 "-" "-"
137.135.82.82 - - [16/Apr/2025:07:21:44 -0400] "GET /Content/UserFiles/News/Orjinal/ HTTP/1.1" 404 15308 "-" "-"
137.135.82.82 - - [16/Apr/2025:07:21:51 -0400] "GET /wp-content/themes/sketch/ HTTP/1.1" 301 0 "-" "-"
137.135.82.82 - - [16/Apr/2025:07:21:55 -0400] "GET /wp-content/themes/sketch/ HTTP/1.1" 404 15295 "-" "-"
137.135.82.82 - - [16/Apr/2025:07:22:00 -0400] "GET /wp-includes/images/wlw/ HTTP/1.1" 301 0 "-" "-"
137.135.82.82 - - [16/Apr/2025:07:22:08 -0400] "GET /wp-includes/images/wlw/ HTTP/1.1" 404 15292 "-" "-"
137.135.82.82 - - [16/Apr/2025:07:22:14 -0400] "GET /templates/p/snippets/g8ofh3h3db/raw/ HTTP/1.1" 301 0 "-" "-"
198.54.114.83 - - [16/Apr/2025:07:22:19 -0400] "POST /wp-cron.php?doing_wp_cron=1744802534.8918380737304687500000 HTTP/1.1" 200 0 "-" "WordPress/6.7.2; https://creative-webstyle.com"
137.135.82.82 - - [16/Apr/2025:07:22:21 -0400] "GET /templates/p/snippets/g8ofh3h3db/raw/ HTTP/1.1" 404 15315 "-" "-"
137.135.82.82 - - [16/Apr/2025:07:22:26 -0400] "GET /wp-content/ HTTP/1.1" 200 0 "-" "-"
137.135.82.82 - - [16/Apr/2025:07:22:30 -0400] "GET /wp-content/plugins/elementor/assets/images/ HTTP/1.1" 301 0 "-" "-"
137.135.82.82 - - [16/Apr/2025:07:22:34 -0400] "GET /wp-content/plugins/elementor/assets/images/ HTTP/1.1" 404 15309 "-" "-"
137.135.82.82 - - [16/Apr/2025:07:22:39 -0400] "GET /wp-includes/images/ HTTP/1.1" 403 1242 "-" "-"
137.135.82.82 - - [16/Apr/2025:07:22:42 -0400] "GET /wp-link.php/wp-content/plugins/wp-content/uploads/wp_live_chat/ HTTP/1.1" 301 0 "-" "-"
137.135.82.82 - - [16/Apr/2025:07:22:47 -0400] "GET /wp-link.php/wp-content/plugins/wp-content/uploads/wp_live_chat/ HTTP/1.1" 404 15314 "-" "-"
137.135.82.82 - - [16/Apr/2025:07:22:55 -0400] "GET /wp-cro.php/ HTTP/1.1" 301 0 "-" "-"
137.135.82.82 - - [16/Apr/2025:07:23:02 -0400] "GET /wp-cro.php/ HTTP/1.1" 404 15287 "-" "-"
137.135.82.82 - - [16/Apr/2025:07:23:08 -0400] "GET /wp-includes/Requests/abou.php/ HTTP/1.1" 301 0 "-" "-"
137.135.82.82 - - [16/Apr/2025:07:23:16 -0400] "GET /wp-includes/Requests/abou.php/ HTTP/1.1" 404 15300 "-" "-"
198.54.114.83 - - [16/Apr/2025:07:23:23 -0400] "POST /wp-cron.php?doing_wp_cron=1744802597.5538001060485839843750 HTTP/1.1" 200 0 "-" "WordPress/6.7.2; https://creative-webstyle.com"
137.135.82.82 - - [16/Apr/2025:07:23:25 -0400] "GET /wordpress/wp-includes/js/mediaelement/renderers/ HTTP/1.1" 301 0 "-" "-"
137.135.82.82 - - [16/Apr/2025:07:23:32 -0400] "GET /wordpress/wp-includes/js/mediaelement/renderers/ HTTP/1.1" 404 15312 "-" "-"
137.135.82.82 - - [16/Apr/2025:07:23:39 -0400] "GET /wp-content/plugins/oxygen/component-framework/components/classes/gallery/photoswipe/ HTTP/1.1" 301 0 "-" "-"
137.135.82.82 - - [16/Apr/2025:07:23:46 -0400] "GET /wp-content/plugins/oxygen/component-framework/components/classes/gallery/photoswipe/ HTTP/1.1" 404 15337 "-" "-"
137.135.82.82 - - [16/Apr/2025:07:23:53 -0400] "GET /map.php HTTP/1.1" 301 0 "-" "-"
137.135.82.82 - - [16/Apr/2025:07:23:59 -0400] "GET /map.php HTTP/1.1" 404 15287 "-" "-"
137.135.82.82 - - [16/Apr/2025:07:24:05 -0400] "GET /wp-includes/block-patterns/ HTTP/1.1" 403 1242 "-" "-"
137.135.82.82 - - [16/Apr/2025:07:24:10 -0400] "GET /wp-content/plugins/elementor-pro/modules/woocommerce/skins/ HTTP/1.1" 301 0 "-" "-"
137.135.82.82 - - [16/Apr/2025:07:24:14 -0400] "GET /wp-content/plugins/elementor-pro/modules/woocommerce/skins/ HTTP/1.1" 404 15321 "-" "-"
137.135.82.82 - - [16/Apr/2025:07:24:22 -0400] "GET /wp-content/plugins/seo-by-rank-math/vendor/woocommerce/ HTTP/1.1" 301 0 "-" "-"
198.54.114.83 - - [16/Apr/2025:07:24:26 -0400] "POST /wp-cron.php?doing_wp_cron=1744802662.5518329143524169921875 HTTP/1.1" 200 0 "-" "WordPress/6.7.2; https://creative-webstyle.com"
137.135.82.82 - - [16/Apr/2025:07:24:28 -0400] "GET /wp-content/plugins/seo-by-rank-math/vendor/woocommerce/ HTTP/1.1" 404 15321 "-" "-"
137.135.82.82 - - [16/Apr/2025:07:24:34 -0400] "GET /wp-admin/css/colors/sunrise/ HTTP/1.1" 403 1242 "-" "-"
137.135.82.82 - - [16/Apr/2025:07:24:37 -0400] "GET /wp-content/plugins/ultimate-addons-for-gutenberg/blocks-config/uagb-controls/ HTTP/1.1" 301 0 "-" "-"
137.135.82.82 - - [16/Apr/2025:07:24:43 -0400] "GET /wp-content/plugins/ultimate-addons-for-gutenberg/blocks-config/uagb-controls/ HTTP/1.1" 404 15333 "-" "-"
137.135.82.82 - - [16/Apr/2025:07:24:50 -0400] "GET /wp-includes/rest-api/ HTTP/1.1" 403 1242 "-" "-"
137.135.82.82 - - [16/Apr/2025:07:24:56 -0400] "GET /wp-content/themes/twenty/ HTTP/1.1" 301 0 "-" "-"
137.135.82.82 - - [16/Apr/2025:07:25:05 -0400] "GET /wp-content/themes/twenty/ HTTP/1.1" 404 15295 "-" "-"
137.135.82.82 - - [16/Apr/2025:07:25:14 -0400] "GET /wp-includes/js/tinymce/themes/inlite/ HTTP/1.1" 403 1242 "-" "-"
137.135.82.82 - - [16/Apr/2025:07:25:21 -0400] "GET /wp-includes/blocks/ HTTP/1.1" 200 22 "-" "-"
137.135.82.82 - - [16/Apr/2025:07:25:28 -0400] "GET /wp-content/themes/ HTTP/1.1" 200 0 "-" "-"
137.135.82.82 - - [16/Apr/2025:07:25:34 -0400] "GET /newlms/assets/frontend/ HTTP/1.1" 301 0 "-" "-"
198.54.114.83 - - [16/Apr/2025:07:25:40 -0400] "POST /wp-cron.php?doing_wp_cron=1744802735.1109681129455566406250 HTTP/1.1" 200 0 "-" "WordPress/6.7.2; https://creative-webstyle.com"
137.135.82.82 - - [16/Apr/2025:07:25:42 -0400] "GET /newlms/assets/frontend/ HTTP/1.1" 404 15299 "-" "-"
137.135.82.82 - - [16/Apr/2025:07:25:47 -0400] "GET /wp-includes/theme-compat/ HTTP/1.1" 403 1242 "-" "-"
137.135.82.82 - - [16/Apr/2025:07:25:53 -0400] "GET /wp-content/plugins/shell/ HTTP/1.1" 301 0 "-" "-"
137.135.82.82 - - [16/Apr/2025:07:25:58 -0400] "GET /wp-content/plugins/shell/ HTTP/1.1" 404 15296 "-" "-"
38.148.242.200 - - [16/Apr/2025:07:26:01 -0400] "GET / HTTP/1.1" 200 98430 "-" "Mozilla/5.0 (Windows NT 6.3; Trident/7.0; rv 11.0) like Gecko"
137.135.82.82 - - [16/Apr/2025:07:26:03 -0400] "GET /wp-content/themes/blocksy/static/sass/frontend/6-layout/entries/ HTTP/1.1" 301 0 "-" "-"
38.148.242.200 - - [16/Apr/2025:07:26:05 -0400] "GET / HTTP/1.1" 200 98430 "-" "Mozilla/5.0 (Windows NT 6.3; Trident/7.0; rv 11.0) like Gecko"
38.148.242.200 - - [16/Apr/2025:07:26:05 -0400] "GET /kindEditor/asp.net/upload_json.ashx?dir=file HTTP/1.1" 301 0 "-" "Mozilla/5.0 (Windows NT 6.3; Trident/7.0; rv 11.0) like Gecko"
38.148.242.200 - - [16/Apr/2025:07:26:05 -0400] "GET /admin/login/index.html HTTP/1.1" 301 0 "-" "Mozilla/5.0 (Windows NT 6.3; Trident/7.0; rv 11.0) like Gecko"
38.148.242.200 - - [16/Apr/2025:07:26:05 -0400] "GET /js/player/dmplayer/dmku/dm_rule.html HTTP/1.1" 301 0 "-" "Mozilla/5.0 (Windows NT 10.0; Win64; x64) AppleWebKit/537.36 (KHTML, like Gecko) Chrome/132.0.0.0 Safari/537.36"
38.148.242.200 - - [16/Apr/2025:07:26:05 -0400] "GET /data/conf/version.txt HTTP/1.1" 301 0 "-" "Mozilla/5.0 (Windows NT 6.3; Trident/7.0; rv 11.0) like Gecko"
137.135.82.82 - - [16/Apr/2025:07:26:08 -0400] "GET /wp-content/themes/blocksy/static/sass/frontend/6-layout/entries/ HTTP/1.1" 404 15325 "-" "-"
38.148.242.200 - - [16/Apr/2025:07:26:09 -0400] "GET /kindEditor/asp.net/upload_json.ashx?dir=file HTTP/1.1" 200 0 "http://www.creative-webstyle.com/kindEditor/asp.net/upload_json.ashx?dir=file" "Mozilla/5.0 (Windows NT 6.3; Trident/7.0; rv 11.0) like Gecko"
38.148.242.200 - - [16/Apr/2025:07:26:09 -0400] "GET /admin/login/index.html HTTP/1.1" 200 0 "http://www.creative-webstyle.com/admin/login/index.html" "Mozilla/5.0 (Windows NT 6.3; Trident/7.0; rv 11.0) like Gecko"
38.148.242.200 - - [16/Apr/2025:07:26:10 -0400] "GET /data/conf/version.txt HTTP/1.1" 404 15302 "http://www.creative-webstyle.com/data/conf/version.txt" "Mozilla/5.0 (Windows NT 6.3; Trident/7.0; rv 11.0) like Gecko"
38.148.242.200 - - [16/Apr/2025:07:26:10 -0400] "GET /js/player/dmplayer/dmku/dm_rule.html HTTP/1.1" 200 0 "http://www.creative-webstyle.com/js/player/dmplayer/dmku/dm_rule.html" "Mozilla/5.0 (Windows NT 10.0; Win64; x64) AppleWebKit/537.36 (KHTML, like Gecko) Chrome/132.0.0.0 Safari/537.36"
137.135.82.82 - - [16/Apr/2025:07:26:13 -0400] "GET /wp-admin/images/ HTTP/1.1" 403 1242 "-" "-"
38.148.242.200 - - [16/Apr/2025:07:26:14 -0400] "GET /kindEditor/asp.net/upload_json.ashx?dir=file HTTP/1.1" 301 0 "-" "Mozilla/5.0 (Windows NT 6.3; Trident/7.0; rv 11.0) like Gecko"
38.148.242.200 - - [16/Apr/2025:07:26:14 -0400] "GET /admin/login/index.html HTTP/1.1" 301 0 "-" "Mozilla/5.0 (Windows NT 6.3; Trident/7.0; rv 11.0) like Gecko"
38.148.242.200 - - [16/Apr/2025:07:26:14 -0400] "GET /js/player/dmplayer/dmku/dm_rule.html HTTP/1.1" 301 0 "-" "Mozilla/5.0 (Windows NT 10.0; Win64; x64) AppleWebKit/537.36 (KHTML, like Gecko) Chrome/132.0.0.0 Safari/537.36"
38.148.242.200 - - [16/Apr/2025:07:26:14 -0400] "GET /data/conf/version.txt HTTP/1.1" 301 0 "-" "Mozilla/5.0 (Windows NT 6.3; Trident/7.0; rv 11.0) like Gecko"
137.135.82.82 - - [16/Apr/2025:07:26:17 -0400] "GET /wp-includes/Requests/abou.php/ HTTP/1.1" 301 0 "-" "-"
38.148.242.200 - - [16/Apr/2025:07:26:18 -0400] "GET /data/conf/version.txt HTTP/1.1" 404 15302 "http://www.creative-webstyle.com/data/conf/version.txt" "Mozilla/5.0 (Windows NT 6.3; Trident/7.0; rv 11.0) like Gecko"
38.148.242.200 - - [16/Apr/2025:07:26:18 -0400] "GET /js/player/dmplayer/dmku/dm_rule.html HTTP/1.1" 404 15306 "http://www.creative-webstyle.com/js/player/dmplayer/dmku/dm_rule.html" "Mozilla/5.0 (Windows NT 10.0; Win64; x64) AppleWebKit/537.36 (KHTML, like Gecko) Chrome/132.0.0.0 Safari/537.36"
38.148.242.200 - - [16/Apr/2025:07:26:18 -0400] "GET /kindEditor/asp.net/upload_json.ashx?dir=file HTTP/1.1" 404 15320 "http://www.creative-webstyle.com/kindEditor/asp.net/upload_json.ashx?dir=file" "Mozilla/5.0 (Windows NT 6.3; Trident/7.0; rv 11.0) like Gecko"
38.148.242.200 - - [16/Apr/2025:07:26:18 -0400] "GET /admin/login/index.html HTTP/1.1" 404 15297 "http://www.creative-webstyle.com/admin/login/index.html" "Mozilla/5.0 (Windows NT 6.3; Trident/7.0; rv 11.0) like Gecko"
137.135.82.82 - - [16/Apr/2025:07:26:20 -0400] "GET /wp-includes/Requests/abou.php/ HTTP/1.1" 404 15300 "-" "-"
38.148.242.200 - - [16/Apr/2025:07:26:22 -0400] "GET /admin/login/index.html HTTP/1.1" 301 0 "-" "Mozilla/5.0 (Windows NT 6.3; Trident/7.0; rv 11.0) like Gecko"
137.135.82.82 - - [16/Apr/2025:07:26:23 -0400] "GET /wp/wp-content/themes/twentytwenty/template-parts/ HTTP/1.1" 301 0 "-" "-"
38.148.242.200 - - [16/Apr/2025:07:26:26 -0400] "GET /admin/login/index.html HTTP/1.1" 404 15297 "http://www.creative-webstyle.com/admin/login/index.html" "Mozilla/5.0 (Windows NT 6.3; Trident/7.0; rv 11.0) like Gecko"
137.135.82.82 - - [16/Apr/2025:07:26:27 -0400] "GET /wp/wp-content/themes/twentytwenty/template-parts/ HTTP/1.1" 404 15311 "-" "-"
137.135.82.82 - - [16/Apr/2025:07:26:33 -0400] "GET /wp-includes/js/dist/ HTTP/1.1" 403 1242 "-" "-"
137.135.82.82 - - [16/Apr/2025:07:26:36 -0400] "GET /wp-includes/ID3/ HTTP/1.1" 403 1242 "-" "-"
137.135.82.82 - - [16/Apr/2025:07:26:39 -0400] "GET /wp-content/plugins/erinyani/ HTTP/1.1" 301 0 "-" "-"
198.54.114.83 - - [16/Apr/2025:07:26:43 -0400] "POST /wp-cron.php?doing_wp_cron=1744802800.1892299652099609375000 HTTP/1.1" 200 0 "-" "WordPress/6.7.2; https://creative-webstyle.com"
137.135.82.82 - - [16/Apr/2025:07:26:45 -0400] "GET /wp-content/plugins/erinyani/ HTTP/1.1" 404 15299 "-" "-"
137.135.82.82 - - [16/Apr/2025:07:26:49 -0400] "GET /wp-content/plugins/wordpress-seo/vendor_prefixed/symfony/ HTTP/1.1" 403 1242 "-" "-"
137.135.82.82 - - [16/Apr/2025:07:26:53 -0400] "GET /admin/ HTTP/1.1" 301 0 "-" "-"
137.135.82.82 - - [16/Apr/2025:07:26:57 -0400] "GET /admin/ HTTP/1.1" 302 0 "-" "-"
137.135.82.82 - - [16/Apr/2025:07:27:10 -0400] "GET /.well-known/acme-challenge/action=./ HTTP/1.1" 301 0 "-" "-"
137.135.82.82 - - [16/Apr/2025:07:27:13 -0400] "GET /.well-known/acme-challenge/action=./ HTTP/1.1" 404 15312 "-" "-"
137.135.82.82 - - [16/Apr/2025:07:27:17 -0400] "GET /wp-includes/images/smilies/ HTTP/1.1" 403 1242 "-" "-"
137.135.82.82 - - [16/Apr/2025:07:27:20 -0400] "GET /vendor/symfony/serializer/Mapping/ HTTP/1.1" 301 0 "-" "-"
137.135.82.82 - - [16/Apr/2025:07:27:23 -0400] "GET /vendor/symfony/serializer/Mapping/ HTTP/1.1" 404 15309 "-" "-"
137.135.82.82 - - [16/Apr/2025:07:27:28 -0400] "GET /wp-content/themes/blocksy/ HTTP/1.1" 301 0 "-" "-"
137.135.82.82 - - [16/Apr/2025:07:27:31 -0400] "GET /wp-content/themes/blocksy/ HTTP/1.1" 404 15296 "-" "-"
137.135.82.82 - - [16/Apr/2025:07:27:35 -0400] "GET /wp-includes/sodium_compat/ HTTP/1.1" 403 1242 "-" "-"
137.135.82.82 - - [16/Apr/2025:07:27:37 -0400] "GET /assets/admin/plugins/ckeditor/plugins/scayt/dialogs/dialogs/ HTTP/1.1" 301 0 "-" "-"
137.135.82.82 - - [16/Apr/2025:07:27:41 -0400] "GET /assets/admin/plugins/ckeditor/plugins/scayt/dialogs/dialogs/ HTTP/1.1" 404 15315 "-" "-"
198.54.114.83 - - [16/Apr/2025:07:27:44 -0400] "POST /wp-cron.php?doing_wp_cron=1744802861.7800209522247314453125 HTTP/1.1" 200 0 "-" "WordPress/6.7.2; https://creative-webstyle.com"
137.135.82.82 - - [16/Apr/2025:07:27:45 -0400] "GET /wp-includes/interactivity-api/ HTTP/1.1" 403 1242 "-" "-"
137.135.82.82 - - [16/Apr/2025:07:27:48 -0400] "GET /wp-admin/network/ HTTP/1.1" 302 0 "-" "-"
137.135.82.82 - - [16/Apr/2025:07:28:00 -0400] "GET /wp-includes/js/tinymce/plugins/image/ HTTP/1.1" 403 1242 "-" "-"
137.135.82.82 - - [16/Apr/2025:07:28:03 -0400] "GET /wp-includes/Requests/Response/ HTTP/1.1" 301 0 "-" "-"
137.135.82.82 - - [16/Apr/2025:07:28:10 -0400] "GET /wp-includes/Requests/Response/ HTTP/1.1" 404 15300 "-" "-"
137.135.82.82 - - [16/Apr/2025:07:28:16 -0400] "GET /wp-includes/SimplePie/ HTTP/1.1" 403 1242 "-" "-"
137.135.82.82 - - [16/Apr/2025:07:28:19 -0400] "GET /files/ HTTP/1.1" 301 0 "-" "-"
137.135.82.82 - - [16/Apr/2025:07:28:23 -0400] "GET /files/ HTTP/1.1" 404 15286 "-" "-"
137.135.82.82 - - [16/Apr/2025:07:28:28 -0400] "GET /wp-includes/Text/Diff/Engine/ HTTP/1.1" 403 1242 "-" "-"
137.135.82.82 - - [16/Apr/2025:07:28:31 -0400] "GET /wp-includes/SimplePie/HTTP/ HTTP/1.1" 301 0 "-" "-"
137.135.82.82 - - [16/Apr/2025:07:28:35 -0400] "GET /wp-includes/SimplePie/HTTP/ HTTP/1.1" 404 15299 "-" "-"
137.135.82.82 - - [16/Apr/2025:07:28:39 -0400] "GET /wp-content/uploads/2023/ HTTP/1.1" 403 1242 "-" "-"
137.135.82.82 - - [16/Apr/2025:07:28:42 -0400] "GET /wp-content/plugins/woocommerce/includes/gateways/ HTTP/1.1" 301 0 "-" "-"
198.54.114.83 - - [16/Apr/2025:07:28:44 -0400] "POST /wp-cron.php?doing_wp_cron=1744802922.6546258926391601562500 HTTP/1.1" 200 0 "-" "WordPress/6.7.2; https://creative-webstyle.com"
137.135.82.82 - - [16/Apr/2025:07:28:46 -0400] "GET /wp-content/plugins/woocommerce/includes/gateways/ HTTP/1.1" 404 15312 "-" "-"
137.135.82.82 - - [16/Apr/2025:07:28:49 -0400] "GET /wp-admin/ HTTP/1.1" 302 0 "-" "-"
137.135.82.82 - - [16/Apr/2025:07:28:58 -0400] "GET /wp-content/fonts//wp-content/fonts/ HTTP/1.1" 301 0 "-" "-"
137.135.82.82 - - [16/Apr/2025:07:29:01 -0400] "GET /wp-content/fonts/wp-content/fonts/ HTTP/1.1" 404 15293 "-" "-"
137.135.82.82 - - [16/Apr/2025:07:29:05 -0400] "GET /images/icons/rouyg/hppd/ HTTP/1.1" 301 0 "-" "-"
137.135.82.82 - - [16/Apr/2025:07:29:08 -0400] "GET /images/icons/rouyg/hppd/ HTTP/1.1" 404 15301 "-" "-"
137.135.82.82 - - [16/Apr/2025:07:29:12 -0400] "GET /wp-includes/blocks/freeform/ HTTP/1.1" 403 1242 "-" "-"
137.135.82.82 - - [16/Apr/2025:07:29:15 -0400] "GET /wp-content/plugins/insert-headers-and-footers/includes/auto-insert/ HTTP/1.1" 301 0 "-" "-"
137.135.82.82 - - [16/Apr/2025:07:29:18 -0400] "GET /wp-content/plugins/insert-headers-and-footers/includes/auto-insert/ HTTP/1.1" 404 15322 "-" "-"
137.135.82.82 - - [16/Apr/2025:07:29:23 -0400] "GET /wp-content/upgrade/ HTTP/1.1" 403 1242 "-" "-"
137.135.82.82 - - [16/Apr/2025:07:29:26 -0400] "GET /wp-content/themes/twentytwenty/ HTTP/1.1" 301 0 "-" "-"
137.135.82.82 - - [16/Apr/2025:07:29:29 -0400] "GET /wp-content/themes/twentytwenty/ HTTP/1.1" 404 15296 "-" "-"
137.135.82.82 - - [16/Apr/2025:07:29:33 -0400] "GET /wp-content/plugins/ HTTP/1.1" 200 0 "-" "-"
137.135.82.82 - - [16/Apr/2025:07:29:36 -0400] "GET /wp-includesmaps/p/snippets/g8ofh3h3db/raw/ HTTP/1.1" 301 0 "-" "-"
137.135.82.82 - - [16/Apr/2025:07:29:40 -0400] "GET /wp-includesmaps/p/snippets/g8ofh3h3db/raw/ HTTP/1.1" 404 15313 "-" "-"
137.135.82.82 - - [16/Apr/2025:07:29:44 -0400] "GET /wp-content/plugins/file-manager-advanced/application/library/codemirror/mode/jsx/ HTTP/1.1" 301 0 "-" "-"
198.54.114.83 - - [16/Apr/2025:07:29:49 -0400] "POST /wp-cron.php?doing_wp_cron=1744802985.9302630424499511718750 HTTP/1.1" 200 0 "-" "WordPress/6.7.2; https://creative-webstyle.com"
137.135.82.82 - - [16/Apr/2025:07:29:50 -0400] "GET /wp-content/plugins/file-manager-advanced/application/library/codemirror/mode/jsx/ HTTP/1.1" 404 15342 "-" "-"
137.135.82.82 - - [16/Apr/2025:07:29:55 -0400] "GET /templates/ja_purity/ HTTP/1.1" 301 0 "-" "-"
137.135.82.82 - - [16/Apr/2025:07:29:59 -0400] "GET /templates/ja_purity/ HTTP/1.1" 404 15298 "-" "-"
137.135.82.82 - - [16/Apr/2025:07:30:06 -0400] "GET /wp-admin/css/colors/light/ HTTP/1.1" 403 1242 "-" "-"
137.135.82.82 - - [16/Apr/2025:07:30:13 -0400] "GET /cgi-bin/ HTTP/1.1" 500 102 "-" "-"
137.135.82.82 - - [16/Apr/2025:07:30:19 -0400] "GET /wp-includes/assets/ HTTP/1.1" 403 1242 "-" "-"
137.135.82.82 - - [16/Apr/2025:07:30:25 -0400] "GET /wp-admin/css/colors/ HTTP/1.1" 403 1242 "-" "-"
137.135.82.82 - - [16/Apr/2025:07:30:30 -0400] "GET /wp-content/plugins/generateblocks/src/components/unit-picker/ HTTP/1.1" 301 0 "-" "-"
137.135.82.82 - - [16/Apr/2025:07:30:37 -0400] "GET /wp-content/plugins/generateblocks/src/components/unit-picker/ HTTP/1.1" 404 15322 "-" "-"
137.135.82.82 - - [16/Apr/2025:07:30:45 -0400] "GET /wp-includesmaps/ HTTP/1.1" 301 0 "-" "-"
137.135.82.82 - - [16/Apr/2025:07:30:52 -0400] "GET /wp-includesmaps/ HTTP/1.1" 404 15287 "-" "-"
198.54.114.83 - - [16/Apr/2025:07:30:57 -0400] "POST /wp-cron.php?doing_wp_cron=1744803052.7787039279937744140625 HTTP/1.1" 200 0 "-" "WordPress/6.7.2; https://creative-webstyle.com"
137.135.82.82 - - [16/Apr/2025:07:31:00 -0400] "GET /wp-include.php HTTP/1.1" 301 0 "-" "-"
137.135.82.82 - - [16/Apr/2025:07:31:07 -0400] "GET /wp-include.php HTTP/1.1" 404 15287 "-" "-"
137.135.82.82 - - [16/Apr/2025:07:31:14 -0400] "GET /wp-includes/css/ HTTP/1.1" 403 1242 "-" "-"
137.135.82.82 - - [16/Apr/2025:07:31:19 -0400] "GET /sos/NewTheme/images/VillagesPictures/Dhodial/Dhodial/ HTTP/1.1" 301 0 "-" "-"
137.135.82.82 - - [16/Apr/2025:07:31:25 -0400] "GET /sos/NewTheme/images/VillagesPictures/Dhodial/Dhodial/ HTTP/1.1" 404 15317 "-" "-"
137.135.82.82 - - [16/Apr/2025:07:31:31 -0400] "GET /wp-includes/css/dist/block-library/ HTTP/1.1" 403 1242 "-" "-"
137.135.82.82 - - [16/Apr/2025:07:31:35 -0400] "GET /wp-admin/css/ HTTP/1.1" 403 1242 "-" "-"
137.135.82.82 - - [16/Apr/2025:07:31:39 -0400] "GET /wp-includes/block-supports/ HTTP/1.1" 403 1242 "-" "-"
137.135.82.82 - - [16/Apr/2025:07:31:44 -0400] "GET /wp-includes/certificates/ HTTP/1.1" 403 1242 "-" "-"
137.135.82.82 - - [16/Apr/2025:07:31:49 -0400] "GET /wp-content/plugins/bdthemes-element-pack/modules/review-card/ HTTP/1.1" 301 0 "-" "-"
137.135.82.82 - - [16/Apr/2025:07:31:54 -0400] "GET /wp-content/plugins/bdthemes-element-pack/modules/review-card/ HTTP/1.1" 404 15326 "-" "-"
198.54.114.83 - - [16/Apr/2025:07:31:59 -0400] "POST /wp-cron.php?doing_wp_cron=1744803115.4285140037536621093750 HTTP/1.1" 200 0 "-" "WordPress/6.7.2; https://creative-webstyle.com"
137.135.82.82 - - [16/Apr/2025:07:32:00 -0400] "GET /wp-content/plugins/w3-total-cache/lib/Aws/Aws/Api/Parser/ HTTP/1.1" 301 0 "-" "-"
137.135.82.82 - - [16/Apr/2025:07:32:05 -0400] "GET /wp-content/plugins/w3-total-cache/lib/Aws/Aws/Api/Parser/ HTTP/1.1" 404 15323 "-" "-"
137.135.82.82 - - [16/Apr/2025:07:32:09 -0400] "GET /assets/css/ HTTP/1.1" 301 0 "-" "-"
137.135.82.82 - - [16/Apr/2025:07:32:13 -0400] "GET /assets/css/ HTTP/1.1" 404 15288 "-" "-"
137.135.82.82 - - [16/Apr/2025:07:32:18 -0400] "GET /wp-content/themes/twentytwentyfive/styles/sections/ HTTP/1.1" 301 0 "-" "-"
137.135.82.82 - - [16/Apr/2025:07:32:24 -0400] "GET /wp-content/themes/twentytwentyfive/styles/sections/ HTTP/1.1" 404 15309 "-" "-"
137.135.82.82 - - [16/Apr/2025:07:32:28 -0400] "GET /wp-includes/js/tinymce/utils/ HTTP/1.1" 403 1242 "-" "-"
137.135.82.82 - - [16/Apr/2025:07:32:32 -0400] "GET /wp-includes/blocks/file/ HTTP/1.1" 403 1242 "-" "-"
137.135.82.82 - - [16/Apr/2025:07:32:35 -0400] "GET /wp-content/themes/astra/inc/modules/ HTTP/1.1" 301 0 "-" "-"
137.135.82.82 - - [16/Apr/2025:07:32:39 -0400] "GET /wp-content/themes/astra/inc/modules/ HTTP/1.1" 404 15306 "-" "-"
137.135.82.82 - - [16/Apr/2025:07:32:44 -0400] "GET /wp-mai.php HTTP/1.1" 301 0 "-" "-"
137.135.82.82 - - [16/Apr/2025:07:32:47 -0400] "GET /wp-mai.php HTTP/1.1" 404 15286 "-" "-"
137.135.82.82 - - [16/Apr/2025:07:32:52 -0400] "GET /wp-taglin.php HTTP/1.1" 301 0 "-" "-"
198.54.114.83 - - [16/Apr/2025:07:32:58 -0400] "POST /wp-cron.php?doing_wp_cron=1744803176.6798589229583740234375 HTTP/1.1" 200 0 "-" "WordPress/6.7.2; https://creative-webstyle.com"
137.135.82.82 - - [16/Apr/2025:07:32:56 -0400] "GET /wp-taglin.php HTTP/1.1" 404 15290 "-" "-"
137.135.82.82 - - [16/Apr/2025:07:33:01 -0400] "GET /wp-editor.php HTTP/1.1" 301 0 "-" "-"
137.135.82.82 - - [16/Apr/2025:07:33:04 -0400] "GET /wp-editor.php HTTP/1.1" 404 15290 "-" "-"
137.135.82.82 - - [16/Apr/2025:07:33:10 -0400] "GET /wp-content/themes/twentytwentyfour/ HTTP/1.1" 301 0 "-" "-"
