216.244.66.194 - - [14/Apr/2025:22:52:51 -0400] "GET /elegance-et-modernite-le-panneau-pvc-imprime-marbre/ HTTP/1.1" 200 22719 "-" "Mozilla/5.0 (compatible; DotBot/1.2; +https://opensiteexplorer.org/dotbot; help@moz.com)"
52.169.110.77 - - [14/Apr/2025:22:52:53 -0400] "GET /.well-known/lv.php HTTP/1.1" 404 15294 "-" "-"
52.169.24.230 - - [14/Apr/2025:22:52:54 -0400] "GET /gecko.php HTTP/1.1" 404 15310 "-" "-"
52.169.110.77 - - [14/Apr/2025:22:52:58 -0400] "GET /.well-known/pki-validation/ HTTP/1.1" 404 1251 "-" "-"
52.169.24.230 - - [14/Apr/2025:22:52:58 -0400] "GET /gel4y.php HTTP/1.1" 404 15310 "-" "-"
52.169.110.77 - - [14/Apr/2025:22:53:00 -0400] "GET /.well-known/pki-validation//parx.php HTTP/1.1" 404 1251 "-" "-"
52.169.24.230 - - [14/Apr/2025:22:53:01 -0400] "GET /geylY2B94sm.php HTTP/1.1" 404 15317 "-" "-"
52.169.110.77 - - [14/Apr/2025:22:53:04 -0400] "GET /.well-known/pki-validation/43e0da16-f4f8-4f0a-91d6-f41bf52aec3f.php HTTP/1.1" 404 1251 "-" "-"
52.169.110.77 - - [14/Apr/2025:22:53:07 -0400] "GET /.well-known/pki-validation/about.php HTTP/1.1" 404 1251 "-" "-"
52.169.24.230 - - [14/Apr/2025:22:53:07 -0400] "GET /ggfi.php HTTP/1.1" 404 15310 "-" "-"
216.244.66.194 - - [14/Apr/2025:22:53:10 -0400] "GET /how-to-make-money-with-online-betting/ HTTP/1.1" 200 23064 "-" "Mozilla/5.0 (compatible; DotBot/1.2; +https://opensiteexplorer.org/dotbot; help@moz.com)"
52.169.110.77 - - [14/Apr/2025:22:53:12 -0400] "GET /.well-known/pki-validation/admin.php HTTP/1.1" 404 1251 "-" "-"
52.169.24.230 - - [14/Apr/2025:22:53:13 -0400] "GET /gins/wp-help/ HTTP/1.1" 404 15312 "-" "-"
52.169.110.77 - - [14/Apr/2025:22:53:16 -0400] "GET /.well-known/pki-validation/afnew.php HTTP/1.1" 404 1251 "-" "-"
52.169.110.77 - - [14/Apr/2025:22:53:20 -0400] "GET /.well-known/pki-validation/cloud.php HTTP/1.1" 404 1251 "-" "-"
52.169.24.230 - - [14/Apr/2025:22:53:19 -0400] "GET /go.php HTTP/1.1" 404 15309 "-" "-"
52.169.110.77 - - [14/Apr/2025:22:53:24 -0400] "GET /.well-known/pki-validation/cux.php HTTP/1.1" 404 1251 "-" "-"
52.169.24.230 - - [14/Apr/2025:22:53:25 -0400] "GET /go.php?p= HTTP/1.1" 301 0 "-" "-"
52.169.110.77 - - [14/Apr/2025:22:53:28 -0400] "GET /.well-known/pki-validation/doc.php HTTP/1.1" 404 1251 "-" "-"
52.169.24.230 - - [14/Apr/2025:22:53:29 -0400] "GET /go.php HTTP/1.1" 404 15309 "-" "-"
52.169.110.77 - - [14/Apr/2025:22:53:32 -0400] "GET /.well-known/pki-validation/dropdown.php?pass=yanz HTTP/1.1" 404 1251 "-" "-"
52.169.24.230 - - [14/Apr/2025:22:53:32 -0400] "GET /goat1.php HTTP/1.1" 404 15310 "-" "-"
52.169.110.77 - - [14/Apr/2025:22:53:36 -0400] "GET /.well-known/pki-validation/file.php HTTP/1.1" 404 1251 "-" "-"
52.169.110.77 - - [14/Apr/2025:22:53:39 -0400] "GET /.well-known/pki-validation/index.php HTTP/1.1" 404 1251 "-" "-"
52.169.24.230 - - [14/Apr/2025:22:53:37 -0400] "GET /good.php HTTP/1.1" 404 15310 "-" "-"
52.169.110.77 - - [14/Apr/2025:22:53:43 -0400] "GET /.well-known/pki-validation/muse.php HTTP/1.1" 404 1251 "-" "-"
52.169.24.230 - - [14/Apr/2025:22:53:43 -0400] "GET /goods.php HTTP/1.1" 404 15310 "-" "-"
52.169.110.77 - - [14/Apr/2025:22:53:45 -0400] "GET /.well-known/pki-validation/parx.php HTTP/1.1" 404 1251 "-" "-"
52.169.110.77 - - [14/Apr/2025:22:53:48 -0400] "GET /.well-known/pki-validation/plugins.php HTTP/1.1" 404 1251 "-" "-"
52.169.24.230 - - [14/Apr/2025:22:53:47 -0400] "GET /gxurwGYPKWI.php HTTP/1.1" 404 15319 "-" "-"
52.169.110.77 - - [14/Apr/2025:22:53:52 -0400] "GET /.well-known/pki-validation/pwnd.php HTTP/1.1" 404 1251 "-" "-"
52.169.110.77 - - [14/Apr/2025:22:53:54 -0400] "GET /.well-known/pki-validation/wp-error_log.php HTTP/1.1" 404 1251 "-" "-"
52.169.24.230 - - [14/Apr/2025:22:53:53 -0400] "GET /header.php HTTP/1.1" 404 15310 "-" "-"
198.54.114.83 - - [14/Apr/2025:22:53:56 -0400] "POST /wp-cron.php?doing_wp_cron=1744685633.8573119640350341796875 HTTP/1.1" 200 0 "-" "WordPress/6.7.2; https://creative-webstyle.com"
52.169.110.77 - - [14/Apr/2025:22:53:57 -0400] "GET /.well-known/pki-validation/wp-login.php HTTP/1.1" 404 1251 "-" "-"
52.169.24.230 - - [14/Apr/2025:22:53:58 -0400] "GET /hehe.php HTTP/1.1" 404 15310 "-" "-"
52.169.110.77 - - [14/Apr/2025:22:54:00 -0400] "GET /.well-known/pki-validation/xmrlpc.php?p= HTTP/1.1" 404 1251 "-" "-"
52.169.110.77 - - [14/Apr/2025:22:54:03 -0400] "GET /.well-known/radio.php HTTP/1.1" 301 0 "-" "-"
52.169.24.230 - - [14/Apr/2025:22:54:02 -0400] "GET /hehehehe.php HTTP/1.1" 404 15310 "-" "-"
52.169.110.77 - - [14/Apr/2025:22:54:06 -0400] "GET /.well-known/radio.php HTTP/1.1" 404 15298 "-" "-"
52.169.24.230 - - [14/Apr/2025:22:54:08 -0400] "GET /hitech-news.com HTTP/1.1" 404 15314 "-" "-"
52.169.110.77 - - [14/Apr/2025:22:54:10 -0400] "GET /.well-known/s.php HTTP/1.1" 301 0 "-" "-"
52.169.24.230 - - [14/Apr/2025:22:54:12 -0400] "GET /htdocs/shell/ HTTP/1.1" 404 15313 "-" "-"
52.169.110.77 - - [14/Apr/2025:22:54:14 -0400] "GET /.well-known/s.php HTTP/1.1" 404 15294 "-" "-"
52.169.24.230 - - [14/Apr/2025:22:54:17 -0400] "GET /i.php HTTP/1.1" 404 15307 "-" "-"
52.169.110.77 - - [14/Apr/2025:22:54:18 -0400] "GET /.well-known/wp-login.php HTTP/1.1" 301 0 "-" "-"
52.169.24.230 - - [14/Apr/2025:22:54:21 -0400] "GET /iVrp6IoqXQc.php HTTP/1.1" 404 15319 "-" "-"
52.169.110.77 - - [14/Apr/2025:22:54:20 -0400] "GET /.well-known/wp-login.php HTTP/1.1" 404 15299 "-" "-"
52.169.110.77 - - [14/Apr/2025:22:54:26 -0400] "GET /.well-known/ws.php HTTP/1.1" 301 0 "-" "-"
52.169.24.230 - - [14/Apr/2025:22:54:25 -0400] "GET /images/ HTTP/1.1" 404 15307 "-" "-"
52.169.110.77 - - [14/Apr/2025:22:54:31 -0400] "GET /.well-known/ws.php HTTP/1.1" 404 15295 "-" "-"
52.169.24.230 - - [14/Apr/2025:22:54:32 -0400] "GET /images//edit.php HTTP/1.1" 301 0 "-" "-"
52.169.24.230 - - [14/Apr/2025:22:54:38 -0400] "GET /images/edit.php HTTP/1.1" 404 15314 "-" "-"
52.169.110.77 - - [14/Apr/2025:22:54:39 -0400] "GET /.well-known/wso112233.php HTTP/1.1" 301 0 "-" "-"
52.169.110.77 - - [14/Apr/2025:22:54:43 -0400] "GET /.well-known/wso112233.php HTTP/1.1" 404 15301 "-" "-"
52.169.24.230 - - [14/Apr/2025:22:54:43 -0400] "GET /images/404.php HTTP/1.1" 404 15313 "-" "-"
52.169.110.77 - - [14/Apr/2025:22:54:49 -0400] "GET /.well-knownold/wso112233.php HTTP/1.1" 301 0 "-" "-"
52.169.24.230 - - [14/Apr/2025:22:54:49 -0400] "GET /images/about.php HTTP/1.1" 404 15312 "-" "-"
52.169.24.230 - - [14/Apr/2025:22:54:54 -0400] "GET /images/admin.php HTTP/1.1" 404 15312 "-" "-"
52.169.110.77 - - [14/Apr/2025:22:54:54 -0400] "GET /.well-knownold/wso112233.php HTTP/1.1" 404 15303 "-" "-"
198.54.114.83 - - [14/Apr/2025:22:54:59 -0400] "POST /wp-cron.php?doing_wp_cron=1744685694.8434319496154785156250 HTTP/1.1" 200 0 "-" "WordPress/6.7.2; https://creative-webstyle.com"
198.54.114.83 - - [14/Apr/2025:22:55:00 -0400] "POST /wp-cron.php?doing_wp_cron=1744685694.8951809406280517578125 HTTP/1.1" 200 0 "-" "WordPress/6.7.2; https://creative-webstyle.com"
52.169.110.77 - - [14/Apr/2025:22:55:02 -0400] "GET /.wp-cli/wp-login.php HTTP/1.1" 301 0 "-" "-"
52.169.24.230 - - [14/Apr/2025:22:55:01 -0400] "GET /images/autoload_classmap.php HTTP/1.1" 404 15322 "-" "-"
52.169.110.77 - - [14/Apr/2025:22:55:07 -0400] "GET /.wp-cli/wp-login.php HTTP/1.1" 404 15294 "-" "-"
52.169.24.230 - - [14/Apr/2025:22:55:08 -0400] "GET /images/class-config.php HTTP/1.1" 404 15320 "-" "-"
52.169.24.230 - - [14/Apr/2025:22:55:14 -0400] "GET /images/index.php HTTP/1.1" 301 0 "-" "-"
52.169.110.77 - - [14/Apr/2025:22:55:14 -0400] "GET //.well-known/acme-challenge/cloud.php HTTP/1.1" 301 0 "-" "-"
52.169.24.230 - - [14/Apr/2025:22:55:22 -0400] "GET /images/ HTTP/1.1" 404 15307 "-" "-"
52.169.110.77 - - [14/Apr/2025:22:55:22 -0400] "GET /.well-known/acme-challenge/cloud.php HTTP/1.1" 404 15309 "-" "-"
52.169.24.230 - - [14/Apr/2025:22:55:26 -0400] "GET /images/lmfi2.php HTTP/1.1" 404 15315 "-" "-"
52.169.110.77 - - [14/Apr/2025:22:55:28 -0400] "GET //.well-known/acme-challenge/install.php HTTP/1.1" 301 0 "-" "-"
52.169.24.230 - - [14/Apr/2025:22:55:32 -0400] "GET /images/mm55.php HTTP/1.1" 404 15314 "-" "-"
52.169.110.77 - - [14/Apr/2025:22:55:36 -0400] "GET /.well-known/acme-challenge/install.php HTTP/1.1" 404 15311 "-" "-"
52.169.110.77 - - [14/Apr/2025:22:55:42 -0400] "GET //.well-known/acme-challenge/my1.php HTTP/1.1" 301 0 "-" "-"
52.169.24.230 - - [14/Apr/2025:22:55:41 -0400] "GET /images/server.php HTTP/1.1" 404 15314 "-" "-"
52.169.110.77 - - [14/Apr/2025:22:55:49 -0400] "GET /.well-known/acme-challenge/my1.php HTTP/1.1" 404 15308 "-" "-"
52.169.24.230 - - [14/Apr/2025:22:55:49 -0400] "GET /images/stories/ HTTP/1.1" 404 15311 "-" "-"
52.169.110.77 - - [14/Apr/2025:22:55:55 -0400] "GET //.well-known/acme-challenge/xmrlpc.php?p= HTTP/1.1" 301 0 "-" "-"
52.169.24.230 - - [14/Apr/2025:22:55:55 -0400] "GET /images/xBrain.php HTTP/1.1" 404 15316 "-" "-"
198.54.114.83 - - [14/Apr/2025:22:55:59 -0400] "POST /wp-cron.php?doing_wp_cron=1744685755.8726699352264404296875 HTTP/1.1" 200 0 "-" "WordPress/6.7.2; https://creative-webstyle.com"
198.54.114.83 - - [14/Apr/2025:22:55:59 -0400] "POST /wp-cron.php?doing_wp_cron=1744685755.8351299762725830078125 HTTP/1.1" 200 0 "-" "WordPress/6.7.2; https://creative-webstyle.com"
52.169.110.77 - - [14/Apr/2025:22:56:02 -0400] "GET /.well-known/acme-challenge/xmrlpc.php HTTP/1.1" 404 15311 "-" "-"
52.169.24.230 - - [14/Apr/2025:22:56:03 -0400] "GET /images/xmrlpc.php HTTP/1.1" 404 15316 "-" "-"
52.169.110.77 - - [14/Apr/2025:22:56:05 -0400] "GET //.well-known/pki-validation/cloud.php HTTP/1.1" 301 0 "-" "-"
52.169.24.230 - - [14/Apr/2025:22:56:07 -0400] "GET /inc.php HTTP/1.1" 404 15309 "-" "-"
52.169.110.77 - - [14/Apr/2025:22:56:12 -0400] "GET /.well-known/pki-validation/cloud.php HTTP/1.1" 404 1251 "-" "-"
52.169.24.230 - - [14/Apr/2025:22:56:14 -0400] "GET /indeex.php HTTP/1.1" 404 15310 "-" "-"
52.169.110.77 - - [14/Apr/2025:22:56:16 -0400] "GET //.well-known/pki-validation/index.php?p= HTTP/1.1" 301 0 "-" "-"
52.169.24.230 - - [14/Apr/2025:22:56:20 -0400] "GET /index.html HTTP/1.1" 200 98430 "-" "-"
52.169.110.77 - - [14/Apr/2025:22:56:22 -0400] "GET /.well-known/pki-validation/ HTTP/1.1" 404 1251 "-" "-"
52.169.24.230 - - [14/Apr/2025:22:56:25 -0400] "GET /index.php HTTP/1.1" 301 0 "-" "-"
52.169.110.77 - - [14/Apr/2025:22:56:25 -0400] "GET //1.php HTTP/1.1" 301 0 "-" "-"
52.169.24.230 - - [14/Apr/2025:22:56:30 -0400] "GET / HTTP/1.1" 200 98430 "-" "-"
52.169.110.77 - - [14/Apr/2025:22:56:32 -0400] "GET /1.php HTTP/1.1" 404 15283 "-" "-"
52.169.24.230 - - [14/Apr/2025:22:56:36 -0400] "GET /index.php?debug=1&test=phpinfo HTTP/1.1" 301 0 "-" "-"
52.169.110.77 - - [14/Apr/2025:22:56:38 -0400] "GET //404.php HTTP/1.1" 301 0 "-" "-"
52.169.24.230 - - [14/Apr/2025:22:56:42 -0400] "GET /?debug=1&test=phpinfo HTTP/1.1" 200 98430 "-" "-"
52.169.110.77 - - [14/Apr/2025:22:56:44 -0400] "GET /404.php HTTP/1.1" 404 15286 "-" "-"
52.169.24.230 - - [14/Apr/2025:22:56:46 -0400] "GET /index.php?p= HTTP/1.1" 301 0 "-" "-"
52.169.110.77 - - [14/Apr/2025:22:56:48 -0400] "GET //a.php HTTP/1.1" 301 0 "-" "-"
52.169.24.230 - - [14/Apr/2025:22:56:50 -0400] "GET / HTTP/1.1" 200 98430 "-" "-"
52.169.110.77 - - [14/Apr/2025:22:56:53 -0400] "GET /a.php HTTP/1.1" 404 15283 "-" "-"
52.169.24.230 - - [14/Apr/2025:22:56:54 -0400] "GET /index/about.php HTTP/1.1" 404 15314 "-" "-"
52.169.110.77 - - [14/Apr/2025:22:56:59 -0400] "GET //about.php HTTP/1.1" 301 0 "-" "-"
52.169.24.230 - - [14/Apr/2025:22:57:00 -0400] "GET /index/admin.php HTTP/1.1" 404 15313 "-" "-"
198.54.114.83 - - [14/Apr/2025:22:57:02 -0400] "POST /wp-cron.php?doing_wp_cron=1744685819.7610230445861816406250 HTTP/1.1" 200 0 "-" "WordPress/6.7.2; https://creative-webstyle.com"
52.169.110.77 - - [14/Apr/2025:22:57:03 -0400] "GET /about.php HTTP/1.1" 404 15284 "-" "-"
52.169.24.230 - - [14/Apr/2025:22:57:03 -0400] "GET /index/ben.php?dir=. HTTP/1.1" 404 15319 "-" "-"
52.169.24.230 - - [14/Apr/2025:22:57:07 -0400] "GET /index/function.php HTTP/1.1" 404 15317 "-" "-"
52.169.110.77 - - [14/Apr/2025:22:57:08 -0400] "GET //about.php HTTP/1.1" 301 0 "-" "-"
52.169.24.230 - - [14/Apr/2025:22:57:09 -0400] "GET /index/function.php HTTP/1.1" 404 15317 "-" "-"
52.169.110.77 - - [14/Apr/2025:22:57:10 -0400] "GET /about.php HTTP/1.1" 404 15284 "-" "-"
52.169.24.230 - - [14/Apr/2025:22:57:12 -0400] "GET /index/function.php HTTP/1.1" 404 15317 "-" "-"
52.169.110.77 - - [14/Apr/2025:22:57:13 -0400] "GET //admin.php HTTP/1.1" 301 0 "-" "-"
52.169.24.230 - - [14/Apr/2025:22:57:14 -0400] "GET /index/function.php?p= HTTP/1.1" 301 0 "-" "-"
52.169.110.77 - - [14/Apr/2025:22:57:15 -0400] "GET /admin.php HTTP/1.1" 404 15285 "-" "-"
52.169.24.230 - - [14/Apr/2025:22:57:17 -0400] "GET /index/function.php HTTP/1.1" 404 15317 "-" "-"
52.169.24.230 - - [14/Apr/2025:22:57:19 -0400] "GET /index/function.phphttps://trezurekart.com/classwithtostring.php HTTP/1.1" 301 0 "-" "-"
52.169.110.77 - - [14/Apr/2025:22:57:19 -0400] "GET //alfanew.php HTTP/1.1" 301 0 "-" "-"
52.169.110.77 - - [14/Apr/2025:22:57:22 -0400] "GET /alfanew.php HTTP/1.1" 404 15289 "-" "-"
52.169.24.230 - - [14/Apr/2025:22:57:22 -0400] "GET /index/function.phphttps:/trezurekart.com/classwithtostring.php HTTP/1.1" 404 15349 "-" "-"
52.169.24.230 - - [14/Apr/2025:22:57:26 -0400] "GET /index/index.php HTTP/1.1" 301 0 "-" "-"
52.169.110.77 - - [14/Apr/2025:22:57:26 -0400] "GET //alfanew.php7 HTTP/1.1" 301 0 "-" "-"
52.169.24.230 - - [14/Apr/2025:22:57:28 -0400] "GET /index/ HTTP/1.1" 404 15308 "-" "-"
52.169.110.77 - - [14/Apr/2025:22:57:29 -0400] "GET /alfanew.php7 HTTP/1.1" 404 15288 "-" "-"
52.169.110.77 - - [14/Apr/2025:22:57:32 -0400] "GET //autoload_classmap.php HTTP/1.1" 301 0 "-" "-"
52.169.24.230 - - [14/Apr/2025:22:57:31 -0400] "GET /index/wp-error_log.php HTTP/1.1" 404 15319 "-" "-"
52.169.110.77 - - [14/Apr/2025:22:57:35 -0400] "GET /autoload_classmap.php HTTP/1.1" 404 15291 "-" "-"
52.169.110.77 - - [14/Apr/2025:22:57:37 -0400] "GET //bp.php?taf HTTP/1.1" 301 0 "-" "-"
52.169.24.230 - - [14/Apr/2025:22:57:36 -0400] "GET /index/x.php HTTP/1.1" 404 15312 "-" "-"
52.169.110.77 - - [14/Apr/2025:22:57:40 -0400] "GET /bp.php?taf HTTP/1.1" 404 15288 "-" "-"
52.169.24.230 - - [14/Apr/2025:22:57:41 -0400] "GET /index1.php HTTP/1.1" 404 15312 "-" "-"
52.169.110.77 - - [14/Apr/2025:22:57:44 -0400] "GET //cgi-bin/cloud.php HTTP/1.1" 301 0 "-" "-"
52.169.24.230 - - [14/Apr/2025:22:57:45 -0400] "GET /info.php HTTP/1.1" 404 15309 "-" "-"
52.169.110.77 - - [14/Apr/2025:22:57:47 -0400] "GET /cgi-bin/cloud.php HTTP/1.1" 404 15293 "-" "-"
52.169.24.230 - - [14/Apr/2025:22:57:48 -0400] "GET /info.php/ HTTP/1.1" 404 15309 "-" "-"
52.169.110.77 - - [14/Apr/2025:22:57:51 -0400] "GET //cgi-bin/my1.php HTTP/1.1" 301 0 "-" "-"
52.169.24.230 - - [14/Apr/2025:22:57:51 -0400] "GET /ini.php HTTP/1.1" 404 15309 "-" "-"
52.169.110.77 - - [14/Apr/2025:22:57:56 -0400] "GET /cgi-bin/my1.php HTTP/1.1" 404 15291 "-" "-"
52.169.24.230 - - [14/Apr/2025:22:57:56 -0400] "GET /inputs.php HTTP/1.1" 404 15309 "-" "-"
52.169.110.77 - - [14/Apr/2025:22:57:59 -0400] "GET //cgi-bin/xmrlpc.php?p= HTTP/1.1" 301 0 "-" "-"
52.169.24.230 - - [14/Apr/2025:22:58:00 -0400] "GET /inputs.php?dir=/home/bfstatyba/domains/bfstatyba.lt/public_html HTTP/1.1" 404 15349 "-" "-"
198.54.114.83 - - [14/Apr/2025:22:58:04 -0400] "POST /wp-cron.php?doing_wp_cron=1744685880.6426510810852050781250 HTTP/1.1" 200 0 "-" "WordPress/6.7.2; https://creative-webstyle.com"
52.169.110.77 - - [14/Apr/2025:22:58:02 -0400] "GET /cgi-bin/xmrlpc.php HTTP/1.1" 404 15294 "-" "-"
52.169.24.230 - - [14/Apr/2025:22:58:06 -0400] "GET /inputs.php?p=https://dunamisconcept.com.ng/item.php HTTP/1.1" 404 15347 "-" "-"
52.169.110.77 - - [14/Apr/2025:22:58:10 -0400] "GET //chosen.php HTTP/1.1" 301 0 "-" "-"
52.169.24.230 - - [14/Apr/2025:22:58:10 -0400] "GET /install.php HTTP/1.1" 404 15313 "-" "-"
52.169.110.77 - - [14/Apr/2025:22:58:14 -0400] "GET /chosen.php HTTP/1.1" 404 15287 "-" "-"
52.169.24.230 - - [14/Apr/2025:22:58:15 -0400] "GET /ioxi-o.php HTTP/1.1" 404 15312 "-" "-"
52.169.110.77 - - [14/Apr/2025:22:58:20 -0400] "GET //chosen.php?p= HTTP/1.1" 301 0 "-" "-"
52.169.24.230 - - [14/Apr/2025:22:58:21 -0400] "GET /ioxi002.PhP7 HTTP/1.1" 404 15315 "-" "-"
52.169.110.77 - - [14/Apr/2025:22:58:23 -0400] "GET /chosen.php HTTP/1.1" 404 15287 "-" "-"
52.169.24.230 - - [14/Apr/2025:22:58:25 -0400] "GET /ispeconline.com/css/index.php HTTP/1.1" 301 0 "-" "-"
52.169.110.77 - - [14/Apr/2025:22:58:27 -0400] "GET //cjfuns.php HTTP/1.1" 301 0 "-" "-"
52.169.24.230 - - [14/Apr/2025:22:58:28 -0400] "GET /ispeconline.com/css/ HTTP/1.1" 404 15318 "-" "-"
52.169.110.77 - - [14/Apr/2025:22:58:29 -0400] "GET /cjfuns.php HTTP/1.1" 404 15289 "-" "-"
52.169.24.230 - - [14/Apr/2025:22:58:34 -0400] "GET /item.php HTTP/1.1" 404 15309 "-" "-"
52.169.110.77 - - [14/Apr/2025:22:58:34 -0400] "GET //classwithtostring.php HTTP/1.1" 301 0 "-" "-"
52.169.24.230 - - [14/Apr/2025:22:58:36 -0400] "GET /iz4kDodqPnH.php HTTP/1.1" 404 15318 "-" "-"
52.169.110.77 - - [14/Apr/2025:22:58:36 -0400] "GET /classwithtostring.php HTTP/1.1" 404 15295 "-" "-"
52.169.24.230 - - [14/Apr/2025:22:58:39 -0400] "GET /j.php HTTP/1.1" 404 15308 "-" "-"
52.169.110.77 - - [14/Apr/2025:22:58:39 -0400] "GET //cong.php HTTP/1.1" 301 0 "-" "-"
52.169.24.230 - - [14/Apr/2025:22:58:42 -0400] "GET /jNY9.php HTTP/1.1" 404 15312 "-" "-"
52.169.110.77 - - [14/Apr/2025:22:58:41 -0400] "GET /cong.php HTTP/1.1" 404 15287 "-" "-"
52.169.24.230 - - [14/Apr/2025:22:58:44 -0400] "GET /jindex.php HTTP/1.1" 404 15311 "-" "-"
52.169.110.77 - - [14/Apr/2025:22:58:45 -0400] "GET //content.php HTTP/1.1" 301 0 "-" "-"
52.169.24.230 - - [14/Apr/2025:22:58:47 -0400] "GET /jp.php HTTP/1.1" 404 15308 "-" "-"
52.169.110.77 - - [14/Apr/2025:22:58:47 -0400] "GET /content.php HTTP/1.1" 404 15286 "-" "-"
52.169.24.230 - - [14/Apr/2025:22:58:48 -0400] "GET /jquery.php HTTP/1.1" 404 15309 "-" "-"
52.169.110.77 - - [14/Apr/2025:22:58:49 -0400] "GET //content.php?pass=dadsec HTTP/1.1" 301 0 "-" "-"
52.169.24.230 - - [14/Apr/2025:22:58:50 -0400] "GET /js/fm.php HTTP/1.1" 404 15312 "-" "-"
52.169.110.77 - - [14/Apr/2025:22:58:50 -0400] "GET /content.php?pass=dadsec HTTP/1.1" 404 15294 "-" "-"
52.169.24.230 - - [14/Apr/2025:22:58:52 -0400] "GET /k.php HTTP/1.1" 404 15308 "-" "-"
52.169.110.77 - - [14/Apr/2025:22:58:52 -0400] "GET //dropdown.php HTTP/1.1" 301 0 "-" "-"
52.169.24.230 - - [14/Apr/2025:22:58:53 -0400] "GET /k.php?p= HTTP/1.1" 301 0 "-" "-"
52.169.24.230 - - [14/Apr/2025:22:58:55 -0400] "GET /k.php HTTP/1.1" 404 15308 "-" "-"
52.169.110.77 - - [14/Apr/2025:22:58:54 -0400] "GET /dropdown.php HTTP/1.1" 404 15290 "-" "-"
52.169.110.77 - - [14/Apr/2025:22:58:56 -0400] "GET //ee.php HTTP/1.1" 301 0 "-" "-"
52.169.24.230 - - [14/Apr/2025:22:58:56 -0400] "GET /kNRianIr2EH.php HTTP/1.1" 404 15317 "-" "-"
52.169.24.230 - - [14/Apr/2025:22:58:58 -0400] "GET /kPC.php HTTP/1.1" 404 15310 "-" "-"
52.169.110.77 - - [14/Apr/2025:22:58:58 -0400] "GET /ee.php HTTP/1.1" 404 15285 "-" "-"
198.54.114.83 - - [14/Apr/2025:22:59:02 -0400] "POST /wp-cron.php?doing_wp_cron=1744685941.2333509922027587890625 HTTP/1.1" 200 0 "-" "WordPress/6.7.2; https://creative-webstyle.com"
52.169.110.77 - - [14/Apr/2025:22:59:01 -0400] "GET //en/tinyfilemanager.html HTTP/1.1" 301 0 "-" "-"
52.169.24.230 - - [14/Apr/2025:22:59:00 -0400] "GET /kQqh695R1LY.php HTTP/1.1" 404 15318 "-" "-"
52.169.110.77 - - [14/Apr/2025:22:59:03 -0400] "GET /en/tinyfilemanager.html HTTP/1.1" 404 15297 "-" "-"
52.169.24.230 - - [14/Apr/2025:22:59:04 -0400] "GET /kZETIbO4Lt7.php HTTP/1.1" 404 15318 "-" "-"
52.169.24.230 - - [14/Apr/2025:22:59:07 -0400] "GET /kk.php HTTP/1.1" 404 15309 "-" "-"
52.169.110.77 - - [14/Apr/2025:22:59:07 -0400] "GET //file.php HTTP/1.1" 301 0 "-" "-"
52.169.24.230 - - [14/Apr/2025:22:59:10 -0400] "GET /l.php HTTP/1.1" 404 15308 "-" "-"
52.169.110.77 - - [14/Apr/2025:22:59:10 -0400] "GET /file.php HTTP/1.1" 404 15287 "-" "-"
52.169.24.230 - - [14/Apr/2025:22:59:13 -0400] "GET /lHcbBKS6ixn.php HTTP/1.1" 404 15318 "-" "-"
52.169.110.77 - - [14/Apr/2025:22:59:15 -0400] "GET //file2.php HTTP/1.1" 301 0 "-" "-"
52.169.24.230 - - [14/Apr/2025:22:59:16 -0400] "GET /layout.php HTTP/1.1" 404 15308 "-" "-"
52.169.110.77 - - [14/Apr/2025:22:59:18 -0400] "GET /file2.php HTTP/1.1" 404 15287 "-" "-"
52.169.24.230 - - [14/Apr/2025:22:59:19 -0400] "GET /leaf.php HTTP/1.1" 404 15310 "-" "-"
52.169.110.77 - - [14/Apr/2025:22:59:22 -0400] "GET //fm.php HTTP/1.1" 301 0 "-" "-"
52.169.24.230 - - [14/Apr/2025:22:59:23 -0400] "GET /leafmailer.php HTTP/1.1" 404 15315 "-" "-"
52.169.110.77 - - [14/Apr/2025:22:59:24 -0400] "GET /fm.php HTTP/1.1" 404 15285 "-" "-"
52.169.24.230 - - [14/Apr/2025:22:59:26 -0400] "GET /leafmailer2.8.php HTTP/1.1" 404 15317 "-" "-"
52.169.110.77 - - [14/Apr/2025:22:59:28 -0400] "GET //gebase.php HTTP/1.1" 301 0 "-" "-"
52.169.24.230 - - [14/Apr/2025:22:59:29 -0400] "GET /lf.php HTTP/1.1" 404 15309 "-" "-"
52.169.110.77 - - [14/Apr/2025:22:59:31 -0400] "GET /gebase.php HTTP/1.1" 404 15288 "-" "-"
52.169.24.230 - - [14/Apr/2025:22:59:34 -0400] "GET /lib.php HTTP/1.1" 404 15310 "-" "-"
52.169.110.77 - - [14/Apr/2025:22:59:35 -0400] "GET //index/function.php HTTP/1.1" 301 0 "-" "-"
52.169.110.77 - - [14/Apr/2025:22:59:37 -0400] "GET /index/function.php HTTP/1.1" 404 15294 "-" "-"
52.169.24.230 - - [14/Apr/2025:22:59:37 -0400] "GET /libraries/joomla/css.php HTTP/1.1" 404 15325 "-" "-"
52.169.110.77 - - [14/Apr/2025:22:59:41 -0400] "GET //info.php HTTP/1.1" 301 0 "-" "-"
52.169.24.230 - - [14/Apr/2025:22:59:40 -0400] "GET /license.php HTTP/1.1" 404 15313 "-" "-"
52.169.110.77 - - [14/Apr/2025:22:59:43 -0400] "GET /info.php HTTP/1.1" 404 15285 "-" "-"
52.169.24.230 - - [14/Apr/2025:22:59:43 -0400] "GET /link.php HTTP/1.1" 404 15309 "-" "-"
52.169.110.77 - - [14/Apr/2025:22:59:45 -0400] "GET //item.php HTTP/1.1" 301 0 "-" "-"
52.169.24.230 - - [14/Apr/2025:22:59:45 -0400] "GET /load.php HTTP/1.1" 404 15309 "-" "-"
52.169.110.77 - - [14/Apr/2025:22:59:47 -0400] "GET /item.php HTTP/1.1" 404 15285 "-" "-"
52.169.24.230 - - [14/Apr/2025:22:59:49 -0400] "GET /lock.php HTTP/1.1" 404 15309 "-" "-"
52.169.110.77 - - [14/Apr/2025:22:59:52 -0400] "GET //jp.php HTTP/1.1" 301 0 "-" "-"
52.169.24.230 - - [14/Apr/2025:22:59:52 -0400] "GET /lock360.php HTTP/1.1" 404 15312 "-" "-"
52.169.110.77 - - [14/Apr/2025:22:59:53 -0400] "GET /jp.php HTTP/1.1" 404 15285 "-" "-"
52.169.24.230 - - [14/Apr/2025:22:59:54 -0400] "GET /log.php HTTP/1.1" 404 15309 "-" "-"
52.169.110.77 - - [14/Apr/2025:22:59:55 -0400] "GET //k.php HTTP/1.1" 301 0 "-" "-"
52.169.24.230 - - [14/Apr/2025:22:59:56 -0400] "GET /login?next=/.well-known/ALFA_DATA/alfacgiapi/perl.alfa.php HTTP/1.1" 404 15355 "-" "-"
52.169.110.77 - - [14/Apr/2025:22:59:57 -0400] "GET /k.php HTTP/1.1" 404 15284 "-" "-"
52.169.110.77 - - [14/Apr/2025:22:59:59 -0400] "GET //mah/function.php?p= HTTP/1.1" 301 0 "-" "-"
52.169.24.230 - - [14/Apr/2025:22:59:59 -0400] "GET /logs.php HTTP/1.1" 404 15309 "-" "-"
198.54.114.83 - - [14/Apr/2025:23:00:01 -0400] "POST /wp-cron.php?doing_wp_cron=1744686001.3394849300384521484375 HTTP/1.1" 200 0 "-" "WordPress/6.7.2; https://creative-webstyle.com"
198.54.114.83 - - [14/Apr/2025:23:00:03 -0400] "POST /wp-cron.php?doing_wp_cron=1744686001.7364609241485595703125 HTTP/1.1" 200 0 "-" "WordPress/6.7.2; https://creative-webstyle.com"
52.169.110.77 - - [14/Apr/2025:23:00:00 -0400] "GET /mah/function.php HTTP/1.1" 404 15292 "-" "-"
52.169.24.230 - - [14/Apr/2025:23:00:01 -0400] "GET /lpuDivJrIO7.php HTTP/1.1" 404 15317 "-" "-"
52.169.110.77 - - [14/Apr/2025:23:00:07 -0400] "GET //mini.php HTTP/1.1" 301 0 "-" "-"
52.169.24.230 - - [14/Apr/2025:23:00:07 -0400] "GET /lufix.php HTTP/1.1" 404 15310 "-" "-"
52.169.110.77 - - [14/Apr/2025:23:00:11 -0400] "GET /mini.php HTTP/1.1" 404 15286 "-" "-"
52.169.24.230 - - [14/Apr/2025:23:00:12 -0400] "GET /luxx.php HTTP/1.1" 404 15309 "-" "-"
52.169.110.77 - - [14/Apr/2025:23:00:16 -0400] "GET //moon.php HTTP/1.1" 301 0 "-" "-"
52.169.24.230 - - [14/Apr/2025:23:00:17 -0400] "GET /lv.php HTTP/1.1" 404 15308 "-" "-"
52.169.110.77 - - [14/Apr/2025:23:00:19 -0400] "GET /moon.php HTTP/1.1" 404 15287 "-" "-"
52.169.24.230 - - [14/Apr/2025:23:00:23 -0400] "GET /m.php HTTP/1.1" 404 15308 "-" "-"
52.169.110.77 - - [14/Apr/2025:23:00:26 -0400] "GET //radio.php HTTP/1.1" 301 0 "-" "-"
52.169.24.230 - - [14/Apr/2025:23:00:27 -0400] "GET /m.php?p= HTTP/1.1" 301 0 "-" "-"
52.169.24.230 - - [14/Apr/2025:23:00:30 -0400] "GET /m.php HTTP/1.1" 404 15308 "-" "-"
52.169.110.77 - - [14/Apr/2025:23:00:29 -0400] "GET /radio.php HTTP/1.1" 404 15287 "-" "-"
52.169.110.77 - - [14/Apr/2025:23:00:35 -0400] "GET //repeater.php HTTP/1.1" 301 0 "-" "-"
52.169.24.230 - - [14/Apr/2025:23:00:34 -0400] "GET /m5WcUgOwiIs.php HTTP/1.1" 404 15318 "-" "-"
52.169.24.230 - - [14/Apr/2025:23:00:37 -0400] "GET /m8DYVISz5fB.php HTTP/1.1" 404 15318 "-" "-"
52.169.110.77 - - [14/Apr/2025:23:00:37 -0400] "GET /repeater.php HTTP/1.1" 404 15289 "-" "-"
52.169.110.77 - - [14/Apr/2025:23:00:41 -0400] "GET //root.php HTTP/1.1" 301 0 "-" "-"
52.169.24.230 - - [14/Apr/2025:23:00:41 -0400] "GET /maHidu7t8ye.php HTTP/1.1" 404 15316 "-" "-"
52.169.24.230 - - [14/Apr/2025:23:00:44 -0400] "GET /mah.php HTTP/1.1" 404 15310 "-" "-"
52.169.110.77 - - [14/Apr/2025:23:00:44 -0400] "GET /root.php HTTP/1.1" 404 15286 "-" "-"
52.169.24.230 - - [14/Apr/2025:23:00:47 -0400] "GET /mah.php?p= HTTP/1.1" 301 0 "-" "-"
52.169.110.77 - - [14/Apr/2025:23:00:48 -0400] "GET //santiago-oriente56.degustamenu.com/wp-includes/hlVYmeOAvcd.php HTTP/1.1" 301 0 "-" "-"
52.169.24.230 - - [14/Apr/2025:23:00:51 -0400] "GET /mah.php HTTP/1.1" 404 15310 "-" "-"
52.169.24.230 - - [14/Apr/2025:23:00:52 -0400] "GET /mah/function.php HTTP/1.1" 404 15317 "-" "-"
52.169.110.77 - - [14/Apr/2025:23:00:52 -0400] "GET /santiago-oriente56.degustamenu.com/wp-includes/hlVYmeOAvcd.php HTTP/1.1" 404 15327 "-" "-"
52.169.110.77 - - [14/Apr/2025:23:00:55 -0400] "GET //shell.php HTTP/1.1" 301 0 "-" "-"
52.169.24.230 - - [14/Apr/2025:23:00:53 -0400] "GET /mah/function.php?p= HTTP/1.1" 301 0 "-" "-"
52.169.24.230 - - [14/Apr/2025:23:01:00 -0400] "GET /mah/function.php HTTP/1.1" 404 15317 "-" "-"
52.169.110.77 - - [14/Apr/2025:23:00:59 -0400] "GET /shell.php HTTP/1.1" 404 15286 "-" "-"
198.54.114.83 - - [14/Apr/2025:23:01:04 -0400] "POST /wp-cron.php?doing_wp_cron=1744686063.3633511066436767578125 HTTP/1.1" 200 0 "-" "WordPress/6.7.2; https://creative-webstyle.com"
52.169.110.77 - - [14/Apr/2025:23:01:06 -0400] "GET //shell20211028.php HTTP/1.1" 301 0 "-" "-"
52.169.24.230 - - [14/Apr/2025:23:01:00 -0400] "GET /mail.php HTTP/1.1" 404 15310 "-" "-"
52.169.110.77 - - [14/Apr/2025:23:01:11 -0400] "GET /shell20211028.php HTTP/1.1" 404 15293 "-" "-"
52.169.24.230 - - [14/Apr/2025:23:01:13 -0400] "GET /mailer.php HTTP/1.1" 404 15311 "-" "-"
52.169.110.77 - - [14/Apr/2025:23:01:15 -0400] "GET //simple.php HTTP/1.1" 301 0 "-" "-"
52.169.24.230 - - [14/Apr/2025:23:01:17 -0400] "GET /main.php HTTP/1.1" 404 15309 "-" "-"
52.169.110.77 - - [14/Apr/2025:23:01:17 -0400] "GET /simple.php HTTP/1.1" 404 15287 "-" "-"
52.169.110.77 - - [14/Apr/2025:23:01:20 -0400] "GET //test.php HTTP/1.1" 301 0 "-" "-"
52.169.24.230 - - [14/Apr/2025:23:01:20 -0400] "GET /makeasmtp.php HTTP/1.1" 404 15314 "-" "-"
52.169.24.230 - - [14/Apr/2025:23:01:24 -0400] "GET /makeasmtp.php?p= HTTP/1.1" 301 0 "-" "-"
52.169.110.77 - - [14/Apr/2025:23:01:23 -0400] "GET /test.php HTTP/1.1" 404 15286 "-" "-"
52.169.24.230 - - [14/Apr/2025:23:01:25 -0400] "GET /makeasmtp.php HTTP/1.1" 404 15314 "-" "-"
52.169.110.77 - - [14/Apr/2025:23:01:26 -0400] "GET //user.php HTTP/1.1" 301 0 "-" "-"
52.169.24.230 - - [14/Apr/2025:23:01:27 -0400] "GET /manage.php HTTP/1.1" 404 15310 "-" "-"
52.169.110.77 - - [14/Apr/2025:23:01:27 -0400] "GET /user.php HTTP/1.1" 404 15286 "-" "-"
52.169.24.230 - - [14/Apr/2025:23:01:30 -0400] "GET /manager.php HTTP/1.1" 404 15312 "-" "-"
52.169.24.230 - - [14/Apr/2025:23:01:35 -0400] "GET /manager.php?p= HTTP/1.1" 301 0 "-" "-"
52.169.110.77 - - [14/Apr/2025:23:01:35 -0400] "GET //wp-2019.php HTTP/1.1" 301 0 "-" "-"
52.169.24.230 - - [14/Apr/2025:23:01:37 -0400] "GET /manager.php HTTP/1.1" 404 15312 "-" "-"
52.169.110.77 - - [14/Apr/2025:23:01:37 -0400] "GET /wp-2019.php HTTP/1.1" 404 15286 "-" "-"
52.169.24.230 - - [14/Apr/2025:23:01:38 -0400] "GET /mar.php HTTP/1.1" 404 15309 "-" "-"
52.169.110.77 - - [14/Apr/2025:23:01:42 -0400] "GET //wp-add-admin.php HTTP/1.1" 301 0 "-" "-"
52.169.24.230 - - [14/Apr/2025:23:01:42 -0400] "GET /mari.php HTTP/1.1" 404 15310 "-" "-"
52.169.110.77 - - [14/Apr/2025:23:01:43 -0400] "GET /wp-add-admin.php HTTP/1.1" 404 15286 "-" "-"
52.169.110.77 - - [14/Apr/2025:23:01:46 -0400] "GET //wp-admin/about.php HTTP/1.1" 302 0 "-" "-"
52.169.24.230 - - [14/Apr/2025:23:01:46 -0400] "GET /max.php HTTP/1.1" 404 15308 "-" "-"
198.54.114.83 - - [14/Apr/2025:23:01:51 -0400] "POST /wp-cron.php?doing_wp_cron=1744686110.6319930553436279296875 HTTP/1.1" 200 0 "-" "WordPress/6.7.2; https://creative-webstyle.com"
52.169.24.230 - - [14/Apr/2025:23:01:49 -0400] "GET /mcs.php HTTP/1.1" 404 15309 "-" "-"
52.169.110.77 - - [14/Apr/2025:23:01:56 -0400] "GET //wp-admin/admin-ajax.php HTTP/1.1" 400 21 "-" "-"
198.54.114.83 - - [14/Apr/2025:23:01:57 -0400] "POST /wp-cron.php?doing_wp_cron=1744686116.7562210559844970703125 HTTP/1.1" 200 0 "-" "WordPress/6.7.2; https://creative-webstyle.com"
198.54.114.83 - - [14/Apr/2025:23:01:57 -0400] "POST /wp-cron.php?doing_wp_cron=1744686116.7418661117553710937500 HTTP/1.1" 200 0 "-" "WordPress/6.7.2; https://creative-webstyle.com"
52.169.24.230 - - [14/Apr/2025:23:01:56 -0400] "GET /media.php HTTP/1.1" 404 15311 "-" "-"
52.169.110.77 - - [14/Apr/2025:23:01:58 -0400] "GET //wp-admin/class-db.php HTTP/1.1" 301 0 "-" "-"
52.169.24.230 - - [14/Apr/2025:23:02:00 -0400] "GET /media/ HTTP/1.1" 404 15309 "-" "-"
52.169.110.77 - - [14/Apr/2025:23:02:00 -0400] "GET /wp-admin/class-db.php HTTP/1.1" 404 15288 "-" "-"
52.169.24.230 - - [14/Apr/2025:23:02:02 -0400] "GET /media/FgSEetRrDqi.php HTTP/1.1" 404 15324 "-" "-"
52.169.110.77 - - [14/Apr/2025:23:02:03 -0400] "GET //wp-admin/css/colors/blue/ HTTP/1.1" 403 1242 "-" "-"
52.169.110.77 - - [14/Apr/2025:23:02:05 -0400] "GET //wp-admin/css/colors/cloud.php HTTP/1.1" 301 0 "-" "-"
52.169.24.230 - - [14/Apr/2025:23:02:05 -0400] "GET /media/Qfxs84PjD1c.php HTTP/1.1" 404 15324 "-" "-"
52.169.110.77 - - [14/Apr/2025:23:02:07 -0400] "GET /wp-admin/css/colors/cloud.php HTTP/1.1" 404 15295 "-" "-"
52.169.24.230 - - [14/Apr/2025:23:02:08 -0400] "GET /menu.php HTTP/1.1" 404 15309 "-" "-"
52.169.110.77 - - [14/Apr/2025:23:02:12 -0400] "GET //wp-admin/css/colors/coffee/xmrlpc.php?p= HTTP/1.1" 301 0 "-" "-"
52.169.24.230 - - [14/Apr/2025:23:02:11 -0400] "GET /meta.php HTTP/1.1" 404 15310 "-" "-"
52.169.24.230 - - [14/Apr/2025:23:02:15 -0400] "GET /mini.php HTTP/1.1" 404 15310 "-" "-"
52.169.110.77 - - [14/Apr/2025:23:02:15 -0400] "GET /wp-admin/css/colors/coffee/xmrlpc.php HTTP/1.1" 404 15302 "-" "-"
52.169.24.230 - - [14/Apr/2025:23:02:17 -0400] "GET /moddofuns.php HTTP/1.1" 404 15314 "-" "-"
52.169.110.77 - - [14/Apr/2025:23:02:19 -0400] "GET //wp-admin/css/wp-conflg.php HTTP/1.1" 301 0 "-" "-"
52.169.24.230 - - [14/Apr/2025:23:02:21 -0400] "GET /modules/ HTTP/1.1" 404 15310 "-" "-"
52.169.110.77 - - [14/Apr/2025:23:02:21 -0400] "GET /wp-admin/css/wp-conflg.php HTTP/1.1" 404 15293 "-" "-"
52.169.110.77 - - [14/Apr/2025:23:02:25 -0400] "GET //wp-admin/dropdown.php HTTP/1.1" 301 0 "-" "-"
52.169.24.230 - - [14/Apr/2025:23:02:24 -0400] "GET /modules/mod_simplefileuploadv1.3/elements/ HTTP/1.1" 404 15337 "-" "-"
52.169.110.77 - - [14/Apr/2025:23:02:27 -0400] "GET /wp-admin/dropdown.php HTTP/1.1" 404 15290 "-" "-"
52.169.24.230 - - [14/Apr/2025:23:02:28 -0400] "GET /modules/mod_simplefileuploadv1.3/elements/filemanager.php HTTP/1.1" 404 15348 "-" "-"
52.169.110.77 - - [14/Apr/2025:23:02:29 -0400] "GET //wp-admin/images/admin.php HTTP/1.1" 301 0 "-" "-"
52.169.24.230 - - [14/Apr/2025:23:02:29 -0400] "GET /modules/mod_simplefileuploadv1.3/elements/filemanager.php?p= HTTP/1.1" 301 0 "-" "-"
52.169.24.230 - - [14/Apr/2025:23:02:32 -0400] "GET /modules/mod_simplefileuploadv1.3/elements/filemanager.php HTTP/1.1" 404 15348 "-" "-"
52.169.110.77 - - [14/Apr/2025:23:02:32 -0400] "GET /wp-admin/images/admin.php HTTP/1.1" 404 15288 "-" "-"
52.169.24.230 - - [14/Apr/2025:23:02:35 -0400] "GET /moon.php HTTP/1.1" 404 15310 "-" "-"
52.169.24.230 - - [14/Apr/2025:23:02:36 -0400] "GET /moon.php?p= HTTP/1.1" 301 0 "-" "-"
52.169.110.77 - - [14/Apr/2025:23:02:35 -0400] "GET //wp-admin/images/install.php HTTP/1.1" 301 0 "-" "-"
52.169.24.230 - - [14/Apr/2025:23:02:37 -0400] "GET /moon.php HTTP/1.1" 404 15310 "-" "-"
52.169.110.77 - - [14/Apr/2025:23:02:37 -0400] "GET /wp-admin/images/install.php HTTP/1.1" 404 15293 "-" "-"
52.169.24.230 - - [14/Apr/2025:23:02:37 -0400] "GET /museumbuildingandsurroundingspace.com HTTP/1.1" 404 15329 "-" "-"
52.169.110.77 - - [14/Apr/2025:23:02:40 -0400] "GET //wp-admin/includes/ HTTP/1.1" 403 1242 "-" "-"
52.169.24.230 - - [14/Apr/2025:23:02:40 -0400] "GET /mwioWRjdxDE.php HTTP/1.1" 404 15317 "-" "-"
52.169.110.77 - - [14/Apr/2025:23:02:41 -0400] "GET //wp-admin/includes/cloud.php HTTP/1.1" 301 0 "-" "-"
52.169.24.230 - - [14/Apr/2025:23:02:42 -0400] "GET /n.php HTTP/1.1" 404 15307 "-" "-"
52.169.110.77 - - [14/Apr/2025:23:02:44 -0400] "GET /wp-admin/includes/cloud.php HTTP/1.1" 404 15290 "-" "-"
52.169.24.230 - - [14/Apr/2025:23:02:45 -0400] "GET /nFqJSTvuz43.php HTTP/1.1" 404 15317 "-" "-"
52.169.110.77 - - [14/Apr/2025:23:02:47 -0400] "GET //wp-admin/install.php HTTP/1.1" 200 522 "-" "-"
52.169.24.230 - - [14/Apr/2025:23:02:48 -0400] "GET /nVEDxSgpTYq.php HTTP/1.1" 404 15317 "-" "-"
198.54.114.83 - - [14/Apr/2025:23:02:50 -0400] "POST /wp-cron.php?doing_wp_cron=1744686168.4565598964691162109375 HTTP/1.1" 200 0 "-" "WordPress/6.7.2; https://creative-webstyle.com"
52.169.24.230 - - [14/Apr/2025:23:02:51 -0400] "GET /nZVms37xXMW.php HTTP/1.1" 404 15318 "-" "-"
52.169.110.77 - - [14/Apr/2025:23:02:51 -0400] "GET //wp-admin/js/autoload_classmap.php HTTP/1.1" 301 0 "-" "-"
52.169.24.230 - - [14/Apr/2025:23:02:54 -0400] "GET /nakrip.php HTTP/1.1" 404 15311 "-" "-"
52.169.110.77 - - [14/Apr/2025:23:02:54 -0400] "GET /wp-admin/js/autoload_classmap.php HTTP/1.1" 404 15297 "-" "-"
52.169.110.77 - - [14/Apr/2025:23:02:57 -0400] "GET //wp-admin/js/widgets/ HTTP/1.1" 403 1242 "-" "-"
198.54.114.83 - - [14/Apr/2025:23:02:58 -0400] "POST /wp-cron.php?doing_wp_cron=1744686177.8103311061859130859375 HTTP/1.1" 200 0 "-" "WordPress/6.7.2; https://creative-webstyle.com"
52.169.110.77 - - [14/Apr/2025:23:02:58 -0400] "GET //wp-admin/js/widgets/cloud.php HTTP/1.1" 301 0 "-" "-"
52.169.24.230 - - [14/Apr/2025:23:02:57 -0400] "GET /natural.php HTTP/1.1" 404 15311 "-" "-"
52.169.24.230 - - [14/Apr/2025:23:03:02 -0400] "GET /network.php HTTP/1.1" 404 15312 "-" "-"
52.169.110.77 - - [14/Apr/2025:23:03:01 -0400] "GET /wp-admin/js/widgets/cloud.php HTTP/1.1" 404 15295 "-" "-"
52.169.24.230 - - [14/Apr/2025:23:03:04 -0400] "GET /new.php HTTP/1.1" 404 15308 "-" "-"
52.169.110.77 - - [14/Apr/2025:23:03:05 -0400] "GET //wp-admin/maint/moon.php HTTP/1.1" 301 0 "-" "-"
52.169.110.77 - - [14/Apr/2025:23:03:06 -0400] "GET /wp-admin/maint/moon.php HTTP/1.1" 404 15290 "-" "-"
52.169.24.230 - - [14/Apr/2025:23:03:06 -0400] "GET /news.php HTTP/1.1" 404 15308 "-" "-"
52.169.110.77 - - [14/Apr/2025:23:03:10 -0400] "GET //wp-admin/network/admin.php HTTP/1.1" 302 0 "-" "-"
52.169.24.230 - - [14/Apr/2025:23:03:10 -0400] "GET /nf_tracking.php HTTP/1.1" 404 15315 "-" "-"
52.169.24.230 - - [14/Apr/2025:23:03:13 -0400] "GET /nf_tracking.php HTTP/1.1" 404 15315 "-" "-"
52.169.24.230 - - [14/Apr/2025:23:03:14 -0400] "GET /nope.php HTTP/1.1" 404 15309 "-" "-"
52.169.110.77 - - [14/Apr/2025:23:03:17 -0400] "GET //wp-admin/network/cloud.php HTTP/1.1" 301 0 "-" "-"
52.169.24.230 - - [14/Apr/2025:23:03:16 -0400] "GET /nowpf.php HTTP/1.1" 404 15310 "-" "-"
52.169.110.77 - - [14/Apr/2025:23:03:19 -0400] "GET /wp-admin/network/cloud.php HTTP/1.1" 404 15295 "-" "-"
52.169.24.230 - - [14/Apr/2025:23:03:19 -0400] "GET /nz7AOl3hjic.php HTTP/1.1" 404 15317 "-" "-"
52.169.24.230 - - [14/Apr/2025:23:03:21 -0400] "GET /nzouv.php HTTP/1.1" 404 15311 "-" "-"
52.169.110.77 - - [14/Apr/2025:23:03:23 -0400] "GET //wp-admin/network/index.php HTTP/1.1" 302 0 "-" "-"
52.169.24.230 - - [14/Apr/2025:23:03:24 -0400] "GET /o.php HTTP/1.1" 404 15306 "-" "-"
52.169.24.230 - - [14/Apr/2025:23:03:27 -0400] "GET /o1j5SBMHlRz.php HTTP/1.1" 404 15317 "-" "-"
52.169.110.77 - - [14/Apr/2025:23:03:30 -0400] "GET //wp-admin/network/xmrlpc.php?p= HTTP/1.1" 301 0 "-" "-"
52.169.24.230 - - [14/Apr/2025:23:03:32 -0400] "GET /o7LSW.php HTTP/1.1" 404 15312 "-" "-"
52.169.110.77 - - [14/Apr/2025:23:03:35 -0400] "GET /wp-admin/network/xmrlpc.php HTTP/1.1" 404 15295 "-" "-"
52.169.110.77 - - [14/Apr/2025:23:03:37 -0400] "GET //wp-admin/shell20211028.php HTTP/1.1" 301 0 "-" "-"
52.169.24.230 - - [14/Apr/2025:23:03:36 -0400] "GET /oRxHmTiQhWN.php HTTP/1.1" 404 15318 "-" "-"
52.169.110.77 - - [14/Apr/2025:23:03:41 -0400] "GET /wp-admin/shell20211028.php HTTP/1.1" 404 15292 "-" "-"
52.169.24.230 - - [14/Apr/2025:23:03:41 -0400] "GET /oUQD9iRdOhH.php HTTP/1.1" 404 15318 "-" "-"
52.169.110.77 - - [14/Apr/2025:23:03:45 -0400] "GET //wp-admin/user/xmrlpc.php?p= HTTP/1.1" 301 0 "-" "-"
52.169.24.230 - - [14/Apr/2025:23:03:45 -0400] "GET /ok.php HTTP/1.1" 404 15308 "-" "-"
52.169.110.77 - - [14/Apr/2025:23:03:48 -0400] "GET /wp-admin/user/xmrlpc.php HTTP/1.1" 404 15293 "-" "-"
198.54.114.83 - - [14/Apr/2025:23:03:52 -0400] "POST /wp-cron.php?doing_wp_cron=1744686229.8274290561676025390625 HTTP/1.1" 200 0 "-" "WordPress/6.7.2; https://creative-webstyle.com"
52.169.24.230 - - [14/Apr/2025:23:03:49 -0400] "GET /old-index.php HTTP/1.1" 404 15312 "-" "-"
52.169.110.77 - - [14/Apr/2025:23:03:52 -0400] "GET //wp-blog.php HTTP/1.1" 301 0 "-" "-"
52.169.24.230 - - [14/Apr/2025:23:03:54 -0400] "GET /olux.php HTTP/1.1" 404 15309 "-" "-"
52.169.110.77 - - [14/Apr/2025:23:03:55 -0400] "GET /wp-blog.php HTTP/1.1" 404 15286 "-" "-"
52.169.24.230 - - [14/Apr/2025:23:03:58 -0400] "GET /option-old.php HTTP/1.1" 404 15313 "-" "-"
52.169.110.77 - - [14/Apr/2025:23:03:59 -0400] "GET //wp-conflg.php HTTP/1.1" 301 0 "-" "-"
52.169.24.230 - - [14/Apr/2025:23:04:02 -0400] "GET /options.php HTTP/1.1" 404 15311 "-" "-"
52.169.110.77 - - [14/Apr/2025:23:04:02 -0400] "GET /wp-conflg.php HTTP/1.1" 404 15288 "-" "-"
52.169.110.77 - - [14/Apr/2025:23:04:06 -0400] "GET //wp-conflg.php?p= HTTP/1.1" 301 0 "-" "-"
52.169.24.230 - - [14/Apr/2025:23:04:05 -0400] "GET /ova-tools.php HTTP/1.1" 404 15313 "-" "-"
52.169.110.77 - - [14/Apr/2025:23:04:07 -0400] "GET /wp-conflg.php HTTP/1.1" 404 15288 "-" "-"
52.169.24.230 - - [14/Apr/2025:23:04:08 -0400] "GET /ova.php HTTP/1.1" 404 15309 "-" "-"
52.169.110.77 - - [14/Apr/2025:23:04:10 -0400] "GET //wp-content/about.php HTTP/1.1" 301 0 "-" "-"
52.169.24.230 - - [14/Apr/2025:23:04:13 -0400] "GET /p HTTP/1.1" 404 15306 "-" "-"
52.169.110.77 - - [14/Apr/2025:23:04:13 -0400] "GET /wp-content/about.php HTTP/1.1" 404 15289 "-" "-"
52.169.24.230 - - [14/Apr/2025:23:04:16 -0400] "GET /p.php HTTP/1.1" 404 15308 "-" "-"
52.169.110.77 - - [14/Apr/2025:23:04:17 -0400] "GET //wp-content/autoload_classmap.php HTTP/1.1" 301 0 "-" "-"
52.169.24.230 - - [14/Apr/2025:23:04:19 -0400] "GET /pHx9IqoXnlL.php HTTP/1.1" 404 15319 "-" "-"
52.169.110.77 - - [14/Apr/2025:23:04:20 -0400] "GET /wp-content/autoload_classmap.php HTTP/1.1" 404 15299 "-" "-"
52.169.110.77 - - [14/Apr/2025:23:04:24 -0400] "GET //wp-content/dropdown.php HTTP/1.1" 301 0 "-" "-"
52.169.24.230 - - [14/Apr/2025:23:04:23 -0400] "GET /packed.php HTTP/1.1" 404 15313 "-" "-"
52.169.110.77 - - [14/Apr/2025:23:04:26 -0400] "GET /wp-content/dropdown.php HTTP/1.1" 404 15294 "-" "-"
52.169.24.230 - - [14/Apr/2025:23:04:28 -0400] "GET /past.php HTTP/1.1" 404 15310 "-" "-"
52.169.110.77 - - [14/Apr/2025:23:04:31 -0400] "GET //wp-content/index.php HTTP/1.1" 200 0 "-" "-"
52.169.24.230 - - [14/Apr/2025:23:04:32 -0400] "GET /php HTTP/1.1" 404 15306 "-" "-"
52.169.110.77 - - [14/Apr/2025:23:04:35 -0400] "GET //wp-content/index.php?pass=cfwk HTTP/1.1" 200 0 "-" "-"
52.169.110.77 - - [14/Apr/2025:23:04:38 -0400] "GET //wp-content/index.php?pass=xleet HTTP/1.1" 200 0 "-" "-"
52.169.24.230 - - [14/Apr/2025:23:04:37 -0400] "GET /php/ HTTP/1.1" 404 15306 "-" "-"
52.169.110.77 - - [14/Apr/2025:23:04:41 -0400] "GET //wp-content/item.php HTTP/1.1" 301 0 "-" "-"
52.169.24.230 - - [14/Apr/2025:23:04:41 -0400] "GET /php/?path=/home/jufu7693/public_html HTTP/1.1" 404 15334 "-" "-"
52.169.110.77 - - [14/Apr/2025:23:04:43 -0400] "GET /wp-content/item.php HTTP/1.1" 404 15289 "-" "-"
52.169.24.230 - - [14/Apr/2025:23:04:45 -0400] "GET /plugin.php HTTP/1.1" 404 15311 "-" "-"
52.169.110.77 - - [14/Apr/2025:23:04:46 -0400] "GET //wp-content/plugins/ HTTP/1.1" 200 0 "-" "-"
52.169.24.230 - - [14/Apr/2025:23:04:49 -0400] "GET /plugins.php HTTP/1.1" 404 15311 "-" "-"
198.54.114.83 - - [14/Apr/2025:23:04:51 -0400] "POST /wp-cron.php?doing_wp_cron=1744686290.1800200939178466796875 HTTP/1.1" 200 0 "-" "WordPress/6.7.2; https://creative-webstyle.com"
52.169.110.77 - - [14/Apr/2025:23:04:49 -0400] "GET //wp-content/plugins/TOPXOH/wDR.php HTTP/1.1" 301 0 "-" "-"
52.169.24.230 - - [14/Apr/2025:23:04:51 -0400] "GET /plugins/ HTTP/1.1" 404 15309 "-" "-"
52.169.110.77 - - [14/Apr/2025:23:04:53 -0400] "GET /wp-content/plugins/TOPXOH/wDR.php HTTP/1.1" 404 15307 "-" "-"
52.169.24.230 - - [14/Apr/2025:23:04:55 -0400] "GET /post.php HTTP/1.1" 404 15308 "-" "-"
52.169.110.77 - - [14/Apr/2025:23:04:56 -0400] "GET //wp-content/plugins/ango/sett.php HTTP/1.1" 301 0 "-" "-"
52.169.24.230 - - [14/Apr/2025:23:04:57 -0400] "GET /post.php/wp-includes/Requests/ HTTP/1.1" 404 15323 "-" "-"
52.169.110.77 - - [14/Apr/2025:23:04:58 -0400] "GET /wp-content/plugins/ango/sett.php HTTP/1.1" 404 15302 "-" "-"
52.169.110.77 - - [14/Apr/2025:23:05:02 -0400] "GET //wp-content/plugins/hellopress/wp_mna.php HTTP/1.1" 301 0 "-" "-"
52.169.24.230 - - [14/Apr/2025:23:05:02 -0400] "GET /pqyKOTiR2.php HTTP/1.1" 404 15317 "-" "-"
52.169.110.77 - - [14/Apr/2025:23:05:06 -0400] "GET /wp-content/plugins/hellopress/wp_mna.php HTTP/1.1" 404 15307 "-" "-"
52.169.24.230 - - [14/Apr/2025:23:05:06 -0400] "GET /priv8.php HTTP/1.1" 404 15311 "-" "-"
52.169.110.77 - - [14/Apr/2025:23:05:09 -0400] "GET //wp-content/plugins/revslider/includes/external/page/index.php HTTP/1.1" 301 0 "-" "-"
52.169.24.230 - - [14/Apr/2025:23:05:10 -0400] "GET /private/ HTTP/1.1" 404 15310 "-" "-"
52.169.110.77 - - [14/Apr/2025:23:05:13 -0400] "GET /wp-content/plugins/revslider/includes/external/page/ HTTP/1.1" 404 15311 "-" "-"
52.169.24.230 - - [14/Apr/2025:23:05:13 -0400] "GET /public/5.php HTTP/1.1" 404 15313 "-" "-"
52.169.110.77 - - [14/Apr/2025:23:05:16 -0400] "GET //wp-content/themes/about.php HTTP/1.1" 301 0 "-" "-"
52.169.24.230 - - [14/Apr/2025:23:05:16 -0400] "GET /public/index.php/en HTTP/1.1" 301 0 "-" "-"
52.169.24.230 - - [14/Apr/2025:23:05:19 -0400] "GET /public/en HTTP/1.1" 404 15311 "-" "-"
52.169.110.77 - - [14/Apr/2025:23:05:19 -0400] "GET /wp-content/themes/about.php HTTP/1.1" 404 15293 "-" "-"
52.169.24.230 - - [14/Apr/2025:23:05:22 -0400] "GET /pvWDCdf.php HTTP/1.1" 404 15314 "-" "-"
52.169.110.77 - - [14/Apr/2025:23:05:23 -0400] "GET //wp-content/themes/hello-element/footer.php HTTP/1.1" 301 0 "-" "-"
52.169.24.230 - - [14/Apr/2025:23:05:26 -0400] "GET /q.php HTTP/1.1" 404 15308 "-" "-"
52.169.110.77 - - [14/Apr/2025:23:05:27 -0400] "GET /wp-content/themes/hello-element/footer.php HTTP/1.1" 404 15306 "-" "-"
52.169.110.77 - - [14/Apr/2025:23:05:30 -0400] "GET //wp-content/themes/index.php?pass=admin HTTP/1.1" 200 0 "-" "-"
52.169.24.230 - - [14/Apr/2025:23:05:29 -0400] "GET /q5nOTl9aAEQ.php HTTP/1.1" 404 15318 "-" "-"
52.169.110.77 - - [14/Apr/2025:23:05:32 -0400] "GET //wp-content/themes/pridmag/db.php?u HTTP/1.1" 301 0 "-" "-"
52.169.24.230 - - [14/Apr/2025:23:05:34 -0400] "GET /qCVobSth3u7.php HTTP/1.1" 404 15317 "-" "-"
52.169.110.77 - - [14/Apr/2025:23:05:34 -0400] "GET /wp-content/themes/pridmag/db.php?u HTTP/1.1" 404 15303 "-" "-"
52.169.24.230 - - [14/Apr/2025:23:05:37 -0400] "GET /qc.php HTTP/1.1" 404 15309 "-" "-"
52.169.110.77 - - [14/Apr/2025:23:05:37 -0400] "GET //wp-content/themes/seotheme/mar.php HTTP/1.1" 301 0 "-" "-"
52.169.24.230 - - [14/Apr/2025:23:05:39 -0400] "GET /r.php HTTP/1.1" 404 15307 "-" "-"
52.169.110.77 - - [14/Apr/2025:23:05:39 -0400] "GET /wp-content/themes/seotheme/mar.php HTTP/1.1" 404 15299 "-" "-"
52.169.110.77 - - [14/Apr/2025:23:05:41 -0400] "GET //wp-content/themes/twentyseventeen/page/index.php?p= HTTP/1.1" 301 0 "-" "-"
52.169.24.230 - - [14/Apr/2025:23:05:41 -0400] "GET /rO1GEuJydNZ.php HTTP/1.1" 404 15319 "-" "-"
52.169.24.230 - - [14/Apr/2025:23:05:44 -0400] "GET /radio.php HTTP/1.1" 404 15310 "-" "-"
52.169.110.77 - - [14/Apr/2025:23:05:43 -0400] "GET /wp-content/themes/twentyseventeen/page/ HTTP/1.1" 404 15298 "-" "-"
52.169.110.77 - - [14/Apr/2025:23:05:44 -0400] "GET //wp-content/uploads/ HTTP/1.1" 403 1242 "-" "-"
52.169.24.230 - - [14/Apr/2025:23:05:44 -0400] "GET /rahma.php HTTP/1.1" 404 15311 "-" "-"
52.169.110.77 - - [14/Apr/2025:23:05:45 -0400] "GET //wp-content/wp-login.php HTTP/1.1" 301 0 "-" "-"
52.169.24.230 - - [14/Apr/2025:23:05:47 -0400] "GET /randkeyword.PhP7 HTTP/1.1" 404 15318 "-" "-"
52.169.110.77 - - [14/Apr/2025:23:05:47 -0400] "GET /wp-content/wp-login.php HTTP/1.1" 404 15291 "-" "-"
198.54.114.83 - - [14/Apr/2025:23:05:51 -0400] "POST /wp-cron.php?doing_wp_cron=1744686350.9480381011962890625000 HTTP/1.1" 200 0 "-" "WordPress/6.7.2; https://creative-webstyle.com"
198.54.114.83 - - [14/Apr/2025:23:05:51 -0400] "POST /wp-cron.php?doing_wp_cron=1744686351.1717860698699951171875 HTTP/1.1" 200 0 "-" "WordPress/6.7.2; https://creative-webstyle.com"
52.169.110.77 - - [14/Apr/2025:23:05:50 -0400] "GET //wp-includes/ID3/wp-conflg.php HTTP/1.1" 301 0 "-" "-"
52.169.24.230 - - [14/Apr/2025:23:05:50 -0400] "GET /randkeyword.php HTTP/1.1" 404 15316 "-" "-"
52.169.110.77 - - [14/Apr/2025:23:05:53 -0400] "GET /wp-includes/ID3/wp-conflg.php HTTP/1.1" 404 15299 "-" "-"
52.169.24.230 - - [14/Apr/2025:23:05:54 -0400] "GET /rbh/log.ph HTTP/1.1" 404 15314 "-" "-"
52.169.110.77 - - [14/Apr/2025:23:05:56 -0400] "GET //wp-includes/IXR/chosen.php HTTP/1.1" 301 0 "-" "-"
52.169.24.230 - - [14/Apr/2025:23:05:56 -0400] "GET /readme.php HTTP/1.1" 404 15311 "-" "-"
52.169.110.77 - - [14/Apr/2025:23:05:58 -0400] "GET /wp-includes/IXR/chosen.php HTTP/1.1" 404 15299 "-" "-"
52.169.24.230 - - [14/Apr/2025:23:05:59 -0400] "GET /readme.php/wp-includes/Text/network.php HTTP/1.1" 404 15328 "-" "-"
52.169.110.77 - - [14/Apr/2025:23:06:02 -0400] "GET //wp-includes/Requests/Text/index.php HTTP/1.1" 301 0 "-" "-"
52.169.24.230 - - [14/Apr/2025:23:06:03 -0400] "GET /repeater.php HTTP/1.1" 404 15314 "-" "-"
52.169.110.77 - - [14/Apr/2025:23:06:04 -0400] "GET /wp-includes/Requests/Text/ HTTP/1.1" 404 15296 "-" "-"
52.169.24.230 - - [14/Apr/2025:23:06:04 -0400] "GET /rk1W6vMJj8y.php HTTP/1.1" 404 15316 "-" "-"
52.169.24.230 - - [14/Apr/2025:23:06:08 -0400] "GET /root.php HTTP/1.1" 404 15310 "-" "-"
52.169.110.77 - - [14/Apr/2025:23:06:08 -0400] "GET //wp-includes/SimplePie/index.php HTTP/1.1" 301 0 "-" "-"
52.169.110.77 - - [14/Apr/2025:23:06:10 -0400] "GET /wp-includes/SimplePie/ HTTP/1.1" 403 1242 "-" "-"
52.169.24.230 - - [14/Apr/2025:23:06:10 -0400] "GET /root/ HTTP/1.1" 404 15308 "-" "-"
52.169.110.77 - - [14/Apr/2025:23:06:13 -0400] "GET //wp-includes/blocks/table/them/tmpl/index.php?p= HTTP/1.1" 301 0 "-" "-"
52.169.24.230 - - [14/Apr/2025:23:06:14 -0400] "GET /rss.php HTTP/1.1" 404 15309 "-" "-"
52.169.110.77 - - [14/Apr/2025:23:06:16 -0400] "GET /wp-includes/blocks/table/them/tmpl/ HTTP/1.1" 404 15302 "-" "-"
52.169.24.230 - - [14/Apr/2025:23:06:17 -0400] "GET /s.php HTTP/1.1" 404 15307 "-" "-"
52.169.110.77 - - [14/Apr/2025:23:06:18 -0400] "GET //wp-includes/certificates/chosen.php HTTP/1.1" 301 0 "-" "-"
52.169.24.230 - - [14/Apr/2025:23:06:20 -0400] "GET /sHS.php HTTP/1.1" 404 15309 "-" "-"
52.169.110.77 - - [14/Apr/2025:23:06:22 -0400] "GET /wp-includes/certificates/chosen.php HTTP/1.1" 404 15303 "-" "-"
52.169.24.230 - - [14/Apr/2025:23:06:23 -0400] "GET /sMG.php HTTP/1.1" 404 15310 "-" "-"
52.169.110.77 - - [14/Apr/2025:23:06:25 -0400] "GET //wp-includes/images/about.php HTTP/1.1" 301 0 "-" "-"
52.169.24.230 - - [14/Apr/2025:23:06:26 -0400] "GET /samll.php HTTP/1.1" 404 15311 "-" "-"
52.169.110.77 - - [14/Apr/2025:23:06:26 -0400] "GET /wp-includes/images/about.php HTTP/1.1" 404 15294 "-" "-"
52.169.110.77 - - [14/Apr/2025:23:06:29 -0400] "GET //wp-includes/js/chosen.php HTTP/1.1" 301 0 "-" "-"
52.169.24.230 - - [14/Apr/2025:23:06:28 -0400] "GET /sb.php HTTP/1.1" 404 15308 "-" "-"
52.169.110.77 - - [14/Apr/2025:23:06:31 -0400] "GET /wp-includes/js/chosen.php HTTP/1.1" 404 15296 "-" "-"
52.169.24.230 - - [14/Apr/2025:23:06:32 -0400] "GET /schema.php HTTP/1.1" 404 15312 "-" "-"
52.169.110.77 - - [14/Apr/2025:23:06:35 -0400] "GET //wp-includes/js/tinymce/plugins/compat3x/css/index.php HTTP/1.1" 301 0 "-" "-"
52.169.24.230 - - [14/Apr/2025:23:06:35 -0400] "GET /secure/ HTTP/1.1" 404 15308 "-" "-"
52.169.110.77 - - [14/Apr/2025:23:06:36 -0400] "GET /wp-includes/js/tinymce/plugins/compat3x/css/ HTTP/1.1" 403 1242 "-" "-"
52.169.24.230 - - [14/Apr/2025:23:06:37 -0400] "GET /send.php HTTP/1.1" 404 15310 "-" "-"
52.169.110.77 - - [14/Apr/2025:23:06:38 -0400] "GET //wp-includes/js/tinymce/skins/lightgray/img/index.php?p= HTTP/1.1" 301 0 "-" "-"
52.169.110.77 - - [14/Apr/2025:23:06:40 -0400] "GET /wp-includes/js/tinymce/skins/lightgray/img/ HTTP/1.1" 403 1242 "-" "-"
52.169.24.230 - - [14/Apr/2025:23:06:40 -0400] "GET /server.php HTTP/1.1" 404 15311 "-" "-"
