2a03:2880:31ff:70:: - - [01/Apr/2025:22:35:06 -0400] "GET /robots.txt HTTP/1.1" 200 82297 "-" "facebookexternalhit/1.1 (+http://www.facebook.com/externalhit_uatext.php)"
51.222.253.20 - - [01/Apr/2025:22:35:43 -0400] "GET /page/75/ HTTP/1.1" 200 82333 "-" "Mozilla/5.0 (compatible; AhrefsBot/7.0; +http://ahrefs.com/robot/)"
51.222.253.8 - - [01/Apr/2025:22:36:41 -0400] "GET /author/jorge/page/59/ HTTP/1.1" 200 82297 "-" "Mozilla/5.0 (compatible; AhrefsBot/7.0; +http://ahrefs.com/robot/)"
51.222.253.7 - - [01/Apr/2025:22:37:39 -0400] "GET /category/activity/page/55/ HTTP/1.1" 200 82333 "-" "Mozilla/5.0 (compatible; AhrefsBot/7.0; +http://ahrefs.com/robot/)"
51.222.253.13 - - [01/Apr/2025:22:38:35 -0400] "GET /exploring-the-tranquil-charms-of-the-hill/ HTTP/1.1" 200 82333 "-" "Mozilla/5.0 (compatible; AhrefsBot/7.0; +http://ahrefs.com/robot/)"
51.222.253.2 - - [01/Apr/2025:22:39:28 -0400] "GET /discover-premier-fertility-care-in-dubai/ HTTP/1.1" 200 82297 "-" "Mozilla/5.0 (compatible; AhrefsBot/7.0; +http://ahrefs.com/robot/)"
52.167.144.168 - - [01/Apr/2025:22:39:51 -0400] "GET /the-portable-fire-pump/ HTTP/1.1" 200 82389 "-" "Mozilla/5.0 AppleWebKit/537.36 (KHTML, like Gecko; compatible; bingbot/2.0; +http://www.bing.com/bingbot.htm) Chrome/116.0.1938.76 Safari/537.36"
40.77.202.137 - - [01/Apr/2025:22:40:02 -0400] "GET /products/sw.js HTTP/1.1" 200 82389 "https://saamigraphics.com/the-portable-fire-pump/" "Mozilla/5.0 (Windows NT 6.3; Win64; x64) AppleWebKit/537.36 (KHTML, like Gecko) HeadlessChrome/87.0.4280.141 Safari/537.36 Edg/87.0.664.75"
2a06:6440:0:2c0a::1 - - [01/Apr/2025:22:40:09 -0400] "GET /wp-login.php HTTP/1.1" 200 1717 "-" "GRequests/0.10"
198.54.114.83 - - [01/Apr/2025:22:40:16 -0400] "POST /wp-cron.php?doing_wp_cron=1743561616.2371990680694580078125 HTTP/1.1" 200 0 "-" "WordPress/6.7.2; https://saamigraphics.com"
2a06:6440:0:2c0a::1 - - [01/Apr/2025:22:40:10 -0400] "POST /wp-login.php HTTP/1.1" 200 1849 "-" "GRequests/0.10"
198.54.114.83 - - [01/Apr/2025:22:40:17 -0400] "POST /wp-admin/admin-ajax.php?action=async_litespeed&nonce=iT4gNNHEeCbis1NTOOHWYQJDlragyTE2&litespeed_type=imgoptm HTTP/1.1" 200 0 "-" "WordPress/6.7.2; https://saamigraphics.com"
40.77.167.64 - - [01/Apr/2025:22:40:19 -0400] "GET /the-portable-fire-pump/react.js HTTP/1.1" 200 82333 "-" "Mozilla/5.0 AppleWebKit/537.36 (KHTML, like Gecko; compatible; bingbot/2.0; +http://www.bing.com/bingbot.htm) Chrome/116.0.1938.76 Safari/537.36"
51.222.253.13 - - [01/Apr/2025:22:40:23 -0400] "GET /category/activity/page/57/ HTTP/1.1" 200 82339 "-" "Mozilla/5.0 (compatible; AhrefsBot/7.0; +http://ahrefs.com/robot/)"
52.167.144.222 - - [01/Apr/2025:22:40:28 -0400] "GET /the-portable-fire-pump/react-dom.js HTTP/1.1" 200 82333 "-" "Mozilla/5.0 AppleWebKit/537.36 (KHTML, like Gecko; compatible; bingbot/2.0; +http://www.bing.com/bingbot.htm) Chrome/116.0.1938.76 Safari/537.36"
2a03:2880:f800:e:: - - [01/Apr/2025:22:40:46 -0400] "GET /the-benefits-of-a-part-time-job-for-students/ HTTP/1.1" 200 82333 "-" "meta-externalagent/1.1 (+https://developers.facebook.com/docs/sharing/webmasters/crawler)"
198.54.114.83 - - [01/Apr/2025:22:40:51 -0400] "POST /wp-admin/admin-ajax.php?action=async_litespeed&nonce=XQed2UKJqpxePX2TiI5PpPJQqjRLXFk9&litespeed_type=imgoptm HTTP/1.1" 200 0 "-" "WordPress/6.7.2; https://saamigraphics.com"
51.222.253.4 - - [01/Apr/2025:22:41:30 -0400] "GET /introduction-to-the-american-heart-association-bls/ HTTP/1.1" 200 82333 "-" "Mozilla/5.0 (compatible; AhrefsBot/7.0; +http://ahrefs.com/robot/)"
51.222.253.13 - - [01/Apr/2025:22:42:30 -0400] "GET /the-future-of-education-classroom-6x/ HTTP/1.1" 200 82297 "-" "Mozilla/5.0 (compatible; AhrefsBot/7.0; +http://ahrefs.com/robot/)"
51.222.253.6 - - [01/Apr/2025:22:43:31 -0400] "GET /unlocking-linguistic-proficiency/ HTTP/1.1" 200 82333 "-" "Mozilla/5.0 (compatible; AhrefsBot/7.0; +http://ahrefs.com/robot/)"
104.248.118.148 - - [01/Apr/2025:22:43:49 -0400] "GET /wp-login.php HTTP/1.1" 200 1717 "-" "GRequests/0.10"
198.54.114.83 - - [01/Apr/2025:22:43:51 -0400] "POST /wp-cron.php?doing_wp_cron=1743561830.9718289375305175781250 HTTP/1.1" 200 0 "-" "WordPress/6.7.2; https://saamigraphics.com"
104.248.118.148 - - [01/Apr/2025:22:43:49 -0400] "POST /wp-login.php HTTP/1.1" 200 1850 "-" "GRequests/0.10"
198.54.114.83 - - [01/Apr/2025:22:43:52 -0400] "POST /wp-admin/admin-ajax.php?action=async_litespeed&nonce=O1BTfabAu1AOH9oAnonAURnkBTMXNJxG&litespeed_type=imgoptm HTTP/1.1" 200 0 "-" "WordPress/6.7.2; https://saamigraphics.com"
51.222.253.5 - - [01/Apr/2025:22:44:30 -0400] "GET /assurer-la-dignite-aide-gouvernementale-aux-douches-pour-personnes-agees/ HTTP/1.1" 200 82333 "-" "Mozilla/5.0 (compatible; AhrefsBot/7.0; +http://ahrefs.com/robot/)"
51.222.253.20 - - [01/Apr/2025:22:45:26 -0400] "GET /why-you-should-have-a-custom-window-shutter-on-every-window/ HTTP/1.1" 200 82297 "-" "Mozilla/5.0 (compatible; AhrefsBot/7.0; +http://ahrefs.com/robot/)"
51.222.253.8 - - [01/Apr/2025:22:46:25 -0400] "GET /cherished-memories-the-allure-of-custom-pet-portraits/ HTTP/1.1" 200 82333 "-" "Mozilla/5.0 (compatible; AhrefsBot/7.0; +http://ahrefs.com/robot/)"
2a03:2880:f800:11:: - - [01/Apr/2025:22:47:15 -0400] "GET /navigating-finances-a-comprehensive-accountant-salary-guide/ HTTP/1.1" 200 82333 "-" "meta-externalagent/1.1 (+https://developers.facebook.com/docs/sharing/webmasters/crawler)"
51.222.253.15 - - [01/Apr/2025:22:47:22 -0400] "GET /the-magic-of-custom-pet-photo-gifts/ HTTP/1.1" 200 82297 "-" "Mozilla/5.0 (compatible; AhrefsBot/7.0; +http://ahrefs.com/robot/)"
51.222.253.11 - - [01/Apr/2025:22:48:16 -0400] "GET /author/jorge/page/42/ HTTP/1.1" 200 82333 "-" "Mozilla/5.0 (compatible; AhrefsBot/7.0; +http://ahrefs.com/robot/)"
34.169.175.120 - - [01/Apr/2025:22:48:24 -0400] "GET /how-to-make-your-own-font/ HTTP/1.1" 200 82333 "-" "Mozilla/5.0 (Macintosh; Intel Mac OS X 10.15; rv:109.0) Gecko/20100101 Firefox/116.0"
51.222.253.4 - - [01/Apr/2025:22:49:12 -0400] "GET /category/activity/page/121/ HTTP/1.1" 200 82333 "-" "Mozilla/5.0 (compatible; AhrefsBot/7.0; +http://ahrefs.com/robot/)"
51.222.253.13 - - [01/Apr/2025:22:50:05 -0400] "GET /navigating-the-high-stakes-exploring-the-landscape-of-online-betting/ HTTP/1.1" 200 82297 "-" "Mozilla/5.0 (compatible; AhrefsBot/7.0; +http://ahrefs.com/robot/)"
51.222.253.15 - - [01/Apr/2025:22:51:15 -0400] "GET /finding-the-best-custom-pc-builder-near-you/ HTTP/1.1" 200 82333 "-" "Mozilla/5.0 (compatible; AhrefsBot/7.0; +http://ahrefs.com/robot/)"
51.222.253.13 - - [01/Apr/2025:22:52:17 -0400] "GET /the-best-hair-dryers-from-top-brands/ HTTP/1.1" 200 82333 "-" "Mozilla/5.0 (compatible; AhrefsBot/7.0; +http://ahrefs.com/robot/)"
34.169.175.120 - - [01/Apr/2025:22:52:57 -0400] "GET /the-power-of-nfc-business-cards/ HTTP/1.1" 200 82333 "-" "Mozilla/5.0 (Windows NT 10.0; Win64; x64) AppleWebKit/537.36 (KHTML, like Gecko) Chrome/123.0.0.0 Safari/537.36"
34.19.85.195 - - [01/Apr/2025:22:53:23 -0400] "GET /the-perils-of-purchasing-likes-on-tiktok/ HTTP/1.1" 200 82333 "-" "Mozilla/5.0 (Macintosh; Intel Mac OS X 10.15; rv:109.0) Gecko/20100101 Firefox/116.0"
51.222.253.17 - - [01/Apr/2025:22:53:26 -0400] "GET /category/activity/page/67/ HTTP/1.1" 200 82339 "-" "Mozilla/5.0 (compatible; AhrefsBot/7.0; +http://ahrefs.com/robot/)"
3.128.94.150 - - [01/Apr/2025:22:53:35 -0400] "GET /robots.txt HTTP/1.1" 200 82389 "-" "Mozilla/5.0 AppleWebKit/537.36 (KHTML, like Gecko; compatible; ClaudeBot/1.0; +claudebot@anthropic.com)"
3.128.94.150 - - [01/Apr/2025:22:53:35 -0400] "GET /the-significance-of-auschwitz-tours/ HTTP/1.1" 200 82333 "-" "Mozilla/5.0 AppleWebKit/537.36 (KHTML, like Gecko; compatible; ClaudeBot/1.0; +claudebot@anthropic.com)"
51.222.253.6 - - [01/Apr/2025:22:54:18 -0400] "GET /luxury-living-at-arcady-showflat-experience-elegance-and-comfort/ HTTP/1.1" 200 82298 "-" "Mozilla/5.0 (compatible; AhrefsBot/7.0; +http://ahrefs.com/robot/)"
51.222.253.12 - - [01/Apr/2025:22:55:17 -0400] "GET /une-tasse-publicitaire-lart-de-la-promotion/ HTTP/1.1" 200 82297 "-" "Mozilla/5.0 (compatible; AhrefsBot/7.0; +http://ahrefs.com/robot/)"
51.222.253.10 - - [01/Apr/2025:22:56:18 -0400] "GET /epaviste-gratuit-93/ HTTP/1.1" 200 82244 "-" "Mozilla/5.0 (compatible; AhrefsBot/7.0; +http://ahrefs.com/robot/)"
111.225.149.23 - - [01/Apr/2025:22:56:47 -0400] "GET /category/activity/ HTTP/1.1" 200 82297 "-" "Mozilla/5.0 (Linux; Android 5.0) AppleWebKit/537.36 (KHTML, like Gecko) Mobile Safari/537.36 (compatible; Bytespider; https://zhanzhang.toutiao.com/)"
51.222.253.18 - - [01/Apr/2025:22:57:14 -0400] "GET /how-to-find-legitimate-cbd-in-the-uk/ HTTP/1.1" 200 82333 "-" "Mozilla/5.0 (compatible; AhrefsBot/7.0; +http://ahrefs.com/robot/)"
54.87.255.211 - - [01/Apr/2025:22:57:28 -0400] "GET / HTTP/1.1" 200 82297 "-" "Mozilla/5.0 (Macintosh; Intel Mac OS X 10_15_7) AppleWebKit/537.36 (KHTML, like Gecko) Chrome/108.0.0.0 Safari/537.36"
51.222.253.5 - - [01/Apr/2025:22:58:07 -0400] "GET /mastering-the-art-of-temporarily-freezing-your-instagram-account/ HTTP/1.1" 200 82297 "-" "Mozilla/5.0 (compatible; AhrefsBot/7.0; +http://ahrefs.com/robot/)"
51.222.253.9 - - [01/Apr/2025:22:59:07 -0400] "GET /the-benefits-of-a-part-time-job-for-students/ HTTP/1.1" 200 82333 "-" "Mozilla/5.0 (compatible; AhrefsBot/7.0; +http://ahrefs.com/robot/)"
51.222.253.5 - - [01/Apr/2025:23:00:06 -0400] "GET /category/activity/page/37/ HTTP/1.1" 200 82333 "-" "Mozilla/5.0 (compatible; AhrefsBot/7.0; +http://ahrefs.com/robot/)"
111.225.148.153 - - [01/Apr/2025:23:00:47 -0400] "GET /conseils-pour-nettoyer-les-bijoux-en-argent/ HTTP/1.1" 200 82333 "-" "Mozilla/5.0 (Linux; Android 5.0) AppleWebKit/537.36 (KHTML, like Gecko) Mobile Safari/537.36 (compatible; Bytespider; https://zhanzhang.toutiao.com/)"
51.222.253.19 - - [01/Apr/2025:23:01:02 -0400] "GET /author/jorge/page/68/ HTTP/1.1" 200 82297 "-" "Mozilla/5.0 (compatible; AhrefsBot/7.0; +http://ahrefs.com/robot/)"
212.8.248.108 - - [01/Apr/2025:23:01:03 -0400] "GET /un-examen-des-produits-de-securite-a-domicile HTTP/1.1" 200 82333 "-" "Mozilla/5.0 (Windows NT 10.0; Win64; x64) AppleWebKit/537.36 (KHTML, like Gecko) Chrome/118.0.0.0 Safari/537.36"
51.222.253.4 - - [01/Apr/2025:23:02:05 -0400] "GET /rediscovering-kassia-a-trailblazing-voice-in-byzantine-hymnography/ HTTP/1.1" 200 82297 "-" "Mozilla/5.0 (compatible; AhrefsBot/7.0; +http://ahrefs.com/robot/)"
51.222.253.11 - - [01/Apr/2025:23:03:03 -0400] "GET /category/activity/page/49/ HTTP/1.1" 200 82333 "-" "Mozilla/5.0 (compatible; AhrefsBot/7.0; +http://ahrefs.com/robot/)"
51.222.253.2 - - [01/Apr/2025:23:04:05 -0400] "GET /page/56/ HTTP/1.1" 200 82297 "-" "Mozilla/5.0 (compatible; AhrefsBot/7.0; +http://ahrefs.com/robot/)"
111.225.148.111 - - [01/Apr/2025:23:04:47 -0400] "GET /2023/10/ HTTP/1.1" 200 82297 "-" "Mozilla/5.0 (Linux; Android 5.0) AppleWebKit/537.36 (KHTML, like Gecko) Mobile Safari/537.36 (compatible; Bytespider; https://zhanzhang.toutiao.com/)"
51.222.253.6 - - [01/Apr/2025:23:04:58 -0400] "GET /category/activity/page/77/ HTTP/1.1" 200 82297 "-" "Mozilla/5.0 (compatible; AhrefsBot/7.0; +http://ahrefs.com/robot/)"
2a03:2880:f800:5:: - - [01/Apr/2025:23:05:32 -0400] "GET /the-importance-of-filing-a-tax-declaration/ HTTP/1.1" 200 82297 "-" "meta-externalagent/1.1 (+https://developers.facebook.com/docs/sharing/webmasters/crawler)"
51.222.253.1 - - [01/Apr/2025:23:05:59 -0400] "GET /luniverso-delle-carte-magic-the-gathering/ HTTP/1.1" 200 82333 "-" "Mozilla/5.0 (compatible; AhrefsBot/7.0; +http://ahrefs.com/robot/)"
51.222.253.10 - - [01/Apr/2025:23:06:57 -0400] "GET /penalties-for-dwi-are-serious-business-for-dwi-lawyers/ HTTP/1.1" 200 82333 "-" "Mozilla/5.0 (compatible; AhrefsBot/7.0; +http://ahrefs.com/robot/)"
198.54.114.83 - - [01/Apr/2025:23:07:04 -0400] "POST /wp-admin/admin-ajax.php?action=async_litespeed&nonce=Fkkw4Jw4ZkLWcr3eWo12Jy4ETUAaVZZy&litespeed_type=imgoptm HTTP/1.1" 200 0 "-" "WordPress/6.7.2; https://saamigraphics.com"
51.222.253.11 - - [01/Apr/2025:23:08:01 -0400] "GET /how-a-jewelry-retouching-service-can-enhance-jewelry-images/ HTTP/1.1" 200 82297 "-" "Mozilla/5.0 (compatible; AhrefsBot/7.0; +http://ahrefs.com/robot/)"
202.8.40.173 - - [01/Apr/2025:23:08:04 -0400] "GET /how-a-jewelry-retouching-service-can-enhance-jewelry-images/react.js HTTP/1.1" 200 82297 "https://saamigraphics.com/how-a-jewelry-retouching-service-can-enhance-jewelry-images/" "Mozilla/5.0 (compatible; AhrefsBot/7.0; +http://ahrefs.com/robot/)"
202.8.40.173 - - [01/Apr/2025:23:08:04 -0400] "GET /how-a-jewelry-retouching-service-can-enhance-jewelry-images/react-dom.js HTTP/1.1" 200 82333 "https://saamigraphics.com/how-a-jewelry-retouching-service-can-enhance-jewelry-images/" "Mozilla/5.0 (compatible; AhrefsBot/7.0; +http://ahrefs.com/robot/)"
110.249.202.115 - - [01/Apr/2025:23:08:48 -0400] "GET /page/38/ HTTP/1.1" 200 82297 "-" "Mozilla/5.0 (Linux; Android 5.0) AppleWebKit/537.36 (KHTML, like Gecko) Mobile Safari/537.36 (compatible; Bytespider; https://zhanzhang.toutiao.com/)"
51.222.253.5 - - [01/Apr/2025:23:09:07 -0400] "GET /author/jorge/page/48/ HTTP/1.1" 200 82297 "-" "Mozilla/5.0 (compatible; AhrefsBot/7.0; +http://ahrefs.com/robot/)"
51.222.253.19 - - [01/Apr/2025:23:10:02 -0400] "GET /where-to-buy-real-instagram-likes/ HTTP/1.1" 200 82297 "-" "Mozilla/5.0 (compatible; AhrefsBot/7.0; +http://ahrefs.com/robot/)"
51.222.253.4 - - [01/Apr/2025:23:10:58 -0400] "GET /navigating-the-world-of-online-casinos-a-comprehensive-guide/ HTTP/1.1" 200 82298 "-" "Mozilla/5.0 (compatible; AhrefsBot/7.0; +http://ahrefs.com/robot/)"
51.222.253.14 - - [01/Apr/2025:23:12:03 -0400] "GET /unveiling-the-boundless-realms-of-grand-theft-auto-vi/ HTTP/1.1" 200 82333 "-" "Mozilla/5.0 (compatible; AhrefsBot/7.0; +http://ahrefs.com/robot/)"
54.222.162.60 - - [01/Apr/2025:23:12:47 -0400] "GET /lhygieniste-geneve-2/ HTTP/1.1" 200 82389 "-" "Mozilla/5.0 (Linux; Android 6.0; Nexus 5 Build/MRA58N) AppleWebKit/537.36 (KHTML, like Gecko) Chrome/54.0.6472.1966 Mobile Safari/537.36"
51.222.253.11 - - [01/Apr/2025:23:13:02 -0400] "GET /navigating-global-trade-essentials-of-international-shipping/ HTTP/1.1" 200 82389 "-" "Mozilla/5.0 (compatible; AhrefsBot/7.0; +http://ahrefs.com/robot/)"
51.222.253.20 - - [01/Apr/2025:23:14:05 -0400] "GET /streamlined-comfort-the-evolution-of-instant-hot-and-cold-water-taps/ HTTP/1.1" 200 82333 "-" "Mozilla/5.0 (compatible; AhrefsBot/7.0; +http://ahrefs.com/robot/)"
51.222.253.18 - - [01/Apr/2025:23:15:03 -0400] "GET /unveiling-the-best-restaurants-near-you/ HTTP/1.1" 200 82293 "-" "Mozilla/5.0 (compatible; AhrefsBot/7.0; +http://ahrefs.com/robot/)"
51.222.253.13 - - [01/Apr/2025:23:16:00 -0400] "GET /the-rise-of-california-prefab-homes-modern-living-redefined/ HTTP/1.1" 200 82389 "-" "Mozilla/5.0 (compatible; AhrefsBot/7.0; +http://ahrefs.com/robot/)"
165.227.84.75 - - [01/Apr/2025:23:16:26 -0400] "GET /wp-login.php HTTP/1.1" 200 1717 "-" "GRequests/0.10"
198.54.114.83 - - [01/Apr/2025:23:16:29 -0400] "POST /wp-cron.php?doing_wp_cron=1743563789.6665720939636230468750 HTTP/1.1" 200 0 "-" "WordPress/6.7.2; https://saamigraphics.com"
165.227.84.75 - - [01/Apr/2025:23:16:27 -0400] "POST /wp-login.php HTTP/1.1" 200 1849 "-" "GRequests/0.10"
198.54.114.83 - - [01/Apr/2025:23:16:32 -0400] "POST /wp-admin/admin-ajax.php?action=async_litespeed&nonce=goELxK9d5L9P8SaP6FttLFpuVfy1HibR&litespeed_type=imgoptm HTTP/1.1" 200 0 "-" "WordPress/6.7.2; https://saamigraphics.com"
51.222.253.18 - - [01/Apr/2025:23:17:16 -0400] "GET /author/jorge/page/24/ HTTP/1.1" 200 82297 "-" "Mozilla/5.0 (compatible; AhrefsBot/7.0; +http://ahrefs.com/robot/)"
45.251.139.244 - - [01/Apr/2025:23:17:51 -0400] "GET /startup-business-loans-for-women/ HTTP/1.1" 200 82333 "-" "Mozilla/5.0 (Macintosh; Intel Mac OS X 10_15_7) AppleWebKit/537.36 (KHTML, like Gecko) Chrome/125.0.0.0 Safari/537.36"
51.222.253.6 - - [01/Apr/2025:23:18:09 -0400] "GET /category/activity/page/69/ HTTP/1.1" 200 82333 "-" "Mozilla/5.0 (compatible; AhrefsBot/7.0; +http://ahrefs.com/robot/)"
51.222.253.7 - - [01/Apr/2025:23:19:07 -0400] "GET /category/activity/page/38/ HTTP/1.1" 200 82333 "-" "Mozilla/5.0 (compatible; AhrefsBot/7.0; +http://ahrefs.com/robot/)"
58.254.68.93 - - [01/Apr/2025:23:19:26 -0400] "GET /uk-cbd-shop-review/ HTTP/1.1" 200 82297 "https://saamigraphics.com" "Mozilla/5.0 (Windows NT 10.0; Win64; x64) AppleWebKit/537.36 (KHTML, like Gecko) Chrome/62.0.3202.94 Safari/537.36"
51.222.253.18 - - [01/Apr/2025:23:20:06 -0400] "GET /the-art-of-massage-unveiling-its-benefits/ HTTP/1.1" 200 82297 "-" "Mozilla/5.0 (compatible; AhrefsBot/7.0; +http://ahrefs.com/robot/)"
110.249.201.158 - - [01/Apr/2025:23:20:48 -0400] "GET /prodotti-tipici-aglio-olio-e-peperoncino/ HTTP/1.1" 200 82297 "-" "Mozilla/5.0 (Linux; Android 5.0) AppleWebKit/537.36 (KHTML, like Gecko) Mobile Safari/537.36 (compatible; Bytespider; https://zhanzhang.toutiao.com/)"
51.222.253.6 - - [01/Apr/2025:23:21:08 -0400] "GET /capturing-cherished-moments-the-art-of-custom-pet-portraits/ HTTP/1.1" 200 82297 "-" "Mozilla/5.0 (compatible; AhrefsBot/7.0; +http://ahrefs.com/robot/)"
51.222.253.16 - - [01/Apr/2025:23:22:43 -0400] "GET /a-holistic-approach/ HTTP/1.1" 200 82333 "-" "Mozilla/5.0 (compatible; AhrefsBot/7.0; +http://ahrefs.com/robot/)"
51.222.253.11 - - [01/Apr/2025:23:23:45 -0400] "GET /category/activity/page/39/ HTTP/1.1" 200 82297 "-" "Mozilla/5.0 (compatible; AhrefsBot/7.0; +http://ahrefs.com/robot/)"
51.222.253.20 - - [01/Apr/2025:23:24:46 -0400] "GET /author/jorge/page/37/ HTTP/1.1" 200 82298 "-" "Mozilla/5.0 (compatible; AhrefsBot/7.0; +http://ahrefs.com/robot/)"
51.222.253.15 - - [01/Apr/2025:23:25:42 -0400] "GET /unveiling-the-truth-behind-buying-youtube-subscribers/ HTTP/1.1" 200 82297 "-" "Mozilla/5.0 (compatible; AhrefsBot/7.0; +http://ahrefs.com/robot/)"
51.222.253.7 - - [01/Apr/2025:23:26:32 -0400] "GET /access-to-healthcare/ HTTP/1.1" 200 82333 "-" "Mozilla/5.0 (compatible; AhrefsBot/7.0; +http://ahrefs.com/robot/)"
104.234.53.15 - - [01/Apr/2025:23:26:38 -0400] "GET /real-estate-photography-tips/ HTTP/1.1" 200 82333 "https://saamigraphics.com/real-estate-photography-tips/" "Mozilla/5.0 (Windows NT 10.0; Win64; x64) AppleWebKit/537.36 (KHTML, like Gecko) Chrome/131.0.0.0 Safari/537.36 Avast/131.0.0.0"
199.101.196.11 - - [01/Apr/2025:23:26:40 -0400] "GET /real-estate-photography-tips/ HTTP/1.1" 200 82297 "https://saamigraphics.com/real-estate-photography-tips/" "Mozilla/5.0 (Windows NT 10.0; Win64; x64) AppleWebKit/537.36 (KHTML, like Gecko) Chrome/131.0.0.0 Safari/537.36 Avast/131.0.0.0"
51.222.253.5 - - [01/Apr/2025:23:27:23 -0400] "GET /the-most-comfortable-sandals-for-women/ HTTP/1.1" 200 82297 "-" "Mozilla/5.0 (compatible; AhrefsBot/7.0; +http://ahrefs.com/robot/)"
2a03:2880:f800:12:: - - [01/Apr/2025:23:27:41 -0400] "GET /why-you-should-buy-youtube-social-shares/ HTTP/1.1" 200 82297 "-" "meta-externalagent/1.1 (+https://developers.facebook.com/docs/sharing/webmasters/crawler)"
2a03:2880:f800:19:: - - [01/Apr/2025:23:27:50 -0400] "GET /law-tutor-find-a-law-tutor-near-you/ HTTP/1.1" 200 82389 "-" "meta-externalagent/1.1 (+https://developers.facebook.com/docs/sharing/webmasters/crawler)"
51.222.253.6 - - [01/Apr/2025:23:28:17 -0400] "GET /understanding-and-managing-upper-shoulder-blade-pain/ HTTP/1.1" 200 82333 "-" "Mozilla/5.0 (compatible; AhrefsBot/7.0; +http://ahrefs.com/robot/)"
51.222.253.8 - - [01/Apr/2025:23:29:14 -0400] "GET /category/activity/page/129/ HTTP/1.1" 200 82297 "-" "Mozilla/5.0 (compatible; AhrefsBot/7.0; +http://ahrefs.com/robot/)"
3.144.41.223 - - [01/Apr/2025:23:29:43 -0400] "GET /?p=2346 HTTP/1.1" 200 82297 "-" "Mozilla/5.0 AppleWebKit/537.36 (KHTML, like Gecko; compatible; ClaudeBot/1.0; +claudebot@anthropic.com)"
51.222.253.10 - - [01/Apr/2025:23:30:07 -0400] "GET /nusa-penida-day-tour-from-bali/ HTTP/1.1" 200 82333 "-" "Mozilla/5.0 (compatible; AhrefsBot/7.0; +http://ahrefs.com/robot/)"
51.222.253.5 - - [01/Apr/2025:23:31:12 -0400] "GET /building-your-resume-to-get-hiring-managers-attention/ HTTP/1.1" 200 82333 "-" "Mozilla/5.0 (compatible; AhrefsBot/7.0; +http://ahrefs.com/robot/)"
51.222.253.14 - - [01/Apr/2025:23:32:13 -0400] "GET /exploring-the-hidden-gems-of-nusa-penida-a-tourists-paradise/ HTTP/1.1" 200 82333 "-" "Mozilla/5.0 (compatible; AhrefsBot/7.0; +http://ahrefs.com/robot/)"
110.249.201.108 - - [01/Apr/2025:23:32:48 -0400] "GET /feng-shui-pour-les-celibataires-comment-attirer-un-nouvel-amour-dans-votre-vie/ HTTP/1.1" 200 82297 "-" "Mozilla/5.0 (Linux; Android 5.0) AppleWebKit/537.36 (KHTML, like Gecko) Mobile Safari/537.36 (compatible; Bytespider; https://zhanzhang.toutiao.com/)"
198.54.114.83 - - [01/Apr/2025:23:33:15 -0400] "POST /wp-admin/admin-ajax.php?action=async_litespeed&nonce=eJ23XwZ4SLcySPWsluAXlu5bsgPSeVmH&litespeed_type=imgoptm HTTP/1.1" 200 0 "-" "WordPress/6.7.2; https://saamigraphics.com"
51.222.253.20 - - [01/Apr/2025:23:33:18 -0400] "GET /der-zeitlose-charme-von-hangelampen/ HTTP/1.1" 200 82333 "-" "Mozilla/5.0 (compatible; AhrefsBot/7.0; +http://ahrefs.com/robot/)"
3.142.249.192 - - [01/Apr/2025:23:33:27 -0400] "GET /excellence-in-design-and-functionality HTTP/1.1" 200 82333 "-" "Mozilla/5.0 AppleWebKit/537.36 (KHTML, like Gecko; compatible; ClaudeBot/1.0; +claudebot@anthropic.com)"
51.222.253.10 - - [01/Apr/2025:23:34:06 -0400] "GET /prime-investment-opportunities-in-costa-del-sol-real-estate/ HTTP/1.1" 200 82297 "-" "Mozilla/5.0 (compatible; AhrefsBot/7.0; +http://ahrefs.com/robot/)"
51.222.253.19 - - [01/Apr/2025:23:35:09 -0400] "GET /essential-tips-for-maintaining-your-shelter/ HTTP/1.1" 200 82297 "-" "Mozilla/5.0 (compatible; AhrefsBot/7.0; +http://ahrefs.com/robot/)"
51.222.253.12 - - [01/Apr/2025:23:36:09 -0400] "GET /author/jorge/page/64/ HTTP/1.1" 200 82297 "-" "Mozilla/5.0 (compatible; AhrefsBot/7.0; +http://ahrefs.com/robot/)"
111.225.149.183 - - [01/Apr/2025:23:36:47 -0400] "GET /lhygieniste-geneve-2/ HTTP/1.1" 200 82297 "-" "Mozilla/5.0 (Linux; Android 5.0) AppleWebKit/537.36 (KHTML, like Gecko) Mobile Safari/537.36 (compatible; Bytespider; https://zhanzhang.toutiao.com/)"
51.222.253.10 - - [01/Apr/2025:23:37:05 -0400] "GET /author/jorge/page/32/ HTTP/1.1" 200 82297 "-" "Mozilla/5.0 (compatible; AhrefsBot/7.0; +http://ahrefs.com/robot/)"
17.241.227.213 - - [01/Apr/2025:23:37:14 -0400] "GET /robots.txt HTTP/1.1" 200 82297 "-" "Mozilla/5.0 (Macintosh; Intel Mac OS X 10_15_7) AppleWebKit/605.1.15 (KHTML, like Gecko) Version/17.4 Safari/605.1.15 (Applebot/0.1; +http://www.apple.com/go/applebot)"
17.241.227.213 - - [01/Apr/2025:23:37:16 -0400] "GET /obamas-nobel-prize-will-exacerbate-his-narcissistic-tendencies/ HTTP/1.1" 200 82297 "-" "Mozilla/5.0 (Macintosh; Intel Mac OS X 10_15_7) AppleWebKit/605.1.15 (KHTML, like Gecko) Version/17.4 Safari/605.1.15 (Applebot/0.1; +http://www.apple.com/go/applebot)"
51.222.253.18 - - [01/Apr/2025:23:37:54 -0400] "GET /category/activity/page/125/ HTTP/1.1" 200 82333 "-" "Mozilla/5.0 (compatible; AhrefsBot/7.0; +http://ahrefs.com/robot/)"
51.222.253.13 - - [01/Apr/2025:23:38:53 -0400] "GET /an-effective-strategy/ HTTP/1.1" 200 82333 "-" "Mozilla/5.0 (compatible; AhrefsBot/7.0; +http://ahrefs.com/robot/)"
139.59.100.51 - - [01/Apr/2025:23:39:23 -0400] "GET /wp-login.php HTTP/1.1" 200 1717 "-" "Mozila/5.0"
198.54.114.83 - - [01/Apr/2025:23:39:30 -0400] "POST /wp-cron.php?doing_wp_cron=1743565168.1370320320129394531250 HTTP/1.1" 200 0 "-" "WordPress/6.7.2; https://saamigraphics.com"
139.59.100.51 - - [01/Apr/2025:23:39:24 -0400] "POST /wp-login.php HTTP/1.1" 200 1850 "-" "Mozila/5.0"
139.59.100.51 - - [01/Apr/2025:23:39:32 -0400] "GET /wp-admin/ HTTP/1.1" 302 0 "-" "Mozila/5.0"
139.59.100.51 - - [01/Apr/2025:23:39:34 -0400] "GET /wp-login.php?redirect_to=https%3A%2F%2Fsaamigraphics.com%2Fwp-admin%2F&reauth=1 HTTP/1.1" 200 1717 "-" "Mozila/5.0"
198.54.114.83 - - [01/Apr/2025:23:39:36 -0400] "POST /wp-admin/admin-ajax.php?action=async_litespeed&nonce=cAXR07y6ynaHdGvwObMj9LTlZgX6Wl5k&litespeed_type=imgoptm HTTP/1.1" 200 0 "-" "WordPress/6.7.2; https://saamigraphics.com"
51.222.253.14 - - [01/Apr/2025:23:39:43 -0400] "GET /unlocking-the-power-of-forex-trading-with-automated-solutions/ HTTP/1.1" 200 82297 "-" "Mozilla/5.0 (compatible; AhrefsBot/7.0; +http://ahrefs.com/robot/)"
51.222.253.8 - - [01/Apr/2025:23:40:38 -0400] "GET /a-vital-imperative/ HTTP/1.1" 200 82333 "-" "Mozilla/5.0 (compatible; AhrefsBot/7.0; +http://ahrefs.com/robot/)"
213.136.81.226 - - [01/Apr/2025:23:40:39 -0400] "GET /a.php HTTP/1.1" 200 82297 "https://www.google.com" "Mozilla/5.0 (Linux; Android 7.0; SM-G892A Build/NRD90M; wv) AppleWebKit/537.36 (KHTML, Gecko) Version/4.0 Chrome/60.0.3112.107 Mobile Safari/537.36"
213.136.81.226 - - [01/Apr/2025:23:40:42 -0400] "GET /b.php HTTP/1.1" 200 82297 "https://www.google.com" "Mozilla/5.0 (Linux; Android 7.0; SM-G892A Build/NRD90M; wv) AppleWebKit/537.36 (KHTML, Gecko) Version/4.0 Chrome/60.0.3112.107 Mobile Safari/537.36"
213.136.81.226 - - [01/Apr/2025:23:40:43 -0400] "GET /c.php HTTP/1.1" 200 82297 "https://www.google.com" "Mozilla/5.0 (Linux; Android 7.0; SM-G892A Build/NRD90M; wv) AppleWebKit/537.36 (KHTML, Gecko) Version/4.0 Chrome/60.0.3112.107 Mobile Safari/537.36"
213.136.81.226 - - [01/Apr/2025:23:40:44 -0400] "GET /d.php HTTP/1.1" 200 82333 "https://www.google.com" "Mozilla/5.0 (Linux; Android 7.0; SM-G892A Build/NRD90M; wv) AppleWebKit/537.36 (KHTML, Gecko) Version/4.0 Chrome/60.0.3112.107 Mobile Safari/537.36"
213.136.81.226 - - [01/Apr/2025:23:40:45 -0400] "GET /e.php HTTP/1.1" 200 82333 "https://www.google.com" "Mozilla/5.0 (Linux; Android 7.0; SM-G892A Build/NRD90M; wv) AppleWebKit/537.36 (KHTML, Gecko) Version/4.0 Chrome/60.0.3112.107 Mobile Safari/537.36"
213.136.81.226 - - [01/Apr/2025:23:40:47 -0400] "GET /f.php HTTP/1.1" 200 82333 "https://www.google.com" "Mozilla/5.0 (Linux; Android 7.0; SM-G892A Build/NRD90M; wv) AppleWebKit/537.36 (KHTML, Gecko) Version/4.0 Chrome/60.0.3112.107 Mobile Safari/537.36"
111.225.149.247 - - [01/Apr/2025:23:40:49 -0400] "GET /which-of-these-grandfather-clocks-do-you-want/ HTTP/1.1" 200 82333 "-" "Mozilla/5.0 (Linux; Android 5.0) AppleWebKit/537.36 (KHTML, like Gecko) Mobile Safari/537.36 (compatible; Bytespider; https://zhanzhang.toutiao.com/)"
213.136.81.226 - - [01/Apr/2025:23:40:51 -0400] "GET /q.php HTTP/1.1" 200 82333 "https://www.google.com" "Mozilla/5.0 (Linux; Android 7.0; SM-G892A Build/NRD90M; wv) AppleWebKit/537.36 (KHTML, Gecko) Version/4.0 Chrome/60.0.3112.107 Mobile Safari/537.36"
213.136.81.226 - - [01/Apr/2025:23:40:54 -0400] "GET /z.php HTTP/1.1" 200 82333 "https://www.google.com" "Mozilla/5.0 (Linux; Android 7.0; SM-G892A Build/NRD90M; wv) AppleWebKit/537.36 (KHTML, Gecko) Version/4.0 Chrome/60.0.3112.107 Mobile Safari/537.36"
213.136.81.226 - - [01/Apr/2025:23:40:56 -0400] "GET /d.php HTTP/1.1" 200 82333 "https://www.google.com" "Mozilla/5.0 (Linux; Android 7.0; SM-G892A Build/NRD90M; wv) AppleWebKit/537.36 (KHTML, Gecko) Version/4.0 Chrome/60.0.3112.107 Mobile Safari/537.36"
213.136.81.226 - - [01/Apr/2025:23:40:57 -0400] "GET /wp-content/themes/theme/functions.php HTTP/1.1" 200 82333 "https://www.google.com" "Mozilla/5.0 (Linux; Android 7.0; SM-G892A Build/NRD90M; wv) AppleWebKit/537.36 (KHTML, Gecko) Version/4.0 Chrome/60.0.3112.107 Mobile Safari/537.36"
213.136.81.226 - - [01/Apr/2025:23:41:04 -0400] "GET /wp-content/themes/classwithtostring.php HTTP/1.1" 200 82297 "https://www.google.com" "Mozilla/5.0 (Linux; Android 7.0; SM-G892A Build/NRD90M; wv) AppleWebKit/537.36 (KHTML, Gecko) Version/4.0 Chrome/60.0.3112.107 Mobile Safari/537.36"
213.136.81.226 - - [01/Apr/2025:23:41:05 -0400] "GET /wp-includes/classwithtostring.php HTTP/1.1" 200 82297 "https://www.google.com" "Mozilla/5.0 (Linux; Android 7.0; SM-G892A Build/NRD90M; wv) AppleWebKit/537.36 (KHTML, Gecko) Version/4.0 Chrome/60.0.3112.107 Mobile Safari/537.36"
213.136.81.226 - - [01/Apr/2025:23:41:06 -0400] "GET /wp-includes/rk2.php HTTP/1.1" 200 82333 "https://www.google.com" "Mozilla/5.0 (Linux; Android 7.0; SM-G892A Build/NRD90M; wv) AppleWebKit/537.36 (KHTML, Gecko) Version/4.0 Chrome/60.0.3112.107 Mobile Safari/537.36"
213.136.81.226 - - [01/Apr/2025:23:41:08 -0400] "GET /wp-admin/maint/fie.php HTTP/1.1" 200 82333 "https://www.google.com" "Mozilla/5.0 (Linux; Android 7.0; SM-G892A Build/NRD90M; wv) AppleWebKit/537.36 (KHTML, Gecko) Version/4.0 Chrome/60.0.3112.107 Mobile Safari/537.36"
213.136.81.226 - - [01/Apr/2025:23:41:11 -0400] "GET /wp-content/index.php HTTP/1.1" 200 0 "https://www.google.com" "Mozilla/5.0 (Linux; Android 7.0; SM-G892A Build/NRD90M; wv) AppleWebKit/537.36 (KHTML, Gecko) Version/4.0 Chrome/60.0.3112.107 Mobile Safari/537.36"
213.136.81.226 - - [01/Apr/2025:23:41:12 -0400] "GET /wp-content/plugins/fix/up.php HTTP/1.1" 200 82333 "https://www.google.com" "Mozilla/5.0 (Linux; Android 7.0; SM-G892A Build/NRD90M; wv) AppleWebKit/537.36 (KHTML, Gecko) Version/4.0 Chrome/60.0.3112.107 Mobile Safari/537.36"
213.136.81.226 - - [01/Apr/2025:23:41:13 -0400] "GET /wp-admin/maint/file.php HTTP/1.1" 200 82297 "https://www.google.com" "Mozilla/5.0 (Linux; Android 7.0; SM-G892A Build/NRD90M; wv) AppleWebKit/537.36 (KHTML, Gecko) Version/4.0 Chrome/60.0.3112.107 Mobile Safari/537.36"
213.136.81.226 - - [01/Apr/2025:23:41:14 -0400] "GET /file.php HTTP/1.1" 200 82333 "https://www.google.com" "Mozilla/5.0 (Linux; Android 7.0; SM-G892A Build/NRD90M; wv) AppleWebKit/537.36 (KHTML, Gecko) Version/4.0 Chrome/60.0.3112.107 Mobile Safari/537.36"
213.136.81.226 - - [01/Apr/2025:23:41:20 -0400] "GET /wp-includes/file.php HTTP/1.1" 200 82297 "https://www.google.com" "Mozilla/5.0 (Linux; Android 7.0; SM-G892A Build/NRD90M; wv) AppleWebKit/537.36 (KHTML, Gecko) Version/4.0 Chrome/60.0.3112.107 Mobile Safari/537.36"
213.136.81.226 - - [01/Apr/2025:23:41:21 -0400] "GET /go.php HTTP/1.1" 200 82297 "https://www.google.com" "Mozilla/5.0 (Linux; Android 7.0; SM-G892A Build/NRD90M; wv) AppleWebKit/537.36 (KHTML, Gecko) Version/4.0 Chrome/60.0.3112.107 Mobile Safari/537.36"
213.136.81.226 - - [01/Apr/2025:23:41:22 -0400] "GET /wp-includes/widgets/past.php HTTP/1.1" 200 82297 "https://www.google.com" "Mozilla/5.0 (Linux; Android 7.0; SM-G892A Build/NRD90M; wv) AppleWebKit/537.36 (KHTML, Gecko) Version/4.0 Chrome/60.0.3112.107 Mobile Safari/537.36"
213.136.81.226 - - [01/Apr/2025:23:41:23 -0400] "GET /wp-admin/includes/lint-branch.php HTTP/1.1" 200 82297 "https://www.google.com" "Mozilla/5.0 (Linux; Android 7.0; SM-G892A Build/NRD90M; wv) AppleWebKit/537.36 (KHTML, Gecko) Version/4.0 Chrome/60.0.3112.107 Mobile Safari/537.36"
51.222.253.9 - - [01/Apr/2025:23:41:34 -0400] "GET /page/57/ HTTP/1.1" 200 82297 "-" "Mozilla/5.0 (compatible; AhrefsBot/7.0; +http://ahrefs.com/robot/)"
51.222.253.16 - - [01/Apr/2025:23:42:25 -0400] "GET /the-truth-behind-buying-youtube-views/ HTTP/1.1" 200 82297 "-" "Mozilla/5.0 (compatible; AhrefsBot/7.0; +http://ahrefs.com/robot/)"
51.222.253.2 - - [01/Apr/2025:23:43:28 -0400] "GET /category/activity/page/41/ HTTP/1.1" 200 82333 "-" "Mozilla/5.0 (compatible; AhrefsBot/7.0; +http://ahrefs.com/robot/)"
51.222.253.16 - - [01/Apr/2025:23:44:27 -0400] "GET /affordable-care-act-aca-insurance-calculator-self-insured-person-2024/ HTTP/1.1" 200 82333 "-" "Mozilla/5.0 (compatible; AhrefsBot/7.0; +http://ahrefs.com/robot/)"
111.225.148.139 - - [01/Apr/2025:23:44:47 -0400] "GET /reasons-to-hire-a-residential-locksmith/ HTTP/1.1" 200 82333 "-" "Mozilla/5.0 (Linux; Android 5.0) AppleWebKit/537.36 (KHTML, like Gecko) Mobile Safari/537.36 (compatible; Bytespider; https://zhanzhang.toutiao.com/)"
51.222.253.4 - - [01/Apr/2025:23:45:21 -0400] "GET /author/jorge/page/56/ HTTP/1.1" 200 82333 "-" "Mozilla/5.0 (compatible; AhrefsBot/7.0; +http://ahrefs.com/robot/)"
51.222.253.15 - - [01/Apr/2025:23:46:16 -0400] "GET /unveiling-the-unmatched-comfort-and-performance-of-custom-athletic-socks/ HTTP/1.1" 200 82389 "-" "Mozilla/5.0 (compatible; AhrefsBot/7.0; +http://ahrefs.com/robot/)"
2a03:2880:f800:f:: - - [01/Apr/2025:23:47:03 -0400] "GET /exploring-the-tranquil-charms-of-the-hill/ HTTP/1.1" 200 82333 "-" "meta-externalagent/1.1 (+https://developers.facebook.com/docs/sharing/webmasters/crawler)"
51.222.253.9 - - [01/Apr/2025:23:47:13 -0400] "GET /author/jorge/page/77/ HTTP/1.1" 200 82333 "-" "Mozilla/5.0 (compatible; AhrefsBot/7.0; +http://ahrefs.com/robot/)"
112.92.70.120 - - [01/Apr/2025:23:48:03 -0400] "GET /how-to-find-a-locksmith-near-me/ HTTP/1.1" 200 82333 "https://saamigraphics.com" "Mozilla/5.0 (Windows NT 10.0; Win64; x64) AppleWebKit/537.36 (KHTML, like Gecko) Chrome/62.0.3202.94 Safari/537.36"
51.222.253.13 - - [01/Apr/2025:23:48:05 -0400] "GET /curly-hair-bliss-discovering-the-artistry-of-a-curly-hairdresser-in-melbourne/ HTTP/1.1" 200 82333 "-" "Mozilla/5.0 (compatible; AhrefsBot/7.0; +http://ahrefs.com/robot/)"
110.249.202.107 - - [01/Apr/2025:23:48:48 -0400] "GET /feng-shui-pour-les-celibataires-comment-attirer-un-nouvel-amour-dans-votre-vie/ HTTP/1.1" 200 82333 "-" "Mozilla/5.0 (Linux; Android 5.0) AppleWebKit/537.36 (KHTML, like Gecko) Mobile Safari/537.36 (compatible; Bytespider; https://zhanzhang.toutiao.com/)"
51.222.253.12 - - [01/Apr/2025:23:49:06 -0400] "GET /the-allure-of-custom-360-printed-socks/ HTTP/1.1" 200 82333 "-" "Mozilla/5.0 (compatible; AhrefsBot/7.0; +http://ahrefs.com/robot/)"
47.82.10.33 - - [01/Apr/2025:23:49:25 -0400] "GET /wp-includes/css/dist/block-library/style.min.css HTTP/1.1" 200 14225 "-" "Mozilla/5.0 (Windows NT 10.0; Win64; x64) AppleWebKit/537.36 (KHTML, like Gecko) Chrome/114.0.0.0 Safari/537.36 Edg/114.0.1823.43"
51.222.253.13 - - [01/Apr/2025:23:49:59 -0400] "GET /author/jorge/page/65/ HTTP/1.1" 200 82333 "-" "Mozilla/5.0 (compatible; AhrefsBot/7.0; +http://ahrefs.com/robot/)"
51.222.253.16 - - [01/Apr/2025:23:50:53 -0400] "GET /category/activity/page/43/ HTTP/1.1" 200 82333 "-" "Mozilla/5.0 (compatible; AhrefsBot/7.0; +http://ahrefs.com/robot/)"
51.222.253.3 - - [01/Apr/2025:23:51:47 -0400] "GET /author/jorge/page/33/ HTTP/1.1" 200 82333 "-" "Mozilla/5.0 (compatible; AhrefsBot/7.0; +http://ahrefs.com/robot/)"
47.79.98.168 - - [01/Apr/2025:23:52:10 -0400] "GET /wp-content/themes/color-magazine/assets/library/lightslider/css/lightslider.min.css HTTP/1.1" 200 1223 "-" "Mozilla/5.0 (Windows NT 10.0; Win64; x64) AppleWebKit/537.36 (KHTML, like Gecko) Chrome/114.0.0.0 Safari/537.36 Edg/114.0.1823.43"
51.222.253.8 - - [01/Apr/2025:23:52:40 -0400] "GET /author/jorge/page/128/ HTTP/1.1" 200 82297 "-" "Mozilla/5.0 (compatible; AhrefsBot/7.0; +http://ahrefs.com/robot/)"
111.225.149.162 - - [01/Apr/2025:23:52:47 -0400] "GET /lhygieniste-geneve/ HTTP/1.1" 200 82339 "-" "Mozilla/5.0 (Linux; Android 5.0) AppleWebKit/537.36 (KHTML, like Gecko) Mobile Safari/537.36 (compatible; Bytespider; https://zhanzhang.toutiao.com/)"
58.254.68.93 - - [01/Apr/2025:23:53:38 -0400] "GET /how-to-find-a-locksmith-near-me/ HTTP/1.1" 200 82297 "https://saamigraphics.com" "Mozilla/5.0 (Windows NT 10.0; Win64; x64) AppleWebKit/537.36 (KHTML, like Gecko) Chrome/62.0.3202.94 Safari/537.36"
51.222.253.19 - - [01/Apr/2025:23:53:46 -0400] "GET /category/activity/page/42/ HTTP/1.1" 200 82333 "-" "Mozilla/5.0 (compatible; AhrefsBot/7.0; +http://ahrefs.com/robot/)"
51.222.253.13 - - [01/Apr/2025:23:54:42 -0400] "GET /exploring-the-best-portable-fire-pump/ HTTP/1.1" 200 82333 "-" "Mozilla/5.0 (compatible; AhrefsBot/7.0; +http://ahrefs.com/robot/)"
95.108.213.199 - - [01/Apr/2025:23:55:00 -0400] "GET /robots.txt HTTP/1.1" 200 82333 "-" "Mozilla/5.0 (compatible; YandexBot/3.0; +http://yandex.com/bots)"
213.180.203.16 - - [01/Apr/2025:23:55:03 -0400] "GET / HTTP/1.1" 200 82298 "-" "Mozilla/5.0 (compatible; YandexBot/3.0; +http://yandex.com/bots)"
2001:41d0:203:83e2:: - - [01/Apr/2025:23:55:11 -0400] "GET /wp-login.php HTTP/1.1" 200 1717 "-" "GRequests/0.10"
198.54.114.83 - - [01/Apr/2025:23:55:16 -0400] "POST /wp-cron.php?doing_wp_cron=1743566115.6816279888153076171875 HTTP/1.1" 200 0 "-" "WordPress/6.7.2; https://saamigraphics.com"
2001:41d0:203:83e2:: - - [01/Apr/2025:23:55:13 -0400] "POST /wp-login.php HTTP/1.1" 200 1849 "-" "GRequests/0.10"
198.54.114.83 - - [01/Apr/2025:23:55:19 -0400] "POST /wp-admin/admin-ajax.php?action=async_litespeed&nonce=nNApgonk3rMeFAygrFmvkoB7dcT3eAv5&litespeed_type=imgoptm HTTP/1.1" 200 0 "-" "WordPress/6.7.2; https://saamigraphics.com"
51.222.253.17 - - [01/Apr/2025:23:55:37 -0400] "GET /category/activity/page/87/ HTTP/1.1" 200 82333 "-" "Mozilla/5.0 (compatible; AhrefsBot/7.0; +http://ahrefs.com/robot/)"
51.222.253.20 - - [01/Apr/2025:23:56:29 -0400] "GET /category/activity/page/52/ HTTP/1.1" 200 82297 "-" "Mozilla/5.0 (compatible; AhrefsBot/7.0; +http://ahrefs.com/robot/)"
51.222.253.5 - - [01/Apr/2025:23:57:25 -0400] "GET /page/62/ HTTP/1.1" 200 82297 "-" "Mozilla/5.0 (compatible; AhrefsBot/7.0; +http://ahrefs.com/robot/)"
185.191.171.19 - - [01/Apr/2025:23:57:32 -0400] "GET /robots.txt HTTP/1.1" 200 82333 "-" "Mozilla/5.0 (compatible; SemrushBot/7~bl; +http://www.semrush.com/bot.html)"
85.208.96.210 - - [01/Apr/2025:23:57:34 -0400] "GET /the-ultimate-typing-game-experience/ HTTP/1.1" 200 82333 "-" "Mozilla/5.0 (compatible; SemrushBot/7~bl; +http://www.semrush.com/bot.html)"
103.82.21.165 - - [01/Apr/2025:23:58:16 -0400] "GET /wp-login.php HTTP/1.1" 200 1717 "-" "GRequests/0.10"
198.54.114.83 - - [01/Apr/2025:23:58:20 -0400] "POST /wp-cron.php?doing_wp_cron=1743566299.4390470981597900390625 HTTP/1.1" 200 0 "-" "WordPress/6.7.2; https://saamigraphics.com"
103.82.21.165 - - [01/Apr/2025:23:58:17 -0400] "POST /wp-login.php HTTP/1.1" 200 1850 "-" "GRequests/0.10"
198.54.114.83 - - [01/Apr/2025:23:58:21 -0400] "POST /wp-admin/admin-ajax.php?action=async_litespeed&nonce=YpbRsDSw6DQt3AL79q0MDCJBKbO9PwMm&litespeed_type=imgoptm HTTP/1.1" 200 0 "-" "WordPress/6.7.2; https://saamigraphics.com"
51.222.253.18 - - [01/Apr/2025:23:58:25 -0400] "GET /getting-a-vyvanse-prescription-online/ HTTP/1.1" 200 82333 "-" "Mozilla/5.0 (compatible; AhrefsBot/7.0; +http://ahrefs.com/robot/)"
198.54.114.83 - - [01/Apr/2025:23:58:54 -0400] "POST /wp-admin/admin-ajax.php?action=async_litespeed&nonce=9CC7AbNIUcIp31URZn2nc9rrY6XJEYvD&litespeed_type=imgoptm HTTP/1.1" 200 0 "-" "WordPress/6.7.2; https://saamigraphics.com"
51.222.253.10 - - [01/Apr/2025:23:59:23 -0400] "GET /the-concept-of-multicanais/ HTTP/1.1" 200 82333 "-" "Mozilla/5.0 (compatible; AhrefsBot/7.0; +http://ahrefs.com/robot/)"
51.222.253.18 - - [02/Apr/2025:00:00:26 -0400] "GET /elevating-homes-der-gipfel-der-dachdecker-exzellenz-in-hamburg/ HTTP/1.1" 200 82297 "-" "Mozilla/5.0 (compatible; AhrefsBot/7.0; +http://ahrefs.com/robot/)"
51.222.253.4 - - [02/Apr/2025:00:01:24 -0400] "GET /boudoir-photography-round-rock/ HTTP/1.1" 200 82389 "-" "Mozilla/5.0 (compatible; AhrefsBot/7.0; +http://ahrefs.com/robot/)"
51.222.253.10 - - [02/Apr/2025:00:06:16 -0400] "GET /military-diet-substitutes/ HTTP/1.1" 200 82297 "-" "Mozilla/5.0 (compatible; AhrefsBot/7.0; +http://ahrefs.com/robot/)"
51.222.253.15 - - [02/Apr/2025:00:07:09 -0400] "GET /innovative-beleuchtung-moderne-hangelampen/ HTTP/1.1" 200 82298 "-" "Mozilla/5.0 (compatible; AhrefsBot/7.0; +http://ahrefs.com/robot/)"
185.7.214.64 - - [02/Apr/2025:00:07:48 -0400] "GET /wp-login.php HTTP/1.1" 200 1717 "-" "Mozilla/5.0 (Linux; Android 12; Pixel 6) AppleWebKit/537.36 (KHTML, like Gecko) Chrome/99.0.4844.58 Mobile Safari/537.36"
198.54.114.83 - - [02/Apr/2025:00:07:53 -0400] "POST /wp-cron.php?doing_wp_cron=1743566873.0243680477142333984375 HTTP/1.1" 200 0 "-" "WordPress/6.7.2; https://saamigraphics.com"
185.7.214.64 - - [02/Apr/2025:00:07:49 -0400] "GET /wp-login.php?wp_lang=en_US HTTP/1.1" 200 1717 "-" "Mozilla/5.0 (Macintosh; Intel Mac OS X 10_15_7) AppleWebKit/605.1.15 (KHTML, like Gecko) Version/15.5 Safari/605.1.15"
198.54.114.83 - - [02/Apr/2025:00:07:55 -0400] "POST /wp-admin/admin-ajax.php?action=async_litespeed&nonce=Ro9QnGbJZ0WSG0yqVUkGHM6R0EVfH54l&litespeed_type=imgoptm HTTP/1.1" 200 0 "-" "WordPress/6.7.2; https://saamigraphics.com"
185.7.214.64 - - [02/Apr/2025:00:07:55 -0400] "POST /wp-login.php?wp_lang=en_US HTTP/1.1" 200 1840 "-" "Mozilla/5.0 (Macintosh; Intel Mac OS X 10_15_7) AppleWebKit/605.1.15 (KHTML, like Gecko) Version/15.5 Safari/605.1.15"
185.7.214.64 - - [02/Apr/2025:00:07:57 -0400] "GET /wp-login.php?wp_lang=en_US HTTP/1.1" 200 1717 "-" "Mozilla/5.0 (Windows NT 10.0; Win64; x64) AppleWebKit/537.36 (KHTML, like Gecko) Chrome/100.0.4896.75 Safari/537.36"
51.222.253.4 - - [02/Apr/2025:00:08:00 -0400] "GET /league-of-legends-lecture/ HTTP/1.1" 200 82333 "-" "Mozilla/5.0 (compatible; AhrefsBot/7.0; +http://ahrefs.com/robot/)"
20.171.207.123 - - [02/Apr/2025:00:08:07 -0400] "GET /favicon.ico HTTP/1.1" 404 1251 "-" "Mozilla/5.0 AppleWebKit/537.36 (KHTML, like Gecko; compatible; GPTBot/1.2; +https://openai.com/gptbot)"
20.171.207.123 - - [02/Apr/2025:00:08:09 -0400] "GET /?s=%7Bsearch_term_string%7D HTTP/1.1" 200 82297 "-" "Mozilla/5.0 AppleWebKit/537.36 (KHTML, like Gecko; compatible; GPTBot/1.2; +https://openai.com/gptbot)"
198.54.114.83 - - [02/Apr/2025:00:08:43 -0400] "POST /wp-cron.php?doing_wp_cron=1743566923.0193469524383544921875 HTTP/1.1" 200 0 "-" "WordPress/6.7.2; https://saamigraphics.com"
170.106.173.254 - - [02/Apr/2025:00:08:42 -0400] "GET /wp-login.php?wp_lang=en_US HTTP/1.1" 200 1717 "-" "Mozilla/5.0 (Macintosh; Intel Mac OS X 10_15_7) AppleWebKit/537.36 (KHTML, like Gecko) Chrome/119.0.0.0 Safari/537.36"
198.54.114.83 - - [02/Apr/2025:00:08:45 -0400] "POST /wp-admin/admin-ajax.php?action=async_litespeed&nonce=N7FpFWfwJ0BYbO5Yd80I8x1x7AVm7fzK&litespeed_type=imgoptm HTTP/1.1" 200 0 "-" "WordPress/6.7.2; https://saamigraphics.com"
51.222.253.2 - - [02/Apr/2025:00:08:55 -0400] "GET /the-risks-and-realities-of-buying-youtube-subscribers/ HTTP/1.1" 200 82297 "-" "Mozilla/5.0 (compatible; AhrefsBot/7.0; +http://ahrefs.com/robot/)"
68.71.249.158 - - [02/Apr/2025:00:08:58 -0400] "GET /wp-login.php?wp_lang=en_US HTTP/1.1" 200 1717 "-" "Mozilla/5.0 (Windows NT 10.0; Win64; x64) AppleWebKit/537.36 (KHTML, like Gecko) Chrome/101.0.4951.67 Safari/537.36"
185.7.214.64 - - [02/Apr/2025:00:08:01 -0400] "POST /wp-login.php?wp_lang=en_US HTTP/1.1" 200 1840 "-" "Mozilla/5.0 (Windows NT 10.0; Win64; x64) AppleWebKit/537.36 (KHTML, like Gecko) Chrome/100.0.4896.75 Safari/537.36"
68.71.249.158 - - [02/Apr/2025:00:09:05 -0400] "POST /wp-login.php?wp_lang=en_US HTTP/1.1" 200 1840 "-" "Mozilla/5.0 (Windows NT 10.0; Win64; x64) AppleWebKit/537.36 (KHTML, like Gecko) Chrome/101.0.4951.67 Safari/537.36"
68.71.249.158 - - [02/Apr/2025:00:09:10 -0400] "GET /wp-login.php?wp_lang=en_US HTTP/1.1" 200 1717 "-" "Mozilla/5.0 (Windows NT 10.0; Win64; x64) AppleWebKit/537.36 (KHTML, like Gecko) Chrome/101.0.4951.64 Safari/537.36 Edg/101.0.1210.47"
51.222.253.9 - - [02/Apr/2025:00:02:27 -0400] "GET /modern-kitchen-cabinet-design/ HTTP/1.1" 200 82333 "-" "Mozilla/5.0 (compatible; AhrefsBot/7.0; +http://ahrefs.com/robot/)"
202.8.41.114 - - [02/Apr/2025:00:02:35 -0400] "GET /products/sw.js HTTP/1.1" 200 82333 "https://saamigraphics.com/modern-kitchen-cabinet-design/" "Mozilla/5.0 (X11; Linux x86_64) AppleWebKit/537.36 (KHTML, like Gecko) HeadlessChrome/131.0.6778.87 Safari/537.36"
202.8.41.114 - - [02/Apr/2025:00:02:35 -0400] "GET /modern-kitchen-cabinet-design/react.js HTTP/1.1" 200 82297 "https://saamigraphics.com/modern-kitchen-cabinet-design/" "Mozilla/5.0 (compatible; AhrefsBot/7.0; +http://ahrefs.com/robot/)"
202.8.41.114 - - [02/Apr/2025:00:02:35 -0400] "GET /modern-kitchen-cabinet-design/react-dom.js HTTP/1.1" 200 82333 "https://saamigraphics.com/modern-kitchen-cabinet-design/" "Mozilla/5.0 (compatible; AhrefsBot/7.0; +http://ahrefs.com/robot/)"
185.191.171.10 - - [02/Apr/2025:00:02:54 -0400] "GET /exploring-the-world-of-online-lottery-games/ HTTP/1.1" 200 82297 "-" "Mozilla/5.0 (compatible; SemrushBot/7~bl; +http://www.semrush.com/bot.html)"
51.222.253.9 - - [02/Apr/2025:00:03:25 -0400] "GET /page/70/ HTTP/1.1" 200 82297 "-" "Mozilla/5.0 (compatible; AhrefsBot/7.0; +http://ahrefs.com/robot/)"
51.222.253.15 - - [02/Apr/2025:00:04:25 -0400] "GET /page/38/ HTTP/1.1" 200 82297 "-" "Mozilla/5.0 (compatible; AhrefsBot/7.0; +http://ahrefs.com/robot/)"
2a03:2880:f800:f:: - - [02/Apr/2025:00:05:00 -0400] "GET /how-are-toys-important-in-childhood-development/ HTTP/1.1" 200 82389 "-" "meta-externalagent/1.1 (+https://developers.facebook.com/docs/sharing/webmasters/crawler)"
51.222.253.19 - - [02/Apr/2025:00:05:19 -0400] "GET /youtube-subscribers-how-important-are-they-to-your-success/ HTTP/1.1" 200 82348 "-" "Mozilla/5.0 (compatible; AhrefsBot/7.0; +http://ahrefs.com/robot/)"
68.71.249.158 - - [02/Apr/2025:00:09:15 -0400] "POST /wp-login.php?wp_lang=en_US HTTP/1.1" 200 1840 "-" "Mozilla/5.0 (Windows NT 10.0; Win64; x64) AppleWebKit/537.36 (KHTML, like Gecko) Chrome/101.0.4951.64 Safari/537.36 Edg/101.0.1210.47"
68.71.249.158 - - [02/Apr/2025:00:09:23 -0400] "GET /wp-login.php?wp_lang=en_US HTTP/1.1" 200 1717 "-" "Mozilla/5.0 (Macintosh; Intel Mac OS X 10_15_7) AppleWebKit/537.36 (KHTML, like Gecko) Chrome/119.0.0.0 Safari/537.36"
68.71.249.158 - - [02/Apr/2025:00:09:30 -0400] "POST /wp-login.php?wp_lang=en_US HTTP/1.1" 200 1840 "-" "Mozilla/5.0 (Macintosh; Intel Mac OS X 10_15_7) AppleWebKit/537.36 (KHTML, like Gecko) Chrome/119.0.0.0 Safari/537.36"
68.71.249.158 - - [02/Apr/2025:00:09:36 -0400] "GET /wp-login.php?wp_lang=en_US HTTP/1.1" 200 1717 "-" "Mozilla/5.0 (Windows NT 10.0; Win64; x64) AppleWebKit/537.36 (KHTML, like Gecko) Chrome/99.0.4844.51 Safari/537.36"
68.71.249.158 - - [02/Apr/2025:00:09:41 -0400] "POST /wp-login.php?wp_lang=en_US HTTP/1.1" 200 1840 "-" "Mozilla/5.0 (Windows NT 10.0; Win64; x64) AppleWebKit/537.36 (KHTML, like Gecko) Chrome/99.0.4844.51 Safari/537.36"
146.70.14.24 - - [02/Apr/2025:00:09:44 -0400] "GET /wp-login.php HTTP/1.1" 200 1717 "http://saamigraphics.com/wp-admin/" "Mozilla/5.0 (Windows NT 10.0; Win64; x64) AppleWebKit/537.36 (KHTML, like Gecko) Chrome/90.0.4430.85 Safari/537.36"
198.54.114.83 - - [02/Apr/2025:00:09:44 -0400] "POST /wp-admin/admin-ajax.php?action=async_litespeed&nonce=OcIOuiFPPNwOgQSKBntyhf01yTRRLZgA&litespeed_type=imgoptm HTTP/1.1" 200 0 "-" "WordPress/6.7.2; https://saamigraphics.com"
146.70.14.24 - - [02/Apr/2025:00:09:45 -0400] "POST /wp-login.php HTTP/1.1" 200 1846 "http://saamigraphics.com/wp-admin/" "Mozilla/5.0 (Windows NT 10.0; Win64; x64) AppleWebKit/537.36 (KHTML, like Gecko) Chrome/90.0.4430.85 Safari/537.36"
51.222.253.17 - - [02/Apr/2025:00:09:47 -0400] "GET /les-housses-de-canape-protection-et-esthetique/ HTTP/1.1" 200 82333 "-" "Mozilla/5.0 (compatible; AhrefsBot/7.0; +http://ahrefs.com/robot/)"
68.71.249.158 - - [02/Apr/2025:00:09:48 -0400] "GET /wp-login.php?wp_lang=en_US HTTP/1.1" 200 1717 "-" "Mozilla/5.0 (Macintosh; Intel Mac OS X 10_15_7) AppleWebKit/537.36 (KHTML, like Gecko) Chrome/119.0.0.0 Safari/537.36"
68.71.249.158 - - [02/Apr/2025:00:09:53 -0400] "POST /wp-login.php?wp_lang=en_US HTTP/1.1" 200 1840 "-" "Mozilla/5.0 (Macintosh; Intel Mac OS X 10_15_7) AppleWebKit/537.36 (KHTML, like Gecko) Chrome/119.0.0.0 Safari/537.36"
68.71.249.158 - - [02/Apr/2025:00:09:57 -0400] "GET /wp-login.php?wp_lang=en_US HTTP/1.1" 200 1717 "-" "Mozilla/5.0 (Windows NT 10.0; Win64; x64) AppleWebKit/537.36 (KHTML, like Gecko) Chrome/107.0.0.0 Safari/537.36"
68.71.249.158 - - [02/Apr/2025:00:10:08 -0400] "POST /wp-login.php?wp_lang=en_US HTTP/1.1" 200 1840 "-" "Mozilla/5.0 (Windows NT 10.0; Win64; x64) AppleWebKit/537.36 (KHTML, like Gecko) Chrome/107.0.0.0 Safari/537.36"
68.71.249.158 - - [02/Apr/2025:00:10:13 -0400] "GET /wp-login.php?wp_lang=en_US HTTP/1.1" 200 1717 "-" "Mozilla/5.0 (Windows NT 10.0; Win64; x64) AppleWebKit/537.36 (KHTML, like Gecko) Chrome/110.0.0.0 Safari/537.36"
68.71.249.158 - - [02/Apr/2025:00:10:20 -0400] "POST /wp-login.php?wp_lang=en_US HTTP/1.1" 200 1840 "-" "Mozilla/5.0 (Windows NT 10.0; Win64; x64) AppleWebKit/537.36 (KHTML, like Gecko) Chrome/110.0.0.0 Safari/537.36"
68.71.249.158 - - [02/Apr/2025:00:10:27 -0400] "GET /wp-login.php?wp_lang=en_US HTTP/1.1" 200 1717 "-" "Mozilla/5.0 (iPhone; CPU iPhone OS 17_2 like Mac OS X) AppleWebKit/605.1.15 (KHTML, like Gecko) Version/17.2 Mobile/15E148 Safari/604.1"
68.71.249.158 - - [02/Apr/2025:00:10:36 -0400] "POST /wp-login.php?wp_lang=en_US HTTP/1.1" 200 1840 "-" "Mozilla/5.0 (iPhone; CPU iPhone OS 17_2 like Mac OS X) AppleWebKit/605.1.15 (KHTML, like Gecko) Version/17.2 Mobile/15E148 Safari/604.1"
51.222.253.2 - - [02/Apr/2025:00:10:41 -0400] "GET /diamond-painting-accessories-2/ HTTP/1.1" 200 82333 "-" "Mozilla/5.0 (compatible; AhrefsBot/7.0; +http://ahrefs.com/robot/)"
68.71.249.158 - - [02/Apr/2025:00:10:41 -0400] "GET /wp-login.php?wp_lang=en_US HTTP/1.1" 200 1717 "-" "Mozilla/5.0 (Macintosh; Intel Mac OS X 10_15_7) AppleWebKit/605.1.15 (KHTML, like Gecko) Version/17.0 Safari/605.1.15"
68.71.249.158 - - [02/Apr/2025:00:10:49 -0400] "POST /wp-login.php?wp_lang=en_US HTTP/1.1" 200 1840 "-" "Mozilla/5.0 (Macintosh; Intel Mac OS X 10_15_7) AppleWebKit/605.1.15 (KHTML, like Gecko) Version/17.0 Safari/605.1.15"
51.222.253.20 - - [02/Apr/2025:00:11:35 -0400] "GET /sitemap_index.xml HTTP/1.1" 200 82333 "-" "Mozilla/5.0 (compatible; AhrefsBot/7.0; +http://ahrefs.com/robot/)"
51.222.253.17 - - [02/Apr/2025:00:13:45 -0400] "GET /does-careprost-for-eyebrows-really-work/ HTTP/1.1" 200 82333 "-" "Mozilla/5.0 (compatible; AhrefsBot/7.0; +http://ahrefs.com/robot/)"
47.79.122.180 - - [02/Apr/2025:00:14:06 -0400] "GET /die-kraft-von-stahlreiniger-entfesseln-ein-umfassender-leitfaden/ HTTP/1.1" 200 82333 "-" "Mozilla/5.0 (Windows NT 10.0; Win64; x64; rv:123.0) Gecko/20100101 Firefox/123.0"
51.222.253.5 - - [02/Apr/2025:00:15:28 -0400] "GET /emergency-heating-services/ HTTP/1.1" 200 82297 "-" "Mozilla/5.0 (compatible; AhrefsBot/7.0; +http://ahrefs.com/robot/)"
51.222.253.1 - - [02/Apr/2025:00:16:58 -0400] "GET /melbourne-curly-hair-salon/ HTTP/1.1" 200 82333 "-" "Mozilla/5.0 (compatible; AhrefsBot/7.0; +http://ahrefs.com/robot/)"
