217.113.194.81 - - [02/Apr/2025:04:43:54 -0400] "GET /fertility-clinic-sharjah-how-to-lower-the-cost-of-ivf/ HTTP/1.1" 200 82335 "-" "Mozilla/5.0 (compatible; Barkrowler/0.9; +https://babbar.tech/crawler)"
217.113.194.76 - - [02/Apr/2025:04:44:11 -0400] "GET /superbowl-betting-guide-before-and-during-visiting-indianapolis/feed/ HTTP/1.1" 200 82333 "-" "Mozilla/5.0 (compatible; Barkrowler/0.9; +https://babbar.tech/crawler)"
154.54.249.200 - - [02/Apr/2025:04:44:28 -0400] "GET /como-calcular-el-costo-de-peaje-en-mexico/feed/ HTTP/1.1" 200 82298 "-" "Mozilla/5.0 (compatible; Barkrowler/0.9; +https://babbar.tech/crawler)"
217.113.194.73 - - [02/Apr/2025:04:44:44 -0400] "GET /why-is-it-importantunderstanding-fda-cosmetic-registration/feed/ HTTP/1.1" 200 82297 "-" "Mozilla/5.0 (compatible; Barkrowler/0.9; +https://babbar.tech/crawler)"
217.113.194.75 - - [02/Apr/2025:04:45:01 -0400] "GET /right-time-to-get-into-elegant-cbd-oil-packaging-game/feed/ HTTP/1.1" 200 82333 "-" "Mozilla/5.0 (compatible; Barkrowler/0.9; +https://babbar.tech/crawler)"
185.191.171.12 - - [02/Apr/2025:04:45:15 -0400] "GET /junkyard-fort-myers/ HTTP/1.1" 200 82333 "-" "Mozilla/5.0 (compatible; SemrushBot/7~bl; +http://www.semrush.com/bot.html)"
217.113.194.72 - - [02/Apr/2025:04:45:17 -0400] "GET /mobilier-de-bureau-moderne-pour-un-espace-de-travail-efficace/ HTTP/1.1" 200 82333 "-" "Mozilla/5.0 (compatible; Barkrowler/0.9; +https://babbar.tech/crawler)"
51.222.253.15 - - [02/Apr/2025:04:45:19 -0400] "GET /elevate-your-performance-with-custom-grip-socks/ HTTP/1.1" 200 82333 "-" "Mozilla/5.0 (compatible; AhrefsBot/7.0; +http://ahrefs.com/robot/)"
217.113.194.80 - - [02/Apr/2025:04:45:33 -0400] "GET /mobilier-de-bureau-moderne-pour-un-espace-de-travail-efficace/feed/ HTTP/1.1" 200 82297 "-" "Mozilla/5.0 (compatible; Barkrowler/0.9; +https://babbar.tech/crawler)"
217.113.194.72 - - [02/Apr/2025:04:45:49 -0400] "GET /whats-new-in-skin-whitening-life-after-hydroquinone/feed/ HTTP/1.1" 200 82333 "-" "Mozilla/5.0 (compatible; Barkrowler/0.9; +https://babbar.tech/crawler)"
217.113.194.78 - - [02/Apr/2025:04:46:05 -0400] "GET /pauric-sweeney-metallic-python-overnight-handbags/ HTTP/1.1" 200 82297 "-" "Mozilla/5.0 (compatible; Barkrowler/0.9; +https://babbar.tech/crawler)"
217.113.194.80 - - [02/Apr/2025:04:46:22 -0400] "GET /the-evolution-of-t-shirts-from-basic-garment-to-style-icon/feed/ HTTP/1.1" 200 82297 "-" "Mozilla/5.0 (compatible; Barkrowler/0.9; +https://babbar.tech/crawler)"
217.113.194.72 - - [02/Apr/2025:04:46:38 -0400] "GET /the-evolution-of-entertainment-unveiling-the-world-of-online-casinos/feed/ HTTP/1.1" 200 82389 "-" "Mozilla/5.0 (compatible; Barkrowler/0.9; +https://babbar.tech/crawler)"
217.113.194.74 - - [02/Apr/2025:04:46:54 -0400] "GET /the-evolution-and-impact-of-online-gambling-a-comprehensive-overview/ HTTP/1.1" 200 82297 "-" "Mozilla/5.0 (compatible; Barkrowler/0.9; +https://babbar.tech/crawler)"
217.113.194.74 - - [02/Apr/2025:04:47:10 -0400] "GET /the-rise-of-california-prefab-homes-modern-living-redefined/ HTTP/1.1" 200 82298 "-" "Mozilla/5.0 (compatible; Barkrowler/0.9; +https://babbar.tech/crawler)"
45.142.193.251 - - [02/Apr/2025:04:47:17 -0400] "GET /global-protect/login.esp HTTP/1.1" 200 82297 "-" "Mozilla/5.0 (Kubuntu; Linux i686; rv:125.0) Gecko/20100101 Firefox/125.0"
45.142.193.251 - - [02/Apr/2025:04:47:17 -0400] "GET / HTTP/1.1" 200 82333 "-" "Mozilla/5.0 (Macintosh; Intel Mac OS X 10_15_7) AppleWebKit/605.1.15 (KHTML, like Gecko) Version/17.4.1 Safari/605.4.24"
45.142.193.251 - - [02/Apr/2025:04:47:17 -0400] "GET /dana-na/auth/url_default/welcome.cgi HTTP/1.1" 200 82297 "-" "Mozilla/5.0 (Macintosh; Intel Mac OS X 10_15_7) AppleWebKit/605.1.15 (KHTML, like Gecko) Version/17.0.1 Safari/605.1.15"
45.142.193.251 - - [02/Apr/2025:04:47:17 -0400] "GET /+CSCOE+/logon.html HTTP/1.1" 200 82297 "-" "Mozilla/5.0 (Windows NT 10.0; Win64; x64; rv:100.0) Gecko/20100101 Firefox/100.0"
45.142.193.251 - - [02/Apr/2025:04:47:19 -0400] "GET /remote/login HTTP/1.1" 200 82297 "-" "Mozilla/5.0 (Macintosh; Intel Mac OS X 10_15_7) AppleWebKit/605.1.15 (KHTML, like Gecko) LoiLoNote/15.0.0 Version/17.3.1 Safari/605.1.15"
45.142.193.251 - - [02/Apr/2025:04:47:19 -0400] "GET /RDWeb/ HTTP/1.1" 200 82333 "-" "Mozilla/5.0 (Windows NT 10.0; rv:88.0) Gecko/20100101 Firefox/88.0"
217.113.194.75 - - [02/Apr/2025:04:47:27 -0400] "GET /the-rise-of-california-prefab-homes-modern-living-redefined/feed/ HTTP/1.1" 200 82333 "-" "Mozilla/5.0 (compatible; Barkrowler/0.9; +https://babbar.tech/crawler)"
217.113.194.77 - - [02/Apr/2025:04:47:43 -0400] "GET /strategies-in-online-gambling-that-will-minimize-your-losses/ HTTP/1.1" 200 82335 "-" "Mozilla/5.0 (compatible; Barkrowler/0.9; +https://babbar.tech/crawler)"
217.113.194.77 - - [02/Apr/2025:04:47:59 -0400] "GET /buy-youtube-comment-likes-to-boost-the-popularity-of-your-channel/feed/ HTTP/1.1" 200 82297 "-" "Mozilla/5.0 (compatible; Barkrowler/0.9; +https://babbar.tech/crawler)"
13.229.78.155 - - [02/Apr/2025:04:46:23 -0400] "POST /wp-login.php HTTP/1.1" 200 0 "-" "Mozlila/5.0 (Linux; Android 7.0; SM-G892A Bulid/NRD90M; wv) AppleWebKit/537.36 (KHTML, like Gecko) Version/4.0 Chrome/60.0.3112.107 Moblie Safari/537.36"
198.54.114.83 - - [02/Apr/2025:04:48:05 -0400] "POST /wp-cron.php?doing_wp_cron=1743583685.4020459651947021484375 HTTP/1.1" 200 0 "-" "WordPress/6.7.2; https://saamigraphics.com"
13.229.78.155 - - [02/Apr/2025:04:48:03 -0400] "GET /wp-admin/plugin-install.php?tab=upload HTTP/1.1" 302 0 "-" "Mozlila/5.0 (Linux; Android 7.0; SM-G892A Bulid/NRD90M; wv) AppleWebKit/537.36 (KHTML, like Gecko) Version/4.0 Chrome/60.0.3112.107 Moblie Safari/537.36"
13.229.78.155 - - [02/Apr/2025:04:48:05 -0400] "GET /wp-login.php?redirect_to=https%3A%2F%2Fsaamigraphics.com%2Fwp-admin%2Fplugin-install.php%3Ftab%3Dupload&reauth=1 HTTP/1.1" 200 1738 "-" "Mozlila/5.0 (Linux; Android 7.0; SM-G892A Bulid/NRD90M; wv) AppleWebKit/537.36 (KHTML, like Gecko) Version/4.0 Chrome/60.0.3112.107 Moblie Safari/537.36"
198.54.114.83 - - [02/Apr/2025:04:48:07 -0400] "POST /wp-admin/admin-ajax.php?action=async_litespeed&nonce=j3oUsgPOcBVFAE4boBS45Py6cMOIVCxR&litespeed_type=imgoptm HTTP/1.1" 200 0 "-" "WordPress/6.7.2; https://saamigraphics.com"
217.113.194.72 - - [02/Apr/2025:04:48:16 -0400] "GET /whats-the-best-way-to-pay-a-business-owners-estate-taxes/feed/ HTTP/1.1" 200 82297 "-" "Mozilla/5.0 (compatible; Barkrowler/0.9; +https://babbar.tech/crawler)"
217.113.194.74 - - [02/Apr/2025:04:48:32 -0400] "GET /rebuilding-from-ashes-the-art-of-fire-damage-restoration/feed/ HTTP/1.1" 200 82297 "-" "Mozilla/5.0 (compatible; Barkrowler/0.9; +https://babbar.tech/crawler)"
51.222.253.9 - - [02/Apr/2025:04:48:38 -0400] "GET /author/jorge/page/23/ HTTP/1.1" 200 82333 "-" "Mozilla/5.0 (compatible; AhrefsBot/7.0; +http://ahrefs.com/robot/)"
217.113.194.78 - - [02/Apr/2025:04:48:49 -0400] "GET /relaxing-on-the-go-a-perfect-solution-for-business-travelers/ HTTP/1.1" 200 82333 "-" "Mozilla/5.0 (compatible; Barkrowler/0.9; +https://babbar.tech/crawler)"
217.113.194.75 - - [02/Apr/2025:04:49:06 -0400] "GET /relaxing-on-the-go-a-perfect-solution-for-business-travelers/feed/ HTTP/1.1" 200 82379 "-" "Mozilla/5.0 (compatible; Barkrowler/0.9; +https://babbar.tech/crawler)"
217.113.194.77 - - [02/Apr/2025:04:49:22 -0400] "GET /die-bedeutung-professioneller-steuerberatung-in-hattingen/ HTTP/1.1" 200 82297 "-" "Mozilla/5.0 (compatible; Barkrowler/0.9; +https://babbar.tech/crawler)"
217.113.194.80 - - [02/Apr/2025:04:49:39 -0400] "GET /navigating-the-high-stakes-exploring-the-landscape-of-online-betting/feed/ HTTP/1.1" 200 82298 "-" "Mozilla/5.0 (compatible; Barkrowler/0.9; +https://babbar.tech/crawler)"
217.113.194.77 - - [02/Apr/2025:04:49:57 -0400] "GET /navigating-the-virtual-wager-the-unveiling-world-of-online-betting/ HTTP/1.1" 200 82297 "-" "Mozilla/5.0 (compatible; Barkrowler/0.9; +https://babbar.tech/crawler)"
217.113.194.74 - - [02/Apr/2025:04:50:14 -0400] "GET /navigating-the-virtual-wager-the-unveiling-world-of-online-betting/feed/ HTTP/1.1" 200 82297 "-" "Mozilla/5.0 (compatible; Barkrowler/0.9; +https://babbar.tech/crawler)"
217.113.194.76 - - [02/Apr/2025:04:50:32 -0400] "GET /navigating-global-trade-essentials-of-international-shipping/feed/ HTTP/1.1" 200 82297 "-" "Mozilla/5.0 (compatible; Barkrowler/0.9; +https://babbar.tech/crawler)"
217.113.194.78 - - [02/Apr/2025:04:50:48 -0400] "GET /navigating-finances-a-comprehensive-accountant-salary-guide/feed/ HTTP/1.1" 200 82297 "-" "Mozilla/5.0 (compatible; Barkrowler/0.9; +https://babbar.tech/crawler)"
154.54.249.200 - - [02/Apr/2025:04:51:05 -0400] "GET /why-you-should-consider-investing-in-a-replacement-conservatory-roof/ HTTP/1.1" 200 82246 "-" "Mozilla/5.0 (compatible; Barkrowler/0.9; +https://babbar.tech/crawler)"
217.113.194.80 - - [02/Apr/2025:04:51:21 -0400] "GET /the-best-non-perishable-foods-to-add-to-your-food-storage/ HTTP/1.1" 200 82333 "-" "Mozilla/5.0 (compatible; Barkrowler/0.9; +https://babbar.tech/crawler)"
51.222.253.12 - - [02/Apr/2025:04:51:32 -0400] "GET /strategies-to-boost-your-follower-count/ HTTP/1.1" 200 82298 "-" "Mozilla/5.0 (compatible; AhrefsBot/7.0; +http://ahrefs.com/robot/)"
217.113.194.73 - - [02/Apr/2025:04:51:37 -0400] "GET /the-best-search-engine-optimization-companies-in-los-angeles/feed/ HTTP/1.1" 200 82297 "-" "Mozilla/5.0 (compatible; Barkrowler/0.9; +https://babbar.tech/crawler)"
47.128.121.67 - - [02/Apr/2025:04:51:51 -0400] "GET /scopri-il-paradiso-resort-sul-lago-di-garda/ HTTP/1.1" 200 82333 "-" "Mozilla/5.0 (Linux; Android 5.0) AppleWebKit/537.36 (KHTML, like Gecko) Mobile Safari/537.36 (compatible; TikTokSpider; ttspider-feedback@tiktok.com)"
217.113.194.81 - - [02/Apr/2025:04:51:53 -0400] "GET /der-weg-durch-die-scheidung-expertenhilfe-in-hattingen/ HTTP/1.1" 200 82333 "-" "Mozilla/5.0 (compatible; Barkrowler/0.9; +https://babbar.tech/crawler)"
217.113.194.72 - - [02/Apr/2025:04:52:09 -0400] "GET /apartment-living-downsize-with-a-garage-sale-before-your-move/ HTTP/1.1" 200 82297 "-" "Mozilla/5.0 (compatible; Barkrowler/0.9; +https://babbar.tech/crawler)"
217.113.194.72 - - [02/Apr/2025:04:52:25 -0400] "GET /enjoy-style-and-function-with-beautiful-interior-window-shutters/ HTTP/1.1" 200 82284 "-" "Mozilla/5.0 (compatible; Barkrowler/0.9; +https://babbar.tech/crawler)"
47.82.22.3 - - [02/Apr/2025:04:52:42 -0400] "GET /excellence-in-design-and-functionality/ HTTP/1.1" 200 82297 "-" "Mozilla/5.0 (iPad; CPU OS 17_0_3 like Mac OS X) AppleWebKit/605.1.15 (KHTML, like Gecko) Version/17.0.1 Mobile/15E148 Safari/604.1"
217.113.194.76 - - [02/Apr/2025:04:52:42 -0400] "GET /enjoy-style-and-function-with-beautiful-interior-window-shutters/feed/ HTTP/1.1" 200 82297 "-" "Mozilla/5.0 (compatible; Barkrowler/0.9; +https://babbar.tech/crawler)"
217.113.194.75 - - [02/Apr/2025:04:52:58 -0400] "GET /the-growing-trend-of-online-home-delivery-businesses-in-dubai/feed/ HTTP/1.1" 200 82333 "-" "Mozilla/5.0 (compatible; Barkrowler/0.9; +https://babbar.tech/crawler)"
217.113.194.72 - - [02/Apr/2025:04:53:15 -0400] "GET /revolutionizing-workplace-connectivity-the-employee-communication-app/ HTTP/1.1" 200 82333 "-" "Mozilla/5.0 (compatible; Barkrowler/0.9; +https://babbar.tech/crawler)"
217.113.194.77 - - [02/Apr/2025:04:53:31 -0400] "GET /revolutionizing-energy-storage-the-graphene-battery-manufacturer/feed/ HTTP/1.1" 200 82297 "-" "Mozilla/5.0 (compatible; Barkrowler/0.9; +https://babbar.tech/crawler)"
217.113.194.81 - - [02/Apr/2025:04:53:47 -0400] "GET /revolutionizing-kitchen-convenience-with-instant-hot-water-taps/ HTTP/1.1" 200 82333 "-" "Mozilla/5.0 (compatible; Barkrowler/0.9; +https://babbar.tech/crawler)"
217.113.194.81 - - [02/Apr/2025:04:54:03 -0400] "GET /unforgettable-bliss-matrimonio-sul-lago-di-garda/feed/ HTTP/1.1" 200 82297 "-" "Mozilla/5.0 (compatible; Barkrowler/0.9; +https://babbar.tech/crawler)"
217.113.194.75 - - [02/Apr/2025:04:54:19 -0400] "GET /unforgettable-bliss-matrimonio-sul-lago-di-garda/ HTTP/1.1" 200 82333 "-" "Mozilla/5.0 (compatible; Barkrowler/0.9; +https://babbar.tech/crawler)"
217.113.194.78 - - [02/Apr/2025:04:54:35 -0400] "GET /unlocking-the-power-of-forex-trading-with-automated-solutions/feed/ HTTP/1.1" 200 82298 "-" "Mozilla/5.0 (compatible; Barkrowler/0.9; +https://babbar.tech/crawler)"
51.222.253.9 - - [02/Apr/2025:04:54:49 -0400] "GET /finding-the-perfect-wedding-celebrant-in-auckland/ HTTP/1.1" 200 82333 "-" "Mozilla/5.0 (compatible; AhrefsBot/7.0; +http://ahrefs.com/robot/)"
217.113.194.80 - - [02/Apr/2025:04:54:51 -0400] "GET /unveiling-the-stake-ator-revolutionizing-outdoor-cooking/ HTTP/1.1" 200 82297 "-" "Mozilla/5.0 (compatible; Barkrowler/0.9; +https://babbar.tech/crawler)"
217.113.194.76 - - [02/Apr/2025:04:55:08 -0400] "GET /unveiling-the-stake-ator-revolutionizing-outdoor-cooking/feed/ HTTP/1.1" 200 82333 "-" "Mozilla/5.0 (compatible; Barkrowler/0.9; +https://babbar.tech/crawler)"
217.113.194.72 - - [02/Apr/2025:04:55:24 -0400] "GET /unveiling-the-legal-expertise-of-gunnmckaylaw/feed/ HTTP/1.1" 200 82333 "-" "Mozilla/5.0 (compatible; Barkrowler/0.9; +https://babbar.tech/crawler)"
217.113.194.77 - - [02/Apr/2025:04:55:41 -0400] "GET /unveiling-the-truth-behind-buying-instagram-followers-and-likes/feed/ HTTP/1.1" 200 82298 "-" "Mozilla/5.0 (compatible; Barkrowler/0.9; +https://babbar.tech/crawler)"
154.54.249.200 - - [02/Apr/2025:04:55:57 -0400] "GET /unveiling-the-strategic-depths-league-of-legends-lecture/ HTTP/1.1" 200 82297 "-" "Mozilla/5.0 (compatible; Barkrowler/0.9; +https://babbar.tech/crawler)"
217.113.194.81 - - [02/Apr/2025:04:56:13 -0400] "GET /conversores-de-unidades-de-torque-simplificando-la-medicion/feed/ HTTP/1.1" 200 82333 "-" "Mozilla/5.0 (compatible; Barkrowler/0.9; +https://babbar.tech/crawler)"
154.54.249.200 - - [02/Apr/2025:04:56:30 -0400] "GET /efficient-plumbing-solutions-with-ppr-pipes-and-fittings/feed/ HTTP/1.1" 200 82333 "-" "Mozilla/5.0 (compatible; Barkrowler/0.9; +https://babbar.tech/crawler)"
217.113.194.78 - - [02/Apr/2025:04:56:48 -0400] "GET /instant-hot-cold-water-dispenser-revolutionizing-convenience/ HTTP/1.1" 200 82297 "-" "Mozilla/5.0 (compatible; Barkrowler/0.9; +https://babbar.tech/crawler)"
217.113.194.81 - - [02/Apr/2025:04:57:04 -0400] "GET /top-fertility-clinic-in-dubai-excellence-in-reproductive-care/feed/ HTTP/1.1" 200 82297 "-" "Mozilla/5.0 (compatible; Barkrowler/0.9; +https://babbar.tech/crawler)"
217.113.194.79 - - [02/Apr/2025:04:57:20 -0400] "GET /top-heroes-in-watcher-of-realms-dominating-the-arena/feed/ HTTP/1.1" 200 82297 "-" "Mozilla/5.0 (compatible; Barkrowler/0.9; +https://babbar.tech/crawler)"
217.113.194.78 - - [02/Apr/2025:04:57:36 -0400] "GET /ecolovibe-eveiller-la-conscience-ecologique-avec-passion/ HTTP/1.1" 200 82297 "-" "Mozilla/5.0 (compatible; Barkrowler/0.9; +https://babbar.tech/crawler)"
51.222.253.8 - - [02/Apr/2025:04:57:46 -0400] "GET /a-guide-to-pesach-programs/feed/ HTTP/1.1" 200 82298 "-" "Mozilla/5.0 (compatible; AhrefsBot/7.0; +http://ahrefs.com/robot/)"
217.113.194.74 - - [02/Apr/2025:04:57:52 -0400] "GET /lart-du-marketing-digital-maximiser-votre-impact-en-ligne/feed/ HTTP/1.1" 200 82297 "-" "Mozilla/5.0 (compatible; Barkrowler/0.9; +https://babbar.tech/crawler)"
217.113.194.75 - - [02/Apr/2025:04:58:08 -0400] "GET /embracing-the-modern-trend-of-paperless-wedding-invitations/feed/ HTTP/1.1" 200 82297 "-" "Mozilla/5.0 (compatible; Barkrowler/0.9; +https://babbar.tech/crawler)"
217.113.194.80 - - [02/Apr/2025:04:58:24 -0400] "GET /mastering-crypto-investments-the-anyone-protocol-staking-dashboard/ HTTP/1.1" 200 82297 "-" "Mozilla/5.0 (compatible; Barkrowler/0.9; +https://babbar.tech/crawler)"
217.113.194.77 - - [02/Apr/2025:04:58:40 -0400] "GET /mastering-the-art-of-temporarily-freezing-your-instagram-account/feed/ HTTP/1.1" 200 82333 "-" "Mozilla/5.0 (compatible; Barkrowler/0.9; +https://babbar.tech/crawler)"
154.54.249.200 - - [02/Apr/2025:04:58:57 -0400] "GET /mastering-the-art-of-temporarily-freezing-your-instagram-account/ HTTP/1.1" 200 82333 "-" "Mozilla/5.0 (compatible; Barkrowler/0.9; +https://babbar.tech/crawler)"
47.82.22.73 - - [02/Apr/2025:04:59:11 -0400] "GET /ein-paradies-am-gardasee/ HTTP/1.1" 200 82297 "-" "Mozilla/5.0 (iPhone; CPU iPhone OS 17_1 like Mac OS X) AppleWebKit/605.1.15 (KHTML, like Gecko) EdgiOS/119.0.2151.65 Version/17.0 Mobile/15E148 Safari/604.1"
217.113.194.76 - - [02/Apr/2025:04:59:13 -0400] "GET /conservatory-roof-blinds-that-need-no-holes-to-fix/feed/ HTTP/1.1" 200 82333 "-" "Mozilla/5.0 (compatible; Barkrowler/0.9; +https://babbar.tech/crawler)"
217.113.194.75 - - [02/Apr/2025:04:59:29 -0400] "GET /interested-in-watch-repair-check-out-these-basic-requirements/feed/ HTTP/1.1" 200 82333 "-" "Mozilla/5.0 (compatible; Barkrowler/0.9; +https://babbar.tech/crawler)"
3.18.109.77 - - [02/Apr/2025:04:59:30 -0400] "GET /understanding-aba-therapy/ HTTP/1.1" 200 82297 "-" "Mozilla/5.0 AppleWebKit/537.36 (KHTML, like Gecko; compatible; ClaudeBot/1.0; +claudebot@anthropic.com)"
2a02:598:128:8a00::b00:3 - - [02/Apr/2025:04:59:33 -0400] "GET /the-rise-of-cluster-as-a-service-caas/ HTTP/1.1" 200 82297 "-" "Mozilla/5.0 (compatible; SeznamBot/4.0; +https://o-seznam.cz/napoveda/vyhledavani/en/seznambot-crawler/)"
47.82.21.20 - - [02/Apr/2025:04:59:39 -0400] "GET /elegance-et-expression/ HTTP/1.1" 200 82333 "-" "Mozilla/5.0 (Linux; Android 11; moto e20 Build/RONS31.267-94-14) AppleWebKit/537.36 (KHTML, like Gecko) Chrome/122.0.6261.64 Mobile Safari/537.36"
217.113.194.74 - - [02/Apr/2025:04:59:46 -0400] "GET /quellenhof-lazise-a-tranquil-oasis-on-lake-garda/feed/ HTTP/1.1" 200 82333 "-" "Mozilla/5.0 (compatible; Barkrowler/0.9; +https://babbar.tech/crawler)"
217.113.194.81 - - [02/Apr/2025:05:00:03 -0400] "GET /gardez-ces-toesie-au-chaud-dans-les-pantoufles-ugg/ HTTP/1.1" 200 82333 "-" "Mozilla/5.0 (compatible; Barkrowler/0.9; +https://babbar.tech/crawler)"
217.113.194.72 - - [02/Apr/2025:05:00:19 -0400] "GET /exploring-the-charms-of-vietnam-a-korean-travelers-guide/feed/ HTTP/1.1" 200 82333 "-" "Mozilla/5.0 (compatible; Barkrowler/0.9; +https://babbar.tech/crawler)"
217.113.194.79 - - [02/Apr/2025:05:00:35 -0400] "GET /exploring-terrahill-showflat-a-modern-living-experience/ HTTP/1.1" 200 82247 "-" "Mozilla/5.0 (compatible; Barkrowler/0.9; +https://babbar.tech/crawler)"
217.113.194.80 - - [02/Apr/2025:05:00:51 -0400] "GET /lawyer-hattingen-first-class-legal-solutions-made-in-germany/feed/ HTTP/1.1" 200 82333 "-" "Mozilla/5.0 (compatible; Barkrowler/0.9; +https://babbar.tech/crawler)"
51.222.253.9 - - [02/Apr/2025:05:01:01 -0400] "GET /mastering-crypto-investments-the-anyone-protocol-staking-dashboard/ HTTP/1.1" 200 82297 "-" "Mozilla/5.0 (compatible; AhrefsBot/7.0; +http://ahrefs.com/robot/)"
217.113.194.72 - - [02/Apr/2025:05:01:07 -0400] "GET /professionelle-haushaltsauflosungen-in-luneburg/feed/ HTTP/1.1" 200 82297 "-" "Mozilla/5.0 (compatible; Barkrowler/0.9; +https://babbar.tech/crawler)"
217.113.194.72 - - [02/Apr/2025:05:01:24 -0400] "GET /crafting-a-compelling-resume-elevating-your-professional-profile/feed/ HTTP/1.1" 200 82297 "-" "Mozilla/5.0 (compatible; Barkrowler/0.9; +https://babbar.tech/crawler)"
217.113.194.72 - - [02/Apr/2025:05:01:41 -0400] "GET /stepping-up-your-game-the-impact-of-sports-grip-socks/ HTTP/1.1" 200 82333 "-" "Mozilla/5.0 (compatible; Barkrowler/0.9; +https://babbar.tech/crawler)"
217.113.194.75 - - [02/Apr/2025:05:01:57 -0400] "GET /stepping-up-your-game-the-impact-of-sports-grip-socks/feed/ HTTP/1.1" 200 82297 "-" "Mozilla/5.0 (compatible; Barkrowler/0.9; +https://babbar.tech/crawler)"
154.54.249.200 - - [02/Apr/2025:05:02:13 -0400] "GET /gutter-cleaning-tips-to-for-successful-gutter-cleaning/feed/ HTTP/1.1" 200 82333 "-" "Mozilla/5.0 (compatible; Barkrowler/0.9; +https://babbar.tech/crawler)"
217.113.194.74 - - [02/Apr/2025:05:02:29 -0400] "GET /effiziente-unternehmensauflosung-in-luneburg/ HTTP/1.1" 200 82246 "-" "Mozilla/5.0 (compatible; Barkrowler/0.9; +https://babbar.tech/crawler)"
217.113.194.78 - - [02/Apr/2025:05:02:45 -0400] "GET /effiziente-haushaltsauflosungen-in-luneburg/ HTTP/1.1" 200 82333 "-" "Mozilla/5.0 (compatible; Barkrowler/0.9; +https://babbar.tech/crawler)"
217.113.194.73 - - [02/Apr/2025:05:03:02 -0400] "GET /crypto-presale-a-gateway-to-early-investment-opportunities/feed/ HTTP/1.1" 200 82298 "-" "Mozilla/5.0 (compatible; Barkrowler/0.9; +https://babbar.tech/crawler)"
217.113.194.79 - - [02/Apr/2025:05:03:18 -0400] "GET /fenben-can-it-be-used-as-an-anti-cancer-drug/feed/ HTTP/1.1" 200 82297 "-" "Mozilla/5.0 (compatible; Barkrowler/0.9; +https://babbar.tech/crawler)"
198.54.114.83 - - [02/Apr/2025:05:03:30 -0400] "POST /wp-admin/admin-ajax.php?action=async_litespeed&nonce=nhtEwxymIYTd0YhyoRPCA25vmObjlkMX&litespeed_type=imgoptm HTTP/1.1" 200 0 "-" "WordPress/6.7.2; https://saamigraphics.com"
217.113.194.74 - - [02/Apr/2025:05:03:34 -0400] "GET /cyprus-hair-transplant-restoring-confidence-and-natural-beauty/feed/ HTTP/1.1" 200 82297 "-" "Mozilla/5.0 (compatible; Barkrowler/0.9; +https://babbar.tech/crawler)"
217.113.194.73 - - [02/Apr/2025:05:03:50 -0400] "GET /kids-party-magician-pour-un-evenement-eternel-inoubliable/feed/ HTTP/1.1" 200 82297 "-" "Mozilla/5.0 (compatible; Barkrowler/0.9; +https://babbar.tech/crawler)"
154.54.249.200 - - [02/Apr/2025:05:04:06 -0400] "GET /elegance-et-praticite-le-panneau-pvc-imitation-marbre/ HTTP/1.1" 200 82389 "-" "Mozilla/5.0 (compatible; Barkrowler/0.9; +https://babbar.tech/crawler)"
51.222.253.12 - - [02/Apr/2025:05:04:18 -0400] "GET /der-genuss-von-gerosteten-mandeln/feed/ HTTP/1.1" 200 82297 "-" "Mozilla/5.0 (compatible; AhrefsBot/7.0; +http://ahrefs.com/robot/)"
47.79.116.56 - - [02/Apr/2025:05:04:18 -0400] "GET /mastering-the-art-of-growing-your-youtube-subscribers-a-comprehensive-guide/ HTTP/1.1" 200 82389 "-" "Mozilla/5.0 (Windows NT 10.0; Win64; x64) AppleWebKit/537.36 (KHTML, like Gecko) Chrome/121.0.0.0 Safari/537.36 Edg/121.0.0.0"
217.113.194.74 - - [02/Apr/2025:05:04:22 -0400] "GET /un-tableau-unique-nappe-personnalisee-avec-logo-pour-le-salon/ HTTP/1.1" 200 82389 "-" "Mozilla/5.0 (compatible; Barkrowler/0.9; +https://babbar.tech/crawler)"
217.113.194.72 - - [02/Apr/2025:05:04:38 -0400] "GET /enhancing-learning-engagement-with-slope-classroom-6x/feed/ HTTP/1.1" 200 82297 "-" "Mozilla/5.0 (compatible; Barkrowler/0.9; +https://babbar.tech/crawler)"
217.113.194.80 - - [02/Apr/2025:05:04:54 -0400] "GET /how-to-buy-vyvanse-30-mg-at-a-lower-cost/feed/ HTTP/1.1" 200 82297 "-" "Mozilla/5.0 (compatible; Barkrowler/0.9; +https://babbar.tech/crawler)"
217.113.194.75 - - [02/Apr/2025:05:05:11 -0400] "GET /using-compressors-when-editing-sound-effects-by-david-mann/feed/ HTTP/1.1" 200 82297 "-" "Mozilla/5.0 (compatible; Barkrowler/0.9; +https://babbar.tech/crawler)"
217.113.194.72 - - [02/Apr/2025:05:05:28 -0400] "GET /chilling-adventures-unveiling-the-wonders-of-the-camper-refrigerator/ HTTP/1.1" 200 82333 "-" "Mozilla/5.0 (compatible; Barkrowler/0.9; +https://babbar.tech/crawler)"
217.113.194.77 - - [02/Apr/2025:05:05:46 -0400] "GET /discovering-tranquility-the-ultimate-resort-experience-on-lake-garda/ HTTP/1.1" 200 82333 "-" "Mozilla/5.0 (compatible; Barkrowler/0.9; +https://babbar.tech/crawler)"
217.113.194.74 - - [02/Apr/2025:05:06:03 -0400] "GET /a-bet-you-always-win-how-sports-betting-arbitrage-works/ HTTP/1.1" 200 82297 "-" "Mozilla/5.0 (compatible; Barkrowler/0.9; +https://babbar.tech/crawler)"
104.248.118.148 - - [02/Apr/2025:05:06:05 -0400] "GET /wp-login.php HTTP/1.1" 200 1717 "-" "GRequests/0.10"
198.54.114.83 - - [02/Apr/2025:05:06:08 -0400] "POST /wp-cron.php?doing_wp_cron=1743584768.3059060573577880859375 HTTP/1.1" 200 0 "-" "WordPress/6.7.2; https://saamigraphics.com"
104.248.118.148 - - [02/Apr/2025:05:06:07 -0400] "POST /wp-login.php HTTP/1.1" 200 1850 "-" "GRequests/0.10"
198.54.114.83 - - [02/Apr/2025:05:06:09 -0400] "POST /wp-admin/admin-ajax.php?action=async_litespeed&nonce=7SqmhNBSRe4rMJKclO2NNl3sOGUpCa33&litespeed_type=imgoptm HTTP/1.1" 200 0 "-" "WordPress/6.7.2; https://saamigraphics.com"
217.113.194.75 - - [02/Apr/2025:05:06:19 -0400] "GET /a-glimpse-of-luxury-exploring-the-perfect-ten-showflat/feed/ HTTP/1.1" 200 82389 "-" "Mozilla/5.0 (compatible; Barkrowler/0.9; +https://babbar.tech/crawler)"
217.113.194.72 - - [02/Apr/2025:05:06:36 -0400] "GET /rechtsanwalt-die-saule-der-juristischen-vertretung/feed/ HTTP/1.1" 200 82333 "-" "Mozilla/5.0 (compatible; Barkrowler/0.9; +https://babbar.tech/crawler)"
2001:41d0:203:83e2:: - - [02/Apr/2025:05:06:46 -0400] "GET /wp-login.php HTTP/1.1" 200 1717 "-" "GRequests/0.10"
198.54.114.83 - - [02/Apr/2025:05:06:48 -0400] "POST /wp-cron.php?doing_wp_cron=1743584808.5090410709381103515625 HTTP/1.1" 200 0 "-" "WordPress/6.7.2; https://saamigraphics.com"
2001:41d0:203:83e2:: - - [02/Apr/2025:05:06:47 -0400] "POST /wp-login.php HTTP/1.1" 200 1849 "-" "GRequests/0.10"
198.54.114.83 - - [02/Apr/2025:05:06:49 -0400] "POST /wp-admin/admin-ajax.php?action=async_litespeed&nonce=3SBlvnNNrStqW3IpPFw2TDX9ckIbRtyi&litespeed_type=imgoptm HTTP/1.1" 200 0 "-" "WordPress/6.7.2; https://saamigraphics.com"
217.113.194.72 - - [02/Apr/2025:05:06:52 -0400] "GET /maximizing-space-innovative-bathroom-renovations-for-small-spaces/feed/ HTTP/1.1" 200 82333 "-" "Mozilla/5.0 (compatible; Barkrowler/0.9; +https://babbar.tech/crawler)"
217.113.194.77 - - [02/Apr/2025:05:07:09 -0400] "GET /transformez-votre-canape-avec-des-housses-de-canape-elegantes/feed/ HTTP/1.1" 200 82297 "-" "Mozilla/5.0 (compatible; Barkrowler/0.9; +https://babbar.tech/crawler)"
217.113.194.80 - - [02/Apr/2025:05:07:27 -0400] "GET /transformez-votre-canape-avec-des-housses-de-canape-elegantes/ HTTP/1.1" 200 82297 "-" "Mozilla/5.0 (compatible; Barkrowler/0.9; +https://babbar.tech/crawler)"
51.222.253.16 - - [02/Apr/2025:05:07:30 -0400] "GET /der-schlussel-zum-erfolg-im-jurastudium/feed/ HTTP/1.1" 200 82333 "-" "Mozilla/5.0 (compatible; AhrefsBot/7.0; +http://ahrefs.com/robot/)"
217.113.194.74 - - [02/Apr/2025:05:07:43 -0400] "GET /transformez-votre-salon-avec-des-housses-de-canape-elegantes/feed/ HTTP/1.1" 200 82297 "-" "Mozilla/5.0 (compatible; Barkrowler/0.9; +https://babbar.tech/crawler)"
217.113.194.77 - - [02/Apr/2025:05:08:00 -0400] "GET /isolation-de-qualite-a-geneve-choisissez-le-meilleur-service/ HTTP/1.1" 200 82333 "-" "Mozilla/5.0 (compatible; Barkrowler/0.9; +https://babbar.tech/crawler)"
217.113.194.77 - - [02/Apr/2025:05:08:16 -0400] "GET /un-paradiso-rurale-con-spa-sul-lago-di-garda/feed/ HTTP/1.1" 200 82333 "-" "Mozilla/5.0 (compatible; Barkrowler/0.9; +https://babbar.tech/crawler)"
217.113.194.81 - - [02/Apr/2025:05:08:32 -0400] "GET /les-materiaux-publicitaires-une-strategie-essentielle-pour-votre-marque/ HTTP/1.1" 200 82297 "-" "Mozilla/5.0 (compatible; Barkrowler/0.9; +https://babbar.tech/crawler)"
217.113.194.76 - - [02/Apr/2025:05:08:49 -0400] "GET /les-materiaux-publicitaires-une-strategie-essentielle-pour-votre-marque/feed/ HTTP/1.1" 200 82333 "-" "Mozilla/5.0 (compatible; Barkrowler/0.9; +https://babbar.tech/crawler)"
217.113.194.75 - - [02/Apr/2025:05:09:06 -0400] "GET /making-the-most-of-your-conservatory-with-a-replacement-conservatory-roof/ HTTP/1.1" 200 82297 "-" "Mozilla/5.0 (compatible; Barkrowler/0.9; +https://babbar.tech/crawler)"
154.54.249.200 - - [02/Apr/2025:05:09:22 -0400] "GET /mobilier-de-bureau-moderne-elegance-et-fonctionnalite-au-quotidien/ HTTP/1.1" 200 82333 "-" "Mozilla/5.0 (compatible; Barkrowler/0.9; +https://babbar.tech/crawler)"
217.113.194.78 - - [02/Apr/2025:05:09:40 -0400] "GET /pauric-sweeney-metallic-python-overnight-handbags/feed/ HTTP/1.1" 200 82333 "-" "Mozilla/5.0 (compatible; Barkrowler/0.9; +https://babbar.tech/crawler)"
217.113.194.78 - - [02/Apr/2025:05:09:56 -0400] "GET /the-versatility-of-stamped-concrete-in-northern-colorado/feed/ HTTP/1.1" 200 82333 "-" "Mozilla/5.0 (compatible; Barkrowler/0.9; +https://babbar.tech/crawler)"
154.54.249.200 - - [02/Apr/2025:05:10:14 -0400] "GET /the-10-best-destinations-for-the-motorcycle-camping-in-the-united-states/ HTTP/1.1" 200 82333 "-" "Mozilla/5.0 (compatible; Barkrowler/0.9; +https://babbar.tech/crawler)"
51.222.253.3 - - [02/Apr/2025:05:10:28 -0400] "GET /fenben-can-it-be-used-as-an-anti-cancer-drug/ HTTP/1.1" 200 82244 "-" "Mozilla/5.0 (compatible; AhrefsBot/7.0; +http://ahrefs.com/robot/)"
217.113.194.72 - - [02/Apr/2025:05:10:30 -0400] "GET /strategies-in-online-gambling-that-will-minimize-your-losses/feed/ HTTP/1.1" 200 82333 "-" "Mozilla/5.0 (compatible; Barkrowler/0.9; +https://babbar.tech/crawler)"
217.113.194.74 - - [02/Apr/2025:05:10:46 -0400] "GET /buy-youtube-favorites-from-a-trusted-and-reputable-provider/ HTTP/1.1" 200 82333 "-" "Mozilla/5.0 (compatible; Barkrowler/0.9; +https://babbar.tech/crawler)"
217.113.194.80 - - [02/Apr/2025:05:11:03 -0400] "GET /eto-erp-encompix-shows-comprehensive-client-base/ HTTP/1.1" 200 82297 "-" "Mozilla/5.0 (compatible; Barkrowler/0.9; +https://babbar.tech/crawler)"
217.113.194.76 - - [02/Apr/2025:05:11:20 -0400] "GET /die-bedeutung-von-sicherheitskameras-in-der-moderne/ HTTP/1.1" 200 82298 "-" "Mozilla/5.0 (compatible; Barkrowler/0.9; +https://babbar.tech/crawler)"
217.113.194.79 - - [02/Apr/2025:05:11:36 -0400] "GET /die-bedeutung-von-sicherheitskameras-in-der-moderne/feed/ HTTP/1.1" 200 82333 "-" "Mozilla/5.0 (compatible; Barkrowler/0.9; +https://babbar.tech/crawler)"
2a03:2880:f800:d:: - - [02/Apr/2025:05:11:42 -0400] "GET /unveiling-the-potential-of-fenbendazole-for-human-health/ HTTP/1.1" 200 82333 "-" "meta-externalagent/1.1 (+https://developers.facebook.com/docs/sharing/webmasters/crawler)"
154.54.249.200 - - [02/Apr/2025:05:11:53 -0400] "GET /die-perfekte-moderne-hangelampe-fur-ihr-zuhause/ HTTP/1.1" 200 82333 "-" "Mozilla/5.0 (compatible; Barkrowler/0.9; +https://babbar.tech/crawler)"
217.113.194.80 - - [02/Apr/2025:05:12:11 -0400] "GET /navigating-the-digital-dice-the-world-of-online-gambling-slots-and-casinos/ HTTP/1.1" 200 82333 "-" "Mozilla/5.0 (compatible; Barkrowler/0.9; +https://babbar.tech/crawler)"
198.54.114.83 - - [02/Apr/2025:05:12:18 -0400] "POST /wp-admin/admin-ajax.php?action=async_litespeed&nonce=JE0PAjXMbKgOkN74cLrH9yonJ2njs49D&litespeed_type=imgoptm HTTP/1.1" 200 0 "-" "WordPress/6.7.2; https://saamigraphics.com"
217.113.194.72 - - [02/Apr/2025:05:12:29 -0400] "GET /navigating-the-excitement-unveiling-the-allure-of-sport-toto-sites/ HTTP/1.1" 200 82298 "-" "Mozilla/5.0 (compatible; Barkrowler/0.9; +https://babbar.tech/crawler)"
217.113.194.76 - - [02/Apr/2025:05:12:45 -0400] "GET /navigating-the-maze-a-comprehensive-guide-to-employment-law/feed/ HTTP/1.1" 200 82333 "-" "Mozilla/5.0 (compatible; Barkrowler/0.9; +https://babbar.tech/crawler)"
217.113.194.78 - - [02/Apr/2025:05:13:02 -0400] "GET /navigating-trademark-disputes-lawyers-for-protecting-brand-identity/ HTTP/1.1" 200 82297 "-" "Mozilla/5.0 (compatible; Barkrowler/0.9; +https://babbar.tech/crawler)"
111.225.148.68 - - [02/Apr/2025:05:13:05 -0400] "GET /robots.txt HTTP/1.1" 200 82333 "-" "Mozilla/5.0 (Linux; Android 5.0) AppleWebKit/537.36 (KHTML, like Gecko) Mobile Safari/537.36 (compatible; Bytespider; https://zhanzhang.toutiao.com/)"
217.113.194.76 - - [02/Apr/2025:05:13:18 -0400] "GET /the-best-non-perishable-foods-to-add-to-your-food-storage/feed/ HTTP/1.1" 200 82333 "-" "Mozilla/5.0 (compatible; Barkrowler/0.9; +https://babbar.tech/crawler)"
51.222.253.20 - - [02/Apr/2025:05:13:20 -0400] "GET /fertility-clinic-sharjah-how-to-lower-the-cost-of-ivf/ HTTP/1.1" 200 82333 "-" "Mozilla/5.0 (compatible; AhrefsBot/7.0; +http://ahrefs.com/robot/)"
195.2.70.49 - - [02/Apr/2025:05:13:30 -0400] "GET /embroidered-socks/ HTTP/1.1" 200 82297 "https://saamigraphics.com/embroidered-socks/" "Mozilla/5.0 (Windows NT 10.0; Win64; x64) AppleWebKit/537.36 (KHTML, like Gecko) Chrome/131.0.0.0 Safari/537.36 Avast/131.0.0.0"
217.113.194.77 - - [02/Apr/2025:05:13:34 -0400] "GET /apartment-living-downsize-with-a-garage-sale-before-your-move/feed/ HTTP/1.1" 200 82333 "-" "Mozilla/5.0 (compatible; Barkrowler/0.9; +https://babbar.tech/crawler)"
217.113.194.75 - - [02/Apr/2025:05:13:52 -0400] "GET /la-cle-pour-reserver-davantage-de-spectacles-de-magie-en-ligne/ HTTP/1.1" 200 82333 "-" "Mozilla/5.0 (compatible; Barkrowler/0.9; +https://babbar.tech/crawler)"
217.113.194.77 - - [02/Apr/2025:05:14:11 -0400] "GET /revolutionizing-productivity-unleashing-taskade-ai-agents/ HTTP/1.1" 200 82333 "-" "Mozilla/5.0 (compatible; Barkrowler/0.9; +https://babbar.tech/crawler)"
217.113.194.72 - - [02/Apr/2025:05:14:29 -0400] "GET /revolutionizing-kitchen-convenience-with-instant-hot-water-taps/feed/ HTTP/1.1" 200 82333 "-" "Mozilla/5.0 (compatible; Barkrowler/0.9; +https://babbar.tech/crawler)"
154.54.249.200 - - [02/Apr/2025:05:14:46 -0400] "GET /5-steps-that-ensure-your-online-food-delivery-restaurant-success/ HTTP/1.1" 200 82333 "-" "Mozilla/5.0 (compatible; Barkrowler/0.9; +https://babbar.tech/crawler)"
217.113.194.74 - - [02/Apr/2025:05:15:03 -0400] "GET /unlocking-success-proven-strategies-for-skyrocketing-youtube-views/ HTTP/1.1" 200 82297 "-" "Mozilla/5.0 (compatible; Barkrowler/0.9; +https://babbar.tech/crawler)"
217.113.194.72 - - [02/Apr/2025:05:15:20 -0400] "GET /unlocking-human-potential-the-role-of-hr-consultants/feed/ HTTP/1.1" 200 82297 "-" "Mozilla/5.0 (compatible; Barkrowler/0.9; +https://babbar.tech/crawler)"
217.113.194.73 - - [02/Apr/2025:05:15:39 -0400] "GET /unlocking-efficiency-and-precision-exploring-the-best-hvac-scales/ HTTP/1.1" 200 82297 "-" "Mozilla/5.0 (compatible; Barkrowler/0.9; +https://babbar.tech/crawler)"
217.113.194.75 - - [02/Apr/2025:05:15:56 -0400] "GET /unlocking-the-secret-to-skyrocketing-youtube-subscribers/feed/ HTTP/1.1" 200 82297 "-" "Mozilla/5.0 (compatible; Barkrowler/0.9; +https://babbar.tech/crawler)"
2a03:2880:f800:10:: - - [02/Apr/2025:05:16:06 -0400] "GET /how-to-use-different-cleaning-machines-for-auto-detailing/ HTTP/1.1" 200 82333 "-" "meta-externalagent/1.1 (+https://developers.facebook.com/docs/sharing/webmasters/crawler)"
217.113.194.80 - - [02/Apr/2025:05:16:13 -0400] "GET /unveiling-the-strategic-depths-league-of-legends-lecture/feed/ HTTP/1.1" 200 82298 "-" "Mozilla/5.0 (compatible; Barkrowler/0.9; +https://babbar.tech/crawler)"
217.113.194.79 - - [02/Apr/2025:05:16:32 -0400] "GET /unveiling-the-thrill-exploring-the-world-of-dewapoker/feed/ HTTP/1.1" 200 82297 "-" "Mozilla/5.0 (compatible; Barkrowler/0.9; +https://babbar.tech/crawler)"
51.222.253.6 - - [02/Apr/2025:05:16:41 -0400] "GET /real-estate-agents-and-property-managers/ HTTP/1.1" 200 82333 "-" "Mozilla/5.0 (compatible; AhrefsBot/7.0; +http://ahrefs.com/robot/)"
217.113.194.78 - - [02/Apr/2025:05:16:50 -0400] "GET /across-the-spider-verse-spider-gwen-luminous-mask/feed/ HTTP/1.1" 200 82333 "-" "Mozilla/5.0 (compatible; Barkrowler/0.9; +https://babbar.tech/crawler)"
217.113.194.75 - - [02/Apr/2025:05:17:08 -0400] "GET /instant-hot-and-cold-water-dispenser-the-ultimate-convenience/ HTTP/1.1" 200 82333 "-" "Mozilla/5.0 (compatible; Barkrowler/0.9; +https://babbar.tech/crawler)"
217.113.194.72 - - [02/Apr/2025:05:17:24 -0400] "GET /instant-hot-cold-water-dispenser-revolutionizing-convenience/feed/ HTTP/1.1" 200 82333 "-" "Mozilla/5.0 (compatible; Barkrowler/0.9; +https://babbar.tech/crawler)"
217.113.194.72 - - [02/Apr/2025:05:17:41 -0400] "GET /ecolovibe-eveiller-la-conscience-ecologique-avec-passion/feed/ HTTP/1.1" 200 82297 "-" "Mozilla/5.0 (compatible; Barkrowler/0.9; +https://babbar.tech/crawler)"
217.113.194.72 - - [02/Apr/2025:05:17:59 -0400] "GET /les-meilleurs-restaurants-une-exploration-culinaire-inoubliable/feed/ HTTP/1.1" 200 82297 "-" "Mozilla/5.0 (compatible; Barkrowler/0.9; +https://babbar.tech/crawler)"
154.54.249.200 - - [02/Apr/2025:05:18:17 -0400] "GET /shining-legacies-exploring-the-elegance-of-silver-judaica/ HTTP/1.1" 200 82297 "-" "Mozilla/5.0 (compatible; Barkrowler/0.9; +https://babbar.tech/crawler)"
217.113.194.78 - - [02/Apr/2025:05:18:33 -0400] "GET /elevating-spaces-the-contemporary-charm-of-modern-kitchen-cabinets/ HTTP/1.1" 200 82333 "-" "Mozilla/5.0 (compatible; Barkrowler/0.9; +https://babbar.tech/crawler)"
217.113.194.75 - - [02/Apr/2025:05:18:51 -0400] "GET /mastering-crypto-investments-the-anyone-protocol-staking-dashboard/feed/ HTTP/1.1" 200 82333 "-" "Mozilla/5.0 (compatible; Barkrowler/0.9; +https://babbar.tech/crawler)"
217.113.194.72 - - [02/Apr/2025:05:19:07 -0400] "GET /mastering-the-art-of-growing-your-youtube-subscribers-a-comprehensive-guide/ HTTP/1.1" 200 82297 "-" "Mozilla/5.0 (compatible; Barkrowler/0.9; +https://babbar.tech/crawler)"
217.113.194.81 - - [02/Apr/2025:05:19:24 -0400] "GET /spread-your-brand-name-for-business-promotion-using-promotional-bags/ HTTP/1.1" 200 82333 "-" "Mozilla/5.0 (compatible; Barkrowler/0.9; +https://babbar.tech/crawler)"
217.113.194.75 - - [02/Apr/2025:05:19:41 -0400] "GET /exploring-iptv-subscriptions-the-modern-way-to-watch-tv/feed/ HTTP/1.1" 200 82297 "-" "Mozilla/5.0 (compatible; Barkrowler/0.9; +https://babbar.tech/crawler)"
51.222.253.19 - - [02/Apr/2025:05:19:44 -0400] "GET / HTTP/1.1" 200 82297 "-" "Mozilla/5.0 (compatible; AhrefsBot/7.0; +http://ahrefs.com/robot/)"
198.54.114.83 - - [02/Apr/2025:05:19:53 -0400] "POST /wp-cron.php?doing_wp_cron=1743585592.3457489013671875000000 HTTP/1.1" 200 0 "-" "WordPress/6.7.2; https://saamigraphics.com"
13.214.35.67 - - [02/Apr/2025:05:19:46 -0400] "POST /wp-login.php HTTP/1.1" 200 1840 "-" "Mozlila/5.0 (Linux; Android 7.0; SM-G892A Bulid/NRD90M; wv) AppleWebKit/537.36 (KHTML, like Gecko) Version/4.0 Chrome/60.0.3112.107 Moblie Safari/537.36"
13.214.35.67 - - [02/Apr/2025:05:19:54 -0400] "GET /wp-admin/plugin-install.php?tab=upload HTTP/1.1" 302 0 "-" "Mozlila/5.0 (Linux; Android 7.0; SM-G892A Bulid/NRD90M; wv) AppleWebKit/537.36 (KHTML, like Gecko) Version/4.0 Chrome/60.0.3112.107 Moblie Safari/537.36"
198.54.114.83 - - [02/Apr/2025:05:19:56 -0400] "POST /wp-admin/admin-ajax.php?action=async_litespeed&nonce=ZNG1jxKmKBRrCl2aKH3lxx2FK5asDjAV&litespeed_type=imgoptm HTTP/1.1" 200 0 "-" "WordPress/6.7.2; https://saamigraphics.com"
217.113.194.76 - - [02/Apr/2025:05:19:57 -0400] "GET /exploring-the-opulence-of-klimt-cairnhill-showflat/feed/ HTTP/1.1" 200 82333 "-" "Mozilla/5.0 (compatible; Barkrowler/0.9; +https://babbar.tech/crawler)"
13.214.35.67 - - [02/Apr/2025:05:19:57 -0400] "GET /wp-login.php?redirect_to=https%3A%2F%2Fsaamigraphics.com%2Fwp-admin%2Fplugin-install.php%3Ftab%3Dupload&reauth=1 HTTP/1.1" 200 1738 "-" "Mozlila/5.0 (Linux; Android 7.0; SM-G892A Bulid/NRD90M; wv) AppleWebKit/537.36 (KHTML, like Gecko) Version/4.0 Chrome/60.0.3112.107 Moblie Safari/537.36"
217.113.194.80 - - [02/Apr/2025:05:20:15 -0400] "GET /exploring-the-opulence-of-klimt-cairnhill-showflat/ HTTP/1.1" 200 82297 "-" "Mozilla/5.0 (compatible; Barkrowler/0.9; +https://babbar.tech/crawler)"
217.113.194.72 - - [02/Apr/2025:05:20:31 -0400] "GET /exploring-terrahill-showflat-a-modern-living-experience/feed/ HTTP/1.1" 200 82297 "-" "Mozilla/5.0 (compatible; Barkrowler/0.9; +https://babbar.tech/crawler)"
217.113.194.76 - - [02/Apr/2025:05:20:47 -0400] "GET /limportance-dune-agence-de-marketing-digital-pour-les-petites-entreprises/ HTTP/1.1" 200 82284 "-" "Mozilla/5.0 (compatible; Barkrowler/0.9; +https://babbar.tech/crawler)"
193.189.100.199 - - [02/Apr/2025:05:20:52 -0400] "GET / HTTP/1.1" 200 82246 "https://saamigraphics.com" "Mozilla/5.0 (compatible; MSIE 9.0; Windows NT 6.1; Trident/5.0; Trident/5.0)"
217.113.194.80 - - [02/Apr/2025:05:21:03 -0400] "GET /limpact-des-nappes-publicitaires-dans-le-monde-du-marketing/ HTTP/1.1" 200 82297 "-" "Mozilla/5.0 (compatible; Barkrowler/0.9; +https://babbar.tech/crawler)"
217.113.194.78 - - [02/Apr/2025:05:21:21 -0400] "GET /stepping-up-style-the-rise-of-personalized-socks-for-men/feed/ HTTP/1.1" 200 82333 "-" "Mozilla/5.0 (compatible; Barkrowler/0.9; +https://babbar.tech/crawler)"
217.113.194.74 - - [02/Apr/2025:05:21:38 -0400] "GET /vietnamese-it-industry-reviewed-sfgate-com-java-training-courses/ HTTP/1.1" 200 82333 "-" "Mozilla/5.0 (compatible; Barkrowler/0.9; +https://babbar.tech/crawler)"
217.113.194.80 - - [02/Apr/2025:05:21:54 -0400] "GET /so-erstellen-sie-eine-bilanz-fur-ihre-praxis/ HTTP/1.1" 200 82333 "-" "Mozilla/5.0 (compatible; Barkrowler/0.9; +https://babbar.tech/crawler)"
217.113.194.81 - - [02/Apr/2025:05:22:11 -0400] "GET /so-erstellen-sie-eine-bilanz-fur-ihre-praxis/feed/ HTTP/1.1" 200 82333 "-" "Mozilla/5.0 (compatible; Barkrowler/0.9; +https://babbar.tech/crawler)"
217.113.194.78 - - [02/Apr/2025:05:22:27 -0400] "GET /effiziente-unternehmensauflosung-in-luneburg/feed/ HTTP/1.1" 200 82389 "-" "Mozilla/5.0 (compatible; Barkrowler/0.9; +https://babbar.tech/crawler)"
217.113.194.76 - - [02/Apr/2025:05:22:43 -0400] "GET /capturing-santorini-a-timeless-photoshoot-experience/ HTTP/1.1" 200 82297 "-" "Mozilla/5.0 (compatible; Barkrowler/0.9; +https://babbar.tech/crawler)"
217.113.194.75 - - [02/Apr/2025:05:22:59 -0400] "GET /assurer-votre-avenir-professionnel-limportance-de-lassurance-professionnelle/ HTTP/1.1" 200 82297 "-" "Mozilla/5.0 (compatible; Barkrowler/0.9; +https://babbar.tech/crawler)"
217.113.194.77 - - [02/Apr/2025:05:23:15 -0400] "GET /kompetente-unterstutzung-bei-scheidungen-in-hattingen/feed/ HTTP/1.1" 200 82297 "-" "Mozilla/5.0 (compatible; Barkrowler/0.9; +https://babbar.tech/crawler)"
51.222.253.18 - - [02/Apr/2025:05:23:15 -0400] "GET /a-unique-way-to-cherish-your-furry-friend/ HTTP/1.1" 200 82297 "-" "Mozilla/5.0 (compatible; AhrefsBot/7.0; +http://ahrefs.com/robot/)"
217.113.194.77 - - [02/Apr/2025:05:23:32 -0400] "GET /what-are-the-best-mothers-day-flowers-to-send-as-a-gift/feed/ HTTP/1.1" 200 82297 "-" "Mozilla/5.0 (compatible; Barkrowler/0.9; +https://babbar.tech/crawler)"
217.113.194.74 - - [02/Apr/2025:05:23:48 -0400] "GET /gitarre-lernen-fur-anfanger-a-simple-method-to-get-started/ HTTP/1.1" 200 82297 "-" "Mozilla/5.0 (compatible; Barkrowler/0.9; +https://babbar.tech/crawler)"
217.113.194.81 - - [02/Apr/2025:05:24:05 -0400] "GET /verbessern-sie-ihre-personlichkeit-mit-korperschmuck/feed/ HTTP/1.1" 200 82297 "-" "Mozilla/5.0 (compatible; Barkrowler/0.9; +https://babbar.tech/crawler)"
217.113.194.75 - - [02/Apr/2025:05:24:21 -0400] "GET /how-to-win-the-power-ball-lottery-using-five-simple-strategies/feed/ HTTP/1.1" 200 82389 "-" "Mozilla/5.0 (compatible; Barkrowler/0.9; +https://babbar.tech/crawler)"
217.113.194.77 - - [02/Apr/2025:05:24:37 -0400] "GET /how-to-win-the-power-ball-lottery-using-five-simple-strategies/ HTTP/1.1" 200 82297 "-" "Mozilla/5.0 (compatible; Barkrowler/0.9; +https://babbar.tech/crawler)"
154.54.249.200 - - [02/Apr/2025:05:24:53 -0400] "GET /how-to-use-ice-breaker-questions-to-create-a-more-collaborative-environment/ HTTP/1.1" 200 82333 "-" "Mozilla/5.0 (compatible; Barkrowler/0.9; +https://babbar.tech/crawler)"
217.113.194.80 - - [02/Apr/2025:05:25:09 -0400] "GET /chill-your-feed-mastering-the-art-of-freezing-your-instagram-account/ HTTP/1.1" 200 82333 "-" "Mozilla/5.0 (compatible; Barkrowler/0.9; +https://babbar.tech/crawler)"
217.113.194.81 - - [02/Apr/2025:05:25:26 -0400] "GET /chill-your-feed-mastering-the-art-of-freezing-your-instagram-account/feed/ HTTP/1.1" 200 82297 "-" "Mozilla/5.0 (compatible; Barkrowler/0.9; +https://babbar.tech/crawler)"
217.113.194.80 - - [02/Apr/2025:05:25:42 -0400] "GET /discovering-tranquility-the-ultimate-resort-experience-on-lake-garda/feed/ HTTP/1.1" 200 82298 "-" "Mozilla/5.0 (compatible; Barkrowler/0.9; +https://babbar.tech/crawler)"
217.113.194.72 - - [02/Apr/2025:05:25:58 -0400] "GET /stem-cell-medicine-can-improve-lives-and-reduce-us-health-costs/ HTTP/1.1" 200 82297 "-" "Mozilla/5.0 (compatible; Barkrowler/0.9; +https://babbar.tech/crawler)"
217.113.194.79 - - [02/Apr/2025:05:26:15 -0400] "GET /crowning-glory-discovering-the-best-curly-hairdresser-in-melbourne/ HTTP/1.1" 200 82333 "-" "Mozilla/5.0 (compatible; Barkrowler/0.9; +https://babbar.tech/crawler)"
51.222.253.8 - - [02/Apr/2025:05:26:27 -0400] "GET /page/40/ HTTP/1.1" 200 82293 "-" "Mozilla/5.0 (compatible; AhrefsBot/7.0; +http://ahrefs.com/robot/)"
217.113.194.75 - - [02/Apr/2025:05:26:31 -0400] "GET /roof-replacement-knowing-when-its-time-to-replace-your-roof/feed/ HTTP/1.1" 200 82333 "-" "Mozilla/5.0 (compatible; Barkrowler/0.9; +https://babbar.tech/crawler)"
154.54.249.200 - - [02/Apr/2025:05:26:47 -0400] "GET /haushaltsauflosungen-in-luneburg-ein-leitfaden/ HTTP/1.1" 200 82333 "-" "Mozilla/5.0 (compatible; Barkrowler/0.9; +https://babbar.tech/crawler)"
217.113.194.72 - - [02/Apr/2025:05:27:03 -0400] "GET /how-a-jewelry-retouching-service-can-enhance-jewelry-images/feed/ HTTP/1.1" 200 82333 "-" "Mozilla/5.0 (compatible; Barkrowler/0.9; +https://babbar.tech/crawler)"
217.113.194.75 - - [02/Apr/2025:05:27:20 -0400] "GET /making-the-most-of-your-conservatory-with-a-replacement-conservatory-roof/feed/ HTTP/1.1" 200 82333 "-" "Mozilla/5.0 (compatible; Barkrowler/0.9; +https://babbar.tech/crawler)"
217.113.194.76 - - [02/Apr/2025:05:27:36 -0400] "GET /renovation-de-salle-de-bain-guide-complet-pour-transformer-votre-espace/ HTTP/1.1" 200 82297 "-" "Mozilla/5.0 (compatible; Barkrowler/0.9; +https://babbar.tech/crawler)"
217.113.194.73 - - [02/Apr/2025:05:27:52 -0400] "GET /renovation-de-salle-de-bain-guide-complet-pour-transformer-votre-espace/feed/ HTTP/1.1" 200 82297 "-" "Mozilla/5.0 (compatible; Barkrowler/0.9; +https://babbar.tech/crawler)"
217.113.194.80 - - [02/Apr/2025:05:28:09 -0400] "GET /fertility-clinic-sharjah-how-to-lower-the-cost-of-ivf/feed/ HTTP/1.1" 200 82333 "-" "Mozilla/5.0 (compatible; Barkrowler/0.9; +https://babbar.tech/crawler)"
217.113.194.74 - - [02/Apr/2025:05:28:25 -0400] "GET /water-tank-repair-why-you-shouldnt-have-to-replace-the-whole-tank/ HTTP/1.1" 200 82297 "-" "Mozilla/5.0 (compatible; Barkrowler/0.9; +https://babbar.tech/crawler)"
217.113.194.75 - - [02/Apr/2025:05:28:41 -0400] "GET /the-healing-chamber-a-gateway-to-physical-and-emotional-wellness/ HTTP/1.1" 200 82297 "-" "Mozilla/5.0 (compatible; Barkrowler/0.9; +https://babbar.tech/crawler)"
217.113.194.80 - - [02/Apr/2025:05:28:57 -0400] "GET /the-ever-increasing-need-for-competent-automotive-locksmiths/ HTTP/1.1" 200 82297 "-" "Mozilla/5.0 (compatible; Barkrowler/0.9; +https://babbar.tech/crawler)"
217.113.194.78 - - [02/Apr/2025:05:29:13 -0400] "GET /the-ever-increasing-need-for-competent-automotive-locksmiths/feed/ HTTP/1.1" 200 82297 "-" "Mozilla/5.0 (compatible; Barkrowler/0.9; +https://babbar.tech/crawler)"
112.92.70.120 - - [02/Apr/2025:05:29:28 -0400] "GET /un-examen-des-produits-de-securite-a-domicile/ HTTP/1.1" 200 82333 "https://saamigraphics.com" "Mozilla/5.0 (Windows NT 10.0; Win64; x64) AppleWebKit/537.36 (KHTML, like Gecko) Chrome/62.0.3202.94 Safari/537.36"
217.113.194.74 - - [02/Apr/2025:05:29:32 -0400] "GET /the-evolution-and-impact-of-online-betting-navigating-opportunities-and-challenges/ HTTP/1.1" 200 82297 "-" "Mozilla/5.0 (compatible; Barkrowler/0.9; +https://babbar.tech/crawler)"
51.222.253.9 - - [02/Apr/2025:05:29:32 -0400] "GET /exploring-homes-for-sale-in-sonoma-ca-your-guide-to-finding-the-perfect-property/ HTTP/1.1" 200 82297 "-" "Mozilla/5.0 (compatible; AhrefsBot/7.0; +http://ahrefs.com/robot/)"
217.113.194.80 - - [02/Apr/2025:05:29:48 -0400] "GET /apuestas-deportivas-como-ganar-mas-de-lo-que-pierdes/ HTTP/1.1" 200 82298 "-" "Mozilla/5.0 (compatible; Barkrowler/0.9; +https://babbar.tech/crawler)"
217.113.194.75 - - [02/Apr/2025:05:30:03 -0400] "GET /buy-youtube-favorites-from-a-trusted-and-reputable-provider/feed/ HTTP/1.1" 200 82297 "-" "Mozilla/5.0 (compatible; Barkrowler/0.9; +https://babbar.tech/crawler)"
217.113.194.74 - - [02/Apr/2025:05:30:21 -0400] "GET /die-bedeutung-professioneller-steuerberatung-in-hattingen/feed/ HTTP/1.1" 200 82333 "-" "Mozilla/5.0 (compatible; Barkrowler/0.9; +https://babbar.tech/crawler)"
217.113.194.72 - - [02/Apr/2025:05:30:38 -0400] "GET /die-perfekte-moderne-hangelampe-fur-ihr-zuhause/feed/ HTTP/1.1" 200 82333 "-" "Mozilla/5.0 (compatible; Barkrowler/0.9; +https://babbar.tech/crawler)"
217.113.194.76 - - [02/Apr/2025:05:30:55 -0400] "GET /die-zukunft-der-immobilienbewertung-online-tools-im-fokus/ HTTP/1.1" 200 82339 "-" "Mozilla/5.0 (compatible; Barkrowler/0.9; +https://babbar.tech/crawler)"
217.113.194.73 - - [02/Apr/2025:05:31:12 -0400] "GET /die-zukunft-der-immobilienbewertung-online-tools-im-fokus/feed/ HTTP/1.1" 200 82297 "-" "Mozilla/5.0 (compatible; Barkrowler/0.9; +https://babbar.tech/crawler)"
217.113.194.77 - - [02/Apr/2025:05:31:28 -0400] "GET /navigating-trademark-disputes-lawyers-for-protecting-brand-identity/feed/ HTTP/1.1" 200 82333 "-" "Mozilla/5.0 (compatible; Barkrowler/0.9; +https://babbar.tech/crawler)"
217.113.194.76 - - [02/Apr/2025:05:31:45 -0400] "GET /why-you-should-consider-investing-in-a-replacement-conservatory-roof/feed/ HTTP/1.1" 200 82333 "-" "Mozilla/5.0 (compatible; Barkrowler/0.9; +https://babbar.tech/crawler)"
217.113.194.76 - - [02/Apr/2025:05:32:02 -0400] "GET /der-weg-durch-die-scheidung-expertenhilfe-in-hattingen/feed/ HTTP/1.1" 200 82298 "-" "Mozilla/5.0 (compatible; Barkrowler/0.9; +https://babbar.tech/crawler)"
198.54.114.83 - - [02/Apr/2025:05:32:15 -0400] "POST /wp-admin/admin-ajax.php?action=async_litespeed&nonce=vDVFer9BPshm2CEmJM1AfJI24DLVgclJ&litespeed_type=imgoptm HTTP/1.1" 200 0 "-" "WordPress/6.7.2; https://saamigraphics.com"
217.113.194.77 - - [02/Apr/2025:05:32:18 -0400] "GET /der-rechtsanwalt-verteidiger-der-rechte-und-interessen/ HTTP/1.1" 200 82333 "-" "Mozilla/5.0 (compatible; Barkrowler/0.9; +https://babbar.tech/crawler)"
51.222.253.9 - - [02/Apr/2025:05:32:26 -0400] "GET /how-to-find-a-locksmith-near-me/ HTTP/1.1" 200 82297 "-" "Mozilla/5.0 (compatible; AhrefsBot/7.0; +http://ahrefs.com/robot/)"
