175.36.70.96 - - [01/Apr/2025:03:23:38 -0400] "POST /wp-admin/admin-ajax.php HTTP/1.1" 200 256 "https://saamigraphics.com/wp-admin/theme-editor.php?file=template-parts%2Fpartials%2Fpost%2Frelated-posts.php&theme=color-magazine" "Mozilla/5.0 (Macintosh; Intel Mac OS X 10_15_7) AppleWebKit/605.1.15 (KHTML, like Gecko) Version/15.3 Safari/605.1.15"
115.130.200.40 - - [01/Apr/2025:03:23:49 -0400] "GET /wp-admin/theme-editor.php?file=search.php&theme=color-magazine HTTP/1.1" 200 12690 "-" "Mozilla/5.0 (Windows NT 10.0; Win64; x64) AppleWebKit/537.36 (KHTML, like Gecko) Chrome/116.0.0.0 Safari/537.36"
198.54.114.83 - - [01/Apr/2025:03:23:54 -0400] "GET /wp-admin/theme-editor.php?theme=color-magazine&file=search.php&wp_scrape_key=deeac77acb1007829ac7184161affd63&wp_scrape_nonce=1469588359 HTTP/1.1" 200 13936 "-" "WordPress/6.7.2; https://saamigraphics.com"
198.54.114.83 - - [01/Apr/2025:03:23:56 -0400] "GET /?wp_scrape_key=deeac77acb1007829ac7184161affd63&wp_scrape_nonce=1469588359 HTTP/1.1" 200 82333 "-" "WordPress/6.7.2; https://saamigraphics.com"
175.36.70.96 - - [01/Apr/2025:03:23:52 -0400] "POST /wp-admin/admin-ajax.php HTTP/1.1" 200 256 "https://saamigraphics.com/wp-admin/theme-editor.php?file=search.php&theme=color-magazine" "Mozilla/5.0 (Windows NT 10.0; Win64; x64) AppleWebKit/537.36 (KHTML, like Gecko) Chrome/116.0.0.0 Safari/537.36"
115.130.200.40 - - [01/Apr/2025:03:23:58 -0400] "GET /wp-admin/theme-editor.php?file=template-parts%2Fcontent-single.php&theme=color-magazine HTTP/1.1" 200 12863 "-" "Mozilla/5.0 (Linux; Android 12; Pixel 6) AppleWebKit/537.36 (KHTML, like Gecko) Chrome/99.0.4844.58 Mobile Safari/537.36"
198.54.114.83 - - [01/Apr/2025:03:24:05 -0400] "GET /wp-admin/theme-editor.php?theme=color-magazine&file=template-parts%2Fcontent-single.php&wp_scrape_key=2b566218e0205941db8bd72788ecbad4&wp_scrape_nonce=1337987054 HTTP/1.1" 200 14060 "-" "WordPress/6.7.2; https://saamigraphics.com"
198.54.114.83 - - [01/Apr/2025:03:24:07 -0400] "GET /?wp_scrape_key=2b566218e0205941db8bd72788ecbad4&wp_scrape_nonce=1337987054 HTTP/1.1" 200 82389 "-" "WordPress/6.7.2; https://saamigraphics.com"
175.36.70.96 - - [01/Apr/2025:03:24:03 -0400] "POST /wp-admin/admin-ajax.php HTTP/1.1" 200 256 "https://saamigraphics.com/wp-admin/theme-editor.php?file=template-parts%2Fcontent-single.php&theme=color-magazine" "Mozilla/5.0 (Linux; Android 12; Pixel 6) AppleWebKit/537.36 (KHTML, like Gecko) Chrome/99.0.4844.58 Mobile Safari/537.36"
115.130.200.40 - - [01/Apr/2025:03:24:08 -0400] "GET /wp-admin/theme-editor.php?file=inc%2Ftemplate-tags.php&theme=color-magazine HTTP/1.1" 200 14671 "-" "Mozilla/5.0 (Windows NT 10.0; Win64; x64) AppleWebKit/537.36 (KHTML, like Gecko) Chrome/101.0.4951.64 Safari/537.36 Edg/101.0.1210.47"
198.54.114.83 - - [01/Apr/2025:03:24:14 -0400] "GET /wp-admin/theme-editor.php?theme=color-magazine&file=inc%2Ftemplate-tags.php&wp_scrape_key=5f0a41bd281a2aa59aa17f10ea1d31b6&wp_scrape_nonce=798449167 HTTP/1.1" 200 15917 "-" "WordPress/6.7.2; https://saamigraphics.com"
198.54.114.83 - - [01/Apr/2025:03:24:16 -0400] "GET /?wp_scrape_key=5f0a41bd281a2aa59aa17f10ea1d31b6&wp_scrape_nonce=798449167 HTTP/1.1" 200 82333 "-" "WordPress/6.7.2; https://saamigraphics.com"
175.36.70.96 - - [01/Apr/2025:03:24:12 -0400] "POST /wp-admin/admin-ajax.php HTTP/1.1" 200 256 "https://saamigraphics.com/wp-admin/theme-editor.php?file=inc%2Ftemplate-tags.php&theme=color-magazine" "Mozilla/5.0 (Windows NT 10.0; Win64; x64) AppleWebKit/537.36 (KHTML, like Gecko) Chrome/101.0.4951.64 Safari/537.36 Edg/101.0.1210.47"
115.130.200.40 - - [01/Apr/2025:03:24:18 -0400] "GET /wp-admin/theme-editor.php?file=template-parts%2Fpartials%2Fheader%2Fsearch.php&theme=color-magazine HTTP/1.1" 200 12441 "-" "Mozilla/5.0 (Macintosh; Intel Mac OS X 10_15_7) AppleWebKit/537.36 (KHTML, like Gecko) Chrome/119.0.0.0 Safari/537.36"
198.54.114.83 - - [01/Apr/2025:03:24:23 -0400] "GET /wp-admin/theme-editor.php?theme=color-magazine&file=template-parts%2Fpartials%2Fheader%2Fsearch.php&wp_scrape_key=2abb38c7298bde2916b25105ec31d1d9&wp_scrape_nonce=405108284 HTTP/1.1" 200 13643 "-" "WordPress/6.7.2; https://saamigraphics.com"
198.54.114.83 - - [01/Apr/2025:03:24:25 -0400] "GET /?wp_scrape_key=2abb38c7298bde2916b25105ec31d1d9&wp_scrape_nonce=405108284 HTTP/1.1" 200 82293 "-" "WordPress/6.7.2; https://saamigraphics.com"
175.36.70.96 - - [01/Apr/2025:03:24:22 -0400] "POST /wp-admin/admin-ajax.php HTTP/1.1" 200 256 "https://saamigraphics.com/wp-admin/theme-editor.php?file=template-parts%2Fpartials%2Fheader%2Fsearch.php&theme=color-magazine" "Mozilla/5.0 (Macintosh; Intel Mac OS X 10_15_7) AppleWebKit/537.36 (KHTML, like Gecko) Chrome/119.0.0.0 Safari/537.36"
115.130.200.40 - - [01/Apr/2025:03:24:26 -0400] "GET /wp-admin/theme-editor.php?file=template-parts%2Fpartials%2Fheader%2Fticker.php&theme=color-magazine HTTP/1.1" 200 12845 "-" "Mozilla/5.0 (Windows NT 10.0; Win64; x64) AppleWebKit/537.36 (KHTML, like Gecko) Chrome/101.0.4951.67 Safari/537.36"
198.54.114.83 - - [01/Apr/2025:03:24:32 -0400] "GET /wp-admin/theme-editor.php?theme=color-magazine&file=template-parts%2Fpartials%2Fheader%2Fticker.php&wp_scrape_key=7bcf21d9c2326a5627839cff784cd096&wp_scrape_nonce=1116963890 HTTP/1.1" 200 14036 "-" "WordPress/6.7.2; https://saamigraphics.com"
198.54.114.83 - - [01/Apr/2025:03:24:33 -0400] "GET /?wp_scrape_key=7bcf21d9c2326a5627839cff784cd096&wp_scrape_nonce=1116963890 HTTP/1.1" 200 82339 "-" "WordPress/6.7.2; https://saamigraphics.com"
175.36.70.96 - - [01/Apr/2025:03:24:30 -0400] "POST /wp-admin/admin-ajax.php HTTP/1.1" 200 256 "https://saamigraphics.com/wp-admin/theme-editor.php?file=template-parts%2Fpartials%2Fheader%2Fticker.php&theme=color-magazine" "Mozilla/5.0 (Windows NT 10.0; Win64; x64) AppleWebKit/537.36 (KHTML, like Gecko) Chrome/101.0.4951.67 Safari/537.36"
198.54.114.83 - - [01/Apr/2025:03:24:38 -0400] "POST /wp-cron.php?doing_wp_cron=1743492278.8601789474487304687500 HTTP/1.1" 200 0 "-" "WordPress/6.7.2; https://saamigraphics.com"
118.208.14.169 - - [01/Apr/2025:03:24:37 -0400] "GET /wp-admin/theme-editor.php?file=inc%2Fadmin%2Fclass-color-magazine-admin.php&theme=color-magazine HTTP/1.1" 200 16470 "-" "Mozilla/5.0 (Macintosh; Intel Mac OS X 10_15_7) AppleWebKit/605.1.15 (KHTML, like Gecko) Version/15.5 Safari/605.1.15"
198.54.114.83 - - [01/Apr/2025:03:24:40 -0400] "POST /wp-admin/admin-ajax.php?action=async_litespeed&nonce=nbaZEGWeONxE6Fpn6Jiu4kDiyQpeLz9b&litespeed_type=imgoptm HTTP/1.1" 200 0 "-" "WordPress/6.7.2; https://saamigraphics.com"
198.54.114.83 - - [01/Apr/2025:03:24:44 -0400] "GET /wp-admin/theme-editor.php?theme=color-magazine&file=inc%2Fadmin%2Fclass-color-magazine-admin.php&wp_scrape_key=4a221855a470100c465add19bcd7347a&wp_scrape_nonce=605091012 HTTP/1.1" 200 17565 "-" "WordPress/6.7.2; https://saamigraphics.com"
198.54.114.83 - - [01/Apr/2025:03:24:46 -0400] "GET /?wp_scrape_key=4a221855a470100c465add19bcd7347a&wp_scrape_nonce=605091012 HTTP/1.1" 200 82333 "-" "WordPress/6.7.2; https://saamigraphics.com"
175.36.70.96 - - [01/Apr/2025:03:24:43 -0400] "POST /wp-admin/admin-ajax.php HTTP/1.1" 200 256 "https://saamigraphics.com/wp-admin/theme-editor.php?file=inc%2Fadmin%2Fclass-color-magazine-admin.php&theme=color-magazine" "Mozilla/5.0 (Macintosh; Intel Mac OS X 10_15_7) AppleWebKit/605.1.15 (KHTML, like Gecko) Version/15.5 Safari/605.1.15"
118.208.14.169 - - [01/Apr/2025:03:24:47 -0400] "GET /wp-admin/theme-editor.php?file=404.php&theme=color-magazine HTTP/1.1" 200 13068 "-" "Mozilla/5.0 (Macintosh; Intel Mac OS X 10_15_7) AppleWebKit/605.1.15 (KHTML, like Gecko) Version/15.5 Safari/605.1.15"
198.54.114.83 - - [01/Apr/2025:03:24:53 -0400] "GET /wp-admin/theme-editor.php?theme=color-magazine&file=404.php&wp_scrape_key=20b2d862c170618013e7b95f04377437&wp_scrape_nonce=1017559853 HTTP/1.1" 200 14243 "-" "WordPress/6.7.2; https://saamigraphics.com"
198.54.114.83 - - [01/Apr/2025:03:24:55 -0400] "GET /?wp_scrape_key=20b2d862c170618013e7b95f04377437&wp_scrape_nonce=1017559853 HTTP/1.1" 200 82333 "-" "WordPress/6.7.2; https://saamigraphics.com"
175.36.70.96 - - [01/Apr/2025:03:24:51 -0400] "POST /wp-admin/admin-ajax.php HTTP/1.1" 200 256 "https://saamigraphics.com/wp-admin/theme-editor.php?file=404.php&theme=color-magazine" "Mozilla/5.0 (Macintosh; Intel Mac OS X 10_15_7) AppleWebKit/605.1.15 (KHTML, like Gecko) Version/15.5 Safari/605.1.15"
115.130.200.40 - - [01/Apr/2025:03:25:06 -0400] "GET /wp-admin/theme-editor.php?file=inc%2Ftgm%2Fclass-tgm-plugin-activation.php&theme=color-magazine HTTP/1.1" 200 44505 "-" "Mozilla/5.0 (Windows NT 10.0; Win64; x64) AppleWebKit/537.36 (KHTML, like Gecko) Chrome/107.0.0.0 Safari/537.36"
185.7.214.64 - - [01/Apr/2025:03:25:16 -0400] "GET /wp-login.php HTTP/1.1" 200 1717 "-" "Mozilla/5.0 (Macintosh; Intel Mac OS X 10_15_7) AppleWebKit/537.36 (KHTML, like Gecko) Chrome/120.0.0.0 Safari/537.36"
185.7.214.64 - - [01/Apr/2025:03:25:17 -0400] "GET /wp-login.php?wp_lang=en_US HTTP/1.1" 200 1717 "-" "Mozilla/5.0 (Windows NT 10.0; Win64; x64) AppleWebKit/537.36 (KHTML, like Gecko) Chrome/99.0.4844.51 Safari/537.36 Edg/99.0.1150.30"
198.54.114.83 - - [01/Apr/2025:03:25:17 -0400] "GET /wp-admin/theme-editor.php?theme=color-magazine&file=inc%2Ftgm%2Fclass-tgm-plugin-activation.php&wp_scrape_key=b3eb353c873cdaf4dabac7088cb41d8c&wp_scrape_nonce=2015328562 HTTP/1.1" 200 45540 "-" "WordPress/6.7.2; https://saamigraphics.com"
198.54.114.83 - - [01/Apr/2025:03:25:19 -0400] "GET /?wp_scrape_key=b3eb353c873cdaf4dabac7088cb41d8c&wp_scrape_nonce=2015328562 HTTP/1.1" 200 82333 "-" "WordPress/6.7.2; https://saamigraphics.com"
175.36.70.96 - - [01/Apr/2025:03:25:15 -0400] "POST /wp-admin/admin-ajax.php HTTP/1.1" 200 256 "https://saamigraphics.com/wp-admin/theme-editor.php?file=inc%2Ftgm%2Fclass-tgm-plugin-activation.php&theme=color-magazine" "Mozilla/5.0 (Windows NT 10.0; Win64; x64) AppleWebKit/537.36 (KHTML, like Gecko) Chrome/107.0.0.0 Safari/537.36"
118.208.14.169 - - [01/Apr/2025:03:25:21 -0400] "GET /wp-admin/theme-editor.php?file=template-parts%2Fcontent.php&theme=color-magazine HTTP/1.1" 200 12899 "-" "Mozilla/5.0 (Macintosh; Intel Mac OS X 10_15_7) AppleWebKit/605.1.15 (KHTML, like Gecko) Version/15.5 Safari/605.1.15"
185.7.214.64 - - [01/Apr/2025:03:25:27 -0400] "POST /wp-login.php?wp_lang=en_US HTTP/1.1" 200 1840 "-" "Mozilla/5.0 (Windows NT 10.0; Win64; x64) AppleWebKit/537.36 (KHTML, like Gecko) Chrome/99.0.4844.51 Safari/537.36 Edg/99.0.1150.30"
198.54.114.83 - - [01/Apr/2025:03:25:27 -0400] "GET /wp-admin/theme-editor.php?theme=color-magazine&file=template-parts%2Fcontent.php&wp_scrape_key=eb97f092ec06b08779a9744e618e3838&wp_scrape_nonce=1243857602 HTTP/1.1" 200 14086 "-" "WordPress/6.7.2; https://saamigraphics.com"
198.54.114.83 - - [01/Apr/2025:03:25:30 -0400] "GET /?wp_scrape_key=eb97f092ec06b08779a9744e618e3838&wp_scrape_nonce=1243857602 HTTP/1.1" 200 82333 "-" "WordPress/6.7.2; https://saamigraphics.com"
175.36.70.96 - - [01/Apr/2025:03:25:25 -0400] "POST /wp-admin/admin-ajax.php HTTP/1.1" 200 256 "https://saamigraphics.com/wp-admin/theme-editor.php?file=template-parts%2Fcontent.php&theme=color-magazine" "Mozilla/5.0 (Macintosh; Intel Mac OS X 10_15_7) AppleWebKit/605.1.15 (KHTML, like Gecko) Version/15.5 Safari/605.1.15"
115.130.200.40 - - [01/Apr/2025:03:25:32 -0400] "GET /wp-admin/theme-editor.php?file=inc%2Fcustomizer%2Fmt-customizer-front-panel-options.php&theme=color-magazine HTTP/1.1" 200 13501 "-" "Mozilla/5.0 (Windows NT 10.0; Win64; x64) AppleWebKit/537.36 (KHTML, like Gecko) Chrome/110.0.0.0 Safari/537.36"
198.54.114.83 - - [01/Apr/2025:03:25:38 -0400] "POST /wp-cron.php?doing_wp_cron=1743492338.3138999938964843750000 HTTP/1.1" 200 0 "-" "WordPress/6.7.2; https://saamigraphics.com"
198.54.114.83 - - [01/Apr/2025:03:25:37 -0400] "GET /wp-admin/theme-editor.php?theme=color-magazine&file=inc%2Fcustomizer%2Fmt-customizer-front-panel-options.php&wp_scrape_key=813da29e7c57a546180ff1f448397f60&wp_scrape_nonce=833979650 HTTP/1.1" 200 14753 "-" "WordPress/6.7.2; https://saamigraphics.com"
198.54.114.83 - - [01/Apr/2025:03:25:39 -0400] "GET /?wp_scrape_key=813da29e7c57a546180ff1f448397f60&wp_scrape_nonce=833979650 HTTP/1.1" 200 82333 "-" "WordPress/6.7.2; https://saamigraphics.com"
175.36.70.96 - - [01/Apr/2025:03:25:35 -0400] "POST /wp-admin/admin-ajax.php HTTP/1.1" 200 256 "https://saamigraphics.com/wp-admin/theme-editor.php?file=inc%2Fcustomizer%2Fmt-customizer-front-panel-options.php&theme=color-magazine" "Mozilla/5.0 (Windows NT 10.0; Win64; x64) AppleWebKit/537.36 (KHTML, like Gecko) Chrome/110.0.0.0 Safari/537.36"
198.54.114.83 - - [01/Apr/2025:03:25:40 -0400] "POST /wp-admin/admin-ajax.php?action=async_litespeed&nonce=DGNfeBCMJNq1FcZg19wxxk3DRJld3ukQ&litespeed_type=imgoptm HTTP/1.1" 200 0 "-" "WordPress/6.7.2; https://saamigraphics.com"
115.130.200.40 - - [01/Apr/2025:03:25:41 -0400] "GET /wp-admin/theme-editor.php?file=inc%2Fcustomizer%2Fmt-callback.php&theme=color-magazine HTTP/1.1" 200 12771 "-" "Mozilla/5.0 (Windows NT 10.0; Win64; x64) AppleWebKit/537.36 (KHTML, like Gecko) Chrome/101.0.4951.64 Safari/537.36 Edg/101.0.1210.47"
198.54.114.83 - - [01/Apr/2025:03:25:46 -0400] "GET /wp-admin/theme-editor.php?theme=color-magazine&file=inc%2Fcustomizer%2Fmt-callback.php&wp_scrape_key=b6b5f07742620aff7686a7b4cfea57a6&wp_scrape_nonce=158745874 HTTP/1.1" 200 14011 "-" "WordPress/6.7.2; https://saamigraphics.com"
198.54.114.83 - - [01/Apr/2025:03:25:48 -0400] "GET /?wp_scrape_key=b6b5f07742620aff7686a7b4cfea57a6&wp_scrape_nonce=158745874 HTTP/1.1" 200 82297 "-" "WordPress/6.7.2; https://saamigraphics.com"
175.36.70.96 - - [01/Apr/2025:03:25:44 -0400] "POST /wp-admin/admin-ajax.php HTTP/1.1" 200 256 "https://saamigraphics.com/wp-admin/theme-editor.php?file=inc%2Fcustomizer%2Fmt-callback.php&theme=color-magazine" "Mozilla/5.0 (Windows NT 10.0; Win64; x64) AppleWebKit/537.36 (KHTML, like Gecko) Chrome/101.0.4951.64 Safari/537.36 Edg/101.0.1210.47"
124.169.214.22 - - [01/Apr/2025:03:25:51 -0400] "GET /wp-admin/theme-editor.php?file=template-parts%2Fpartials%2Fheader%2Ftop-menu.php&theme=color-magazine HTTP/1.1" 200 12311 "-" "Mozilla/5.0 (Macintosh; Intel Mac OS X 10_15_7) AppleWebKit/605.1.15 (KHTML, like Gecko) Version/15.3 Safari/605.1.15"
198.54.114.83 - - [01/Apr/2025:03:25:56 -0400] "GET /wp-admin/theme-editor.php?theme=color-magazine&file=template-parts%2Fpartials%2Fheader%2Ftop-menu.php&wp_scrape_key=9bb9d350342520f3d361fd908a72451b&wp_scrape_nonce=535102480 HTTP/1.1" 200 13478 "-" "WordPress/6.7.2; https://saamigraphics.com"
198.54.114.83 - - [01/Apr/2025:03:25:58 -0400] "GET /?wp_scrape_key=9bb9d350342520f3d361fd908a72451b&wp_scrape_nonce=535102480 HTTP/1.1" 200 82297 "-" "WordPress/6.7.2; https://saamigraphics.com"
175.36.70.96 - - [01/Apr/2025:03:25:54 -0400] "POST /wp-admin/admin-ajax.php HTTP/1.1" 200 256 "https://saamigraphics.com/wp-admin/theme-editor.php?file=template-parts%2Fpartials%2Fheader%2Ftop-menu.php&theme=color-magazine" "Mozilla/5.0 (Macintosh; Intel Mac OS X 10_15_7) AppleWebKit/605.1.15 (KHTML, like Gecko) Version/15.3 Safari/605.1.15"
115.130.200.40 - - [01/Apr/2025:03:26:00 -0400] "GET /wp-admin/theme-editor.php?file=archive.php&theme=color-magazine HTTP/1.1" 200 12691 "-" "Mozilla/5.0 (Windows NT 10.0; Win64; x64) AppleWebKit/537.36 (KHTML, like Gecko) Chrome/101.0.4951.67 Safari/537.36"
198.54.114.83 - - [01/Apr/2025:03:26:05 -0400] "GET /wp-admin/theme-editor.php?theme=color-magazine&file=archive.php&wp_scrape_key=feb04b511e74e6e8dd389cc0c7ac8c01&wp_scrape_nonce=330566289 HTTP/1.1" 200 13915 "-" "WordPress/6.7.2; https://saamigraphics.com"
198.54.114.83 - - [01/Apr/2025:03:26:07 -0400] "GET /?wp_scrape_key=feb04b511e74e6e8dd389cc0c7ac8c01&wp_scrape_nonce=330566289 HTTP/1.1" 200 82333 "-" "WordPress/6.7.2; https://saamigraphics.com"
175.36.70.96 - - [01/Apr/2025:03:26:04 -0400] "POST /wp-admin/admin-ajax.php HTTP/1.1" 200 256 "https://saamigraphics.com/wp-admin/theme-editor.php?file=archive.php&theme=color-magazine" "Mozilla/5.0 (Windows NT 10.0; Win64; x64) AppleWebKit/537.36 (KHTML, like Gecko) Chrome/101.0.4951.67 Safari/537.36"
167.71.219.42 - - [01/Apr/2025:03:26:08 -0400] "POST /wp-login.php HTTP/1.1" 200 1840 "https://saamigraphics.com/wp-admin/" "Mozilla/5.0 (Windows NT 10.0; Win64; x64) AppleWebKit/537.36 (KHTML, like Gecko) Chrome/90.0.4430.85 Safari/537.36"
207.46.13.52 - - [01/Apr/2025:03:26:11 -0400] "GET /den-digitalen-erfolg-erschliesen-die-macht-von-agence-web/feed/ HTTP/1.1" 200 82297 "-" "Mozilla/5.0 AppleWebKit/537.36 (KHTML, like Gecko; compatible; bingbot/2.0; +http://www.bing.com/bingbot.htm) Chrome/116.0.1938.76 Safari/537.36"
167.71.219.42 - - [01/Apr/2025:03:26:10 -0400] "GET /wp-admin/ HTTP/1.1" 302 0 "https://www.google.com" "Mozilla/5.0 (Windows NT 10.0; Win64; x64) AppleWebKit/537.36 (KHTML, like Gecko) Chrome/90.0.4430.85 Safari/537.36"
115.130.200.40 - - [01/Apr/2025:03:26:11 -0400] "GET /wp-admin/theme-editor.php?file=inc%2Fmetaboxes%2Fmt-post-sidebar-meta.php&theme=color-magazine HTTP/1.1" 200 13682 "-" "Mozilla/5.0 (Windows NT 10.0; Win64; x64) AppleWebKit/537.36 (KHTML, like Gecko) Chrome/116.0.0.0 Safari/537.36"
167.71.219.42 - - [01/Apr/2025:03:26:13 -0400] "GET /wp-login.php?redirect_to=https%3A%2F%2Fsaamigraphics.com%2Fwp-admin%2F&reauth=1 HTTP/1.1" 200 1717 "https://www.google.com" "Mozilla/5.0 (Windows NT 10.0; Win64; x64) AppleWebKit/537.36 (KHTML, like Gecko) Chrome/90.0.4430.85 Safari/537.36"
198.54.114.83 - - [01/Apr/2025:03:26:16 -0400] "GET /wp-admin/theme-editor.php?theme=color-magazine&file=inc%2Fmetaboxes%2Fmt-post-sidebar-meta.php&wp_scrape_key=72a338ee264d84ef9957fe3ca9fa6c07&wp_scrape_nonce=861793964 HTTP/1.1" 200 14875 "-" "WordPress/6.7.2; https://saamigraphics.com"
198.54.114.83 - - [01/Apr/2025:03:26:20 -0400] "GET /?wp_scrape_key=72a338ee264d84ef9957fe3ca9fa6c07&wp_scrape_nonce=861793964 HTTP/1.1" 200 82333 "-" "WordPress/6.7.2; https://saamigraphics.com"
175.36.70.96 - - [01/Apr/2025:03:26:15 -0400] "POST /wp-admin/admin-ajax.php HTTP/1.1" 200 256 "https://saamigraphics.com/wp-admin/theme-editor.php?file=inc%2Fmetaboxes%2Fmt-post-sidebar-meta.php&theme=color-magazine" "Mozilla/5.0 (Windows NT 10.0; Win64; x64) AppleWebKit/537.36 (KHTML, like Gecko) Chrome/116.0.0.0 Safari/537.36"
115.130.200.40 - - [01/Apr/2025:03:26:22 -0400] "GET /wp-admin/theme-editor.php?file=inc%2Ftgm%2Fmt-recommend-plugins.php&theme=color-magazine HTTP/1.1" 200 13705 "-" "Mozilla/5.0 (Windows NT 10.0; Win64; x64) AppleWebKit/537.36 (KHTML, like Gecko) Chrome/116.0.0.0 Safari/537.36"
198.54.114.83 - - [01/Apr/2025:03:26:30 -0400] "GET /wp-admin/theme-editor.php?theme=color-magazine&file=inc%2Ftgm%2Fmt-recommend-plugins.php&wp_scrape_key=67688172a8aeac7e8f3f06c58ad57815&wp_scrape_nonce=612759832 HTTP/1.1" 200 14870 "-" "WordPress/6.7.2; https://saamigraphics.com"
198.54.114.83 - - [01/Apr/2025:03:26:32 -0400] "GET /?wp_scrape_key=67688172a8aeac7e8f3f06c58ad57815&wp_scrape_nonce=612759832 HTTP/1.1" 200 82297 "-" "WordPress/6.7.2; https://saamigraphics.com"
175.36.70.96 - - [01/Apr/2025:03:26:27 -0400] "POST /wp-admin/admin-ajax.php HTTP/1.1" 200 256 "https://saamigraphics.com/wp-admin/theme-editor.php?file=inc%2Ftgm%2Fmt-recommend-plugins.php&theme=color-magazine" "Mozilla/5.0 (Windows NT 10.0; Win64; x64) AppleWebKit/537.36 (KHTML, like Gecko) Chrome/116.0.0.0 Safari/537.36"
115.130.200.40 - - [01/Apr/2025:03:26:34 -0400] "GET /wp-admin/theme-editor.php?file=template-parts%2Fpartials%2Fscroll-top.php&theme=color-magazine HTTP/1.1" 200 12350 "-" "Mozilla/5.0 (Windows NT 10.0; Win64; x64) AppleWebKit/537.36 (KHTML, like Gecko) Chrome/101.0.4951.64 Safari/537.36 Edg/101.0.1210.47"
198.54.114.83 - - [01/Apr/2025:03:26:39 -0400] "POST /wp-cron.php?doing_wp_cron=1743492398.9562230110168457031250 HTTP/1.1" 200 0 "-" "WordPress/6.7.2; https://saamigraphics.com"
198.54.114.83 - - [01/Apr/2025:03:26:39 -0400] "GET /wp-admin/theme-editor.php?theme=color-magazine&file=template-parts%2Fpartials%2Fscroll-top.php&wp_scrape_key=33a4df9ddfac568a63de4463d7ec8dab&wp_scrape_nonce=1565771771 HTTP/1.1" 200 13573 "-" "WordPress/6.7.2; https://saamigraphics.com"
198.54.114.83 - - [01/Apr/2025:03:26:40 -0400] "POST /wp-admin/admin-ajax.php?action=async_litespeed&nonce=Gx8EV8qLHHAEhRopoIwFuQeL2A9jEAff&litespeed_type=imgoptm HTTP/1.1" 200 0 "-" "WordPress/6.7.2; https://saamigraphics.com"
198.54.114.83 - - [01/Apr/2025:03:26:41 -0400] "GET /?wp_scrape_key=33a4df9ddfac568a63de4463d7ec8dab&wp_scrape_nonce=1565771771 HTTP/1.1" 200 82333 "-" "WordPress/6.7.2; https://saamigraphics.com"
175.36.70.96 - - [01/Apr/2025:03:26:37 -0400] "POST /wp-admin/admin-ajax.php HTTP/1.1" 200 256 "https://saamigraphics.com/wp-admin/theme-editor.php?file=template-parts%2Fpartials%2Fscroll-top.php&theme=color-magazine" "Mozilla/5.0 (Windows NT 10.0; Win64; x64) AppleWebKit/537.36 (KHTML, like Gecko) Chrome/101.0.4951.64 Safari/537.36 Edg/101.0.1210.47"
115.130.200.40 - - [01/Apr/2025:03:26:43 -0400] "GET /wp-admin/theme-editor.php?file=template-parts%2Fpartials%2Fheader%2Fpage-title.php&theme=color-magazine HTTP/1.1" 200 12571 "-" "Mozilla/5.0 (Windows NT 10.0; Win64; x64) AppleWebKit/537.36 (KHTML, like Gecko) Chrome/107.0.0.0 Safari/537.36"
198.54.114.83 - - [01/Apr/2025:03:26:48 -0400] "GET /wp-admin/theme-editor.php?theme=color-magazine&file=template-parts%2Fpartials%2Fheader%2Fpage-title.php&wp_scrape_key=0404691b7355f541a54c638cb08a29d4&wp_scrape_nonce=916381675 HTTP/1.1" 200 13756 "-" "WordPress/6.7.2; https://saamigraphics.com"
198.54.114.83 - - [01/Apr/2025:03:26:50 -0400] "GET /?wp_scrape_key=0404691b7355f541a54c638cb08a29d4&wp_scrape_nonce=916381675 HTTP/1.1" 200 82333 "-" "WordPress/6.7.2; https://saamigraphics.com"
175.36.70.96 - - [01/Apr/2025:03:26:47 -0400] "POST /wp-admin/admin-ajax.php HTTP/1.1" 200 256 "https://saamigraphics.com/wp-admin/theme-editor.php?file=template-parts%2Fpartials%2Fheader%2Fpage-title.php&theme=color-magazine" "Mozilla/5.0 (Windows NT 10.0; Win64; x64) AppleWebKit/537.36 (KHTML, like Gecko) Chrome/107.0.0.0 Safari/537.36"
118.208.14.169 - - [01/Apr/2025:03:26:51 -0400] "GET /wp-admin/theme-editor.php?file=inc%2Fwidgets%2Fmt-social-media.php&theme=color-magazine HTTP/1.1" 200 13309 "-" "Mozilla/5.0 (iPhone; CPU iPhone OS 17_2 like Mac OS X) AppleWebKit/605.1.15 (KHTML, like Gecko) Version/17.2 Mobile/15E148 Safari/604.1"
198.54.114.83 - - [01/Apr/2025:03:26:56 -0400] "GET /wp-admin/theme-editor.php?theme=color-magazine&file=inc%2Fwidgets%2Fmt-social-media.php&wp_scrape_key=ad7af976073174ed8535886ae32562ce&wp_scrape_nonce=1452864378 HTTP/1.1" 200 14464 "-" "WordPress/6.7.2; https://saamigraphics.com"
198.54.114.83 - - [01/Apr/2025:03:26:59 -0400] "GET /?wp_scrape_key=ad7af976073174ed8535886ae32562ce&wp_scrape_nonce=1452864378 HTTP/1.1" 200 82389 "-" "WordPress/6.7.2; https://saamigraphics.com"
175.36.70.96 - - [01/Apr/2025:03:26:55 -0400] "POST /wp-admin/admin-ajax.php HTTP/1.1" 200 256 "https://saamigraphics.com/wp-admin/theme-editor.php?file=inc%2Fwidgets%2Fmt-social-media.php&theme=color-magazine" "Mozilla/5.0 (iPhone; CPU iPhone OS 17_2 like Mac OS X) AppleWebKit/605.1.15 (KHTML, like Gecko) Version/17.2 Mobile/15E148 Safari/604.1"
115.130.200.40 - - [01/Apr/2025:03:27:06 -0400] "GET /wp-admin/theme-editor.php?file=inc%2Fmt-custom-hooks.php&theme=color-magazine HTTP/1.1" 200 15597 "-" "Mozilla/5.0 (Windows NT 10.0; Win64; x64) AppleWebKit/537.36 (KHTML, like Gecko) Chrome/110.0.0.0 Safari/537.36"
198.54.114.83 - - [01/Apr/2025:03:27:12 -0400] "GET /wp-admin/theme-editor.php?theme=color-magazine&file=inc%2Fmt-custom-hooks.php&wp_scrape_key=8b7b3f04d776e47686c4c567017b26a2&wp_scrape_nonce=1729421381 HTTP/1.1" 200 16752 "-" "WordPress/6.7.2; https://saamigraphics.com"
198.54.114.83 - - [01/Apr/2025:03:27:15 -0400] "GET /?wp_scrape_key=8b7b3f04d776e47686c4c567017b26a2&wp_scrape_nonce=1729421381 HTTP/1.1" 200 82333 "-" "WordPress/6.7.2; https://saamigraphics.com"
175.36.70.96 - - [01/Apr/2025:03:27:10 -0400] "POST /wp-admin/admin-ajax.php HTTP/1.1" 200 256 "https://saamigraphics.com/wp-admin/theme-editor.php?file=inc%2Fmt-custom-hooks.php&theme=color-magazine" "Mozilla/5.0 (Windows NT 10.0; Win64; x64) AppleWebKit/537.36 (KHTML, like Gecko) Chrome/110.0.0.0 Safari/537.36"
118.208.14.169 - - [01/Apr/2025:03:27:16 -0400] "GET /wp-admin/theme-editor.php?file=template-parts%2Fpartials%2Fheader%2Ftrending-tags.php&theme=color-magazine HTTP/1.1" 200 12663 "-" "Mozilla/5.0 (Macintosh; Intel Mac OS X 10_15_7) AppleWebKit/605.1.15 (KHTML, like Gecko) Version/17.0 Safari/605.1.15"
198.54.114.83 - - [01/Apr/2025:03:27:23 -0400] "GET /wp-admin/theme-editor.php?theme=color-magazine&file=template-parts%2Fpartials%2Fheader%2Ftrending-tags.php&wp_scrape_key=8f51b35b9fa4e81c68f1f63221087e1b&wp_scrape_nonce=657264315 HTTP/1.1" 200 13799 "-" "WordPress/6.7.2; https://saamigraphics.com"
198.54.114.83 - - [01/Apr/2025:03:27:25 -0400] "GET /?wp_scrape_key=8f51b35b9fa4e81c68f1f63221087e1b&wp_scrape_nonce=657264315 HTTP/1.1" 200 82297 "-" "WordPress/6.7.2; https://saamigraphics.com"
175.36.70.96 - - [01/Apr/2025:03:27:21 -0400] "POST /wp-admin/admin-ajax.php HTTP/1.1" 200 256 "https://saamigraphics.com/wp-admin/theme-editor.php?file=template-parts%2Fpartials%2Fheader%2Ftrending-tags.php&theme=color-magazine" "Mozilla/5.0 (Macintosh; Intel Mac OS X 10_15_7) AppleWebKit/605.1.15 (KHTML, like Gecko) Version/17.0 Safari/605.1.15"
115.130.200.40 - - [01/Apr/2025:03:27:27 -0400] "GET /wp-admin/theme-editor.php?file=single.php&theme=color-magazine HTTP/1.1" 200 12626 "-" "Mozilla/5.0 (Macintosh; Intel Mac OS X 10_15_7) AppleWebKit/537.36 (KHTML, like Gecko) Chrome/119.0.0.0 Safari/537.36"
198.54.114.83 - - [01/Apr/2025:03:27:33 -0400] "GET /wp-admin/theme-editor.php?theme=color-magazine&file=single.php&wp_scrape_key=3c0ff70b082b49df9d640b54f4e0e439&wp_scrape_nonce=407621051 HTTP/1.1" 200 13816 "-" "WordPress/6.7.2; https://saamigraphics.com"
198.54.114.83 - - [01/Apr/2025:03:27:35 -0400] "GET /?wp_scrape_key=3c0ff70b082b49df9d640b54f4e0e439&wp_scrape_nonce=407621051 HTTP/1.1" 200 82333 "-" "WordPress/6.7.2; https://saamigraphics.com"
175.36.70.96 - - [01/Apr/2025:03:27:31 -0400] "POST /wp-admin/admin-ajax.php HTTP/1.1" 200 256 "https://saamigraphics.com/wp-admin/theme-editor.php?file=single.php&theme=color-magazine" "Mozilla/5.0 (Macintosh; Intel Mac OS X 10_15_7) AppleWebKit/537.36 (KHTML, like Gecko) Chrome/119.0.0.0 Safari/537.36"
2001:41d0:203:83e2:: - - [01/Apr/2025:03:27:39 -0400] "GET /wp-login.php HTTP/1.1" 200 1717 "-" "GRequests/0.10"
198.54.114.83 - - [01/Apr/2025:03:27:43 -0400] "POST /wp-cron.php?doing_wp_cron=1743492462.5528309345245361328125 HTTP/1.1" 200 0 "-" "WordPress/6.7.2; https://saamigraphics.com"
2001:41d0:203:83e2:: - - [01/Apr/2025:03:27:40 -0400] "POST /wp-login.php HTTP/1.1" 200 1850 "-" "GRequests/0.10"
198.54.114.83 - - [01/Apr/2025:03:27:45 -0400] "POST /wp-admin/admin-ajax.php?action=async_litespeed&nonce=c9TPYwtrJch0UXExxjndzCUFZk5rtVNZ&litespeed_type=imgoptm HTTP/1.1" 200 0 "-" "WordPress/6.7.2; https://saamigraphics.com"
175.36.70.96 - - [01/Apr/2025:03:28:36 -0400] "POST /wp-admin/admin-ajax.php HTTP/1.1" 200 0 "https://saamigraphics.com/wp-admin/theme-editor.php?file=single.php&theme=color-magazine" "Mozilla/5.0 (Macintosh; Intel Mac OS X 10_15_7) AppleWebKit/537.36 (KHTML, like Gecko) Chrome/119.0.0.0 Safari/537.36"
198.54.114.83 - - [01/Apr/2025:03:28:39 -0400] "POST /wp-cron.php?doing_wp_cron=1743492519.0384049415588378906250 HTTP/1.1" 200 0 "-" "WordPress/6.7.2; https://saamigraphics.com"
198.54.114.83 - - [01/Apr/2025:03:28:37 -0400] "GET /wp-admin/theme-editor.php?theme=color-magazine&file=single.php&wp_scrape_key=eb20661c09d4208d2a965ada7aecb503&wp_scrape_nonce=703023549 HTTP/1.1" 200 13819 "-" "WordPress/6.7.2; https://saamigraphics.com"
198.54.114.83 - - [01/Apr/2025:03:28:40 -0400] "GET /?wp_scrape_key=eb20661c09d4208d2a965ada7aecb503&wp_scrape_nonce=703023549 HTTP/1.1" 200 82298 "-" "WordPress/6.7.2; https://saamigraphics.com"
198.54.114.83 - - [01/Apr/2025:03:28:40 -0400] "POST /wp-admin/admin-ajax.php?action=async_litespeed&nonce=imHp02AqZxildTi6yViqTDKtFtOFJTX6&litespeed_type=imgoptm HTTP/1.1" 200 0 "-" "WordPress/6.7.2; https://saamigraphics.com"
174.137.50.30 - - [01/Apr/2025:03:29:09 -0400] "GET / HTTP/1.1" 200 82297 "-" "Mozilla/5.0 (compatible; Googlebot/2.1; +http://www.google.com/bot.html)"
51.222.253.9 - - [01/Apr/2025:03:29:17 -0400] "GET /page/10/ HTTP/1.1" 200 82297 "-" "Mozilla/5.0 (compatible; AhrefsBot/7.0; +http://ahrefs.com/robot/)"
2a03:2880:f800:b:: - - [01/Apr/2025:03:31:20 -0400] "GET /repairing-and-replacing-conservatory-roofs-in-swansea/ HTTP/1.1" 200 82333 "-" "meta-externalagent/1.1 (+https://developers.facebook.com/docs/sharing/webmasters/crawler)"
160.187.22.25 - - [01/Apr/2025:03:35:51 -0400] "GET /wp-login.php HTTP/1.1" 200 1717 "-" "GRequests/0.10"
198.54.114.83 - - [01/Apr/2025:03:35:57 -0400] "POST /wp-cron.php?doing_wp_cron=1743492956.9594941139221191406250 HTTP/1.1" 200 0 "-" "WordPress/6.7.2; https://saamigraphics.com"
160.187.22.25 - - [01/Apr/2025:03:35:52 -0400] "POST /wp-login.php HTTP/1.1" 200 1849 "-" "GRequests/0.10"
198.54.114.83 - - [01/Apr/2025:03:35:58 -0400] "POST /wp-admin/admin-ajax.php?action=async_litespeed&nonce=b3aCqfCbNAVrMr9Ff7LkOtNoSj8TDmga&litespeed_type=imgoptm HTTP/1.1" 200 0 "-" "WordPress/6.7.2; https://saamigraphics.com"
51.222.253.11 - - [01/Apr/2025:03:38:57 -0400] "GET /choosing-the-right-portable-water-pump/ HTTP/1.1" 200 82333 "-" "Mozilla/5.0 (compatible; AhrefsBot/7.0; +http://ahrefs.com/robot/)"
58.254.68.93 - - [01/Apr/2025:03:43:02 -0400] "GET /un-examen-des-produits-de-securite-a-domicile/ HTTP/1.1" 200 82333 "https://saamigraphics.com" "Mozilla/5.0 (Windows NT 10.0; Win64; x64) AppleWebKit/537.36 (KHTML, like Gecko) Chrome/62.0.3202.94 Safari/537.36"
178.150.14.250 - - [01/Apr/2025:03:43:05 -0400] "GET /robots.txt HTTP/1.1" 200 82297 "-" "Mozilla/5.0 (compatible; MJ12bot/v1.4.8; http://mj12bot.com/)"
178.150.14.250 - - [01/Apr/2025:03:43:08 -0400] "GET /%D1%80%D0%B0%D0%B7%D0%BE%D0%B2%D0%B0%D1%8F-%D0%B4%D0%BE%D0%B7%D0%B0-%D0%BC%D0%B5%D1%84%D0%B5%D0%B4%D1%80%D0%BE%D0%BD%D0%B0/ HTTP/1.1" 200 82297 "-" "Mozilla/5.0 (compatible; MJ12bot/v1.4.8; http://mj12bot.com/)"
178.150.14.250 - - [01/Apr/2025:03:43:11 -0400] "GET /%D1%80%D0%B0%D0%B7%D0%BE%D0%B2%D0%B0%D1%8F-%D0%B4%D0%BE%D0%B7%D0%B0-%D0%BC%D0%B5%D1%84%D0%B5%D0%B4%D1%80%D0%BE%D0%BD%D0%B0/feed/ HTTP/1.1" 200 82333 "-" "Mozilla/5.0 (compatible; MJ12bot/v1.4.8; http://mj12bot.com/)"
178.150.14.250 - - [01/Apr/2025:03:43:14 -0400] "GET /%E0%B8%AA%E0%B8%B9%E0%B8%95%E0%B8%A3%E0%B8%AA%E0%B8%A5%E0%B9%87%E0%B8%AD%E0%B8%95-pg-%E0%B8%97%E0%B8%B5%E0%B9%88%E0%B8%97%E0%B8%B3%E0%B9%83%E0%B8%AB%E0%B9%89%E0%B8%8A%E0%B8%99%E0%B8%B0%E0%B8%87/ HTTP/1.1" 200 82297 "-" "Mozilla/5.0 (compatible; MJ12bot/v1.4.8; http://mj12bot.com/)"
178.150.14.250 - - [01/Apr/2025:03:43:19 -0400] "GET /%E0%B8%AA%E0%B8%B9%E0%B8%95%E0%B8%A3%E0%B8%AA%E0%B8%A5%E0%B9%87%E0%B8%AD%E0%B8%95-pg-%E0%B8%97%E0%B8%B5%E0%B9%88%E0%B8%97%E0%B8%B3%E0%B9%83%E0%B8%AB%E0%B9%89%E0%B8%8A%E0%B8%99%E0%B8%B0%E0%B8%87/feed/ HTTP/1.1" 200 82333 "-" "Mozilla/5.0 (compatible; MJ12bot/v1.4.8; http://mj12bot.com/)"
178.150.14.250 - - [01/Apr/2025:03:43:21 -0400] "GET /%E0%B9%82%E0%B8%A5%E0%B8%81%E0%B8%AD%E0%B8%B1%E0%B8%99%E0%B8%99%E0%B9%88%E0%B8%B2%E0%B8%95%E0%B8%B7%E0%B9%88%E0%B8%99%E0%B9%80%E0%B8%95%E0%B9%89%E0%B8%99%E0%B8%82%E0%B8%AD%E0%B8%87%E0%B8%AA%E0%B8%A5/ HTTP/1.1" 200 82297 "-" "Mozilla/5.0 (compatible; MJ12bot/v1.4.8; http://mj12bot.com/)"
178.150.14.250 - - [01/Apr/2025:03:43:24 -0400] "GET /%E0%B9%82%E0%B8%A5%E0%B8%81%E0%B8%AD%E0%B8%B1%E0%B8%99%E0%B8%99%E0%B9%88%E0%B8%B2%E0%B8%95%E0%B8%B7%E0%B9%88%E0%B8%99%E0%B9%80%E0%B8%95%E0%B9%89%E0%B8%99%E0%B8%82%E0%B8%AD%E0%B8%87%E0%B8%AA%E0%B8%A5/feed/ HTTP/1.1" 200 82333 "-" "Mozilla/5.0 (compatible; MJ12bot/v1.4.8; http://mj12bot.com/)"
85.208.96.199 - - [01/Apr/2025:03:47:59 -0400] "GET /assurer-la-dignite-aide-gouvernementale-aux-douches-pour-personnes-agees/ HTTP/1.1" 200 82333 "-" "Mozilla/5.0 (compatible; SemrushBot/7~bl; +http://www.semrush.com/bot.html)"
51.222.253.2 - - [01/Apr/2025:03:48:31 -0400] "GET /how-does-steam-remote-play-work/ HTTP/1.1" 200 82297 "-" "Mozilla/5.0 (compatible; AhrefsBot/7.0; +http://ahrefs.com/robot/)"
2001:41d0:203:2625::1 - - [01/Apr/2025:03:52:37 -0400] "GET /2021/11/22/private-xxx-norske-sexnoveller-prague-escort-incall-kvinner-og-sex/ HTTP/1.1" 200 82389 "-" "Mozilla/5.0 (compatible; MJ12bot/v1.4.8; http://mj12bot.com/)"
35.197.35.239 - - [01/Apr/2025:03:56:04 -0400] "GET /what-is-liquid-rubber HTTP/1.1" 200 82333 "-" "Mozilla/5.0 (Windows NT 10.0; Win64; x64; rv:109.0) Gecko/20100101 Firefox/115.0"
51.222.253.15 - - [01/Apr/2025:03:58:17 -0400] "GET /author/jorge/page/108/ HTTP/1.1" 200 82333 "-" "Mozilla/5.0 (compatible; AhrefsBot/7.0; +http://ahrefs.com/robot/)"
134.122.133.12 - - [01/Apr/2025:04:00:33 -0400] "GET / HTTP/1.1" 200 82297 "https://saamigraphics.com/" "Mozilla/4.0 (compatible; MSIE 9.0; Windows NT 6.1)"
112.92.70.120 - - [01/Apr/2025:04:04:53 -0400] "GET /uk-cbd-shop-review/ HTTP/1.1" 200 82297 "https://saamigraphics.com" "Mozilla/5.0 (Windows NT 10.0; Win64; x64) AppleWebKit/537.36 (KHTML, like Gecko) Chrome/62.0.3202.94 Safari/537.36"
58.254.68.93 - - [01/Apr/2025:04:05:38 -0400] "GET /uk-cbd-shop-review/ HTTP/1.1" 200 82297 "https://saamigraphics.com" "Mozilla/5.0 (Windows NT 10.0; Win64; x64) AppleWebKit/537.36 (KHTML, like Gecko) Chrome/62.0.3202.94 Safari/537.36"
51.222.253.13 - - [01/Apr/2025:04:07:38 -0400] "GET /haushaltsauflosungen-in-luneburg-ein-leitfaden/ HTTP/1.1" 200 82333 "-" "Mozilla/5.0 (compatible; AhrefsBot/7.0; +http://ahrefs.com/robot/)"
2001:41d0:203:83e2:: - - [01/Apr/2025:04:11:41 -0400] "GET /wp-login.php HTTP/1.1" 200 1717 "-" "GRequests/0.10"
198.54.114.83 - - [01/Apr/2025:04:11:49 -0400] "POST /wp-cron.php?doing_wp_cron=1743495108.0620179176330566406250 HTTP/1.1" 200 0 "-" "WordPress/6.7.2; https://saamigraphics.com"
2001:41d0:203:83e2:: - - [01/Apr/2025:04:11:42 -0400] "POST /wp-login.php HTTP/1.1" 200 1850 "-" "GRequests/0.10"
198.54.114.83 - - [01/Apr/2025:04:11:52 -0400] "POST /wp-admin/admin-ajax.php?action=async_litespeed&nonce=UoTuGB42QrUKwaozPeaVJR4MGMWYp1k3&litespeed_type=imgoptm HTTP/1.1" 200 0 "-" "WordPress/6.7.2; https://saamigraphics.com"
185.191.171.4 - - [01/Apr/2025:04:12:14 -0400] "GET /robots.txt HTTP/1.1" 200 82333 "-" "Mozilla/5.0 (compatible; SemrushBot/7~bl; +http://www.semrush.com/bot.html)"
85.208.96.212 - - [01/Apr/2025:04:12:14 -0400] "GET /unveiling-the-trend-custom-brand-socks/ HTTP/1.1" 200 82389 "-" "Mozilla/5.0 (compatible; SemrushBot/7~bl; +http://www.semrush.com/bot.html)"
58.254.68.93 - - [01/Apr/2025:04:13:45 -0400] "GET /un-examen-des-produits-de-securite-a-domicile/ HTTP/1.1" 200 82333 "https://saamigraphics.com" "Mozilla/5.0 (Windows NT 10.0; Win64; x64) AppleWebKit/537.36 (KHTML, like Gecko) Chrome/62.0.3202.94 Safari/537.36"
91.84.100.21 - - [01/Apr/2025:04:14:41 -0400] "GET /cbd-for-anxiety-uk-a-natural-remedy-for-anxiety/ HTTP/1.1" 200 82297 "https://saamigraphics.com/cbd-for-anxiety-uk-a-natural-remedy-for-anxiety/" "Mozilla/5.0 (Windows NT 10.0; Win64; x64) AppleWebKit/537.36 (KHTML, like Gecko) Chrome/131.0.0.0 Safari/537.36 Avast/131.0.0.0"
35.230.62.145 - - [01/Apr/2025:04:15:24 -0400] "GET /hire-an-austin-online-dating-photography-photographer HTTP/1.1" 200 82333 "-" "Mozilla/5.0 (Windows NT 10.0; Win64; x64) AppleWebKit/537.36 (KHTML, like Gecko) Chrome/120.0.0.0 Safari/537.36"
1.14.94.175 - - [01/Apr/2025:04:17:25 -0400] "GET /wp-login.php HTTP/1.1" 200 1717 "-" "Apache-HttpClient/4.5.2 (Java/1.8.0_151)"
1.14.94.175 - - [01/Apr/2025:04:17:27 -0400] "GET /?author=1 HTTP/1.1" 200 82297 "-" "Apache-HttpClient/4.5.2 (Java/1.8.0_151)"
1.14.94.175 - - [01/Apr/2025:04:17:29 -0400] "GET /?author=2 HTTP/1.1" 200 82297 "-" "Apache-HttpClient/4.5.2 (Java/1.8.0_151)"
1.14.94.175 - - [01/Apr/2025:04:17:30 -0400] "GET /?author=3 HTTP/1.1" 200 82297 "-" "Apache-HttpClient/4.5.2 (Java/1.8.0_151)"
1.14.94.175 - - [01/Apr/2025:04:17:31 -0400] "GET /?author=4 HTTP/1.1" 200 82297 "-" "Apache-HttpClient/4.5.2 (Java/1.8.0_151)"
1.14.94.175 - - [01/Apr/2025:04:17:34 -0400] "GET /?author=5 HTTP/1.1" 200 82297 "-" "Apache-HttpClient/4.5.2 (Java/1.8.0_151)"
1.14.94.175 - - [01/Apr/2025:04:17:36 -0400] "GET /?author=6 HTTP/1.1" 200 82333 "-" "Apache-HttpClient/4.5.2 (Java/1.8.0_151)"
1.14.94.175 - - [01/Apr/2025:04:17:38 -0400] "GET /?author=7 HTTP/1.1" 200 82297 "-" "Apache-HttpClient/4.5.2 (Java/1.8.0_151)"
51.222.253.16 - - [01/Apr/2025:04:17:40 -0400] "GET /boiling-and-chilled-water-taps/ HTTP/1.1" 200 82333 "-" "Mozilla/5.0 (compatible; AhrefsBot/7.0; +http://ahrefs.com/robot/)"
1.14.94.175 - - [01/Apr/2025:04:17:40 -0400] "GET /?author=8 HTTP/1.1" 200 82298 "-" "Apache-HttpClient/4.5.2 (Java/1.8.0_151)"
1.14.94.175 - - [01/Apr/2025:04:17:42 -0400] "GET /?author=9 HTTP/1.1" 200 82333 "-" "Apache-HttpClient/4.5.2 (Java/1.8.0_151)"
1.14.94.175 - - [01/Apr/2025:04:17:44 -0400] "GET /?author=10 HTTP/1.1" 200 82333 "-" "Apache-HttpClient/4.5.2 (Java/1.8.0_151)"
1.14.94.175 - - [01/Apr/2025:04:17:46 -0400] "GET /?author=11 HTTP/1.1" 200 82297 "-" "Apache-HttpClient/4.5.2 (Java/1.8.0_151)"
1.14.94.175 - - [01/Apr/2025:04:17:48 -0400] "GET /?author=12 HTTP/1.1" 200 82333 "-" "Apache-HttpClient/4.5.2 (Java/1.8.0_151)"
1.14.94.175 - - [01/Apr/2025:04:17:49 -0400] "GET /?author=13 HTTP/1.1" 200 82297 "-" "Apache-HttpClient/4.5.2 (Java/1.8.0_151)"
1.14.94.175 - - [01/Apr/2025:04:17:50 -0400] "GET /?author=14 HTTP/1.1" 200 82297 "-" "Apache-HttpClient/4.5.2 (Java/1.8.0_151)"
1.14.94.175 - - [01/Apr/2025:04:17:51 -0400] "GET /?author=15 HTTP/1.1" 200 82297 "-" "Apache-HttpClient/4.5.2 (Java/1.8.0_151)"
1.14.94.175 - - [01/Apr/2025:04:17:53 -0400] "GET /?author=16 HTTP/1.1" 200 82297 "-" "Apache-HttpClient/4.5.2 (Java/1.8.0_151)"
1.14.94.175 - - [01/Apr/2025:04:17:54 -0400] "GET /?author=17 HTTP/1.1" 200 82333 "-" "Apache-HttpClient/4.5.2 (Java/1.8.0_151)"
1.14.94.175 - - [01/Apr/2025:04:17:56 -0400] "GET /?author=18 HTTP/1.1" 200 82297 "-" "Apache-HttpClient/4.5.2 (Java/1.8.0_151)"
1.14.94.175 - - [01/Apr/2025:04:17:57 -0400] "GET /?author=19 HTTP/1.1" 200 82333 "-" "Apache-HttpClient/4.5.2 (Java/1.8.0_151)"
1.14.94.175 - - [01/Apr/2025:04:18:01 -0400] "GET /?author=20 HTTP/1.1" 200 82333 "-" "Apache-HttpClient/4.5.2 (Java/1.8.0_151)"
52.167.144.186 - - [01/Apr/2025:04:19:30 -0400] "GET /boiler-service-checklist-and-maintenance-guide/feed/ HTTP/1.1" 200 82333 "-" "Mozilla/5.0 AppleWebKit/537.36 (KHTML, like Gecko; compatible; bingbot/2.0; +http://www.bing.com/bingbot.htm) Chrome/116.0.1938.76 Safari/537.36"
58.254.68.93 - - [01/Apr/2025:04:22:51 -0400] "GET /uk-cbd-shop-review/ HTTP/1.1" 200 82333 "https://saamigraphics.com" "Mozilla/5.0 (Windows NT 10.0; Win64; x64) AppleWebKit/537.36 (KHTML, like Gecko) Chrome/62.0.3202.94 Safari/537.36"
77.238.251.212 - - [01/Apr/2025:04:24:50 -0400] "GET /cbd-for-anxiety-uk-a-natural-remedy-for-anxiety/ HTTP/1.1" 200 82298 "https://saamigraphics.com/cbd-for-anxiety-uk-a-natural-remedy-for-anxiety/" "Mozilla/5.0 (Windows NT 10.0; Win64; x64) AppleWebKit/537.36 (KHTML, like Gecko) Chrome/131.0.0.0 Safari/537.36 Avast/131.0.0.0"
125.228.216.16 - - [01/Apr/2025:04:27:25 -0400] "GET /the-art-and-benefits-of-massage-therapys/ HTTP/1.1" 200 82333 "-" "Mozilla/5.0 (Windows NT 10.0; WOW64) AppleWebKit/537.36 (KHTML, like Gecko) Chrome/114.0.0.0 YaBrowser/22.7.0 Yowser/2.5 Safari/537.36"
51.222.253.12 - - [01/Apr/2025:04:27:52 -0400] "GET /sitemap_index.xml HTTP/1.1" 200 82333 "-" "Mozilla/5.0 (compatible; AhrefsBot/7.0; +http://ahrefs.com/robot/)"
102.157.122.249 - - [01/Apr/2025:04:30:43 -0400] "GET /wp-login.php HTTP/1.1" 200 1717 "http://saamigraphics.com/wp-admin/" "Mozilla/5.0 (Windows NT 10.0; Win64; x64) AppleWebKit/537.36 (KHTML, like Gecko) Chrome/90.0.4430.85 Safari/537.36"
102.157.122.249 - - [01/Apr/2025:04:30:45 -0400] "POST /wp-login.php HTTP/1.1" 200 1840 "http://saamigraphics.com/wp-admin/" "Mozilla/5.0 (Windows NT 10.0; Win64; x64) AppleWebKit/537.36 (KHTML, like Gecko) Chrome/90.0.4430.85 Safari/537.36"
102.157.122.249 - - [01/Apr/2025:04:30:46 -0400] "GET /wp-admin/ HTTP/1.1" 302 0 "www.google.com" "Mozilla/5.0 (Windows NT 10.0; Win64; x64) AppleWebKit/537.36 (KHTML, like Gecko) Chrome/90.0.4430.85 Safari/537.36"
102.157.122.249 - - [01/Apr/2025:04:30:48 -0400] "GET /wp-login.php?redirect_to=https%3A%2F%2Fsaamigraphics.com%2Fwp-admin%2F&reauth=1 HTTP/1.1" 200 1717 "www.google.com" "Mozilla/5.0 (Windows NT 10.0; Win64; x64) AppleWebKit/537.36 (KHTML, like Gecko) Chrome/90.0.4430.85 Safari/537.36"
85.208.98.16 - - [01/Apr/2025:04:32:35 -0400] "GET /the-art-of-massage-unveiling-its-benefits/ HTTP/1.1" 200 82297 "-" "Mozilla/5.0 (compatible; SemrushBot-BA; +http://www.semrush.com/bot.html)"
47.128.16.142 - - [01/Apr/2025:04:32:44 -0400] "GET /plongez-dans-lavenir-avec-la-vision-vr/ HTTP/1.1" 200 82297 "-" "Mozilla/5.0 (Linux; Android 5.0) AppleWebKit/537.36 (KHTML, like Gecko) Mobile Safari/537.36 (compatible; TikTokSpider; ttspider-feedback@tiktok.com)"
185.191.171.15 - - [01/Apr/2025:04:33:18 -0400] "GET /author/ashdev/ HTTP/1.1" 200 82333 "-" "Mozilla/5.0 (compatible; SemrushBot/7~bl; +http://www.semrush.com/bot.html)"
104.199.125.191 - - [01/Apr/2025:04:33:29 -0400] "GET /how-to-launch-a-plumbing-business HTTP/1.1" 200 82333 "-" "Mozilla/5.0 (Windows NT 10.0; Win64; x64) AppleWebKit/537.36 (KHTML, like Gecko) Chrome/120.0.0.0 Safari/537.36"
51.222.253.3 - - [01/Apr/2025:04:37:03 -0400] "GET /valuable-online-gambling-tips-gambling-strategies/ HTTP/1.1" 200 82333 "-" "Mozilla/5.0 (compatible; AhrefsBot/7.0; +http://ahrefs.com/robot/)"
185.220.100.243 - - [01/Apr/2025:04:40:06 -0400] "GET / HTTP/1.1" 200 82297 "https://saamigraphics.com" "Mozilla/5.0 (Windows NT 10.0; Win64; x64) AppleWebKit/537.36 (KHTML, like Gecko) Chrome/66.0.3359.181 Safari/537.36"
152.42.209.58 - - [01/Apr/2025:04:44:21 -0400] "GET /wp-login.php HTTP/1.1" 200 1717 "-" "Mozilla/5.0 (Linux; Android 12; Redmi Note 9 Pro Build/SKQ1.211019.001; wv) AppleWebKit/537.36 (KHTML, like Gecko) Version/4.0 Chrome/126.0.6478.71 Mobile Safari/537.36"
51.222.253.8 - - [01/Apr/2025:04:46:11 -0400] "GET /unlocking-generosity-the-phenomenon-of-mrbeasts-free-gift-cards/ HTTP/1.1" 200 82333 "-" "Mozilla/5.0 (compatible; AhrefsBot/7.0; +http://ahrefs.com/robot/)"
91.84.113.162 - - [01/Apr/2025:04:47:10 -0400] "GET /cbd-for-anxiety-uk-a-natural-remedy-for-anxiety/ HTTP/1.1" 200 82298 "https://saamigraphics.com/cbd-for-anxiety-uk-a-natural-remedy-for-anxiety/" "Mozilla/5.0 (Windows NT 10.0; Win64; x64) AppleWebKit/537.36 (KHTML, like Gecko) Chrome/103.0.5042.0 Safari/537.36"
120.154.156.128 - - [01/Apr/2025:04:47:54 -0400] "GET / HTTP/1.1" 200 82297 "-" "Mozilla/5.0 (Macintosh; Intel Mac OS X 10_15_7) AppleWebKit/537.36 (KHTML, like Gecko) Chrome/119.0.0.0 Safari/537.36"
122.148.175.62 - - [01/Apr/2025:04:47:57 -0400] "GET / HTTP/1.1" 200 82297 "-" "Mozilla/5.0 (Windows NT 10.0; Win64; x64) AppleWebKit/537.36 (KHTML, like Gecko) Chrome/99.0.4844.51 Safari/537.36"
2a02:4780:12:1979::1 - - [01/Apr/2025:04:51:05 -0400] "GET /wp-login.php HTTP/1.1" 200 1717 "-" "Mozila/5.0"
2a02:4780:12:1979::1 - - [01/Apr/2025:04:51:06 -0400] "POST /wp-login.php HTTP/1.1" 200 1891 "-" "Mozila/5.0"
198.54.114.83 - - [01/Apr/2025:04:51:12 -0400] "POST /wp-cron.php?doing_wp_cron=1743497471.3169169425964355468750 HTTP/1.1" 200 0 "-" "WordPress/6.7.2; https://saamigraphics.com"
34.82.71.152 - - [01/Apr/2025:04:51:11 -0400] "GET / HTTP/1.1" 200 82333 "-" "Mozilla/5.0 (Windows NT 10.0; Win64; x64) AppleWebKit/537.36 (KHTML, like Gecko) Chrome/121.0.0.0 Safari/537.36"
198.54.114.83 - - [01/Apr/2025:04:51:15 -0400] "POST /wp-admin/admin-ajax.php?action=async_litespeed&nonce=ZVsqC0d8ZvQURXct70CcLLKnaz8bIukR&litespeed_type=imgoptm HTTP/1.1" 200 0 "-" "WordPress/6.7.2; https://saamigraphics.com"
2a02:4780:12:1979::1 - - [01/Apr/2025:04:51:13 -0400] "GET /wp-admin/ HTTP/1.1" 302 0 "-" "Mozila/5.0"
2a02:4780:12:1979::1 - - [01/Apr/2025:04:51:17 -0400] "GET /wp-login.php?redirect_to=https%3A%2F%2Fsaamigraphics.com%2Fwp-admin%2F&reauth=1 HTTP/1.1" 200 1717 "-" "Mozila/5.0"
129.226.112.202 - - [01/Apr/2025:04:52:49 -0400] "GET /loan-for-foreigners-singapore-what-you-need-to-know/ HTTP/1.1" 200 82333 "-" "Python/3.10 aiohttp/3.10.5"
51.222.253.12 - - [01/Apr/2025:04:55:28 -0400] "GET /feel-the-comfort-in-feet-with-the-patient-socks/ HTTP/1.1" 200 82297 "-" "Mozilla/5.0 (compatible; AhrefsBot/7.0; +http://ahrefs.com/robot/)"
185.121.234.211 - - [01/Apr/2025:04:56:04 -0400] "GET /cbd-for-anxiety-uk-a-natural-remedy-for-anxiety/ HTTP/1.1" 200 82297 "https://saamigraphics.com/cbd-for-anxiety-uk-a-natural-remedy-for-anxiety/" "Mozilla/5.0 (Windows NT 10.0; Win64; x64) AppleWebKit/537.36 (KHTML, like Gecko) Chrome/103.0.5042.0 Safari/537.36"
198.54.114.83 - - [01/Apr/2025:04:58:10 -0400] "POST /wp-cron.php?doing_wp_cron=1743497889.4765160083770751953125 HTTP/1.1" 200 0 "-" "WordPress/6.7.2; https://saamigraphics.com"
193.32.126.218 - - [01/Apr/2025:04:58:04 -0400] "POST /wp-login.php HTTP/1.1" 200 1840 "https://saamigraphics.com/wp-admin/" "Mozilla/5.0 (Windows NT 10.0; Win64; x64) AppleWebKit/537.36 (KHTML, like Gecko) Chrome/90.0.4430.85 Safari/537.36"
198.54.114.83 - - [01/Apr/2025:04:58:13 -0400] "POST /wp-admin/admin-ajax.php?action=async_litespeed&nonce=v04NJ8KuqGPKupl8Sf4ipWx95KWIVV8h&litespeed_type=imgoptm HTTP/1.1" 200 0 "-" "WordPress/6.7.2; https://saamigraphics.com"
193.32.126.218 - - [01/Apr/2025:04:58:13 -0400] "POST /wp-login.php HTTP/1.1" 200 1840 "https://saamigraphics.com/wp-admin/" "Mozilla/5.0 (Windows NT 10.0; Win64; x64) AppleWebKit/537.36 (KHTML, like Gecko) Chrome/90.0.4430.85 Safari/537.36"
13.228.107.34 - - [01/Apr/2025:04:59:58 -0400] "GET /wp-login.php HTTP/1.1" 200 1717 "-" "GRequests/0.10"
13.228.107.34 - - [01/Apr/2025:05:00:02 -0400] "POST /wp-login.php HTTP/1.1" 200 1849 "-" "GRequests/0.10"
198.54.114.83 - - [01/Apr/2025:05:00:11 -0400] "POST /wp-cron.php?doing_wp_cron=1743498007.3808860778808593750000 HTTP/1.1" 200 0 "-" "WordPress/6.7.2; https://saamigraphics.com"
51.222.253.8 - - [01/Apr/2025:05:00:17 -0400] "GET /politicians-want-to-protect-us-from-the-evils-of-on-line-gambling-part-3/ HTTP/1.1" 200 82298 "-" "Mozilla/5.0 (compatible; AhrefsBot/7.0; +http://ahrefs.com/robot/)"
51.222.253.19 - - [01/Apr/2025:05:05:13 -0400] "GET /author/jorge/page/2/ HTTP/1.1" 200 82297 "-" "Mozilla/5.0 (compatible; AhrefsBot/7.0; +http://ahrefs.com/robot/)"
51.222.253.15 - - [01/Apr/2025:05:10:00 -0400] "GET /dentiste-geneve/ HTTP/1.1" 200 82297 "-" "Mozilla/5.0 (compatible; AhrefsBot/7.0; +http://ahrefs.com/robot/)"
51.222.253.19 - - [01/Apr/2025:05:14:53 -0400] "GET /does-fitbit-track-blood-pressure/ HTTP/1.1" 200 82333 "-" "Mozilla/5.0 (compatible; AhrefsBot/7.0; +http://ahrefs.com/robot/)"
129.226.130.181 - - [01/Apr/2025:05:15:12 -0400] "GET /most-favorite-ladies-accessories/ HTTP/1.1" 200 82333 "-" "Python/3.10 aiohttp/3.10.5"
112.92.70.120 - - [01/Apr/2025:05:19:57 -0400] "GET /uk-cbd-shop-review/ HTTP/1.1" 200 82297 "https://saamigraphics.com" "Mozilla/5.0 (Windows NT 10.0; Win64; x64) AppleWebKit/537.36 (KHTML, like Gecko) Chrome/62.0.3202.94 Safari/537.36"
43.135.121.251 - - [01/Apr/2025:05:20:08 -0400] "GET /unveiling-the-role-of-an-estate-agent/ HTTP/1.1" 200 82333 "-" "Python/3.10 aiohttp/3.10.5"
112.92.70.120 - - [01/Apr/2025:05:21:15 -0400] "GET /how-to-find-a-locksmith-near-me/ HTTP/1.1" 200 82333 "https://saamigraphics.com" "Mozilla/5.0 (Windows NT 10.0; Win64; x64) AppleWebKit/537.36 (KHTML, like Gecko) Chrome/62.0.3202.94 Safari/537.36"
51.222.253.4 - - [01/Apr/2025:05:22:50 -0400] "GET /essential-guide-to-breast-pumps/ HTTP/1.1" 200 82297 "-" "Mozilla/5.0 (compatible; AhrefsBot/7.0; +http://ahrefs.com/robot/)"
2a03:2880:f800:13:: - - [01/Apr/2025:05:28:18 -0400] "GET /wp-content/uploads/2023/02/z-300x200.jpg HTTP/1.1" 200 11478 "-" "meta-externalagent/1.1 (+https://developers.facebook.com/docs/sharing/webmasters/crawler)"
51.222.253.7 - - [01/Apr/2025:05:29:33 -0400] "GET /shining-legacies-exploring-the-elegance-of-silver-judaica/ HTTP/1.1" 200 82297 "-" "Mozilla/5.0 (compatible; AhrefsBot/7.0; +http://ahrefs.com/robot/)"
51.222.253.5 - - [01/Apr/2025:05:34:28 -0400] "GET /engage-a-good-locksmith-for-your-businesses-to-have-high-quality-locks/ HTTP/1.1" 200 82297 "-" "Mozilla/5.0 (compatible; AhrefsBot/7.0; +http://ahrefs.com/robot/)"
185.191.171.7 - - [01/Apr/2025:05:37:47 -0400] "GET /how-to-save-money-at-baha-mar/ HTTP/1.1" 200 82297 "-" "Mozilla/5.0 (compatible; SemrushBot/7~bl; +http://www.semrush.com/bot.html)"
51.222.253.6 - - [01/Apr/2025:05:39:02 -0400] "GET /what-can-blanket-weed-controller-do-for-me/ HTTP/1.1" 200 82297 "-" "Mozilla/5.0 (compatible; AhrefsBot/7.0; +http://ahrefs.com/robot/)"
51.222.253.1 - - [01/Apr/2025:05:43:42 -0400] "GET /lhygieniste-geneve-2/ HTTP/1.1" 200 82298 "-" "Mozilla/5.0 (compatible; AhrefsBot/7.0; +http://ahrefs.com/robot/)"
202.8.41.162 - - [01/Apr/2025:05:43:47 -0400] "GET /lhygieniste-geneve-2/react.js HTTP/1.1" 200 82333 "https://saamigraphics.com/lhygieniste-geneve-2/" "Mozilla/5.0 (compatible; AhrefsBot/7.0; +http://ahrefs.com/robot/)"
202.8.41.162 - - [01/Apr/2025:05:43:47 -0400] "GET /lhygieniste-geneve-2/react-dom.js HTTP/1.1" 200 82333 "https://saamigraphics.com/lhygieniste-geneve-2/" "Mozilla/5.0 (compatible; AhrefsBot/7.0; +http://ahrefs.com/robot/)"
202.8.41.162 - - [01/Apr/2025:05:43:47 -0400] "GET /products/sw.js HTTP/1.1" 200 82333 "https://saamigraphics.com/lhygieniste-geneve-2/" "Mozilla/5.0 (X11; Linux x86_64) AppleWebKit/537.36 (KHTML, like Gecko) HeadlessChrome/131.0.6778.87 Safari/537.36"
2001:41d0:203:83e2:: - - [01/Apr/2025:05:44:56 -0400] "GET /wp-login.php HTTP/1.1" 200 1717 "-" "GRequests/0.10"
198.54.114.83 - - [01/Apr/2025:05:45:02 -0400] "POST /wp-cron.php?doing_wp_cron=1743500702.0750401020050048828125 HTTP/1.1" 200 0 "-" "WordPress/6.7.2; https://saamigraphics.com"
