13.229.78.155 - - [01/Apr/2025:14:08:16 -0400] "GET /wp-login.php HTTP/1.1" 200 1717 "-" "Mozlila/5.0 (Linux; Android 7.0; SM-G892A Bulid/NRD90M; wv) AppleWebKit/537.36 (KHTML, like Gecko) Version/4.0 Chrome/60.0.3112.107 Moblie Safari/537.36"
51.222.253.2 - - [01/Apr/2025:14:08:39 -0400] "GET /category/activity/page/19/ HTTP/1.1" 200 82297 "-" "Mozilla/5.0 (compatible; AhrefsBot/7.0; +http://ahrefs.com/robot/)"
51.222.253.18 - - [01/Apr/2025:14:09:49 -0400] "GET /category/activity/page/3/ HTTP/1.1" 200 82333 "-" "Mozilla/5.0 (compatible; AhrefsBot/7.0; +http://ahrefs.com/robot/)"
85.208.96.206 - - [01/Apr/2025:14:10:59 -0400] "GET /robots.txt HTTP/1.1" 200 82390 "-" "Mozilla/5.0 (compatible; SemrushBot/7~bl; +http://www.semrush.com/bot.html)"
51.222.253.1 - - [01/Apr/2025:14:11:01 -0400] "GET /interested-in-watch-repair-check-out-these-basic-requirements/ HTTP/1.1" 200 82297 "-" "Mozilla/5.0 (compatible; AhrefsBot/7.0; +http://ahrefs.com/robot/)"
85.208.96.211 - - [01/Apr/2025:14:11:08 -0400] "GET /transformez-votre-canape-avec-des-housses-de-canape-elegantes/ HTTP/1.1" 200 82333 "-" "Mozilla/5.0 (compatible; SemrushBot/7~bl; +http://www.semrush.com/bot.html)"
51.222.253.8 - - [01/Apr/2025:14:12:07 -0400] "GET /category/activity/page/96/ HTTP/1.1" 200 82297 "-" "Mozilla/5.0 (compatible; AhrefsBot/7.0; +http://ahrefs.com/robot/)"
51.222.253.12 - - [01/Apr/2025:14:13:21 -0400] "GET /page/69/ HTTP/1.1" 200 82333 "-" "Mozilla/5.0 (compatible; AhrefsBot/7.0; +http://ahrefs.com/robot/)"
104.201.3.29 - - [01/Apr/2025:14:13:31 -0400] "GET /optimizing-casino-revenue-efficient-solution-distribution/ HTTP/1.1" 200 82297 "-" "Mozilla/5.0 (Macintosh; Intel Mac OS X 10_15_7) AppleWebKit/537.36 (KHTML, like Gecko) Chrome/125.0.0.0 Safari/537.36"
51.222.253.8 - - [01/Apr/2025:14:14:38 -0400] "GET /what-is-a-tor-browser/ HTTP/1.1" 200 82333 "-" "Mozilla/5.0 (compatible; AhrefsBot/7.0; +http://ahrefs.com/robot/)"
202.8.43.182 - - [01/Apr/2025:14:14:53 -0400] "GET /what-is-a-tor-browser/react.js HTTP/1.1" 200 82333 "https://saamigraphics.com/what-is-a-tor-browser/" "Mozilla/5.0 (compatible; AhrefsBot/7.0; +http://ahrefs.com/robot/)"
202.8.43.182 - - [01/Apr/2025:14:14:53 -0400] "GET /what-is-a-tor-browser/react-dom.js HTTP/1.1" 200 82333 "https://saamigraphics.com/what-is-a-tor-browser/" "Mozilla/5.0 (compatible; AhrefsBot/7.0; +http://ahrefs.com/robot/)"
85.208.96.212 - - [01/Apr/2025:14:15:06 -0400] "GET /access-to-healthcare/ HTTP/1.1" 200 82333 "-" "Mozilla/5.0 (compatible; SemrushBot/7~bl; +http://www.semrush.com/bot.html)"
34.53.6.96 - - [01/Apr/2025:14:15:42 -0400] "GET /omnivoid-filling-the-tech-void HTTP/1.1" 200 82297 "-" "Mozilla/5.0 (Windows NT 10.0; Win64; x64; rv:123.0) Gecko/20100101 Firefox/123.0"
2001:41d0:203:83e2:: - - [01/Apr/2025:14:15:46 -0400] "GET /wp-login.php HTTP/1.1" 200 1717 "-" "GRequests/0.10"
51.222.253.17 - - [01/Apr/2025:14:15:50 -0400] "GET /relaxing-on-the-go-a-perfect-solution-for-business-travelers/ HTTP/1.1" 200 82297 "-" "Mozilla/5.0 (compatible; AhrefsBot/7.0; +http://ahrefs.com/robot/)"
2001:41d0:203:83e2:: - - [01/Apr/2025:14:15:50 -0400] "POST /wp-login.php HTTP/1.1" 200 1849 "-" "GRequests/0.10"
198.54.114.83 - - [01/Apr/2025:14:15:58 -0400] "POST /wp-cron.php?doing_wp_cron=1743531355.4939620494842529296875 HTTP/1.1" 200 0 "-" "WordPress/6.7.2; https://saamigraphics.com"
2001:41d0:203:83e2:: - - [01/Apr/2025:14:16:19 -0400] "GET /wp-login.php HTTP/1.1" 200 1717 "-" "GRequests/0.10"
2001:41d0:203:83e2:: - - [01/Apr/2025:14:16:21 -0400] "POST /wp-login.php HTTP/1.1" 200 1850 "-" "GRequests/0.10"
54.91.119.195 - - [01/Apr/2025:14:16:23 -0400] "GET / HTTP/1.1" 200 82297 "-" "Mozilla/5.0 (Macintosh; Intel Mac OS X 10_12_6) AppleWebKit/537.36 (KHTML, like Gecko) Chrome/69.0.3497.100 Safari/537.36"
192.42.116.211 - - [01/Apr/2025:14:16:37 -0400] "GET / HTTP/1.1" 200 82297 "https://saamigraphics.com" "Mozilla/5.0 (Windows NT 10.0; WOW64) AppleWebKit/537.36 (KHTML, like Gecko) Chrome/48.0.2564.82 Safari/537.36 OPR/35.0.2066.37 (Edition Yx)"
51.222.253.10 - - [01/Apr/2025:14:16:58 -0400] "GET /page/21/ HTTP/1.1" 200 82333 "-" "Mozilla/5.0 (compatible; AhrefsBot/7.0; +http://ahrefs.com/robot/)"
54.91.119.195 - - [01/Apr/2025:14:17:02 -0400] "GET /site-nav-pc/5.2.38/assets/reqwest/index.js HTTP/1.1" 200 82333 "-" "Mozilla/5.0 (compatible; MSIE 10.6; Windows NT 6.1; Trident/5.0; InfoPath.2; SLCC1; .NET CLR 3.0.4506.2152; .NET CLR 3.5.30729; .NET CLR 2.0.50727) 3gpp-gba UNTRUSTED/1.0"
54.91.119.195 - - [01/Apr/2025:14:17:02 -0400] "GET /site-nav-pc/5.2.38/assets/switch-lang/index.js HTTP/1.1" 200 82333 "-" "Mozilla/5.0 (Windows NT 10.0; WOW64) AppleWebKit/537.36 (KHTML, like Gecko) Chrome/75.0.3770.142 Safari/537.36"
54.91.119.195 - - [01/Apr/2025:14:17:02 -0400] "GET /lzd-h5-utils-jsonp/1.1.11/index.js HTTP/1.1" 200 82333 "-" "Mozilla/5.0 (Linux; Android 9; SM-A530F) AppleWebKit/537.36 (KHTML, like Gecko) Chrome/76.0.3809.111 Mobile Safari/537.36"
54.91.119.195 - - [01/Apr/2025:14:17:02 -0400] "GET /lzd-h5-utils-icon/1.0.8/index.js HTTP/1.1" 200 82297 "-" "Mozilla/5.0 (Windows NT 6.1; WOW64) AppleWebKit/534.27 (KHTML, like Gecko) Chrome/12.0.712.0 Safari/534.27"
54.91.119.195 - - [01/Apr/2025:14:17:02 -0400] "GET //o.alicdn.com/lzdfe/lzd-h5-itrace/index.js HTTP/1.1" 200 82333 "-" "Mozilla/5.0 (X11; Linux i686) AppleWebKit/537.36 (KHTML, like Gecko) Ubuntu Chromium/60.0.3112.78 Chrome/60.0.3112.78 Safari/537.36"
54.91.119.195 - - [01/Apr/2025:14:17:02 -0400] "GET /site-nav-pc/5.2.38/assets/liveup/index.js HTTP/1.1" 200 82333 "-" "Mozilla/5.0 (Windows NT 10.0; Win64; x64) AppleWebKit/537.36 (KHTML, like Gecko) Chrome/74.0.3729.108 Safari/537.36"
54.91.119.195 - - [01/Apr/2025:14:17:02 -0400] "GET /lazada-mod-lib/0.0.20/LazadaModLib.min.js HTTP/1.1" 200 82333 "-" "Mozilla/5.0 (compatible; MSIE 10.0; Windows Phone 8.0; Trident/6.0; IEMobile/10.0; ARM; Touch; NOKIA; Lumia 920)"
54.91.119.195 - - [01/Apr/2025:14:17:03 -0400] "GET /site-nav-pc/5.2.38/assets/download-app/index.js HTTP/1.1" 200 82297 "-" "Mozilla/5.0 (Linux; Android 8.0.0; SM-G935F) AppleWebKit/537.36 (KHTML, like Gecko) Chrome/76.0.3809.111 Mobile Safari/537.36"
54.91.119.195 - - [01/Apr/2025:14:17:03 -0400] "GET /16.8.0/react.production.min.js HTTP/1.1" 200 82297 "-" "Mozilla/5.0 (Windows; U; Windows NT 6.2; es-US ) AppleWebKit/540.0 (KHTML like Gecko) Version/6.0 Safari/8900.00"
54.91.119.195 - - [01/Apr/2025:14:17:03 -0400] "GET /16.8.0/react-dom.production.min.js HTTP/1.1" 200 82333 "-" "Mozilla/5.0 (Macintosh; Intel Mac OS X 1083) AppleWebKit/537.36 (KHTML like Gecko) Chrome/28.0.1469.0 Safari/537.36"
54.91.119.195 - - [01/Apr/2025:14:17:03 -0400] "GET /common-info/5.0.30/index.js HTTP/1.1" 200 82333 "-" "SonyEricssonT68/R201A"
54.91.119.195 - - [01/Apr/2025:14:17:03 -0400] "GET /site-nav-pc/5.2.38/assets/affiliate/index.js HTTP/1.1" 200 82297 "-" "Mozilla/5.0 (Linux; Android 8.1.0; Redmi 6) AppleWebKit/537.36 (KHTML, like Gecko) Chrome/76.0.3809.111 Mobile Safari/537.36"
54.91.119.195 - - [01/Apr/2025:14:17:03 -0400] "GET /blank.js HTTP/1.1" 200 82333 "-" "Mozilla/5.0 (Linux; Android 9; SM-G965U) AppleWebKit/537.36 (KHTML, like Gecko) Chrome/75.0.3770.101 Mobile Safari/537.36"
54.91.119.195 - - [01/Apr/2025:14:17:03 -0400] "GET /site-menu-nav-pc/5.0.73/pc/index.js HTTP/1.1" 200 82298 "-" "Mozilla/5.0 (iPad; CPU OS 12_3_1 like Mac OS X) AppleWebKit/605.1.15 (KHTML, like Gecko) Version/12.1.1 Mobile/15E148 Safari/604.1"
54.91.119.195 - - [01/Apr/2025:14:17:03 -0400] "GET /site-nav-pc/5.2.38/i18n.js HTTP/1.1" 200 82333 "-" "Mozilla/5.0 (iPhone; U; CPU iPhone OS 5_1_1 like Mac OS X; da-dk) AppleWebKit/534.46.0 (KHTML, like Gecko) CriOS/19.0.1084.60 Mobile/9B206 Safari/7534.48.3"
54.91.119.195 - - [01/Apr/2025:14:17:03 -0400] "GET /site-nav-pc/5.2.38/assets/user-info/index.js HTTP/1.1" 200 82333 "-" "Mozilla/5.0 (Windows NT 6.1; Win64; x64) AppleWebKit/537.36 (KHTML, like Gecko) Chrome/69.0.3497.102 Safari/537.36 Vivaldi/2.0.1309.3"
54.91.119.195 - - [01/Apr/2025:14:17:03 -0400] "GET /site-nav-pc/5.2.38/assets/common/popper/index.js HTTP/1.1" 200 82297 "-" "Mozilla/5.0 (Linux; Android 6.0.1; Redmi 4) AppleWebKit/537.36 (KHTML, like Gecko) Chrome/76.0.3809.111 Mobile Safari/537.36"
54.91.119.195 - - [01/Apr/2025:14:17:03 -0400] "GET /site-nav-pc/5.2.38/pc/index.js HTTP/1.1" 200 82297 "-" "Mozilla/4.0 (PSP (PlayStation Portable); 2.00)"
54.91.119.195 - - [01/Apr/2025:14:17:03 -0400] "GET /assets/1.1.18/require/2.3.6/require.js HTTP/1.1" 200 82333 "-" "Mozilla/5.0 (Windows NT 10.0; Win64; x64) AppleWebKit/537.36 (KHTML, like Gecko) Chrome/75.0.3770.100 Safari/537.36 OPR/62.0.3331.88"
54.91.119.195 - - [01/Apr/2025:14:17:03 -0400] "GET /multimod-lzd-member__signup-login-pop/0.0.4/lib-signuppop/index.umd.es5.production.js HTTP/1.1" 200 82333 "-" "Mozilla/5.0 (Windows; U; Windows NT 5.2; en-US) AppleWebKit/537.36 (KHTML, like Gecko) Chrome/57.0.2987.108 Safari/537.36 UCBrowser/12.13.0.1207"
54.91.119.195 - - [01/Apr/2025:14:17:03 -0400] "GET /products/sw.js HTTP/1.1" 200 82333 "-" "Mozilla/5.0 (X11; Linux x86_64) AppleWebKit/537.36 (KHTML, like Gecko) Chrome/43.0.2357.93 Safari/537.36"
54.91.119.195 - - [01/Apr/2025:14:17:03 -0400] "GET /jquery/5.0.9/index.js HTTP/1.1" 200 82333 "-" "Mozilla/5.0 (Linux; U; Android 6.0; zh-CN; KNT-UL10 Build/HUAWEIKNT-UL10) AppleWebKit/537.36 (KHTML, like Gecko) Version/4.0 Chrome/57.0.2987.108 Quark/3.0.2.943 Mobile Safari/537.36"
54.91.119.195 - - [01/Apr/2025:14:17:03 -0400] "GET /lzd-h5-utils-env/1.5.12/index.js HTTP/1.1" 200 82333 "-" "Mozilla/5.0 (Windows; U; Windows NT 6.1; en-US) AppleWebKit/532.5 (KHTML, like Gecko) Chrome/4.0.249.0 Safari/532.5"
54.91.119.195 - - [01/Apr/2025:14:17:03 -0400] "GET /lib-mtop/2.5.1/mtop.js HTTP/1.1" 200 82333 "-" "Mozilla/5.0 (Linux; Android 8.0.0; SM-G930F) AppleWebKit/537.36 (KHTML, like Gecko) Chrome/76.0.3809.111 Mobile Safari/537.36"
54.91.119.195 - - [01/Apr/2025:14:17:03 -0400] "GET /site-nav-pc/5.2.38/assets/search-box/index.js HTTP/1.1" 200 82333 "-" "Mozilla/5.0 (Windows NT 6.3; Win64; x64) AppleWebKit/537.36 (KHTML, like Gecko) Chrome/76.0.3809.100 Safari/537.36"
54.91.119.195 - - [01/Apr/2025:14:17:04 -0400] "GET /interface.js HTTP/1.1" 200 82333 "-" "Mozilla/5.0 (Linux; Android 4.4.4; XT1032 Build/KXB21.14-L1.61) AppleWebKit/537.36 (KHTML, like Gecko) Chrome/45.0.2454.94 Mobile Safari/537.36"
54.91.119.195 - - [01/Apr/2025:14:17:04 -0400] "GET //g.lazcdn.com/g/lzdfe/pwa-assets/5.0.7/manifest/id.js HTTP/1.1" 200 82297 "-" "Mozilla/5.0 (X11; U; Linux i686; en-US) AppleWebKit/532.4 (KHTML, like Gecko) Chrome/4.0.237.0 Safari/532.4 Debian"
54.91.119.195 - - [01/Apr/2025:14:17:04 -0400] "GET //g.lazcdn.com/g/??mtb/lib-promise/3.1.3/polyfillB.js HTTP/1.1" 200 82297 "-" "Mozilla/5.0 (Linux; U; Android 9; en-US; RMX1851 Build/PKQ1.190101.001) AppleWebKit/537.36 (KHTML, like Gecko) Version/4.0 Chrome/57.0.2987.108 UCBrowser/12.12.8.1206 Mobile Safari/537.36"
54.91.119.195 - - [01/Apr/2025:14:17:04 -0400] "GET //g.lazcdn.com/g/lzd/assets/1.2.10/web-vitals/3.4.0/index.js HTTP/1.1" 200 82297 "-" "Mozilla/5.0 (X11; Linux x86_64) AppleWebKit/537.36 (KHTML, like Gecko) Chrome/62.0.3202.94 Safari/537.36"
54.91.119.195 - - [01/Apr/2025:14:17:04 -0400] "GET //aeis.alicdn.com/sd/ncpc/nc.js HTTP/1.1" 200 82297 "-" "Mozilla/5.0 (Windows NT 10.0; Win64; x64) AppleWebKit/537.36 (KHTML, like Gecko) Chrome/75.0.3770.142 Safari/537.36"
54.91.119.195 - - [01/Apr/2025:14:17:04 -0400] "GET //g.lazcdn.com/g/retcode/cloud-sdk/bl.js HTTP/1.1" 200 82333 "-" "Mozilla/5.0 (Windows NT 6.3; Win64; x64) AppleWebKit/537.36 (KHTML, like Gecko) Chrome/65.0.3325.162 Safari/537.36"
54.91.119.195 - - [01/Apr/2025:14:17:04 -0400] "GET //g.lazcdn.com/g/alilog/mlog/aplus_int.js HTTP/1.1" 200 82333 "-" "Mozilla/5.0 (Macintosh; Intel Mac OS X 10_12_6) AppleWebKit/605.1.15 (KHTML, like Gecko) Version/12.0.3 Safari/605.1.15"
54.91.119.195 - - [01/Apr/2025:14:17:04 -0400] "GET //g.lazcdn.com/g/lzd/assets/0.0.5/next/0.19.21/next.min.js HTTP/1.1" 200 82297 "-" "Mozilla/5.0 (iPad; CPU OS 11_0 like Mac OS X) AppleWebKit/604.1.38 (KHTML, like Gecko) Version/11.0 Mobile/15A5362a Safari/604.1"
54.91.119.195 - - [01/Apr/2025:14:17:04 -0400] "GET //g.lazcdn.com/g/mui/i18n/5.0.4/??index.js HTTP/1.1" 200 82297 "-" "Mozilla/5.0 (Windows NT 10.0; Win64; x64) AppleWebKit/537.36 (KHTML, like Gecko) Chrome/68.0.3440.75 Safari/537.36"
54.91.119.195 - - [01/Apr/2025:14:17:04 -0400] "GET //g.lazcdn.com/g/lzdmod/loader/5.0.2/??index.js HTTP/1.1" 200 82297 "-" "Mozilla/5.0 (Linux; Android 9; Nokia 7.1) AppleWebKit/537.36 (KHTML, like Gecko) Chrome/72.0.3626.121 Mobile Safari/537.36"
54.91.119.195 - - [01/Apr/2025:14:17:04 -0400] "GET //g.lazcdn.com/g/??mmfe/cps-rt-tracking/0.0.6/index.js HTTP/1.1" 200 82297 "-" "Mozilla/5.0 (Linux; Android 7.0; Vivo 8) AppleWebKit/537.36 (KHTML, like Gecko) Chrome/76.0.3809.111 Mobile Safari/537.36"
54.91.119.195 - - [01/Apr/2025:14:17:04 -0400] "GET //g.lazcdn.com/g/??mui/feloader/5.0.0/feloader-min.js HTTP/1.1" 200 82333 "-" "Opera/9.80 (Windows NT 6.1; U; es-ES) Presto/2.9.181 Version/12.00"
54.91.119.195 - - [01/Apr/2025:14:17:04 -0400] "GET //g.lazcdn.com/g/lzd/assets/1.2.13/??babel-polyfill/6.26.0/polyfill.min.js HTTP/1.1" 200 82333 "-" "Mozilla/5.0 (Linux; Android 5.1; A1601) AppleWebKit/537.36 (KHTML, like Gecko) Chrome/76.0.3809.111 Mobile Safari/537.36"
54.91.119.195 - - [01/Apr/2025:14:17:04 -0400] "GET //g.lazcdn.com/g/lzd/assets/1.1.37/web-vitals/2.1.0/index.js HTTP/1.1" 200 82333 "-" "Mozilla/5.0 (Linux; Android 7.0; SM-J710FN) AppleWebKit/537.36 (KHTML, like Gecko) Chrome/76.0.3809.111 Mobile Safari/537.36"
54.91.119.195 - - [01/Apr/2025:14:17:04 -0400] "GET //g.lazcdn.com/g/lzdfe/pdp-platform/0.1.22/pc.js HTTP/1.1" 200 82298 "-" "Mozilla/5.0 (X11; Linux i686) AppleWebKit/537.36 (KHTML, like Gecko) Chrome/39.0.2166.2 Safari/537.36"
54.91.119.195 - - [01/Apr/2025:14:17:04 -0400] "GET //g.lazcdn.com/g/lazada-search-fe/lzd-searchbox/0.4.11/index.js HTTP/1.1" 200 82333 "-" "Mozilla/5.0 (Linux; Android 8.0.0; SM-A910F) AppleWebKit/537.36 (KHTML, like Gecko) Chrome/76.0.3809.111 Mobile Safari/537.36"
54.91.119.195 - - [01/Apr/2025:14:17:04 -0400] "GET //g.lazcdn.com/g/woodpeckerx/jssdk??wpkReporter.js HTTP/1.1" 200 82297 "-" "Mozilla/5.0 (Windows NT 6.1) AppleWebKit/537.36 (KHTML, like Gecko) Chrome/75.0.3770.142 Safari/537.36 OPR/62.0.3331.116"
54.91.119.195 - - [01/Apr/2025:14:17:04 -0400] "GET //g.lazcdn.com/g/lzdmod/im/5.0.103/index.js HTTP/1.1" 200 82297 "-" "Uzbl (Webkit 1.3) (Linux i686 [i686])"
54.91.119.195 - - [01/Apr/2025:14:17:04 -0400] "GET //g.lazcdn.com/g/lzd-cs/chat/2.5.0/alichat.js HTTP/1.1" 200 82333 "-" "Mozilla/5.0 (Macintosh; Intel Mac OS X 10_13_6) AppleWebKit/537.36 (KHTML, like Gecko) Chrome/75.0.3770.142 Safari/537.36"
54.91.119.195 - - [01/Apr/2025:14:17:06 -0400] "GET //g.lazcdn.com/g/lzdfe/pdp-modules/1.4.4/pc-mod.js HTTP/1.1" 200 82333 "-" "Mozilla/5.0 (Macintosh; Intel Mac OS X 10_14_1) AppleWebKit/537.36 (KHTML, like Gecko) Chrome/76.0.3809.100 Safari/537.36"
54.91.119.195 - - [01/Apr/2025:14:17:06 -0400] "GET /site-nav-pc/5.2.38/assets/cart/index.js HTTP/1.1" 200 82244 "-" "Mozilla/5.0 (Macintosh; Intel Mac OS X 10_14) AppleWebKit/605.1.15 (KHTML, like Gecko) Version/12.0 Safari/605.1.15"
51.222.253.16 - - [01/Apr/2025:14:18:05 -0400] "GET /page/97/ HTTP/1.1" 200 82297 "-" "Mozilla/5.0 (compatible; AhrefsBot/7.0; +http://ahrefs.com/robot/)"
110.249.202.157 - - [01/Apr/2025:14:18:27 -0400] "GET /page/2/ HTTP/1.1" 200 82298 "-" "Mozilla/5.0 (Linux; Android 5.0) AppleWebKit/537.36 (KHTML, like Gecko) Mobile Safari/537.36 (compatible; Bytespider; https://zhanzhang.toutiao.com/)"
54.91.119.195 - - [01/Apr/2025:14:19:04 -0400] "GET /desktop-footer/6.1.1/pc/index.js HTTP/1.1" 200 82333 "-" "Mozilla/5.0 (Linux; Android 7.0; YS900) AppleWebKit/537.36 (KHTML, like Gecko) Chrome/74.0.3729.136 Iron Safari/537.36"
54.91.119.195 - - [01/Apr/2025:14:19:05 -0400] "GET /lzd-h5-utils-sites/1.1.11/index.js HTTP/1.1" 200 82333 "-" "Mozilla/5.0 (Linux; Android 9; SAMSUNG SM-G975F Build/PPR1.180610.011) AppleWebKit/537.36 (KHTML, like Gecko) SamsungBrowser/9.4 Chrome/67.0.3396.87 Mobile Safari/537.36"
54.91.119.195 - - [01/Apr/2025:14:19:06 -0400] "GET /assets/1.1.18/require/2.3.6/require.js HTTP/1.1" 200 82297 "-" "Mozilla/5.0 (Macintosh; Intel Mac OS X 10.6; rv:25.0) Gecko/20100101 Firefox/25.0"
54.91.119.195 - - [01/Apr/2025:14:19:06 -0400] "GET //g.lazcdn.com/g/retcode/cloud-sdk/bl.js HTTP/1.1" 200 82297 "-" "Mozilla/5.0 (Linux; Android 9; G8141) AppleWebKit/537.36 (KHTML, like Gecko) Chrome/76.0.3809.111 Mobile Safari/537.36"
54.91.119.195 - - [01/Apr/2025:14:19:06 -0400] "GET /lzd-h5-utils-qs/0.1.11/index.js HTTP/1.1" 200 82297 "-" "Mozilla/5.0 (X11; Linux x86_64) AppleWebKit/537.36 (KHTML, like Gecko) Ubuntu Chromium/67.0.3396.99 Chrome/67.0.3396.99 Safari/537.36"
54.91.119.195 - - [01/Apr/2025:14:19:06 -0400] "GET //g.lazcdn.com/g/??mui/feloader/5.0.0/feloader-min.js HTTP/1.1" 200 82297 "-" "Mozilla/4.0 (compatible; MSIE 5.0; Series80/2.0 Nokia9500/4.51 Profile/MIDP-2.0 Configuration/CLDC-1.1)"
54.91.119.195 - - [01/Apr/2025:14:19:06 -0400] "GET /common-info/5.0.30/index.js HTTP/1.1" 200 82297 "-" "Mozilla/5.0 (Linux; Android 7.0; YS900) AppleWebKit/537.36 (KHTML, like Gecko) Chrome/74.0.3729.136 Iron Safari/537.36"
54.91.119.195 - - [01/Apr/2025:14:19:06 -0400] "GET //o.alicdn.com/lzd_sec/LWSC/index.js HTTP/1.1" 200 82297 "-" "Mozilla/5.0 (Windows NT 5.2; rv:10.0.1) Gecko/20100101 Firefox/10.0.1 SeaMonkey/2.7.1"
54.91.119.195 - - [01/Apr/2025:14:19:06 -0400] "GET //g.lazcdn.com/g/lzdfe/pdp-platform/0.1.22/pc.js HTTP/1.1" 200 82333 "-" "Mozilla/5.0 (Windows NT 10.0; Win64; x64) AppleWebKit/537.36 (KHTML, like Gecko) Chrome/77.0.3835.0 Safari/537.36"
54.91.119.195 - - [01/Apr/2025:14:19:06 -0400] "GET /back-to-third-party-app/5.0.2/m/button.js HTTP/1.1" 200 82333 "-" "Mozilla/5.0 (Windows NT 6.1; WOW64) AppleWebKit/537.36 (KHTML, like Gecko) Chrome/33.0.1750.154 Safari/537.36 OPR/20.0.1387.91"
54.91.119.195 - - [01/Apr/2025:14:19:06 -0400] "GET //g.lazcdn.com/g/lzd/assets/1.2.13/??babel-polyfill/6.26.0/polyfill.min.js HTTP/1.1" 200 82333 "-" "Mozilla/5.0 (Macintosh; Intel Mac OS X 10_14_6) AppleWebKit/537.36 (KHTML, like Gecko) Chrome/78.0.3880.4 Safari/537.36"
54.91.119.195 - - [01/Apr/2025:14:19:06 -0400] "GET /lzd-h5-utils-cookie/1.2.10/index.js HTTP/1.1" 200 82297 "-" "Mozilla/5.0 (Windows; U; Windows NT 5.1; en-US; BOLT/2.800) AppleWebKit/534.6 (KHTML, like Gecko) Version/5.0 Safari/534.6.3"
54.91.119.195 - - [01/Apr/2025:14:19:06 -0400] "GET /16.8.0/react.production.min.js HTTP/1.1" 200 82297 "-" "Mozilla/5.0 (MSIE 9.0; Windows NT 10.0; Win64; x64) AppleWebKit/537.36 (KHTML, like Gecko) Chrome/51.0.2704.79 Safari/537.36 Edge/14.14931"
54.91.119.195 - - [01/Apr/2025:14:19:06 -0400] "GET //g.lazcdn.com/g/lzdmod/im/5.0.103/index.js HTTP/1.1" 200 82297 "-" "Mozilla/5.0 (Macintosh; Intel Mac OS X 10_12_6) AppleWebKit/605.1.15 (KHTML, like Gecko) Version/12.0.3 Safari/605.1.15"
54.91.119.195 - - [01/Apr/2025:14:19:06 -0400] "GET //g.lazcdn.com/g/??mtb/lib-promise/3.1.3/polyfillB.js HTTP/1.1" 200 82333 "-" "Mozilla/5.0 (Windows NT 10.0; Win64; x64) AppleWebKit/537.36 (KHTML, like Gecko) Chrome/39.0.2171.71 Safari/537.36 Edge/12.0"
54.91.119.195 - - [01/Apr/2025:14:19:06 -0400] "GET /desktop-footer/6.1.1/pc/reqwest/index.js HTTP/1.1" 200 82333 "-" "Mozilla/5.0 (Windows NT 6.1; WOW64) AppleWebKit/537.36 (KHTML like Gecko) Chrome/28.0.1469.0 Safari/537.36"
54.91.119.195 - - [01/Apr/2025:14:19:06 -0400] "GET //g.lazcdn.com/g/??mmfe/cps-rt-tracking/0.0.6/index.js HTTP/1.1" 200 82333 "-" "Mozilla/5.0 (Macintosh; U; PPC Mac OS X; en) AppleWebKit/125.2 (KHTML, like Gecko) Safari/125.8"
54.91.119.195 - - [01/Apr/2025:14:19:06 -0400] "GET //g.lazcdn.com/g/mui/i18n/5.0.4/??index.js HTTP/1.1" 200 82297 "-" "Mozilla/5.0 (Windows NT 6.2; WOW64) AppleWebKit/537.36 (KHTML, like Gecko) Chrome/59.0.3068.0 Safari/537.36"
54.91.119.195 - - [01/Apr/2025:14:19:06 -0400] "GET //g.lazcdn.com/g/lazada-search-fe/lzd-searchbox/0.4.11/index.js HTTP/1.1" 200 82333 "-" "Mozilla/5.0 (X11; Linux x86_64) AppleWebKit/537.36 (KHTML, like Gecko) Chrome/73.0.3683.103 Safari/537.36 OPR/60.0.3255.59"
54.91.119.195 - - [01/Apr/2025:14:19:06 -0400] "GET /lib-mtop/2.5.1/mtop.js HTTP/1.1" 200 82298 "-" "Mozilla/5.0 (X11; CentOS; Linux x86_64; rv:36.0) Gecko/20100101 Firefox/36.0"
54.91.119.195 - - [01/Apr/2025:14:19:06 -0400] "GET /jquery/5.0.9/index.js HTTP/1.1" 200 82333 "-" "Mozilla/5.0 (Macintosh; Intel Mac OS X 10_12_4) AppleWebKit/537.36 (KHTML, like Gecko) Chrome/75.0.3770.142 Safari/537.36"
54.91.119.195 - - [01/Apr/2025:14:19:06 -0400] "GET /flow.js HTTP/1.1" 200 82333 "-" "FeedFetcher-Google; ( http://www.google.com/feedfetcher.html)"
54.91.119.195 - - [01/Apr/2025:14:19:07 -0400] "GET //g.lazcdn.com/g/lzdmod/loader/5.0.2/??index.js HTTP/1.1" 200 82333 "-" "Mozilla/5.0 (SymbianOS/9.1; U; de) AppleWebKit/413 (KHTML, like Gecko) Safari/413"
54.91.119.195 - - [01/Apr/2025:14:19:06 -0400] "GET /lazada-mod-lib/0.0.20/LazadaModLib.min.js HTTP/1.1" 200 82333 "-" "Mozilla/5.0 (Windows Phone 8.1; ARM; Trident/7.0; Touch; rv:11.0; IEMobile/11.0; NOKIA; Lumia 530) like Gecko"
54.91.119.195 - - [01/Apr/2025:14:19:06 -0400] "GET /lzd-h5-utils-mtop/1.2.56/index.js HTTP/1.1" 200 82333 "-" "Mozilla/5.0 (Windows NT 10.0; WOW64) AppleWebKit/537.36 (KHTML, like Gecko) Chrome/75.0.3730.0 Safari/537.36"
54.91.119.195 - - [01/Apr/2025:14:19:07 -0400] "GET //g.lazcdn.com/g/woodpeckerx/jssdk??wpkReporter.js HTTP/1.1" 200 82297 "-" "Mozilla/5.0 (Windows NT 6.2; WOW64) AppleWebKit/537.36 (KHTML, like Gecko) Chrome/41.0.2272.76 Safari/537.36 OPR/28.0.1750.40"
54.91.119.195 - - [01/Apr/2025:14:19:07 -0400] "GET /site-menu-pc/5.0.45/pc/index.js HTTP/1.1" 200 82297 "-" "Mozilla/5.0 (Macintosh; Intel Mac OS X 10_11_6) AppleWebKit/605.1.15 (KHTML, like Gecko) Version/11.1.2 Safari/605.1.15"
54.91.119.195 - - [01/Apr/2025:14:19:07 -0400] "GET /multimod-lzd-trade__cart/1.0.16/lib-cart/index.umd.es5.production.js HTTP/1.1" 200 82333 "-" "Mozilla/5.0 (en-us) AppleWebKit/525.13 (KHTML, like Gecko; Google Web Preview) Version/3.1 Safari/525.13"
54.91.119.195 - - [01/Apr/2025:14:19:07 -0400] "GET /site-menu-nav-pc/5.0.73/pc/index.js HTTP/1.1" 200 82297 "-" "Mozilla/5.0 (Macintosh; Intel Mac OS X 10_8_2) AppleWebKit/537.4 (KHTML like Gecko) Chrome/22.0.1229.79 Safari/537.4"
54.91.119.195 - - [01/Apr/2025:14:19:07 -0400] "GET /site-nav-pc/5.2.38/assets/reqwest/index.js HTTP/1.1" 200 82297 "-" "Mozilla/5.0 (Linux; Android 8.1.0; SM-G390F) AppleWebKit/537.36 (KHTML, like Gecko) Chrome/76.0.3809.89 Mobile Safari/537.36"
54.91.119.195 - - [01/Apr/2025:14:19:07 -0400] "GET /site-nav-pc/5.2.38/assets/links-bar/index.js HTTP/1.1" 200 82297 "-" "Mozilla/5.0 (Windows; U; Windows NT 6.2; es-US ) AppleWebKit/540.0 (KHTML like Gecko) Version/6.0 Safari/8900.00"
54.91.119.195 - - [01/Apr/2025:14:19:07 -0400] "GET /site-nav-pc/5.2.38/assets/user-info/index.js HTTP/1.1" 200 82333 "-" "Mozilla/5.0 (X11; CrOS aarch64 12239.67.0) AppleWebKit/537.36 (KHTML, like Gecko) Chrome/76.0.3809.102 Safari/537.36"
54.91.119.195 - - [01/Apr/2025:14:19:07 -0400] "GET /lzd-h5-utils-logger/1.1.52/index.js HTTP/1.1" 200 82333 "-" "Mozilla/5.0 (Linux; Android 8.0.0; SM-A600FN) AppleWebKit/537.36 (KHTML, like Gecko) Chrome/76.0.3809.111 Mobile Safari/537.36"
54.91.119.195 - - [01/Apr/2025:14:19:08 -0400] "GET /site-nav-pc/5.2.38/assets/track-order/index.js HTTP/1.1" 200 82297 "-" "Mozilla/5.0 (Windows NT 6.1; WOW64) AppleWebKit/537.36 (KHTML, like Gecko) Chrome/70.0.3538.25 Safari/537.36 Core/1.70.3722.400 QQBrowser/10.5.3738.400"
54.91.119.195 - - [01/Apr/2025:14:19:08 -0400] "GET /site-nav-pc/5.2.38/assets/logo-bar/index.js HTTP/1.1" 200 82297 "-" "Mozilla/5.0 (Linux; Android 9; CPH1859) AppleWebKit/537.36 (KHTML, like Gecko) Chrome/76.0.3809.111 Mobile Safari/537.36"
54.91.119.195 - - [01/Apr/2025:14:19:08 -0400] "GET /site-nav-pc/5.2.38/assets/liveup/index.js HTTP/1.1" 200 82333 "-" "Mozilla/5.0 (Windows NT 6.2; Win64; x64) AppleWebKit/537.36 (KHTML, like Gecko) Chrome/76.0.3809.100 Safari/537.36"
51.222.253.18 - - [01/Apr/2025:14:19:10 -0400] "GET /the-ultimate-guide-to-hot-and-cold-water-dispensers/ HTTP/1.1" 200 82333 "-" "Mozilla/5.0 (compatible; AhrefsBot/7.0; +http://ahrefs.com/robot/)"
198.54.114.83 - - [01/Apr/2025:14:20:06 -0400] "POST /wp-cron.php?doing_wp_cron=1743531604.9332640171051025390625 HTTP/1.1" 200 0 "-" "WordPress/6.7.2; https://saamigraphics.com"
3.220.159.34 - - [01/Apr/2025:14:20:02 -0400] "POST /wp-login.php HTTP/1.1" 200 1840 "-" "Mozilla/5.0 (Windows NT 10.0; Win64; x64) AppleWebKit/537.36 (KHTML, like Gecko) Chrome/120.0.0.0 Safari/537.36"
198.54.114.83 - - [01/Apr/2025:14:20:09 -0400] "POST /wp-admin/admin-ajax.php?action=async_litespeed&nonce=9WGfD0tmd9lNBe0xyfP9Bl3aAgEV6czM&litespeed_type=imgoptm HTTP/1.1" 200 0 "-" "WordPress/6.7.2; https://saamigraphics.com"
51.222.253.6 - - [01/Apr/2025:14:20:21 -0400] "GET /navigating-the-dynamics-of-modern-real-estate-marketing/ HTTP/1.1" 200 82333 "-" "Mozilla/5.0 (compatible; AhrefsBot/7.0; +http://ahrefs.com/robot/)"
198.54.114.83 - - [01/Apr/2025:14:20:56 -0400] "POST /wp-cron.php?doing_wp_cron=1743531655.7599239349365234375000 HTTP/1.1" 200 0 "-" "WordPress/6.7.2; https://saamigraphics.com"
185.220.101.8 - - [01/Apr/2025:14:20:54 -0400] "POST /xmlrpc.php HTTP/1.1" 200 186 "https://www.google.com/" "Mozilla/5.0 (Windows NT 10.0; Win64; x64) AppleWebKit/537.36 (KHTML, like Gecko) Chrome/81.0.4044.138 Safari/537.36"
198.54.114.83 - - [01/Apr/2025:14:20:57 -0400] "POST /wp-admin/admin-ajax.php?action=async_litespeed&nonce=vthF65LAizsF3UVTnPFmc5LzLcQ6TUD7&litespeed_type=imgoptm HTTP/1.1" 200 0 "-" "WordPress/6.7.2; https://saamigraphics.com"
85.208.96.207 - - [01/Apr/2025:14:21:05 -0400] "GET /rifeng-ppr-pipe-supplier/ HTTP/1.1" 200 82333 "-" "Mozilla/5.0 (compatible; SemrushBot/7~bl; +http://www.semrush.com/bot.html)"
34.19.85.195 - - [01/Apr/2025:14:21:23 -0400] "GET /nusa-penida-island-tour/ HTTP/1.1" 200 82297 "-" "Mozilla/5.0 (Windows NT 10.0; Win64; x64) AppleWebKit/537.36 (KHTML, like Gecko) Chrome/123.0.0.0 Safari/537.36"
51.222.253.9 - - [01/Apr/2025:14:21:33 -0400] "GET /page/22/ HTTP/1.1" 200 82333 "-" "Mozilla/5.0 (compatible; AhrefsBot/7.0; +http://ahrefs.com/robot/)"
51.222.253.1 - - [01/Apr/2025:14:22:48 -0400] "GET /category/activity/page/73/ HTTP/1.1" 200 82333 "-" "Mozilla/5.0 (compatible; AhrefsBot/7.0; +http://ahrefs.com/robot/)"
51.222.253.20 - - [01/Apr/2025:14:23:57 -0400] "GET /relaxation-and-recovery-during-business-travel/ HTTP/1.1" 200 82297 "-" "Mozilla/5.0 (compatible; AhrefsBot/7.0; +http://ahrefs.com/robot/)"
51.222.253.5 - - [01/Apr/2025:14:25:06 -0400] "GET /author/jorge/page/84/ HTTP/1.1" 200 82333 "-" "Mozilla/5.0 (compatible; AhrefsBot/7.0; +http://ahrefs.com/robot/)"
51.222.253.1 - - [01/Apr/2025:14:26:26 -0400] "GET /2022/04/11/online-dating-forum-topix-lillehammer-gratis-kommer-shot-porno-karde/ HTTP/1.1" 200 82298 "-" "Mozilla/5.0 (compatible; AhrefsBot/7.0; +http://ahrefs.com/robot/)"
202.8.41.43 - - [01/Apr/2025:14:26:28 -0400] "GET /2022/04/11/online-dating-forum-topix-lillehammer-gratis-kommer-shot-porno-karde/react.js HTTP/1.1" 200 82297 "https://saamigraphics.com/2022/04/11/online-dating-forum-topix-lillehammer-gratis-kommer-shot-porno-karde/" "Mozilla/5.0 (compatible; AhrefsBot/7.0; +http://ahrefs.com/robot/)"
202.8.41.43 - - [01/Apr/2025:14:26:29 -0400] "GET /2022/04/11/online-dating-forum-topix-lillehammer-gratis-kommer-shot-porno-karde/react-dom.js HTTP/1.1" 200 82297 "https://saamigraphics.com/2022/04/11/online-dating-forum-topix-lillehammer-gratis-kommer-shot-porno-karde/" "Mozilla/5.0 (compatible; AhrefsBot/7.0; +http://ahrefs.com/robot/)"
185.191.171.13 - - [01/Apr/2025:14:27:04 -0400] "GET /le-meilleur-parieur-decouvrez-lunivers-captivant-de-1xbet/ HTTP/1.1" 200 82297 "-" "Mozilla/5.0 (compatible; SemrushBot/7~bl; +http://www.semrush.com/bot.html)"
51.222.253.13 - - [01/Apr/2025:14:27:32 -0400] "GET /category/activity/page/34/ HTTP/1.1" 200 82297 "-" "Mozilla/5.0 (compatible; AhrefsBot/7.0; +http://ahrefs.com/robot/)"
51.222.253.4 - - [01/Apr/2025:14:28:45 -0400] "GET /revolutionize-your-kitchen-with-the-instant-hot-and-cold-water-tap/ HTTP/1.1" 200 82333 "-" "Mozilla/5.0 (compatible; AhrefsBot/7.0; +http://ahrefs.com/robot/)"
51.222.253.9 - - [01/Apr/2025:14:29:55 -0400] "GET /author/jorge/page/16/ HTTP/1.1" 200 82297 "-" "Mozilla/5.0 (compatible; AhrefsBot/7.0; +http://ahrefs.com/robot/)"
51.222.253.3 - - [01/Apr/2025:14:31:05 -0400] "GET /category/activity/page/8/ HTTP/1.1" 200 82297 "-" "Mozilla/5.0 (compatible; AhrefsBot/7.0; +http://ahrefs.com/robot/)"
109.236.93.77 - - [01/Apr/2025:14:31:35 -0400] "GET /how-to-launch-a-plumbing-business HTTP/1.1" 200 82389 "-" "Mozilla/5.0 (Windows NT 10.0; Win64; x64) AppleWebKit/537.36 (KHTML, like Gecko) Chrome/118.0.0.0 Safari/537.36"
51.222.253.16 - - [01/Apr/2025:14:32:21 -0400] "GET /category/activity/page/99/ HTTP/1.1" 200 82333 "-" "Mozilla/5.0 (compatible; AhrefsBot/7.0; +http://ahrefs.com/robot/)"
51.222.253.15 - - [01/Apr/2025:14:33:38 -0400] "GET /get-a-michael-kors-satchel-crossbody-for-less/ HTTP/1.1" 200 82333 "-" "Mozilla/5.0 (compatible; AhrefsBot/7.0; +http://ahrefs.com/robot/)"
202.8.40.123 - - [01/Apr/2025:14:33:41 -0400] "GET /get-a-michael-kors-satchel-crossbody-for-less/react-dom.js HTTP/1.1" 200 82333 "https://saamigraphics.com/get-a-michael-kors-satchel-crossbody-for-less/" "Mozilla/5.0 (compatible; AhrefsBot/7.0; +http://ahrefs.com/robot/)"
202.8.40.123 - - [01/Apr/2025:14:33:41 -0400] "GET /get-a-michael-kors-satchel-crossbody-for-less/react.js HTTP/1.1" 200 82333 "https://saamigraphics.com/get-a-michael-kors-satchel-crossbody-for-less/" "Mozilla/5.0 (compatible; AhrefsBot/7.0; +http://ahrefs.com/robot/)"
51.222.253.16 - - [01/Apr/2025:14:34:48 -0400] "GET /author/jorge/page/125/ HTTP/1.1" 200 82297 "-" "Mozilla/5.0 (compatible; AhrefsBot/7.0; +http://ahrefs.com/robot/)"
185.220.101.73 - - [01/Apr/2025:14:34:53 -0400] "GET / HTTP/1.1" 200 82333 "https://saamigraphics.com" "Mozilla/5.0 (Windows NT 6.1; Win64; x64; rv:36.0) Gecko/20100101 Firefox/36.0 Waterfox/36.0"
35.197.71.187 - - [01/Apr/2025:14:35:36 -0400] "GET / HTTP/1.1" 200 82333 "-" "Mozilla/5.0 (Macintosh; Intel Mac OS X 10_15_7) AppleWebKit/605.1.15 (KHTML, like Gecko) Version/16.6 Safari/605.1.15"
51.222.253.11 - - [01/Apr/2025:14:35:59 -0400] "GET /category/activity/page/97/ HTTP/1.1" 200 82297 "-" "Mozilla/5.0 (compatible; AhrefsBot/7.0; +http://ahrefs.com/robot/)"
51.222.253.2 - - [01/Apr/2025:14:37:20 -0400] "GET /instant-hot-and-cold-water-dispenser-the-ultimate-convenience/ HTTP/1.1" 200 82244 "-" "Mozilla/5.0 (compatible; AhrefsBot/7.0; +http://ahrefs.com/robot/)"
51.222.253.9 - - [01/Apr/2025:14:38:37 -0400] "GET /how-to-get-youtube-live-stream-views/ HTTP/1.1" 200 82297 "-" "Mozilla/5.0 (compatible; AhrefsBot/7.0; +http://ahrefs.com/robot/)"
139.59.100.51 - - [01/Apr/2025:14:39:00 -0400] "GET /wp-content/plugins/WordPressCore/include.php HTTP/1.1" 200 82297 "-" "Mozlila/5.0 (Linux; Android 7.0; SM-G892A Build/NRD90M; wv) AppleWebKit/537.36 (KHTML, like Gecko) Version/4.0 Chrome/60.0.3112.107 Mobile Safari/537.36"
139.59.100.51 - - [01/Apr/2025:14:39:02 -0400] "GET /wp-content/plugins/WordPressCore/include.php HTTP/1.1" 200 82247 "-" "Mozlila/5.0 (Linux; Android 7.0; SM-G892A Build/NRD90M; wv) AppleWebKit/537.36 (KHTML, like Gecko) Version/4.0 Chrome/60.0.3112.107 Mobile Safari/537.36"
139.59.100.51 - - [01/Apr/2025:14:39:22 -0400] "GET /wp-content/themes/include.php HTTP/1.1" 200 82333 "-" "Mozlila/5.0 (Linux; Android 7.0; SM-G892A Build/NRD90M; wv) AppleWebKit/537.36 (KHTML, like Gecko) Version/4.0 Chrome/60.0.3112.107 Mobile Safari/537.36"
139.59.100.51 - - [01/Apr/2025:14:39:23 -0400] "GET /wp-content/themes/include.php HTTP/1.1" 200 82298 "-" "Mozlila/5.0 (Linux; Android 7.0; SM-G892A Build/NRD90M; wv) AppleWebKit/537.36 (KHTML, like Gecko) Version/4.0 Chrome/60.0.3112.107 Mobile Safari/537.36"
58.254.68.93 - - [01/Apr/2025:14:39:28 -0400] "GET /un-examen-des-produits-de-securite-a-domicile/ HTTP/1.1" 200 82333 "https://saamigraphics.com" "Mozilla/5.0 (Windows NT 10.0; Win64; x64) AppleWebKit/537.36 (KHTML, like Gecko) Chrome/62.0.3202.94 Safari/537.36"
51.222.253.11 - - [01/Apr/2025:14:39:45 -0400] "GET /author/jorge/page/14/ HTTP/1.1" 200 82333 "-" "Mozilla/5.0 (compatible; AhrefsBot/7.0; +http://ahrefs.com/robot/)"
35.197.58.95 - - [01/Apr/2025:14:39:51 -0400] "GET /vehicle-extended-warranties HTTP/1.1" 200 82333 "-" "Mozilla/5.0 (Macintosh; Intel Mac OS X 10.15; rv:125.0) Gecko/20100101 Firefox/125.0"
51.222.253.6 - - [01/Apr/2025:14:41:00 -0400] "GET /guide-to-tasting-wine/ HTTP/1.1" 200 82333 "-" "Mozilla/5.0 (compatible; AhrefsBot/7.0; +http://ahrefs.com/robot/)"
139.59.100.51 - - [01/Apr/2025:14:41:05 -0400] "GET /wp-content/plugins/include.php HTTP/1.1" 200 82297 "-" "Mozlila/5.0 (Linux; Android 7.0; SM-G892A Build/NRD90M; wv) AppleWebKit/537.36 (KHTML, like Gecko) Version/4.0 Chrome/60.0.3112.107 Mobile Safari/537.36"
139.59.100.51 - - [01/Apr/2025:14:41:06 -0400] "GET /wp-content/plugins/include.php HTTP/1.1" 200 82297 "-" "Mozlila/5.0 (Linux; Android 7.0; SM-G892A Build/NRD90M; wv) AppleWebKit/537.36 (KHTML, like Gecko) Version/4.0 Chrome/60.0.3112.107 Mobile Safari/537.36"
139.59.100.51 - - [01/Apr/2025:14:41:58 -0400] "GET /wp-content/plugins/core-plugin/include.php HTTP/1.1" 200 82390 "-" "Mozlila/5.0 (Linux; Android 7.0; SM-G892A Build/NRD90M; wv) AppleWebKit/537.36 (KHTML, like Gecko) Version/4.0 Chrome/60.0.3112.107 Mobile Safari/537.36"
139.59.100.51 - - [01/Apr/2025:14:41:59 -0400] "GET /wp-content/plugins/core-plugin/include.php HTTP/1.1" 200 82333 "-" "Mozlila/5.0 (Linux; Android 7.0; SM-G892A Build/NRD90M; wv) AppleWebKit/537.36 (KHTML, like Gecko) Version/4.0 Chrome/60.0.3112.107 Mobile Safari/537.36"
51.222.253.18 - - [01/Apr/2025:14:42:14 -0400] "GET /the-timeless-beauty-of-abalone-necklace/ HTTP/1.1" 200 82333 "-" "Mozilla/5.0 (compatible; AhrefsBot/7.0; +http://ahrefs.com/robot/)"
139.59.100.51 - - [01/Apr/2025:14:42:40 -0400] "GET /wp-includes/images/include.php HTTP/1.1" 200 82297 "-" "Mozlila/5.0 (Linux; Android 7.0; SM-G892A Build/NRD90M; wv) AppleWebKit/537.36 (KHTML, like Gecko) Version/4.0 Chrome/60.0.3112.107 Mobile Safari/537.36"
139.59.100.51 - - [01/Apr/2025:14:42:42 -0400] "GET /wp-includes/images/include.php HTTP/1.1" 200 82338 "-" "Mozlila/5.0 (Linux; Android 7.0; SM-G892A Build/NRD90M; wv) AppleWebKit/537.36 (KHTML, like Gecko) Version/4.0 Chrome/60.0.3112.107 Mobile Safari/537.36"
34.127.115.188 - - [01/Apr/2025:14:43:05 -0400] "GET /best-iptv-subscription HTTP/1.1" 200 82297 "-" "Mozilla/5.0 (Macintosh; Intel Mac OS X 10_15_7) AppleWebKit/605.1.15 (KHTML, like Gecko) Version/16.5 Safari/605.1.15"
51.222.253.3 - - [01/Apr/2025:14:43:24 -0400] "GET /outdoor-lovers-love-branson-missouri/ HTTP/1.1" 200 82333 "-" "Mozilla/5.0 (compatible; AhrefsBot/7.0; +http://ahrefs.com/robot/)"
139.59.100.51 - - [01/Apr/2025:14:43:41 -0400] "GET /wp-includes/widgets/include.php HTTP/1.1" 200 82333 "-" "Mozlila/5.0 (Linux; Android 7.0; SM-G892A Build/NRD90M; wv) AppleWebKit/537.36 (KHTML, like Gecko) Version/4.0 Chrome/60.0.3112.107 Mobile Safari/537.36"
139.59.100.51 - - [01/Apr/2025:14:43:43 -0400] "GET /wp-includes/widgets/include.php HTTP/1.1" 200 82297 "-" "Mozlila/5.0 (Linux; Android 7.0; SM-G892A Build/NRD90M; wv) AppleWebKit/537.36 (KHTML, like Gecko) Version/4.0 Chrome/60.0.3112.107 Mobile Safari/537.36"
51.222.253.19 - - [01/Apr/2025:14:44:33 -0400] "GET /discover-the-convenience-of-buying-prescription-glasses-online/ HTTP/1.1" 200 82333 "-" "Mozilla/5.0 (compatible; AhrefsBot/7.0; +http://ahrefs.com/robot/)"
85.208.96.205 - - [01/Apr/2025:14:44:44 -0400] "GET /ecolovibe-eveiller-la-conscience-ecologique-avec-passion/ HTTP/1.1" 200 82333 "-" "Mozilla/5.0 (compatible; SemrushBot/7~bl; +http://www.semrush.com/bot.html)"
54.223.38.99 - - [01/Apr/2025:14:45:36 -0400] "GET /2023/02/ HTTP/1.1" 200 82335 "-" "Mozilla/5.0 (iPhone; CPU iPhone OS 11_0 like Mac OS X) AppleWebKit/537.36 (KHTML, like Gecko) Chrome/51.0.7238.1987 Mobile Safari/537.36"
51.222.253.14 - - [01/Apr/2025:14:45:48 -0400] "GET /details-about-online-games-slots/ HTTP/1.1" 200 82333 "-" "Mozilla/5.0 (compatible; AhrefsBot/7.0; +http://ahrefs.com/robot/)"
34.169.145.69 - - [01/Apr/2025:14:46:21 -0400] "GET /knee-high-grip-socks HTTP/1.1" 200 82333 "-" "Mozilla/5.0 (Macintosh; Intel Mac OS X 10_15_7) AppleWebKit/537.36 (KHTML, like Gecko) Chrome/123.0.0.0 Safari/537.36 Edg/123.0.0.0"
51.222.253.8 - - [01/Apr/2025:14:47:03 -0400] "GET /instant-hot-cold-water-dispenser-revolutionizing-convenience/ HTTP/1.1" 200 82298 "-" "Mozilla/5.0 (compatible; AhrefsBot/7.0; +http://ahrefs.com/robot/)"
51.222.253.2 - - [01/Apr/2025:14:48:11 -0400] "GET /page/2/ HTTP/1.1" 200 82297 "-" "Mozilla/5.0 (compatible; AhrefsBot/7.0; +http://ahrefs.com/robot/)"
51.222.253.3 - - [01/Apr/2025:14:49:14 -0400] "GET /page/80/ HTTP/1.1" 200 82333 "-" "Mozilla/5.0 (compatible; AhrefsBot/7.0; +http://ahrefs.com/robot/)"
85.208.98.16 - - [01/Apr/2025:14:49:25 -0400] "GET /dental-equipment-suppliers-in-the-uk/ HTTP/1.1" 200 82297 "-" "Mozilla/5.0 (compatible; SemrushBot-BA; +http://www.semrush.com/bot.html)"
185.191.171.7 - - [01/Apr/2025:14:50:16 -0400] "GET /where-to-buy-tretinoin-online/ HTTP/1.1" 200 82333 "-" "Mozilla/5.0 (compatible; SemrushBot/7~bl; +http://www.semrush.com/bot.html)"
51.222.253.1 - - [01/Apr/2025:14:50:21 -0400] "GET /how-to-apply-matte-lipstick/ HTTP/1.1" 200 82333 "-" "Mozilla/5.0 (compatible; AhrefsBot/7.0; +http://ahrefs.com/robot/)"
51.222.253.3 - - [01/Apr/2025:14:51:31 -0400] "GET /category/activity/page/100/ HTTP/1.1" 200 82333 "-" "Mozilla/5.0 (compatible; AhrefsBot/7.0; +http://ahrefs.com/robot/)"
51.222.253.1 - - [01/Apr/2025:14:52:43 -0400] "GET /die-moderne-hangeleuchte/ HTTP/1.1" 200 82333 "-" "Mozilla/5.0 (compatible; AhrefsBot/7.0; +http://ahrefs.com/robot/)"
51.222.253.15 - - [01/Apr/2025:14:53:54 -0400] "GET /dubai-real-estate-agents/ HTTP/1.1" 200 82333 "-" "Mozilla/5.0 (compatible; AhrefsBot/7.0; +http://ahrefs.com/robot/)"
77.238.237.38 - - [01/Apr/2025:14:54:50 -0400] "GET /embroidered-socks/ HTTP/1.1" 200 82333 "https://saamigraphics.com/embroidered-socks/" "Mozilla/5.0 (Windows NT 10.0; Win64; x64) AppleWebKit/537.36 (KHTML, like Gecko) Chrome/130.0.0.0 Safari/537.36 CCleaner/130.0.0.0"
51.222.253.20 - - [01/Apr/2025:14:54:58 -0400] "GET /understanding-humastogel-an-innovative-solution/ HTTP/1.1" 200 82333 "-" "Mozilla/5.0 (compatible; AhrefsBot/7.0; +http://ahrefs.com/robot/)"
104.248.118.148 - - [01/Apr/2025:14:55:22 -0400] "GET /wp-login.php HTTP/1.1" 200 1717 "-" "GRequests/0.10"
198.54.114.83 - - [01/Apr/2025:14:55:30 -0400] "POST /wp-cron.php?doing_wp_cron=1743533730.2769150733947753906250 HTTP/1.1" 200 0 "-" "WordPress/6.7.2; https://saamigraphics.com"
104.248.118.148 - - [01/Apr/2025:14:55:24 -0400] "POST /wp-login.php HTTP/1.1" 200 1849 "-" "GRequests/0.10"
198.54.114.83 - - [01/Apr/2025:14:55:32 -0400] "POST /wp-admin/admin-ajax.php?action=async_litespeed&nonce=pUHlh8EAWwFQRtZRcH8CXgq4JXy5H0Hu&litespeed_type=imgoptm HTTP/1.1" 200 0 "-" "WordPress/6.7.2; https://saamigraphics.com"
198.54.114.83 - - [01/Apr/2025:14:56:12 -0400] "POST /wp-admin/admin-ajax.php?action=async_litespeed&nonce=TDdBDpWj6LzdnMXoxd41DkjQU5NPcvbG&litespeed_type=imgoptm HTTP/1.1" 200 5 "-" "WordPress/6.7.2; https://saamigraphics.com"
51.222.253.13 - - [01/Apr/2025:14:56:16 -0400] "GET /page/4/ HTTP/1.1" 200 82333 "-" "Mozilla/5.0 (compatible; AhrefsBot/7.0; +http://ahrefs.com/robot/)"
51.222.253.11 - - [01/Apr/2025:14:57:23 -0400] "GET /luneburg-umzugsunternehmen-ihre-experten-fur-stressfreie-umzuge/ HTTP/1.1" 200 82333 "-" "Mozilla/5.0 (compatible; AhrefsBot/7.0; +http://ahrefs.com/robot/)"
51.222.253.8 - - [01/Apr/2025:14:58:32 -0400] "GET /10-critical-questions-to-ask-before-hiring-a-consultant/ HTTP/1.1" 200 82333 "-" "Mozilla/5.0 (compatible; AhrefsBot/7.0; +http://ahrefs.com/robot/)"
198.54.114.83 - - [01/Apr/2025:14:59:15 -0400] "POST /wp-cron.php?doing_wp_cron=1743533954.5848119258880615234375 HTTP/1.1" 200 0 "-" "WordPress/6.7.2; https://saamigraphics.com"
240e:350:8003:f9e0:4ecc:6a86:e1f7:5ca9 - - [01/Apr/2025:14:59:13 -0400] "POST /wp-comments-post.php HTTP/1.1" 302 0 "-" "Mozilla/5.0 (Windows NT 10.0; Win64; x64) AppleWebKit/537.36 (KHTML, like Gecko) Chrome/108.0.0.0 Safari/537.36 Edg/108.0.1462.46"
198.54.114.83 - - [01/Apr/2025:14:59:16 -0400] "POST /wp-admin/admin-ajax.php?action=async_litespeed&nonce=nL2rC9mvXXpauHhFFbC48OP8RbW4GbSj&litespeed_type=imgoptm HTTP/1.1" 200 0 "-" "WordPress/6.7.2; https://saamigraphics.com"
240e:350:8003:f9e0:4ecc:6a86:e1f7:5ca9 - - [01/Apr/2025:14:59:17 -0400] "GET /explosion-proof-high-performance-butterfly-valves/?unapproved=9881&moderation-hash=4e0e8e95cb9244959a06d718e1af521c HTTP/1.1" 200 82297 "-" "Mozilla/5.0 (Windows NT 10.0; Win64; x64) AppleWebKit/537.36 (KHTML, like Gecko) Chrome/108.0.0.0 Safari/537.36 Edg/108.0.1462.46"
51.222.253.13 - - [01/Apr/2025:14:59:40 -0400] "GET /taking-care-of-your-omega-watch/ HTTP/1.1" 200 82333 "-" "Mozilla/5.0 (compatible; AhrefsBot/7.0; +http://ahrefs.com/robot/)"
51.222.253.2 - - [01/Apr/2025:15:00:49 -0400] "GET /where-to-buy-youtube-comments-custom/ HTTP/1.1" 200 82297 "-" "Mozilla/5.0 (compatible; AhrefsBot/7.0; +http://ahrefs.com/robot/)"
85.208.96.207 - - [01/Apr/2025:15:01:49 -0400] "GET /ein-beruf-im-dienste-der-gerechtigkeit/ HTTP/1.1" 200 82333 "-" "Mozilla/5.0 (compatible; SemrushBot/7~bl; +http://www.semrush.com/bot.html)"
51.222.253.16 - - [01/Apr/2025:15:01:54 -0400] "GET /what-is-lifestyle-coaching/ HTTP/1.1" 200 82297 "-" "Mozilla/5.0 (compatible; AhrefsBot/7.0; +http://ahrefs.com/robot/)"
185.191.171.17 - - [01/Apr/2025:15:02:29 -0400] "GET /top-10-recovery-machines/ HTTP/1.1" 200 82298 "-" "Mozilla/5.0 (compatible; SemrushBot/7~bl; +http://www.semrush.com/bot.html)"
51.222.253.4 - - [01/Apr/2025:15:03:00 -0400] "GET /category/sign-in/ HTTP/1.1" 200 82333 "-" "Mozilla/5.0 (compatible; AhrefsBot/7.0; +http://ahrefs.com/robot/)"
40.77.167.9 - - [01/Apr/2025:15:03:58 -0400] "GET /the-art-of-massage-unveiling-its-benefits/feed/ HTTP/1.1" 200 82247 "-" "Mozilla/5.0 AppleWebKit/537.36 (KHTML, like Gecko; compatible; bingbot/2.0; +http://www.bing.com/bingbot.htm) Chrome/116.0.1938.76 Safari/537.36"
51.222.253.7 - - [01/Apr/2025:15:04:02 -0400] "GET /scopri-il-paradiso-resort-sul-lago-di-garda/ HTTP/1.1" 200 82297 "-" "Mozilla/5.0 (compatible; AhrefsBot/7.0; +http://ahrefs.com/robot/)"
51.222.253.10 - - [01/Apr/2025:15:05:11 -0400] "GET /page/121/ HTTP/1.1" 200 82297 "-" "Mozilla/5.0 (compatible; AhrefsBot/7.0; +http://ahrefs.com/robot/)"
51.222.253.17 - - [01/Apr/2025:15:06:27 -0400] "GET /revolutionizing-convenience-the-instant-hot-and-cold-water-tap/ HTTP/1.1" 200 82297 "-" "Mozilla/5.0 (compatible; AhrefsBot/7.0; +http://ahrefs.com/robot/)"
51.222.253.18 - - [01/Apr/2025:15:07:24 -0400] "GET /category/sign-up/ HTTP/1.1" 200 82339 "-" "Mozilla/5.0 (compatible; AhrefsBot/7.0; +http://ahrefs.com/robot/)"
51.222.253.16 - - [01/Apr/2025:15:08:27 -0400] "GET /dienstleistungen-fur-wohnungsauflosungen/ HTTP/1.1" 200 82297 "-" "Mozilla/5.0 (compatible; AhrefsBot/7.0; +http://ahrefs.com/robot/)"
2a02:4780:14:4525::1 - - [01/Apr/2025:15:08:54 -0400] "GET /wp-login.php HTTP/1.1" 200 1717 "-" "GRequests/0.10"
51.222.253.3 - - [01/Apr/2025:15:09:34 -0400] "GET /the-role-of-hgh-in-canadas-health-and-wellness-scene/ HTTP/1.1" 200 82297 "-" "Mozilla/5.0 (compatible; AhrefsBot/7.0; +http://ahrefs.com/robot/)"
2a03:2880:f800:19:: - - [01/Apr/2025:15:10:00 -0400] "GET /top-10-ps4-games/ HTTP/1.1" 200 82389 "-" "meta-externalagent/1.1 (+https://developers.facebook.com/docs/sharing/webmasters/crawler)"
51.222.253.13 - - [01/Apr/2025:15:10:41 -0400] "GET /page/78/ HTTP/1.1" 200 82333 "-" "Mozilla/5.0 (compatible; AhrefsBot/7.0; +http://ahrefs.com/robot/)"
51.222.253.16 - - [01/Apr/2025:15:11:46 -0400] "GET /5-best-caregiver-agency-montreal/ HTTP/1.1" 200 82333 "-" "Mozilla/5.0 (compatible; AhrefsBot/7.0; +http://ahrefs.com/robot/)"
51.222.253.5 - - [01/Apr/2025:15:12:47 -0400] "GET /manicure-tables/ HTTP/1.1" 200 82247 "-" "Mozilla/5.0 (compatible; AhrefsBot/7.0; +http://ahrefs.com/robot/)"
51.222.253.8 - - [01/Apr/2025:15:13:51 -0400] "GET /author/jorge/page/85/ HTTP/1.1" 200 82297 "-" "Mozilla/5.0 (compatible; AhrefsBot/7.0; +http://ahrefs.com/robot/)"
51.222.253.20 - - [01/Apr/2025:15:14:58 -0400] "GET /exploring-the-digital-gaming-frontier/ HTTP/1.1" 200 82389 "-" "Mozilla/5.0 (compatible; AhrefsBot/7.0; +http://ahrefs.com/robot/)"
51.222.253.18 - - [01/Apr/2025:15:16:21 -0400] "GET /choosing-the-right-web-design-company/ HTTP/1.1" 200 82297 "-" "Mozilla/5.0 (compatible; AhrefsBot/7.0; +http://ahrefs.com/robot/)"
51.222.253.12 - - [01/Apr/2025:15:17:18 -0400] "GET /hgh-canada-benefits-and-uses/ HTTP/1.1" 200 82297 "-" "Mozilla/5.0 (compatible; AhrefsBot/7.0; +http://ahrefs.com/robot/)"
85.208.96.206 - - [01/Apr/2025:15:17:55 -0400] "GET /a-vibrant-gaming-experience/ HTTP/1.1" 200 82333 "-" "Mozilla/5.0 (compatible; SemrushBot/7~bl; +http://www.semrush.com/bot.html)"
51.222.253.14 - - [01/Apr/2025:15:18:18 -0400] "GET /category/activity/page/20/ HTTP/1.1" 200 82333 "-" "Mozilla/5.0 (compatible; AhrefsBot/7.0; +http://ahrefs.com/robot/)"
51.222.253.1 - - [01/Apr/2025:15:19:25 -0400] "GET /page/98/ HTTP/1.1" 200 82297 "-" "Mozilla/5.0 (compatible; AhrefsBot/7.0; +http://ahrefs.com/robot/)"
51.222.253.2 - - [01/Apr/2025:15:20:26 -0400] "GET /expert-bathroom-renovations-in-melbournes-western-suburbs/ HTTP/1.1" 200 82339 "-" "Mozilla/5.0 (compatible; AhrefsBot/7.0; +http://ahrefs.com/robot/)"
198.54.114.83 - - [01/Apr/2025:15:21:05 -0400] "POST /wp-admin/admin-ajax.php?action=async_litespeed&nonce=0ZITGwk9oSZV7GCeaoLMRzp0kQWm26XC&litespeed_type=imgoptm HTTP/1.1" 200 0 "-" "WordPress/6.7.2; https://saamigraphics.com"
51.222.253.18 - - [01/Apr/2025:15:21:29 -0400] "GET /how-to-get-more-youtube-live-stream-views/ HTTP/1.1" 200 82244 "-" "Mozilla/5.0 (compatible; AhrefsBot/7.0; +http://ahrefs.com/robot/)"
51.222.253.6 - - [01/Apr/2025:15:22:31 -0400] "GET /author/jorge/page/87/ HTTP/1.1" 200 82298 "-" "Mozilla/5.0 (compatible; AhrefsBot/7.0; +http://ahrefs.com/robot/)"
51.222.253.14 - - [01/Apr/2025:15:23:41 -0400] "GET /embracing-the-modern-trend-of-paperless-wedding-invitations/ HTTP/1.1" 200 82389 "-" "Mozilla/5.0 (compatible; AhrefsBot/7.0; +http://ahrefs.com/robot/)"
51.222.253.14 - - [01/Apr/2025:15:24:48 -0400] "GET /page/24/ HTTP/1.1" 200 82297 "-" "Mozilla/5.0 (compatible; AhrefsBot/7.0; +http://ahrefs.com/robot/)"
51.222.253.18 - - [01/Apr/2025:15:26:00 -0400] "GET /ein-einblick-in-den-anwaltsberuf/ HTTP/1.1" 200 82297 "-" "Mozilla/5.0 (compatible; AhrefsBot/7.0; +http://ahrefs.com/robot/)"
51.222.253.19 - - [01/Apr/2025:15:27:04 -0400] "GET /palm-beach-corporations-see-the-benefits-of-assisted-caregiving-for-employees/ HTTP/1.1" 200 82333 "-" "Mozilla/5.0 (compatible; AhrefsBot/7.0; +http://ahrefs.com/robot/)"
51.222.253.8 - - [01/Apr/2025:15:28:11 -0400] "GET /wine-one-of-historys-oldest-beverages/ HTTP/1.1" 200 82297 "-" "Mozilla/5.0 (compatible; AhrefsBot/7.0; +http://ahrefs.com/robot/)"
51.222.253.8 - - [01/Apr/2025:15:29:16 -0400] "GET /why-you-should-consider-investing-in-a-replacement-conservatory-roof/ HTTP/1.1" 200 82333 "-" "Mozilla/5.0 (compatible; AhrefsBot/7.0; +http://ahrefs.com/robot/)"
51.222.253.10 - - [01/Apr/2025:15:30:25 -0400] "GET /15th-century-spain-and-sherry/ HTTP/1.1" 200 82297 "-" "Mozilla/5.0 (compatible; AhrefsBot/7.0; +http://ahrefs.com/robot/)"
34.127.35.120 - - [01/Apr/2025:15:30:32 -0400] "GET /knee-high-grip-socks HTTP/1.1" 200 82297 "-" "Mozilla/5.0 (Macintosh; Intel Mac OS X 10_15_7) AppleWebKit/537.36 (KHTML, like Gecko) Chrome/118.0.0.0 Safari/537.36"
51.222.253.8 - - [01/Apr/2025:15:31:28 -0400] "GET /cant-afford-to-buy-hair-salon-chairs-rent-them-instead/ HTTP/1.1" 200 82298 "-" "Mozilla/5.0 (compatible; AhrefsBot/7.0; +http://ahrefs.com/robot/)"
51.222.253.9 - - [01/Apr/2025:15:32:32 -0400] "GET /le-lait-damande-pour-maigrir/ HTTP/1.1" 200 82389 "-" "Mozilla/5.0 (compatible; AhrefsBot/7.0; +http://ahrefs.com/robot/)"
51.222.253.1 - - [01/Apr/2025:15:33:35 -0400] "GET /revolutionizing-workspaces-the-comprehensive-approach-of-360-office-solutions/ HTTP/1.1" 200 82333 "-" "Mozilla/5.0 (compatible; AhrefsBot/7.0; +http://ahrefs.com/robot/)"
51.222.253.5 - - [01/Apr/2025:15:34:31 -0400] "GET /category/activity/page/118/ HTTP/1.1" 200 82333 "-" "Mozilla/5.0 (compatible; AhrefsBot/7.0; +http://ahrefs.com/robot/)"
51.222.253.20 - - [01/Apr/2025:15:35:40 -0400] "GET /category/activity/page/4/ HTTP/1.1" 200 82297 "-" "Mozilla/5.0 (compatible; AhrefsBot/7.0; +http://ahrefs.com/robot/)"
58.254.68.93 - - [01/Apr/2025:15:36:24 -0400] "GET /un-examen-des-produits-de-securite-a-domicile/ HTTP/1.1" 200 82297 "https://saamigraphics.com" "Mozilla/5.0 (Windows NT 10.0; Win64; x64) AppleWebKit/537.36 (KHTML, like Gecko) Chrome/62.0.3202.94 Safari/537.36"
51.222.253.9 - - [01/Apr/2025:15:36:53 -0400] "GET /page/99/ HTTP/1.1" 200 82297 "-" "Mozilla/5.0 (compatible; AhrefsBot/7.0; +http://ahrefs.com/robot/)"
52.167.144.149 - - [01/Apr/2025:15:37:52 -0400] "GET /attirer-les-meilleurs-talents-dans-le-secteur-de-la-restauration/ HTTP/1.1" 200 82339 "-" "Mozilla/5.0 AppleWebKit/537.36 (KHTML, like Gecko; compatible; bingbot/2.0; +http://www.bing.com/bingbot.htm) Chrome/116.0.1938.76 Safari/537.36"
51.222.253.10 - - [01/Apr/2025:15:37:57 -0400] "GET /generate-your-own-electricity-using-solar-panels/ HTTP/1.1" 200 82297 "-" "Mozilla/5.0 (compatible; AhrefsBot/7.0; +http://ahrefs.com/robot/)"
51.222.253.4 - - [01/Apr/2025:15:38:57 -0400] "GET /unvergesslicher-luxus-am-gardasee/ HTTP/1.1" 200 82297 "-" "Mozilla/5.0 (compatible; AhrefsBot/7.0; +http://ahrefs.com/robot/)"
