217.113.194.81 - - [02/Apr/2025:03:05:49 -0400] "GET /fenbendazole-and-lung-cancer/feed/ HTTP/1.1" 200 82297 "-" "Mozilla/5.0 (compatible; Barkrowler/0.9; +https://babbar.tech/crawler)"
217.113.194.81 - - [02/Apr/2025:03:06:07 -0400] "GET /finding-the-best-custom-pc-builder-near-you/feed/ HTTP/1.1" 200 82297 "-" "Mozilla/5.0 (compatible; Barkrowler/0.9; +https://babbar.tech/crawler)"
2a02:598:96:8a00::1200:139 - - [02/Apr/2025:03:06:13 -0400] "GET /der-weg-durch-die-scheidung-expertenhilfe-in-hattingen/ HTTP/1.1" 200 82297 "-" "Mozilla/5.0 (compatible; SeznamBot/4.0; +https://o-seznam.cz/napoveda/vyhledavani/en/seznambot-crawler/)"
217.113.194.76 - - [02/Apr/2025:03:06:23 -0400] "GET /naviguer-les-complexites-du-soutien-financier/ HTTP/1.1" 200 82333 "-" "Mozilla/5.0 (compatible; Barkrowler/0.9; +https://babbar.tech/crawler)"
217.113.194.72 - - [02/Apr/2025:03:06:39 -0400] "GET /how-to-pick-the-best-socks-for-your-outdoor-adventures/ HTTP/1.1" 200 82389 "-" "Mozilla/5.0 (compatible; Barkrowler/0.9; +https://babbar.tech/crawler)"
217.113.194.74 - - [02/Apr/2025:03:06:55 -0400] "GET /the-ultimate-guide-to-buying-prescription-glasses-online/ HTTP/1.1" 200 82333 "-" "Mozilla/5.0 (compatible; Barkrowler/0.9; +https://babbar.tech/crawler)"
217.113.194.72 - - [02/Apr/2025:03:07:11 -0400] "GET /the-ultimate-guide-to-western-bathroom-renovations/ HTTP/1.1" 200 82297 "-" "Mozilla/5.0 (compatible; Barkrowler/0.9; +https://babbar.tech/crawler)"
51.222.253.1 - - [02/Apr/2025:03:07:18 -0400] "GET /category/activity/page/45/ HTTP/1.1" 200 82333 "-" "Mozilla/5.0 (compatible; AhrefsBot/7.0; +http://ahrefs.com/robot/)"
217.113.194.72 - - [02/Apr/2025:03:07:27 -0400] "GET /important-features-of-betting-money-sites/feed/ HTTP/1.1" 200 82297 "-" "Mozilla/5.0 (compatible; Barkrowler/0.9; +https://babbar.tech/crawler)"
217.113.194.80 - - [02/Apr/2025:03:07:44 -0400] "GET /discover-the-magic-of-rainbow-riches-casino-2/ HTTP/1.1" 200 82333 "-" "Mozilla/5.0 (compatible; Barkrowler/0.9; +https://babbar.tech/crawler)"
217.113.194.81 - - [02/Apr/2025:03:08:01 -0400] "GET /finden-sie-einen-dachdecker-in-hamburg/ HTTP/1.1" 200 82333 "-" "Mozilla/5.0 (compatible; Barkrowler/0.9; +https://babbar.tech/crawler)"
217.113.194.76 - - [02/Apr/2025:03:08:18 -0400] "GET /choosing-the-right-kitchen-cabinet-manufacturers/feed/ HTTP/1.1" 200 82297 "-" "Mozilla/5.0 (compatible; Barkrowler/0.9; +https://babbar.tech/crawler)"
217.113.194.77 - - [02/Apr/2025:03:12:05 -0400] "GET /the-benefits-of-london-airport-taxis/feed/ HTTP/1.1" 200 82297 "-" "Mozilla/5.0 (compatible; Barkrowler/0.9; +https://babbar.tech/crawler)"
217.113.194.79 - - [02/Apr/2025:03:12:21 -0400] "GET /der-zeitlose-charme-von-hangelampen/ HTTP/1.1" 200 82389 "-" "Mozilla/5.0 (compatible; Barkrowler/0.9; +https://babbar.tech/crawler)"
154.54.249.200 - - [02/Apr/2025:03:12:38 -0400] "GET /the-top-trends-in-kitchen-cabinet-manufacturing/ HTTP/1.1" 200 82297 "-" "Mozilla/5.0 (compatible; Barkrowler/0.9; +https://babbar.tech/crawler)"
217.113.194.77 - - [02/Apr/2025:03:12:55 -0400] "GET /la-passion-du-jeu-decouvrez-1x-bet/feed/ HTTP/1.1" 200 82297 "-" "Mozilla/5.0 (compatible; Barkrowler/0.9; +https://babbar.tech/crawler)"
217.113.194.73 - - [02/Apr/2025:03:13:12 -0400] "GET /unveiling-the-mysteries-of-quantum-energy-healing/ HTTP/1.1" 200 82333 "-" "Mozilla/5.0 (compatible; Barkrowler/0.9; +https://babbar.tech/crawler)"
51.222.253.2 - - [02/Apr/2025:03:13:18 -0400] "GET /michael-jordan-in-the-eyes-of-celebrities/ HTTP/1.1" 200 82333 "-" "Mozilla/5.0 (compatible; AhrefsBot/7.0; +http://ahrefs.com/robot/)"
217.113.194.77 - - [02/Apr/2025:03:13:28 -0400] "GET /mac-lato-the-alluring-indica-strain/feed/ HTTP/1.1" 200 82333 "-" "Mozilla/5.0 (compatible; Barkrowler/0.9; +https://babbar.tech/crawler)"
217.113.194.72 - - [02/Apr/2025:03:13:44 -0400] "GET /une-tasse-publicitaire-lart-de-la-promotion/ HTTP/1.1" 200 82333 "-" "Mozilla/5.0 (compatible; Barkrowler/0.9; +https://babbar.tech/crawler)"
217.113.194.74 - - [02/Apr/2025:03:14:00 -0400] "GET /une-tasse-publicitaire-lart-de-la-promotion/feed/ HTTP/1.1" 200 82333 "-" "Mozilla/5.0 (compatible; Barkrowler/0.9; +https://babbar.tech/crawler)"
217.113.194.75 - - [02/Apr/2025:03:14:16 -0400] "GET /relaxation-and-recovery-during-business-travel/feed/ HTTP/1.1" 200 82333 "-" "Mozilla/5.0 (compatible; Barkrowler/0.9; +https://babbar.tech/crawler)"
217.113.194.75 - - [02/Apr/2025:03:14:33 -0400] "GET /exploring-the-charms-of-koon-seng-house/feed/ HTTP/1.1" 200 82333 "-" "Mozilla/5.0 (compatible; Barkrowler/0.9; +https://babbar.tech/crawler)"
217.113.194.77 - - [02/Apr/2025:03:14:49 -0400] "GET /exploring-the-elegance-of-sophia-regency-showflat/ HTTP/1.1" 200 82297 "-" "Mozilla/5.0 (compatible; Barkrowler/0.9; +https://babbar.tech/crawler)"
51.222.253.12 - - [02/Apr/2025:03:15:05 -0400] "GET /how-to-find-a-reputable-refrigerator-repair-service/ HTTP/1.1" 200 82297 "-" "Mozilla/5.0 (compatible; AhrefsBot/7.0; +http://ahrefs.com/robot/)"
217.113.194.73 - - [02/Apr/2025:03:15:05 -0400] "GET /an-overview-of-its-significance-and-impact/feed/ HTTP/1.1" 200 82297 "-" "Mozilla/5.0 (compatible; Barkrowler/0.9; +https://babbar.tech/crawler)"
202.8.43.79 - - [02/Apr/2025:03:15:07 -0400] "GET /how-to-find-a-reputable-refrigerator-repair-service/react-dom.js HTTP/1.1" 200 82297 "https://saamigraphics.com/how-to-find-a-reputable-refrigerator-repair-service/" "Mozilla/5.0 (compatible; AhrefsBot/7.0; +http://ahrefs.com/robot/)"
202.8.43.79 - - [02/Apr/2025:03:15:07 -0400] "GET /how-to-find-a-reputable-refrigerator-repair-service/react.js HTTP/1.1" 200 82297 "https://saamigraphics.com/how-to-find-a-reputable-refrigerator-repair-service/" "Mozilla/5.0 (compatible; AhrefsBot/7.0; +http://ahrefs.com/robot/)"
202.8.43.79 - - [02/Apr/2025:03:15:07 -0400] "GET /products/sw.js HTTP/1.1" 200 82333 "https://saamigraphics.com/how-to-find-a-reputable-refrigerator-repair-service/" "Mozilla/5.0 (X11; Linux x86_64) AppleWebKit/537.36 (KHTML, like Gecko) HeadlessChrome/131.0.6778.87 Safari/537.36"
217.113.194.72 - - [02/Apr/2025:03:15:21 -0400] "GET /so-finden-sie-das-beste-unisex-parfum/feed/ HTTP/1.1" 200 82333 "-" "Mozilla/5.0 (compatible; Barkrowler/0.9; +https://babbar.tech/crawler)"
217.113.194.77 - - [02/Apr/2025:03:15:38 -0400] "GET /nusa-penida-day-tour-from-bali/ HTTP/1.1" 200 82333 "-" "Mozilla/5.0 (compatible; Barkrowler/0.9; +https://babbar.tech/crawler)"
217.113.194.72 - - [02/Apr/2025:03:08:35 -0400] "GET /choosing-the-right-premium-bags-for-your-business/ HTTP/1.1" 200 82333 "-" "Mozilla/5.0 (compatible; Barkrowler/0.9; +https://babbar.tech/crawler)"
51.222.253.17 - - [02/Apr/2025:03:08:44 -0400] "GET /author/jorge/page/51/ HTTP/1.1" 200 82297 "-" "Mozilla/5.0 (compatible; AhrefsBot/7.0; +http://ahrefs.com/robot/)"
217.113.194.81 - - [02/Apr/2025:03:08:53 -0400] "GET /haushaltsauflosung-in-luneburg/feed/ HTTP/1.1" 200 82297 "-" "Mozilla/5.0 (compatible; Barkrowler/0.9; +https://babbar.tech/crawler)"
154.54.249.200 - - [02/Apr/2025:03:09:12 -0400] "GET /transforming-lives-with-aba-therapy-in-dubai/feed/ HTTP/1.1" 200 82333 "-" "Mozilla/5.0 (compatible; Barkrowler/0.9; +https://babbar.tech/crawler)"
217.113.194.74 - - [02/Apr/2025:03:09:31 -0400] "GET /how-sound-for-healing-can-heal-the-body/feed/ HTTP/1.1" 200 82333 "-" "Mozilla/5.0 (compatible; Barkrowler/0.9; +https://babbar.tech/crawler)"
34.169.216.138 - - [02/Apr/2025:03:09:42 -0400] "GET /a-durable-solution-for-modern-plumbing/ HTTP/1.1" 200 82297 "-" "Mozilla/5.0 (Macintosh; Intel Mac OS X 10.15; rv:109.0) Gecko/20100101 Firefox/116.0"
217.113.194.74 - - [02/Apr/2025:03:09:49 -0400] "GET /guida-alle-carte-di-magic-the-gathering/ HTTP/1.1" 200 82333 "-" "Mozilla/5.0 (compatible; Barkrowler/0.9; +https://babbar.tech/crawler)"
217.113.194.81 - - [02/Apr/2025:03:10:07 -0400] "GET /vintage-rugs-how-to-find-the-best-heirloom-carpets/feed/ HTTP/1.1" 200 82333 "-" "Mozilla/5.0 (compatible; Barkrowler/0.9; +https://babbar.tech/crawler)"
51.222.253.18 - - [02/Apr/2025:03:10:18 -0400] "GET /unveiling-the-restful-realm-choosing-the-best-cbd-for-sleep/ HTTP/1.1" 200 82333 "-" "Mozilla/5.0 (compatible; AhrefsBot/7.0; +http://ahrefs.com/robot/)"
58.254.68.93 - - [02/Apr/2025:03:10:24 -0400] "GET /un-examen-des-produits-de-securite-a-domicile/ HTTP/1.1" 200 82298 "https://saamigraphics.com" "Mozilla/5.0 (Windows NT 10.0; Win64; x64) AppleWebKit/537.36 (KHTML, like Gecko) Chrome/62.0.3202.94 Safari/537.36"
217.113.194.81 - - [02/Apr/2025:03:10:25 -0400] "GET /getting-a-vyvanse-prescription-online/ HTTP/1.1" 200 82297 "-" "Mozilla/5.0 (compatible; Barkrowler/0.9; +https://babbar.tech/crawler)"
217.113.194.73 - - [02/Apr/2025:03:10:41 -0400] "GET /reduire-les-dechets-avec-linnovation-technologique/ HTTP/1.1" 200 82297 "-" "Mozilla/5.0 (compatible; Barkrowler/0.9; +https://babbar.tech/crawler)"
217.113.194.80 - - [02/Apr/2025:03:10:58 -0400] "GET /the-thriving-world-of-online-casinos-2/feed/ HTTP/1.1" 200 82297 "-" "Mozilla/5.0 (compatible; Barkrowler/0.9; +https://babbar.tech/crawler)"
217.113.194.81 - - [02/Apr/2025:03:11:15 -0400] "GET /what-is-web-design-and-how-does-it-evolve/ HTTP/1.1" 200 82333 "-" "Mozilla/5.0 (compatible; Barkrowler/0.9; +https://babbar.tech/crawler)"
217.113.194.80 - - [02/Apr/2025:03:11:32 -0400] "GET /die-vielfalt-von-dusseldorf-pempelfort/ HTTP/1.1" 200 82297 "-" "Mozilla/5.0 (compatible; Barkrowler/0.9; +https://babbar.tech/crawler)"
51.222.253.1 - - [02/Apr/2025:03:11:46 -0400] "GET /author/jorge/page/102/ HTTP/1.1" 200 82333 "-" "Mozilla/5.0 (compatible; AhrefsBot/7.0; +http://ahrefs.com/robot/)"
217.113.194.76 - - [02/Apr/2025:03:11:49 -0400] "GET /dienstleistungen-fur-wohnungsauflosungen/feed/ HTTP/1.1" 200 82333 "-" "Mozilla/5.0 (compatible; Barkrowler/0.9; +https://babbar.tech/crawler)"
198.54.114.83 - - [02/Apr/2025:03:15:41 -0400] "POST /wp-admin/admin-ajax.php?action=async_litespeed&nonce=rlKDmV67cBODP6xI0iquHS4Lejy6AnlA&litespeed_type=imgoptm HTTP/1.1" 200 0 "-" "WordPress/6.7.2; https://saamigraphics.com"
212.8.248.108 - - [02/Apr/2025:03:15:51 -0400] "GET /mk-crossbody-bags HTTP/1.1" 200 82333 "-" "Mozilla/5.0 (Windows NT 10.0; Win64; x64) AppleWebKit/537.36 (KHTML, like Gecko) Chrome/118.0.0.0 Safari/537.36"
217.113.194.72 - - [02/Apr/2025:03:15:55 -0400] "GET /how-to-calculate-the-time-it-takes-to-transfer-files/feed/ HTTP/1.1" 200 82297 "-" "Mozilla/5.0 (compatible; Barkrowler/0.9; +https://babbar.tech/crawler)"
217.113.194.72 - - [02/Apr/2025:03:16:12 -0400] "GET /how-to-use-different-cleaning-machines-for-auto-detailing/ HTTP/1.1" 200 82333 "-" "Mozilla/5.0 (compatible; Barkrowler/0.9; +https://babbar.tech/crawler)"
51.222.253.4 - - [02/Apr/2025:03:16:26 -0400] "GET /expertensteuerberatung-in-hattingen/ HTTP/1.1" 200 82297 "-" "Mozilla/5.0 (compatible; AhrefsBot/7.0; +http://ahrefs.com/robot/)"
154.54.249.200 - - [02/Apr/2025:03:16:31 -0400] "GET /the-ultimate-guide-to-buying-prescription-glasses-online/feed/ HTTP/1.1" 200 82297 "-" "Mozilla/5.0 (compatible; Barkrowler/0.9; +https://babbar.tech/crawler)"
202.158.244.54 - - [02/Apr/2025:03:16:32 -0400] "GET /gambling-lotto-can-be-harmful/ HTTP/1.1" 200 82333 "-" "Mozilla/5.0 (Windows NT 10.0; Win64; x64) AppleWebKit/537.36 (KHTML, like Gecko) Chrome/114.0.0.0 Safari/537.36"
202.158.244.54 - - [02/Apr/2025:03:16:38 -0400] "GET /gambling-lotto-can-be-harmful/'%20+%20item.url%20+%20' HTTP/1.1" 200 82297 "https://saamigraphics.com/gambling-lotto-can-be-harmful/" "Mozilla/5.0 (Windows NT 10.0; Win64; x64) AppleWebKit/537.36 (KHTML, like Gecko) Chrome/114.0.0.0 Safari/537.36"
58.254.68.93 - - [02/Apr/2025:03:16:43 -0400] "GET /uk-cbd-shop-review/ HTTP/1.1" 200 82333 "https://saamigraphics.com" "Mozilla/5.0 (Windows NT 10.0; Win64; x64) AppleWebKit/537.36 (KHTML, like Gecko) Chrome/62.0.3202.94 Safari/537.36"
217.113.194.74 - - [02/Apr/2025:03:16:47 -0400] "GET /boosting-your-small-business-with-digital-marketing-services/ HTTP/1.1" 200 82297 "-" "Mozilla/5.0 (compatible; Barkrowler/0.9; +https://babbar.tech/crawler)"
217.113.194.76 - - [02/Apr/2025:03:17:04 -0400] "GET /le-confort-dun-coussin-de-lecture-pour-lit/feed/ HTTP/1.1" 200 82297 "-" "Mozilla/5.0 (compatible; Barkrowler/0.9; +https://babbar.tech/crawler)"
13.229.78.155 - - [02/Apr/2025:03:15:26 -0400] "POST /wp-login.php HTTP/1.1" 200 0 "-" "Mozlila/5.0 (Linux; Android 7.0; SM-G892A Bulid/NRD90M; wv) AppleWebKit/537.36 (KHTML, like Gecko) Version/4.0 Chrome/60.0.3112.107 Moblie Safari/537.36"
13.229.78.155 - - [02/Apr/2025:03:17:06 -0400] "GET /wp-admin/plugin-install.php?tab=upload HTTP/1.1" 302 0 "-" "Mozlila/5.0 (Linux; Android 7.0; SM-G892A Bulid/NRD90M; wv) AppleWebKit/537.36 (KHTML, like Gecko) Version/4.0 Chrome/60.0.3112.107 Moblie Safari/537.36"
198.54.114.83 - - [02/Apr/2025:03:17:09 -0400] "POST /wp-cron.php?doing_wp_cron=1743578227.8844978809356689453125 HTTP/1.1" 200 0 "-" "WordPress/6.7.2; https://saamigraphics.com"
13.229.78.155 - - [02/Apr/2025:03:17:09 -0400] "GET /wp-login.php?redirect_to=https%3A%2F%2Fsaamigraphics.com%2Fwp-admin%2Fplugin-install.php%3Ftab%3Dupload&reauth=1 HTTP/1.1" 200 1738 "-" "Mozlila/5.0 (Linux; Android 7.0; SM-G892A Bulid/NRD90M; wv) AppleWebKit/537.36 (KHTML, like Gecko) Version/4.0 Chrome/60.0.3112.107 Moblie Safari/537.36"
154.54.249.200 - - [02/Apr/2025:03:17:20 -0400] "GET /how-a-marketing-automation-agency-can-help-your-business/feed/ HTTP/1.1" 200 82297 "-" "Mozilla/5.0 (compatible; Barkrowler/0.9; +https://babbar.tech/crawler)"
217.113.194.80 - - [02/Apr/2025:03:17:37 -0400] "GET /the-timeless-beauty-of-abalone-necklace/feed/ HTTP/1.1" 200 82297 "-" "Mozilla/5.0 (compatible; Barkrowler/0.9; +https://babbar.tech/crawler)"
188.214.30.149 - - [02/Apr/2025:03:17:52 -0400] "GET /wp-login.php HTTP/1.1" 200 1717 "-" "GRequests/0.10"
217.113.194.72 - - [02/Apr/2025:03:17:53 -0400] "GET /die-vielfalt-von-dusseldorf-pempelfort/feed/ HTTP/1.1" 200 82297 "-" "Mozilla/5.0 (compatible; Barkrowler/0.9; +https://babbar.tech/crawler)"
188.214.30.149 - - [02/Apr/2025:03:17:53 -0400] "POST /wp-login.php HTTP/1.1" 200 1850 "-" "GRequests/0.10"
51.222.253.2 - - [02/Apr/2025:03:17:56 -0400] "GET /author/jorge/page/104/ HTTP/1.1" 200 82335 "-" "Mozilla/5.0 (compatible; AhrefsBot/7.0; +http://ahrefs.com/robot/)"
217.113.194.75 - - [02/Apr/2025:03:18:09 -0400] "GET /the-benefits-of-a-part-time-job-for-students/feed/ HTTP/1.1" 200 82297 "-" "Mozilla/5.0 (compatible; Barkrowler/0.9; +https://babbar.tech/crawler)"
217.113.194.78 - - [02/Apr/2025:03:18:25 -0400] "GET /loan-for-foreigners-singapore-what-you-need-to-know/ HTTP/1.1" 200 82333 "-" "Mozilla/5.0 (compatible; Barkrowler/0.9; +https://babbar.tech/crawler)"
217.113.194.81 - - [02/Apr/2025:03:18:41 -0400] "GET /unlocking-the-world-of-online-betting-money-sites/feed/ HTTP/1.1" 200 82297 "-" "Mozilla/5.0 (compatible; Barkrowler/0.9; +https://babbar.tech/crawler)"
217.113.194.75 - - [02/Apr/2025:03:18:57 -0400] "GET /the-simple-eyeliner-boxes-that-wins-customers/ HTTP/1.1" 200 82333 "-" "Mozilla/5.0 (compatible; Barkrowler/0.9; +https://babbar.tech/crawler)"
217.113.194.74 - - [02/Apr/2025:03:19:14 -0400] "GET /the-five-largest-health-and-safety-penalties/ HTTP/1.1" 200 82333 "-" "Mozilla/5.0 (compatible; Barkrowler/0.9; +https://babbar.tech/crawler)"
51.222.253.5 - - [02/Apr/2025:03:19:29 -0400] "GET /the-importance-of-cybersecurity/ HTTP/1.1" 200 82298 "-" "Mozilla/5.0 (compatible; AhrefsBot/7.0; +http://ahrefs.com/robot/)"
217.113.194.77 - - [02/Apr/2025:03:19:30 -0400] "GET /understanding-browser-cache-in-internet-explorer/feed/ HTTP/1.1" 200 82298 "-" "Mozilla/5.0 (compatible; Barkrowler/0.9; +https://babbar.tech/crawler)"
217.113.194.81 - - [02/Apr/2025:03:19:46 -0400] "GET /understanding-betting-systems-a-comprehensive-guide/feed/ HTTP/1.1" 200 82247 "-" "Mozilla/5.0 (compatible; Barkrowler/0.9; +https://babbar.tech/crawler)"
217.113.194.80 - - [02/Apr/2025:03:20:05 -0400] "GET /bfj-design-bathrooms-in-coal-harbour/ HTTP/1.1" 200 82297 "-" "Mozilla/5.0 (compatible; Barkrowler/0.9; +https://babbar.tech/crawler)"
217.113.194.81 - - [02/Apr/2025:03:20:21 -0400] "GET /conseils-de-decoration-pour-un-interieur-harmonieux/ HTTP/1.1" 200 82333 "-" "Mozilla/5.0 (compatible; Barkrowler/0.9; +https://babbar.tech/crawler)"
217.113.194.72 - - [02/Apr/2025:03:20:37 -0400] "GET /cloudgavel-automated-warrants-for-law-enforcement/ HTTP/1.1" 200 82298 "-" "Mozilla/5.0 (compatible; Barkrowler/0.9; +https://babbar.tech/crawler)"
217.113.194.72 - - [02/Apr/2025:03:20:53 -0400] "GET /slot-machines-at-gas-stations-and-truck-stops/feed/ HTTP/1.1" 200 82339 "-" "Mozilla/5.0 (compatible; Barkrowler/0.9; +https://babbar.tech/crawler)"
51.222.253.9 - - [02/Apr/2025:03:21:01 -0400] "GET /the-beauty-benefits-of-tretinoin-a-comprehensive-guide-to-its-purchase-and-usage/ HTTP/1.1" 200 82333 "-" "Mozilla/5.0 (compatible; AhrefsBot/7.0; +http://ahrefs.com/robot/)"
217.113.194.75 - - [02/Apr/2025:03:21:09 -0400] "GET /effizienter-umzugsservice-in-luneburg/ HTTP/1.1" 200 82379 "-" "Mozilla/5.0 (compatible; Barkrowler/0.9; +https://babbar.tech/crawler)"
154.54.249.200 - - [02/Apr/2025:03:21:26 -0400] "GET /fenbendazole-for-pancreatic-cancer/ HTTP/1.1" 200 82297 "-" "Mozilla/5.0 (compatible; Barkrowler/0.9; +https://babbar.tech/crawler)"
217.113.194.72 - - [02/Apr/2025:03:21:43 -0400] "GET /un-examen-des-produits-de-securite-a-domicile/feed/ HTTP/1.1" 200 82297 "-" "Mozilla/5.0 (compatible; Barkrowler/0.9; +https://babbar.tech/crawler)"
217.113.194.79 - - [02/Apr/2025:03:22:00 -0400] "GET /finding-the-perfect-wedding-celebrant-in-auckland/ HTTP/1.1" 200 82297 "-" "Mozilla/5.0 (compatible; Barkrowler/0.9; +https://babbar.tech/crawler)"
217.113.194.80 - - [02/Apr/2025:03:22:16 -0400] "GET /enhancing-organization-with-printable-planner-stickers/ HTTP/1.1" 200 82333 "-" "Mozilla/5.0 (compatible; Barkrowler/0.9; +https://babbar.tech/crawler)"
217.113.194.72 - - [02/Apr/2025:03:22:32 -0400] "GET /how-to-optimize-your-youtube-comments-stream-with-hootsuite/ HTTP/1.1" 200 82297 "-" "Mozilla/5.0 (compatible; Barkrowler/0.9; +https://babbar.tech/crawler)"
51.222.253.16 - - [02/Apr/2025:03:22:44 -0400] "GET /unveiling-the-world-of-online-casinos/ HTTP/1.1" 200 82389 "-" "Mozilla/5.0 (compatible; AhrefsBot/7.0; +http://ahrefs.com/robot/)"
217.113.194.78 - - [02/Apr/2025:03:22:48 -0400] "GET /how-to-get-vietnam-tourist-visa-for-indians-easily/feed/ HTTP/1.1" 200 82297 "-" "Mozilla/5.0 (compatible; Barkrowler/0.9; +https://babbar.tech/crawler)"
217.113.194.80 - - [02/Apr/2025:03:23:04 -0400] "GET /how-to-find-legitimate-cbd-in-the-uk/feed/ HTTP/1.1" 200 82297 "-" "Mozilla/5.0 (compatible; Barkrowler/0.9; +https://babbar.tech/crawler)"
154.54.249.200 - - [02/Apr/2025:03:23:21 -0400] "GET /discover-the-fun-of-unblocked-games-6x/ HTTP/1.1" 200 82333 "-" "Mozilla/5.0 (compatible; Barkrowler/0.9; +https://babbar.tech/crawler)"
217.113.194.77 - - [02/Apr/2025:03:23:37 -0400] "GET /simplifying-the-fda-cosmetic-registration-process/feed/ HTTP/1.1" 200 82297 "-" "Mozilla/5.0 (compatible; Barkrowler/0.9; +https://babbar.tech/crawler)"
217.113.194.81 - - [02/Apr/2025:03:23:53 -0400] "GET /smm-panel-the-best-smm-panel-in-2023 HTTP/1.1" 200 82333 "-" "Mozilla/5.0 (compatible; Barkrowler/0.9; +https://babbar.tech/crawler)"
51.222.253.7 - - [02/Apr/2025:03:24:05 -0400] "GET /the-key-to-efficiency/ HTTP/1.1" 200 82297 "-" "Mozilla/5.0 (compatible; AhrefsBot/7.0; +http://ahrefs.com/robot/)"
217.113.194.79 - - [02/Apr/2025:03:24:09 -0400] "GET /choosing-a-direct-tiling-contractor-in-singapore/ HTTP/1.1" 200 82297 "-" "Mozilla/5.0 (compatible; Barkrowler/0.9; +https://babbar.tech/crawler)"
217.113.194.78 - - [02/Apr/2025:03:24:25 -0400] "GET /visitenkarten-nfc-enabled-business-cards/feed/ HTTP/1.1" 200 82297 "-" "Mozilla/5.0 (compatible; Barkrowler/0.9; +https://babbar.tech/crawler)"
217.113.194.80 - - [02/Apr/2025:03:24:41 -0400] "GET /expert-bathroom-renovations-for-western-suburbs-melbourne/feed/ HTTP/1.1" 200 82333 "-" "Mozilla/5.0 (compatible; Barkrowler/0.9; +https://babbar.tech/crawler)"
217.113.194.77 - - [02/Apr/2025:03:24:57 -0400] "GET /the-essential-guide-to-choosing-the-right-breast-pump/ HTTP/1.1" 200 82333 "-" "Mozilla/5.0 (compatible; Barkrowler/0.9; +https://babbar.tech/crawler)"
217.113.194.78 - - [02/Apr/2025:03:25:13 -0400] "GET /the-future-of-artificial-intelligence-and-alignment/ HTTP/1.1" 200 82333 "-" "Mozilla/5.0 (compatible; Barkrowler/0.9; +https://babbar.tech/crawler)"
217.113.194.73 - - [02/Apr/2025:03:25:29 -0400] "GET /building-your-resume-to-get-hiring-managers-attention/feed/ HTTP/1.1" 200 82297 "-" "Mozilla/5.0 (compatible; Barkrowler/0.9; +https://babbar.tech/crawler)"
51.222.253.17 - - [02/Apr/2025:03:25:33 -0400] "GET /home-care-is-a-vital-part-of-elderly-health-in-montreal/ HTTP/1.1" 200 82333 "-" "Mozilla/5.0 (compatible; AhrefsBot/7.0; +http://ahrefs.com/robot/)"
217.113.194.72 - - [02/Apr/2025:03:25:45 -0400] "GET /the-second-six-months-moving-up-part-two/ HTTP/1.1" 200 82297 "-" "Mozilla/5.0 (compatible; Barkrowler/0.9; +https://babbar.tech/crawler)"
112.92.70.120 - - [02/Apr/2025:03:26:01 -0400] "GET /un-examen-des-produits-de-securite-a-domicile/ HTTP/1.1" 200 82297 "https://saamigraphics.com" "Mozilla/5.0 (Windows NT 10.0; Win64; x64) AppleWebKit/537.36 (KHTML, like Gecko) Chrome/62.0.3202.94 Safari/537.36"
217.113.194.77 - - [02/Apr/2025:03:26:02 -0400] "GET /navigating-the-landscape-of-fertility-clinics-in-dubai/ HTTP/1.1" 200 82297 "-" "Mozilla/5.0 (compatible; Barkrowler/0.9; +https://babbar.tech/crawler)"
2a02:598:96:8a00::1200:139 - - [02/Apr/2025:03:26:14 -0400] "GET /unlocking-the-power-of-hypnosis-in-singapore/ HTTP/1.1" 200 82333 "-" "Mozilla/5.0 (compatible; SeznamBot/4.0; +https://o-seznam.cz/napoveda/vyhledavani/en/seznambot-crawler/)"
217.113.194.74 - - [02/Apr/2025:03:26:18 -0400] "GET /navigating-the-excitement-exploring-the-world-of-online-casinos/ HTTP/1.1" 200 82297 "-" "Mozilla/5.0 (compatible; Barkrowler/0.9; +https://babbar.tech/crawler)"
217.113.194.74 - - [02/Apr/2025:03:26:34 -0400] "GET /the-benefits-and-implications-of-electronic-warrants/ HTTP/1.1" 200 82297 "-" "Mozilla/5.0 (compatible; Barkrowler/0.9; +https://babbar.tech/crawler)"
217.113.194.72 - - [02/Apr/2025:03:26:51 -0400] "GET /der-schlussel-zum-erfolg-im-jurastudium/ HTTP/1.1" 200 82333 "-" "Mozilla/5.0 (compatible; Barkrowler/0.9; +https://babbar.tech/crawler)"
217.113.194.73 - - [02/Apr/2025:03:27:07 -0400] "GET /werbung-fur-ihr-umzugsunternehmen-luneburg/ HTTP/1.1" 200 82293 "-" "Mozilla/5.0 (compatible; Barkrowler/0.9; +https://babbar.tech/crawler)"
51.222.253.13 - - [02/Apr/2025:03:27:08 -0400] "GET /page/58/ HTTP/1.1" 200 82333 "-" "Mozilla/5.0 (compatible; AhrefsBot/7.0; +http://ahrefs.com/robot/)"
217.113.194.81 - - [02/Apr/2025:03:27:23 -0400] "GET /the-growing-trend-of-games-hire-in-corporate-events/ HTTP/1.1" 200 82333 "-" "Mozilla/5.0 (compatible; Barkrowler/0.9; +https://babbar.tech/crawler)"
217.113.194.79 - - [02/Apr/2025:03:27:39 -0400] "GET /the-art-of-stake-ator-balancing-risk-and-reward/ HTTP/1.1" 200 82333 "-" "Mozilla/5.0 (compatible; Barkrowler/0.9; +https://babbar.tech/crawler)"
217.113.194.81 - - [02/Apr/2025:03:27:56 -0400] "GET /unveiling-satebet-the-future-of-online-gaming/ HTTP/1.1" 200 82333 "-" "Mozilla/5.0 (compatible; Barkrowler/0.9; +https://babbar.tech/crawler)"
217.113.194.79 - - [02/Apr/2025:03:28:12 -0400] "GET /unraveling-the-enigma-of-a-unique-hue/ HTTP/1.1" 200 82298 "-" "Mozilla/5.0 (compatible; Barkrowler/0.9; +https://babbar.tech/crawler)"
217.113.194.75 - - [02/Apr/2025:03:28:30 -0400] "GET /unleashing-compassion-the-power-of-fundraisers/ HTTP/1.1" 200 82333 "-" "Mozilla/5.0 (compatible; Barkrowler/0.9; +https://babbar.tech/crawler)"
51.222.253.3 - - [02/Apr/2025:03:28:34 -0400] "GET /author/jorge/page/40/ HTTP/1.1" 200 82297 "-" "Mozilla/5.0 (compatible; AhrefsBot/7.0; +http://ahrefs.com/robot/)"
217.113.194.77 - - [02/Apr/2025:03:28:46 -0400] "GET /understanding-the-oasis-protocol-staking-mechanism/ HTTP/1.1" 200 82297 "-" "Mozilla/5.0 (compatible; Barkrowler/0.9; +https://babbar.tech/crawler)"
217.113.194.73 - - [02/Apr/2025:03:29:04 -0400] "GET /law-tutor-find-a-law-tutor-near-you/feed/ HTTP/1.1" 200 82297 "-" "Mozilla/5.0 (compatible; Barkrowler/0.9; +https://babbar.tech/crawler)"
217.113.194.74 - - [02/Apr/2025:03:29:21 -0400] "GET /mastering-rental-property-management-a-guide-to-success/ HTTP/1.1" 200 82297 "-" "Mozilla/5.0 (compatible; Barkrowler/0.9; +https://babbar.tech/crawler)"
154.54.249.200 - - [02/Apr/2025:03:29:37 -0400] "GET /mastering-youtube-seo-your-ultimate-guide-to-success/ HTTP/1.1" 200 82297 "-" "Mozilla/5.0 (compatible; Barkrowler/0.9; +https://babbar.tech/crawler)"
154.54.249.200 - - [02/Apr/2025:03:29:54 -0400] "GET /best-anti-wrinkle-cream-for-sensitive-skin/ HTTP/1.1" 200 82333 "-" "Mozilla/5.0 (compatible; Barkrowler/0.9; +https://babbar.tech/crawler)"
51.222.253.18 - - [02/Apr/2025:03:29:56 -0400] "GET /how-to-evaluate-credit-repair-services/ HTTP/1.1" 200 82333 "-" "Mozilla/5.0 (compatible; AhrefsBot/7.0; +http://ahrefs.com/robot/)"
217.113.194.80 - - [02/Apr/2025:03:30:11 -0400] "GET /the-perfect-fusion-of-style-and-functionality/ HTTP/1.1" 200 82333 "-" "Mozilla/5.0 (compatible; Barkrowler/0.9; +https://babbar.tech/crawler)"
217.113.194.72 - - [02/Apr/2025:03:30:27 -0400] "GET /the-perils-of-purchasing-likes-on-tiktok/ HTTP/1.1" 200 82333 "-" "Mozilla/5.0 (compatible; Barkrowler/0.9; +https://babbar.tech/crawler)"
217.113.194.78 - - [02/Apr/2025:03:30:43 -0400] "GET /the-importance-of-advertising-materials-in-modern-marketing/ HTTP/1.1" 200 82297 "-" "Mozilla/5.0 (compatible; Barkrowler/0.9; +https://babbar.tech/crawler)"
217.113.194.75 - - [02/Apr/2025:03:30:59 -0400] "GET /signs-its-time-for-an-electrical-panel-upgrade/ HTTP/1.1" 200 82333 "-" "Mozilla/5.0 (compatible; Barkrowler/0.9; +https://babbar.tech/crawler)"
2a02:598:128:8a00::b00:3 - - [02/Apr/2025:03:31:12 -0400] "GET /le-drapeau-publicitaire-exterieur/ HTTP/1.1" 200 82333 "-" "Mozilla/5.0 (compatible; SeznamBot/4.0; +https://o-seznam.cz/napoveda/vyhledavani/en/seznambot-crawler/)"
154.54.249.200 - - [02/Apr/2025:03:31:15 -0400] "GET /what-can-a-virtual-receptionist-do-for-your-business/ HTTP/1.1" 200 82297 "-" "Mozilla/5.0 (compatible; Barkrowler/0.9; +https://babbar.tech/crawler)"
198.54.114.83 - - [02/Apr/2025:03:31:24 -0400] "POST /wp-cron.php?doing_wp_cron=1743579084.6491470336914062500000 HTTP/1.1" 200 0 "-" "WordPress/6.7.2; https://saamigraphics.com"
13.214.35.67 - - [02/Apr/2025:03:31:22 -0400] "POST /wp-login.php HTTP/1.1" 200 1840 "-" "Mozlila/5.0 (Linux; Android 7.0; SM-G892A Bulid/NRD90M; wv) AppleWebKit/537.36 (KHTML, like Gecko) Version/4.0 Chrome/60.0.3112.107 Moblie Safari/537.36"
13.214.35.67 - - [02/Apr/2025:03:31:25 -0400] "GET /wp-admin/plugin-install.php?tab=upload HTTP/1.1" 302 0 "-" "Mozlila/5.0 (Linux; Android 7.0; SM-G892A Bulid/NRD90M; wv) AppleWebKit/537.36 (KHTML, like Gecko) Version/4.0 Chrome/60.0.3112.107 Moblie Safari/537.36"
13.214.35.67 - - [02/Apr/2025:03:31:27 -0400] "GET /wp-login.php?redirect_to=https%3A%2F%2Fsaamigraphics.com%2Fwp-admin%2Fplugin-install.php%3Ftab%3Dupload&reauth=1 HTTP/1.1" 200 1738 "-" "Mozlila/5.0 (Linux; Android 7.0; SM-G892A Bulid/NRD90M; wv) AppleWebKit/537.36 (KHTML, like Gecko) Version/4.0 Chrome/60.0.3112.107 Moblie Safari/537.36"
198.54.114.83 - - [02/Apr/2025:03:31:27 -0400] "POST /wp-admin/admin-ajax.php?action=async_litespeed&nonce=ZJCKDk9dVKEG2ArUt8AL4zZOi1EZcUQX&litespeed_type=imgoptm HTTP/1.1" 200 0 "-" "WordPress/6.7.2; https://saamigraphics.com"
217.113.194.76 - - [02/Apr/2025:03:31:31 -0400] "GET /what-can-blanket-weed-controller-do-for-me/ HTTP/1.1" 200 82297 "-" "Mozilla/5.0 (compatible; Barkrowler/0.9; +https://babbar.tech/crawler)"
47.82.17.151 - - [02/Apr/2025:03:31:41 -0400] "GET /2023/09/ HTTP/1.1" 200 82333 "-" "Mozilla/5.0 (iPhone; CPU iPhone OS 17_2 like Mac OS X) AppleWebKit/605.1.15 (KHTML, like Gecko) EdgiOS/120.0.2210.116 Version/17.0 Mobile/15E148 Safari/604.1"
51.222.253.17 - - [02/Apr/2025:03:31:42 -0400] "GET /category/activity/page/35/ HTTP/1.1" 200 82333 "-" "Mozilla/5.0 (compatible; AhrefsBot/7.0; +http://ahrefs.com/robot/)"
217.113.194.75 - - [02/Apr/2025:03:31:47 -0400] "GET /what-can-blanket-weed-controller-do-for-me/feed/ HTTP/1.1" 200 82333 "-" "Mozilla/5.0 (compatible; Barkrowler/0.9; +https://babbar.tech/crawler)"
112.92.70.120 - - [02/Apr/2025:03:32:03 -0400] "GET /un-examen-des-produits-de-securite-a-domicile/ HTTP/1.1" 200 82297 "https://saamigraphics.com" "Mozilla/5.0 (Windows NT 10.0; Win64; x64) AppleWebKit/537.36 (KHTML, like Gecko) Chrome/62.0.3202.94 Safari/537.36"
217.113.194.74 - - [02/Apr/2025:03:32:04 -0400] "GET /what-type-of-conservatory-roof-should-you-choose/ HTTP/1.1" 200 82333 "-" "Mozilla/5.0 (compatible; Barkrowler/0.9; +https://babbar.tech/crawler)"
217.113.194.81 - - [02/Apr/2025:03:32:20 -0400] "GET /what-type-of-conservatory-roof-should-you-choose/feed/ HTTP/1.1" 200 82333 "-" "Mozilla/5.0 (compatible; Barkrowler/0.9; +https://babbar.tech/crawler)"
217.113.194.75 - - [02/Apr/2025:03:32:36 -0400] "GET /exploring-udon-thani-with-convenient-car-rentals/ HTTP/1.1" 200 82247 "-" "Mozilla/5.0 (compatible; Barkrowler/0.9; +https://babbar.tech/crawler)"
47.82.13.9 - - [02/Apr/2025:03:32:51 -0400] "GET /erfolgreiches-verhandlungstraining-im-einkauf-strategien-und-methoden/ HTTP/1.1" 200 82333 "-" "Mozilla/5.0 (Windows NT 10.0; Win64; x64) AppleWebKit/537.36 (KHTML, like Gecko) Chrome/121.0.0.0 Safari/537.36 Edg/121.0.0.0 Herring/95.1.1930.31"
217.113.194.80 - - [02/Apr/2025:03:32:52 -0400] "GET /explorando-la-belleza-y-cultura-de-puerto-rico/ HTTP/1.1" 200 82389 "-" "Mozilla/5.0 (compatible; Barkrowler/0.9; +https://babbar.tech/crawler)"
217.113.194.74 - - [02/Apr/2025:03:33:08 -0400] "GET /exploring-the-versatility-of-omnigenceam-com/ HTTP/1.1" 200 82333 "-" "Mozilla/5.0 (compatible; Barkrowler/0.9; +https://babbar.tech/crawler)"
154.54.249.200 - - [02/Apr/2025:03:33:24 -0400] "GET /effizienter-umzugsservice-in-luneburg/feed/ HTTP/1.1" 200 82297 "-" "Mozilla/5.0 (compatible; Barkrowler/0.9; +https://babbar.tech/crawler)"
51.222.253.10 - - [02/Apr/2025:03:33:31 -0400] "GET /sitemap_index.xml HTTP/1.1" 200 82333 "-" "Mozilla/5.0 (compatible; AhrefsBot/7.0; +http://ahrefs.com/robot/)"
217.113.194.80 - - [02/Apr/2025:03:33:41 -0400] "GET /tips-on-finding-sports-betting-picks-available/feed/ HTTP/1.1" 200 82297 "-" "Mozilla/5.0 (compatible; Barkrowler/0.9; +https://babbar.tech/crawler)"
217.113.194.73 - - [02/Apr/2025:03:33:57 -0400] "GET /streamlined-process-for-fda-otc-registration/ HTTP/1.1" 200 82297 "-" "Mozilla/5.0 (compatible; Barkrowler/0.9; +https://babbar.tech/crawler)"
217.113.194.75 - - [02/Apr/2025:03:34:13 -0400] "GET /experience-optimal-wellness-with-a-chiropractor-in-dubai/feed/ HTTP/1.1" 200 82297 "-" "Mozilla/5.0 (compatible; Barkrowler/0.9; +https://babbar.tech/crawler)"
185.231.154.128 - - [02/Apr/2025:03:34:16 -0400] "GET /cbd-for-anxiety-uk-a-natural-remedy-for-anxiety/ HTTP/1.1" 200 82348 "https://saamigraphics.com/cbd-for-anxiety-uk-a-natural-remedy-for-anxiety/#comment-9063" "Mozilla/5.0 (Windows NT 10.0; Win64; x64) AppleWebKit/537.36 (KHTML, like Gecko) Chrome/131.0.0.0 Safari/537.36 Avast/131.0.0.0"
217.113.194.72 - - [02/Apr/2025:03:34:29 -0400] "GET /experiencing-luxury-a-tour-of-ardor-residence-showflat/ HTTP/1.1" 200 82297 "-" "Mozilla/5.0 (compatible; Barkrowler/0.9; +https://babbar.tech/crawler)"
217.113.194.78 - - [02/Apr/2025:03:34:45 -0400] "GET /experience-modern-living-at-the-botany-showflat/ HTTP/1.1" 200 82247 "-" "Mozilla/5.0 (compatible; Barkrowler/0.9; +https://babbar.tech/crawler)"
217.113.194.75 - - [02/Apr/2025:03:35:01 -0400] "GET /experience-modern-living-at-the-botany-showflat/feed/ HTTP/1.1" 200 82297 "-" "Mozilla/5.0 (compatible; Barkrowler/0.9; +https://babbar.tech/crawler)"
217.113.194.81 - - [02/Apr/2025:03:35:18 -0400] "GET /le-magicien-enigmatique-maitrise-de-lart-de-lillusion/ HTTP/1.1" 200 82333 "-" "Mozilla/5.0 (compatible; Barkrowler/0.9; +https://babbar.tech/crawler)"
217.113.194.81 - - [02/Apr/2025:03:35:34 -0400] "GET /cozy-comfort-the-enduring-appeal-of-knitted-beanies/ HTTP/1.1" 200 82297 "-" "Mozilla/5.0 (compatible; Barkrowler/0.9; +https://babbar.tech/crawler)"
217.113.194.76 - - [02/Apr/2025:03:35:52 -0400] "GET /finding-affordable-concrete-contractors-in-northern-colorado/ HTTP/1.1" 200 82333 "-" "Mozilla/5.0 (compatible; Barkrowler/0.9; +https://babbar.tech/crawler)"
217.113.194.75 - - [02/Apr/2025:03:36:09 -0400] "GET /premier-physio-auckland-excellence-in-physiotherapy-care/ HTTP/1.1" 200 82297 "-" "Mozilla/5.0 (compatible; Barkrowler/0.9; +https://babbar.tech/crawler)"
217.113.194.72 - - [02/Apr/2025:03:36:26 -0400] "GET /redken-acidic-bonding-concentrate-review/feed/ HTTP/1.1" 200 82333 "-" "Mozilla/5.0 (compatible; Barkrowler/0.9; +https://babbar.tech/crawler)"
34.169.216.138 - - [02/Apr/2025:03:36:33 -0400] "GET /how-to-get-accurate-online-moving-quotes/ HTTP/1.1" 200 82333 "-" "Mozilla/5.0 (Macintosh; Intel Mac OS X 10.15; rv:109.0) Gecko/20100101 Firefox/116.0"
217.113.194.81 - - [02/Apr/2025:03:36:42 -0400] "GET /the-ultimate-guide-to-hot-and-cold-water-dispensers/ HTTP/1.1" 200 82297 "-" "Mozilla/5.0 (compatible; Barkrowler/0.9; +https://babbar.tech/crawler)"
185.231.154.128 - - [02/Apr/2025:03:36:46 -0400] "GET /cbd-for-anxiety-uk-a-natural-remedy-for-anxiety/ HTTP/1.1" 200 82333 "https://saamigraphics.com/cbd-for-anxiety-uk-a-natural-remedy-for-anxiety/#comment-9063" "Mozilla/5.0 (Windows NT 10.0; Win64; x64) AppleWebKit/537.36 (KHTML, like Gecko) Chrome/131.0.0.0 Safari/537.36 Avast/131.0.0.0"
217.113.194.81 - - [02/Apr/2025:03:36:58 -0400] "GET /the-ultimate-guide-to-deleting-your-instagram-account/ HTTP/1.1" 200 82298 "-" "Mozilla/5.0 (compatible; Barkrowler/0.9; +https://babbar.tech/crawler)"
51.222.253.14 - - [02/Apr/2025:03:37:10 -0400] "GET /wie-benedikt-entstand/ HTTP/1.1" 200 82333 "-" "Mozilla/5.0 (compatible; AhrefsBot/7.0; +http://ahrefs.com/robot/)"
217.113.194.72 - - [02/Apr/2025:03:37:14 -0400] "GET /reasons-why-you-should-vouch-for-refrigerator-on-rent/ HTTP/1.1" 200 82333 "-" "Mozilla/5.0 (compatible; Barkrowler/0.9; +https://babbar.tech/crawler)"
217.113.194.77 - - [02/Apr/2025:03:37:31 -0400] "GET /effektive-unternehmensauflosung-in-luneburg/ HTTP/1.1" 200 82333 "-" "Mozilla/5.0 (compatible; Barkrowler/0.9; +https://babbar.tech/crawler)"
217.113.194.77 - - [02/Apr/2025:03:37:47 -0400] "GET /discovering-nusa-penida-a-paradise-beyond-bali/feed/ HTTP/1.1" 200 82333 "-" "Mozilla/5.0 (compatible; Barkrowler/0.9; +https://babbar.tech/crawler)"
217.113.194.80 - - [02/Apr/2025:03:38:03 -0400] "GET /discover-your-dream-home-homes-for-sale-in-sonoma-ca/ HTTP/1.1" 200 82297 "-" "Mozilla/5.0 (compatible; Barkrowler/0.9; +https://babbar.tech/crawler)"
2a02:598:96:8a00::1200:139 - - [02/Apr/2025:03:38:10 -0400] "GET /the-top-trends-in-kitchen-cabinet-manufacturing/ HTTP/1.1" 200 82297 "-" "Mozilla/5.0 (compatible; SeznamBot/4.0; +https://o-seznam.cz/napoveda/vyhledavani/en/seznambot-crawler/)"
217.113.194.72 - - [02/Apr/2025:03:38:20 -0400] "GET /discover-the-convenience-of-buying-prescription-glasses-online/ HTTP/1.1" 200 82297 "-" "Mozilla/5.0 (compatible; Barkrowler/0.9; +https://babbar.tech/crawler)"
217.113.194.80 - - [02/Apr/2025:03:38:36 -0400] "GET /a-michael-kors-tote-bag-is-perfect-for-everyday-wear/ HTTP/1.1" 200 82297 "-" "Mozilla/5.0 (compatible; Barkrowler/0.9; +https://babbar.tech/crawler)"
47.82.26.21 - - [02/Apr/2025:03:38:55 -0400] "GET /2023/09/ HTTP/1.1" 200 82297 "-" "Mozilla/5.0 (Windows NT 10.0; Win64; x64) AppleWebKit/537.36 (KHTML, like Gecko) Chrome/121.0.0.0 Safari/537.36 Edg/121.0.0.0"
217.113.194.74 - - [02/Apr/2025:03:38:55 -0400] "GET /reviving-efficiency-ottawa-dryer-repair-services/ HTTP/1.1" 200 82297 "-" "Mozilla/5.0 (compatible; Barkrowler/0.9; +https://babbar.tech/crawler)"
217.113.194.75 - - [02/Apr/2025:03:39:13 -0400] "GET /lelegance-fonctionnelle-reinventer-lamenagement-de-bureau/ HTTP/1.1" 200 82297 "-" "Mozilla/5.0 (compatible; Barkrowler/0.9; +https://babbar.tech/crawler)"
217.113.194.79 - - [02/Apr/2025:03:39:32 -0400] "GET /choosing-a-direct-tiling-contractor-in-singapore/feed/ HTTP/1.1" 200 82333 "-" "Mozilla/5.0 (compatible; Barkrowler/0.9; +https://babbar.tech/crawler)"
154.54.249.200 - - [02/Apr/2025:03:39:50 -0400] "GET /prodotti-tipici-aglio-olio-e-peperoncino/ HTTP/1.1" 200 82298 "-" "Mozilla/5.0 (compatible; Barkrowler/0.9; +https://babbar.tech/crawler)"
217.113.194.76 - - [02/Apr/2025:03:40:07 -0400] "GET /transforming-lives-with-hair-transplants-in-north-cyprus/ HTTP/1.1" 200 82333 "-" "Mozilla/5.0 (compatible; Barkrowler/0.9; +https://babbar.tech/crawler)"
217.113.194.77 - - [02/Apr/2025:03:40:24 -0400] "GET /insulation-contractor-what-every-homeowner-should-know/ HTTP/1.1" 200 82333 "-" "Mozilla/5.0 (compatible; Barkrowler/0.9; +https://babbar.tech/crawler)"
34.169.175.120 - - [02/Apr/2025:03:40:29 -0400] "GET /how-to-get-more-youtube-live-stream-views/ HTTP/1.1" 200 82297 "-" "Mozilla/5.0 (Macintosh; Intel Mac OS X 10.15; rv:109.0) Gecko/20100101 Firefox/116.0"
51.222.253.3 - - [02/Apr/2025:03:40:36 -0400] "GET /unveiling-the-cosmos-the-enchanting-world-of-the-galaxy-lamp/ HTTP/1.1" 200 82297 "-" "Mozilla/5.0 (compatible; AhrefsBot/7.0; +http://ahrefs.com/robot/)"
217.113.194.74 - - [02/Apr/2025:03:40:43 -0400] "GET /expert-bathroom-renovations-in-melbournes-western-suburbs/ HTTP/1.1" 200 82333 "-" "Mozilla/5.0 (compatible; Barkrowler/0.9; +https://babbar.tech/crawler)"
154.54.249.200 - - [02/Apr/2025:03:43:20 -0400] "GET /navigating-the-world-of-online-casinos-a-comprehensive-guide-2/ HTTP/1.1" 200 82298 "-" "Mozilla/5.0 (compatible; Barkrowler/0.9; +https://babbar.tech/crawler)"
217.113.194.76 - - [02/Apr/2025:03:43:36 -0400] "GET /energy-and-wealth-rolled-into-one-online-sports-betting/ HTTP/1.1" 200 82298 "-" "Mozilla/5.0 (compatible; Barkrowler/0.9; +https://babbar.tech/crawler)"
217.113.194.77 - - [02/Apr/2025:03:43:53 -0400] "GET /is-certified-health-coach-training-in-your-future/ HTTP/1.1" 200 82297 "-" "Mozilla/5.0 (compatible; Barkrowler/0.9; +https://babbar.tech/crawler)"
51.222.253.13 - - [02/Apr/2025:03:43:56 -0400] "GET /the-benefits-of-disaster-recovery-cloud-services/ HTTP/1.1" 200 82333 "-" "Mozilla/5.0 (compatible; AhrefsBot/7.0; +http://ahrefs.com/robot/)"
217.113.194.77 - - [02/Apr/2025:03:44:11 -0400] "GET /unlocking-linguistic-horizons-german-courses-in-london/ HTTP/1.1" 200 82297 "-" "Mozilla/5.0 (compatible; Barkrowler/0.9; +https://babbar.tech/crawler)"
47.79.118.103 - - [02/Apr/2025:03:44:20 -0400] "GET /2023/09/ HTTP/1.1" 200 82333 "-" "Mozilla/5.0 (Linux; Android 10; K) AppleWebKit/537.36 (KHTML, like Gecko) Chrome/122.0.0.0 Mobile Safari/537.36"
217.113.194.79 - - [02/Apr/2025:03:44:27 -0400] "GET /unlocking-learning-classroom-6x-unblocked/ HTTP/1.1" 200 82297 "-" "Mozilla/5.0 (compatible; Barkrowler/0.9; +https://babbar.tech/crawler)"
47.82.15.98 - - [02/Apr/2025:03:44:40 -0400] "GET /humastogel/ HTTP/1.1" 200 82298 "-" "Mozilla/5.0 (Windows NT 10.0; Win64; x64) AppleWebKit/537.36 (KHTML, like Gecko) Chrome/122.0.0.0 Safari/537.36 Config/92.2.2788.20"
217.113.194.81 - - [02/Apr/2025:03:44:44 -0400] "GET /unveiling-the-charm-of-rainbow-riches-slot/ HTTP/1.1" 200 82333 "-" "Mozilla/5.0 (compatible; Barkrowler/0.9; +https://babbar.tech/crawler)"
217.113.194.73 - - [02/Apr/2025:03:45:02 -0400] "GET /unveiling-the-power-and-versatility-of-desktop-pcs/ HTTP/1.1" 200 82333 "-" "Mozilla/5.0 (compatible; Barkrowler/0.9; +https://babbar.tech/crawler)"
217.113.194.77 - - [02/Apr/2025:03:45:21 -0400] "GET /unveiling-the-truth-behind-buying-youtube-subscribers/ HTTP/1.1" 200 82297 "-" "Mozilla/5.0 (compatible; Barkrowler/0.9; +https://babbar.tech/crawler)"
217.113.194.73 - - [02/Apr/2025:03:45:38 -0400] "GET /prime-investment-opportunities-in-costa-del-sol-real-estate/ HTTP/1.1" 200 82297 "-" "Mozilla/5.0 (compatible; Barkrowler/0.9; +https://babbar.tech/crawler)"
217.113.194.80 - - [02/Apr/2025:03:45:54 -0400] "GET /restoring-brilliance-the-art-of-pressure-washing-your-house/ HTTP/1.1" 200 82297 "-" "Mozilla/5.0 (compatible; Barkrowler/0.9; +https://babbar.tech/crawler)"
217.113.194.79 - - [02/Apr/2025:03:46:10 -0400] "GET /attirer-les-meilleurs-talents-dans-le-secteur-de-la-restauration/ HTTP/1.1" 200 82333 "-" "Mozilla/5.0 (compatible; Barkrowler/0.9; +https://babbar.tech/crawler)"
217.113.194.73 - - [02/Apr/2025:03:46:26 -0400] "GET /mastering-zhu-yuan-a-guide-to-skill-prioritization/ HTTP/1.1" 200 82335 "-" "Mozilla/5.0 (compatible; Barkrowler/0.9; +https://babbar.tech/crawler)"
47.79.120.226 - - [02/Apr/2025:03:46:28 -0400] "GET /assurer-votre-avenir-professionnel-limportance-de-lassurance-professionnelle/ HTTP/1.1" 200 82333 "-" "Mozilla/5.0 (Windows NT 10.0; Win64; x64; rv:123.0) Gecko/20100101 Firefox/123.0 OpenWave/94.4.4504.39"
104.248.118.148 - - [02/Apr/2025:03:46:36 -0400] "GET /wp-login.php HTTP/1.1" 200 1717 "-" "GRequests/0.10"
198.54.114.83 - - [02/Apr/2025:03:46:40 -0400] "POST /wp-cron.php?doing_wp_cron=1743579999.9704558849334716796875 HTTP/1.1" 200 0 "-" "WordPress/6.7.2; https://saamigraphics.com"
104.248.118.148 - - [02/Apr/2025:03:46:38 -0400] "POST /wp-login.php HTTP/1.1" 200 1850 "-" "GRequests/0.10"
217.113.194.79 - - [02/Apr/2025:03:46:43 -0400] "GET /complete-your-space-the-ultimate-full-house-furniture-set/ HTTP/1.1" 200 82333 "-" "Mozilla/5.0 (compatible; Barkrowler/0.9; +https://babbar.tech/crawler)"
217.113.194.77 - - [02/Apr/2025:03:41:00 -0400] "GET /the-unveiling-of-elle-brooke-a-talented-journey/ HTTP/1.1" 200 82297 "-" "Mozilla/5.0 (compatible; Barkrowler/0.9; +https://babbar.tech/crawler)"
160.187.22.25 - - [02/Apr/2025:03:41:05 -0400] "GET /wp-login.php HTTP/1.1" 200 1717 "-" "GRequests/0.10"
160.187.22.25 - - [02/Apr/2025:03:41:06 -0400] "POST /wp-login.php HTTP/1.1" 200 1849 "-" "GRequests/0.10"
217.113.194.81 - - [02/Apr/2025:03:41:18 -0400] "GET /the-risks-and-realities-of-buying-youtube-subscribers/ HTTP/1.1" 200 82297 "-" "Mozilla/5.0 (compatible; Barkrowler/0.9; +https://babbar.tech/crawler)"
217.113.194.73 - - [02/Apr/2025:03:41:35 -0400] "GET /cherished-memories-the-allure-of-custom-pet-portraits/ HTTP/1.1" 200 82297 "-" "Mozilla/5.0 (compatible; Barkrowler/0.9; +https://babbar.tech/crawler)"
217.113.194.72 - - [02/Apr/2025:03:41:52 -0400] "GET /feel-the-comfort-in-feet-with-the-patient-socks/ HTTP/1.1" 200 82333 "-" "Mozilla/5.0 (compatible; Barkrowler/0.9; +https://babbar.tech/crawler)"
217.113.194.77 - - [02/Apr/2025:03:42:08 -0400] "GET /dad-jokes-might-actually-be-good-for-kids/ HTTP/1.1" 200 82333 "-" "Mozilla/5.0 (compatible; Barkrowler/0.9; +https://babbar.tech/crawler)"
217.113.194.75 - - [02/Apr/2025:03:42:26 -0400] "GET /osteopathy-a-holistic-approach-to-health-in-dubai/ HTTP/1.1" 200 82298 "-" "Mozilla/5.0 (compatible; Barkrowler/0.9; +https://babbar.tech/crawler)"
154.54.249.200 - - [02/Apr/2025:03:42:42 -0400] "GET /die-rolle-eines-scheidungsanwalts-in-hattingen/ HTTP/1.1" 200 82297 "-" "Mozilla/5.0 (compatible; Barkrowler/0.9; +https://babbar.tech/crawler)"
217.113.194.79 - - [02/Apr/2025:03:42:59 -0400] "GET /navigating-the-digital-dice-unveiling-the-world-of-online-gambling/ HTTP/1.1" 200 82297 "-" "Mozilla/5.0 (compatible; Barkrowler/0.9; +https://babbar.tech/crawler)"
198.54.114.83 - - [02/Apr/2025:03:46:44 -0400] "POST /wp-admin/admin-ajax.php?action=async_litespeed&nonce=wwwwv73WQZT88Mv5WdsTlK9joZCN1qyb&litespeed_type=imgoptm HTTP/1.1" 200 0 "-" "WordPress/6.7.2; https://saamigraphics.com"
217.113.194.81 - - [02/Apr/2025:03:46:59 -0400] "GET /entreprise-disolation-a-geneve-excellence-et-durabilite/ HTTP/1.1" 200 82333 "-" "Mozilla/5.0 (compatible; Barkrowler/0.9; +https://babbar.tech/crawler)"
84.246.210.111 - - [02/Apr/2025:03:47:06 -0400] "GET /wp-login.php HTTP/1.1" 200 1717 "-" "Mozilla/5.0 (Windows NT 10.0; Win64; x64; rv:82.0) Gecko/20100101 Firefox/82.0"
217.113.194.72 - - [02/Apr/2025:03:47:15 -0400] "GET /kraft-der-bewegtbildanimation-eine-kreative-revolution/ HTTP/1.1" 200 82247 "-" "Mozilla/5.0 (compatible; Barkrowler/0.9; +https://babbar.tech/crawler)"
217.113.194.74 - - [02/Apr/2025:03:47:32 -0400] "GET /caregiver-jobs-are-a-huge-part-of-the-workforce/ HTTP/1.1" 200 82297 "-" "Mozilla/5.0 (compatible; Barkrowler/0.9; +https://babbar.tech/crawler)"
217.113.194.77 - - [02/Apr/2025:03:47:48 -0400] "GET /the-importance-of-having-an-oui-lawyer-on-your-side/ HTTP/1.1" 200 82297 "-" "Mozilla/5.0 (compatible; Barkrowler/0.9; +https://babbar.tech/crawler)"
51.222.253.15 - - [02/Apr/2025:03:47:48 -0400] "GET /sole-s77-treadmill-review/ HTTP/1.1" 200 82333 "-" "Mozilla/5.0 (compatible; AhrefsBot/7.0; +http://ahrefs.com/robot/)"
217.113.194.74 - - [02/Apr/2025:03:48:04 -0400] "GET /the-importance-of-advertising-materials-in-modern-marketing/feed/ HTTP/1.1" 200 82297 "-" "Mozilla/5.0 (compatible; Barkrowler/0.9; +https://babbar.tech/crawler)"
217.113.194.79 - - [02/Apr/2025:03:48:21 -0400] "GET /la-beaute-emblematique-de-lenseigne-lumineuse-de-geneve/ HTTP/1.1" 200 82297 "-" "Mozilla/5.0 (compatible; Barkrowler/0.9; +https://babbar.tech/crawler)"
217.113.194.76 - - [02/Apr/2025:03:48:37 -0400] "GET /neugestaltung-von-center-parcs-ostdeutschland/ HTTP/1.1" 200 82297 "-" "Mozilla/5.0 (compatible; Barkrowler/0.9; +https://babbar.tech/crawler)"
217.113.194.79 - - [02/Apr/2025:03:48:54 -0400] "GET /what-you-should-know-about-a-fire-fighting-water-nozzle/ HTTP/1.1" 200 82389 "-" "Mozilla/5.0 (compatible; Barkrowler/0.9; +https://babbar.tech/crawler)"
217.113.194.81 - - [02/Apr/2025:03:49:10 -0400] "GET /exploring-omnigenceam-a-comprehensive-overview/ HTTP/1.1" 200 82297 "-" "Mozilla/5.0 (compatible; Barkrowler/0.9; +https://babbar.tech/crawler)"
217.113.194.73 - - [02/Apr/2025:03:49:27 -0400] "GET /exploring-omnigenceam-a-comprehensive-overview/feed/ HTTP/1.1" 200 82297 "-" "Mozilla/5.0 (compatible; Barkrowler/0.9; +https://babbar.tech/crawler)"
217.113.194.81 - - [02/Apr/2025:03:49:46 -0400] "GET /exploring-udon-thani-with-convenient-car-rentals/feed/ HTTP/1.1" 200 82333 "-" "Mozilla/5.0 (compatible; Barkrowler/0.9; +https://babbar.tech/crawler)"
217.113.194.73 - - [02/Apr/2025:03:50:04 -0400] "GET /step-into-joy-exploring-fun-with-feet-website-reviews/ HTTP/1.1" 200 82297 "-" "Mozilla/5.0 (compatible; Barkrowler/0.9; +https://babbar.tech/crawler)"
58.254.68.93 - - [02/Apr/2025:03:50:07 -0400] "GET /uk-cbd-shop-review/ HTTP/1.1" 200 82333 "https://saamigraphics.com" "Mozilla/5.0 (Windows NT 10.0; Win64; x64) AppleWebKit/537.36 (KHTML, like Gecko) Chrome/62.0.3202.94 Safari/537.36"
217.113.194.72 - - [02/Apr/2025:03:50:22 -0400] "GET /junior-mma-gloves-essential-gear-for-young-fighters/feed/ HTTP/1.1" 200 82333 "-" "Mozilla/5.0 (compatible; Barkrowler/0.9; +https://babbar.tech/crawler)"
47.82.25.128 - - [02/Apr/2025:03:50:32 -0400] "GET /humastogel/ HTTP/1.1" 200 82333 "-" "Mozilla/5.0 (Windows NT 10.0; Win64; x64) AppleWebKit/537.36 (KHTML, like Gecko) Chrome/121.0.0.0 Safari/537.36 Edg/121.0.0.0"
217.113.194.77 - - [02/Apr/2025:03:50:39 -0400] "GET /junior-mma-gloves-essential-gear-for-young-fighters/ HTTP/1.1" 200 82297 "-" "Mozilla/5.0 (compatible; Barkrowler/0.9; +https://babbar.tech/crawler)"
217.113.194.76 - - [02/Apr/2025:03:50:57 -0400] "GET /so-reinigen-sie-silberketten-und-halsketten/ HTTP/1.1" 200 82297 "-" "Mozilla/5.0 (compatible; Barkrowler/0.9; +https://babbar.tech/crawler)"
47.82.15.80 - - [02/Apr/2025:03:50:59 -0400] "GET /2023/09/ HTTP/1.1" 200 82297 "-" "Mozilla/5.0 (iPhone; CPU iPhone OS 17_0_3 like Mac OS X) AppleWebKit/605.1.15 (KHTML, like Gecko) Version/17.0.3 Mobile/15E148 Safari/604.1 RDDocuments/8.7.2.978"
51.222.253.18 - - [02/Apr/2025:03:51:01 -0400] "GET /northern-colorados-leading-contractors/ HTTP/1.1" 200 82297 "-" "Mozilla/5.0 (compatible; AhrefsBot/7.0; +http://ahrefs.com/robot/)"
217.113.194.74 - - [02/Apr/2025:03:51:13 -0400] "GET /10-critical-questions-to-ask-before-hiring-a-consultant/ HTTP/1.1" 200 82333 "-" "Mozilla/5.0 (compatible; Barkrowler/0.9; +https://babbar.tech/crawler)"
217.113.194.72 - - [02/Apr/2025:03:51:30 -0400] "GET /des-paris-en-ligne-entre-excitation-et-responsabilite/ HTTP/1.1" 200 82297 "-" "Mozilla/5.0 (compatible; Barkrowler/0.9; +https://babbar.tech/crawler)"
3.144.92.105 - - [02/Apr/2025:03:51:45 -0400] "GET /robots.txt HTTP/1.1" 200 82297 "-" "Mozilla/5.0 AppleWebKit/537.36 (KHTML, like Gecko; compatible; ClaudeBot/1.0; +claudebot@anthropic.com)"
3.144.92.105 - - [02/Apr/2025:03:51:46 -0400] "GET /streamlining-communication-channels HTTP/1.1" 200 82297 "-" "Mozilla/5.0 AppleWebKit/537.36 (KHTML, like Gecko; compatible; ClaudeBot/1.0; +claudebot@anthropic.com)"
217.113.194.72 - - [02/Apr/2025:03:51:47 -0400] "GET /comprehensive-guide-to-anyone-protocol-staking-dashboard/ HTTP/1.1" 200 82333 "-" "Mozilla/5.0 (compatible; Barkrowler/0.9; +https://babbar.tech/crawler)"
217.113.194.73 - - [02/Apr/2025:03:52:04 -0400] "GET /infusion-anti-nausees-un-remede-naturel-efficace/ HTTP/1.1" 200 82333 "-" "Mozilla/5.0 (compatible; Barkrowler/0.9; +https://babbar.tech/crawler)"
154.54.249.200 - - [02/Apr/2025:03:52:20 -0400] "GET /oppein-canada-revolutionizing-kitchen-and-home-design/ HTTP/1.1" 200 82333 "-" "Mozilla/5.0 (compatible; Barkrowler/0.9; +https://babbar.tech/crawler)"
217.113.194.76 - - [02/Apr/2025:03:52:36 -0400] "GET /experiencing-luxury-a-tour-of-ardor-residence-showflat/feed/ HTTP/1.1" 200 82297 "-" "Mozilla/5.0 (compatible; Barkrowler/0.9; +https://babbar.tech/crawler)"
217.113.194.77 - - [02/Apr/2025:03:52:53 -0400] "GET /la-revolution-du-jeu-en-ligne-lascension-de-1xbet/ HTTP/1.1" 200 82298 "-" "Mozilla/5.0 (compatible; Barkrowler/0.9; +https://babbar.tech/crawler)"
114.119.155.250 - - [02/Apr/2025:03:53:01 -0400] "GET /robots.txt HTTP/1.1" 200 82297 "-" "Mozilla/5.0 (compatible;PetalBot;+https://webmaster.petalsearch.com/site/petalbot)"
