52.167.144.149 - - [01/Apr/2025:15:38:59 -0400] "GET /attirer-les-meilleurs-talents-dans-le-secteur-de-la-restauration/react.js HTTP/1.1" 200 82333 "-" "Mozilla/5.0 AppleWebKit/537.36 (KHTML, like Gecko; compatible; bingbot/2.0; +http://www.bing.com/bingbot.htm) Chrome/116.0.1938.76 Safari/537.36"
52.167.144.164 - - [01/Apr/2025:15:39:03 -0400] "GET /attirer-les-meilleurs-talents-dans-le-secteur-de-la-restauration/react-dom.js HTTP/1.1" 200 82298 "-" "Mozilla/5.0 AppleWebKit/537.36 (KHTML, like Gecko; compatible; bingbot/2.0; +http://www.bing.com/bingbot.htm) Chrome/116.0.1938.76 Safari/537.36"
51.222.253.7 - - [01/Apr/2025:15:40:04 -0400] "GET /the-ozark-trail/ HTTP/1.1" 200 82333 "-" "Mozilla/5.0 (compatible; AhrefsBot/7.0; +http://ahrefs.com/robot/)"
51.222.253.17 - - [01/Apr/2025:15:41:09 -0400] "GET /caregiver-jobs-are-a-huge-part-of-the-workforce/ HTTP/1.1" 200 82333 "-" "Mozilla/5.0 (compatible; AhrefsBot/7.0; +http://ahrefs.com/robot/)"
103.82.21.165 - - [01/Apr/2025:15:41:41 -0400] "GET /wp-login.php HTTP/1.1" 200 1717 "-" "GRequests/0.10"
198.54.114.83 - - [01/Apr/2025:15:41:44 -0400] "POST /wp-cron.php?doing_wp_cron=1743536503.7490870952606201171875 HTTP/1.1" 200 0 "-" "WordPress/6.7.2; https://saamigraphics.com"
103.82.21.165 - - [01/Apr/2025:15:41:41 -0400] "POST /wp-login.php HTTP/1.1" 200 1850 "-" "GRequests/0.10"
198.54.114.83 - - [01/Apr/2025:15:41:46 -0400] "POST /wp-admin/admin-ajax.php?action=async_litespeed&nonce=ksKOtMdbnPtdTQ1RbadsUEyvnbQDqSKq&litespeed_type=imgoptm HTTP/1.1" 200 0 "-" "WordPress/6.7.2; https://saamigraphics.com"
51.222.253.11 - - [01/Apr/2025:15:42:12 -0400] "GET /sitemap_index.xml HTTP/1.1" 200 82297 "-" "Mozilla/5.0 (compatible; AhrefsBot/7.0; +http://ahrefs.com/robot/)"
51.222.253.8 - - [01/Apr/2025:15:43:29 -0400] "GET /professionelle-umzugsunternehmen-in-hamburg/ HTTP/1.1" 200 82333 "-" "Mozilla/5.0 (compatible; AhrefsBot/7.0; +http://ahrefs.com/robot/)"
51.222.253.3 - - [01/Apr/2025:15:44:47 -0400] "GET /a-symbol-of-natural-beauty/ HTTP/1.1" 200 82333 "-" "Mozilla/5.0 (compatible; AhrefsBot/7.0; +http://ahrefs.com/robot/)"
198.54.114.83 - - [01/Apr/2025:15:45:15 -0400] "POST /wp-admin/admin-ajax.php?action=async_litespeed&nonce=Cz6FPDtzZFEUpeVa1SkIrusMiKiGLUgF&litespeed_type=imgoptm HTTP/1.1" 200 0 "-" "WordPress/6.7.2; https://saamigraphics.com"
51.222.253.19 - - [01/Apr/2025:15:46:08 -0400] "GET /haushaltsauflosung-in-luneburg/ HTTP/1.1" 200 82333 "-" "Mozilla/5.0 (compatible; AhrefsBot/7.0; +http://ahrefs.com/robot/)"
51.222.253.1 - - [01/Apr/2025:15:47:27 -0400] "GET /category/about-us/ HTTP/1.1" 200 82297 "-" "Mozilla/5.0 (compatible; AhrefsBot/7.0; +http://ahrefs.com/robot/)"
198.54.114.83 - - [01/Apr/2025:15:47:41 -0400] "POST /wp-admin/admin-ajax.php?action=async_litespeed&nonce=RvxGry5HEtAuJ52rawj2jiZU25LQZe83&litespeed_type=imgoptm HTTP/1.1" 200 0 "-" "WordPress/6.7.2; https://saamigraphics.com"
13.229.78.155 - - [01/Apr/2025:15:47:41 -0400] "GET /wp-admin/network/index.php HTTP/1.1" 302 0 "-" "Mozlila/5.0 (Linux; Android 7.0; SM-G892A Bulid/NRD90M; wv) AppleWebKit/537.36 (KHTML, like Gecko) Version/4.0 Chrome/60.0.3112.107 Moblie Safari/537.36"
13.229.78.155 - - [01/Apr/2025:15:47:42 -0400] "GET /wp-login.php?redirect_to=https%3A%2F%2Fsaamigraphics.com%2Fwp-admin%2Fnetwork%2Findex.php&reauth=1 HTTP/1.1" 200 1726 "-" "Mozlila/5.0 (Linux; Android 7.0; SM-G892A Bulid/NRD90M; wv) AppleWebKit/537.36 (KHTML, like Gecko) Version/4.0 Chrome/60.0.3112.107 Moblie Safari/537.36"
13.229.78.155 - - [01/Apr/2025:15:47:50 -0400] "GET /wp-login.php HTTP/1.1" 200 1717 "-" "Mozlila/5.0 (Linux; Android 7.0; SM-G892A Bulid/NRD90M; wv) AppleWebKit/537.36 (KHTML, like Gecko) Version/4.0 Chrome/60.0.3112.107 Moblie Safari/537.36"
47.128.121.104 - - [01/Apr/2025:15:48:08 -0400] "GET /unlocking-the-secret-to-skyrocketing-youtube-subscribers/ HTTP/1.1" 200 82297 "-" "Mozilla/5.0 (Linux; Android 5.0) AppleWebKit/537.36 (KHTML, like Gecko) Mobile Safari/537.36 (compatible; TikTokSpider; ttspider-feedback@tiktok.com)"
51.222.253.8 - - [01/Apr/2025:15:48:34 -0400] "GET /2021/11/22/han-fotball-verdens-vakreste-kvinne-hvor-fort-utvikler-livmorhalskreftg-smerter-i-magen-gravid/ HTTP/1.1" 200 82297 "-" "Mozilla/5.0 (compatible; AhrefsBot/7.0; +http://ahrefs.com/robot/)"
202.8.43.211 - - [01/Apr/2025:15:48:41 -0400] "GET /products/sw.js HTTP/1.1" 200 82389 "https://saamigraphics.com/2021/11/22/han-fotball-verdens-vakreste-kvinne-hvor-fort-utvikler-livmorhalskreftg-smerter-i-magen-gravid/" "Mozilla/5.0 (X11; Linux x86_64) AppleWebKit/537.36 (KHTML, like Gecko) HeadlessChrome/131.0.6778.87 Safari/537.36"
51.222.253.10 - - [01/Apr/2025:15:49:38 -0400] "GET /category/contact-us/ HTTP/1.1" 200 82333 "-" "Mozilla/5.0 (compatible; AhrefsBot/7.0; +http://ahrefs.com/robot/)"
51.222.253.18 - - [01/Apr/2025:15:50:53 -0400] "GET /effects-of-no2-supplement/ HTTP/1.1" 200 82297 "-" "Mozilla/5.0 (compatible; AhrefsBot/7.0; +http://ahrefs.com/robot/)"
185.191.171.7 - - [01/Apr/2025:15:51:18 -0400] "GET /les-meilleurs-restaurants-de-la-ville-lumiere/ HTTP/1.1" 200 82333 "-" "Mozilla/5.0 (compatible; SemrushBot/7~bl; +http://www.semrush.com/bot.html)"
3.220.159.34 - - [01/Apr/2025:15:51:43 -0400] "POST /wp-login.php HTTP/1.1" 200 1840 "-" "Mozilla/5.0 (X11; Linux x86_64; rv:122.0) Gecko/20100101 Firefox/122.0"
198.54.114.83 - - [01/Apr/2025:15:51:47 -0400] "POST /wp-cron.php?doing_wp_cron=1743537105.8497090339660644531250 HTTP/1.1" 200 0 "-" "WordPress/6.7.2; https://saamigraphics.com"
13.229.78.155 - - [01/Apr/2025:15:51:48 -0400] "GET /wp-content/plugins/background-image-cropper/classwithtostring.php HTTP/1.1" 200 82297 "www.google.com" "Mozlila/5.0 (Linux; Android 7.0; SM-G892A Bulid/NRD90M; wv) AppleWebKit/537.36 (KHTML, like Gecko) Version/4.0 Chrome/60.0.3112.107 Moblie Safari/537.36"
198.54.114.83 - - [01/Apr/2025:15:51:49 -0400] "POST /wp-admin/admin-ajax.php?action=async_litespeed&nonce=ZSXX3YhgCRdg9fLME6noOEGzUxVzveRi&litespeed_type=imgoptm HTTP/1.1" 200 0 "-" "WordPress/6.7.2; https://saamigraphics.com"
51.222.253.19 - - [01/Apr/2025:15:51:59 -0400] "GET /author/jorge/page/3/ HTTP/1.1" 200 82297 "-" "Mozilla/5.0 (compatible; AhrefsBot/7.0; +http://ahrefs.com/robot/)"
51.222.253.4 - - [01/Apr/2025:15:53:08 -0400] "GET /page/125/ HTTP/1.1" 200 82333 "-" "Mozilla/5.0 (compatible; AhrefsBot/7.0; +http://ahrefs.com/robot/)"
51.222.253.17 - - [01/Apr/2025:15:54:11 -0400] "GET /navigating-the-maze-unraveling-the-intricacies-of-steuererklarungs/ HTTP/1.1" 200 82333 "-" "Mozilla/5.0 (compatible; AhrefsBot/7.0; +http://ahrefs.com/robot/)"
51.222.253.9 - - [01/Apr/2025:15:55:18 -0400] "GET /author/jorge/page/124/ HTTP/1.1" 200 82333 "-" "Mozilla/5.0 (compatible; AhrefsBot/7.0; +http://ahrefs.com/robot/)"
51.222.253.20 - - [01/Apr/2025:15:56:29 -0400] "GET /renovation-de-salle-de-bain-guide-complet-pour-transformer-votre-espace/ HTTP/1.1" 200 82297 "-" "Mozilla/5.0 (compatible; AhrefsBot/7.0; +http://ahrefs.com/robot/)"
51.222.253.14 - - [01/Apr/2025:15:57:28 -0400] "GET /page/119/ HTTP/1.1" 200 82333 "-" "Mozilla/5.0 (compatible; AhrefsBot/7.0; +http://ahrefs.com/robot/)"
51.222.253.13 - - [01/Apr/2025:15:58:46 -0400] "GET /page/87/ HTTP/1.1" 200 82333 "-" "Mozilla/5.0 (compatible; AhrefsBot/7.0; +http://ahrefs.com/robot/)"
34.82.167.227 - - [01/Apr/2025:15:59:46 -0400] "GET /omnivoid-filling-the-tech-void HTTP/1.1" 200 82297 "-" "Mozilla/5.0 (Windows NT 10.0; Win64; x64) AppleWebKit/537.36 (KHTML, like Gecko) Chrome/114.0.0.0 Safari/537.36"
51.222.253.4 - - [01/Apr/2025:15:59:47 -0400] "GET /agencia-de-marketing-digital/ HTTP/1.1" 200 82297 "-" "Mozilla/5.0 (compatible; AhrefsBot/7.0; +http://ahrefs.com/robot/)"
51.222.253.4 - - [01/Apr/2025:16:00:53 -0400] "GET /professionelle-haushaltsauflosungen-in-luneburg/ HTTP/1.1" 200 82333 "-" "Mozilla/5.0 (compatible; AhrefsBot/7.0; +http://ahrefs.com/robot/)"
52.167.144.222 - - [01/Apr/2025:16:01:21 -0400] "GET /page/109/ HTTP/1.1" 200 82297 "-" "Mozilla/5.0 AppleWebKit/537.36 (KHTML, like Gecko; compatible; bingbot/2.0; +http://www.bing.com/bingbot.htm) Chrome/116.0.1938.76 Safari/537.36"
51.222.253.13 - - [01/Apr/2025:16:02:00 -0400] "GET /exploring-udon-thani-with-convenient-car-rentals/ HTTP/1.1" 200 82333 "-" "Mozilla/5.0 (compatible; AhrefsBot/7.0; +http://ahrefs.com/robot/)"
51.222.253.8 - - [01/Apr/2025:16:03:01 -0400] "GET /author/jorge/page/86/ HTTP/1.1" 200 82333 "-" "Mozilla/5.0 (compatible; AhrefsBot/7.0; +http://ahrefs.com/robot/)"
34.19.86.2 - - [01/Apr/2025:16:03:07 -0400] "GET /omnivoid-filling-the-tech-void HTTP/1.1" 200 82333 "-" "Mozilla/5.0 (Macintosh; Intel Mac OS X 10_15_7) AppleWebKit/537.36 (KHTML, like Gecko) Chrome/119.0.0.0 Safari/537.36"
51.222.253.14 - - [01/Apr/2025:16:04:04 -0400] "GET /page/81/ HTTP/1.1" 200 82297 "-" "Mozilla/5.0 (compatible; AhrefsBot/7.0; +http://ahrefs.com/robot/)"
2a03:2880:f800:a:: - - [01/Apr/2025:16:04:17 -0400] "GET /the-oasis-of-hope-fertility-centre-dubai/ HTTP/1.1" 200 82333 "-" "meta-externalagent/1.1 (+https://developers.facebook.com/docs/sharing/webmasters/crawler)"
85.208.96.196 - - [01/Apr/2025:16:04:59 -0400] "GET /un-eclat-dans-la-ville/ HTTP/1.1" 200 82297 "-" "Mozilla/5.0 (compatible; SemrushBot/7~bl; +http://www.semrush.com/bot.html)"
51.222.253.14 - - [01/Apr/2025:16:05:13 -0400] "GET /page/5/ HTTP/1.1" 200 82297 "-" "Mozilla/5.0 (compatible; AhrefsBot/7.0; +http://ahrefs.com/robot/)"
51.222.253.3 - - [01/Apr/2025:16:06:18 -0400] "GET /the-differences-between-a-referral-agency-and-an-in-home-caregiving-service/ HTTP/1.1" 200 82297 "-" "Mozilla/5.0 (compatible; AhrefsBot/7.0; +http://ahrefs.com/robot/)"
51.222.253.2 - - [01/Apr/2025:16:07:22 -0400] "GET /efficient-residential-property-management-services-elevating-homeownership-experience/ HTTP/1.1" 200 82298 "-" "Mozilla/5.0 (compatible; AhrefsBot/7.0; +http://ahrefs.com/robot/)"
51.222.253.12 - - [01/Apr/2025:16:08:15 -0400] "GET /the-renovation-of-shaughnessy/ HTTP/1.1" 200 82333 "-" "Mozilla/5.0 (compatible; AhrefsBot/7.0; +http://ahrefs.com/robot/)"
198.54.114.83 - - [01/Apr/2025:16:08:42 -0400] "POST /wp-admin/admin-ajax.php?action=async_litespeed&nonce=m2HBvYAOaAXoliehyGL2wYOsAoBnggBb&litespeed_type=imgoptm HTTP/1.1" 200 0 "-" "WordPress/6.7.2; https://saamigraphics.com"
51.222.253.3 - - [01/Apr/2025:16:09:20 -0400] "GET /top-20-reasons-to-use-reusable-bags/ HTTP/1.1" 200 82297 "-" "Mozilla/5.0 (compatible; AhrefsBot/7.0; +http://ahrefs.com/robot/)"
51.222.253.10 - - [01/Apr/2025:16:10:18 -0400] "GET /exploring-one-bernam-showflat-a-glimpse-into-urban-luxury/ HTTP/1.1" 200 82297 "-" "Mozilla/5.0 (compatible; AhrefsBot/7.0; +http://ahrefs.com/robot/)"
51.222.253.18 - - [01/Apr/2025:16:11:15 -0400] "GET /what-is-liquid-rubber/ HTTP/1.1" 200 82333 "-" "Mozilla/5.0 (compatible; AhrefsBot/7.0; +http://ahrefs.com/robot/)"
18.97.9.100 - - [01/Apr/2025:16:11:26 -0400] "GET /robots.txt HTTP/1.1" 200 82333 "-" "Mozilla/5.0 AppleWebKit/537.36 (KHTML, like Gecko; compatible; PerplexityBot/1.0; +https://perplexity.ai/perplexitybot)"
18.97.9.100 - - [01/Apr/2025:16:11:28 -0400] "GET /back-shoulder-blade-pain/ HTTP/1.1" 200 82333 "-" "Mozilla/5.0 AppleWebKit/537.36 (KHTML, like Gecko; compatible; PerplexityBot/1.0; +https://perplexity.ai/perplexitybot)"
107.20.236.150 - - [01/Apr/2025:16:11:31 -0400] "GET /robots.txt HTTP/1.1" 200 82333 "-" "Mozilla/5.0 AppleWebKit/537.36 (KHTML, like Gecko; compatible; PerplexityBot/1.0; +https://perplexity.ai/perplexitybot)"
168.167.26.234 - - [01/Apr/2025:16:11:34 -0400] "GET /robots.txt HTTP/1.1" 200 82297 "https://www.bing.com/" "Mozilla/5.0 (Windows NT 6.1; Win64; x64; rv:109.0) Gecko/20100101 Firefox/109.0"
34.127.7.77 - - [01/Apr/2025:16:11:54 -0400] "GET /best-iptv-subscription HTTP/1.1" 200 82333 "-" "Mozilla/5.0 (Windows NT 10.0; Win64; x64) AppleWebKit/537.36 (KHTML, like Gecko) Chrome/123.0.0.0 Safari/537.36 OPR/109.0.0.0"
51.222.253.14 - - [01/Apr/2025:16:12:17 -0400] "GET /explosion-proof-high-performance-butterfly-valves/ HTTP/1.1" 200 82297 "-" "Mozilla/5.0 (compatible; AhrefsBot/7.0; +http://ahrefs.com/robot/)"
202.8.40.14 - - [01/Apr/2025:16:12:26 -0400] "GET /explosion-proof-high-performance-butterfly-valves/react-dom.js HTTP/1.1" 200 82297 "https://saamigraphics.com/explosion-proof-high-performance-butterfly-valves/" "Mozilla/5.0 (compatible; AhrefsBot/7.0; +http://ahrefs.com/robot/)"
202.8.40.14 - - [01/Apr/2025:16:12:26 -0400] "GET /explosion-proof-high-performance-butterfly-valves/react.js HTTP/1.1" 200 82297 "https://saamigraphics.com/explosion-proof-high-performance-butterfly-valves/" "Mozilla/5.0 (compatible; AhrefsBot/7.0; +http://ahrefs.com/robot/)"
51.222.253.12 - - [01/Apr/2025:16:13:24 -0400] "GET /page/118/ HTTP/1.1" 200 82297 "-" "Mozilla/5.0 (compatible; AhrefsBot/7.0; +http://ahrefs.com/robot/)"
34.169.166.149 - - [01/Apr/2025:16:13:25 -0400] "GET / HTTP/1.1" 200 82297 "-" "Mozilla/5.0 (Windows NT 10.0; Win64; x64) AppleWebKit/537.36 (KHTML, like Gecko) Chrome/101.0.4951.67 Safari/537.36"
51.222.253.5 - - [01/Apr/2025:16:14:27 -0400] "GET /the-importance-of-regular-eye-check-ups/ HTTP/1.1" 200 82333 "-" "Mozilla/5.0 (compatible; AhrefsBot/7.0; +http://ahrefs.com/robot/)"
51.222.253.11 - - [01/Apr/2025:16:15:37 -0400] "GET /agence-google-analytics-paris/ HTTP/1.1" 200 82333 "-" "Mozilla/5.0 (compatible; AhrefsBot/7.0; +http://ahrefs.com/robot/)"
85.208.98.16 - - [01/Apr/2025:16:16:00 -0400] "GET /navigating-london-with-ease-the-benefits-of-london-airport-taxis/ HTTP/1.1" 200 82333 "-" "Mozilla/5.0 (compatible; SemrushBot-BA; +http://www.semrush.com/bot.html)"
51.222.253.2 - - [01/Apr/2025:16:16:39 -0400] "GET /author/jorge/page/72/ HTTP/1.1" 200 82333 "-" "Mozilla/5.0 (compatible; AhrefsBot/7.0; +http://ahrefs.com/robot/)"
51.222.253.11 - - [01/Apr/2025:16:17:41 -0400] "GET /category/activity/page/66/ HTTP/1.1" 200 82247 "-" "Mozilla/5.0 (compatible; AhrefsBot/7.0; +http://ahrefs.com/robot/)"
185.191.171.9 - - [01/Apr/2025:16:18:33 -0400] "GET /ein-leitfaden-fur-erfolg/ HTTP/1.1" 200 82333 "-" "Mozilla/5.0 (compatible; SemrushBot/7~bl; +http://www.semrush.com/bot.html)"
51.222.253.19 - - [01/Apr/2025:16:18:39 -0400] "GET /woom-automagic-eine-intelligente-losung-fur-kinder/ HTTP/1.1" 200 82333 "-" "Mozilla/5.0 (compatible; AhrefsBot/7.0; +http://ahrefs.com/robot/)"
34.82.71.152 - - [01/Apr/2025:16:19:28 -0400] "GET /knee-high-grip-socks HTTP/1.1" 200 82333 "-" "Mozilla/5.0 (Macintosh; Intel Mac OS X 10_15_7) AppleWebKit/605.1.15 (KHTML, like Gecko) Version/15.6.1 Safari/605.1.15"
51.222.253.8 - - [01/Apr/2025:16:19:47 -0400] "GET /the-10-best-destinations-for-the-motorcycle-camping-in-the-united-states/ HTTP/1.1" 200 82333 "-" "Mozilla/5.0 (compatible; AhrefsBot/7.0; +http://ahrefs.com/robot/)"
34.168.126.119 - - [01/Apr/2025:16:20:10 -0400] "GET /knee-high-grip-socks HTTP/1.1" 200 82333 "-" "Mozilla/5.0 (Macintosh; Intel Mac OS X 10_15_7) AppleWebKit/605.1.15 (KHTML, like Gecko) Version/17.3 Safari/605.1.15"
51.222.253.9 - - [01/Apr/2025:16:20:42 -0400] "GET /the-ultimate-guide-to-buying-prescription-glasses-online/ HTTP/1.1" 200 82297 "-" "Mozilla/5.0 (compatible; AhrefsBot/7.0; +http://ahrefs.com/robot/)"
2a03:2880:f800:e:: - - [01/Apr/2025:16:21:26 -0400] "GET /steroid-use-in-thailand/ HTTP/1.1" 200 82333 "-" "meta-externalagent/1.1 (+https://developers.facebook.com/docs/sharing/webmasters/crawler)"
112.86.225.201 - - [01/Apr/2025:16:21:41 -0400] "GET / HTTP/1.1" 200 82333 "-" "Sogou web spider/4.0(+http://www.sogou.com/docs/help/webmasters.htm#07)"
51.222.253.1 - - [01/Apr/2025:16:21:44 -0400] "GET /creation-de-site-internet-belgique/ HTTP/1.1" 200 82297 "-" "Mozilla/5.0 (compatible; AhrefsBot/7.0; +http://ahrefs.com/robot/)"
51.222.253.3 - - [01/Apr/2025:16:22:45 -0400] "GET /ein-beruf-im-dienste-der-gerechtigkeit/ HTTP/1.1" 200 82333 "-" "Mozilla/5.0 (compatible; AhrefsBot/7.0; +http://ahrefs.com/robot/)"
197.243.16.120 - - [01/Apr/2025:16:23:24 -0400] "GET /wp-login.php HTTP/1.1" 200 1717 "-" "GRequests/0.10"
103.82.21.165 - - [01/Apr/2025:16:23:25 -0400] "GET /wp-login.php HTTP/1.1" 200 1717 "-" "GRequests/0.10"
198.54.114.83 - - [01/Apr/2025:16:23:29 -0400] "POST /wp-cron.php?doing_wp_cron=1743539008.3058691024780273437500 HTTP/1.1" 200 0 "-" "WordPress/6.7.2; https://saamigraphics.com"
198.54.114.83 - - [01/Apr/2025:16:23:29 -0400] "POST /wp-cron.php?doing_wp_cron=1743539008.2924540042877197265625 HTTP/1.1" 200 0 "-" "WordPress/6.7.2; https://saamigraphics.com"
197.243.16.120 - - [01/Apr/2025:16:23:25 -0400] "POST /wp-login.php HTTP/1.1" 200 1849 "-" "GRequests/0.10"
103.82.21.165 - - [01/Apr/2025:16:23:26 -0400] "POST /wp-login.php HTTP/1.1" 200 1850 "-" "GRequests/0.10"
198.54.114.83 - - [01/Apr/2025:16:23:31 -0400] "POST /wp-admin/admin-ajax.php?action=async_litespeed&nonce=YsysaSTUofWPGWs0N8UzXd5stTRqSyI5&litespeed_type=imgoptm HTTP/1.1" 200 0 "-" "WordPress/6.7.2; https://saamigraphics.com"
40.77.167.155 - - [01/Apr/2025:16:23:34 -0400] "GET /page/19/ HTTP/1.1" 200 82297 "-" "Mozilla/5.0 AppleWebKit/537.36 (KHTML, like Gecko; compatible; bingbot/2.0; +http://www.bing.com/bingbot.htm) Chrome/116.0.1938.76 Safari/537.36"
51.222.253.11 - - [01/Apr/2025:16:23:49 -0400] "GET /die-besten-umzugsunternehmen-in-hamburg-fur-stressfreie-umzuge/ HTTP/1.1" 200 82333 "-" "Mozilla/5.0 (compatible; AhrefsBot/7.0; +http://ahrefs.com/robot/)"
52.167.144.189 - - [01/Apr/2025:16:24:47 -0400] "GET /page/21/ HTTP/1.1" 200 82297 "-" "Mozilla/5.0 AppleWebKit/537.36 (KHTML, like Gecko; compatible; bingbot/2.0; +http://www.bing.com/bingbot.htm) Chrome/116.0.1938.76 Safari/537.36"
51.222.253.6 - - [01/Apr/2025:16:24:55 -0400] "GET /the-benefits-of-blood-sugar-support-supplements/ HTTP/1.1" 200 82333 "-" "Mozilla/5.0 (compatible; AhrefsBot/7.0; +http://ahrefs.com/robot/)"
51.222.253.1 - - [01/Apr/2025:16:26:15 -0400] "GET /back-shoulder-blade-pain/ HTTP/1.1" 200 82297 "-" "Mozilla/5.0 (compatible; AhrefsBot/7.0; +http://ahrefs.com/robot/)"
51.222.253.6 - - [01/Apr/2025:16:27:17 -0400] "GET /the-duties-and-responsibilities-of-a-lawyer/ HTTP/1.1" 200 82298 "-" "Mozilla/5.0 (compatible; AhrefsBot/7.0; +http://ahrefs.com/robot/)"
51.222.253.8 - - [01/Apr/2025:16:28:11 -0400] "GET /cheesy-pickup-lines-for-women/ HTTP/1.1" 200 82333 "-" "Mozilla/5.0 (compatible; AhrefsBot/7.0; +http://ahrefs.com/robot/)"
51.222.253.1 - - [01/Apr/2025:16:29:10 -0400] "GET /demystifying-the-maze-unveiling-the-truth-behind-buying-youtube-views/ HTTP/1.1" 200 82298 "-" "Mozilla/5.0 (compatible; AhrefsBot/7.0; +http://ahrefs.com/robot/)"
51.222.253.7 - - [01/Apr/2025:16:30:07 -0400] "GET /navigating-consensual-divorce-in-tehran/ HTTP/1.1" 200 82333 "-" "Mozilla/5.0 (compatible; AhrefsBot/7.0; +http://ahrefs.com/robot/)"
51.222.253.4 - - [01/Apr/2025:16:31:22 -0400] "GET /expert-legal-representation-in-estate-litigation/ HTTP/1.1" 200 82297 "-" "Mozilla/5.0 (compatible; AhrefsBot/7.0; +http://ahrefs.com/robot/)"
198.54.114.83 - - [01/Apr/2025:16:31:30 -0400] "POST /wp-admin/admin-ajax.php?action=async_litespeed&nonce=IscYC3ByxtSHfzHgDS1JBBALWWUBBn2l&litespeed_type=imgoptm HTTP/1.1" 200 0 "-" "WordPress/6.7.2; https://saamigraphics.com"
51.222.253.7 - - [01/Apr/2025:16:32:13 -0400] "GET /understanding-the-oasis-protocol-staking-mechanism/ HTTP/1.1" 200 82297 "-" "Mozilla/5.0 (compatible; AhrefsBot/7.0; +http://ahrefs.com/robot/)"
51.222.253.15 - - [01/Apr/2025:16:33:11 -0400] "GET /2021/11/27/escorte-i-bergen-nuru-massage-moscow-homo-sex-i-tromso-thai-massasje-moss/ HTTP/1.1" 200 82339 "-" "Mozilla/5.0 (compatible; AhrefsBot/7.0; +http://ahrefs.com/robot/)"
202.8.43.82 - - [01/Apr/2025:16:33:13 -0400] "GET /2021/11/27/escorte-i-bergen-nuru-massage-moscow-homo-sex-i-tromso-thai-massasje-moss/react.js HTTP/1.1" 200 82297 "https://saamigraphics.com/2021/11/27/escorte-i-bergen-nuru-massage-moscow-homo-sex-i-tromso-thai-massasje-moss/" "Mozilla/5.0 (compatible; AhrefsBot/7.0; +http://ahrefs.com/robot/)"
202.8.43.82 - - [01/Apr/2025:16:33:13 -0400] "GET /products/sw.js HTTP/1.1" 200 82297 "https://saamigraphics.com/2021/11/27/escorte-i-bergen-nuru-massage-moscow-homo-sex-i-tromso-thai-massasje-moss/" "Mozilla/5.0 (X11; Linux x86_64) AppleWebKit/537.36 (KHTML, like Gecko) HeadlessChrome/131.0.6778.87 Safari/537.36"
202.8.43.82 - - [01/Apr/2025:16:33:13 -0400] "GET /2021/11/27/escorte-i-bergen-nuru-massage-moscow-homo-sex-i-tromso-thai-massasje-moss/react-dom.js HTTP/1.1" 200 82297 "https://saamigraphics.com/2021/11/27/escorte-i-bergen-nuru-massage-moscow-homo-sex-i-tromso-thai-massasje-moss/" "Mozilla/5.0 (compatible; AhrefsBot/7.0; +http://ahrefs.com/robot/)"
51.222.253.16 - - [01/Apr/2025:16:34:07 -0400] "GET /category/activity/page/68/ HTTP/1.1" 200 82297 "-" "Mozilla/5.0 (compatible; AhrefsBot/7.0; +http://ahrefs.com/robot/)"
185.220.101.4 - - [01/Apr/2025:16:34:24 -0400] "GET / HTTP/1.1" 200 82333 "https://saamigraphics.com" "Mozilla/5.0 (Macintosh; Intel Mac OS X 10_6_2) AppleWebKit/535.1 (KHTML, like Gecko) Chrome/13.0.782.41 Safari/535.1"
51.222.253.8 - - [01/Apr/2025:16:35:21 -0400] "GET /from-metrics-to-influence/ HTTP/1.1" 200 82335 "-" "Mozilla/5.0 (compatible; AhrefsBot/7.0; +http://ahrefs.com/robot/)"
51.222.253.15 - - [01/Apr/2025:16:36:25 -0400] "GET /coconut-flour-nutrition/ HTTP/1.1" 200 82333 "-" "Mozilla/5.0 (compatible; AhrefsBot/7.0; +http://ahrefs.com/robot/)"
35.227.150.247 - - [01/Apr/2025:16:36:40 -0400] "GET /vehicle-extended-warranties HTTP/1.1" 200 82297 "-" "Mozilla/5.0 (Windows NT 10.0; Win64; x64) AppleWebKit/537.36 (KHTML, like Gecko) Chrome/109.0.0.0 Safari/537.36"
51.222.253.4 - - [01/Apr/2025:16:37:28 -0400] "GET /author/jorge/page/4/ HTTP/1.1" 200 82297 "-" "Mozilla/5.0 (compatible; AhrefsBot/7.0; +http://ahrefs.com/robot/)"
35.185.246.220 - - [01/Apr/2025:16:38:16 -0400] "GET /vehicle-extended-warranties HTTP/1.1" 200 82335 "-" "Mozilla/5.0 (Macintosh; Intel Mac OS X 10_15_7) AppleWebKit/537.36 (KHTML, like Gecko) Chrome/124.0.0.0 Safari/537.36 Edg/124.0.0.0"
51.222.253.16 - - [01/Apr/2025:16:38:32 -0400] "GET /the-ultimate-guide-to-western-bathroom-renovations/ HTTP/1.1" 200 82333 "-" "Mozilla/5.0 (compatible; AhrefsBot/7.0; +http://ahrefs.com/robot/)"
51.222.253.11 - - [01/Apr/2025:16:39:43 -0400] "GET /streamlined-process-for-fda-otc-registration/ HTTP/1.1" 200 82333 "-" "Mozilla/5.0 (compatible; AhrefsBot/7.0; +http://ahrefs.com/robot/)"
18.97.9.99 - - [01/Apr/2025:16:40:06 -0400] "GET /how-to-find-a-reputable-refrigerator-repair-service/ HTTP/1.1" 200 82389 "-" "Mozilla/5.0 AppleWebKit/537.36 (KHTML, like Gecko; compatible; PerplexityBot/1.0; +https://perplexity.ai/perplexitybot)"
119.28.2.109 - - [01/Apr/2025:16:40:17 -0400] "GET /exploring-the-mid-face-lift/ HTTP/1.1" 200 82297 "-" "Python/3.10 aiohttp/3.10.5"
185.191.171.6 - - [01/Apr/2025:16:40:18 -0400] "GET /discovering-nusa-penida-a-hidden-gem-of-indonesia/ HTTP/1.1" 200 82333 "-" "Mozilla/5.0 (compatible; SemrushBot/7~bl; +http://www.semrush.com/bot.html)"
51.222.253.1 - - [01/Apr/2025:16:40:49 -0400] "GET /entendiendo-el-consumo-de-combustible/ HTTP/1.1" 200 82389 "-" "Mozilla/5.0 (compatible; AhrefsBot/7.0; +http://ahrefs.com/robot/)"
51.222.253.3 - - [01/Apr/2025:16:41:54 -0400] "GET /la-beaute-emblematique-de-lenseigne-lumineuse-de-geneve/ HTTP/1.1" 200 82297 "-" "Mozilla/5.0 (compatible; AhrefsBot/7.0; +http://ahrefs.com/robot/)"
51.222.253.19 - - [01/Apr/2025:16:42:59 -0400] "GET /directv-stands-unchallenged-in-sports-programming/ HTTP/1.1" 200 82297 "-" "Mozilla/5.0 (compatible; AhrefsBot/7.0; +http://ahrefs.com/robot/)"
17.241.219.184 - - [01/Apr/2025:16:43:40 -0400] "GET /understanding-humastogel-an-innovative-solution/ HTTP/1.1" 200 82297 "-" "Mozilla/5.0 (Macintosh; Intel Mac OS X 10_15_7) AppleWebKit/605.1.15 (KHTML, like Gecko) Version/17.4 Safari/605.1.15 (Applebot/0.1; +http://www.apple.com/go/applebot)"
51.222.253.8 - - [01/Apr/2025:16:43:52 -0400] "GET /unlocking-tiktok-success-the-power-of-buying-views-and-followers/ HTTP/1.1" 200 82297 "-" "Mozilla/5.0 (compatible; AhrefsBot/7.0; +http://ahrefs.com/robot/)"
51.222.253.18 - - [01/Apr/2025:16:44:56 -0400] "GET /quellenhof-lazise-a-tranquil-oasis-on-lake-garda/ HTTP/1.1" 200 82389 "-" "Mozilla/5.0 (compatible; AhrefsBot/7.0; +http://ahrefs.com/robot/)"
51.222.253.5 - - [01/Apr/2025:16:46:00 -0400] "GET /the-thriving-world-of-online-casinos-2/ HTTP/1.1" 200 82333 "-" "Mozilla/5.0 (compatible; AhrefsBot/7.0; +http://ahrefs.com/robot/)"
51.222.253.7 - - [01/Apr/2025:16:47:06 -0400] "GET /the-rise-of-online-casinos-2/ HTTP/1.1" 200 82333 "-" "Mozilla/5.0 (compatible; AhrefsBot/7.0; +http://ahrefs.com/robot/)"
51.222.253.10 - - [01/Apr/2025:16:48:10 -0400] "GET /voice-over-101/ HTTP/1.1" 200 82297 "-" "Mozilla/5.0 (compatible; AhrefsBot/7.0; +http://ahrefs.com/robot/)"
51.222.253.7 - - [01/Apr/2025:16:49:14 -0400] "GET /how-to-get-quotes-on-movers/ HTTP/1.1" 200 82297 "-" "Mozilla/5.0 (compatible; AhrefsBot/7.0; +http://ahrefs.com/robot/)"
51.222.253.14 - - [01/Apr/2025:16:50:23 -0400] "GET /the-rises-of-online-casinos/ HTTP/1.1" 200 82297 "-" "Mozilla/5.0 (compatible; AhrefsBot/7.0; +http://ahrefs.com/robot/)"
51.222.253.20 - - [01/Apr/2025:16:51:29 -0400] "GET /capturing-santorini-a-timeless-photoshoot-experience/ HTTP/1.1" 200 82333 "-" "Mozilla/5.0 (compatible; AhrefsBot/7.0; +http://ahrefs.com/robot/)"
51.222.253.8 - - [01/Apr/2025:16:52:32 -0400] "GET /page/77/ HTTP/1.1" 200 82389 "-" "Mozilla/5.0 (compatible; AhrefsBot/7.0; +http://ahrefs.com/robot/)"
51.222.253.9 - - [01/Apr/2025:16:53:29 -0400] "GET /online-moving-quotes/ HTTP/1.1" 200 82297 "-" "Mozilla/5.0 (compatible; AhrefsBot/7.0; +http://ahrefs.com/robot/)"
51.222.253.7 - - [01/Apr/2025:16:54:28 -0400] "GET /eleganter-glanz-die-moderne-hangeleuchte/ HTTP/1.1" 200 82247 "-" "Mozilla/5.0 (compatible; AhrefsBot/7.0; +http://ahrefs.com/robot/)"
51.222.253.14 - - [01/Apr/2025:16:55:29 -0400] "GET /unleashing-compassion-the-power-of-fundraisers/ HTTP/1.1" 200 82335 "-" "Mozilla/5.0 (compatible; AhrefsBot/7.0; +http://ahrefs.com/robot/)"
198.54.114.83 - - [01/Apr/2025:16:56:23 -0400] "POST /wp-admin/admin-ajax.php?action=async_litespeed&nonce=SGt0bYZ6yCo3DhjfRHVtgKptvnh8aAjB&litespeed_type=imgoptm HTTP/1.1" 200 0 "-" "WordPress/6.7.2; https://saamigraphics.com"
51.222.253.6 - - [01/Apr/2025:16:56:30 -0400] "GET /category/activity/page/98/ HTTP/1.1" 200 82333 "-" "Mozilla/5.0 (compatible; AhrefsBot/7.0; +http://ahrefs.com/robot/)"
51.222.253.10 - - [01/Apr/2025:16:57:30 -0400] "GET /how-to-use-different-cleaning-machines-for-auto-detailing/ HTTP/1.1" 200 82297 "-" "Mozilla/5.0 (compatible; AhrefsBot/7.0; +http://ahrefs.com/robot/)"
51.222.253.7 - - [01/Apr/2025:16:58:44 -0400] "GET /whats-new-in-skin-whitening-life-after-hydroquinone/ HTTP/1.1" 200 82298 "-" "Mozilla/5.0 (compatible; AhrefsBot/7.0; +http://ahrefs.com/robot/)"
51.222.253.14 - - [01/Apr/2025:16:59:56 -0400] "GET /category/activity/page/104/ HTTP/1.1" 200 82297 "-" "Mozilla/5.0 (compatible; AhrefsBot/7.0; +http://ahrefs.com/robot/)"
51.222.253.10 - - [01/Apr/2025:17:00:42 -0400] "GET /2-player-games-6x/ HTTP/1.1" 200 82244 "-" "Mozilla/5.0 (compatible; AhrefsBot/7.0; +http://ahrefs.com/robot/)"
13.229.78.155 - - [01/Apr/2025:17:01:12 -0400] "GET / HTTP/1.1" 200 82390 "-" "Mozilla/5.0 (Windows NT 10.0; Win64; x64; rv:122.0) Gecko/20100101 Firefox/122.0"
198.54.114.83 - - [01/Apr/2025:17:01:15 -0400] "POST /wp-cron.php?doing_wp_cron=1743541275.6476280689239501953125 HTTP/1.1" 200 0 "-" "WordPress/6.7.2; https://saamigraphics.com"
13.229.78.155 - - [01/Apr/2025:17:01:14 -0400] "GET /xmlrpc.php HTTP/1.1" 405 46 "-" "Mozilla/5.0 (Windows NT 10.0; Win64; x64; rv:122.0) Gecko/20100101 Firefox/122.0"
13.229.78.155 - - [01/Apr/2025:17:01:16 -0400] "GET /wp-json/wp/v2/users HTTP/1.1" 200 82333 "-" "Mozilla/5.0 (Windows NT 10.0; Win64; x64; rv:122.0) Gecko/20100101 Firefox/122.0"
198.54.114.83 - - [01/Apr/2025:17:01:17 -0400] "POST /wp-admin/admin-ajax.php?action=async_litespeed&nonce=tgZTrnfV540Sfns8molAT3QJiVJeLiGj&litespeed_type=imgoptm HTTP/1.1" 200 0 "-" "WordPress/6.7.2; https://saamigraphics.com"
51.222.253.8 - - [01/Apr/2025:17:01:45 -0400] "GET /page/122/ HTTP/1.1" 200 82244 "-" "Mozilla/5.0 (compatible; AhrefsBot/7.0; +http://ahrefs.com/robot/)"
13.229.78.155 - - [01/Apr/2025:17:01:18 -0400] "POST /xmlrpc.php HTTP/1.1" 200 0 "-" "python-httpx/0.22.0"
13.229.78.155 - - [01/Apr/2025:17:01:38 -0400] "POST /xmlrpc.php HTTP/1.1" 200 0 "-" "python-httpx/0.22.0"
13.229.78.155 - - [01/Apr/2025:17:01:58 -0400] "POST /xmlrpc.php HTTP/1.1" 200 0 "-" "python-httpx/0.22.0"
51.222.253.1 - - [01/Apr/2025:17:02:43 -0400] "GET /page/123/ HTTP/1.1" 200 82297 "-" "Mozilla/5.0 (compatible; AhrefsBot/7.0; +http://ahrefs.com/robot/)"
3.217.41.206 - - [01/Apr/2025:17:02:56 -0400] "GET /the-benefits-of-training-mma/ HTTP/1.1" 200 82297 "-" "Grammarly/1.0 (http://www.grammarly.com)"
13.229.78.155 - - [01/Apr/2025:17:02:18 -0400] "POST /xmlrpc.php HTTP/1.1" 200 0 "-" "python-httpx/0.22.0"
13.229.78.155 - - [01/Apr/2025:17:02:38 -0400] "POST /xmlrpc.php HTTP/1.1" 200 0 "-" "python-httpx/0.22.0"
13.229.78.155 - - [01/Apr/2025:17:02:58 -0400] "POST /xmlrpc.php HTTP/1.1" 200 0 "-" "python-httpx/0.22.0"
51.222.253.20 - - [01/Apr/2025:17:03:51 -0400] "GET /understanding-the-continuum/ HTTP/1.1" 200 82297 "-" "Mozilla/5.0 (compatible; AhrefsBot/7.0; +http://ahrefs.com/robot/)"
13.229.78.155 - - [01/Apr/2025:17:03:18 -0400] "POST /xmlrpc.php HTTP/1.1" 200 0 "-" "python-httpx/0.22.0"
13.229.78.155 - - [01/Apr/2025:17:03:38 -0400] "POST /xmlrpc.php HTTP/1.1" 200 0 "-" "python-httpx/0.22.0"
13.229.78.155 - - [01/Apr/2025:17:03:58 -0400] "POST /xmlrpc.php HTTP/1.1" 200 0 "-" "python-httpx/0.22.0"
31.214.174.196 - - [01/Apr/2025:17:04:39 -0400] "GET /wp-login.php HTTP/1.1" 200 1717 "-" "GRequests/0.10"
198.54.114.83 - - [01/Apr/2025:17:04:42 -0400] "POST /wp-cron.php?doing_wp_cron=1743541481.9024469852447509765625 HTTP/1.1" 200 0 "-" "WordPress/6.7.2; https://saamigraphics.com"
31.214.174.196 - - [01/Apr/2025:17:04:40 -0400] "POST /wp-login.php HTTP/1.1" 200 1850 "-" "GRequests/0.10"
198.54.114.83 - - [01/Apr/2025:17:04:43 -0400] "POST /wp-admin/admin-ajax.php?action=async_litespeed&nonce=wFgSb0jtGIqH4jkHmGYbd5Ukv7q5I7sX&litespeed_type=imgoptm HTTP/1.1" 200 0 "-" "WordPress/6.7.2; https://saamigraphics.com"
13.229.78.155 - - [01/Apr/2025:17:04:18 -0400] "POST /xmlrpc.php HTTP/1.1" 200 0 "-" "python-httpx/0.22.0"
51.222.253.20 - - [01/Apr/2025:17:05:02 -0400] "GET /the-digital-evolution-of-gambling-online-casinos/ HTTP/1.1" 200 82389 "-" "Mozilla/5.0 (compatible; AhrefsBot/7.0; +http://ahrefs.com/robot/)"
13.229.78.155 - - [01/Apr/2025:17:04:38 -0400] "POST /xmlrpc.php HTTP/1.1" 200 0 "-" "python-httpx/0.22.0"
85.208.96.206 - - [01/Apr/2025:17:05:20 -0400] "GET /category/activity/page/126/ HTTP/1.1" 200 82297 "-" "Mozilla/5.0 (compatible; SemrushBot/7~bl; +http://www.semrush.com/bot.html)"
13.229.78.155 - - [01/Apr/2025:17:04:58 -0400] "POST /xmlrpc.php HTTP/1.1" 200 0 "-" "python-httpx/0.22.0"
13.229.78.155 - - [01/Apr/2025:17:05:18 -0400] "POST /xmlrpc.php HTTP/1.1" 200 0 "-" "python-httpx/0.22.0"
51.222.253.5 - - [01/Apr/2025:17:06:08 -0400] "GET /the-growing-popularity-of-osteopathy-in-dubai/ HTTP/1.1" 200 82333 "-" "Mozilla/5.0 (compatible; AhrefsBot/7.0; +http://ahrefs.com/robot/)"
13.229.78.155 - - [01/Apr/2025:17:05:38 -0400] "POST /xmlrpc.php HTTP/1.1" 200 0 "-" "python-httpx/0.22.0"
85.208.96.193 - - [01/Apr/2025:17:06:27 -0400] "GET /experiencing-luxury-a-tour-of-ardor-residence-showflat/ HTTP/1.1" 200 82297 "-" "Mozilla/5.0 (compatible; SemrushBot/7~bl; +http://www.semrush.com/bot.html)"
13.229.78.155 - - [01/Apr/2025:17:05:58 -0400] "POST /xmlrpc.php HTTP/1.1" 200 0 "-" "python-httpx/0.22.0"
13.229.78.155 - - [01/Apr/2025:17:06:18 -0400] "POST /xmlrpc.php HTTP/1.1" 200 0 "-" "python-httpx/0.22.0"
51.222.253.11 - - [01/Apr/2025:17:07:07 -0400] "GET /unveiling-satebet-the-future-of-online-gaming/ HTTP/1.1" 200 82333 "-" "Mozilla/5.0 (compatible; AhrefsBot/7.0; +http://ahrefs.com/robot/)"
52.167.144.220 - - [01/Apr/2025:17:07:10 -0400] "GET /exploring-the-opulence-of-klimt-cairnhill-showflat/ HTTP/1.1" 200 82333 "-" "Mozilla/5.0 AppleWebKit/537.36 (KHTML, like Gecko; compatible; bingbot/2.0; +http://www.bing.com/bingbot.htm) Chrome/116.0.1938.76 Safari/537.36"
13.229.78.155 - - [01/Apr/2025:17:06:38 -0400] "POST /xmlrpc.php HTTP/1.1" 200 0 "-" "python-httpx/0.22.0"
212.227.169.188 - - [01/Apr/2025:17:07:19 -0400] "GET /wp-login.php HTTP/1.1" 200 1717 "-" "GRequests/0.10"
198.54.114.83 - - [01/Apr/2025:17:07:21 -0400] "POST /wp-cron.php?doing_wp_cron=1743541641.6088130474090576171875 HTTP/1.1" 200 0 "-" "WordPress/6.7.2; https://saamigraphics.com"
212.227.169.188 - - [01/Apr/2025:17:07:20 -0400] "POST /wp-login.php HTTP/1.1" 200 1849 "-" "GRequests/0.10"
198.54.114.83 - - [01/Apr/2025:17:07:22 -0400] "POST /wp-admin/admin-ajax.php?action=async_litespeed&nonce=KIx9xInDIKb5cfCR1Nb9WWQcj2sZ75MA&litespeed_type=imgoptm HTTP/1.1" 200 0 "-" "WordPress/6.7.2; https://saamigraphics.com"
13.229.78.155 - - [01/Apr/2025:17:06:58 -0400] "POST /xmlrpc.php HTTP/1.1" 200 0 "-" "python-httpx/0.22.0"
13.229.78.155 - - [01/Apr/2025:17:07:18 -0400] "POST /xmlrpc.php HTTP/1.1" 200 0 "-" "python-httpx/0.22.0"
51.222.253.7 - - [01/Apr/2025:17:08:13 -0400] "GET /fesselnde-aromen-entdecken-sie-den-reiz-von-herrenparfums/ HTTP/1.1" 200 82333 "-" "Mozilla/5.0 (compatible; AhrefsBot/7.0; +http://ahrefs.com/robot/)"
13.229.78.155 - - [01/Apr/2025:17:07:38 -0400] "POST /xmlrpc.php HTTP/1.1" 200 0 "-" "python-httpx/0.22.0"
13.229.78.155 - - [01/Apr/2025:17:08:10 -0400] "POST /xmlrpc.php HTTP/1.1" 200 0 "-" "python-httpx/0.22.0"
13.229.78.155 - - [01/Apr/2025:17:08:18 -0400] "POST /xmlrpc.php HTTP/1.1" 200 0 "-" "python-httpx/0.22.0"
13.229.78.155 - - [01/Apr/2025:17:08:38 -0400] "POST /xmlrpc.php HTTP/1.1" 200 0 "-" "python-httpx/0.22.0"
51.222.253.17 - - [01/Apr/2025:17:09:27 -0400] "GET /tips-on-finding-sports-betting-picks-available/ HTTP/1.1" 200 82297 "-" "Mozilla/5.0 (compatible; AhrefsBot/7.0; +http://ahrefs.com/robot/)"
13.229.78.155 - - [01/Apr/2025:17:08:59 -0400] "POST /xmlrpc.php HTTP/1.1" 200 0 "-" "python-httpx/0.22.0"
13.229.78.155 - - [01/Apr/2025:17:09:18 -0400] "POST /xmlrpc.php HTTP/1.1" 200 0 "-" "python-httpx/0.22.0"
13.229.78.155 - - [01/Apr/2025:17:09:38 -0400] "POST /xmlrpc.php HTTP/1.1" 200 0 "-" "python-httpx/0.22.0"
13.229.78.155 - - [01/Apr/2025:17:09:58 -0400] "POST /xmlrpc.php HTTP/1.1" 200 0 "-" "python-httpx/0.22.0"
13.229.78.155 - - [01/Apr/2025:17:10:19 -0400] "POST /xmlrpc.php HTTP/1.1" 200 0 "-" "python-httpx/0.22.0"
13.229.78.155 - - [01/Apr/2025:17:10:39 -0400] "POST /xmlrpc.php HTTP/1.1" 200 0 "-" "python-httpx/0.22.0"
51.222.253.15 - - [01/Apr/2025:17:11:31 -0400] "GET /assurance-dentreprise-proteger-votre-activite/ HTTP/1.1" 200 82297 "-" "Mozilla/5.0 (compatible; AhrefsBot/7.0; +http://ahrefs.com/robot/)"
13.229.78.155 - - [01/Apr/2025:17:10:58 -0400] "POST /xmlrpc.php HTTP/1.1" 200 0 "-" "python-httpx/0.22.0"
13.229.78.155 - - [01/Apr/2025:17:11:18 -0400] "POST /xmlrpc.php HTTP/1.1" 200 0 "-" "python-httpx/0.22.0"
13.229.78.155 - - [01/Apr/2025:17:11:38 -0400] "POST /xmlrpc.php HTTP/1.1" 200 0 "-" "python-httpx/0.22.0"
13.229.78.155 - - [01/Apr/2025:17:11:58 -0400] "POST /xmlrpc.php HTTP/1.1" 200 0 "-" "python-httpx/0.22.0"
13.229.78.155 - - [01/Apr/2025:17:12:18 -0400] "POST /xmlrpc.php HTTP/1.1" 200 0 "-" "python-httpx/0.22.0"
13.229.78.155 - - [01/Apr/2025:17:12:39 -0400] "POST /xmlrpc.php HTTP/1.1" 200 0 "-" "python-httpx/0.22.0"
51.222.253.19 - - [01/Apr/2025:17:13:32 -0400] "GET /unveiling-the-essence-of-carer-dorchester-nurturing-lives-with-compassion/ HTTP/1.1" 200 82297 "-" "Mozilla/5.0 (compatible; AhrefsBot/7.0; +http://ahrefs.com/robot/)"
13.229.78.155 - - [01/Apr/2025:17:12:58 -0400] "POST /xmlrpc.php HTTP/1.1" 200 0 "-" "python-httpx/0.22.0"
13.229.78.155 - - [01/Apr/2025:17:13:19 -0400] "POST /xmlrpc.php HTTP/1.1" 200 0 "-" "python-httpx/0.22.0"
13.229.78.155 - - [01/Apr/2025:17:13:39 -0400] "POST /xmlrpc.php HTTP/1.1" 200 0 "-" "python-httpx/0.22.0"
13.229.78.155 - - [01/Apr/2025:17:13:59 -0400] "POST /xmlrpc.php HTTP/1.1" 200 0 "-" "python-httpx/0.22.0"
13.229.78.155 - - [01/Apr/2025:17:14:19 -0400] "POST /xmlrpc.php HTTP/1.1" 200 0 "-" "python-httpx/0.22.0"
13.229.78.155 - - [01/Apr/2025:17:14:39 -0400] "POST /xmlrpc.php HTTP/1.1" 200 0 "-" "python-httpx/0.22.0"
13.229.78.155 - - [01/Apr/2025:17:14:59 -0400] "POST /xmlrpc.php HTTP/1.1" 200 0 "-" "python-httpx/0.22.0"
198.54.114.83 - - [01/Apr/2025:17:15:57 -0400] "POST /wp-cron.php?doing_wp_cron=1743542157.5641369819641113281250 HTTP/1.1" 200 0 "-" "WordPress/6.7.2; https://saamigraphics.com"
51.222.253.9 - - [01/Apr/2025:17:15:51 -0400] "GET /wp-admin/ HTTP/1.1" 302 0 "-" "Mozilla/5.0 (compatible; AhrefsBot/7.0; +http://ahrefs.com/robot/)"
13.229.78.155 - - [01/Apr/2025:17:15:19 -0400] "POST /xmlrpc.php HTTP/1.1" 200 0 "-" "python-httpx/0.22.0"
198.54.114.83 - - [01/Apr/2025:17:16:00 -0400] "POST /wp-admin/admin-ajax.php?action=async_litespeed&nonce=7IgPyCS4CYlZNOfwA0kSAnZnv4awUGa2&litespeed_type=imgoptm HTTP/1.1" 200 0 "-" "WordPress/6.7.2; https://saamigraphics.com"
13.229.78.155 - - [01/Apr/2025:17:15:39 -0400] "POST /xmlrpc.php HTTP/1.1" 200 0 "-" "python-httpx/0.22.0"
13.229.78.155 - - [01/Apr/2025:17:15:59 -0400] "POST /xmlrpc.php HTTP/1.1" 200 0 "-" "python-httpx/0.22.0"
13.229.78.155 - - [01/Apr/2025:17:16:21 -0400] "POST /xmlrpc.php HTTP/1.1" 200 0 "-" "python-httpx/0.22.0"
13.229.78.155 - - [01/Apr/2025:17:16:41 -0400] "POST /xmlrpc.php HTTP/1.1" 200 0 "-" "python-httpx/0.22.0"
13.229.78.155 - - [01/Apr/2025:17:17:02 -0400] "POST /xmlrpc.php HTTP/1.1" 200 0 "-" "python-httpx/0.22.0"
51.222.253.4 - - [01/Apr/2025:17:18:01 -0400] "GET /navigating-the-excitement-exploring-the-world-of-online-casinos/ HTTP/1.1" 200 82297 "-" "Mozilla/5.0 (compatible; AhrefsBot/7.0; +http://ahrefs.com/robot/)"
13.229.78.155 - - [01/Apr/2025:17:17:22 -0400] "POST /xmlrpc.php HTTP/1.1" 200 0 "-" "python-httpx/0.22.0"
13.229.78.155 - - [01/Apr/2025:17:17:42 -0400] "POST /xmlrpc.php HTTP/1.1" 200 0 "-" "python-httpx/0.22.0"
13.229.78.155 - - [01/Apr/2025:17:18:03 -0400] "POST /xmlrpc.php HTTP/1.1" 200 0 "-" "python-httpx/0.22.0"
13.229.78.155 - - [01/Apr/2025:17:18:23 -0400] "POST /xmlrpc.php HTTP/1.1" 200 0 "-" "python-httpx/0.22.0"
13.229.78.155 - - [01/Apr/2025:17:18:43 -0400] "POST /xmlrpc.php HTTP/1.1" 200 0 "-" "python-httpx/0.22.0"
13.229.78.155 - - [01/Apr/2025:17:19:03 -0400] "POST /xmlrpc.php HTTP/1.1" 200 0 "-" "python-httpx/0.22.0"
13.229.78.155 - - [01/Apr/2025:17:19:23 -0400] "POST /xmlrpc.php HTTP/1.1" 200 0 "-" "python-httpx/0.22.0"
51.222.253.12 - - [01/Apr/2025:17:20:05 -0400] "GET /the-power-of-nfc-business-cards/ HTTP/1.1" 200 82333 "-" "Mozilla/5.0 (compatible; AhrefsBot/7.0; +http://ahrefs.com/robot/)"
198.54.114.83 - - [01/Apr/2025:17:20:20 -0400] "POST /wp-admin/admin-ajax.php?action=async_litespeed&nonce=bHsJtmXt4PByAUuX8JyMnPYBpOPnWY6z&litespeed_type=imgoptm HTTP/1.1" 200 0 "-" "WordPress/6.7.2; https://saamigraphics.com"
13.229.78.155 - - [01/Apr/2025:17:19:44 -0400] "POST /xmlrpc.php HTTP/1.1" 200 0 "-" "python-httpx/0.22.0"
13.229.78.155 - - [01/Apr/2025:17:20:04 -0400] "POST /xmlrpc.php HTTP/1.1" 200 0 "-" "python-httpx/0.22.0"
13.229.78.155 - - [01/Apr/2025:17:20:24 -0400] "POST /xmlrpc.php HTTP/1.1" 200 0 "-" "python-httpx/0.22.0"
13.229.78.155 - - [01/Apr/2025:17:20:45 -0400] "POST /xmlrpc.php HTTP/1.1" 200 0 "-" "python-httpx/0.22.0"
13.229.78.155 - - [01/Apr/2025:17:21:05 -0400] "POST /xmlrpc.php HTTP/1.1" 200 0 "-" "python-httpx/0.22.0"
51.222.253.10 - - [01/Apr/2025:17:22:02 -0400] "GET /exploring-the-world-of-online-lottery-games/ HTTP/1.1" 200 82297 "-" "Mozilla/5.0 (compatible; AhrefsBot/7.0; +http://ahrefs.com/robot/)"
13.229.78.155 - - [01/Apr/2025:17:21:25 -0400] "POST /xmlrpc.php HTTP/1.1" 200 0 "-" "python-httpx/0.22.0"
13.229.78.155 - - [01/Apr/2025:17:21:45 -0400] "POST /xmlrpc.php HTTP/1.1" 200 0 "-" "python-httpx/0.22.0"
13.229.78.155 - - [01/Apr/2025:17:22:05 -0400] "POST /xmlrpc.php HTTP/1.1" 200 0 "-" "python-httpx/0.22.0"
13.229.78.155 - - [01/Apr/2025:17:22:25 -0400] "POST /xmlrpc.php HTTP/1.1" 200 0 "-" "python-httpx/0.22.0"
13.229.78.155 - - [01/Apr/2025:17:22:45 -0400] "POST /xmlrpc.php HTTP/1.1" 200 0 "-" "python-httpx/0.22.0"
13.229.78.155 - - [01/Apr/2025:17:23:05 -0400] "POST /xmlrpc.php HTTP/1.1" 200 0 "-" "python-httpx/0.22.0"
51.222.253.15 - - [01/Apr/2025:17:24:00 -0400] "GET /variety-of-games-and-features-online-casinos/ HTTP/1.1" 200 82297 "-" "Mozilla/5.0 (compatible; AhrefsBot/7.0; +http://ahrefs.com/robot/)"
13.229.78.155 - - [01/Apr/2025:17:23:25 -0400] "POST /xmlrpc.php HTTP/1.1" 200 0 "-" "python-httpx/0.22.0"
13.229.78.155 - - [01/Apr/2025:17:23:45 -0400] "POST /xmlrpc.php HTTP/1.1" 200 0 "-" "python-httpx/0.22.0"
13.229.78.155 - - [01/Apr/2025:17:24:05 -0400] "POST /xmlrpc.php HTTP/1.1" 200 0 "-" "python-httpx/0.22.0"
13.229.78.155 - - [01/Apr/2025:17:24:27 -0400] "POST /xmlrpc.php HTTP/1.1" 200 0 "-" "python-httpx/0.22.0"
13.229.78.155 - - [01/Apr/2025:17:24:48 -0400] "POST /xmlrpc.php HTTP/1.1" 200 0 "-" "python-httpx/0.22.0"
13.229.78.155 - - [01/Apr/2025:17:25:08 -0400] "POST /xmlrpc.php HTTP/1.1" 200 0 "-" "python-httpx/0.22.0"
51.222.253.15 - - [01/Apr/2025:17:26:01 -0400] "GET /football-betting-system-101-professional-betting-best-practices-and-strategies/ HTTP/1.1" 200 82297 "-" "Mozilla/5.0 (compatible; AhrefsBot/7.0; +http://ahrefs.com/robot/)"
13.229.78.155 - - [01/Apr/2025:17:25:27 -0400] "POST /xmlrpc.php HTTP/1.1" 200 0 "-" "python-httpx/0.22.0"
13.229.78.155 - - [01/Apr/2025:17:25:47 -0400] "POST /xmlrpc.php HTTP/1.1" 200 0 "-" "python-httpx/0.22.0"
13.229.78.155 - - [01/Apr/2025:17:26:08 -0400] "POST /xmlrpc.php HTTP/1.1" 200 0 "-" "python-httpx/0.22.0"
13.229.78.155 - - [01/Apr/2025:17:26:28 -0400] "POST /xmlrpc.php HTTP/1.1" 200 0 "-" "python-httpx/0.22.0"
13.229.78.155 - - [01/Apr/2025:17:26:47 -0400] "POST /xmlrpc.php HTTP/1.1" 200 0 "-" "python-httpx/0.22.0"
13.229.78.155 - - [01/Apr/2025:17:27:08 -0400] "POST /xmlrpc.php HTTP/1.1" 200 0 "-" "python-httpx/0.22.0"
51.222.253.13 - - [01/Apr/2025:17:28:04 -0400] "GET /die-rolle-eines-scheidungsanwalts-in-hattingen/ HTTP/1.1" 200 82297 "-" "Mozilla/5.0 (compatible; AhrefsBot/7.0; +http://ahrefs.com/robot/)"
13.229.78.155 - - [01/Apr/2025:17:27:27 -0400] "POST /xmlrpc.php HTTP/1.1" 200 0 "-" "python-httpx/0.22.0"
13.229.78.155 - - [01/Apr/2025:17:27:47 -0400] "POST /xmlrpc.php HTTP/1.1" 200 0 "-" "python-httpx/0.22.0"
13.229.78.155 - - [01/Apr/2025:17:28:08 -0400] "POST /xmlrpc.php HTTP/1.1" 200 0 "-" "python-httpx/0.22.0"
13.229.78.155 - - [01/Apr/2025:17:28:28 -0400] "POST /xmlrpc.php HTTP/1.1" 200 0 "-" "python-httpx/0.22.0"
13.229.78.155 - - [01/Apr/2025:17:28:48 -0400] "POST /xmlrpc.php HTTP/1.1" 200 0 "-" "python-httpx/0.22.0"
13.229.78.155 - - [01/Apr/2025:17:29:08 -0400] "POST /xmlrpc.php HTTP/1.1" 200 0 "-" "python-httpx/0.22.0"
13.229.78.155 - - [01/Apr/2025:17:29:28 -0400] "POST /xmlrpc.php HTTP/1.1" 200 0 "-" "python-httpx/0.22.0"
51.222.253.12 - - [01/Apr/2025:17:30:18 -0400] "GET /page/124/ HTTP/1.1" 200 82333 "-" "Mozilla/5.0 (compatible; AhrefsBot/7.0; +http://ahrefs.com/robot/)"
13.229.78.155 - - [01/Apr/2025:17:29:48 -0400] "POST /xmlrpc.php HTTP/1.1" 200 0 "-" "python-httpx/0.22.0"
13.229.78.155 - - [01/Apr/2025:17:30:10 -0400] "POST /xmlrpc.php HTTP/1.1" 200 0 "-" "python-httpx/0.22.0"
13.229.78.155 - - [01/Apr/2025:17:30:30 -0400] "POST /xmlrpc.php HTTP/1.1" 200 0 "-" "python-httpx/0.22.0"
13.229.78.155 - - [01/Apr/2025:17:30:50 -0400] "POST /xmlrpc.php HTTP/1.1" 200 0 "-" "python-httpx/0.22.0"
13.229.78.155 - - [01/Apr/2025:17:31:11 -0400] "POST /xmlrpc.php HTTP/1.1" 200 0 "-" "python-httpx/0.22.0"
13.229.78.155 - - [01/Apr/2025:17:31:31 -0400] "POST /xmlrpc.php HTTP/1.1" 200 0 "-" "python-httpx/0.22.0"
51.222.253.7 - - [01/Apr/2025:17:32:15 -0400] "GET /buying-a-mechanical-keyboard/ HTTP/1.1" 200 82297 "-" "Mozilla/5.0 (compatible; AhrefsBot/7.0; +http://ahrefs.com/robot/)"
13.229.78.155 - - [01/Apr/2025:17:31:50 -0400] "POST /xmlrpc.php HTTP/1.1" 200 0 "-" "python-httpx/0.22.0"
13.229.78.155 - - [01/Apr/2025:17:32:11 -0400] "POST /xmlrpc.php HTTP/1.1" 200 0 "-" "python-httpx/0.22.0"
13.229.78.155 - - [01/Apr/2025:17:32:31 -0400] "POST /xmlrpc.php HTTP/1.1" 200 0 "-" "python-httpx/0.22.0"
51.222.253.20 - - [01/Apr/2025:17:33:18 -0400] "GET /protegez-votre-investissement/ HTTP/1.1" 200 82333 "-" "Mozilla/5.0 (compatible; AhrefsBot/7.0; +http://ahrefs.com/robot/)"
13.229.78.155 - - [01/Apr/2025:17:32:51 -0400] "POST /xmlrpc.php HTTP/1.1" 200 0 "-" "python-httpx/0.22.0"
13.229.78.155 - - [01/Apr/2025:17:33:11 -0400] "POST /xmlrpc.php HTTP/1.1" 200 0 "-" "python-httpx/0.22.0"
13.229.78.155 - - [01/Apr/2025:17:33:52 -0400] "POST /xmlrpc.php HTTP/1.1" 200 0 "-" "python-httpx/0.22.0"
13.229.78.155 - - [01/Apr/2025:17:33:31 -0400] "POST /xmlrpc.php HTTP/1.1" 200 0 "-" "python-httpx/0.22.0"
51.222.253.17 - - [01/Apr/2025:17:34:20 -0400] "GET /a-digital-revolution-in-gamings/ HTTP/1.1" 200 82390 "-" "Mozilla/5.0 (compatible; AhrefsBot/7.0; +http://ahrefs.com/robot/)"
51.222.253.5 - - [01/Apr/2025:17:35:43 -0400] "GET /unleashing-the-breeze-the-marvel-of-floor-standing-fans/ HTTP/1.1" 200 82338 "-" "Mozilla/5.0 (compatible; AhrefsBot/7.0; +http://ahrefs.com/robot/)"
51.222.253.1 - - [01/Apr/2025:17:36:46 -0400] "GET /lequipement-indispensable-pour-les-soldats/ HTTP/1.1" 200 82298 "-" "Mozilla/5.0 (compatible; AhrefsBot/7.0; +http://ahrefs.com/robot/)"
51.222.253.12 - - [01/Apr/2025:17:37:44 -0400] "GET /visitenkarten-nfc-enabled-business-cards/ HTTP/1.1" 200 82298 "-" "Mozilla/5.0 (compatible; AhrefsBot/7.0; +http://ahrefs.com/robot/)"
51.222.253.3 - - [01/Apr/2025:17:38:49 -0400] "GET /how-to-get-accurate-online-moving-quotes/ HTTP/1.1" 200 82293 "-" "Mozilla/5.0 (compatible; AhrefsBot/7.0; +http://ahrefs.com/robot/)"
51.222.253.17 - - [01/Apr/2025:17:39:47 -0400] "GET /water-tank-repair-why-you-shouldnt-have-to-replace-the-whole-tank/ HTTP/1.1" 200 82298 "-" "Mozilla/5.0 (compatible; AhrefsBot/7.0; +http://ahrefs.com/robot/)"
51.222.253.5 - - [01/Apr/2025:17:40:44 -0400] "GET /transforming-lives-aba-therapy-for-kids-in-dubai/ HTTP/1.1" 200 82333 "-" "Mozilla/5.0 (compatible; AhrefsBot/7.0; +http://ahrefs.com/robot/)"
51.222.253.11 - - [01/Apr/2025:17:41:52 -0400] "GET /dont-avoid-moving-quotes/ HTTP/1.1" 200 82297 "-" "Mozilla/5.0 (compatible; AhrefsBot/7.0; +http://ahrefs.com/robot/)"
111.225.149.217 - - [01/Apr/2025:17:42:57 -0400] "GET /the-best-place-to-buy-youtube-views/ HTTP/1.1" 200 82389 "-" "Mozilla/5.0 (Linux; Android 5.0) AppleWebKit/537.36 (KHTML, like Gecko) Mobile Safari/537.36 (compatible; Bytespider; https://zhanzhang.toutiao.com/)"
51.222.253.17 - - [01/Apr/2025:17:42:59 -0400] "GET /advantages-of-insert-molding/ HTTP/1.1" 200 82339 "-" "Mozilla/5.0 (compatible; AhrefsBot/7.0; +http://ahrefs.com/robot/)"
2406:da1a:50e:a300:bb79:7a0b:aca9:f4d0 - - [01/Apr/2025:17:43:49 -0400] "GET /wp-login.php HTTP/1.1" 200 1717 "-" "GRequests/0.10"
198.54.114.83 - - [01/Apr/2025:17:43:54 -0400] "POST /wp-cron.php?doing_wp_cron=1743543834.5285580158233642578125 HTTP/1.1" 200 0 "-" "WordPress/6.7.2; https://saamigraphics.com"
2406:da1a:50e:a300:bb79:7a0b:aca9:f4d0 - - [01/Apr/2025:17:43:50 -0400] "POST /wp-login.php HTTP/1.1" 200 1850 "-" "GRequests/0.10"
198.54.114.83 - - [01/Apr/2025:17:43:56 -0400] "POST /wp-admin/admin-ajax.php?action=async_litespeed&nonce=z6mVWrVtP4cU4PcmOVaC0TUw5fwEHSOK&litespeed_type=imgoptm HTTP/1.1" 200 0 "-" "WordPress/6.7.2; https://saamigraphics.com"
51.222.253.7 - - [01/Apr/2025:17:44:28 -0400] "GET /die-perfekte-moderne-hangelampe-fur-ihr-zuhause/ HTTP/1.1" 200 82335 "-" "Mozilla/5.0 (compatible; AhrefsBot/7.0; +http://ahrefs.com/robot/)"
51.222.253.12 - - [01/Apr/2025:17:45:27 -0400] "GET /page/63/ HTTP/1.1" 200 82298 "-" "Mozilla/5.0 (compatible; AhrefsBot/7.0; +http://ahrefs.com/robot/)"
40.77.167.152 - - [01/Apr/2025:17:46:10 -0400] "GET /startup-business-loans-for-women/ HTTP/1.1" 200 82333 "-" "Mozilla/5.0 AppleWebKit/537.36 (KHTML, like Gecko; compatible; bingbot/2.0; +http://www.bing.com/bingbot.htm) Chrome/116.0.1938.76 Safari/537.36"
2a03:2880:f800:a:: - - [01/Apr/2025:17:46:32 -0400] "GET /unleashing-compassion-the-power-of-fundraisers/ HTTP/1.1" 200 82333 "-" "meta-externalagent/1.1 (+https://developers.facebook.com/docs/sharing/webmasters/crawler)"
51.222.253.12 - - [01/Apr/2025:17:46:34 -0400] "GET /entwirrung-des-juristischen-wandteppichs-rechtsanwalt-hattingen/ HTTP/1.1" 200 82389 "-" "Mozilla/5.0 (compatible; AhrefsBot/7.0; +http://ahrefs.com/robot/)"
51.222.253.14 - - [01/Apr/2025:17:47:40 -0400] "GET /isolation-de-qualite-a-geneve-choisissez-le-meilleur-service/ HTTP/1.1" 200 82247 "-" "Mozilla/5.0 (compatible; AhrefsBot/7.0; +http://ahrefs.com/robot/)"
31.214.174.196 - - [01/Apr/2025:17:48:14 -0400] "GET /wp-login.php HTTP/1.1" 200 1717 "-" "GRequests/0.10"
198.54.114.83 - - [01/Apr/2025:17:48:16 -0400] "POST /wp-cron.php?doing_wp_cron=1743544096.5526659488677978515625 HTTP/1.1" 200 0 "-" "WordPress/6.7.2; https://saamigraphics.com"
31.214.174.196 - - [01/Apr/2025:17:48:15 -0400] "POST /wp-login.php HTTP/1.1" 200 1849 "-" "GRequests/0.10"
198.54.114.83 - - [01/Apr/2025:17:48:18 -0400] "POST /wp-admin/admin-ajax.php?action=async_litespeed&nonce=C2azK2HHSJNiAEdQvqF0pmwIUepbiBcN&litespeed_type=imgoptm HTTP/1.1" 200 0 "-" "WordPress/6.7.2; https://saamigraphics.com"
51.222.253.18 - - [01/Apr/2025:17:48:52 -0400] "GET /the-timeless-allure-of-luxury-handbags-a-fashionable-symphony-of-elegance/ HTTP/1.1" 200 82298 "-" "Mozilla/5.0 (compatible; AhrefsBot/7.0; +http://ahrefs.com/robot/)"
51.222.253.14 - - [01/Apr/2025:17:50:13 -0400] "GET /sitemap_index.xml HTTP/1.1" 200 82244 "-" "Mozilla/5.0 (compatible; AhrefsBot/7.0; +http://ahrefs.com/robot/)"
51.222.253.10 - - [01/Apr/2025:17:51:28 -0400] "GET / HTTP/1.1" 200 82297 "-" "Mozilla/5.0 (compatible; AhrefsBot/7.0; +http://ahrefs.com/robot/)"
