51.222.253.20 - - [01/Apr/2025:20:23:52 -0400] "GET /category/activity/page/81/ HTTP/1.1" 200 82297 "-" "Mozilla/5.0 (compatible; AhrefsBot/7.0; +http://ahrefs.com/robot/)"
51.222.253.18 - - [01/Apr/2025:20:24:47 -0400] "GET /what-time-does-witch-queen-come-out-in-the-witcher-3-wild-hunt/ HTTP/1.1" 200 82297 "-" "Mozilla/5.0 (compatible; AhrefsBot/7.0; +http://ahrefs.com/robot/)"
51.222.253.7 - - [01/Apr/2025:20:25:36 -0400] "GET /reduire-les-dechets-avec-linnovation-technologique/ HTTP/1.1" 200 82333 "-" "Mozilla/5.0 (compatible; AhrefsBot/7.0; +http://ahrefs.com/robot/)"
51.222.253.17 - - [01/Apr/2025:20:26:33 -0400] "GET /author/jorge/page/66/ HTTP/1.1" 200 82297 "-" "Mozilla/5.0 (compatible; AhrefsBot/7.0; +http://ahrefs.com/robot/)"
51.222.253.5 - - [01/Apr/2025:20:27:35 -0400] "GET /category/activity/page/51/ HTTP/1.1" 200 82333 "-" "Mozilla/5.0 (compatible; AhrefsBot/7.0; +http://ahrefs.com/robot/)"
51.222.253.3 - - [01/Apr/2025:20:28:32 -0400] "GET /unlocking-success-proven-strategies-for-skyrocketing-youtube-views/ HTTP/1.1" 200 82298 "-" "Mozilla/5.0 (compatible; AhrefsBot/7.0; +http://ahrefs.com/robot/)"
2001:41d0:203:83e2:: - - [01/Apr/2025:20:29:44 -0400] "GET /wp-login.php HTTP/1.1" 200 1717 "-" "GRequests/0.10"
51.222.253.20 - - [01/Apr/2025:20:29:46 -0400] "GET /the-power-of-tretinoin/ HTTP/1.1" 200 82247 "-" "Mozilla/5.0 (compatible; AhrefsBot/7.0; +http://ahrefs.com/robot/)"
198.54.114.83 - - [01/Apr/2025:20:29:52 -0400] "POST /wp-cron.php?doing_wp_cron=1743553791.9982659816741943359375 HTTP/1.1" 200 0 "-" "WordPress/6.7.2; https://saamigraphics.com"
2001:41d0:203:83e2:: - - [01/Apr/2025:20:29:45 -0400] "POST /wp-login.php HTTP/1.1" 200 1849 "-" "GRequests/0.10"
198.54.114.83 - - [01/Apr/2025:20:29:55 -0400] "POST /wp-admin/admin-ajax.php?action=async_litespeed&nonce=XEKYBl9yv0z4ZinbvVdVhFTdu10dgZiV&litespeed_type=imgoptm HTTP/1.1" 200 0 "-" "WordPress/6.7.2; https://saamigraphics.com"
185.191.171.19 - - [01/Apr/2025:20:30:14 -0400] "GET /eleganz-und-funktionalitat-in-einem-die-moderne-hangelampe/ HTTP/1.1" 200 82298 "-" "Mozilla/5.0 (compatible; SemrushBot/7~bl; +http://www.semrush.com/bot.html)"
51.222.253.7 - - [01/Apr/2025:20:30:41 -0400] "GET /ritiro-rurale-lultima-fattoria-con-esperienza-spa/ HTTP/1.1" 200 82298 "-" "Mozilla/5.0 (compatible; AhrefsBot/7.0; +http://ahrefs.com/robot/)"
198.54.114.83 - - [01/Apr/2025:20:30:55 -0400] "POST /wp-cron.php?doing_wp_cron=1743553855.3906030654907226562500 HTTP/1.1" 200 0 "-" "WordPress/6.7.2; https://saamigraphics.com"
185.220.101.107 - - [01/Apr/2025:20:30:54 -0400] "POST /xmlrpc.php HTTP/1.1" 200 186 "https://www.google.com/" "Mozilla/5.0 (Windows NT 10.0; WOW64) AppleWebKit/537.36 (KHTML, like Gecko) Chrome/72.0.3626.121 Safari/537.36"
198.54.114.83 - - [01/Apr/2025:20:30:57 -0400] "POST /wp-admin/admin-ajax.php?action=async_litespeed&nonce=JmLXzQP0Wo4mDRMVUd3SOrHFKBe74sWZ&litespeed_type=imgoptm HTTP/1.1" 200 0 "-" "WordPress/6.7.2; https://saamigraphics.com"
51.222.253.12 - - [01/Apr/2025:20:31:35 -0400] "GET /boosting-your-tiktok-presence-the-power-of-buying-tiktok-video-saves/ HTTP/1.1" 200 82297 "-" "Mozilla/5.0 (compatible; AhrefsBot/7.0; +http://ahrefs.com/robot/)"
51.222.253.4 - - [01/Apr/2025:20:32:29 -0400] "GET /der-beste-scheidungsanwalt-in-hattingen-rechtliche-expertise-fur-eine-herausfordernde-zeit/ HTTP/1.1" 200 82297 "-" "Mozilla/5.0 (compatible; AhrefsBot/7.0; +http://ahrefs.com/robot/)"
195.191.219.131 - - [01/Apr/2025:20:33:10 -0400] "GET /robots.txt HTTP/1.1" 200 82298 "-" "Mozilla/5.0 (compatible; MJ12bot/v2.0.0; http://mj12bot.com/)"
195.191.219.131 - - [01/Apr/2025:20:33:11 -0400] "GET / HTTP/1.1" 200 82297 "-" "Mozilla/5.0 (compatible; MJ12bot/v2.0.0; http://mj12bot.com/)"
51.222.253.11 - - [01/Apr/2025:20:33:20 -0400] "GET /the-world-of-wholesale-pool-supplies/ HTTP/1.1" 200 82389 "-" "Mozilla/5.0 (compatible; AhrefsBot/7.0; +http://ahrefs.com/robot/)"
51.222.253.13 - - [01/Apr/2025:20:34:12 -0400] "GET /the-ultimate-typing-game-experience/ HTTP/1.1" 200 82333 "-" "Mozilla/5.0 (compatible; AhrefsBot/7.0; +http://ahrefs.com/robot/)"
198.54.114.83 - - [01/Apr/2025:20:34:50 -0400] "POST /wp-admin/admin-ajax.php?action=async_litespeed&nonce=PK2XoNdzVxdvWchHfkAEnBGNwEh953AY&litespeed_type=imgoptm HTTP/1.1" 200 0 "-" "WordPress/6.7.2; https://saamigraphics.com"
51.222.253.18 - - [01/Apr/2025:20:35:07 -0400] "GET /page/64/ HTTP/1.1" 200 82333 "-" "Mozilla/5.0 (compatible; AhrefsBot/7.0; +http://ahrefs.com/robot/)"
51.222.253.20 - - [01/Apr/2025:20:36:00 -0400] "GET /le-poncho-surfing-allier-confort-et-praticite/ HTTP/1.1" 200 82333 "-" "Mozilla/5.0 (compatible; AhrefsBot/7.0; +http://ahrefs.com/robot/)"
51.222.253.8 - - [01/Apr/2025:20:36:59 -0400] "GET /unraveling-the-pitfalls-of-purchasing-tiktok-views-and-followers/ HTTP/1.1" 200 82247 "-" "Mozilla/5.0 (compatible; AhrefsBot/7.0; +http://ahrefs.com/robot/)"
51.222.253.19 - - [01/Apr/2025:20:37:57 -0400] "GET /category/activity/page/79/ HTTP/1.1" 200 82297 "-" "Mozilla/5.0 (compatible; AhrefsBot/7.0; +http://ahrefs.com/robot/)"
51.222.253.11 - - [01/Apr/2025:20:38:57 -0400] "GET /page/61/ HTTP/1.1" 200 82297 "-" "Mozilla/5.0 (compatible; AhrefsBot/7.0; +http://ahrefs.com/robot/)"
54.197.229.13 - - [01/Apr/2025:20:39:29 -0400] "GET /the-art-of-high-quality-nude-photography/ HTTP/1.1" 200 82333 "-" "Grammarly/1.0 (http://www.grammarly.com)"
51.222.253.12 - - [01/Apr/2025:20:39:46 -0400] "GET /osteopathy-a-holistic-approach-to-health-in-dubai/ HTTP/1.1" 200 82333 "-" "Mozilla/5.0 (compatible; AhrefsBot/7.0; +http://ahrefs.com/robot/)"
51.222.253.14 - - [01/Apr/2025:20:40:33 -0400] "GET /limportance-de-lassurance-professionnelle/ HTTP/1.1" 200 82333 "-" "Mozilla/5.0 (compatible; AhrefsBot/7.0; +http://ahrefs.com/robot/)"
51.222.253.14 - - [01/Apr/2025:20:41:28 -0400] "GET /category/activity/page/36/ HTTP/1.1" 200 82333 "-" "Mozilla/5.0 (compatible; AhrefsBot/7.0; +http://ahrefs.com/robot/)"
192.42.116.180 - - [01/Apr/2025:20:42:15 -0400] "GET / HTTP/1.1" 200 82333 "https://saamigraphics.com" "Mozilla/5.0 (X11; Linux x86_64; rv:60.0) Gecko/20100101 Firefox/60.0.1"
51.222.253.3 - - [01/Apr/2025:20:42:19 -0400] "GET /author/jorge/page/43/ HTTP/1.1" 200 82297 "-" "Mozilla/5.0 (compatible; AhrefsBot/7.0; +http://ahrefs.com/robot/)"
51.222.253.13 - - [01/Apr/2025:20:43:10 -0400] "GET /author/jorge/page/78/ HTTP/1.1" 200 82297 "-" "Mozilla/5.0 (compatible; AhrefsBot/7.0; +http://ahrefs.com/robot/)"
51.222.253.14 - - [01/Apr/2025:20:44:06 -0400] "GET /guia-completa-para-convertidores-de-unidades-de-par/ HTTP/1.1" 200 82389 "-" "Mozilla/5.0 (compatible; AhrefsBot/7.0; +http://ahrefs.com/robot/)"
51.222.253.2 - - [01/Apr/2025:20:44:58 -0400] "GET /category/activity/page/84/ HTTP/1.1" 200 82338 "-" "Mozilla/5.0 (compatible; AhrefsBot/7.0; +http://ahrefs.com/robot/)"
51.222.253.13 - - [01/Apr/2025:20:45:52 -0400] "GET /how-long-does-icloud-backup-take/ HTTP/1.1" 200 82297 "-" "Mozilla/5.0 (compatible; AhrefsBot/7.0; +http://ahrefs.com/robot/)"
185.191.171.16 - - [01/Apr/2025:20:46:04 -0400] "GET /renowned-artisanship-and-heritage/ HTTP/1.1" 200 82297 "-" "Mozilla/5.0 (compatible; SemrushBot/7~bl; +http://www.semrush.com/bot.html)"
3.149.253.136 - - [01/Apr/2025:20:46:25 -0400] "GET /robots.txt HTTP/1.1" 200 82297 "-" "Mozilla/5.0 AppleWebKit/537.36 (KHTML, like Gecko; compatible; ClaudeBot/1.0; +claudebot@anthropic.com)"
3.149.253.136 - - [01/Apr/2025:20:46:26 -0400] "GET /cloudgavel-automated-warrants-for-law-enforcement HTTP/1.1" 200 82298 "-" "Mozilla/5.0 AppleWebKit/537.36 (KHTML, like Gecko; compatible; ClaudeBot/1.0; +claudebot@anthropic.com)"
51.222.253.14 - - [01/Apr/2025:20:46:43 -0400] "GET /exploring-sora-showflat-a-glimpse-into-modern-living/ HTTP/1.1" 200 82297 "-" "Mozilla/5.0 (compatible; AhrefsBot/7.0; +http://ahrefs.com/robot/)"
51.222.253.3 - - [01/Apr/2025:20:47:39 -0400] "GET /orchard-sophia-developer-a-reimagination-of-your-urban-sanctuary/ HTTP/1.1" 200 82297 "-" "Mozilla/5.0 (compatible; AhrefsBot/7.0; +http://ahrefs.com/robot/)"
51.222.253.15 - - [01/Apr/2025:20:48:29 -0400] "GET /category/activity/page/86/ HTTP/1.1" 200 82333 "-" "Mozilla/5.0 (compatible; AhrefsBot/7.0; +http://ahrefs.com/robot/)"
51.222.253.7 - - [01/Apr/2025:20:49:24 -0400] "GET /convenience-and-efficiency/ HTTP/1.1" 200 82297 "-" "Mozilla/5.0 (compatible; AhrefsBot/7.0; +http://ahrefs.com/robot/)"
51.222.253.18 - - [01/Apr/2025:20:50:17 -0400] "GET /page/76/ HTTP/1.1" 200 82333 "-" "Mozilla/5.0 (compatible; AhrefsBot/7.0; +http://ahrefs.com/robot/)"
34.83.238.29 - - [01/Apr/2025:20:50:59 -0400] "GET /the-power-of-nfc-business-cards/ HTTP/1.1" 200 82297 "-" "Mozilla/5.0 (Windows NT 10.0; Win64; x64) AppleWebKit/537.36 (KHTML, like Gecko) Chrome/123.0.0.0 Safari/537.36"
51.222.253.3 - - [01/Apr/2025:20:51:16 -0400] "GET /a-guide-to-responsible-borrowing/ HTTP/1.1" 200 82389 "-" "Mozilla/5.0 (compatible; AhrefsBot/7.0; +http://ahrefs.com/robot/)"
51.222.253.5 - - [01/Apr/2025:20:52:12 -0400] "GET /a-new-era-of-gambling/ HTTP/1.1" 200 82297 "-" "Mozilla/5.0 (compatible; AhrefsBot/7.0; +http://ahrefs.com/robot/)"
51.222.253.13 - - [01/Apr/2025:20:53:12 -0400] "GET /key-insights-and-regulations/ HTTP/1.1" 200 82297 "-" "Mozilla/5.0 (compatible; AhrefsBot/7.0; +http://ahrefs.com/robot/)"
51.222.253.13 - - [01/Apr/2025:20:54:02 -0400] "GET /transformando-la-eficiencia-conversores-de-unidades-de-consumo-de-combustible/ HTTP/1.1" 200 82333 "-" "Mozilla/5.0 (compatible; AhrefsBot/7.0; +http://ahrefs.com/robot/)"
51.222.253.19 - - [01/Apr/2025:20:54:54 -0400] "GET /author/jorge/page/79/ HTTP/1.1" 200 82297 "-" "Mozilla/5.0 (compatible; AhrefsBot/7.0; +http://ahrefs.com/robot/)"
51.222.253.6 - - [01/Apr/2025:20:55:51 -0400] "GET /author/jorge/page/41/ HTTP/1.1" 200 82297 "-" "Mozilla/5.0 (compatible; AhrefsBot/7.0; +http://ahrefs.com/robot/)"
51.222.253.12 - - [01/Apr/2025:20:56:44 -0400] "GET /unraveling-the-enigma-of-a-unique-hue/ HTTP/1.1" 200 82333 "-" "Mozilla/5.0 (compatible; AhrefsBot/7.0; +http://ahrefs.com/robot/)"
51.222.253.12 - - [01/Apr/2025:20:57:35 -0400] "GET /assurance-flotte-la-garantie-de-securite-pour-vos-vehicules-professionnels/ HTTP/1.1" 200 82333 "-" "Mozilla/5.0 (compatible; AhrefsBot/7.0; +http://ahrefs.com/robot/)"
101.33.77.217 - - [01/Apr/2025:20:58:15 -0400] "GET /gambling-lotto-can-be-harmful/ HTTP/1.1" 200 82333 "https://saamigraphics.com" "Mozilla/5.0 (Windows NT 10.0; Win64; x64) AppleWebKit/537.36 (KHTML, like Gecko) Chrome/62.0.3202.94 Safari/537.36"
51.222.253.19 - - [01/Apr/2025:20:58:36 -0400] "GET /category/activity/page/78/ HTTP/1.1" 200 82297 "-" "Mozilla/5.0 (compatible; AhrefsBot/7.0; +http://ahrefs.com/robot/)"
51.222.253.7 - - [01/Apr/2025:20:59:31 -0400] "GET /buy-gamestop-gift-card/ HTTP/1.1" 200 82298 "-" "Mozilla/5.0 (compatible; AhrefsBot/7.0; +http://ahrefs.com/robot/)"
198.54.114.83 - - [01/Apr/2025:20:59:40 -0400] "POST /wp-admin/admin-ajax.php?action=async_litespeed&nonce=a6zxDd8JkmBryHSYhjZ1vwmOg2JkKSuY&litespeed_type=imgoptm HTTP/1.1" 200 0 "-" "WordPress/6.7.2; https://saamigraphics.com"
112.92.70.120 - - [01/Apr/2025:21:00:11 -0400] "GET /uk-cbd-shop-review/ HTTP/1.1" 200 82333 "https://saamigraphics.com" "Mozilla/5.0 (Windows NT 10.0; Win64; x64) AppleWebKit/537.36 (KHTML, like Gecko) Chrome/62.0.3202.94 Safari/537.36"
51.222.253.9 - - [01/Apr/2025:21:00:28 -0400] "GET /the-benefits-of-training-mma/ HTTP/1.1" 200 82333 "-" "Mozilla/5.0 (compatible; AhrefsBot/7.0; +http://ahrefs.com/robot/)"
51.222.253.6 - - [01/Apr/2025:21:01:22 -0400] "GET /revolutionizing-kitchen-convenience-with-instant-hot-water-taps/ HTTP/1.1" 200 82297 "-" "Mozilla/5.0 (compatible; AhrefsBot/7.0; +http://ahrefs.com/robot/)"
198.54.114.83 - - [01/Apr/2025:21:01:25 -0400] "POST /wp-cron.php?doing_wp_cron=1743555685.0866730213165283203125 HTTP/1.1" 200 0 "-" "WordPress/6.7.2; https://saamigraphics.com"
2400:9800:371:a9e5:55c7:e9ee:92fb:28ac - - [01/Apr/2025:21:01:23 -0400] "POST /wp-login.php HTTP/1.1" 200 1840 "https://saamigraphics.com/wp-admin/" "Mozilla/5.0 (Windows NT 10.0; Win64; x64) AppleWebKit/537.36 (KHTML, like Gecko) Chrome/90.0.4430.85 Safari/537.36"
198.54.114.83 - - [01/Apr/2025:21:01:26 -0400] "POST /wp-admin/admin-ajax.php?action=async_litespeed&nonce=wZwduEHPJ1nuytFJmesBGEUhZAjjB82a&litespeed_type=imgoptm HTTP/1.1" 200 0 "-" "WordPress/6.7.2; https://saamigraphics.com"
2400:9800:371:a9e5:55c7:e9ee:92fb:28ac - - [01/Apr/2025:21:01:26 -0400] "GET /wp-admin/ HTTP/1.1" 302 0 "www.google.com" "Mozilla/5.0 (Windows NT 10.0; Win64; x64) AppleWebKit/537.36 (KHTML, like Gecko) Chrome/90.0.4430.85 Safari/537.36"
2400:9800:371:a9e5:55c7:e9ee:92fb:28ac - - [01/Apr/2025:21:01:28 -0400] "GET /wp-login.php?redirect_to=https%3A%2F%2Fsaamigraphics.com%2Fwp-admin%2F&reauth=1 HTTP/1.1" 200 1717 "www.google.com" "Mozilla/5.0 (Windows NT 10.0; Win64; x64) AppleWebKit/537.36 (KHTML, like Gecko) Chrome/90.0.4430.85 Safari/537.36"
51.222.253.4 - - [01/Apr/2025:21:02:24 -0400] "GET /category/activity/page/31/ HTTP/1.1" 200 82297 "-" "Mozilla/5.0 (compatible; AhrefsBot/7.0; +http://ahrefs.com/robot/)"
51.222.253.13 - - [01/Apr/2025:21:03:21 -0400] "GET /author/jorge/page/46/ HTTP/1.1" 200 82297 "-" "Mozilla/5.0 (compatible; AhrefsBot/7.0; +http://ahrefs.com/robot/)"
18.221.129.80 - - [01/Apr/2025:21:04:09 -0400] "GET /agence-google-analytics-paris/ HTTP/1.1" 200 82297 "-" "Mozilla/5.0 AppleWebKit/537.36 (KHTML, like Gecko; compatible; ClaudeBot/1.0; +claudebot@anthropic.com)"
51.222.253.15 - - [01/Apr/2025:21:04:20 -0400] "GET /category/activity/page/26/ HTTP/1.1" 200 82297 "-" "Mozilla/5.0 (compatible; AhrefsBot/7.0; +http://ahrefs.com/robot/)"
51.222.253.7 - - [01/Apr/2025:21:05:19 -0400] "GET /category/activity/page/90/ HTTP/1.1" 200 82297 "-" "Mozilla/5.0 (compatible; AhrefsBot/7.0; +http://ahrefs.com/robot/)"
51.222.253.15 - - [01/Apr/2025:21:06:25 -0400] "GET /kompetente-unterstutzung-bei-scheidungen-in-hattingen/ HTTP/1.1" 200 82333 "-" "Mozilla/5.0 (compatible; AhrefsBot/7.0; +http://ahrefs.com/robot/)"
51.222.253.9 - - [01/Apr/2025:21:07:21 -0400] "GET /category/activity/page/76/ HTTP/1.1" 200 82297 "-" "Mozilla/5.0 (compatible; AhrefsBot/7.0; +http://ahrefs.com/robot/)"
51.222.253.17 - - [01/Apr/2025:21:08:19 -0400] "GET /category/activity/page/85/ HTTP/1.1" 200 82297 "-" "Mozilla/5.0 (compatible; AhrefsBot/7.0; +http://ahrefs.com/robot/)"
13.228.107.34 - - [01/Apr/2025:21:09:15 -0400] "GET /wp-login.php HTTP/1.1" 200 1717 "-" "GRequests/0.10"
51.222.253.2 - - [01/Apr/2025:21:09:18 -0400] "GET /a-digital-revolution-in-gaming/ HTTP/1.1" 200 82333 "-" "Mozilla/5.0 (compatible; AhrefsBot/7.0; +http://ahrefs.com/robot/)"
198.54.114.83 - - [01/Apr/2025:21:09:19 -0400] "POST /wp-cron.php?doing_wp_cron=1743556158.9781119823455810546875 HTTP/1.1" 200 0 "-" "WordPress/6.7.2; https://saamigraphics.com"
13.228.107.34 - - [01/Apr/2025:21:09:16 -0400] "POST /wp-login.php HTTP/1.1" 200 1849 "-" "GRequests/0.10"
198.54.114.83 - - [01/Apr/2025:21:09:21 -0400] "POST /wp-admin/admin-ajax.php?action=async_litespeed&nonce=moydAuqUncl0Qm4jdT6mCQmnni4EiC0f&litespeed_type=imgoptm HTTP/1.1" 200 0 "-" "WordPress/6.7.2; https://saamigraphics.com"
51.222.253.16 - - [01/Apr/2025:21:10:17 -0400] "GET /exploring-the-opulence-of-klimt-cairnhill-showflat/ HTTP/1.1" 200 82297 "-" "Mozilla/5.0 (compatible; AhrefsBot/7.0; +http://ahrefs.com/robot/)"
51.222.253.2 - - [01/Apr/2025:21:11:02 -0400] "GET /captivating-elegance-exploring-the-allure-of-the-gwen-stacy-costume/ HTTP/1.1" 200 82335 "-" "Mozilla/5.0 (compatible; AhrefsBot/7.0; +http://ahrefs.com/robot/)"
51.222.253.16 - - [01/Apr/2025:21:12:05 -0400] "GET /strategies-to-gain-more-followers/ HTTP/1.1" 200 82333 "-" "Mozilla/5.0 (compatible; AhrefsBot/7.0; +http://ahrefs.com/robot/)"
51.222.253.13 - - [01/Apr/2025:21:13:09 -0400] "GET /les-meilleurs-restaurants-de-la-ville-lumiere/ HTTP/1.1" 200 82297 "-" "Mozilla/5.0 (compatible; AhrefsBot/7.0; +http://ahrefs.com/robot/)"
51.222.253.6 - - [01/Apr/2025:21:14:17 -0400] "GET /the-dynamics-of-youtube-views/ HTTP/1.1" 200 82333 "-" "Mozilla/5.0 (compatible; AhrefsBot/7.0; +http://ahrefs.com/robot/)"
51.222.253.3 - - [01/Apr/2025:21:15:12 -0400] "GET /category/activity/page/88/ HTTP/1.1" 200 82297 "-" "Mozilla/5.0 (compatible; AhrefsBot/7.0; +http://ahrefs.com/robot/)"
51.222.253.2 - - [01/Apr/2025:21:16:10 -0400] "GET /elevating-spaces-the-contemporary-charm-of-modern-kitchen-cabinets/ HTTP/1.1" 200 82333 "-" "Mozilla/5.0 (compatible; AhrefsBot/7.0; +http://ahrefs.com/robot/)"
3.143.169.173 - - [01/Apr/2025:21:16:53 -0400] "GET /entendiendo-el-consumo-de-combustible HTTP/1.1" 200 82298 "-" "Mozilla/5.0 AppleWebKit/537.36 (KHTML, like Gecko; compatible; ClaudeBot/1.0; +claudebot@anthropic.com)"
51.222.253.2 - - [01/Apr/2025:21:17:16 -0400] "GET /stepping-up-your-game-the-impact-of-sports-grip-socks/ HTTP/1.1" 200 82333 "-" "Mozilla/5.0 (compatible; AhrefsBot/7.0; +http://ahrefs.com/robot/)"
51.222.253.2 - - [01/Apr/2025:21:18:17 -0400] "GET /leistungen-der-dachdecker-hamburg-niendorf/ HTTP/1.1" 200 82333 "-" "Mozilla/5.0 (compatible; AhrefsBot/7.0; +http://ahrefs.com/robot/)"
51.222.253.6 - - [01/Apr/2025:21:19:19 -0400] "GET /author/jorge/page/47/ HTTP/1.1" 200 82333 "-" "Mozilla/5.0 (compatible; AhrefsBot/7.0; +http://ahrefs.com/robot/)"
51.222.253.20 - - [01/Apr/2025:21:20:24 -0400] "GET /the-rise-of-ai-companions/ HTTP/1.1" 200 82333 "-" "Mozilla/5.0 (compatible; AhrefsBot/7.0; +http://ahrefs.com/robot/)"
51.222.253.12 - - [01/Apr/2025:21:21:29 -0400] "GET /navigating-trademark-disputes-lawyers-for-protecting-brand-identity/ HTTP/1.1" 200 82333 "-" "Mozilla/5.0 (compatible; AhrefsBot/7.0; +http://ahrefs.com/robot/)"
51.222.253.15 - - [01/Apr/2025:21:22:37 -0400] "GET /if-youre-looking-to-explore-adult-gaming/ HTTP/1.1" 200 82298 "-" "Mozilla/5.0 (compatible; AhrefsBot/7.0; +http://ahrefs.com/robot/)"
34.169.31.233 - - [01/Apr/2025:21:22:54 -0400] "GET /enhancing-accessibility-and-efficiency/ HTTP/1.1" 200 82297 "-" "Mozilla/5.0 (Macintosh; Intel Mac OS X 10.15; rv:109.0) Gecko/20100101 Firefox/116.0"
34.169.31.233 - - [01/Apr/2025:21:22:54 -0400] "GET /nusa-penida-island-tour/ HTTP/1.1" 200 82297 "-" "Mozilla/5.0 (Windows NT 10.0; Win64; x64) AppleWebKit/537.36 (KHTML, like Gecko) Chrome/123.0.0.0 Safari/537.36"
51.222.253.8 - - [01/Apr/2025:21:23:53 -0400] "GET /exploring-its-historic-straits/ HTTP/1.1" 200 82389 "-" "Mozilla/5.0 (compatible; AhrefsBot/7.0; +http://ahrefs.com/robot/)"
198.54.114.83 - - [01/Apr/2025:21:24:31 -0400] "POST /wp-admin/admin-ajax.php?action=async_litespeed&nonce=upIOPjzKZDDQBVprwdJV0bYNRj8EsZla&litespeed_type=imgoptm HTTP/1.1" 200 0 "-" "WordPress/6.7.2; https://saamigraphics.com"
51.222.253.6 - - [01/Apr/2025:21:25:27 -0400] "GET /category/activity/page/32/ HTTP/1.1" 200 82333 "-" "Mozilla/5.0 (compatible; AhrefsBot/7.0; +http://ahrefs.com/robot/)"
51.222.253.11 - - [01/Apr/2025:21:26:07 -0400] "GET /page/36/ HTTP/1.1" 200 82297 "-" "Mozilla/5.0 (compatible; AhrefsBot/7.0; +http://ahrefs.com/robot/)"
51.222.253.12 - - [01/Apr/2025:21:27:29 -0400] "GET /what-does-spam-risk-mean/ HTTP/1.1" 200 82297 "-" "Mozilla/5.0 (compatible; AhrefsBot/7.0; +http://ahrefs.com/robot/)"
51.222.253.7 - - [01/Apr/2025:21:28:05 -0400] "GET /innovative-beleuchtung-moderne-hangeleuchten/ HTTP/1.1" 200 82297 "-" "Mozilla/5.0 (compatible; AhrefsBot/7.0; +http://ahrefs.com/robot/)"
51.222.253.16 - - [01/Apr/2025:21:29:14 -0400] "GET /junkyard-fort-myers/ HTTP/1.1" 200 82333 "-" "Mozilla/5.0 (compatible; AhrefsBot/7.0; +http://ahrefs.com/robot/)"
51.222.253.15 - - [01/Apr/2025:21:30:20 -0400] "GET /hangelampen-modern/ HTTP/1.1" 200 82333 "-" "Mozilla/5.0 (compatible; AhrefsBot/7.0; +http://ahrefs.com/robot/)"
51.222.253.1 - - [01/Apr/2025:21:31:26 -0400] "GET /printing-methods-for-custom-360-printed-socks/ HTTP/1.1" 200 82297 "-" "Mozilla/5.0 (compatible; AhrefsBot/7.0; +http://ahrefs.com/robot/)"
51.222.253.5 - - [01/Apr/2025:21:32:40 -0400] "GET /making-a-lasting-impression/ HTTP/1.1" 200 82333 "-" "Mozilla/5.0 (compatible; AhrefsBot/7.0; +http://ahrefs.com/robot/)"
51.222.253.16 - - [01/Apr/2025:21:33:51 -0400] "GET /unmatched-performance/ HTTP/1.1" 200 82333 "-" "Mozilla/5.0 (compatible; AhrefsBot/7.0; +http://ahrefs.com/robot/)"
51.222.253.14 - - [01/Apr/2025:21:34:55 -0400] "GET /exploring-the-delightful-world-of-disposable-vape-flavors/ HTTP/1.1" 200 82247 "-" "Mozilla/5.0 (compatible; AhrefsBot/7.0; +http://ahrefs.com/robot/)"
51.222.253.2 - - [01/Apr/2025:21:35:54 -0400] "GET /category/activity/page/80/ HTTP/1.1" 200 82333 "-" "Mozilla/5.0 (compatible; AhrefsBot/7.0; +http://ahrefs.com/robot/)"
51.222.253.18 - - [01/Apr/2025:21:36:46 -0400] "GET /the-cool-companion-for-every-occasion/ HTTP/1.1" 200 82390 "-" "Mozilla/5.0 (compatible; AhrefsBot/7.0; +http://ahrefs.com/robot/)"
51.222.253.3 - - [01/Apr/2025:21:37:51 -0400] "GET /small-bathroom-renovations/ HTTP/1.1" 200 82297 "-" "Mozilla/5.0 (compatible; AhrefsBot/7.0; +http://ahrefs.com/robot/)"
51.222.253.11 - - [01/Apr/2025:21:38:40 -0400] "GET /author/jorge/page/67/ HTTP/1.1" 200 82333 "-" "Mozilla/5.0 (compatible; AhrefsBot/7.0; +http://ahrefs.com/robot/)"
13.229.78.155 - - [01/Apr/2025:21:39:16 -0400] "GET / HTTP/1.1" 200 82297 "-" "Mozilla/5.0 (Windows NT 10.0; Win64; x64; rv:122.0) Gecko/20100101 Firefox/122.0"
13.229.78.155 - - [01/Apr/2025:21:39:17 -0400] "GET /xmlrpc.php HTTP/1.1" 405 46 "-" "Mozilla/5.0 (Windows NT 10.0; Win64; x64; rv:122.0) Gecko/20100101 Firefox/122.0"
198.54.114.83 - - [01/Apr/2025:21:39:20 -0400] "POST /wp-cron.php?doing_wp_cron=1743557959.3960890769958496093750 HTTP/1.1" 200 0 "-" "WordPress/6.7.2; https://saamigraphics.com"
13.229.78.155 - - [01/Apr/2025:21:39:22 -0400] "GET /wp-json/wp/v2/users HTTP/1.1" 200 82333 "-" "Mozilla/5.0 (Windows NT 10.0; Win64; x64; rv:122.0) Gecko/20100101 Firefox/122.0"
198.54.114.83 - - [01/Apr/2025:21:39:22 -0400] "POST /wp-admin/admin-ajax.php?action=async_litespeed&nonce=c1rDAcVVjmKPG25DecEs7H1VdAVi5RHE&litespeed_type=imgoptm HTTP/1.1" 200 0 "-" "WordPress/6.7.2; https://saamigraphics.com"
51.222.253.19 - - [01/Apr/2025:21:39:35 -0400] "GET /unveiling-the-ultimate-elegance-choosing-the-best-hair-dryer-for-your-tresses/ HTTP/1.1" 200 82297 "-" "Mozilla/5.0 (compatible; AhrefsBot/7.0; +http://ahrefs.com/robot/)"
85.208.96.194 - - [01/Apr/2025:21:39:58 -0400] "GET /robots.txt HTTP/1.1" 200 82333 "-" "Mozilla/5.0 (compatible; SemrushBot/7~bl; +http://www.semrush.com/bot.html)"
185.191.171.18 - - [01/Apr/2025:21:39:59 -0400] "GET /assurance-flotte-la-garantie-de-securite-pour-vos-vehicules-professionnels/ HTTP/1.1" 200 82297 "-" "Mozilla/5.0 (compatible; SemrushBot/7~bl; +http://www.semrush.com/bot.html)"
13.229.78.155 - - [01/Apr/2025:21:39:23 -0400] "POST /xmlrpc.php HTTP/1.1" 200 0 "-" "python-httpx/0.22.0"
13.229.78.155 - - [01/Apr/2025:21:39:43 -0400] "POST /xmlrpc.php HTTP/1.1" 200 0 "-" "python-httpx/0.22.0"
51.222.253.4 - - [01/Apr/2025:21:40:24 -0400] "GET /experience-optimal-wellness-with-a-chiropractor-in-dubai/ HTTP/1.1" 200 82333 "-" "Mozilla/5.0 (compatible; AhrefsBot/7.0; +http://ahrefs.com/robot/)"
13.229.78.155 - - [01/Apr/2025:21:40:04 -0400] "POST /xmlrpc.php HTTP/1.1" 200 0 "-" "python-httpx/0.22.0"
13.229.78.155 - - [01/Apr/2025:21:40:24 -0400] "POST /xmlrpc.php HTTP/1.1" 200 0 "-" "python-httpx/0.22.0"
51.222.253.12 - - [01/Apr/2025:21:41:17 -0400] "GET /the-versatile-firefighting-nozzle/ HTTP/1.1" 200 82333 "-" "Mozilla/5.0 (compatible; AhrefsBot/7.0; +http://ahrefs.com/robot/)"
13.229.78.155 - - [01/Apr/2025:21:40:43 -0400] "POST /xmlrpc.php HTTP/1.1" 200 0 "-" "python-httpx/0.22.0"
13.229.78.155 - - [01/Apr/2025:21:41:04 -0400] "POST /xmlrpc.php HTTP/1.1" 200 0 "-" "python-httpx/0.22.0"
13.229.78.155 - - [01/Apr/2025:21:41:25 -0400] "POST /xmlrpc.php HTTP/1.1" 200 0 "-" "python-httpx/0.22.0"
51.222.253.14 - - [01/Apr/2025:21:42:19 -0400] "GET /category/activity/page/64/ HTTP/1.1" 200 82298 "-" "Mozilla/5.0 (compatible; AhrefsBot/7.0; +http://ahrefs.com/robot/)"
13.229.78.155 - - [01/Apr/2025:21:41:43 -0400] "POST /xmlrpc.php HTTP/1.1" 200 0 "-" "python-httpx/0.22.0"
13.229.78.155 - - [01/Apr/2025:21:42:05 -0400] "POST /xmlrpc.php HTTP/1.1" 200 0 "-" "python-httpx/0.22.0"
13.229.78.155 - - [01/Apr/2025:21:42:24 -0400] "POST /xmlrpc.php HTTP/1.1" 200 0 "-" "python-httpx/0.22.0"
13.229.78.155 - - [01/Apr/2025:21:42:45 -0400] "POST /xmlrpc.php HTTP/1.1" 200 0 "-" "python-httpx/0.22.0"
51.222.253.15 - - [01/Apr/2025:21:43:24 -0400] "GET /navigating-the-thrills-and-risks-of-online-casinos/ HTTP/1.1" 200 82333 "-" "Mozilla/5.0 (compatible; AhrefsBot/7.0; +http://ahrefs.com/robot/)"
13.229.78.155 - - [01/Apr/2025:21:43:05 -0400] "POST /xmlrpc.php HTTP/1.1" 200 0 "-" "python-httpx/0.22.0"
13.229.78.155 - - [01/Apr/2025:21:43:24 -0400] "POST /xmlrpc.php HTTP/1.1" 200 0 "-" "python-httpx/0.22.0"
51.222.253.8 - - [01/Apr/2025:21:44:13 -0400] "GET /convertir-libras-pie-a-newton-metro/ HTTP/1.1" 200 82338 "-" "Mozilla/5.0 (compatible; AhrefsBot/7.0; +http://ahrefs.com/robot/)"
13.229.78.155 - - [01/Apr/2025:21:43:44 -0400] "POST /xmlrpc.php HTTP/1.1" 200 0 "-" "python-httpx/0.22.0"
13.229.78.155 - - [01/Apr/2025:21:44:04 -0400] "POST /xmlrpc.php HTTP/1.1" 200 0 "-" "python-httpx/0.22.0"
13.229.78.155 - - [01/Apr/2025:21:44:26 -0400] "POST /xmlrpc.php HTTP/1.1" 200 0 "-" "python-httpx/0.22.0"
51.222.253.8 - - [01/Apr/2025:21:45:12 -0400] "GET /calculadora-de-edad-cuantos-anos-tengo/ HTTP/1.1" 200 82333 "-" "Mozilla/5.0 (compatible; AhrefsBot/7.0; +http://ahrefs.com/robot/)"
13.229.78.155 - - [01/Apr/2025:21:44:47 -0400] "POST /xmlrpc.php HTTP/1.1" 200 0 "-" "python-httpx/0.22.0"
34.145.20.211 - - [01/Apr/2025:21:45:24 -0400] "GET /how-to-make-your-own-font/ HTTP/1.1" 200 82333 "-" "Mozilla/5.0 (Windows NT 10.0; Win64; x64) AppleWebKit/537.36 (KHTML, like Gecko) Chrome/123.0.0.0 Safari/537.36"
13.229.78.155 - - [01/Apr/2025:21:45:07 -0400] "POST /xmlrpc.php HTTP/1.1" 200 0 "-" "python-httpx/0.22.0"
13.229.78.155 - - [01/Apr/2025:21:45:27 -0400] "POST /xmlrpc.php HTTP/1.1" 200 0 "-" "python-httpx/0.22.0"
51.222.253.6 - - [01/Apr/2025:21:46:05 -0400] "GET /humastogel/ HTTP/1.1" 200 82333 "-" "Mozilla/5.0 (compatible; AhrefsBot/7.0; +http://ahrefs.com/robot/)"
13.229.78.155 - - [01/Apr/2025:21:45:45 -0400] "POST /xmlrpc.php HTTP/1.1" 200 0 "-" "python-httpx/0.22.0"
3.145.199.42 - - [01/Apr/2025:21:46:44 -0400] "GET / HTTP/1.1" 200 82333 "-" "Mozilla/5.0 AppleWebKit/537.36 (KHTML, like Gecko; compatible; ClaudeBot/1.0; +claudebot@anthropic.com)"
13.229.78.155 - - [01/Apr/2025:21:46:06 -0400] "POST /xmlrpc.php HTTP/1.1" 200 0 "-" "python-httpx/0.22.0"
2a03:2880:f800:e:: - - [01/Apr/2025:21:46:49 -0400] "GET /uncovering-hidden-treasures-the-world-of-lehigh-acres-junk-yards/ HTTP/1.1" 200 82333 "-" "meta-externalagent/1.1 (+https://developers.facebook.com/docs/sharing/webmasters/crawler)"
13.229.78.155 - - [01/Apr/2025:21:46:27 -0400] "POST /xmlrpc.php HTTP/1.1" 200 0 "-" "python-httpx/0.22.0"
198.54.114.83 - - [01/Apr/2025:21:47:15 -0400] "POST /wp-admin/admin-ajax.php?action=async_litespeed&nonce=NtCQP5RwnShwv4ONiyTjuJksiMFffM6q&litespeed_type=imgoptm HTTP/1.1" 200 0 "-" "WordPress/6.7.2; https://saamigraphics.com"
198.54.129.44 - - [01/Apr/2025:21:47:15 -0400] "GET /wp-login.php HTTP/1.1" 200 1717 "http://saamigraphics.com/wp-login.php" "Mozilla/5.0 (Windows NT 10.0; Win64; x64) AppleWebKit/537.36 (KHTML, like Gecko) Chrome/127.0.0.0 Safari/537.36"
198.54.129.44 - - [01/Apr/2025:21:47:17 -0400] "GET /wp-login.php HTTP/1.1" 200 1717 "https://saamigraphics.com" "Mozilla/5.0 (Windows NT 10.0; Win64; x64) AppleWebKit/537.36 (KHTML, like Gecko) Chrome/127.0.0.0 Safari/537.36"
198.54.129.44 - - [01/Apr/2025:21:47:18 -0400] "POST /wp-login.php HTTP/1.1" 200 1876 "https://saamigraphics.com" "Mozilla/5.0 (Windows NT 10.0; Win64; x64) AppleWebKit/537.36 (KHTML, like Gecko) Chrome/127.0.0.0 Safari/537.36"
13.229.78.155 - - [01/Apr/2025:21:46:46 -0400] "POST /xmlrpc.php HTTP/1.1" 200 0 "-" "python-httpx/0.22.0"
51.222.253.15 - - [01/Apr/2025:21:47:23 -0400] "GET /category/activity/page/50/ HTTP/1.1" 200 82297 "-" "Mozilla/5.0 (compatible; AhrefsBot/7.0; +http://ahrefs.com/robot/)"
13.229.78.155 - - [01/Apr/2025:21:47:07 -0400] "POST /xmlrpc.php HTTP/1.1" 200 0 "-" "python-httpx/0.22.0"
3.14.134.206 - - [01/Apr/2025:21:47:45 -0400] "GET /a-thrilling-adventure-awaits HTTP/1.1" 200 82333 "-" "Mozilla/5.0 AppleWebKit/537.36 (KHTML, like Gecko; compatible; ClaudeBot/1.0; +claudebot@anthropic.com)"
13.229.78.155 - - [01/Apr/2025:21:47:25 -0400] "POST /xmlrpc.php HTTP/1.1" 200 0 "-" "python-httpx/0.22.0"
51.222.253.4 - - [01/Apr/2025:21:48:20 -0400] "GET /author/jorge/page/39/ HTTP/1.1" 200 82333 "-" "Mozilla/5.0 (compatible; AhrefsBot/7.0; +http://ahrefs.com/robot/)"
13.229.78.155 - - [01/Apr/2025:21:47:46 -0400] "POST /xmlrpc.php HTTP/1.1" 200 0 "-" "python-httpx/0.22.0"
13.229.78.155 - - [01/Apr/2025:21:48:05 -0400] "POST /xmlrpc.php HTTP/1.1" 200 0 "-" "python-httpx/0.22.0"
13.229.78.155 - - [01/Apr/2025:21:48:26 -0400] "POST /xmlrpc.php HTTP/1.1" 200 0 "-" "python-httpx/0.22.0"
51.222.253.9 - - [01/Apr/2025:21:49:11 -0400] "GET /rechtsanwalt-die-saule-der-juristischen-vertretung/ HTTP/1.1" 200 82297 "-" "Mozilla/5.0 (compatible; AhrefsBot/7.0; +http://ahrefs.com/robot/)"
13.229.78.155 - - [01/Apr/2025:21:48:47 -0400] "POST /xmlrpc.php HTTP/1.1" 200 0 "-" "python-httpx/0.22.0"
198.54.114.83 - - [01/Apr/2025:21:49:29 -0400] "POST /wp-admin/admin-ajax.php?action=async_litespeed&nonce=wNff10kpLPWY7Wnpnkd6bw8DhSahOg2i&litespeed_type=imgoptm HTTP/1.1" 200 0 "-" "WordPress/6.7.2; https://saamigraphics.com"
13.229.78.155 - - [01/Apr/2025:21:49:05 -0400] "POST /xmlrpc.php HTTP/1.1" 200 0 "-" "python-httpx/0.22.0"
13.229.78.155 - - [01/Apr/2025:21:49:25 -0400] "POST /xmlrpc.php HTTP/1.1" 200 0 "-" "python-httpx/0.22.0"
51.222.253.14 - - [01/Apr/2025:21:50:09 -0400] "GET /exploring-the-instant-hot-water-tap/ HTTP/1.1" 200 82333 "-" "Mozilla/5.0 (compatible; AhrefsBot/7.0; +http://ahrefs.com/robot/)"
13.229.78.155 - - [01/Apr/2025:21:49:46 -0400] "POST /xmlrpc.php HTTP/1.1" 200 0 "-" "python-httpx/0.22.0"
13.229.78.155 - - [01/Apr/2025:21:50:08 -0400] "POST /xmlrpc.php HTTP/1.1" 200 0 "-" "python-httpx/0.22.0"
13.229.78.155 - - [01/Apr/2025:21:50:26 -0400] "POST /xmlrpc.php HTTP/1.1" 200 0 "-" "python-httpx/0.22.0"
51.222.253.1 - - [01/Apr/2025:21:51:11 -0400] "GET /author/jorge/page/38/ HTTP/1.1" 200 82298 "-" "Mozilla/5.0 (compatible; AhrefsBot/7.0; +http://ahrefs.com/robot/)"
13.229.78.155 - - [01/Apr/2025:21:50:46 -0400] "POST /xmlrpc.php HTTP/1.1" 200 0 "-" "python-httpx/0.22.0"
13.229.78.155 - - [01/Apr/2025:21:51:06 -0400] "POST /xmlrpc.php HTTP/1.1" 200 0 "-" "python-httpx/0.22.0"
13.229.78.155 - - [01/Apr/2025:21:51:26 -0400] "POST /xmlrpc.php HTTP/1.1" 200 0 "-" "python-httpx/0.22.0"
51.222.253.8 - - [01/Apr/2025:21:52:10 -0400] "GET /page/74/ HTTP/1.1" 200 82333 "-" "Mozilla/5.0 (compatible; AhrefsBot/7.0; +http://ahrefs.com/robot/)"
13.229.78.155 - - [01/Apr/2025:21:51:46 -0400] "POST /xmlrpc.php HTTP/1.1" 200 0 "-" "python-httpx/0.22.0"
13.229.78.155 - - [01/Apr/2025:21:52:06 -0400] "POST /xmlrpc.php HTTP/1.1" 200 0 "-" "python-httpx/0.22.0"
13.229.78.155 - - [01/Apr/2025:21:52:26 -0400] "POST /xmlrpc.php HTTP/1.1" 200 0 "-" "python-httpx/0.22.0"
51.222.253.13 - - [01/Apr/2025:21:53:23 -0400] "GET /a-new-era-in-skincare/ HTTP/1.1" 200 82297 "-" "Mozilla/5.0 (compatible; AhrefsBot/7.0; +http://ahrefs.com/robot/)"
13.229.78.155 - - [01/Apr/2025:21:52:46 -0400] "POST /xmlrpc.php HTTP/1.1" 200 0 "-" "python-httpx/0.22.0"
13.229.78.155 - - [01/Apr/2025:21:53:06 -0400] "POST /xmlrpc.php HTTP/1.1" 200 0 "-" "python-httpx/0.22.0"
13.229.78.155 - - [01/Apr/2025:21:53:26 -0400] "POST /xmlrpc.php HTTP/1.1" 200 0 "-" "python-httpx/0.22.0"
51.222.253.11 - - [01/Apr/2025:21:54:08 -0400] "GET /sitemap_index.xml HTTP/1.1" 200 82246 "-" "Mozilla/5.0 (compatible; AhrefsBot/7.0; +http://ahrefs.com/robot/)"
13.229.78.155 - - [01/Apr/2025:21:53:46 -0400] "POST /xmlrpc.php HTTP/1.1" 200 0 "-" "python-httpx/0.22.0"
13.229.78.155 - - [01/Apr/2025:21:54:06 -0400] "POST /xmlrpc.php HTTP/1.1" 200 0 "-" "python-httpx/0.22.0"
13.229.78.155 - - [01/Apr/2025:21:54:26 -0400] "POST /xmlrpc.php HTTP/1.1" 200 0 "-" "python-httpx/0.22.0"
51.222.253.10 - - [01/Apr/2025:21:55:19 -0400] "GET /tennis-prediction-how-to-make-a-bet-on-a-tennis-match/ HTTP/1.1" 200 82297 "-" "Mozilla/5.0 (compatible; AhrefsBot/7.0; +http://ahrefs.com/robot/)"
202.8.40.244 - - [01/Apr/2025:21:55:22 -0400] "GET /tennis-prediction-how-to-make-a-bet-on-a-tennis-match/react-dom.js HTTP/1.1" 200 82389 "https://saamigraphics.com/tennis-prediction-how-to-make-a-bet-on-a-tennis-match/" "Mozilla/5.0 (compatible; AhrefsBot/7.0; +http://ahrefs.com/robot/)"
202.8.40.244 - - [01/Apr/2025:21:55:22 -0400] "GET /products/sw.js HTTP/1.1" 200 82298 "https://saamigraphics.com/tennis-prediction-how-to-make-a-bet-on-a-tennis-match/" "Mozilla/5.0 (X11; Linux x86_64) AppleWebKit/537.36 (KHTML, like Gecko) HeadlessChrome/131.0.6778.87 Safari/537.36"
202.8.40.244 - - [01/Apr/2025:21:55:22 -0400] "GET /tennis-prediction-how-to-make-a-bet-on-a-tennis-match/react.js HTTP/1.1" 200 82333 "https://saamigraphics.com/tennis-prediction-how-to-make-a-bet-on-a-tennis-match/" "Mozilla/5.0 (compatible; AhrefsBot/7.0; +http://ahrefs.com/robot/)"
13.229.78.155 - - [01/Apr/2025:21:54:47 -0400] "POST /xmlrpc.php HTTP/1.1" 200 0 "-" "python-httpx/0.22.0"
13.229.78.155 - - [01/Apr/2025:21:55:06 -0400] "POST /xmlrpc.php HTTP/1.1" 200 0 "-" "python-httpx/0.22.0"
212.227.169.188 - - [01/Apr/2025:21:56:04 -0400] "GET /wp-login.php HTTP/1.1" 200 1717 "-" "GRequests/0.10"
13.229.78.155 - - [01/Apr/2025:21:55:26 -0400] "POST /xmlrpc.php HTTP/1.1" 200 0 "-" "python-httpx/0.22.0"
198.54.114.83 - - [01/Apr/2025:21:56:07 -0400] "POST /wp-cron.php?doing_wp_cron=1743558967.1567130088806152343750 HTTP/1.1" 200 0 "-" "WordPress/6.7.2; https://saamigraphics.com"
212.227.169.188 - - [01/Apr/2025:21:56:05 -0400] "POST /wp-login.php HTTP/1.1" 200 1850 "-" "GRequests/0.10"
198.54.114.83 - - [01/Apr/2025:21:56:10 -0400] "POST /wp-admin/admin-ajax.php?action=async_litespeed&nonce=ghEI4vPa8DnDxtBUctOnMTuvuwlECY7w&litespeed_type=imgoptm HTTP/1.1" 200 0 "-" "WordPress/6.7.2; https://saamigraphics.com"
13.229.78.155 - - [01/Apr/2025:21:55:46 -0400] "POST /xmlrpc.php HTTP/1.1" 200 0 "-" "python-httpx/0.22.0"
51.222.253.16 - - [01/Apr/2025:21:56:27 -0400] "GET /the-importance-of-filing-a-tax-declaration/ HTTP/1.1" 200 82335 "-" "Mozilla/5.0 (compatible; AhrefsBot/7.0; +http://ahrefs.com/robot/)"
202.8.43.140 - - [01/Apr/2025:21:56:29 -0400] "GET /the-importance-of-filing-a-tax-declaration/react-dom.js HTTP/1.1" 200 82333 "https://saamigraphics.com/the-importance-of-filing-a-tax-declaration/" "Mozilla/5.0 (compatible; AhrefsBot/7.0; +http://ahrefs.com/robot/)"
202.8.43.140 - - [01/Apr/2025:21:56:29 -0400] "GET /the-importance-of-filing-a-tax-declaration/react.js HTTP/1.1" 200 82333 "https://saamigraphics.com/the-importance-of-filing-a-tax-declaration/" "Mozilla/5.0 (compatible; AhrefsBot/7.0; +http://ahrefs.com/robot/)"
13.229.78.155 - - [01/Apr/2025:21:56:06 -0400] "POST /xmlrpc.php HTTP/1.1" 200 0 "-" "python-httpx/0.22.0"
2a03:2880:f800:1b:: - - [01/Apr/2025:21:56:56 -0400] "GET /the-benefits-of-cold-water-therapy/ HTTP/1.1" 200 82297 "-" "meta-externalagent/1.1 (+https://developers.facebook.com/docs/sharing/webmasters/crawler)"
13.229.78.155 - - [01/Apr/2025:21:56:26 -0400] "POST /xmlrpc.php HTTP/1.1" 200 0 "-" "python-httpx/0.22.0"
13.229.78.155 - - [01/Apr/2025:21:56:46 -0400] "POST /xmlrpc.php HTTP/1.1" 200 0 "-" "python-httpx/0.22.0"
51.222.253.19 - - [01/Apr/2025:21:57:35 -0400] "GET /unveiling-the-strategic-depths-league-of-legends-lecture/ HTTP/1.1" 200 82333 "-" "Mozilla/5.0 (compatible; AhrefsBot/7.0; +http://ahrefs.com/robot/)"
13.229.78.155 - - [01/Apr/2025:21:57:07 -0400] "POST /xmlrpc.php HTTP/1.1" 200 0 "-" "python-httpx/0.22.0"
13.229.78.155 - - [01/Apr/2025:21:57:26 -0400] "POST /xmlrpc.php HTTP/1.1" 200 0 "-" "python-httpx/0.22.0"
13.229.78.155 - - [01/Apr/2025:21:57:47 -0400] "POST /xmlrpc.php HTTP/1.1" 200 0 "-" "python-httpx/0.22.0"
51.222.253.4 - - [01/Apr/2025:21:58:34 -0400] "GET /telephone-headsets-enhance-employee-productivity/ HTTP/1.1" 200 82333 "-" "Mozilla/5.0 (compatible; AhrefsBot/7.0; +http://ahrefs.com/robot/)"
13.229.78.155 - - [01/Apr/2025:21:58:07 -0400] "POST /xmlrpc.php HTTP/1.1" 200 0 "-" "python-httpx/0.22.0"
216.225.202.157 - - [01/Apr/2025:21:59:00 -0400] "GET /wp-login.php HTTP/1.1" 200 1717 "-" "GRequests/0.10"
198.54.114.83 - - [01/Apr/2025:21:59:02 -0400] "POST /wp-cron.php?doing_wp_cron=1743559142.1860759258270263671875 HTTP/1.1" 200 0 "-" "WordPress/6.7.2; https://saamigraphics.com"
216.225.202.157 - - [01/Apr/2025:21:59:01 -0400] "POST /wp-login.php HTTP/1.1" 200 1849 "-" "GRequests/0.10"
198.54.114.83 - - [01/Apr/2025:21:59:03 -0400] "POST /wp-admin/admin-ajax.php?action=async_litespeed&nonce=uotd0XqAmDSXq6hCUiIlT8GmUbSrvohP&litespeed_type=imgoptm HTTP/1.1" 200 0 "-" "WordPress/6.7.2; https://saamigraphics.com"
13.229.78.155 - - [01/Apr/2025:21:58:27 -0400] "POST /xmlrpc.php HTTP/1.1" 200 0 "-" "python-httpx/0.22.0"
13.229.78.155 - - [01/Apr/2025:21:58:47 -0400] "POST /xmlrpc.php HTTP/1.1" 200 0 "-" "python-httpx/0.22.0"
51.222.253.12 - - [01/Apr/2025:21:59:34 -0400] "GET /free-typing-test-find-out-your-current-typing-speed-and-accuracy/ HTTP/1.1" 200 82333 "-" "Mozilla/5.0 (compatible; AhrefsBot/7.0; +http://ahrefs.com/robot/)"
13.229.78.155 - - [01/Apr/2025:21:59:07 -0400] "POST /xmlrpc.php HTTP/1.1" 200 0 "-" "python-httpx/0.22.0"
13.229.78.155 - - [01/Apr/2025:21:59:27 -0400] "POST /xmlrpc.php HTTP/1.1" 200 0 "-" "python-httpx/0.22.0"
3.147.79.7 - - [01/Apr/2025:22:00:07 -0400] "GET /?p=2907 HTTP/1.1" 200 82333 "-" "Mozilla/5.0 AppleWebKit/537.36 (KHTML, like Gecko; compatible; ClaudeBot/1.0; +claudebot@anthropic.com)"
13.229.78.155 - - [01/Apr/2025:21:59:47 -0400] "POST /xmlrpc.php HTTP/1.1" 200 0 "-" "python-httpx/0.22.0"
51.222.253.18 - - [01/Apr/2025:22:00:38 -0400] "GET /premier-broadcast-rights-increase-globally/ HTTP/1.1" 200 82246 "-" "Mozilla/5.0 (compatible; AhrefsBot/7.0; +http://ahrefs.com/robot/)"
13.229.78.155 - - [01/Apr/2025:22:00:07 -0400] "POST /xmlrpc.php HTTP/1.1" 200 0 "-" "python-httpx/0.22.0"
13.229.78.155 - - [01/Apr/2025:22:00:27 -0400] "POST /xmlrpc.php HTTP/1.1" 200 0 "-" "python-httpx/0.22.0"
13.229.78.155 - - [01/Apr/2025:22:00:47 -0400] "POST /xmlrpc.php HTTP/1.1" 200 0 "-" "python-httpx/0.22.0"
13.229.78.155 - - [01/Apr/2025:22:01:07 -0400] "POST /xmlrpc.php HTTP/1.1" 200 0 "-" "python-httpx/0.22.0"
51.222.253.8 - - [01/Apr/2025:22:02:04 -0400] "GET /unveiling-the-truth-behind-buying-instagram-followers-and-likes/ HTTP/1.1" 200 82247 "-" "Mozilla/5.0 (compatible; AhrefsBot/7.0; +http://ahrefs.com/robot/)"
13.229.78.155 - - [01/Apr/2025:22:01:27 -0400] "POST /xmlrpc.php HTTP/1.1" 200 0 "-" "python-httpx/0.22.0"
13.229.78.155 - - [01/Apr/2025:22:01:47 -0400] "POST /xmlrpc.php HTTP/1.1" 200 0 "-" "python-httpx/0.22.0"
13.229.78.155 - - [01/Apr/2025:22:02:07 -0400] "POST /xmlrpc.php HTTP/1.1" 200 0 "-" "python-httpx/0.22.0"
13.229.78.155 - - [01/Apr/2025:22:02:27 -0400] "POST /xmlrpc.php HTTP/1.1" 200 0 "-" "python-httpx/0.22.0"
51.222.253.9 - - [01/Apr/2025:22:03:23 -0400] "GET /the-ultimate-guide-to-german-courses/ HTTP/1.1" 200 82297 "-" "Mozilla/5.0 (compatible; AhrefsBot/7.0; +http://ahrefs.com/robot/)"
13.229.78.155 - - [01/Apr/2025:22:02:47 -0400] "POST /xmlrpc.php HTTP/1.1" 200 0 "-" "python-httpx/0.22.0"
13.229.78.155 - - [01/Apr/2025:22:03:07 -0400] "POST /xmlrpc.php HTTP/1.1" 200 0 "-" "python-httpx/0.22.0"
13.229.78.155 - - [01/Apr/2025:22:03:28 -0400] "POST /xmlrpc.php HTTP/1.1" 200 0 "-" "python-httpx/0.22.0"
51.222.253.1 - - [01/Apr/2025:22:04:28 -0400] "GET /comment-interpreter-un-horoscope/ HTTP/1.1" 200 82333 "-" "Mozilla/5.0 (compatible; AhrefsBot/7.0; +http://ahrefs.com/robot/)"
13.229.78.155 - - [01/Apr/2025:22:03:48 -0400] "POST /xmlrpc.php HTTP/1.1" 200 0 "-" "python-httpx/0.22.0"
13.229.78.155 - - [01/Apr/2025:22:04:09 -0400] "POST /xmlrpc.php HTTP/1.1" 200 0 "-" "python-httpx/0.22.0"
13.229.78.155 - - [01/Apr/2025:22:04:29 -0400] "POST /xmlrpc.php HTTP/1.1" 200 0 "-" "python-httpx/0.22.0"
51.222.253.2 - - [01/Apr/2025:22:05:27 -0400] "GET /revolutionizing-fashion-custom-socks-with-no-minimum-order-quantity-moq/ HTTP/1.1" 200 82333 "-" "Mozilla/5.0 (compatible; AhrefsBot/7.0; +http://ahrefs.com/robot/)"
13.229.78.155 - - [01/Apr/2025:22:04:49 -0400] "POST /xmlrpc.php HTTP/1.1" 200 0 "-" "python-httpx/0.22.0"
13.229.78.155 - - [01/Apr/2025:22:05:09 -0400] "POST /xmlrpc.php HTTP/1.1" 200 0 "-" "python-httpx/0.22.0"
13.229.78.155 - - [01/Apr/2025:22:05:29 -0400] "POST /xmlrpc.php HTTP/1.1" 200 0 "-" "python-httpx/0.22.0"
51.222.253.20 - - [01/Apr/2025:22:06:25 -0400] "GET /die-schonheit-moderner-hangelampen/ HTTP/1.1" 200 82297 "-" "Mozilla/5.0 (compatible; AhrefsBot/7.0; +http://ahrefs.com/robot/)"
13.229.78.155 - - [01/Apr/2025:22:05:49 -0400] "POST /xmlrpc.php HTTP/1.1" 200 0 "-" "python-httpx/0.22.0"
13.229.78.155 - - [01/Apr/2025:22:06:10 -0400] "POST /xmlrpc.php HTTP/1.1" 200 0 "-" "python-httpx/0.22.0"
13.229.78.155 - - [01/Apr/2025:22:06:30 -0400] "POST /xmlrpc.php HTTP/1.1" 200 0 "-" "python-httpx/0.22.0"
51.222.253.14 - - [01/Apr/2025:22:07:26 -0400] "GET /unveiling-the-stake-ator-revolutionizing-outdoor-cooking/ HTTP/1.1" 200 82297 "-" "Mozilla/5.0 (compatible; AhrefsBot/7.0; +http://ahrefs.com/robot/)"
13.229.78.155 - - [01/Apr/2025:22:06:50 -0400] "POST /xmlrpc.php HTTP/1.1" 200 0 "-" "python-httpx/0.22.0"
13.229.78.155 - - [01/Apr/2025:22:07:10 -0400] "POST /xmlrpc.php HTTP/1.1" 200 0 "-" "python-httpx/0.22.0"
13.229.78.155 - - [01/Apr/2025:22:07:31 -0400] "POST /xmlrpc.php HTTP/1.1" 200 0 "-" "python-httpx/0.22.0"
51.222.253.5 - - [01/Apr/2025:22:08:23 -0400] "GET /page/85/ HTTP/1.1" 200 82298 "-" "Mozilla/5.0 (compatible; AhrefsBot/7.0; +http://ahrefs.com/robot/)"
13.229.78.155 - - [01/Apr/2025:22:07:51 -0400] "POST /xmlrpc.php HTTP/1.1" 200 0 "-" "python-httpx/0.22.0"
13.229.78.155 - - [01/Apr/2025:22:08:11 -0400] "POST /xmlrpc.php HTTP/1.1" 200 0 "-" "python-httpx/0.22.0"
13.229.78.155 - - [01/Apr/2025:22:08:31 -0400] "POST /xmlrpc.php HTTP/1.1" 200 0 "-" "python-httpx/0.22.0"
51.222.253.12 - - [01/Apr/2025:22:09:23 -0400] "GET /tiktok-views/ HTTP/1.1" 200 82333 "-" "Mozilla/5.0 (compatible; AhrefsBot/7.0; +http://ahrefs.com/robot/)"
13.229.78.155 - - [01/Apr/2025:22:08:51 -0400] "POST /xmlrpc.php HTTP/1.1" 200 0 "-" "python-httpx/0.22.0"
13.229.78.155 - - [01/Apr/2025:22:09:11 -0400] "POST /xmlrpc.php HTTP/1.1" 200 0 "-" "python-httpx/0.22.0"
157.90.209.77 - - [01/Apr/2025:22:10:08 -0400] "GET /robots.txt HTTP/1.1" 200 82333 "-" "Mozilla/5.0 (compatible; BLEXBot/1.0; +https://help.seranking.com/en/blex-crawler)"
157.90.209.77 - - [01/Apr/2025:22:10:11 -0400] "GET / HTTP/1.1" 200 82333 "-" "Mozilla/5.0 (compatible; BLEXBot/1.0; +https://help.seranking.com/en/blex-crawler)"
13.229.78.155 - - [01/Apr/2025:22:09:32 -0400] "POST /xmlrpc.php HTTP/1.1" 200 0 "-" "python-httpx/0.22.0"
51.222.253.3 - - [01/Apr/2025:22:10:22 -0400] "GET /the-potential-risks-of-ai-girlfriends/ HTTP/1.1" 200 82335 "-" "Mozilla/5.0 (compatible; AhrefsBot/7.0; +http://ahrefs.com/robot/)"
13.229.78.155 - - [01/Apr/2025:22:09:52 -0400] "POST /xmlrpc.php HTTP/1.1" 200 0 "-" "python-httpx/0.22.0"
13.229.78.155 - - [01/Apr/2025:22:10:12 -0400] "POST /xmlrpc.php HTTP/1.1" 200 0 "-" "python-httpx/0.22.0"
13.229.78.155 - - [01/Apr/2025:22:10:32 -0400] "POST /xmlrpc.php HTTP/1.1" 200 0 "-" "python-httpx/0.22.0"
51.222.253.3 - - [01/Apr/2025:22:11:18 -0400] "GET /author/jorge/page/53/ HTTP/1.1" 200 82297 "-" "Mozilla/5.0 (compatible; AhrefsBot/7.0; +http://ahrefs.com/robot/)"
13.229.78.155 - - [01/Apr/2025:22:10:52 -0400] "POST /xmlrpc.php HTTP/1.1" 200 0 "-" "python-httpx/0.22.0"
13.229.78.155 - - [01/Apr/2025:22:11:12 -0400] "POST /xmlrpc.php HTTP/1.1" 200 0 "-" "python-httpx/0.22.0"
13.229.78.155 - - [01/Apr/2025:22:11:52 -0400] "POST /xmlrpc.php HTTP/1.1" 200 0 "-" "python-httpx/0.22.0"
13.229.78.155 - - [01/Apr/2025:22:11:32 -0400] "POST /xmlrpc.php HTTP/1.1" 200 0 "-" "python-httpx/0.22.0"
212.8.248.108 - - [01/Apr/2025:22:12:13 -0400] "GET /gadget-aziendali-che-lasceranno-unimpressione-duratu</p> HTTP/1.1" 200 82335 "-" "Mozilla/5.0 (Windows NT 10.0; Win64; x64) AppleWebKit/537.36 (KHTML, like Gecko) Chrome/118.0.0.0 Safari/537.36"
51.222.253.11 - - [01/Apr/2025:22:12:16 -0400] "GET /meisterin-der-musik/ HTTP/1.1" 200 82333 "-" "Mozilla/5.0 (compatible; AhrefsBot/7.0; +http://ahrefs.com/robot/)"
3.147.47.202 - - [01/Apr/2025:22:12:38 -0400] "GET /it-managed-security-services-pricing HTTP/1.1" 200 82247 "-" "Mozilla/5.0 AppleWebKit/537.36 (KHTML, like Gecko; compatible; ClaudeBot/1.0; +claudebot@anthropic.com)"
51.222.253.19 - - [01/Apr/2025:22:13:15 -0400] "GET /author/jorge/page/63/ HTTP/1.1" 200 82297 "-" "Mozilla/5.0 (compatible; AhrefsBot/7.0; +http://ahrefs.com/robot/)"
51.222.253.10 - - [01/Apr/2025:22:14:20 -0400] "GET /author/jorge/page/34/ HTTP/1.1" 200 82247 "-" "Mozilla/5.0 (compatible; AhrefsBot/7.0; +http://ahrefs.com/robot/)"
198.54.114.83 - - [01/Apr/2025:22:14:59 -0400] "POST /wp-admin/admin-ajax.php?action=async_litespeed&nonce=EaPRQ0MrS979ZkcJdp96yjPq9AcqFiIU&litespeed_type=imgoptm HTTP/1.1" 200 0 "-" "WordPress/6.7.2; https://saamigraphics.com"
51.222.253.16 - - [01/Apr/2025:22:15:31 -0400] "GET /buying-youtube-views-and-subscribers/ HTTP/1.1" 200 82333 "-" "Mozilla/5.0 (compatible; AhrefsBot/7.0; +http://ahrefs.com/robot/)"
51.222.253.13 - - [01/Apr/2025:22:16:43 -0400] "GET /category/activity/page/82/ HTTP/1.1" 200 82333 "-" "Mozilla/5.0 (compatible; AhrefsBot/7.0; +http://ahrefs.com/robot/)"
51.222.253.9 - - [01/Apr/2025:22:17:41 -0400] "GET /author/jorge/page/71/ HTTP/1.1" 200 82333 "-" "Mozilla/5.0 (compatible; AhrefsBot/7.0; +http://ahrefs.com/robot/)"
51.222.253.5 - - [01/Apr/2025:22:18:31 -0400] "GET /how-to-calculate-the-time-it-takes-to-transfer-files/ HTTP/1.1" 200 82297 "-" "Mozilla/5.0 (compatible; AhrefsBot/7.0; +http://ahrefs.com/robot/)"
51.222.253.18 - - [01/Apr/2025:22:19:18 -0400] "GET /the-ultimate-guide-to-deleting-your-instagram-account/ HTTP/1.1" 200 82298 "-" "Mozilla/5.0 (compatible; AhrefsBot/7.0; +http://ahrefs.com/robot/)"
51.222.253.2 - - [01/Apr/2025:22:20:13 -0400] "GET /the-greatest-pizza-recipe-of-all-time/ HTTP/1.1" 200 82297 "-" "Mozilla/5.0 (compatible; AhrefsBot/7.0; +http://ahrefs.com/robot/)"
51.222.253.7 - - [01/Apr/2025:22:21:02 -0400] "GET /author/jorge/page/57/ HTTP/1.1" 200 82297 "-" "Mozilla/5.0 (compatible; AhrefsBot/7.0; +http://ahrefs.com/robot/)"
51.222.253.20 - - [01/Apr/2025:22:22:00 -0400] "GET /page/84/ HTTP/1.1" 200 82333 "-" "Mozilla/5.0 (compatible; AhrefsBot/7.0; +http://ahrefs.com/robot/)"
51.222.253.8 - - [01/Apr/2025:22:23:01 -0400] "GET /author/jorge/page/74/ HTTP/1.1" 200 82333 "-" "Mozilla/5.0 (compatible; AhrefsBot/7.0; +http://ahrefs.com/robot/)"
51.222.253.19 - - [01/Apr/2025:22:24:00 -0400] "GET /un-must-pour-le-bien-etre-au-travail/ HTTP/1.1" 200 82297 "-" "Mozilla/5.0 (compatible; AhrefsBot/7.0; +http://ahrefs.com/robot/)"
51.222.253.16 - - [01/Apr/2025:22:24:51 -0400] "GET /category/activity/page/56/ HTTP/1.1" 200 82298 "-" "Mozilla/5.0 (compatible; AhrefsBot/7.0; +http://ahrefs.com/robot/)"
51.222.253.16 - - [01/Apr/2025:22:25:45 -0400] "GET /the-backbone-of-modern-plumbing-systems/ HTTP/1.1" 200 82297 "-" "Mozilla/5.0 (compatible; AhrefsBot/7.0; +http://ahrefs.com/robot/)"
51.222.253.18 - - [01/Apr/2025:22:28:16 -0400] "GET /author/jorge/page/55/ HTTP/1.1" 200 82297 "-" "Mozilla/5.0 (compatible; AhrefsBot/7.0; +http://ahrefs.com/robot/)"
52.167.144.140 - - [01/Apr/2025:22:28:30 -0400] "GET /is-certified-health-coach-training-in-your-future/ HTTP/1.1" 200 82297 "-" "Mozilla/5.0 AppleWebKit/537.36 (KHTML, like Gecko; compatible; bingbot/2.0; +http://www.bing.com/bingbot.htm) Chrome/116.0.1938.76 Safari/537.36"
51.222.253.3 - - [01/Apr/2025:22:29:07 -0400] "GET /the-rise-of-prefab-homes-in-california/ HTTP/1.1" 200 82297 "-" "Mozilla/5.0 (compatible; AhrefsBot/7.0; +http://ahrefs.com/robot/)"
51.222.253.5 - - [01/Apr/2025:22:30:05 -0400] "GET /page/73/ HTTP/1.1" 200 82333 "-" "Mozilla/5.0 (compatible; AhrefsBot/7.0; +http://ahrefs.com/robot/)"
51.222.253.13 - - [01/Apr/2025:22:30:57 -0400] "GET /exploring-the-enchanting-chuan-park/ HTTP/1.1" 200 82297 "-" "Mozilla/5.0 (compatible; AhrefsBot/7.0; +http://ahrefs.com/robot/)"
51.222.253.18 - - [01/Apr/2025:22:31:56 -0400] "GET /best-valentines-gifts-for-teens/ HTTP/1.1" 200 82298 "-" "Mozilla/5.0 (compatible; AhrefsBot/7.0; +http://ahrefs.com/robot/)"
51.222.253.16 - - [01/Apr/2025:22:32:50 -0400] "GET /exploring-homes-for-sale-in-portland-oregon/ HTTP/1.1" 200 82297 "-" "Mozilla/5.0 (compatible; AhrefsBot/7.0; +http://ahrefs.com/robot/)"
51.222.253.17 - - [01/Apr/2025:22:33:51 -0400] "GET /a-haven-for-gaming-enthusiasts/ HTTP/1.1" 200 82297 "-" "Mozilla/5.0 (compatible; AhrefsBot/7.0; +http://ahrefs.com/robot/)"
51.222.253.5 - - [01/Apr/2025:22:34:45 -0400] "GET /unveiling-the-dynamic-realm-of-crypto-jobs/ HTTP/1.1" 200 82298 "-" "Mozilla/5.0 (compatible; AhrefsBot/7.0; +http://ahrefs.com/robot/)"
2a03:2880:f800:1c:: - - [01/Apr/2025:22:34:56 -0400] "GET /vita-glow-night-cream/ HTTP/1.1" 200 82333 "-" "meta-externalagent/1.1 (+https://developers.facebook.com/docs/sharing/webmasters/crawler)"
2a03:2880:f800:18:: - - [01/Apr/2025:22:34:59 -0400] "GET /exploring-the-bbl-revolution/ HTTP/1.1" 200 82297 "-" "meta-externalagent/1.1 (+https://developers.facebook.com/docs/sharing/webmasters/crawler)"
2a03:2880:3ff:6:: - - [01/Apr/2025:22:35:04 -0400] "GET /robots.txt HTTP/1.1" 200 82297 "-" "facebookexternalhit/1.1 (+http://www.facebook.com/externalhit_uatext.php)"
