217.113.194.81 - - [02/Apr/2025:06:19:44 -0400] "GET /navigating-the-maze-unraveling-the-intricacies-of-steuererklarung/ HTTP/1.1" 200 82333 "-" "Mozilla/5.0 (compatible; Barkrowler/0.9; +https://babbar.tech/crawler)"
217.113.194.80 - - [02/Apr/2025:06:20:03 -0400] "GET /navigating-the-allure-of-online-betting-a-closer-look-at-the-risks-and-rewards-2/ HTTP/1.1" 200 82297 "-" "Mozilla/5.0 (compatible; Barkrowler/0.9; +https://babbar.tech/crawler)"
51.222.253.11 - - [02/Apr/2025:06:20:15 -0400] "GET /page/52/ HTTP/1.1" 200 82297 "-" "Mozilla/5.0 (compatible; AhrefsBot/7.0; +http://ahrefs.com/robot/)"
217.113.194.76 - - [02/Apr/2025:06:20:21 -0400] "GET /innovative-ppr-pipes-and-fittings-enhancing-modern-plumbing-solutions/ HTTP/1.1" 200 82333 "-" "Mozilla/5.0 (compatible; Barkrowler/0.9; +https://babbar.tech/crawler)"
217.113.194.74 - - [02/Apr/2025:06:20:39 -0400] "GET /retinol-101-everything-you-need-to-know-before-you-buy-retinoin-uk/ HTTP/1.1" 200 82297 "-" "Mozilla/5.0 (compatible; Barkrowler/0.9; +https://babbar.tech/crawler)"
217.113.194.74 - - [02/Apr/2025:06:20:56 -0400] "GET /a-quick-guide-to-the-different-styles-of-bathroom-vanity-cabinets-available/ HTTP/1.1" 200 82333 "-" "Mozilla/5.0 (compatible; Barkrowler/0.9; +https://babbar.tech/crawler)"
217.113.194.80 - - [02/Apr/2025:06:21:15 -0400] "GET /revolutionizing-convenience-the-instant-hot-and-cold-water-tap/feed/ HTTP/1.1" 200 82297 "-" "Mozilla/5.0 (compatible; Barkrowler/0.9; +https://babbar.tech/crawler)"
217.113.194.73 - - [02/Apr/2025:06:21:34 -0400] "GET /revolutionizing-transactions-the-role-of-card-machines-for-small-businesses/ HTTP/1.1" 200 82297 "-" "Mozilla/5.0 (compatible; Barkrowler/0.9; +https://babbar.tech/crawler)"
217.113.194.81 - - [02/Apr/2025:06:21:51 -0400] "GET /title-the-evolution-and-impact-of-online-casinos-a-new-era-of-entertainment/feed/ HTTP/1.1" 200 82297 "-" "Mozilla/5.0 (compatible; Barkrowler/0.9; +https://babbar.tech/crawler)"
217.113.194.78 - - [02/Apr/2025:06:22:08 -0400] "GET /10-basement-renovation-ideas-to-transform-the-basement-into-a-fun-space/feed/ HTTP/1.1" 200 82333 "-" "Mozilla/5.0 (compatible; Barkrowler/0.9; +https://babbar.tech/crawler)"
217.113.194.80 - - [02/Apr/2025:06:22:25 -0400] "GET /unlocking-tiktok-success-the-power-of-buying-views-and-followers/feed/ HTTP/1.1" 200 82333 "-" "Mozilla/5.0 (compatible; Barkrowler/0.9; +https://babbar.tech/crawler)"
217.113.194.78 - - [02/Apr/2025:06:22:41 -0400] "GET /unlocking-the-secrets-how-to-ethically-gain-followers-on-tiktok/feed/ HTTP/1.1" 200 82333 "-" "Mozilla/5.0 (compatible; Barkrowler/0.9; +https://babbar.tech/crawler)"
217.113.194.72 - - [02/Apr/2025:06:23:00 -0400] "GET /unlocking-generosity-the-phenomenon-of-mrbeasts-free-gift-cards/feed/ HTTP/1.1" 200 82297 "-" "Mozilla/5.0 (compatible; Barkrowler/0.9; +https://babbar.tech/crawler)"
51.222.253.8 - - [02/Apr/2025:06:23:14 -0400] "GET /sitemap_index.xml HTTP/1.1" 200 82297 "-" "Mozilla/5.0 (compatible; AhrefsBot/7.0; +http://ahrefs.com/robot/)"
217.113.194.76 - - [02/Apr/2025:06:23:16 -0400] "GET /unveiling-the-restful-realm-choosing-the-best-cbd-for-sleep/ HTTP/1.1" 200 82333 "-" "Mozilla/5.0 (compatible; Barkrowler/0.9; +https://babbar.tech/crawler)"
217.113.194.81 - - [02/Apr/2025:06:23:33 -0400] "GET /unveiling-the-restful-realm-choosing-the-best-cbd-for-sleep/feed/ HTTP/1.1" 200 82389 "-" "Mozilla/5.0 (compatible; Barkrowler/0.9; +https://babbar.tech/crawler)"
217.113.194.76 - - [02/Apr/2025:06:23:50 -0400] "GET /unveiling-the-cosmos-the-enchanting-world-of-the-galaxy-lamp/feed/ HTTP/1.1" 200 82333 "-" "Mozilla/5.0 (compatible; Barkrowler/0.9; +https://babbar.tech/crawler)"
2a03:2880:f800:1b:: - - [02/Apr/2025:06:23:51 -0400] "GET /unleashing-compassion-the-power-of-fundraisers/ HTTP/1.1" 200 82297 "-" "meta-externalagent/1.1 (+https://developers.facebook.com/docs/sharing/webmasters/crawler)"
217.113.194.75 - - [02/Apr/2025:06:24:07 -0400] "GET /unleashing-the-breeze-the-marvel-of-floor-standing-fans/feed/ HTTP/1.1" 200 82297 "-" "Mozilla/5.0 (compatible; Barkrowler/0.9; +https://babbar.tech/crawler)"
217.113.194.72 - - [02/Apr/2025:06:24:24 -0400] "GET /deciphering-measurements-converting-1-8-inch-to-millimeters/ HTTP/1.1" 200 82297 "-" "Mozilla/5.0 (compatible; Barkrowler/0.9; +https://babbar.tech/crawler)"
217.113.194.78 - - [02/Apr/2025:06:24:40 -0400] "GET /deciphering-measurements-converting-1-8-inch-to-millimeters/feed/ HTTP/1.1" 200 82297 "-" "Mozilla/5.0 (compatible; Barkrowler/0.9; +https://babbar.tech/crawler)"
217.113.194.80 - - [02/Apr/2025:06:24:56 -0400] "GET /la-plateforme-de-paris-sportifs-1xbet-une-revolution-dans-le-monde-du-jeu/ HTTP/1.1" 200 82333 "-" "Mozilla/5.0 (compatible; Barkrowler/0.9; +https://babbar.tech/crawler)"
217.113.194.74 - - [02/Apr/2025:06:25:15 -0400] "GET /la-plateforme-de-paris-sportifs-1xbet-une-revolution-dans-le-monde-du-jeu/feed/ HTTP/1.1" 200 82333 "-" "Mozilla/5.0 (compatible; Barkrowler/0.9; +https://babbar.tech/crawler)"
217.113.194.75 - - [02/Apr/2025:06:25:32 -0400] "GET /swinging-through-scenic-fairways-exploring-vietnams-golfing-delights/ HTTP/1.1" 200 82297 "-" "Mozilla/5.0 (compatible; Barkrowler/0.9; +https://babbar.tech/crawler)"
217.113.194.77 - - [02/Apr/2025:06:25:48 -0400] "GET /adorn-your-wrists-with-elegance-the-allure-of-beaded-gemstone-bracelets/feed/ HTTP/1.1" 200 82297 "-" "Mozilla/5.0 (compatible; Barkrowler/0.9; +https://babbar.tech/crawler)"
217.113.194.75 - - [02/Apr/2025:06:26:05 -0400] "GET /kraft-der-videoanimationen-eine-kreative-welt-zum-leben-erwecken/ HTTP/1.1" 200 82333 "-" "Mozilla/5.0 (compatible; Barkrowler/0.9; +https://babbar.tech/crawler)"
217.113.194.78 - - [02/Apr/2025:06:26:22 -0400] "GET /optimieren-sie-ihren-umzug-mit-der-umzugsfirma-buchholz/ HTTP/1.1" 200 82333 "-" "Mozilla/5.0 (compatible; Barkrowler/0.9; +https://babbar.tech/crawler)"
217.113.194.80 - - [02/Apr/2025:06:26:39 -0400] "GET /scopri-il-paradiso-del-relax-al-resort-sul-lago-di-garda/feed/ HTTP/1.1" 200 82247 "-" "Mozilla/5.0 (compatible; Barkrowler/0.9; +https://babbar.tech/crawler)"
217.113.194.78 - - [02/Apr/2025:06:26:58 -0400] "GET /politicians-want-to-protect-us-from-the-evils-of-on-line-gambling-part-3/feed/ HTTP/1.1" 200 82333 "-" "Mozilla/5.0 (compatible; Barkrowler/0.9; +https://babbar.tech/crawler)"
217.113.194.72 - - [02/Apr/2025:06:27:16 -0400] "GET /palm-beach-corporations-see-the-benefits-of-assisted-caregiving-for-employees/feed/ HTTP/1.1" 200 82297 "-" "Mozilla/5.0 (compatible; Barkrowler/0.9; +https://babbar.tech/crawler)"
217.113.194.80 - - [02/Apr/2025:06:27:32 -0400] "GET /exploring-homes-for-sale-in-sonoma-ca-your-guide-to-finding-the-perfect-property/ HTTP/1.1" 200 82333 "-" "Mozilla/5.0 (compatible; Barkrowler/0.9; +https://babbar.tech/crawler)"
217.113.194.75 - - [02/Apr/2025:06:27:49 -0400] "GET /exploring-sora-showflat-a-glimpse-into-modern-living/feed/ HTTP/1.1" 200 82298 "-" "Mozilla/5.0 (compatible; Barkrowler/0.9; +https://babbar.tech/crawler)"
51.222.253.15 - - [02/Apr/2025:06:27:52 -0400] "GET /un-paradiso-rurale-con-spa-sul-lago-di-garda/ HTTP/1.1" 200 82297 "-" "Mozilla/5.0 (compatible; AhrefsBot/7.0; +http://ahrefs.com/robot/)"
217.113.194.74 - - [02/Apr/2025:06:28:05 -0400] "GET /football-betting-system-101-professional-betting-best-practices-and-strategies/feed/ HTTP/1.1" 200 82297 "-" "Mozilla/5.0 (compatible; Barkrowler/0.9; +https://babbar.tech/crawler)"
217.113.194.81 - - [02/Apr/2025:06:28:22 -0400] "GET /the-differences-between-a-referral-agency-and-an-in-home-caregiving-service/ HTTP/1.1" 200 82297 "-" "Mozilla/5.0 (compatible; Barkrowler/0.9; +https://babbar.tech/crawler)"
217.113.194.75 - - [02/Apr/2025:06:28:38 -0400] "GET /ardor-residence-developer-a-blend-of-urban-convenience-and-tranquility/ HTTP/1.1" 200 82389 "-" "Mozilla/5.0 (compatible; Barkrowler/0.9; +https://babbar.tech/crawler)"
217.113.194.75 - - [02/Apr/2025:06:28:55 -0400] "GET /les-vetements-pour-femmes-inspires-de-la-mode-masculine-symbolisent-le-statut/feed/ HTTP/1.1" 200 82333 "-" "Mozilla/5.0 (compatible; Barkrowler/0.9; +https://babbar.tech/crawler)"
217.113.194.77 - - [02/Apr/2025:06:29:11 -0400] "GET /cant-afford-to-buy-hair-salon-chairs-rent-them-instead/feed/ HTTP/1.1" 200 82247 "-" "Mozilla/5.0 (compatible; Barkrowler/0.9; +https://babbar.tech/crawler)"
154.54.249.200 - - [02/Apr/2025:06:29:27 -0400] "GET /fesselnde-aromen-entdecken-sie-den-reiz-von-herrenparfums/ HTTP/1.1" 200 82297 "-" "Mozilla/5.0 (compatible; Barkrowler/0.9; +https://babbar.tech/crawler)"
217.113.194.75 - - [02/Apr/2025:06:29:43 -0400] "GET /toptips-til-at-vaelge-det-perfekte-par-solvoreringe/feed/ HTTP/1.1" 200 82297 "-" "Mozilla/5.0 (compatible; Barkrowler/0.9; +https://babbar.tech/crawler)"
217.113.194.79 - - [02/Apr/2025:06:29:59 -0400] "GET /private-money-lenders-can-be-the-perfect-solution-when-a-bank-declines-your-loan/ HTTP/1.1" 200 82297 "-" "Mozilla/5.0 (compatible; Barkrowler/0.9; +https://babbar.tech/crawler)"
217.113.194.72 - - [02/Apr/2025:06:30:17 -0400] "GET /dometic-cooling-units-how-to-keep-them-in-top-shape/feed/ HTTP/1.1" 200 82333 "-" "Mozilla/5.0 (compatible; Barkrowler/0.9; +https://babbar.tech/crawler)"
217.113.194.75 - - [02/Apr/2025:06:30:34 -0400] "GET /fugen-sie-eine-stilvolle-note-mit-hangelampen-hinzu/feed/ HTTP/1.1" 200 82333 "-" "Mozilla/5.0 (compatible; Barkrowler/0.9; +https://babbar.tech/crawler)"
2a02:598:128:8a00::b00:3 - - [02/Apr/2025:06:30:45 -0400] "GET /where-to-find-the-best-desserts-in-sydney/ HTTP/1.1" 200 82297 "-" "Mozilla/5.0 (compatible; SeznamBot/4.0; +https://o-seznam.cz/napoveda/vyhledavani/en/seznambot-crawler/)"
217.113.194.77 - - [02/Apr/2025:06:30:50 -0400] "GET /naviguer-dans-la-zone-de-confort-un-guide-complet-sur-lanesthesie-dentaire/ HTTP/1.1" 200 82333 "-" "Mozilla/5.0 (compatible; Barkrowler/0.9; +https://babbar.tech/crawler)"
217.113.194.76 - - [02/Apr/2025:06:31:06 -0400] "GET /naviguer-dans-la-zone-de-confort-un-guide-complet-sur-lanesthesie-dentaire/feed/ HTTP/1.1" 200 82333 "-" "Mozilla/5.0 (compatible; Barkrowler/0.9; +https://babbar.tech/crawler)"
217.113.194.79 - - [02/Apr/2025:06:31:24 -0400] "GET /discovering-klimt-cairnhill-showflat-a-glimpse-into-luxury-living/ HTTP/1.1" 200 82333 "-" "Mozilla/5.0 (compatible; Barkrowler/0.9; +https://babbar.tech/crawler)"
217.113.194.72 - - [02/Apr/2025:06:31:40 -0400] "GET /discovering-midtown-modern-showflat-a-glimpse-into-urban-luxury/feed/ HTTP/1.1" 200 82298 "-" "Mozilla/5.0 (compatible; Barkrowler/0.9; +https://babbar.tech/crawler)"
51.222.253.11 - - [02/Apr/2025:06:31:51 -0400] "GET /author/jorge/page/121/ HTTP/1.1" 200 82297 "-" "Mozilla/5.0 (compatible; AhrefsBot/7.0; +http://ahrefs.com/robot/)"
217.113.194.79 - - [02/Apr/2025:06:31:59 -0400] "GET /revitalizing-your-homes-entrance-the-power-of-pressure-cleaned-driveways/feed/ HTTP/1.1" 200 82333 "-" "Mozilla/5.0 (compatible; Barkrowler/0.9; +https://babbar.tech/crawler)"
217.113.194.72 - - [02/Apr/2025:06:32:16 -0400] "GET /revitalizing-your-homes-entrance-the-power-of-pressure-cleaned-driveways/ HTTP/1.1" 200 82333 "-" "Mozilla/5.0 (compatible; Barkrowler/0.9; +https://babbar.tech/crawler)"
217.113.194.77 - - [02/Apr/2025:06:32:34 -0400] "GET /einfuhrung-in-die-dienstleistungen-eines-scheidungsanwalts-in-hattingen/feed/ HTTP/1.1" 200 82333 "-" "Mozilla/5.0 (compatible; Barkrowler/0.9; +https://babbar.tech/crawler)"
217.113.194.73 - - [02/Apr/2025:06:32:50 -0400] "GET /ensuring-comfort-and-efficiency-exploring-the-world-of-hvac-repair-services/ HTTP/1.1" 200 82333 "-" "Mozilla/5.0 (compatible; Barkrowler/0.9; +https://babbar.tech/crawler)"
217.113.194.73 - - [02/Apr/2025:06:33:07 -0400] "GET /ensuring-comfort-and-efficiency-exploring-the-world-of-hvac-repair-services/feed/ HTTP/1.1" 200 82297 "-" "Mozilla/5.0 (compatible; Barkrowler/0.9; +https://babbar.tech/crawler)"
217.113.194.76 - - [02/Apr/2025:06:33:23 -0400] "GET /effortless-compliance-with-taxbuddys-tax-audit-calculator/feed/ HTTP/1.1" 200 82333 "-" "Mozilla/5.0 (compatible; Barkrowler/0.9; +https://babbar.tech/crawler)"
58.254.68.93 - - [02/Apr/2025:06:33:29 -0400] "GET /how-to-find-a-locksmith-near-me/ HTTP/1.1" 200 82297 "https://saamigraphics.com" "Mozilla/5.0 (Windows NT 10.0; Win64; x64) AppleWebKit/537.36 (KHTML, like Gecko) Chrome/62.0.3202.94 Safari/537.36"
217.113.194.74 - - [02/Apr/2025:06:33:39 -0400] "GET /ritiro-rurale-lultima-fattoria-con-esperienza-spa/feed/ HTTP/1.1" 200 82333 "-" "Mozilla/5.0 (compatible; Barkrowler/0.9; +https://babbar.tech/crawler)"
217.113.194.72 - - [02/Apr/2025:06:33:55 -0400] "GET /free-typing-test-find-out-your-current-typing-speed-and-accuracy/feed/ HTTP/1.1" 200 82333 "-" "Mozilla/5.0 (compatible; Barkrowler/0.9; +https://babbar.tech/crawler)"
217.113.194.74 - - [02/Apr/2025:06:34:12 -0400] "GET /die-kunst-der-hangeleuchten-eine-beleuchtungsoption-mit-stil/feed/ HTTP/1.1" 200 82297 "-" "Mozilla/5.0 (compatible; Barkrowler/0.9; +https://babbar.tech/crawler)"
217.113.194.72 - - [02/Apr/2025:06:34:28 -0400] "GET /die-tiefen-von-psychologe-entwirren-eine-reise-in-den-geist/ HTTP/1.1" 200 82298 "-" "Mozilla/5.0 (compatible; Barkrowler/0.9; +https://babbar.tech/crawler)"
47.82.14.189 - - [02/Apr/2025:06:34:31 -0400] "GET /title-the-evolution-and-impact-of-online-casinos-a-new-era-of-entertainment/ HTTP/1.1" 200 82333 "-" "Mozilla/5.0 (iPhone; CPU iPhone OS 17_0 like Mac OS X) AppleWebKit/605.1.15 (KHTML, like Gecko) Version/17.0 Mobile/15E148 Safari/604.1 OPT/4.2.3"
154.54.249.200 - - [02/Apr/2025:06:34:45 -0400] "GET /navigating-the-pitfalls-the-perils-of-buying-1000-tiktok-followers/ HTTP/1.1" 200 82333 "-" "Mozilla/5.0 (compatible; Barkrowler/0.9; +https://babbar.tech/crawler)"
217.113.194.72 - - [02/Apr/2025:06:35:02 -0400] "GET /navigating-the-pitfalls-the-perils-of-buying-1000-tiktok-followers/feed/ HTTP/1.1" 200 82297 "-" "Mozilla/5.0 (compatible; Barkrowler/0.9; +https://babbar.tech/crawler)"
217.113.194.76 - - [02/Apr/2025:06:35:20 -0400] "GET /navigating-the-maze-unraveling-the-intricacies-of-steuererklarungs/ HTTP/1.1" 200 82297 "-" "Mozilla/5.0 (compatible; Barkrowler/0.9; +https://babbar.tech/crawler)"
217.113.194.75 - - [02/Apr/2025:06:35:38 -0400] "GET /navigating-the-allure-of-online-betting-a-closer-look-at-the-risks-and-rewards/feed/ HTTP/1.1" 200 82297 "-" "Mozilla/5.0 (compatible; Barkrowler/0.9; +https://babbar.tech/crawler)"
217.113.194.75 - - [02/Apr/2025:06:35:54 -0400] "GET /navigating-the-allure-of-online-betting-a-closer-look-at-the-risks-and-rewards-2/feed/ HTTP/1.1" 200 82297 "-" "Mozilla/5.0 (compatible; Barkrowler/0.9; +https://babbar.tech/crawler)"
51.222.253.11 - - [02/Apr/2025:06:35:57 -0400] "GET /how-to-track-and-optimize-retaining-youtube-subscribers/ HTTP/1.1" 200 82333 "-" "Mozilla/5.0 (compatible; AhrefsBot/7.0; +http://ahrefs.com/robot/)"
217.113.194.75 - - [02/Apr/2025:06:36:11 -0400] "GET /den-glanz-enthullen-die-magie-von-silberputzmittel/feed/ HTTP/1.1" 200 82297 "-" "Mozilla/5.0 (compatible; Barkrowler/0.9; +https://babbar.tech/crawler)"
217.113.194.81 - - [02/Apr/2025:06:36:30 -0400] "GET /innovative-ppr-pipes-and-fittings-enhancing-modern-plumbing-solutions/feed/ HTTP/1.1" 200 82297 "-" "Mozilla/5.0 (compatible; Barkrowler/0.9; +https://babbar.tech/crawler)"
217.113.194.72 - - [02/Apr/2025:06:36:46 -0400] "GET /a-quick-guide-to-the-different-styles-of-bathroom-vanity-cabinets-available/feed/ HTTP/1.1" 200 82333 "-" "Mozilla/5.0 (compatible; Barkrowler/0.9; +https://babbar.tech/crawler)"
217.113.194.77 - - [02/Apr/2025:06:37:03 -0400] "GET /revolutionizing-transactions-the-role-of-card-machines-for-small-businesses/feed/ HTTP/1.1" 200 82333 "-" "Mozilla/5.0 (compatible; Barkrowler/0.9; +https://babbar.tech/crawler)"
217.113.194.81 - - [02/Apr/2025:06:37:19 -0400] "GET /revolutionizing-fashion-custom-socks-with-no-minimum-order-quantity-moq/feed/ HTTP/1.1" 200 82297 "-" "Mozilla/5.0 (compatible; Barkrowler/0.9; +https://babbar.tech/crawler)"
154.54.249.200 - - [02/Apr/2025:06:37:36 -0400] "GET /unlocking-success-proven-strategies-to-skyrocket-your-youtube-subscribers/feed/ HTTP/1.1" 200 82297 "-" "Mozilla/5.0 (compatible; Barkrowler/0.9; +https://babbar.tech/crawler)"
217.113.194.80 - - [02/Apr/2025:06:37:52 -0400] "GET /unlocking-organic-growth-the-art-of-manually-buying-youtube-views/feed/ HTTP/1.1" 200 82333 "-" "Mozilla/5.0 (compatible; Barkrowler/0.9; +https://babbar.tech/crawler)"
217.113.194.72 - - [02/Apr/2025:06:38:08 -0400] "GET /unlocking-wellness-discovering-the-benefits-of-chiropractic-care-in-dubai/ HTTP/1.1" 200 82333 "-" "Mozilla/5.0 (compatible; Barkrowler/0.9; +https://babbar.tech/crawler)"
217.113.194.77 - - [02/Apr/2025:06:38:24 -0400] "GET /unveiling-the-essence-of-carer-dorchester-nurturing-lives-with-compassion/ HTTP/1.1" 200 82298 "-" "Mozilla/5.0 (compatible; Barkrowler/0.9; +https://babbar.tech/crawler)"
217.113.194.80 - - [02/Apr/2025:06:38:41 -0400] "GET /unveiling-the-unmatched-comfort-and-performance-of-custom-athletic-socks/ HTTP/1.1" 200 82297 "-" "Mozilla/5.0 (compatible; Barkrowler/0.9; +https://babbar.tech/crawler)"
217.113.194.75 - - [02/Apr/2025:06:38:59 -0400] "GET /unveiling-excellence-navigating-the-best-car-dealers-in-hamilton/feed/ HTTP/1.1" 200 82297 "-" "Mozilla/5.0 (compatible; Barkrowler/0.9; +https://babbar.tech/crawler)"
217.113.194.78 - - [02/Apr/2025:06:39:17 -0400] "GET /efficient-residential-property-management-services-elevating-homeownership-experience/ HTTP/1.1" 200 82297 "-" "Mozilla/5.0 (compatible; Barkrowler/0.9; +https://babbar.tech/crawler)"
217.113.194.72 - - [02/Apr/2025:06:39:35 -0400] "GET /la-plateforme-de-paris-sportifs-1xbet-une-aventure-ludique-et-lucrative/ HTTP/1.1" 200 82297 "-" "Mozilla/5.0 (compatible; Barkrowler/0.9; +https://babbar.tech/crawler)"
51.222.253.5 - - [02/Apr/2025:06:39:46 -0400] "GET /how-to-incorporate-a-company-in-singapore/ HTTP/1.1" 200 82333 "-" "Mozilla/5.0 (compatible; AhrefsBot/7.0; +http://ahrefs.com/robot/)"
217.113.194.77 - - [02/Apr/2025:06:39:52 -0400] "GET /affordable-care-act-aca-insurance-calculator-self-insured-person-2024/ HTTP/1.1" 200 82297 "-" "Mozilla/5.0 (compatible; Barkrowler/0.9; +https://babbar.tech/crawler)"
217.113.194.77 - - [02/Apr/2025:06:40:09 -0400] "GET /kraft-der-videoanimationen-eine-kreative-welt-zum-leben-erwecken/feed/ HTTP/1.1" 200 82333 "-" "Mozilla/5.0 (compatible; Barkrowler/0.9; +https://babbar.tech/crawler)"
217.113.194.76 - - [02/Apr/2025:06:40:25 -0400] "GET /exploring-homes-for-sale-in-sonoma-ca-your-guide-to-finding-the-perfect-property/feed/ HTTP/1.1" 200 82297 "-" "Mozilla/5.0 (compatible; Barkrowler/0.9; +https://babbar.tech/crawler)"
217.113.194.74 - - [02/Apr/2025:06:40:42 -0400] "GET /the-differences-between-a-referral-agency-and-an-in-home-caregiving-service/feed/ HTTP/1.1" 200 82297 "-" "Mozilla/5.0 (compatible; Barkrowler/0.9; +https://babbar.tech/crawler)"
217.113.194.74 - - [02/Apr/2025:06:40:58 -0400] "GET /assurer-la-dignite-aide-gouvernementale-aux-douches-pour-personnes-agees/ HTTP/1.1" 200 82297 "-" "Mozilla/5.0 (compatible; Barkrowler/0.9; +https://babbar.tech/crawler)"
217.113.194.78 - - [02/Apr/2025:06:41:14 -0400] "GET /streamlined-comfort-the-evolution-of-instant-hot-and-cold-water-taps/ HTTP/1.1" 200 82297 "-" "Mozilla/5.0 (compatible; Barkrowler/0.9; +https://babbar.tech/crawler)"
217.113.194.78 - - [02/Apr/2025:06:41:30 -0400] "GET /fesselnde-aromen-entdecken-sie-den-reiz-von-herrenparfums/feed/ HTTP/1.1" 200 82297 "-" "Mozilla/5.0 (compatible; Barkrowler/0.9; +https://babbar.tech/crawler)"
154.54.249.200 - - [02/Apr/2025:06:41:47 -0400] "GET /7-reasons-why-you-should-stop-using-plastic-bags-and-move-to-paper-bags/feed/ HTTP/1.1" 200 82333 "-" "Mozilla/5.0 (compatible; Barkrowler/0.9; +https://babbar.tech/crawler)"
154.54.249.200 - - [02/Apr/2025:06:42:03 -0400] "GET /private-money-lenders-can-be-the-perfect-solution-when-a-bank-declines-your-loan/feed/ HTTP/1.1" 200 82297 "-" "Mozilla/5.0 (compatible; Barkrowler/0.9; +https://babbar.tech/crawler)"
217.113.194.76 - - [02/Apr/2025:06:42:19 -0400] "GET /transformando-la-eficiencia-conversores-de-unidades-de-consumo-de-combustible/ HTTP/1.1" 200 82297 "-" "Mozilla/5.0 (compatible; Barkrowler/0.9; +https://babbar.tech/crawler)"
217.113.194.76 - - [02/Apr/2025:06:42:36 -0400] "GET /ensuring-precision-the-importance-of-a-pilot-hole-for-3-8-lag-screw/ HTTP/1.1" 200 82333 "-" "Mozilla/5.0 (compatible; Barkrowler/0.9; +https://babbar.tech/crawler)"
217.113.194.77 - - [02/Apr/2025:06:42:53 -0400] "GET /ensuring-precision-the-importance-of-a-pilot-hole-for-3-8-lag-screw/feed/ HTTP/1.1" 200 82333 "-" "Mozilla/5.0 (compatible; Barkrowler/0.9; +https://babbar.tech/crawler)"
217.113.194.80 - - [02/Apr/2025:06:43:09 -0400] "GET /die-tiefen-von-psychologe-entwirren-eine-reise-in-den-geist/feed/ HTTP/1.1" 200 82333 "-" "Mozilla/5.0 (compatible; Barkrowler/0.9; +https://babbar.tech/crawler)"
51.222.253.12 - - [02/Apr/2025:06:43:19 -0400] "GET /the-rise-of-cluster-as-a-service/ HTTP/1.1" 200 82333 "-" "Mozilla/5.0 (compatible; AhrefsBot/7.0; +http://ahrefs.com/robot/)"
217.113.194.77 - - [02/Apr/2025:06:43:26 -0400] "GET /navigating-the-maze-unraveling-the-intricacies-of-steuererklarung/feed/ HTTP/1.1" 200 82297 "-" "Mozilla/5.0 (compatible; Barkrowler/0.9; +https://babbar.tech/crawler)"
217.113.194.79 - - [02/Apr/2025:06:43:43 -0400] "GET /navigating-the-maze-unraveling-the-intricacies-of-steuererklarungs/feed/ HTTP/1.1" 200 82333 "-" "Mozilla/5.0 (compatible; Barkrowler/0.9; +https://babbar.tech/crawler)"
217.113.194.75 - - [02/Apr/2025:06:43:59 -0400] "GET /luneburg-umzugsunternehmen-ihre-experten-fur-stressfreie-umzuge/ HTTP/1.1" 200 82333 "-" "Mozilla/5.0 (compatible; Barkrowler/0.9; +https://babbar.tech/crawler)"
154.54.249.200 - - [02/Apr/2025:06:44:15 -0400] "GET /luneburg-umzugsunternehmen-ihre-experten-fur-stressfreie-umzuge/feed/ HTTP/1.1" 200 82333 "-" "Mozilla/5.0 (compatible; Barkrowler/0.9; +https://babbar.tech/crawler)"
217.113.194.75 - - [02/Apr/2025:06:44:32 -0400] "GET /erfolgreiches-verhandlungstraining-im-einkauf-strategien-und-methoden/ HTTP/1.1" 200 82333 "-" "Mozilla/5.0 (compatible; Barkrowler/0.9; +https://babbar.tech/crawler)"
217.113.194.76 - - [02/Apr/2025:06:44:48 -0400] "GET /erfolgreiches-verhandlungstraining-im-einkauf-strategien-und-methoden/feed/ HTTP/1.1" 200 82297 "-" "Mozilla/5.0 (compatible; Barkrowler/0.9; +https://babbar.tech/crawler)"
217.113.194.81 - - [02/Apr/2025:06:45:05 -0400] "GET /unlocking-success-a-comprehensive-guide-on-how-to-get-more-subscribers-on-youtube/ HTTP/1.1" 200 82333 "-" "Mozilla/5.0 (compatible; Barkrowler/0.9; +https://babbar.tech/crawler)"
154.54.249.200 - - [02/Apr/2025:06:45:21 -0400] "GET /unlocking-wellness-discovering-the-benefits-of-chiropractic-care-in-dubai/feed/ HTTP/1.1" 200 82297 "-" "Mozilla/5.0 (compatible; Barkrowler/0.9; +https://babbar.tech/crawler)"
217.113.194.77 - - [02/Apr/2025:06:45:38 -0400] "GET /unlocking-radiance-the-power-of-vita-glow-skin-whitening-night-cream/ HTTP/1.1" 200 82333 "-" "Mozilla/5.0 (compatible; Barkrowler/0.9; +https://babbar.tech/crawler)"
217.113.194.74 - - [02/Apr/2025:06:45:54 -0400] "GET /unlocking-radiance-the-power-of-vita-glow-skin-whitening-night-cream/feed/ HTTP/1.1" 200 82297 "-" "Mozilla/5.0 (compatible; Barkrowler/0.9; +https://babbar.tech/crawler)"
217.113.194.75 - - [02/Apr/2025:06:46:10 -0400] "GET /unlocking-digital-fun-purchasing-steam-gift-cards-with-cryptocurrency/ HTTP/1.1" 200 82297 "-" "Mozilla/5.0 (compatible; Barkrowler/0.9; +https://babbar.tech/crawler)"
217.113.194.76 - - [02/Apr/2025:06:46:27 -0400] "GET /unveiling-the-essence-of-carer-dorchester-nurturing-lives-with-compassion/feed/ HTTP/1.1" 200 82297 "-" "Mozilla/5.0 (compatible; Barkrowler/0.9; +https://babbar.tech/crawler)"
217.113.194.81 - - [02/Apr/2025:06:46:43 -0400] "GET /unveiling-the-ultimate-elegance-choosing-the-best-hair-dryer-for-your-tresses/ HTTP/1.1" 200 82297 "-" "Mozilla/5.0 (compatible; Barkrowler/0.9; +https://babbar.tech/crawler)"
217.113.194.72 - - [02/Apr/2025:06:46:59 -0400] "GET /unveiling-the-unmatched-comfort-and-performance-of-custom-athletic-socks/feed/ HTTP/1.1" 200 82333 "-" "Mozilla/5.0 (compatible; Barkrowler/0.9; +https://babbar.tech/crawler)"
217.113.194.76 - - [02/Apr/2025:06:47:15 -0400] "GET /unleashing-the-power-of-qr-codes-exploring-the-best-free-qr-code-generators/ HTTP/1.1" 200 82333 "-" "Mozilla/5.0 (compatible; Barkrowler/0.9; +https://babbar.tech/crawler)"
51.222.253.5 - - [02/Apr/2025:06:47:22 -0400] "GET /discover-the-magic-of-rainbow-riches-casino-2/ HTTP/1.1" 200 82297 "-" "Mozilla/5.0 (compatible; AhrefsBot/7.0; +http://ahrefs.com/robot/)"
217.113.194.78 - - [02/Apr/2025:06:47:31 -0400] "GET /la-plateforme-de-paris-sportifs-1xbet-une-aventure-ludique-et-lucrative/feed/ HTTP/1.1" 200 82297 "-" "Mozilla/5.0 (compatible; Barkrowler/0.9; +https://babbar.tech/crawler)"
217.113.194.78 - - [02/Apr/2025:06:47:47 -0400] "GET /lart-et-la-science-derriere-la-dentisterie-devoiler-le-monde-du-dentiste/ HTTP/1.1" 200 82297 "-" "Mozilla/5.0 (compatible; Barkrowler/0.9; +https://babbar.tech/crawler)"
217.113.194.72 - - [02/Apr/2025:06:48:05 -0400] "GET /swinging-through-scenic-fairways-exploring-vietnams-golfing-delights/feed/ HTTP/1.1" 200 82297 "-" "Mozilla/5.0 (compatible; Barkrowler/0.9; +https://babbar.tech/crawler)"
217.113.194.72 - - [02/Apr/2025:06:48:22 -0400] "GET /elevating-homes-der-gipfel-der-dachdecker-exzellenz-in-hamburg/ HTTP/1.1" 200 82333 "-" "Mozilla/5.0 (compatible; Barkrowler/0.9; +https://babbar.tech/crawler)"
217.113.194.76 - - [02/Apr/2025:06:48:40 -0400] "GET /rediscovering-kassia-a-trailblazing-voice-in-byzantine-hymnography/ HTTP/1.1" 200 82297 "-" "Mozilla/5.0 (compatible; Barkrowler/0.9; +https://babbar.tech/crawler)"
217.113.194.75 - - [02/Apr/2025:06:48:57 -0400] "GET /optimieren-sie-ihren-umzug-mit-der-umzugsfirma-buchholz/feed/ HTTP/1.1" 200 82333 "-" "Mozilla/5.0 (compatible; Barkrowler/0.9; +https://babbar.tech/crawler)"
217.113.194.76 - - [02/Apr/2025:06:49:13 -0400] "GET /verhandlungstraining-schlussel-zu-erfolgreichen-gesprachen/ HTTP/1.1" 200 82297 "-" "Mozilla/5.0 (compatible; Barkrowler/0.9; +https://babbar.tech/crawler)"
217.113.194.81 - - [02/Apr/2025:06:49:30 -0400] "GET /exploring-the-toa-payoh-condo-showflat-a-gateway-to-modern-living/ HTTP/1.1" 200 82333 "-" "Mozilla/5.0 (compatible; Barkrowler/0.9; +https://babbar.tech/crawler)"
47.82.28.37 - - [02/Apr/2025:06:49:35 -0400] "GET /%E0%B9%82%E0%B8%A5%E0%B8%81%E0%B8%AD%E0%B8%B1%E0%B8%99%E0%B8%99%E0%B9%88%E0%B8%B2%E0%B8%95%E0%B8%B7%E0%B9%88%E0%B8%99%E0%B9%80%E0%B8%95%E0%B9%89%E0%B8%99%E0%B8%82%E0%B8%AD%E0%B8%87%E0%B8%AA%E0%B8%A5/ HTTP/1.1" 200 82297 "-" "Mozilla/5.0 (iPhone; CPU iPhone OS 17_0 like Mac OS X) AppleWebKit/605.1.15 (KHTML, like Gecko) EdgiOS/116.0.1938.79 Version/17.0 Mobile/15E148 Safari/604.1"
217.113.194.76 - - [02/Apr/2025:06:49:46 -0400] "GET /ardor-residence-developer-a-blend-of-urban-convenience-and-tranquility/feed/ HTTP/1.1" 200 82298 "-" "Mozilla/5.0 (compatible; Barkrowler/0.9; +https://babbar.tech/crawler)"
217.113.194.78 - - [02/Apr/2025:06:50:05 -0400] "GET /celebrities-and-the-unseen-struggle-the-controversy-surrounding-buffalo-hump/ HTTP/1.1" 200 82297 "-" "Mozilla/5.0 (compatible; Barkrowler/0.9; +https://babbar.tech/crawler)"
217.113.194.80 - - [02/Apr/2025:06:50:23 -0400] "GET /discovering-klimt-cairnhill-showflat-a-glimpse-into-luxury-living/feed/ HTTP/1.1" 200 82333 "-" "Mozilla/5.0 (compatible; Barkrowler/0.9; +https://babbar.tech/crawler)"
217.113.194.74 - - [02/Apr/2025:06:50:40 -0400] "GET /boosting-your-tiktok-presence-the-power-of-buying-tiktok-video-saves/ HTTP/1.1" 200 82333 "-" "Mozilla/5.0 (compatible; Barkrowler/0.9; +https://babbar.tech/crawler)"
217.113.194.80 - - [02/Apr/2025:06:50:59 -0400] "GET /boosting-your-tiktok-presence-the-power-of-buying-tiktok-video-saves/feed/ HTTP/1.1" 200 82297 "-" "Mozilla/5.0 (compatible; Barkrowler/0.9; +https://babbar.tech/crawler)"
51.222.253.18 - - [02/Apr/2025:06:51:12 -0400] "GET /author/jorge/page/22/ HTTP/1.1" 200 82389 "-" "Mozilla/5.0 (compatible; AhrefsBot/7.0; +http://ahrefs.com/robot/)"
217.113.194.74 - - [02/Apr/2025:06:51:16 -0400] "GET /nourrir-les-sourires-le-role-vital-du-dentiste-enfant-en-dentisterie-pediatrique/ HTTP/1.1" 200 82297 "-" "Mozilla/5.0 (compatible; Barkrowler/0.9; +https://babbar.tech/crawler)"
217.113.194.73 - - [02/Apr/2025:06:51:33 -0400] "GET /obamas-nobel-prize-will-exacerbate-his-narcissistic-tendencies/ HTTP/1.1" 200 82298 "-" "Mozilla/5.0 (compatible; Barkrowler/0.9; +https://babbar.tech/crawler)"
217.113.194.81 - - [02/Apr/2025:06:51:49 -0400] "GET /renaissance-feminine-le-pouvoir-des-supplements-alimentaires-pour-la-fertilite-feminine/ HTTP/1.1" 200 82297 "-" "Mozilla/5.0 (compatible; Barkrowler/0.9; +https://babbar.tech/crawler)"
2a03:2880:f800:6:: - - [02/Apr/2025:06:51:54 -0400] "GET /frequency-work/ HTTP/1.1" 200 82333 "-" "meta-externalagent/1.1 (+https://developers.facebook.com/docs/sharing/webmasters/crawler)"
217.113.194.77 - - [02/Apr/2025:06:52:05 -0400] "GET /stilvolle-beleuchtung-fur-ihr-zuhause-die-moderne-hangelampe/ HTTP/1.1" 200 82333 "-" "Mozilla/5.0 (compatible; Barkrowler/0.9; +https://babbar.tech/crawler)"
217.113.194.77 - - [02/Apr/2025:06:52:21 -0400] "GET /stilvolle-beleuchtung-fur-ihr-zuhause-die-moderne-hangelampe/feed/ HTTP/1.1" 200 82297 "-" "Mozilla/5.0 (compatible; Barkrowler/0.9; +https://babbar.tech/crawler)"
217.113.194.73 - - [02/Apr/2025:06:52:38 -0400] "GET /die-besten-umzugsunternehmen-in-hamburg-fur-stressfreie-umzuge/ HTTP/1.1" 200 82333 "-" "Mozilla/5.0 (compatible; Barkrowler/0.9; +https://babbar.tech/crawler)"
217.113.194.77 - - [02/Apr/2025:06:52:55 -0400] "GET /die-besten-umzugsunternehmen-in-hamburg-fur-stressfreie-umzuge/feed/ HTTP/1.1" 200 82297 "-" "Mozilla/5.0 (compatible; Barkrowler/0.9; +https://babbar.tech/crawler)"
217.113.194.74 - - [02/Apr/2025:06:53:11 -0400] "GET /die-bedeutung-der-beauftragung-eines-insolvenzanwalts-in-valencia/feed/ HTTP/1.1" 200 82298 "-" "Mozilla/5.0 (compatible; Barkrowler/0.9; +https://babbar.tech/crawler)"
217.113.194.81 - - [02/Apr/2025:06:53:27 -0400] "GET /die-bedeutung-der-beauftragung-eines-insolvenzanwalts-in-valencia/ HTTP/1.1" 200 82297 "-" "Mozilla/5.0 (compatible; Barkrowler/0.9; +https://babbar.tech/crawler)"
217.113.194.76 - - [02/Apr/2025:06:53:44 -0400] "GET /retinol-101-everything-you-need-to-know-before-you-buy-retinoin-uk/feed/ HTTP/1.1" 200 82297 "-" "Mozilla/5.0 (compatible; Barkrowler/0.9; +https://babbar.tech/crawler)"
217.113.194.72 - - [02/Apr/2025:06:54:02 -0400] "GET /unlocking-success-a-comprehensive-guide-on-how-to-get-more-subscribers-on-youtube-2/ HTTP/1.1" 200 82333 "-" "Mozilla/5.0 (compatible; Barkrowler/0.9; +https://babbar.tech/crawler)"
217.113.194.75 - - [02/Apr/2025:06:54:18 -0400] "GET /unlocking-success-a-comprehensive-guide-on-how-to-get-more-subscribers-on-youtube/feed/ HTTP/1.1" 200 82333 "-" "Mozilla/5.0 (compatible; Barkrowler/0.9; +https://babbar.tech/crawler)"
217.113.194.72 - - [02/Apr/2025:06:54:36 -0400] "GET /unveiling-the-ultimate-elegance-choosing-the-best-hair-dryer-for-your-tresses/feed/ HTTP/1.1" 200 82297 "-" "Mozilla/5.0 (compatible; Barkrowler/0.9; +https://babbar.tech/crawler)"
217.113.194.72 - - [02/Apr/2025:06:54:52 -0400] "GET /efficient-residential-property-management-services-elevating-homeownership-experience/feed/ HTTP/1.1" 200 82297 "-" "Mozilla/5.0 (compatible; Barkrowler/0.9; +https://babbar.tech/crawler)"
217.113.194.72 - - [02/Apr/2025:06:55:10 -0400] "GET /lart-et-la-science-derriere-la-dentisterie-devoiler-le-monde-du-dentiste/feed/ HTTP/1.1" 200 82297 "-" "Mozilla/5.0 (compatible; Barkrowler/0.9; +https://babbar.tech/crawler)"
51.222.253.16 - - [02/Apr/2025:06:55:11 -0400] "GET /digital-marketing-services-for-small-business/ HTTP/1.1" 200 82297 "-" "Mozilla/5.0 (compatible; AhrefsBot/7.0; +http://ahrefs.com/robot/)"
154.54.249.200 - - [02/Apr/2025:06:55:26 -0400] "GET /affordable-care-act-aca-insurance-calculator-self-insured-person-2024/feed/ HTTP/1.1" 200 82297 "-" "Mozilla/5.0 (compatible; Barkrowler/0.9; +https://babbar.tech/crawler)"
217.113.194.73 - - [02/Apr/2025:06:55:43 -0400] "GET /a-simple-data-compression-algorithm-to-reduce-video-bandwidth-demand-and-lower-costs/ HTTP/1.1" 200 82333 "-" "Mozilla/5.0 (compatible; Barkrowler/0.9; +https://babbar.tech/crawler)"
217.113.194.79 - - [02/Apr/2025:06:55:59 -0400] "GET /verhandlungstraining-schlussel-zu-erfolgreichen-gesprachen/feed/ HTTP/1.1" 200 82297 "-" "Mozilla/5.0 (compatible; Barkrowler/0.9; +https://babbar.tech/crawler)"
217.113.194.77 - - [02/Apr/2025:06:56:16 -0400] "GET /comment-selectionner-les-bonnes-fonctionnalites-dapplication-pour-une-application-mobile-reussie/ HTTP/1.1" 200 82333 "-" "Mozilla/5.0 (compatible; Barkrowler/0.9; +https://babbar.tech/crawler)"
47.79.116.146 - - [02/Apr/2025:06:56:22 -0400] "GET /%E0%B9%82%E0%B8%A5%E0%B8%81%E0%B8%AD%E0%B8%B1%E0%B8%99%E0%B8%99%E0%B9%88%E0%B8%B2%E0%B8%95%E0%B8%B7%E0%B9%88%E0%B8%99%E0%B9%80%E0%B8%95%E0%B9%89%E0%B8%99%E0%B8%82%E0%B8%AD%E0%B8%87%E0%B8%AA%E0%B8%A5/ HTTP/1.1" 200 82333 "-" "Mozilla/5.0 (Windows NT 10.0; Win64; x64) AppleWebKit/537.36 (KHTML, like Gecko) Chrome/121.0.0.0 Safari/537.36 Edg/121.0.0.0"
217.113.194.75 - - [02/Apr/2025:06:56:32 -0400] "GET /assurer-la-dignite-aide-gouvernementale-aux-douches-pour-personnes-agees/feed/ HTTP/1.1" 200 82333 "-" "Mozilla/5.0 (compatible; Barkrowler/0.9; +https://babbar.tech/crawler)"
217.113.194.74 - - [02/Apr/2025:06:56:49 -0400] "GET /streamlined-comfort-the-evolution-of-instant-hot-and-cold-water-taps/feed/ HTTP/1.1" 200 82297 "-" "Mozilla/5.0 (compatible; Barkrowler/0.9; +https://babbar.tech/crawler)"
217.113.194.72 - - [02/Apr/2025:06:57:05 -0400] "GET /entwirrung-des-juristischen-wandteppichs-rechtsanwalt-hattingen/ HTTP/1.1" 200 82297 "-" "Mozilla/5.0 (compatible; Barkrowler/0.9; +https://babbar.tech/crawler)"
217.113.194.72 - - [02/Apr/2025:06:57:23 -0400] "GET /celebrities-and-the-unseen-struggle-the-controversy-surrounding-buffalo-hump/feed/ HTTP/1.1" 200 82298 "-" "Mozilla/5.0 (compatible; Barkrowler/0.9; +https://babbar.tech/crawler)"
217.113.194.75 - - [02/Apr/2025:06:57:41 -0400] "GET /transformando-la-eficiencia-conversores-de-unidades-de-consumo-de-combustible/feed/ HTTP/1.1" 200 82297 "-" "Mozilla/5.0 (compatible; Barkrowler/0.9; +https://babbar.tech/crawler)"
217.113.194.76 - - [02/Apr/2025:06:57:58 -0400] "GET /obamas-nobel-prize-will-exacerbate-his-narcissistic-tendencies/feed/ HTTP/1.1" 200 82333 "-" "Mozilla/5.0 (compatible; Barkrowler/0.9; +https://babbar.tech/crawler)"
217.113.194.73 - - [02/Apr/2025:06:58:15 -0400] "GET /renaissance-feminine-le-pouvoir-des-supplements-alimentaires-pour-la-fertilite-feminine/feed/ HTTP/1.1" 200 82297 "-" "Mozilla/5.0 (compatible; Barkrowler/0.9; +https://babbar.tech/crawler)"
217.113.194.76 - - [02/Apr/2025:06:58:32 -0400] "GET /the-beauty-benefits-of-tretinoin-a-comprehensive-guide-to-its-purchase-and-usage/ HTTP/1.1" 200 82297 "-" "Mozilla/5.0 (compatible; Barkrowler/0.9; +https://babbar.tech/crawler)"
217.113.194.80 - - [02/Apr/2025:06:58:49 -0400] "GET /unlocking-success-a-comprehensive-guide-on-how-to-get-more-subscribers-on-youtube-2/feed/ HTTP/1.1" 200 82333 "-" "Mozilla/5.0 (compatible; Barkrowler/0.9; +https://babbar.tech/crawler)"
217.113.194.80 - - [02/Apr/2025:06:59:07 -0400] "GET /unlocking-digital-fun-purchasing-steam-gift-cards-with-cryptocurrency/feed/ HTTP/1.1" 200 82297 "-" "Mozilla/5.0 (compatible; Barkrowler/0.9; +https://babbar.tech/crawler)"
51.222.253.13 - - [02/Apr/2025:06:59:17 -0400] "GET /the-mk-shoulder-bag-by-michael-kors/ HTTP/1.1" 200 82297 "-" "Mozilla/5.0 (compatible; AhrefsBot/7.0; +http://ahrefs.com/robot/)"
217.113.194.72 - - [02/Apr/2025:06:59:24 -0400] "GET /unleashing-the-power-of-qr-codes-exploring-the-best-free-qr-code-generators/feed/ HTTP/1.1" 200 82333 "-" "Mozilla/5.0 (compatible; Barkrowler/0.9; +https://babbar.tech/crawler)"
217.113.194.72 - - [02/Apr/2025:06:59:40 -0400] "GET /elevating-homes-der-gipfel-der-dachdecker-exzellenz-in-hamburg/feed/ HTTP/1.1" 200 82333 "-" "Mozilla/5.0 (compatible; Barkrowler/0.9; +https://babbar.tech/crawler)"
217.113.194.77 - - [02/Apr/2025:06:59:59 -0400] "GET /rediscovering-kassia-a-trailblazing-voice-in-byzantine-hymnography/feed/ HTTP/1.1" 200 82297 "-" "Mozilla/5.0 (compatible; Barkrowler/0.9; +https://babbar.tech/crawler)"
217.113.194.75 - - [02/Apr/2025:07:00:16 -0400] "GET /umzugsunternehmen-in-luneburg-ihr-partner-fur-einen-reibungslosen-umzug/ HTTP/1.1" 200 82333 "-" "Mozilla/5.0 (compatible; Barkrowler/0.9; +https://babbar.tech/crawler)"
217.113.194.75 - - [02/Apr/2025:07:00:34 -0400] "GET /curly-hair-bliss-discovering-the-artistry-of-a-curly-hairdresser-in-melbourne/ HTTP/1.1" 200 82333 "-" "Mozilla/5.0 (compatible; Barkrowler/0.9; +https://babbar.tech/crawler)"
154.54.249.200 - - [02/Apr/2025:07:00:51 -0400] "GET /exploring-the-toa-payoh-condo-showflat-a-gateway-to-modern-living/feed/ HTTP/1.1" 200 82333 "-" "Mozilla/5.0 (compatible; Barkrowler/0.9; +https://babbar.tech/crawler)"
217.113.194.76 - - [02/Apr/2025:07:01:08 -0400] "GET /comment-selectionner-les-bonnes-fonctionnalites-dapplication-pour-une-application-mobile-reussie/feed/ HTTP/1.1" 200 82297 "-" "Mozilla/5.0 (compatible; Barkrowler/0.9; +https://babbar.tech/crawler)"
198.54.114.83 - - [02/Apr/2025:07:01:15 -0400] "POST /wp-admin/admin-ajax.php?action=async_litespeed&nonce=uJu2rez81KrHntRircPvGgSGJkPXLZeQ&litespeed_type=imgoptm HTTP/1.1" 200 0 "-" "WordPress/6.7.2; https://saamigraphics.com"
217.113.194.72 - - [02/Apr/2025:07:01:27 -0400] "GET /feng-shui-pour-les-celibataires-comment-attirer-un-nouvel-amour-dans-votre-vie/ HTTP/1.1" 200 82333 "-" "Mozilla/5.0 (compatible; Barkrowler/0.9; +https://babbar.tech/crawler)"
217.113.194.74 - - [02/Apr/2025:07:01:44 -0400] "GET /feng-shui-pour-les-celibataires-comment-attirer-un-nouvel-amour-dans-votre-vie/feed/ HTTP/1.1" 200 82333 "-" "Mozilla/5.0 (compatible; Barkrowler/0.9; +https://babbar.tech/crawler)"
217.113.194.78 - - [02/Apr/2025:07:02:03 -0400] "GET /2022/04/11/online-dating-forum-topix-lillehammer-gratis-kommer-shot-porno-karde/ HTTP/1.1" 200 82297 "-" "Mozilla/5.0 (compatible; Barkrowler/0.9; +https://babbar.tech/crawler)"
107.189.1.220 - - [02/Apr/2025:07:02:13 -0400] "GET / HTTP/1.1" 200 0 "https://saamigraphics.com" "Mozilla/5.0 (Windows NT 10.0; Win64; x64) AppleWebKit/537.36 (KHTML, like Gecko) Chrome/58.0.3029.110 Safari/537.36"
217.113.194.76 - - [02/Apr/2025:07:02:19 -0400] "GET /revitalisierung-urbaner-raume-das-wesen-der-gebaudereinigung-in-hamburg/ HTTP/1.1" 200 82297 "-" "Mozilla/5.0 (compatible; Barkrowler/0.9; +https://babbar.tech/crawler)"
217.113.194.77 - - [02/Apr/2025:07:02:35 -0400] "GET /revitalisierung-urbaner-raume-das-wesen-der-gebaudereinigung-in-hamburg/feed/ HTTP/1.1" 200 82297 "-" "Mozilla/5.0 (compatible; Barkrowler/0.9; +https://babbar.tech/crawler)"
217.113.194.72 - - [02/Apr/2025:07:02:52 -0400] "GET /nourrir-les-sourires-le-role-vital-du-dentiste-enfant-en-dentisterie-pediatrique/feed/ HTTP/1.1" 200 82294 "-" "Mozilla/5.0 (compatible; Barkrowler/0.9; +https://babbar.tech/crawler)"
51.222.253.20 - - [02/Apr/2025:07:02:59 -0400] "GET /the-evolution-of-online-casinos/ HTTP/1.1" 200 82333 "-" "Mozilla/5.0 (compatible; AhrefsBot/7.0; +http://ahrefs.com/robot/)"
202.8.40.99 - - [02/Apr/2025:07:03:03 -0400] "GET /the-evolution-of-online-casinos/react-dom.js HTTP/1.1" 200 82297 "https://saamigraphics.com/the-evolution-of-online-casinos/" "Mozilla/5.0 (compatible; AhrefsBot/7.0; +http://ahrefs.com/robot/)"
202.8.40.99 - - [02/Apr/2025:07:03:03 -0400] "GET /the-evolution-of-online-casinos/react.js HTTP/1.1" 200 82333 "https://saamigraphics.com/the-evolution-of-online-casinos/" "Mozilla/5.0 (compatible; AhrefsBot/7.0; +http://ahrefs.com/robot/)"
217.113.194.80 - - [02/Apr/2025:07:03:09 -0400] "GET /decoding-the-dangers-of-buying-youtube-views-instant-gratification-or-long-term-consequences/ HTTP/1.1" 200 82333 "-" "Mozilla/5.0 (compatible; Barkrowler/0.9; +https://babbar.tech/crawler)"
217.113.194.72 - - [02/Apr/2025:07:03:25 -0400] "GET /navigating-the-future-iptv-2024-a-glimpse-into-the-next-frontier-of-television/feed/ HTTP/1.1" 200 82333 "-" "Mozilla/5.0 (compatible; Barkrowler/0.9; +https://babbar.tech/crawler)"
217.113.194.76 - - [02/Apr/2025:07:03:41 -0400] "GET /navigating-the-future-iptv-2024-a-glimpse-into-the-next-frontier-of-television/ HTTP/1.1" 200 82333 "-" "Mozilla/5.0 (compatible; Barkrowler/0.9; +https://babbar.tech/crawler)"
217.113.194.72 - - [02/Apr/2025:07:03:58 -0400] "GET /the-beauty-benefits-of-tretinoin-a-comprehensive-guide-to-its-purchase-and-usage/feed/ HTTP/1.1" 200 82297 "-" "Mozilla/5.0 (compatible; Barkrowler/0.9; +https://babbar.tech/crawler)"
217.113.194.72 - - [02/Apr/2025:07:04:14 -0400] "GET /unleashing-the-power-of-precision-the-ultimate-guide-to-blow-dryer-attachments/ HTTP/1.1" 200 82297 "-" "Mozilla/5.0 (compatible; Barkrowler/0.9; +https://babbar.tech/crawler)"
217.113.194.76 - - [02/Apr/2025:07:04:30 -0400] "GET /unleashing-the-power-of-precision-the-ultimate-guide-to-blow-dryer-attachments/feed/ HTTP/1.1" 200 82298 "-" "Mozilla/5.0 (compatible; Barkrowler/0.9; +https://babbar.tech/crawler)"
217.113.194.75 - - [02/Apr/2025:07:04:46 -0400] "GET /a-simple-data-compression-algorithm-to-reduce-video-bandwidth-demand-and-lower-costs/feed/ HTTP/1.1" 200 82333 "-" "Mozilla/5.0 (compatible; Barkrowler/0.9; +https://babbar.tech/crawler)"
217.113.194.76 - - [02/Apr/2025:07:05:03 -0400] "GET /umzugsunternehmen-in-luneburg-ihr-partner-fur-einen-reibungslosen-umzug/feed/ HTTP/1.1" 200 82297 "-" "Mozilla/5.0 (compatible; Barkrowler/0.9; +https://babbar.tech/crawler)"
107.189.1.220 - - [02/Apr/2025:07:05:05 -0400] "GET /wp-login.php HTTP/1.1" 200 1717 "https://saamigraphics.com" "Mozilla/5.0 (Windows NT 10.0; Win64; x64) AppleWebKit/537.36 (KHTML, like Gecko) Chrome/58.0.3029.110 Safari/537.36"
217.113.194.76 - - [02/Apr/2025:07:05:20 -0400] "GET /curly-hair-bliss-discovering-the-artistry-of-a-curly-hairdresser-in-melbourne/feed/ HTTP/1.1" 200 82297 "-" "Mozilla/5.0 (compatible; Barkrowler/0.9; +https://babbar.tech/crawler)"
217.113.194.77 - - [02/Apr/2025:07:05:36 -0400] "GET /elbstverliebtheit-eine-tiefere-betrachtung-des-narzissmus/ HTTP/1.1" 200 82297 "-" "Mozilla/5.0 (compatible; Barkrowler/0.9; +https://babbar.tech/crawler)"
217.113.194.76 - - [02/Apr/2025:07:05:52 -0400] "GET /entwirrung-des-juristischen-wandteppichs-rechtsanwalt-hattingen/feed/ HTTP/1.1" 200 82297 "-" "Mozilla/5.0 (compatible; Barkrowler/0.9; +https://babbar.tech/crawler)"
217.113.194.74 - - [02/Apr/2025:07:06:08 -0400] "GET /sports-predictions-ncaa-football-freshmen-ineligibility-considered-by-big-ten-conference/ HTTP/1.1" 200 82297 "-" "Mozilla/5.0 (compatible; Barkrowler/0.9; +https://babbar.tech/crawler)"
217.113.194.75 - - [02/Apr/2025:07:06:24 -0400] "GET /decoding-the-dangers-of-buying-youtube-views-instant-gratification-or-long-term-consequences/feed/ HTTP/1.1" 200 82297 "-" "Mozilla/5.0 (compatible; Barkrowler/0.9; +https://babbar.tech/crawler)"
217.113.194.77 - - [02/Apr/2025:07:06:40 -0400] "GET /colon-cleansing-machine-is-hydrotherapy-really-an-effective-colon-cleansing-method/ HTTP/1.1" 200 82297 "-" "Mozilla/5.0 (compatible; Barkrowler/0.9; +https://babbar.tech/crawler)"
217.113.194.81 - - [02/Apr/2025:07:06:57 -0400] "GET /colon-cleansing-machine-is-hydrotherapy-really-an-effective-colon-cleansing-method/feed/ HTTP/1.1" 200 82297 "-" "Mozilla/5.0 (compatible; Barkrowler/0.9; +https://babbar.tech/crawler)"
51.222.253.3 - - [02/Apr/2025:07:07:02 -0400] "GET /the-art-and-benefits-of-massage-therapys/ HTTP/1.1" 200 82298 "-" "Mozilla/5.0 (compatible; AhrefsBot/7.0; +http://ahrefs.com/robot/)"
2a03:2880:f800:8:: - - [02/Apr/2025:07:07:05 -0400] "GET /page/96/ HTTP/1.1" 200 82333 "-" "meta-externalagent/1.1 (+https://developers.facebook.com/docs/sharing/webmasters/crawler)"
217.113.194.79 - - [02/Apr/2025:07:07:14 -0400] "GET /elbstverliebtheit-eine-tiefere-betrachtung-des-narzissmus/feed/ HTTP/1.1" 200 82333 "-" "Mozilla/5.0 (compatible; Barkrowler/0.9; +https://babbar.tech/crawler)"
217.113.194.75 - - [02/Apr/2025:07:07:32 -0400] "GET /fascino-rurale-sulle-rive-esplorare-lagriturismo-sul-lago-di-garda/ HTTP/1.1" 200 82297 "-" "Mozilla/5.0 (compatible; Barkrowler/0.9; +https://babbar.tech/crawler)"
154.54.249.200 - - [02/Apr/2025:07:07:48 -0400] "GET /die-kraft-von-stahlreiniger-entfesseln-ein-umfassender-leitfaden/ HTTP/1.1" 200 82297 "-" "Mozilla/5.0 (compatible; Barkrowler/0.9; +https://babbar.tech/crawler)"
217.113.194.73 - - [02/Apr/2025:07:08:04 -0400] "GET /calcula-el-costo-de-peaje-en-mexico-planifica-tu-viaje-de-manera-eficiente/ HTTP/1.1" 200 82333 "-" "Mozilla/5.0 (compatible; Barkrowler/0.9; +https://babbar.tech/crawler)"
217.113.194.76 - - [02/Apr/2025:07:08:21 -0400] "GET /looking-for-a-beautiful-home-take-a-step-forward-with-your-low-or-moderate-income-to-have-your-own/ HTTP/1.1" 200 82297 "-" "Mozilla/5.0 (compatible; Barkrowler/0.9; +https://babbar.tech/crawler)"
217.113.194.72 - - [02/Apr/2025:07:08:38 -0400] "GET /prime-adapt-aide-a-lamenagement-dune-salle-de-bains-adaptee-a-votre-niveau-de-perte-dautonomie/ HTTP/1.1" 200 82333 "-" "Mozilla/5.0 (compatible; Barkrowler/0.9; +https://babbar.tech/crawler)"
217.113.194.79 - - [02/Apr/2025:07:08:54 -0400] "GET /principes-de-base-de-la-publicite-facebook-faire-de-la-publicite-avec-les-medias-sociaux-et-non-avec-google/ HTTP/1.1" 200 82333 "-" "Mozilla/5.0 (compatible; Barkrowler/0.9; +https://babbar.tech/crawler)"
217.113.194.77 - - [02/Apr/2025:07:09:10 -0400] "GET /sports-predictions-ncaa-football-freshmen-ineligibility-considered-by-big-ten-conference/feed/ HTTP/1.1" 200 82298 "-" "Mozilla/5.0 (compatible; Barkrowler/0.9; +https://babbar.tech/crawler)"
154.54.249.200 - - [02/Apr/2025:07:09:27 -0400] "GET /fascino-rurale-sulle-rive-esplorare-lagriturismo-sul-lago-di-garda/feed/ HTTP/1.1" 200 82297 "-" "Mozilla/5.0 (compatible; Barkrowler/0.9; +https://babbar.tech/crawler)"
217.113.194.80 - - [02/Apr/2025:07:09:43 -0400] "GET /2022/03/04/gratis-pornovideoer-live-sex-porn-eskorte-jenter-trondheim-drammen/ HTTP/1.1" 200 82333 "-" "Mozilla/5.0 (compatible; Barkrowler/0.9; +https://babbar.tech/crawler)"
217.113.194.74 - - [02/Apr/2025:07:09:59 -0400] "GET /2021/12/16/escorte-i-bergen-real-escorts-eu-krepsen-passer-med-kongsvinger/ HTTP/1.1" 200 82333 "-" "Mozilla/5.0 (compatible; Barkrowler/0.9; +https://babbar.tech/crawler)"
47.128.121.12 - - [02/Apr/2025:07:10:06 -0400] "GET /top-fertility-clinic-in-dubai-excellence-in-reproductive-care/ HTTP/1.1" 200 82389 "-" "Mozilla/5.0 (Linux; Android 5.0) AppleWebKit/537.36 (KHTML, like Gecko) Mobile Safari/537.36 (compatible; TikTokSpider; ttspider-feedback@tiktok.com)"
217.113.194.81 - - [02/Apr/2025:07:10:15 -0400] "GET /2021/12/18/eskorte-piker-thai-massage-bergen-norwegian-kontakt-real-amateur-escort/ HTTP/1.1" 200 82297 "-" "Mozilla/5.0 (compatible; Barkrowler/0.9; +https://babbar.tech/crawler)"
154.54.249.200 - - [02/Apr/2025:07:10:32 -0400] "GET /authenitchits-features-the-best-top-notch-genuine-youtube-sights-at-affordable-prices/feed/ HTTP/1.1" 200 82333 "-" "Mozilla/5.0 (compatible; Barkrowler/0.9; +https://babbar.tech/crawler)"
51.222.253.3 - - [02/Apr/2025:07:10:44 -0400] "GET /page/32/ HTTP/1.1" 200 82297 "-" "Mozilla/5.0 (compatible; AhrefsBot/7.0; +http://ahrefs.com/robot/)"
217.113.194.81 - - [02/Apr/2025:07:10:49 -0400] "GET /authenitchits-features-the-best-top-notch-genuine-youtube-sights-at-affordable-prices/ HTTP/1.1" 200 82297 "-" "Mozilla/5.0 (compatible; Barkrowler/0.9; +https://babbar.tech/crawler)"
217.113.194.76 - - [02/Apr/2025:07:11:05 -0400] "GET /die-kraft-von-stahlreiniger-entfesseln-ein-umfassender-leitfaden/feed/ HTTP/1.1" 200 82297 "-" "Mozilla/5.0 (compatible; Barkrowler/0.9; +https://babbar.tech/crawler)"
217.113.194.74 - - [02/Apr/2025:07:11:22 -0400] "GET /calcula-el-costo-de-peaje-en-mexico-planifica-tu-viaje-de-manera-eficiente/feed/ HTTP/1.1" 200 82333 "-" "Mozilla/5.0 (compatible; Barkrowler/0.9; +https://babbar.tech/crawler)"
217.113.194.72 - - [02/Apr/2025:07:11:39 -0400] "GET /looking-for-a-beautiful-home-take-a-step-forward-with-your-low-or-moderate-income-to-have-your-own/feed/ HTTP/1.1" 200 82333 "-" "Mozilla/5.0 (compatible; Barkrowler/0.9; +https://babbar.tech/crawler)"
217.113.194.77 - - [02/Apr/2025:07:11:55 -0400] "GET /prime-adapt-aide-a-lamenagement-dune-salle-de-bains-adaptee-a-votre-niveau-de-perte-dautonomie/feed/ HTTP/1.1" 200 82297 "-" "Mozilla/5.0 (compatible; Barkrowler/0.9; +https://babbar.tech/crawler)"
217.113.194.75 - - [02/Apr/2025:07:12:13 -0400] "GET /cbd-ol-fur-haustiere-dinge-die-jeder-tierbesitzer-wissen-sollte/ HTTP/1.1" 200 82297 "-" "Mozilla/5.0 (compatible; Barkrowler/0.9; +https://babbar.tech/crawler)"
217.113.194.81 - - [02/Apr/2025:07:12:30 -0400] "GET /cbd-ol-fur-haustiere-dinge-die-jeder-tierbesitzer-wissen-sollte/feed/ HTTP/1.1" 200 82297 "-" "Mozilla/5.0 (compatible; Barkrowler/0.9; +https://babbar.tech/crawler)"
217.113.194.72 - - [02/Apr/2025:07:12:47 -0400] "GET /principes-de-base-de-la-publicite-facebook-faire-de-la-publicite-avec-les-medias-sociaux-et-non-avec-google/feed/ HTTP/1.1" 200 82298 "-" "Mozilla/5.0 (compatible; Barkrowler/0.9; +https://babbar.tech/crawler)"
95.108.213.242 - - [02/Apr/2025:07:12:53 -0400] "GET /robots.txt HTTP/1.1" 200 82333 "-" "Mozilla/5.0 (compatible; YandexBot/3.0; +http://yandex.com/bots)"
87.250.224.129 - - [02/Apr/2025:07:12:56 -0400] "GET /wp-content/uploads/2021/08/icon-01.png HTTP/1.1" 200 82333 "-" "Mozilla/5.0 (compatible; YandexFavicons/1.0; +http://yandex.com/bots)"
217.113.194.78 - - [02/Apr/2025:07:13:03 -0400] "GET /effizienz-in-bewegung-entdecken-sie-das-umzugsunternehmen-buchholz-in-der-nordheide/ HTTP/1.1" 200 82333 "-" "Mozilla/5.0 (compatible; Barkrowler/0.9; +https://babbar.tech/crawler)"
