167.172.130.206 - - [01/Apr/2025:01:15:18 -0400] "POST /wp-login.php HTTP/1.1" 200 1867 "-" "Mozilla/5.0"
198.54.114.83 - - [01/Apr/2025:01:15:23 -0400] "POST /wp-admin/admin-ajax.php?action=async_litespeed&nonce=H2e0gWx0B7jdM27LQ1EOdASgpCSiAOcQ&litespeed_type=imgoptm HTTP/1.1" 200 0 "-" "WordPress/6.7.2; https://saamigraphics.com"
51.222.253.15 - - [01/Apr/2025:01:18:19 -0400] "GET /unlocking-success-a-comprehensive-guide-on-how-to-get-more-subscribers-on-youtube-2/ HTTP/1.1" 200 82297 "-" "Mozilla/5.0 (compatible; AhrefsBot/7.0; +http://ahrefs.com/robot/)"
2a03:2880:f800:9:: - - [01/Apr/2025:01:19:56 -0400] "GET /how-to-make-paper-quilling-jewelry/ HTTP/1.1" 200 82333 "-" "meta-externalagent/1.1 (+https://developers.facebook.com/docs/sharing/webmasters/crawler)"
34.205.176.207 - - [01/Apr/2025:01:21:49 -0400] "GET /how-to-find-the-best-moving-companies/ HTTP/1.1" 200 82246 "-" "Grammarly/1.0 (http://www.grammarly.com)"
51.222.253.1 - - [01/Apr/2025:01:23:08 -0400] "GET /author/jorge/page/98/ HTTP/1.1" 200 82333 "-" "Mozilla/5.0 (compatible; AhrefsBot/7.0; +http://ahrefs.com/robot/)"
51.222.253.8 - - [01/Apr/2025:01:28:32 -0400] "GET /mastering-the-art-of-growing-your-youtube-subscribers-a-comprehensive-guide/ HTTP/1.1" 200 82297 "-" "Mozilla/5.0 (compatible; AhrefsBot/7.0; +http://ahrefs.com/robot/)"
34.168.140.64 - - [01/Apr/2025:01:33:20 -0400] "GET /exploring-iptv-subscriptions-the-modern-way-to-watch-tv HTTP/1.1" 200 82389 "-" "Mozilla/5.0 (Windows NT 10.0; Win64; x64) AppleWebKit/537.36 (KHTML, like Gecko) Chrome/122.0.0.0 Safari/537.36"
51.222.253.11 - - [01/Apr/2025:01:33:42 -0400] "GET /lart-et-la-science-derriere-la-dentisterie-devoiler-le-monde-du-dentiste/ HTTP/1.1" 200 82247 "-" "Mozilla/5.0 (compatible; AhrefsBot/7.0; +http://ahrefs.com/robot/)"
51.222.253.12 - - [01/Apr/2025:01:38:19 -0400] "GET /page/11/ HTTP/1.1" 200 82298 "-" "Mozilla/5.0 (compatible; AhrefsBot/7.0; +http://ahrefs.com/robot/)"
65.108.124.33 - - [01/Apr/2025:01:39:03 -0400] "GET /eine-einfuhrung-in-motion-design/ HTTP/1.1" 200 82333 "https://saamigraphics.com/eine-einfuhrung-in-motion-design/" "Mozilla/5.0 (Windows NT 10.0; Win64; x64) AppleWebKit/537.36 (KHTML, like Gecko) Chrome/130.0.0.0 Safari/537.36 CCleaner/130.0.0.0"
51.222.253.1 - - [01/Apr/2025:01:43:07 -0400] "GET /mastering-instagram-enhancing-your-profile-picture-in-full-size/ HTTP/1.1" 200 82297 "-" "Mozilla/5.0 (compatible; AhrefsBot/7.0; +http://ahrefs.com/robot/)"
58.254.68.93 - - [01/Apr/2025:01:44:38 -0400] "GET /uk-cbd-shop-review/ HTTP/1.1" 200 82297 "https://saamigraphics.com" "Mozilla/5.0 (Windows NT 10.0; Win64; x64) AppleWebKit/537.36 (KHTML, like Gecko) Chrome/62.0.3202.94 Safari/537.36"
185.191.171.18 - - [01/Apr/2025:01:47:18 -0400] "GET /robots.txt HTTP/1.1" 200 82333 "-" "Mozilla/5.0 (compatible; SemrushBot/7~bl; +http://www.semrush.com/bot.html)"
185.191.171.5 - - [01/Apr/2025:01:47:21 -0400] "GET /feel-the-comfort-in-feet-with-the-patient-socks/ HTTP/1.1" 200 82333 "-" "Mozilla/5.0 (compatible; SemrushBot/7~bl; +http://www.semrush.com/bot.html)"
51.222.253.18 - - [01/Apr/2025:01:47:47 -0400] "GET /top-5-digital-marketing-agencies-in-mumbai/ HTTP/1.1" 200 82333 "-" "Mozilla/5.0 (compatible; AhrefsBot/7.0; +http://ahrefs.com/robot/)"
35.173.81.27 - - [01/Apr/2025:01:48:02 -0400] "GET /unveiling-the-allure-of-affordable-views/ HTTP/1.1" 200 82298 "-" "Grammarly/1.0 (http://www.grammarly.com)"
58.254.68.93 - - [01/Apr/2025:01:49:57 -0400] "GET /un-examen-des-produits-de-securite-a-domicile/ HTTP/1.1" 200 82297 "https://saamigraphics.com" "Mozilla/5.0 (Windows NT 10.0; Win64; x64) AppleWebKit/537.36 (KHTML, like Gecko) Chrome/62.0.3202.94 Safari/537.36"
51.222.253.8 - - [01/Apr/2025:01:52:36 -0400] "GET /enchanting-cuddles-the-magical-world-of-disney-teddys/ HTTP/1.1" 200 82297 "-" "Mozilla/5.0 (compatible; AhrefsBot/7.0; +http://ahrefs.com/robot/)"
54.36.148.158 - - [01/Apr/2025:01:53:10 -0400] "GET /robots.txt HTTP/1.1" 200 82297 "-" "Mozilla/5.0 (compatible; AhrefsBot/7.0; +http://ahrefs.com/robot/)"
35.230.31.69 - - [01/Apr/2025:01:53:52 -0400] "GET /best-iptv-subscription HTTP/1.1" 200 82297 "-" "Mozilla/5.0 (Macintosh; Intel Mac OS X 10_15_7) AppleWebKit/537.36 (KHTML, like Gecko) Chrome/123.0.0.0 Safari/537.36"
2a03:2880:f800:f:: - - [01/Apr/2025:01:56:22 -0400] "GET /crowning-glory-discovering-the-best-curly-hairdresser-in-melbourne/ HTTP/1.1" 200 82333 "-" "meta-externalagent/1.1 (+https://developers.facebook.com/docs/sharing/webmasters/crawler)"
144.91.103.66 - - [01/Apr/2025:01:56:56 -0400] "GET /wp-login.php HTTP/1.1" 200 1717 "-" "GRequests/0.10"
144.91.103.66 - - [01/Apr/2025:01:56:57 -0400] "POST /wp-login.php HTTP/1.1" 200 1849 "-" "GRequests/0.10"
51.222.253.4 - - [01/Apr/2025:01:57:25 -0400] "GET /it-managed-security-services-pricing/ HTTP/1.1" 200 82298 "-" "Mozilla/5.0 (compatible; AhrefsBot/7.0; +http://ahrefs.com/robot/)"
202.8.43.44 - - [01/Apr/2025:01:57:27 -0400] "GET /it-managed-security-services-pricing/react-dom.js HTTP/1.1" 200 82333 "https://saamigraphics.com/it-managed-security-services-pricing/" "Mozilla/5.0 (compatible; AhrefsBot/7.0; +http://ahrefs.com/robot/)"
202.8.43.44 - - [01/Apr/2025:01:57:27 -0400] "GET /products/sw.js HTTP/1.1" 200 82298 "https://saamigraphics.com/it-managed-security-services-pricing/" "Mozilla/5.0 (X11; Linux x86_64) AppleWebKit/537.36 (KHTML, like Gecko) HeadlessChrome/131.0.6778.87 Safari/537.36"
202.8.43.44 - - [01/Apr/2025:01:57:27 -0400] "GET /it-managed-security-services-pricing/react.js HTTP/1.1" 200 82333 "https://saamigraphics.com/it-managed-security-services-pricing/" "Mozilla/5.0 (compatible; AhrefsBot/7.0; +http://ahrefs.com/robot/)"
198.54.114.83 - - [01/Apr/2025:01:58:47 -0400] "POST /wp-cron.php?doing_wp_cron=1743487127.5096299648284912109375 HTTP/1.1" 200 0 "-" "WordPress/6.7.2; https://saamigraphics.com"
167.172.130.206 - - [01/Apr/2025:01:58:44 -0400] "POST /wp-login.php HTTP/1.1" 200 1867 "-" "Mozilla/5.0"
198.54.114.83 - - [01/Apr/2025:01:58:50 -0400] "POST /wp-admin/admin-ajax.php?action=async_litespeed&nonce=w32O6SajbETOKh8PHniyMryP5B094HAP&litespeed_type=imgoptm HTTP/1.1" 200 0 "-" "WordPress/6.7.2; https://saamigraphics.com"
165.227.84.75 - - [01/Apr/2025:01:59:36 -0400] "GET /wp-login.php HTTP/1.1" 200 1717 "-" "GRequests/0.10"
165.227.84.75 - - [01/Apr/2025:01:59:36 -0400] "POST /wp-login.php HTTP/1.1" 200 1850 "-" "GRequests/0.10"
2a03:2880:f800:18:: - - [01/Apr/2025:02:00:32 -0400] "GET /10-basement-renovation-ideas-to-transform-the-basement-into-a-fun-space/ HTTP/1.1" 200 82297 "-" "meta-externalagent/1.1 (+https://developers.facebook.com/docs/sharing/webmasters/crawler)"
185.191.171.18 - - [01/Apr/2025:02:01:13 -0400] "GET /ensuring-precision-the-importance-of-a-pilot-hole-for-3-8-lag-screw/ HTTP/1.1" 200 82297 "-" "Mozilla/5.0 (compatible; SemrushBot/7~bl; +http://www.semrush.com/bot.html)"
51.222.253.15 - - [01/Apr/2025:02:02:07 -0400] "GET /how-to-find-a-local-plumber-near-me/ HTTP/1.1" 200 82297 "-" "Mozilla/5.0 (compatible; AhrefsBot/7.0; +http://ahrefs.com/robot/)"
138.68.159.232 - - [01/Apr/2025:02:03:04 -0400] "GET / HTTP/1.1" 200 82339 "-" "Mozilla/5.0 (compatible)"
138.68.159.232 - - [01/Apr/2025:02:03:05 -0400] "GET /ads.txt HTTP/1.1" 200 82297 "-" "Mozilla/5.0 (compatible)"
161.35.15.162 - - [01/Apr/2025:02:03:52 -0400] "GET /wp-content/plugins/background-image-cropper/classwithtostring.php HTTP/1.1" 200 82297 "www.google.com" "Mozlila/5.0 (Linux; Android 7.0; SM-G892A Bulid/NRD90M; wv) AppleWebKit/537.36 (KHTML, like Gecko) Version/4.0 Chrome/60.0.3112.107 Moblie Safari/537.36"
34.83.169.22 - - [01/Apr/2025:02:04:24 -0400] "GET /the-dangers-of-vaping HTTP/1.1" 200 82333 "-" "Mozilla/5.0 (Macintosh; Intel Mac OS X 10_15_7) AppleWebKit/605.1.15 (KHTML, like Gecko) Version/15.6.1 Safari/605.1.15"
58.254.68.93 - - [01/Apr/2025:02:06:40 -0400] "GET /un-examen-des-produits-de-securite-a-domicile/ HTTP/1.1" 200 82297 "https://saamigraphics.com" "Mozilla/5.0 (Windows NT 10.0; Win64; x64) AppleWebKit/537.36 (KHTML, like Gecko) Chrome/62.0.3202.94 Safari/537.36"
51.222.253.15 - - [01/Apr/2025:02:06:49 -0400] "GET /unlocking-success-proven-strategies-to-skyrocket-your-youtube-subscribers/ HTTP/1.1" 200 82297 "-" "Mozilla/5.0 (compatible; AhrefsBot/7.0; +http://ahrefs.com/robot/)"
182.138.158.151 - - [01/Apr/2025:02:08:41 -0400] "GET / HTTP/1.1" 200 82297 "-" "Go-http-client/1.1"
185.191.171.14 - - [01/Apr/2025:02:09:15 -0400] "GET /limportance-dune-agence-de-marketing-digital-pour-les-petites-entreprises/ HTTP/1.1" 200 82333 "-" "Mozilla/5.0 (compatible; SemrushBot/7~bl; +http://www.semrush.com/bot.html)"
34.169.145.69 - - [01/Apr/2025:02:11:26 -0400] "GET /exploring-iptv-subscriptions-the-modern-way-to-watch-tv HTTP/1.1" 200 82297 "-" "Mozilla/5.0 (Macintosh; Intel Mac OS X 10_15_7) AppleWebKit/537.36 (KHTML, like Gecko) Chrome/123.0.0.0 Safari/537.36 Edg/123.0.0.0"
51.222.253.20 - - [01/Apr/2025:02:11:34 -0400] "GET /a-serene-escape/ HTTP/1.1" 200 82297 "-" "Mozilla/5.0 (compatible; AhrefsBot/7.0; +http://ahrefs.com/robot/)"
51.222.253.8 - - [01/Apr/2025:02:16:20 -0400] "GET /unveiling-the-art-of-comfort-custom-socks/ HTTP/1.1" 200 82247 "-" "Mozilla/5.0 (compatible; AhrefsBot/7.0; +http://ahrefs.com/robot/)"
34.168.170.105 - - [01/Apr/2025:02:16:25 -0400] "GET /hire-an-austin-online-dating-photography-photographer HTTP/1.1" 200 82389 "-" "Mozilla/5.0 (compatible; MSIE 9.0; Windows NT 6.0; Trident/5.0; Trident/5.0)"
58.254.68.93 - - [01/Apr/2025:02:17:31 -0400] "GET /un-examen-des-produits-de-securite-a-domicile/ HTTP/1.1" 200 82297 "https://saamigraphics.com" "Mozilla/5.0 (Windows NT 10.0; Win64; x64) AppleWebKit/537.36 (KHTML, like Gecko) Chrome/62.0.3202.94 Safari/537.36"
34.169.243.126 - - [01/Apr/2025:02:18:35 -0400] "GET /tennis-prediction-how-to-make-a-bet-on-a-tennis-match HTTP/1.1" 200 82297 "-" "Mozilla/5.0 (Macintosh; Intel Mac OS X 10.15; rv:124.0) Gecko/20100101 Firefox/124.0"
51.222.253.9 - - [01/Apr/2025:02:21:03 -0400] "GET /nourrir-les-sourires-le-role-vital-du-dentiste-enfant-en-dentisterie-pediatrique/ HTTP/1.1" 200 82333 "-" "Mozilla/5.0 (compatible; AhrefsBot/7.0; +http://ahrefs.com/robot/)"
35.197.2.65 - - [01/Apr/2025:02:25:07 -0400] "GET /across-the-spider-verse-spider-gwen-luminous-mask HTTP/1.1" 200 82297 "-" "Mozilla/5.0 (Windows NT 10.0; Win64; x64) AppleWebKit/537.36 (KHTML, like Gecko) Chrome/120.0.0.0 Safari/537.36 Edg/120.0.0.0"
51.222.253.14 - - [01/Apr/2025:02:25:54 -0400] "GET /simplifying-motherhood/ HTTP/1.1" 200 82297 "-" "Mozilla/5.0 (compatible; AhrefsBot/7.0; +http://ahrefs.com/robot/)"
51.222.253.5 - - [01/Apr/2025:02:30:23 -0400] "GET /energy-and-wealth-rolled-into-one-online-sports-betting/ HTTP/1.1" 200 82333 "-" "Mozilla/5.0 (compatible; AhrefsBot/7.0; +http://ahrefs.com/robot/)"
207.46.13.18 - - [01/Apr/2025:02:32:45 -0400] "GET /?s=2024 HTTP/1.1" 200 82297 "-" "Mozilla/5.0 AppleWebKit/537.36 (KHTML, like Gecko; compatible; bingbot/2.0; +http://www.bing.com/bingbot.htm) Chrome/116.0.1938.76 Safari/537.36"
185.191.171.14 - - [01/Apr/2025:02:34:26 -0400] "GET /it-managed-security-services-pricing/ HTTP/1.1" 200 82297 "-" "Mozilla/5.0 (compatible; SemrushBot/7~bl; +http://www.semrush.com/bot.html)"
51.222.253.4 - - [01/Apr/2025:02:36:23 -0400] "GET /sitemap_index.xml HTTP/1.1" 200 82333 "-" "Mozilla/5.0 (compatible; AhrefsBot/7.0; +http://ahrefs.com/robot/)"
51.222.253.4 - - [01/Apr/2025:02:41:34 -0400] "GET /the-national-health-insurance-scheme-nhis-introduces-membership-renewal-and-premium-payment-through-mobile-phones/ HTTP/1.1" 200 82297 "-" "Mozilla/5.0 (compatible; AhrefsBot/7.0; +http://ahrefs.com/robot/)"
112.86.225.147 - - [01/Apr/2025:02:44:02 -0400] "GET / HTTP/1.1" 200 82298 "-" "Sogou web spider/4.0(+http://www.sogou.com/docs/help/webmasters.htm#07)"
51.222.253.20 - - [01/Apr/2025:02:46:38 -0400] "GET /secrets-of-the-screw/ HTTP/1.1" 200 82333 "-" "Mozilla/5.0 (compatible; AhrefsBot/7.0; +http://ahrefs.com/robot/)"
144.91.103.66 - - [01/Apr/2025:02:46:48 -0400] "GET /wp-login.php HTTP/1.1" 200 1717 "-" "GRequests/0.10"
144.91.103.66 - - [01/Apr/2025:02:46:49 -0400] "POST /wp-login.php HTTP/1.1" 200 1850 "-" "GRequests/0.10"
198.54.114.83 - - [01/Apr/2025:02:46:56 -0400] "POST /wp-cron.php?doing_wp_cron=1743490015.3137550354003906250000 HTTP/1.1" 200 0 "-" "WordPress/6.7.2; https://saamigraphics.com"
188.214.30.149 - - [01/Apr/2025:02:47:40 -0400] "GET /wp-login.php HTTP/1.1" 200 1717 "-" "GRequests/0.10"
188.214.30.149 - - [01/Apr/2025:02:47:41 -0400] "POST /wp-login.php HTTP/1.1" 200 1849 "-" "GRequests/0.10"
2a03:2880:f800:11:: - - [01/Apr/2025:02:48:08 -0400] "GET /understanding-the-compulsion/ HTTP/1.1" 200 82297 "-" "meta-externalagent/1.1 (+https://developers.facebook.com/docs/sharing/webmasters/crawler)"
51.222.253.10 - - [01/Apr/2025:02:51:38 -0400] "GET /pauric-sweeney-metallic-python-overnight-handbags/ HTTP/1.1" 200 82297 "-" "Mozilla/5.0 (compatible; AhrefsBot/7.0; +http://ahrefs.com/robot/)"
45.76.16.214 - - [01/Apr/2025:02:52:30 -0400] "GET /gitarre-lernen-fur-anfanger-a-simple-method-to-get-started HTTP/1.1" 200 82297 "https://saamigraphics.com" "Mozilla/5.0 (Windows NT 10.0; Win64; x64) AppleWebKit/537.36 (KHTML, like Gecko) Chrome/62.0.3202.94 Safari/537.36"
51.222.253.9 - - [01/Apr/2025:02:56:27 -0400] "GET /unlocking-the-potential-the-marvels-of-glutathione-injection/ HTTP/1.1" 200 82333 "-" "Mozilla/5.0 (compatible; AhrefsBot/7.0; +http://ahrefs.com/robot/)"
51.222.253.17 - - [01/Apr/2025:03:01:55 -0400] "GET /navigating-london-with-ease-the-benefits-of-london-airport-taxis/ HTTP/1.1" 200 82333 "-" "Mozilla/5.0 (compatible; AhrefsBot/7.0; +http://ahrefs.com/robot/)"
85.208.96.212 - - [01/Apr/2025:03:04:52 -0400] "GET /author/jorge/page/112/ HTTP/1.1" 200 82297 "-" "Mozilla/5.0 (compatible; SemrushBot/7~bl; +http://www.semrush.com/bot.html)"
34.199.252.22 - - [01/Apr/2025:03:05:31 -0400] "GET /2022/05/02/1xbet-ug-registration-and-other-products/ HTTP/1.1" 200 82297 "-" "Mozilla/5.0 AppleWebKit/537.36 (KHTML, like Gecko; compatible; Amazonbot/0.1; +https://developer.amazon.com/support/amazonbot) Chrome/119.0.6045.214 Safari/537.36"
51.222.253.15 - - [01/Apr/2025:03:10:32 -0400] "GET /how-to-find-the-best-phoenix-maid-service/ HTTP/1.1" 200 82333 "-" "Mozilla/5.0 (compatible; AhrefsBot/7.0; +http://ahrefs.com/robot/)"
175.193.103.204 - - [01/Apr/2025:03:12:34 -0400] "GET /relaxation-and-recovery-during-business-travel/ HTTP/1.1" 200 82333 "https://saamigraphics.com/relaxation-and-recovery-during-business-travel/#comment-9176" "Mozilla/5.0 (Windows NT 10.0; Win64; x64) AppleWebKit/537.36 (KHTML, like Gecko) Chrome/103.0.0.0 Safari/537.36"
175.193.103.204 - - [01/Apr/2025:03:12:34 -0400] "GET /attirer-les-meilleurs-talents-dans-le-secteur-de-la-restauration/ HTTP/1.1" 200 82333 "https://saamigraphics.com/attirer-les-meilleurs-talents-dans-le-secteur-de-la-restauration/#comment-8399" "Mozilla/5.0 (Windows NT 6.1; WOW64) AppleWebKit/537.36 (KHTML, like Gecko) Chrome/103.0.0.0 Safari/537.36"
175.193.103.204 - - [01/Apr/2025:03:12:34 -0400] "GET /steroids-thailand-the-dangers/ HTTP/1.1" 200 82333 "https://saamigraphics.com/steroids-thailand-the-dangers/#comment-8442" "Mozilla/5.0 (Windows NT 6.2; Win64; x64) AppleWebKit/537.36 (KHTML, like Gecko) Chrome/103.0.0.0 Safari/537.36"
185.191.171.15 - - [01/Apr/2025:03:13:42 -0400] "GET /business-trip-massage/ HTTP/1.1" 200 82297 "-" "Mozilla/5.0 (compatible; SemrushBot/7~bl; +http://www.semrush.com/bot.html)"
202.125.25.207 - - [01/Apr/2025:03:14:07 -0400] "GET / HTTP/1.1" 200 82297 "-" "Mozilla/5.0 (Windows NT 10.0; Win64; x64) AppleWebKit/537.36 (KHTML, like Gecko) Chrome/99.0.4844.51 Safari/537.36 Edg/99.0.1150.30"
121.223.134.164 - - [01/Apr/2025:03:15:04 -0400] "GET /wp-login.php?wp_lang=en_US HTTP/1.1" 200 1717 "-" "Mozilla/5.0 (Macintosh; Intel Mac OS X 10_15_7) AppleWebKit/605.1.15 (KHTML, like Gecko) Version/17.0 Safari/605.1.15"
198.54.114.83 - - [01/Apr/2025:03:15:11 -0400] "POST /wp-cron.php?doing_wp_cron=1743491710.1129500865936279296875 HTTP/1.1" 200 0 "-" "WordPress/6.7.2; https://saamigraphics.com"
220.233.4.107 - - [01/Apr/2025:03:15:54 -0400] "POST /wp-login.php?wp_lang=en_US HTTP/1.1" 302 0 "-" "Mozilla/5.0 (Macintosh; Intel Mac OS X 10_15_7) AppleWebKit/605.1.15 (KHTML, like Gecko) Version/17.0 Safari/605.1.15"
122.151.155.13 - - [01/Apr/2025:03:16:17 -0400] "GET /wp-login.php?wp_lang=en_US HTTP/1.1" 200 1717 "-" "Mozilla/5.0 (Windows NT 10.0; Win64; x64) AppleWebKit/537.36 (KHTML, like Gecko) Chrome/110.0.0.0 Safari/537.36"
198.54.114.83 - - [01/Apr/2025:03:16:20 -0400] "POST /wp-cron.php?doing_wp_cron=1743491778.1557281017303466796875 HTTP/1.1" 200 0 "-" "WordPress/6.7.2; https://saamigraphics.com"
202.14.194.149 - - [01/Apr/2025:03:16:28 -0400] "POST /wp-login.php?wp_lang=en_US HTTP/1.1" 302 0 "-" "Mozilla/5.0 (Windows NT 10.0; Win64; x64) AppleWebKit/537.36 (KHTML, like Gecko) Chrome/110.0.0.0 Safari/537.36"
202.14.194.149 - - [01/Apr/2025:03:17:09 -0400] "GET /wp-admin/ HTTP/1.1" 200 19699 "-" "Mozilla/5.0 (Windows NT 10.0; Win64; x64) AppleWebKit/537.36 (KHTML, like Gecko) Chrome/110.0.0.0 Safari/537.36"
27.33.60.146 - - [01/Apr/2025:03:17:24 -0400] "GET /wp-login.php?wp_lang=en_US HTTP/1.1" 200 1717 "-" "Mozilla/5.0 (Macintosh; Intel Mac OS X 10_15_7) AppleWebKit/605.1.15 (KHTML, like Gecko) Version/17.0 Safari/605.1.15"
175.36.70.96 - - [01/Apr/2025:03:17:50 -0400] "POST /wp-login.php?wp_lang=en_US HTTP/1.1" 302 0 "-" "Mozilla/5.0 (Macintosh; Intel Mac OS X 10_15_7) AppleWebKit/605.1.15 (KHTML, like Gecko) Version/17.0 Safari/605.1.15"
175.36.70.96 - - [01/Apr/2025:03:17:53 -0400] "GET /wp-admin/ HTTP/1.1" 200 19692 "-" "Mozilla/5.0 (Macintosh; Intel Mac OS X 10_15_7) AppleWebKit/605.1.15 (KHTML, like Gecko) Version/17.0 Safari/605.1.15"
115.130.200.40 - - [01/Apr/2025:03:18:01 -0400] "GET /wp-admin/theme-editor.php HTTP/1.1" 200 24789 "-" "Mozilla/5.0 (Windows NT 10.0; Win64; x64) AppleWebKit/537.36 (KHTML, like Gecko) Chrome/99.0.4844.51 Safari/537.36"
27.33.60.146 - - [01/Apr/2025:03:18:15 -0400] "GET /wp-admin/plugins.php HTTP/1.1" 403 965 "-" "Mozilla/5.0 (Macintosh; Intel Mac OS X 10_15_7) AppleWebKit/605.1.15 (KHTML, like Gecko) Version/15.5 Safari/605.1.15"
27.33.60.146 - - [01/Apr/2025:03:18:19 -0400] "GET /wp-admin/theme-editor.php?file=functions.php&theme=color-magazine HTTP/1.1" 200 17366 "-" "Mozilla/5.0 (iPhone; CPU iPhone OS 17_2 like Mac OS X) AppleWebKit/605.1.15 (KHTML, like Gecko) Version/17.2 Mobile/15E148 Safari/604.1"
198.54.114.83 - - [01/Apr/2025:03:18:28 -0400] "POST /wp-cron.php?doing_wp_cron=1743491908.0992469787597656250000 HTTP/1.1" 200 0 "-" "WordPress/6.7.2; https://saamigraphics.com"
198.54.114.83 - - [01/Apr/2025:03:18:28 -0400] "GET /wp-admin/theme-editor.php?theme=color-magazine&file=functions.php&wp_scrape_key=dd88554b68bf952aa2f803a10664046a&wp_scrape_nonce=1227771469 HTTP/1.1" 200 18387 "-" "WordPress/6.7.2; https://saamigraphics.com"
198.54.114.83 - - [01/Apr/2025:03:18:29 -0400] "POST /wp-admin/admin-ajax.php?action=async_litespeed&nonce=vqtzQ3cD9jUX60ttYso6nPbyl0LmoxEG&litespeed_type=imgoptm HTTP/1.1" 200 0 "-" "WordPress/6.7.2; https://saamigraphics.com"
198.54.114.83 - - [01/Apr/2025:03:18:32 -0400] "GET /?wp_scrape_key=dd88554b68bf952aa2f803a10664046a&wp_scrape_nonce=1227771469 HTTP/1.1" 200 82297 "-" "WordPress/6.7.2; https://saamigraphics.com"
175.36.70.96 - - [01/Apr/2025:03:18:26 -0400] "POST /wp-admin/admin-ajax.php HTTP/1.1" 200 256 "https://saamigraphics.com/wp-admin/theme-editor.php?file=functions.php&theme=color-magazine" "Mozilla/5.0 (iPhone; CPU iPhone OS 17_2 like Mac OS X) AppleWebKit/605.1.15 (KHTML, like Gecko) Version/17.2 Mobile/15E148 Safari/604.1"
198.54.114.83 - - [01/Apr/2025:03:18:39 -0400] "POST /wp-cron.php?doing_wp_cron=1743491918.9742450714111328125000 HTTP/1.1" 200 0 "-" "WordPress/6.7.2; https://saamigraphics.com"
14.203.13.24 - - [01/Apr/2025:03:18:37 -0400] "GET /wp-admin/theme-editor.php?file=inc%2Ftemplate-functions.php&theme=color-magazine HTTP/1.1" 200 16836 "-" "Mozilla/5.0 (Macintosh; Intel Mac OS X 10_15_7) AppleWebKit/605.1.15 (KHTML, like Gecko) Version/15.3 Safari/605.1.15"
198.54.114.83 - - [01/Apr/2025:03:18:41 -0400] "POST /wp-admin/admin-ajax.php?action=async_litespeed&nonce=r2LpiiQItAhPim1StUzUCpSbGj2kIMbo&litespeed_type=imgoptm HTTP/1.1" 200 0 "-" "WordPress/6.7.2; https://saamigraphics.com"
198.54.114.83 - - [01/Apr/2025:03:18:57 -0400] "GET /wp-admin/theme-editor.php?theme=color-magazine&file=inc%2Ftemplate-functions.php&wp_scrape_key=18704ced31b708f6af0e3726b38130c7&wp_scrape_nonce=584350821 HTTP/1.1" 200 17925 "-" "WordPress/6.7.2; https://saamigraphics.com"
198.54.114.83 - - [01/Apr/2025:03:18:59 -0400] "GET /?wp_scrape_key=18704ced31b708f6af0e3726b38130c7&wp_scrape_nonce=584350821 HTTP/1.1" 200 82338 "-" "WordPress/6.7.2; https://saamigraphics.com"
175.36.70.96 - - [01/Apr/2025:03:18:53 -0400] "POST /wp-admin/admin-ajax.php HTTP/1.1" 200 256 "https://saamigraphics.com/wp-admin/theme-editor.php?file=inc%2Ftemplate-functions.php&theme=color-magazine" "Mozilla/5.0 (Macintosh; Intel Mac OS X 10_15_7) AppleWebKit/605.1.15 (KHTML, like Gecko) Version/15.3 Safari/605.1.15"
115.130.200.40 - - [01/Apr/2025:03:19:01 -0400] "GET /wp-admin/theme-editor.php?file=inc%2Fwidgets%2Fmt-widget-functions.php&theme=color-magazine HTTP/1.1" 200 13793 "-" "Mozilla/5.0 (Macintosh; Intel Mac OS X 10_15_7) AppleWebKit/537.36 (KHTML, like Gecko) Chrome/120.0.0.0 Safari/537.36"
198.54.114.83 - - [01/Apr/2025:03:19:10 -0400] "GET /wp-admin/theme-editor.php?theme=color-magazine&file=inc%2Fwidgets%2Fmt-widget-functions.php&wp_scrape_key=517bb63643a78ed5f28763a7ac7cf3f7&wp_scrape_nonce=36267873 HTTP/1.1" 200 13997 "-" "WordPress/6.7.2; https://saamigraphics.com"
198.54.114.83 - - [01/Apr/2025:03:19:16 -0400] "GET /?wp_scrape_key=517bb63643a78ed5f28763a7ac7cf3f7&wp_scrape_nonce=36267873 HTTP/1.1" 200 82333 "-" "WordPress/6.7.2; https://saamigraphics.com"
175.36.70.96 - - [01/Apr/2025:03:19:05 -0400] "POST /wp-admin/admin-ajax.php HTTP/1.1" 200 256 "https://saamigraphics.com/wp-admin/theme-editor.php?file=inc%2Fwidgets%2Fmt-widget-functions.php&theme=color-magazine" "Mozilla/5.0 (Macintosh; Intel Mac OS X 10_15_7) AppleWebKit/537.36 (KHTML, like Gecko) Chrome/120.0.0.0 Safari/537.36"
27.33.60.146 - - [01/Apr/2025:03:19:20 -0400] "GET /wp-admin/theme-editor.php?file=inc%2Fcustomizer%2Fmt-customizer-blog-panel-options.php&theme=color-magazine HTTP/1.1" 200 13841 "-" "Mozilla/5.0 (Macintosh; Intel Mac OS X 10_15_7) AppleWebKit/605.1.15 (KHTML, like Gecko) Version/17.0 Safari/605.1.15"
198.54.114.83 - - [01/Apr/2025:03:19:25 -0400] "GET /wp-admin/theme-editor.php?theme=color-magazine&file=inc%2Fcustomizer%2Fmt-customizer-blog-panel-options.php&wp_scrape_key=6298b4d38f227fdbddd4bd4777f5745a&wp_scrape_nonce=1554564462 HTTP/1.1" 200 15065 "-" "WordPress/6.7.2; https://saamigraphics.com"
198.54.114.83 - - [01/Apr/2025:03:19:27 -0400] "GET /?wp_scrape_key=6298b4d38f227fdbddd4bd4777f5745a&wp_scrape_nonce=1554564462 HTTP/1.1" 200 82297 "-" "WordPress/6.7.2; https://saamigraphics.com"
175.36.70.96 - - [01/Apr/2025:03:19:23 -0400] "POST /wp-admin/admin-ajax.php HTTP/1.1" 200 256 "https://saamigraphics.com/wp-admin/theme-editor.php?file=inc%2Fcustomizer%2Fmt-customizer-blog-panel-options.php&theme=color-magazine" "Mozilla/5.0 (Macintosh; Intel Mac OS X 10_15_7) AppleWebKit/605.1.15 (KHTML, like Gecko) Version/17.0 Safari/605.1.15"
115.130.200.40 - - [01/Apr/2025:03:19:30 -0400] "GET /wp-admin/theme-editor.php?file=header.php&theme=color-magazine HTTP/1.1" 200 12821 "-" "Mozilla/5.0 (Windows NT 10.0; Win64; x64) AppleWebKit/537.36 (KHTML, like Gecko) Chrome/101.0.4951.67 Safari/537.36"
198.54.114.83 - - [01/Apr/2025:03:19:36 -0400] "GET /wp-admin/theme-editor.php?theme=color-magazine&file=header.php&wp_scrape_key=c0650e9b6458c6ec0895dfd7e4db0f10&wp_scrape_nonce=500985559 HTTP/1.1" 200 14037 "-" "WordPress/6.7.2; https://saamigraphics.com"
198.54.114.83 - - [01/Apr/2025:03:19:38 -0400] "GET /?wp_scrape_key=c0650e9b6458c6ec0895dfd7e4db0f10&wp_scrape_nonce=500985559 HTTP/1.1" 200 82298 "-" "WordPress/6.7.2; https://saamigraphics.com"
175.36.70.96 - - [01/Apr/2025:03:19:34 -0400] "POST /wp-admin/admin-ajax.php HTTP/1.1" 200 256 "https://saamigraphics.com/wp-admin/theme-editor.php?file=header.php&theme=color-magazine" "Mozilla/5.0 (Windows NT 10.0; Win64; x64) AppleWebKit/537.36 (KHTML, like Gecko) Chrome/101.0.4951.67 Safari/537.36"
115.130.200.40 - - [01/Apr/2025:03:19:40 -0400] "GET /wp-admin/theme-editor.php?file=template-parts%2Fpartials%2Fheader%2Ftop-header.php&theme=color-magazine HTTP/1.1" 200 12421 "-" "Mozilla/5.0 (Windows NT 10.0; Win64; x64) AppleWebKit/537.36 (KHTML, like Gecko) Chrome/107.0.0.0 Safari/537.36"
198.54.114.83 - - [01/Apr/2025:03:19:48 -0400] "GET /wp-admin/theme-editor.php?theme=color-magazine&file=template-parts%2Fpartials%2Fheader%2Ftop-header.php&wp_scrape_key=a91da3a4ce60e568f6e60345c5a3fab8&wp_scrape_nonce=948293045 HTTP/1.1" 200 13610 "-" "WordPress/6.7.2; https://saamigraphics.com"
198.54.114.83 - - [01/Apr/2025:03:19:51 -0400] "GET /?wp_scrape_key=a91da3a4ce60e568f6e60345c5a3fab8&wp_scrape_nonce=948293045 HTTP/1.1" 200 82333 "-" "WordPress/6.7.2; https://saamigraphics.com"
175.36.70.96 - - [01/Apr/2025:03:19:46 -0400] "POST /wp-admin/admin-ajax.php HTTP/1.1" 200 256 "https://saamigraphics.com/wp-admin/theme-editor.php?file=template-parts%2Fpartials%2Fheader%2Ftop-header.php&theme=color-magazine" "Mozilla/5.0 (Windows NT 10.0; Win64; x64) AppleWebKit/537.36 (KHTML, like Gecko) Chrome/107.0.0.0 Safari/537.36"
115.130.200.40 - - [01/Apr/2025:03:19:56 -0400] "GET /wp-admin/theme-editor.php?file=footer.php&theme=color-magazine HTTP/1.1" 200 12395 "-" "Mozilla/5.0 (Windows NT 10.0; Win64; x64) AppleWebKit/537.36 (KHTML, like Gecko) Chrome/100.0.4896.75 Safari/537.36"
51.222.253.19 - - [01/Apr/2025:03:20:03 -0400] "GET /navigating-the-legal-landscape-finding-the-right-divorce-lawyer-in-nahariya/ HTTP/1.1" 200 82333 "-" "Mozilla/5.0 (compatible; AhrefsBot/7.0; +http://ahrefs.com/robot/)"
198.54.114.83 - - [01/Apr/2025:03:20:04 -0400] "GET /wp-admin/theme-editor.php?theme=color-magazine&file=footer.php&wp_scrape_key=eb74fea6d3ce4d0bb267ee939b300418&wp_scrape_nonce=1246047956 HTTP/1.1" 200 13591 "-" "WordPress/6.7.2; https://saamigraphics.com"
198.54.114.83 - - [01/Apr/2025:03:20:09 -0400] "GET /?wp_scrape_key=eb74fea6d3ce4d0bb267ee939b300418&wp_scrape_nonce=1246047956 HTTP/1.1" 200 82297 "-" "WordPress/6.7.2; https://saamigraphics.com"
175.36.70.96 - - [01/Apr/2025:03:20:00 -0400] "POST /wp-admin/admin-ajax.php HTTP/1.1" 200 256 "https://saamigraphics.com/wp-admin/theme-editor.php?file=footer.php&theme=color-magazine" "Mozilla/5.0 (Windows NT 10.0; Win64; x64) AppleWebKit/537.36 (KHTML, like Gecko) Chrome/100.0.4896.75 Safari/537.36"
115.130.200.40 - - [01/Apr/2025:03:20:13 -0400] "GET /wp-admin/theme-editor.php?file=inc%2Fcustomizer%2Fmt-customizer-custom-classes.php&theme=color-magazine HTTP/1.1" 200 16238 "-" "Mozilla/5.0 (Windows NT 10.0; Win64; x64) AppleWebKit/537.36 (KHTML, like Gecko) Chrome/101.0.4951.67 Safari/537.36"
198.54.114.83 - - [01/Apr/2025:03:20:24 -0400] "GET /wp-admin/theme-editor.php?theme=color-magazine&file=inc%2Fcustomizer%2Fmt-customizer-custom-classes.php&wp_scrape_key=f29cdfbe62a64c0594cb73b59efce687&wp_scrape_nonce=1551548611 HTTP/1.1" 200 17364 "-" "WordPress/6.7.2; https://saamigraphics.com"
198.54.114.83 - - [01/Apr/2025:03:20:28 -0400] "GET /?wp_scrape_key=f29cdfbe62a64c0594cb73b59efce687&wp_scrape_nonce=1551548611 HTTP/1.1" 200 82333 "-" "WordPress/6.7.2; https://saamigraphics.com"
175.36.70.96 - - [01/Apr/2025:03:20:17 -0400] "POST /wp-admin/admin-ajax.php HTTP/1.1" 200 256 "https://saamigraphics.com/wp-admin/theme-editor.php?file=inc%2Fcustomizer%2Fmt-customizer-custom-classes.php&theme=color-magazine" "Mozilla/5.0 (Windows NT 10.0; Win64; x64) AppleWebKit/537.36 (KHTML, like Gecko) Chrome/101.0.4951.67 Safari/537.36"
115.130.200.40 - - [01/Apr/2025:03:20:31 -0400] "GET /wp-admin/theme-editor.php?file=inc%2Fjetpack.php&theme=color-magazine HTTP/1.1" 200 12636 "-" "Mozilla/5.0 (Linux; Android 12; Pixel 6) AppleWebKit/537.36 (KHTML, like Gecko) Chrome/99.0.4844.58 Mobile Safari/537.36"
198.54.114.83 - - [01/Apr/2025:03:20:38 -0400] "GET /wp-admin/theme-editor.php?theme=color-magazine&file=inc%2Fjetpack.php&wp_scrape_key=55656c66425cf6ec34e963ce5e66ebad&wp_scrape_nonce=2066668590 HTTP/1.1" 200 13800 "-" "WordPress/6.7.2; https://saamigraphics.com"
198.54.114.83 - - [01/Apr/2025:03:20:40 -0400] "GET /?wp_scrape_key=55656c66425cf6ec34e963ce5e66ebad&wp_scrape_nonce=2066668590 HTTP/1.1" 200 82333 "-" "WordPress/6.7.2; https://saamigraphics.com"
175.36.70.96 - - [01/Apr/2025:03:20:36 -0400] "POST /wp-admin/admin-ajax.php HTTP/1.1" 200 256 "https://saamigraphics.com/wp-admin/theme-editor.php?file=inc%2Fjetpack.php&theme=color-magazine" "Mozilla/5.0 (Linux; Android 12; Pixel 6) AppleWebKit/537.36 (KHTML, like Gecko) Chrome/99.0.4844.58 Mobile Safari/537.36"
198.54.114.83 - - [01/Apr/2025:03:20:44 -0400] "POST /wp-cron.php?doing_wp_cron=1743492043.8992280960083007812500 HTTP/1.1" 200 0 "-" "WordPress/6.7.2; https://saamigraphics.com"
115.130.200.40 - - [01/Apr/2025:03:20:42 -0400] "GET /wp-admin/theme-editor.php?file=inc%2Fcustomizer%2Fmt-customizer-header-panel-options.php&theme=color-magazine HTTP/1.1" 200 14361 "-" "Mozilla/5.0 (Windows NT 10.0; Win64; x64) AppleWebKit/537.36 (KHTML, like Gecko) Chrome/100.0.4896.75 Safari/537.36"
198.54.114.83 - - [01/Apr/2025:03:20:50 -0400] "GET /wp-admin/theme-editor.php?theme=color-magazine&file=inc%2Fcustomizer%2Fmt-customizer-header-panel-options.php&wp_scrape_key=ed353bb7e837707b93588dff0f7be39d&wp_scrape_nonce=1767326688 HTTP/1.1" 200 15534 "-" "WordPress/6.7.2; https://saamigraphics.com"
198.54.114.83 - - [01/Apr/2025:03:20:53 -0400] "GET /?wp_scrape_key=ed353bb7e837707b93588dff0f7be39d&wp_scrape_nonce=1767326688 HTTP/1.1" 200 82244 "-" "WordPress/6.7.2; https://saamigraphics.com"
175.36.70.96 - - [01/Apr/2025:03:20:49 -0400] "POST /wp-admin/admin-ajax.php HTTP/1.1" 200 256 "https://saamigraphics.com/wp-admin/theme-editor.php?file=inc%2Fcustomizer%2Fmt-customizer-header-panel-options.php&theme=color-magazine" "Mozilla/5.0 (Windows NT 10.0; Win64; x64) AppleWebKit/537.36 (KHTML, like Gecko) Chrome/100.0.4896.75 Safari/537.36"
115.130.200.40 - - [01/Apr/2025:03:20:54 -0400] "GET /wp-admin/theme-editor.php?file=template-parts%2Fcontent-none.php&theme=color-magazine HTTP/1.1" 200 12744 "-" "Mozilla/5.0 (Windows NT 10.0; Win64; x64) AppleWebKit/537.36 (KHTML, like Gecko) Chrome/99.0.4844.51 Safari/537.36"
198.54.114.83 - - [01/Apr/2025:03:20:59 -0400] "GET /wp-admin/theme-editor.php?theme=color-magazine&file=template-parts%2Fcontent-none.php&wp_scrape_key=c2d070e0a69edeb26d0222e84157a0e1&wp_scrape_nonce=1275968533 HTTP/1.1" 200 13908 "-" "WordPress/6.7.2; https://saamigraphics.com"
198.54.114.83 - - [01/Apr/2025:03:21:01 -0400] "GET /?wp_scrape_key=c2d070e0a69edeb26d0222e84157a0e1&wp_scrape_nonce=1275968533 HTTP/1.1" 200 82333 "-" "WordPress/6.7.2; https://saamigraphics.com"
175.36.70.96 - - [01/Apr/2025:03:20:58 -0400] "POST /wp-admin/admin-ajax.php HTTP/1.1" 200 256 "https://saamigraphics.com/wp-admin/theme-editor.php?file=template-parts%2Fcontent-none.php&theme=color-magazine" "Mozilla/5.0 (Windows NT 10.0; Win64; x64) AppleWebKit/537.36 (KHTML, like Gecko) Chrome/99.0.4844.51 Safari/537.36"
115.130.200.40 - - [01/Apr/2025:03:21:02 -0400] "GET /wp-admin/theme-editor.php?file=sidebar.php&theme=color-magazine HTTP/1.1" 200 12188 "-" "Mozilla/5.0 (Windows NT 10.0; Win64; x64) AppleWebKit/537.36 (KHTML, like Gecko) Chrome/101.0.4951.64 Safari/537.36 Edg/101.0.1210.47"
198.54.114.83 - - [01/Apr/2025:03:21:07 -0400] "GET /wp-admin/theme-editor.php?theme=color-magazine&file=sidebar.php&wp_scrape_key=287240f06392ee31da005800bf5cb7aa&wp_scrape_nonce=182142057 HTTP/1.1" 200 13446 "-" "WordPress/6.7.2; https://saamigraphics.com"
198.54.114.83 - - [01/Apr/2025:03:21:09 -0400] "GET /?wp_scrape_key=287240f06392ee31da005800bf5cb7aa&wp_scrape_nonce=182142057 HTTP/1.1" 200 82297 "-" "WordPress/6.7.2; https://saamigraphics.com"
175.36.70.96 - - [01/Apr/2025:03:21:05 -0400] "POST /wp-admin/admin-ajax.php HTTP/1.1" 200 256 "https://saamigraphics.com/wp-admin/theme-editor.php?file=sidebar.php&theme=color-magazine" "Mozilla/5.0 (Windows NT 10.0; Win64; x64) AppleWebKit/537.36 (KHTML, like Gecko) Chrome/101.0.4951.64 Safari/537.36 Edg/101.0.1210.47"
115.130.200.40 - - [01/Apr/2025:03:21:12 -0400] "GET /wp-admin/theme-editor.php?file=inc%2Fcustomizer%2Fimage.php&theme=color-magazine HTTP/1.1" 200 23308 "-" "Mozilla/5.0 (Windows NT 10.0; Win64; x64) AppleWebKit/537.36 (KHTML, like Gecko) Chrome/100.0.4896.75 Safari/537.36"
198.54.114.83 - - [01/Apr/2025:03:21:19 -0400] "GET /wp-admin/theme-editor.php?theme=color-magazine&file=inc%2Fcustomizer%2Fimage.php&wp_scrape_key=df04555cba69b4a27e33c6ededd1442e&wp_scrape_nonce=751665288 HTTP/1.1" 200 24290 "-" "WordPress/6.7.2; https://saamigraphics.com"
198.54.114.83 - - [01/Apr/2025:03:21:21 -0400] "GET /?wp_scrape_key=df04555cba69b4a27e33c6ededd1442e&wp_scrape_nonce=751665288 HTTP/1.1" 200 82333 "-" "WordPress/6.7.2; https://saamigraphics.com"
175.36.70.96 - - [01/Apr/2025:03:21:16 -0400] "POST /wp-admin/admin-ajax.php HTTP/1.1" 200 256 "https://saamigraphics.com/wp-admin/theme-editor.php?file=inc%2Fcustomizer%2Fimage.php&theme=color-magazine" "Mozilla/5.0 (Windows NT 10.0; Win64; x64) AppleWebKit/537.36 (KHTML, like Gecko) Chrome/100.0.4896.75 Safari/537.36"
115.130.200.40 - - [01/Apr/2025:03:21:23 -0400] "GET /wp-admin/theme-editor.php?file=index.php&theme=color-magazine HTTP/1.1" 200 12795 "-" "Mozilla/5.0 (Windows NT 10.0; Win64; x64) AppleWebKit/537.36 (KHTML, like Gecko) Chrome/110.0.0.0 Safari/537.36"
198.54.114.83 - - [01/Apr/2025:03:21:29 -0400] "GET /wp-admin/theme-editor.php?theme=color-magazine&file=index.php&wp_scrape_key=4d79bfb4cb584b11e1c5dc4278d150ca&wp_scrape_nonce=1484494296 HTTP/1.1" 200 14053 "-" "WordPress/6.7.2; https://saamigraphics.com"
198.54.114.83 - - [01/Apr/2025:03:21:30 -0400] "GET /?wp_scrape_key=4d79bfb4cb584b11e1c5dc4278d150ca&wp_scrape_nonce=1484494296 HTTP/1.1" 200 82297 "-" "WordPress/6.7.2; https://saamigraphics.com"
175.36.70.96 - - [01/Apr/2025:03:21:28 -0400] "POST /wp-admin/admin-ajax.php HTTP/1.1" 200 256 "https://saamigraphics.com/wp-admin/theme-editor.php?file=index.php&theme=color-magazine" "Mozilla/5.0 (Windows NT 10.0; Win64; x64) AppleWebKit/537.36 (KHTML, like Gecko) Chrome/110.0.0.0 Safari/537.36"
115.130.200.40 - - [01/Apr/2025:03:21:33 -0400] "GET /wp-admin/theme-editor.php?file=template-parts%2Fpartials%2Fpost%2Fauthor-box.php&theme=color-magazine HTTP/1.1" 200 12702 "-" "Mozilla/5.0 (Windows NT 10.0; Win64; x64) AppleWebKit/537.36 (KHTML, like Gecko) Chrome/104.0.0.0 Safari/537.36"
198.54.114.83 - - [01/Apr/2025:03:21:37 -0400] "GET /wp-admin/theme-editor.php?theme=color-magazine&file=template-parts%2Fpartials%2Fpost%2Fauthor-box.php&wp_scrape_key=3cb7a91eb9c68c658202c4cda96625c7&wp_scrape_nonce=1253538013 HTTP/1.1" 200 13927 "-" "WordPress/6.7.2; https://saamigraphics.com"
198.54.114.83 - - [01/Apr/2025:03:21:39 -0400] "GET /?wp_scrape_key=3cb7a91eb9c68c658202c4cda96625c7&wp_scrape_nonce=1253538013 HTTP/1.1" 200 82297 "-" "WordPress/6.7.2; https://saamigraphics.com"
175.36.70.96 - - [01/Apr/2025:03:21:36 -0400] "POST /wp-admin/admin-ajax.php HTTP/1.1" 200 256 "https://saamigraphics.com/wp-admin/theme-editor.php?file=template-parts%2Fpartials%2Fpost%2Fauthor-box.php&theme=color-magazine" "Mozilla/5.0 (Windows NT 10.0; Win64; x64) AppleWebKit/537.36 (KHTML, like Gecko) Chrome/104.0.0.0 Safari/537.36"
115.130.200.40 - - [01/Apr/2025:03:21:41 -0400] "GET /wp-admin/theme-editor.php?file=template-parts%2Fpartials%2Fpost%2Fmeta.php&theme=color-magazine HTTP/1.1" 200 12248 "-" "Mozilla/5.0 (Windows NT 10.0; Win64; x64) AppleWebKit/537.36 (KHTML, like Gecko) Chrome/100.0.4896.75 Safari/537.36"
198.54.114.83 - - [01/Apr/2025:03:21:45 -0400] "POST /wp-cron.php?doing_wp_cron=1743492105.4275050163269042968750 HTTP/1.1" 200 0 "-" "WordPress/6.7.2; https://saamigraphics.com"
198.54.114.83 - - [01/Apr/2025:03:21:45 -0400] "GET /wp-admin/theme-editor.php?theme=color-magazine&file=template-parts%2Fpartials%2Fpost%2Fmeta.php&wp_scrape_key=be5d44c3983209e8f4640eddb3e7c22b&wp_scrape_nonce=856433837 HTTP/1.1" 200 13404 "-" "WordPress/6.7.2; https://saamigraphics.com"
198.54.114.83 - - [01/Apr/2025:03:21:47 -0400] "GET /?wp_scrape_key=be5d44c3983209e8f4640eddb3e7c22b&wp_scrape_nonce=856433837 HTTP/1.1" 200 82297 "-" "WordPress/6.7.2; https://saamigraphics.com"
175.36.70.96 - - [01/Apr/2025:03:21:44 -0400] "POST /wp-admin/admin-ajax.php HTTP/1.1" 200 256 "https://saamigraphics.com/wp-admin/theme-editor.php?file=template-parts%2Fpartials%2Fpost%2Fmeta.php&theme=color-magazine" "Mozilla/5.0 (Windows NT 10.0; Win64; x64) AppleWebKit/537.36 (KHTML, like Gecko) Chrome/100.0.4896.75 Safari/537.36"
198.54.114.83 - - [01/Apr/2025:03:21:46 -0400] "POST /wp-admin/admin-ajax.php?action=async_litespeed&nonce=UpDqthGa5N9pI3Wt1EATTWzKlsj17Iz5&litespeed_type=imgoptm HTTP/1.1" 200 0 "-" "WordPress/6.7.2; https://saamigraphics.com"
115.130.200.40 - - [01/Apr/2025:03:21:49 -0400] "GET /wp-admin/theme-editor.php?file=assets%2Fprofile.php&theme=color-magazine HTTP/1.1" 200 14198 "-" "Mozilla/5.0 (Linux; Android 12; Pixel 6) AppleWebKit/537.36 (KHTML, like Gecko) Chrome/99.0.4844.58 Mobile Safari/537.36"
198.54.114.83 - - [01/Apr/2025:03:21:56 -0400] "GET /wp-admin/theme-editor.php?theme=color-magazine&file=assets%2Fprofile.php&wp_scrape_key=ff89446d6b2cb08279cd911f8c323c83&wp_scrape_nonce=704196049 HTTP/1.1" 200 15404 "-" "WordPress/6.7.2; https://saamigraphics.com"
198.54.114.83 - - [01/Apr/2025:03:21:57 -0400] "GET /?wp_scrape_key=ff89446d6b2cb08279cd911f8c323c83&wp_scrape_nonce=704196049 HTTP/1.1" 200 82297 "-" "WordPress/6.7.2; https://saamigraphics.com"
175.36.70.96 - - [01/Apr/2025:03:21:54 -0400] "POST /wp-admin/admin-ajax.php HTTP/1.1" 200 256 "https://saamigraphics.com/wp-admin/theme-editor.php?file=assets%2Fprofile.php&theme=color-magazine" "Mozilla/5.0 (Linux; Android 12; Pixel 6) AppleWebKit/537.36 (KHTML, like Gecko) Chrome/99.0.4844.58 Mobile Safari/537.36"
115.130.200.40 - - [01/Apr/2025:03:22:00 -0400] "GET /wp-admin/theme-editor.php?file=inc%2Fwidgets%2Fmt-author-info.php&theme=color-magazine HTTP/1.1" 200 13663 "-" "Mozilla/5.0 (Macintosh; Intel Mac OS X 10_15_7) AppleWebKit/537.36 (KHTML, like Gecko) Chrome/119.0.0.0 Safari/537.36"
198.54.114.83 - - [01/Apr/2025:03:22:06 -0400] "GET /wp-admin/theme-editor.php?theme=color-magazine&file=inc%2Fwidgets%2Fmt-author-info.php&wp_scrape_key=f684bf39680757f53d2fc9f2aaca449b&wp_scrape_nonce=870909454 HTTP/1.1" 200 14850 "-" "WordPress/6.7.2; https://saamigraphics.com"
198.54.114.83 - - [01/Apr/2025:03:22:08 -0400] "GET /?wp_scrape_key=f684bf39680757f53d2fc9f2aaca449b&wp_scrape_nonce=870909454 HTTP/1.1" 200 82297 "-" "WordPress/6.7.2; https://saamigraphics.com"
175.36.70.96 - - [01/Apr/2025:03:22:03 -0400] "POST /wp-admin/admin-ajax.php HTTP/1.1" 200 256 "https://saamigraphics.com/wp-admin/theme-editor.php?file=inc%2Fwidgets%2Fmt-author-info.php&theme=color-magazine" "Mozilla/5.0 (Macintosh; Intel Mac OS X 10_15_7) AppleWebKit/537.36 (KHTML, like Gecko) Chrome/119.0.0.0 Safari/537.36"
115.130.200.40 - - [01/Apr/2025:03:22:11 -0400] "GET /wp-admin/theme-editor.php?file=inc%2Fmt-class-breadcrumbs.php&theme=color-magazine HTTP/1.1" 200 22212 "-" "Mozilla/5.0 (Macintosh; Intel Mac OS X 10_15_7) AppleWebKit/537.36 (KHTML, like Gecko) Chrome/120.0.0.0 Safari/537.36"
198.54.114.83 - - [01/Apr/2025:03:22:17 -0400] "GET /wp-admin/theme-editor.php?theme=color-magazine&file=inc%2Fmt-class-breadcrumbs.php&wp_scrape_key=230e2666488cade2431b51cc0a7d7d13&wp_scrape_nonce=2247640 HTTP/1.1" 200 23265 "-" "WordPress/6.7.2; https://saamigraphics.com"
198.54.114.83 - - [01/Apr/2025:03:22:19 -0400] "GET /?wp_scrape_key=230e2666488cade2431b51cc0a7d7d13&wp_scrape_nonce=2247640 HTTP/1.1" 200 82297 "-" "WordPress/6.7.2; https://saamigraphics.com"
175.36.70.96 - - [01/Apr/2025:03:22:15 -0400] "POST /wp-admin/admin-ajax.php HTTP/1.1" 200 256 "https://saamigraphics.com/wp-admin/theme-editor.php?file=inc%2Fmt-class-breadcrumbs.php&theme=color-magazine" "Mozilla/5.0 (Macintosh; Intel Mac OS X 10_15_7) AppleWebKit/537.36 (KHTML, like Gecko) Chrome/120.0.0.0 Safari/537.36"
115.130.200.40 - - [01/Apr/2025:03:22:21 -0400] "GET /wp-admin/theme-editor.php?file=template-parts%2Fpartials%2Fimage.php&theme=color-magazine HTTP/1.1" 200 13737 "-" "Mozilla/5.0 (Windows NT 10.0; Win64; x64) AppleWebKit/537.36 (KHTML, like Gecko) Chrome/107.0.0.0 Safari/537.36"
198.54.114.83 - - [01/Apr/2025:03:22:27 -0400] "GET /wp-admin/theme-editor.php?theme=color-magazine&file=template-parts%2Fpartials%2Fimage.php&wp_scrape_key=2f69f6b140eab57ca1cfda4f96045d76&wp_scrape_nonce=965960179 HTTP/1.1" 200 14970 "-" "WordPress/6.7.2; https://saamigraphics.com"
198.54.114.83 - - [01/Apr/2025:03:22:29 -0400] "GET /?wp_scrape_key=2f69f6b140eab57ca1cfda4f96045d76&wp_scrape_nonce=965960179 HTTP/1.1" 200 82297 "-" "WordPress/6.7.2; https://saamigraphics.com"
175.36.70.96 - - [01/Apr/2025:03:22:25 -0400] "POST /wp-admin/admin-ajax.php HTTP/1.1" 200 256 "https://saamigraphics.com/wp-admin/theme-editor.php?file=template-parts%2Fpartials%2Fimage.php&theme=color-magazine" "Mozilla/5.0 (Windows NT 10.0; Win64; x64) AppleWebKit/537.36 (KHTML, like Gecko) Chrome/107.0.0.0 Safari/537.36"
115.130.200.40 - - [01/Apr/2025:03:22:30 -0400] "GET /wp-admin/theme-editor.php?file=inc%2Fmt-dynamic-styles.php&theme=color-magazine HTTP/1.1" 200 13708 "-" "Mozilla/5.0 (Windows NT 10.0; Win64; x64) AppleWebKit/537.36 (KHTML, like Gecko) Chrome/116.0.0.0 Safari/537.36"
198.54.114.83 - - [01/Apr/2025:03:22:36 -0400] "GET /wp-admin/theme-editor.php?theme=color-magazine&file=inc%2Fmt-dynamic-styles.php&wp_scrape_key=684cd29635fd61de30fca5e1ddb8c1e0&wp_scrape_nonce=254957532 HTTP/1.1" 200 14895 "-" "WordPress/6.7.2; https://saamigraphics.com"
198.54.114.83 - - [01/Apr/2025:03:22:38 -0400] "GET /?wp_scrape_key=684cd29635fd61de30fca5e1ddb8c1e0&wp_scrape_nonce=254957532 HTTP/1.1" 200 82298 "-" "WordPress/6.7.2; https://saamigraphics.com"
175.36.70.96 - - [01/Apr/2025:03:22:34 -0400] "POST /wp-admin/admin-ajax.php HTTP/1.1" 200 256 "https://saamigraphics.com/wp-admin/theme-editor.php?file=inc%2Fmt-dynamic-styles.php&theme=color-magazine" "Mozilla/5.0 (Windows NT 10.0; Win64; x64) AppleWebKit/537.36 (KHTML, like Gecko) Chrome/116.0.0.0 Safari/537.36"
198.54.114.83 - - [01/Apr/2025:03:22:40 -0400] "POST /wp-cron.php?doing_wp_cron=1743492160.4788589477539062500000 HTTP/1.1" 200 0 "-" "WordPress/6.7.2; https://saamigraphics.com"
115.130.200.40 - - [01/Apr/2025:03:22:39 -0400] "GET /wp-admin/theme-editor.php?file=page.php&theme=color-magazine HTTP/1.1" 200 12657 "-" "Mozilla/5.0 (Macintosh; Intel Mac OS X 10_15_7) AppleWebKit/537.36 (KHTML, like Gecko) Chrome/120.0.0.0 Safari/537.36"
198.54.114.83 - - [01/Apr/2025:03:22:42 -0400] "POST /wp-admin/admin-ajax.php?action=async_litespeed&nonce=s0CgxtaqKxlyWiDp2ouGjbcwCvJGrguU&litespeed_type=imgoptm HTTP/1.1" 200 0 "-" "WordPress/6.7.2; https://saamigraphics.com"
198.54.114.83 - - [01/Apr/2025:03:22:44 -0400] "GET /wp-admin/theme-editor.php?theme=color-magazine&file=page.php&wp_scrape_key=bbed0524e160ad57754038bf56b5f0be&wp_scrape_nonce=695425594 HTTP/1.1" 200 13851 "-" "WordPress/6.7.2; https://saamigraphics.com"
198.54.114.83 - - [01/Apr/2025:03:22:46 -0400] "GET /?wp_scrape_key=bbed0524e160ad57754038bf56b5f0be&wp_scrape_nonce=695425594 HTTP/1.1" 200 82333 "-" "WordPress/6.7.2; https://saamigraphics.com"
175.36.70.96 - - [01/Apr/2025:03:22:43 -0400] "POST /wp-admin/admin-ajax.php HTTP/1.1" 200 256 "https://saamigraphics.com/wp-admin/theme-editor.php?file=page.php&theme=color-magazine" "Mozilla/5.0 (Macintosh; Intel Mac OS X 10_15_7) AppleWebKit/537.36 (KHTML, like Gecko) Chrome/120.0.0.0 Safari/537.36"
115.130.200.40 - - [01/Apr/2025:03:22:49 -0400] "GET /wp-admin/theme-editor.php?file=inc%2Fcustomizer%2Fmt-customizer-general-panel-options.php&theme=color-magazine HTTP/1.1" 200 15469 "-" "Mozilla/5.0 (Macintosh; Intel Mac OS X 10_15_7) AppleWebKit/537.36 (KHTML, like Gecko) Chrome/120.0.0.0 Safari/537.36"
198.54.114.83 - - [01/Apr/2025:03:22:54 -0400] "GET /wp-admin/theme-editor.php?theme=color-magazine&file=inc%2Fcustomizer%2Fmt-customizer-general-panel-options.php&wp_scrape_key=9254ec70c5738c526186740fca54ebff&wp_scrape_nonce=735020723 HTTP/1.1" 200 16733 "-" "WordPress/6.7.2; https://saamigraphics.com"
198.54.114.83 - - [01/Apr/2025:03:22:56 -0400] "GET /?wp_scrape_key=9254ec70c5738c526186740fca54ebff&wp_scrape_nonce=735020723 HTTP/1.1" 200 82297 "-" "WordPress/6.7.2; https://saamigraphics.com"
175.36.70.96 - - [01/Apr/2025:03:22:53 -0400] "POST /wp-admin/admin-ajax.php HTTP/1.1" 200 256 "https://saamigraphics.com/wp-admin/theme-editor.php?file=inc%2Fcustomizer%2Fmt-customizer-general-panel-options.php&theme=color-magazine" "Mozilla/5.0 (Macintosh; Intel Mac OS X 10_15_7) AppleWebKit/537.36 (KHTML, like Gecko) Chrome/120.0.0.0 Safari/537.36"
115.130.200.40 - - [01/Apr/2025:03:22:59 -0400] "GET /wp-admin/theme-editor.php?file=inc%2Ftheme-settings%2Fmt-theme-settings.php&theme=color-magazine HTTP/1.1" 200 21406 "-" "Mozilla/5.0 (Windows NT 10.0; Win64; x64) AppleWebKit/537.36 (KHTML, like Gecko) Chrome/110.0.0.0 Safari/537.36"
198.54.114.83 - - [01/Apr/2025:03:23:10 -0400] "GET /wp-admin/theme-editor.php?theme=color-magazine&file=inc%2Ftheme-settings%2Fmt-theme-settings.php&wp_scrape_key=7d8021a1433064f7dd4b6ba727dc27e8&wp_scrape_nonce=185255222 HTTP/1.1" 200 22474 "-" "WordPress/6.7.2; https://saamigraphics.com"
198.54.114.83 - - [01/Apr/2025:03:23:13 -0400] "GET /?wp_scrape_key=7d8021a1433064f7dd4b6ba727dc27e8&wp_scrape_nonce=185255222 HTTP/1.1" 200 82333 "-" "WordPress/6.7.2; https://saamigraphics.com"
175.36.70.96 - - [01/Apr/2025:03:23:09 -0400] "POST /wp-admin/admin-ajax.php HTTP/1.1" 200 256 "https://saamigraphics.com/wp-admin/theme-editor.php?file=inc%2Ftheme-settings%2Fmt-theme-settings.php&theme=color-magazine" "Mozilla/5.0 (Windows NT 10.0; Win64; x64) AppleWebKit/537.36 (KHTML, like Gecko) Chrome/110.0.0.0 Safari/537.36"
115.130.200.40 - - [01/Apr/2025:03:23:14 -0400] "GET /wp-admin/theme-editor.php?file=template-parts%2Fpartials%2Fheader%2Fmain-header.php&theme=color-magazine HTTP/1.1" 200 13404 "-" "Mozilla/5.0 (Windows NT 10.0; Win64; x64) AppleWebKit/537.36 (KHTML, like Gecko) Chrome/99.0.4844.51 Safari/537.36"
198.54.114.83 - - [01/Apr/2025:03:23:20 -0400] "GET /wp-admin/theme-editor.php?theme=color-magazine&file=template-parts%2Fpartials%2Fheader%2Fmain-header.php&wp_scrape_key=8689cc722822604fe56ebc57bb6d6e67&wp_scrape_nonce=259239676 HTTP/1.1" 200 14602 "-" "WordPress/6.7.2; https://saamigraphics.com"
198.54.114.83 - - [01/Apr/2025:03:23:22 -0400] "GET /?wp_scrape_key=8689cc722822604fe56ebc57bb6d6e67&wp_scrape_nonce=259239676 HTTP/1.1" 200 82297 "-" "WordPress/6.7.2; https://saamigraphics.com"
175.36.70.96 - - [01/Apr/2025:03:23:19 -0400] "POST /wp-admin/admin-ajax.php HTTP/1.1" 200 256 "https://saamigraphics.com/wp-admin/theme-editor.php?file=template-parts%2Fpartials%2Fheader%2Fmain-header.php&theme=color-magazine" "Mozilla/5.0 (Windows NT 10.0; Win64; x64) AppleWebKit/537.36 (KHTML, like Gecko) Chrome/99.0.4844.51 Safari/537.36"
159.196.67.37 - - [01/Apr/2025:03:23:27 -0400] "GET /wp-admin/theme-editor.php?file=template-parts%2Fpartials%2Fpost%2Fentry-title.php&theme=color-magazine HTTP/1.1" 200 12345 "-" "Mozilla/5.0 (Macintosh; Intel Mac OS X 10_15_7) AppleWebKit/605.1.15 (KHTML, like Gecko) Version/15.3 Safari/605.1.15"
198.54.114.83 - - [01/Apr/2025:03:23:31 -0400] "GET /wp-admin/theme-editor.php?theme=color-magazine&file=template-parts%2Fpartials%2Fpost%2Fentry-title.php&wp_scrape_key=ba0da664776c7ecfb8670c4032a89ac8&wp_scrape_nonce=492826932 HTTP/1.1" 200 13532 "-" "WordPress/6.7.2; https://saamigraphics.com"
198.54.114.83 - - [01/Apr/2025:03:23:33 -0400] "GET /?wp_scrape_key=ba0da664776c7ecfb8670c4032a89ac8&wp_scrape_nonce=492826932 HTTP/1.1" 200 82297 "-" "WordPress/6.7.2; https://saamigraphics.com"
175.36.70.96 - - [01/Apr/2025:03:23:29 -0400] "POST /wp-admin/admin-ajax.php HTTP/1.1" 200 256 "https://saamigraphics.com/wp-admin/theme-editor.php?file=template-parts%2Fpartials%2Fpost%2Fentry-title.php&theme=color-magazine" "Mozilla/5.0 (Macintosh; Intel Mac OS X 10_15_7) AppleWebKit/605.1.15 (KHTML, like Gecko) Version/15.3 Safari/605.1.15"
159.196.67.37 - - [01/Apr/2025:03:23:34 -0400] "GET /wp-admin/theme-editor.php?file=template-parts%2Fpartials%2Fpost%2Frelated-posts.php&theme=color-magazine HTTP/1.1" 200 13221 "-" "Mozilla/5.0 (Macintosh; Intel Mac OS X 10_15_7) AppleWebKit/605.1.15 (KHTML, like Gecko) Version/15.3 Safari/605.1.15"
198.54.114.83 - - [01/Apr/2025:03:23:39 -0400] "POST /wp-cron.php?doing_wp_cron=1743492219.8120911121368408203125 HTTP/1.1" 200 0 "-" "WordPress/6.7.2; https://saamigraphics.com"
198.54.114.83 - - [01/Apr/2025:03:23:41 -0400] "POST /wp-admin/admin-ajax.php?action=async_litespeed&nonce=6zXM1z83CwJU8BM3KUJlshkfWQ3ZVrmc&litespeed_type=imgoptm HTTP/1.1" 200 0 "-" "WordPress/6.7.2; https://saamigraphics.com"
198.54.114.83 - - [01/Apr/2025:03:23:40 -0400] "GET /wp-admin/theme-editor.php?theme=color-magazine&file=template-parts%2Fpartials%2Fpost%2Frelated-posts.php&wp_scrape_key=8e43ce10baf5e19ea9592a14bbd5e1f5&wp_scrape_nonce=1236991883 HTTP/1.1" 200 14399 "-" "WordPress/6.7.2; https://saamigraphics.com"
198.54.114.83 - - [01/Apr/2025:03:23:42 -0400] "GET /?wp_scrape_key=8e43ce10baf5e19ea9592a14bbd5e1f5&wp_scrape_nonce=1236991883 HTTP/1.1" 200 82389 "-" "WordPress/6.7.2; https://saamigraphics.com"
