217.113.194.80 - - [02/Apr/2025:03:53:09 -0400] "GET /enhancing-organization-with-printable-planner-stickers/feed/ HTTP/1.1" 200 82333 "-" "Mozilla/5.0 (compatible; Barkrowler/0.9; +https://babbar.tech/crawler)"
217.113.194.81 - - [02/Apr/2025:03:53:25 -0400] "GET /youtube-subscribers-how-important-are-they-to-your-success/ HTTP/1.1" 200 82297 "-" "Mozilla/5.0 (compatible; Barkrowler/0.9; +https://babbar.tech/crawler)"
217.113.194.80 - - [02/Apr/2025:03:53:43 -0400] "GET /the-ultimate-comfort-custom-grip-socks-with-no-minimum-order/ HTTP/1.1" 200 82333 "-" "Mozilla/5.0 (compatible; Barkrowler/0.9; +https://babbar.tech/crawler)"
217.113.194.81 - - [02/Apr/2025:03:54:00 -0400] "GET /the-ultimate-guide-to-deleting-your-instagram-account/feed/ HTTP/1.1" 200 82297 "-" "Mozilla/5.0 (compatible; Barkrowler/0.9; +https://babbar.tech/crawler)"
51.222.253.15 - - [02/Apr/2025:03:54:09 -0400] "GET /category/activity/page/58/ HTTP/1.1" 200 82333 "-" "Mozilla/5.0 (compatible; AhrefsBot/7.0; +http://ahrefs.com/robot/)"
217.113.194.81 - - [02/Apr/2025:03:54:17 -0400] "GET /the-ultimate-guide-to-instant-hot-and-cold-water-taps/ HTTP/1.1" 200 82333 "-" "Mozilla/5.0 (compatible; Barkrowler/0.9; +https://babbar.tech/crawler)"
217.113.194.72 - - [02/Apr/2025:03:54:34 -0400] "GET /explosion-proof-high-performance-butterfly-valves/ HTTP/1.1" 200 82297 "-" "Mozilla/5.0 (compatible; Barkrowler/0.9; +https://babbar.tech/crawler)"
217.113.194.72 - - [02/Apr/2025:03:54:51 -0400] "GET /explosion-proof-high-performance-butterfly-valves/feed/ HTTP/1.1" 200 82333 "-" "Mozilla/5.0 (compatible; Barkrowler/0.9; +https://babbar.tech/crawler)"
217.113.194.78 - - [02/Apr/2025:03:55:08 -0400] "GET /unintroduzione-incantata-al-mondo-di-lorcana/ HTTP/1.1" 200 82333 "-" "Mozilla/5.0 (compatible; Barkrowler/0.9; +https://babbar.tech/crawler)"
217.113.194.74 - - [02/Apr/2025:03:55:25 -0400] "GET /qnet-singapore-administers-south-western-asian-countries/ HTTP/1.1" 200 82333 "-" "Mozilla/5.0 (compatible; Barkrowler/0.9; +https://babbar.tech/crawler)"
217.113.194.75 - - [02/Apr/2025:03:55:42 -0400] "GET /qnet-singapore-administers-south-western-asian-countries/feed/ HTTP/1.1" 200 82297 "-" "Mozilla/5.0 (compatible; Barkrowler/0.9; +https://babbar.tech/crawler)"
217.113.194.77 - - [02/Apr/2025:03:55:58 -0400] "GET /discovering-nusa-penida-a-hidden-gem-of-indonesia/ HTTP/1.1" 200 82333 "-" "Mozilla/5.0 (compatible; Barkrowler/0.9; +https://babbar.tech/crawler)"
217.113.194.79 - - [02/Apr/2025:03:56:16 -0400] "GET /boosting-your-online-presence-the-benefits-of-buying-youtube-views/ HTTP/1.1" 200 82333 "-" "Mozilla/5.0 (compatible; Barkrowler/0.9; +https://babbar.tech/crawler)"
217.113.194.78 - - [02/Apr/2025:03:56:33 -0400] "GET /revitalizing-surfaces-the-power-of-pressure-washing/ HTTP/1.1" 200 82333 "-" "Mozilla/5.0 (compatible; Barkrowler/0.9; +https://babbar.tech/crawler)"
217.113.194.76 - - [02/Apr/2025:03:56:50 -0400] "GET /the-role-of-hgh-in-canadas-health-and-wellness-scene/ HTTP/1.1" 200 82333 "-" "Mozilla/5.0 (compatible; Barkrowler/0.9; +https://babbar.tech/crawler)"
47.82.25.41 - - [02/Apr/2025:03:56:56 -0400] "GET /the-importance-of-regular-eye-check-ups/ HTTP/1.1" 200 82297 "-" "Mozilla/5.0 (Windows NT 10.0; Win64; x64) AppleWebKit/537.36 (KHTML, like Gecko) Chrome/122.0.0.0 Safari/537.36"
217.113.194.80 - - [02/Apr/2025:03:57:07 -0400] "GET /maximizing-weight-loss-through-strategic-weight-training/ HTTP/1.1" 200 82333 "-" "Mozilla/5.0 (compatible; Barkrowler/0.9; +https://babbar.tech/crawler)"
217.113.194.75 - - [02/Apr/2025:03:57:25 -0400] "GET /ein-beruf-im-dienste-der-gerechtigkeit/feed/ HTTP/1.1" 200 82333 "-" "Mozilla/5.0 (compatible; Barkrowler/0.9; +https://babbar.tech/crawler)"
51.222.253.13 - - [02/Apr/2025:03:57:32 -0400] "GET /the-versatility-and-strength-of-cement-screed-walls/ HTTP/1.1" 200 82333 "-" "Mozilla/5.0 (compatible; AhrefsBot/7.0; +http://ahrefs.com/robot/)"
217.113.194.72 - - [02/Apr/2025:03:57:42 -0400] "GET /how-are-toys-important-in-childhood-development/ HTTP/1.1" 200 82333 "-" "Mozilla/5.0 (compatible; Barkrowler/0.9; +https://babbar.tech/crawler)"
47.82.22.198 - - [02/Apr/2025:03:57:53 -0400] "GET /2023/09/ HTTP/1.1" 200 82333 "-" "Mozilla/5.0 (Macintosh; Intel Mac OS X 10_15_7) AppleWebKit/605.1.15 (KHTML, like Gecko) Version/17.0 Safari/605.1.15"
217.113.194.77 - - [02/Apr/2025:03:58:00 -0400] "GET /superbowl-betting-guide-before-and-during-visiting-indianapolis/ HTTP/1.1" 200 82333 "-" "Mozilla/5.0 (compatible; Barkrowler/0.9; +https://babbar.tech/crawler)"
47.82.20.213 - - [02/Apr/2025:03:58:13 -0400] "GET /assurer-votre-avenir-professionnel-limportance-de-lassurance-professionnelle/ HTTP/1.1" 200 82333 "-" "Mozilla/5.0 (Linux; Android 10; K) AppleWebKit/537.36 (KHTML, like Gecko) Chrome/122.0.0.0 Mobile Safari/537.36"
217.113.194.81 - - [02/Apr/2025:03:58:19 -0400] "GET /como-calcular-el-costo-de-peaje-en-mexico/ HTTP/1.1" 200 82297 "-" "Mozilla/5.0 (compatible; Barkrowler/0.9; +https://babbar.tech/crawler)"
217.113.194.77 - - [02/Apr/2025:03:58:36 -0400] "GET /unterstutzung-und-heilung-fur-die-psyche/ HTTP/1.1" 200 82297 "-" "Mozilla/5.0 (compatible; Barkrowler/0.9; +https://babbar.tech/crawler)"
217.113.194.73 - - [02/Apr/2025:03:58:54 -0400] "GET /whats-new-in-skin-whitening-life-after-hydroquinone/ HTTP/1.1" 200 82333 "-" "Mozilla/5.0 (compatible; Barkrowler/0.9; +https://babbar.tech/crawler)"
217.113.194.78 - - [02/Apr/2025:03:59:11 -0400] "GET /expert-bathroom-renovations-in-melbournes-western-suburbs/feed/ HTTP/1.1" 200 82333 "-" "Mozilla/5.0 (compatible; Barkrowler/0.9; +https://babbar.tech/crawler)"
217.113.194.74 - - [02/Apr/2025:03:59:28 -0400] "GET /the-current-landscape-of-ai-gpu-pricing-and-availability/ HTTP/1.1" 200 82297 "-" "Mozilla/5.0 (compatible; Barkrowler/0.9; +https://babbar.tech/crawler)"
217.113.194.80 - - [02/Apr/2025:03:59:45 -0400] "GET /the-evolution-of-t-shirts-from-basic-garment-to-style-icon/ HTTP/1.1" 200 82297 "-" "Mozilla/5.0 (compatible; Barkrowler/0.9; +https://babbar.tech/crawler)"
217.113.194.81 - - [02/Apr/2025:04:00:03 -0400] "GET /the-evolution-of-entertainment-unveiling-the-world-of-online-casinos/ HTTP/1.1" 200 82297 "-" "Mozilla/5.0 (compatible; Barkrowler/0.9; +https://babbar.tech/crawler)"
217.113.194.77 - - [02/Apr/2025:04:00:21 -0400] "GET /cancer-the-more-they-breathe-the-sooner-they-die/ HTTP/1.1" 200 82297 "-" "Mozilla/5.0 (compatible; Barkrowler/0.9; +https://babbar.tech/crawler)"
2a02:598:128:8a00::b00:3 - - [02/Apr/2025:04:00:30 -0400] "GET /convenience-meets-innovations/ HTTP/1.1" 200 82297 "-" "Mozilla/5.0 (compatible; SeznamBot/4.0; +https://o-seznam.cz/napoveda/vyhledavani/en/seznambot-crawler/)"
217.113.194.73 - - [02/Apr/2025:04:00:39 -0400] "GET /rebuilding-from-ashes-the-art-of-fire-damage-restoration/ HTTP/1.1" 200 82297 "-" "Mozilla/5.0 (compatible; Barkrowler/0.9; +https://babbar.tech/crawler)"
51.222.253.7 - - [02/Apr/2025:04:00:43 -0400] "GET /eto-erp-encompix-shows-comprehensive-client-base/ HTTP/1.1" 200 82333 "-" "Mozilla/5.0 (compatible; AhrefsBot/7.0; +http://ahrefs.com/robot/)"
217.113.194.76 - - [02/Apr/2025:04:00:55 -0400] "GET /navigating-the-excitement-exploring-the-world-of-online-casinos/feed/ HTTP/1.1" 200 82333 "-" "Mozilla/5.0 (compatible; Barkrowler/0.9; +https://babbar.tech/crawler)"
112.92.70.120 - - [02/Apr/2025:04:01:12 -0400] "GET /un-examen-des-produits-de-securite-a-domicile/ HTTP/1.1" 200 82298 "https://saamigraphics.com" "Mozilla/5.0 (Windows NT 10.0; Win64; x64) AppleWebKit/537.36 (KHTML, like Gecko) Chrome/62.0.3202.94 Safari/537.36"
217.113.194.80 - - [02/Apr/2025:04:01:13 -0400] "GET /navigating-the-world-of-breast-pumps-finding-the-best-fit-for-you/ HTTP/1.1" 200 82333 "-" "Mozilla/5.0 (compatible; Barkrowler/0.9; +https://babbar.tech/crawler)"
217.113.194.72 - - [02/Apr/2025:04:01:31 -0400] "GET /navigating-the-world-of-breast-pumps-finding-the-best-fit-for-you/feed/ HTTP/1.1" 200 82333 "-" "Mozilla/5.0 (compatible; Barkrowler/0.9; +https://babbar.tech/crawler)"
217.113.194.77 - - [02/Apr/2025:04:01:48 -0400] "GET /navigating-finances-a-comprehensive-accountant-salary-guide/ HTTP/1.1" 200 82297 "-" "Mozilla/5.0 (compatible; Barkrowler/0.9; +https://babbar.tech/crawler)"
217.113.194.73 - - [02/Apr/2025:04:02:05 -0400] "GET /plateaux-repas-dentreprise-un-allie-pour-vos-reunions/ HTTP/1.1" 200 82333 "-" "Mozilla/5.0 (compatible; Barkrowler/0.9; +https://babbar.tech/crawler)"
217.113.194.81 - - [02/Apr/2025:04:02:22 -0400] "GET /why-you-should-have-a-custom-window-shutter-on-every-window/ HTTP/1.1" 200 82333 "-" "Mozilla/5.0 (compatible; Barkrowler/0.9; +https://babbar.tech/crawler)"
217.113.194.75 - - [02/Apr/2025:04:02:39 -0400] "GET /the-best-search-engine-optimization-companies-in-los-angeles/ HTTP/1.1" 200 82333 "-" "Mozilla/5.0 (compatible; Barkrowler/0.9; +https://babbar.tech/crawler)"
217.113.194.72 - - [02/Apr/2025:04:02:56 -0400] "GET /der-ultimative-leitfaden-fur-ihren-online-shop/ HTTP/1.1" 200 82297 "-" "Mozilla/5.0 (compatible; Barkrowler/0.9; +https://babbar.tech/crawler)"
47.79.116.216 - - [02/Apr/2025:04:03:11 -0400] "GET /the-importance-of-regular-eye-check-ups/ HTTP/1.1" 200 82333 "-" "Mozilla/5.0 (iPhone; CPU iPhone OS 17_0 like Mac OS X) AppleWebKit/605.1.15 (KHTML, like Gecko) EdgiOS/117.0.2045.48 Version/17.0 Mobile/15E148 Safari/604.1"
217.113.194.74 - - [02/Apr/2025:04:03:13 -0400] "GET /seizing-the-moment-unlocking-the-power-of-opportunity/ HTTP/1.1" 200 82333 "-" "Mozilla/5.0 (compatible; Barkrowler/0.9; +https://babbar.tech/crawler)"
217.113.194.75 - - [02/Apr/2025:04:03:29 -0400] "GET /the-growing-trend-of-games-hire-in-corporate-events/feed/ HTTP/1.1" 200 82297 "-" "Mozilla/5.0 (compatible; Barkrowler/0.9; +https://babbar.tech/crawler)"
51.222.253.8 - - [02/Apr/2025:04:03:40 -0400] "GET /gitarrenlehrer-essen/ HTTP/1.1" 200 82297 "-" "Mozilla/5.0 (compatible; AhrefsBot/7.0; +http://ahrefs.com/robot/)"
217.113.194.80 - - [02/Apr/2025:04:03:47 -0400] "GET /the-art-of-stake-ator-balancing-risk-and-reward/feed/ HTTP/1.1" 200 82297 "-" "Mozilla/5.0 (compatible; Barkrowler/0.9; +https://babbar.tech/crawler)"
217.113.194.80 - - [02/Apr/2025:04:04:04 -0400] "GET /revolutionizing-computing-the-power-of-gpu-cloud-services/ HTTP/1.1" 200 82333 "-" "Mozilla/5.0 (compatible; Barkrowler/0.9; +https://babbar.tech/crawler)"
217.113.194.81 - - [02/Apr/2025:04:04:22 -0400] "GET /revolutionizing-digital-transactions-buying-itunes-with-bitcoin/ HTTP/1.1" 200 82297 "-" "Mozilla/5.0 (compatible; Barkrowler/0.9; +https://babbar.tech/crawler)"
217.113.194.72 - - [02/Apr/2025:04:04:38 -0400] "GET /unlocking-the-power-of-forex-trading-with-automated-solutions/ HTTP/1.1" 200 82297 "-" "Mozilla/5.0 (compatible; Barkrowler/0.9; +https://babbar.tech/crawler)"
47.82.21.173 - - [02/Apr/2025:04:04:39 -0400] "GET /embroidered-socks/ HTTP/1.1" 200 82297 "-" "Mozilla/5.0 (Windows NT 10.0; Win64; x64) AppleWebKit/537.36 (KHTML, like Gecko) Chrome/121.0.0.0 Safari/537.36 Edg/121.0.0.0"
217.113.194.72 - - [02/Apr/2025:04:04:56 -0400] "GET /unlocking-creativity-the-power-of-ai-image-generators/ HTTP/1.1" 200 82297 "-" "Mozilla/5.0 (compatible; Barkrowler/0.9; +https://babbar.tech/crawler)"
185.231.154.128 - - [02/Apr/2025:04:05:13 -0400] "GET /cbd-for-anxiety-uk-a-natural-remedy-for-anxiety/ HTTP/1.1" 200 82333 "https://saamigraphics.com/cbd-for-anxiety-uk-a-natural-remedy-for-anxiety/#comment-9063" "Mozilla/5.0 (Windows NT 10.0; Win64; x64) AppleWebKit/537.36 (KHTML, like Gecko) Chrome/129.0.0.0 Safari/537.36"
217.113.194.75 - - [02/Apr/2025:04:05:15 -0400] "GET /unlocking-linguistic-horizons-german-courses-in-london/feed/ HTTP/1.1" 200 82333 "-" "Mozilla/5.0 (compatible; Barkrowler/0.9; +https://babbar.tech/crawler)"
47.82.13.21 - - [02/Apr/2025:04:05:31 -0400] "GET /explore-the-classical-aegean-beauty-on-yacht/ HTTP/1.1" 200 82333 "-" "Mozilla/5.0 (Windows NT 10.0; Win64; x64) AppleWebKit/537.36 (KHTML, like Gecko) Chrome/121.0.0.0 Safari/537.36 Edg/121.0.0.0"
217.113.194.74 - - [02/Apr/2025:04:05:33 -0400] "GET /unveiling-the-whispering-breeze-the-electric-fan/ HTTP/1.1" 200 82297 "-" "Mozilla/5.0 (compatible; Barkrowler/0.9; +https://babbar.tech/crawler)"
217.113.194.78 - - [02/Apr/2025:04:05:51 -0400] "GET /unveiling-the-hidden-gem-real-estate-in-manilva/ HTTP/1.1" 200 82333 "-" "Mozilla/5.0 (compatible; Barkrowler/0.9; +https://babbar.tech/crawler)"
217.113.194.81 - - [02/Apr/2025:04:06:08 -0400] "GET /unleashing-the-magic-of-rainbow-riches-casino/ HTTP/1.1" 200 82333 "-" "Mozilla/5.0 (compatible; Barkrowler/0.9; +https://babbar.tech/crawler)"
112.92.70.120 - - [02/Apr/2025:04:06:17 -0400] "GET /un-examen-des-produits-de-securite-a-domicile/ HTTP/1.1" 200 82333 "https://saamigraphics.com" "Mozilla/5.0 (Windows NT 10.0; Win64; x64) AppleWebKit/537.36 (KHTML, like Gecko) Chrome/62.0.3202.94 Safari/537.36"
217.113.194.81 - - [02/Apr/2025:04:06:27 -0400] "GET /unleashing-the-magic-of-rainbow-riches-casino/feed/ HTTP/1.1" 200 82333 "-" "Mozilla/5.0 (compatible; Barkrowler/0.9; +https://babbar.tech/crawler)"
51.222.253.20 - - [02/Apr/2025:04:06:39 -0400] "GET /simplifying-the-fda-cosmetic-registration-process/ HTTP/1.1" 200 82297 "-" "Mozilla/5.0 (compatible; AhrefsBot/7.0; +http://ahrefs.com/robot/)"
217.113.194.75 - - [02/Apr/2025:04:06:44 -0400] "GET /efficient-solutions-for-gatwick-to-heathrow-transfers/ HTTP/1.1" 200 82297 "-" "Mozilla/5.0 (compatible; Barkrowler/0.9; +https://babbar.tech/crawler)"
217.113.194.76 - - [02/Apr/2025:04:07:01 -0400] "GET /efficient-plumbing-solutions-with-ppr-pipes-and-fittings/ HTTP/1.1" 200 82298 "-" "Mozilla/5.0 (compatible; Barkrowler/0.9; +https://babbar.tech/crawler)"
217.113.194.78 - - [02/Apr/2025:04:07:18 -0400] "GET /top-heroes-in-watcher-of-realms-dominating-the-arena/ HTTP/1.1" 200 82297 "-" "Mozilla/5.0 (compatible; Barkrowler/0.9; +https://babbar.tech/crawler)"
198.54.114.83 - - [02/Apr/2025:04:07:23 -0400] "POST /wp-admin/admin-ajax.php?action=async_litespeed&nonce=bLpEf4vHKti7I69RkG4cq2gnTNsjDvj2&litespeed_type=imgoptm HTTP/1.1" 200 0 "-" "WordPress/6.7.2; https://saamigraphics.com"
217.113.194.72 - - [02/Apr/2025:04:07:36 -0400] "GET /embracing-the-modern-trend-of-paperless-wedding-invitations/ HTTP/1.1" 200 82333 "-" "Mozilla/5.0 (compatible; Barkrowler/0.9; +https://babbar.tech/crawler)"
217.113.194.76 - - [02/Apr/2025:04:07:53 -0400] "GET /6-month-anniversary-gifts-that-show-you-care/ HTTP/1.1" 200 82298 "-" "Mozilla/5.0 (compatible; Barkrowler/0.9; +https://babbar.tech/crawler)"
47.82.18.106 - - [02/Apr/2025:04:08:10 -0400] "GET /assurer-votre-avenir-professionnel-limportance-de-lassurance-professionnelle/ HTTP/1.1" 200 82333 "-" "Mozilla/5.0 (iPhone; CPU iPhone OS 17_3 like Mac OS X) AppleWebKit/605.1.15 (KHTML, like Gecko) EdgiOS/121.0.2277.107 Version/17.0 Mobile/15E148 Safari/604.1"
217.113.194.72 - - [02/Apr/2025:04:08:11 -0400] "GET /entreprise-disolation-a-geneve-excellence-et-durabilite/feed/ HTTP/1.1" 200 82333 "-" "Mozilla/5.0 (compatible; Barkrowler/0.9; +https://babbar.tech/crawler)"
212.227.169.188 - - [02/Apr/2025:04:08:14 -0400] "GET /wp-login.php HTTP/1.1" 200 1717 "-" "GRequests/0.10"
198.54.114.83 - - [02/Apr/2025:04:08:17 -0400] "POST /wp-cron.php?doing_wp_cron=1743581297.0828080177307128906250 HTTP/1.1" 200 0 "-" "WordPress/6.7.2; https://saamigraphics.com"
212.227.169.188 - - [02/Apr/2025:04:08:16 -0400] "POST /wp-login.php HTTP/1.1" 200 1850 "-" "GRequests/0.10"
198.54.114.83 - - [02/Apr/2025:04:08:19 -0400] "POST /wp-admin/admin-ajax.php?action=async_litespeed&nonce=zzCiRwnr3yhumNA5oTiZrAueJEw3UD5o&litespeed_type=imgoptm HTTP/1.1" 200 0 "-" "WordPress/6.7.2; https://saamigraphics.com"
217.113.194.73 - - [02/Apr/2025:04:08:28 -0400] "GET /cbd-for-anxiety-uk-a-natural-remedy-for-anxiety/ HTTP/1.1" 200 82333 "-" "Mozilla/5.0 (compatible; Barkrowler/0.9; +https://babbar.tech/crawler)"
217.113.194.80 - - [02/Apr/2025:04:08:46 -0400] "GET /dog-dewormer-as-a-cancer-treatment-breakthrough/ HTTP/1.1" 200 82297 "-" "Mozilla/5.0 (compatible; Barkrowler/0.9; +https://babbar.tech/crawler)"
217.113.194.73 - - [02/Apr/2025:04:09:03 -0400] "GET /dog-dewormer-as-a-cancer-treatment-breakthrough/feed/ HTTP/1.1" 200 82297 "-" "Mozilla/5.0 (compatible; Barkrowler/0.9; +https://babbar.tech/crawler)"
217.113.194.73 - - [02/Apr/2025:04:09:22 -0400] "GET /home-care-is-a-vital-part-of-elderly-health-in-montreal/ HTTP/1.1" 200 82297 "-" "Mozilla/5.0 (compatible; Barkrowler/0.9; +https://babbar.tech/crawler)"
217.113.194.78 - - [02/Apr/2025:04:09:39 -0400] "GET /la-publicite-par-drapeaux-une-strategie-visuelle-efficace/ HTTP/1.1" 200 82297 "-" "Mozilla/5.0 (compatible; Barkrowler/0.9; +https://babbar.tech/crawler)"
51.222.253.4 - - [02/Apr/2025:04:09:43 -0400] "GET /the-evolution-of-entertainment-unveiling-the-world-of-online-casinos/ HTTP/1.1" 200 82333 "-" "Mozilla/5.0 (compatible; AhrefsBot/7.0; +http://ahrefs.com/robot/)"
2a06:6440:0:2c29::1 - - [02/Apr/2025:04:09:49 -0400] "GET /wp-login.php HTTP/1.1" 200 1717 "-" "GRequests/0.10"
198.54.114.83 - - [02/Apr/2025:04:09:53 -0400] "POST /wp-cron.php?doing_wp_cron=1743581392.6012690067291259765625 HTTP/1.1" 200 0 "-" "WordPress/6.7.2; https://saamigraphics.com"
2a06:6440:0:2c29::1 - - [02/Apr/2025:04:09:51 -0400] "POST /wp-login.php HTTP/1.1" 200 1849 "-" "GRequests/0.10"
198.54.114.83 - - [02/Apr/2025:04:09:55 -0400] "POST /wp-admin/admin-ajax.php?action=async_litespeed&nonce=nKWhyr2G50M2EskIx3wePrjZA6bNJxc5&litespeed_type=imgoptm HTTP/1.1" 200 0 "-" "WordPress/6.7.2; https://saamigraphics.com"
154.54.249.200 - - [02/Apr/2025:04:09:56 -0400] "GET /selecting-the-best-ps4-thermal-paste-for-your-playstation-4/ HTTP/1.1" 200 82297 "-" "Mozilla/5.0 (compatible; Barkrowler/0.9; +https://babbar.tech/crawler)"
217.113.194.74 - - [02/Apr/2025:04:10:14 -0400] "GET /exploring-vietnam-a-comprehensive-guide-for-korean-travelers/ HTTP/1.1" 200 82333 "-" "Mozilla/5.0 (compatible; Barkrowler/0.9; +https://babbar.tech/crawler)"
217.113.194.72 - - [02/Apr/2025:04:10:31 -0400] "GET /exploring-the-charms-of-vietnam-a-korean-travelers-guide/ HTTP/1.1" 200 82298 "-" "Mozilla/5.0 (compatible; Barkrowler/0.9; +https://babbar.tech/crawler)"
217.113.194.80 - - [02/Apr/2025:04:10:50 -0400] "GET /exploring-the-delightful-world-of-disposable-vape-flavors/ HTTP/1.1" 200 82298 "-" "Mozilla/5.0 (compatible; Barkrowler/0.9; +https://babbar.tech/crawler)"
47.79.118.135 - - [02/Apr/2025:04:10:57 -0400] "GET /explore-the-classical-aegean-beauty-on-yacht/ HTTP/1.1" 200 82297 "-" "Mozilla/5.0 (Windows NT 10.0; Win64; x64) AppleWebKit/537.36 (KHTML, like Gecko) Chrome/122.0.0.0 Safari/537.36"
217.113.194.75 - - [02/Apr/2025:04:11:07 -0400] "GET /exploring-the-vibrant-real-estate-market-in-portland-oregon/ HTTP/1.1" 200 82297 "-" "Mozilla/5.0 (compatible; Barkrowler/0.9; +https://babbar.tech/crawler)"
47.79.116.102 - - [02/Apr/2025:04:11:15 -0400] "GET /unveiling-the-role-of-an-estate-agent/ HTTP/1.1" 200 82333 "-" "Mozilla/5.0 (Windows NT 10.0; Win64; x64; rv:123.0) Gecko/20100101 Firefox/123.0"
217.113.194.76 - - [02/Apr/2025:04:11:24 -0400] "GET /exploring-the-vibrant-real-estate-market-in-portland-oregon/feed/ HTTP/1.1" 200 82333 "-" "Mozilla/5.0 (compatible; Barkrowler/0.9; +https://babbar.tech/crawler)"
217.113.194.78 - - [02/Apr/2025:04:11:41 -0400] "GET /crafting-a-compelling-resume-elevating-your-professional-profile/ HTTP/1.1" 200 82297 "-" "Mozilla/5.0 (compatible; Barkrowler/0.9; +https://babbar.tech/crawler)"
217.113.194.77 - - [02/Apr/2025:04:11:57 -0400] "GET /step-into-comfort-exploring-the-world-of-custom-grip-socks/ HTTP/1.1" 200 82297 "-" "Mozilla/5.0 (compatible; Barkrowler/0.9; +https://babbar.tech/crawler)"
47.79.117.34 - - [02/Apr/2025:04:12:10 -0400] "GET /employee-communication-app/ HTTP/1.1" 200 82333 "-" "Mozilla/5.0 (iPhone; CPU iPhone OS 17_1 like Mac OS X) AppleWebKit/605.1.15 (KHTML, like Gecko) EdgiOS/121.0.2277.107 Version/17.0 Mobile/15E148 Safari/604.1"
217.113.194.73 - - [02/Apr/2025:04:12:15 -0400] "GET /optimizing-casino-revenue-efficient-solution-distribution/ HTTP/1.1" 200 82297 "-" "Mozilla/5.0 (compatible; Barkrowler/0.9; +https://babbar.tech/crawler)"
217.113.194.75 - - [02/Apr/2025:04:12:33 -0400] "GET /cyprus-hair-transplant-restoring-confidence-and-natural-beauty/ HTTP/1.1" 200 82297 "-" "Mozilla/5.0 (compatible; Barkrowler/0.9; +https://babbar.tech/crawler)"
217.113.194.75 - - [02/Apr/2025:04:12:50 -0400] "GET /infusion-anti-nausees-un-remede-naturel-efficace/feed/ HTTP/1.1" 200 82333 "-" "Mozilla/5.0 (compatible; Barkrowler/0.9; +https://babbar.tech/crawler)"
51.222.253.2 - - [02/Apr/2025:04:12:54 -0400] "GET /author/jorge/page/123/ HTTP/1.1" 200 82297 "-" "Mozilla/5.0 (compatible; AhrefsBot/7.0; +http://ahrefs.com/robot/)"
217.113.194.72 - - [02/Apr/2025:04:13:07 -0400] "GET /oppein-canada-leading-the-way-in-custom-cabinetry/ HTTP/1.1" 200 82297 "-" "Mozilla/5.0 (compatible; Barkrowler/0.9; +https://babbar.tech/crawler)"
217.113.194.72 - - [02/Apr/2025:04:13:24 -0400] "GET /enhancing-workplace-efficiency-with-an-employee-communication-app/ HTTP/1.1" 200 82333 "-" "Mozilla/5.0 (compatible; Barkrowler/0.9; +https://babbar.tech/crawler)"
217.113.194.72 - - [02/Apr/2025:04:13:40 -0400] "GET /the-ultimate-comfort-custom-grip-socks-with-no-minimum-order/feed/ HTTP/1.1" 200 82333 "-" "Mozilla/5.0 (compatible; Barkrowler/0.9; +https://babbar.tech/crawler)"
217.113.194.73 - - [02/Apr/2025:04:13:57 -0400] "GET /the-ultimate-guide-to-instant-hot-and-cold-water-taps/feed/ HTTP/1.1" 200 82297 "-" "Mozilla/5.0 (compatible; Barkrowler/0.9; +https://babbar.tech/crawler)"
217.113.194.75 - - [02/Apr/2025:04:14:14 -0400] "GET /12-volt-battery-jump-starter-for-many-practical-purposes/ HTTP/1.1" 200 82333 "-" "Mozilla/5.0 (compatible; Barkrowler/0.9; +https://babbar.tech/crawler)"
217.113.194.77 - - [02/Apr/2025:04:14:32 -0400] "GET /discovering-nusa-penida-a-hidden-gem-of-indonesia/feed/ HTTP/1.1" 200 82333 "-" "Mozilla/5.0 (compatible; Barkrowler/0.9; +https://babbar.tech/crawler)"
217.113.194.76 - - [02/Apr/2025:04:14:49 -0400] "GET /7-strategies-to-get-4000-watch-hours-on-youtube-faster/ HTTP/1.1" 200 82333 "-" "Mozilla/5.0 (compatible; Barkrowler/0.9; +https://babbar.tech/crawler)"
217.113.194.74 - - [02/Apr/2025:04:15:07 -0400] "GET /les-plateaux-repas-dentreprise-une-solution-pratique-et-conviviale/ HTTP/1.1" 200 82333 "-" "Mozilla/5.0 (compatible; Barkrowler/0.9; +https://babbar.tech/crawler)"
217.113.194.77 - - [02/Apr/2025:04:15:25 -0400] "GET /lelegance-mobile-decouvrez-le-monde-du-mobile-de-lit/ HTTP/1.1" 200 82297 "-" "Mozilla/5.0 (compatible; Barkrowler/0.9; +https://babbar.tech/crawler)"
217.113.194.81 - - [02/Apr/2025:04:15:42 -0400] "GET /lelegance-mobile-decouvrez-le-monde-du-mobile-de-lit/feed/ HTTP/1.1" 200 82333 "-" "Mozilla/5.0 (compatible; Barkrowler/0.9; +https://babbar.tech/crawler)"
217.113.194.76 - - [02/Apr/2025:04:15:59 -0400] "GET /the-role-of-hgh-in-canadas-health-and-wellness-scene/feed/ HTTP/1.1" 200 82333 "-" "Mozilla/5.0 (compatible; Barkrowler/0.9; +https://babbar.tech/crawler)"
217.113.194.81 - - [02/Apr/2025:04:16:15 -0400] "GET /maximizing-savings-at-whole-foods-smart-tips-for-shoppers/feed/ HTTP/1.1" 200 82333 "-" "Mozilla/5.0 (compatible; Barkrowler/0.9; +https://babbar.tech/crawler)"
51.222.253.16 - - [02/Apr/2025:04:16:21 -0400] "GET /page/31/ HTTP/1.1" 200 82333 "-" "Mozilla/5.0 (compatible; AhrefsBot/7.0; +http://ahrefs.com/robot/)"
217.113.194.78 - - [02/Apr/2025:04:16:32 -0400] "GET /maximizing-savings-at-whole-foods-smart-tips-for-shoppers/ HTTP/1.1" 200 82333 "-" "Mozilla/5.0 (compatible; Barkrowler/0.9; +https://babbar.tech/crawler)"
47.79.121.101 - - [02/Apr/2025:04:16:41 -0400] "GET /junior-mma-gloves-essential-gear-for-young-fighters/ HTTP/1.1" 200 82297 "-" "Mozilla/5.0 (iPhone; CPU iPhone OS 17_2 like Mac OS X) AppleWebKit/605.1.15 (KHTML, like Gecko) EdgiOS/121.0.2277.99 Version/17.0 Mobile/15E148 Safari/604.1"
217.113.194.77 - - [02/Apr/2025:04:16:50 -0400] "GET /enchanting-cuddles-the-magical-world-of-disney-teddys/ HTTP/1.1" 200 82333 "-" "Mozilla/5.0 (compatible; Barkrowler/0.9; +https://babbar.tech/crawler)"
154.54.249.200 - - [02/Apr/2025:04:17:07 -0400] "GET /enchanting-cuddles-the-magical-world-of-disney-teddys/feed/ HTTP/1.1" 200 82297 "-" "Mozilla/5.0 (compatible; Barkrowler/0.9; +https://babbar.tech/crawler)"
217.113.194.77 - - [02/Apr/2025:04:17:23 -0400] "GET /car-fridge-is-the-coolest-car-accessories-to-have/ HTTP/1.1" 200 82297 "-" "Mozilla/5.0 (compatible; Barkrowler/0.9; +https://babbar.tech/crawler)"
217.113.194.76 - - [02/Apr/2025:04:17:40 -0400] "GET /why-is-it-importantunderstanding-fda-cosmetic-registration/ HTTP/1.1" 200 82333 "-" "Mozilla/5.0 (compatible; Barkrowler/0.9; +https://babbar.tech/crawler)"
217.113.194.77 - - [02/Apr/2025:04:17:56 -0400] "GET /right-time-to-get-into-elegant-cbd-oil-packaging-game/ HTTP/1.1" 200 82297 "-" "Mozilla/5.0 (compatible; Barkrowler/0.9; +https://babbar.tech/crawler)"
112.92.70.120 - - [02/Apr/2025:04:18:12 -0400] "GET /un-examen-des-produits-de-securite-a-domicile/ HTTP/1.1" 200 82297 "https://saamigraphics.com" "Mozilla/5.0 (Windows NT 10.0; Win64; x64) AppleWebKit/537.36 (KHTML, like Gecko) Chrome/62.0.3202.94 Safari/537.36"
217.113.194.75 - - [02/Apr/2025:04:18:13 -0400] "GET /the-healing-chamber-a-revolutionary-approach-to-wellness/feed/ HTTP/1.1" 200 82333 "-" "Mozilla/5.0 (compatible; Barkrowler/0.9; +https://babbar.tech/crawler)"
217.113.194.77 - - [02/Apr/2025:04:18:29 -0400] "GET /the-healing-elixir-discovering-the-health-benefits-of-talbina/feed/ HTTP/1.1" 200 82333 "-" "Mozilla/5.0 (compatible; Barkrowler/0.9; +https://babbar.tech/crawler)"
217.113.194.73 - - [02/Apr/2025:04:18:46 -0400] "GET /the-healing-elixir-discovering-the-health-benefits-of-talbina/ HTTP/1.1" 200 82333 "-" "Mozilla/5.0 (compatible; Barkrowler/0.9; +https://babbar.tech/crawler)"
217.113.194.78 - - [02/Apr/2025:04:19:02 -0400] "GET /robots.txt HTTP/1.1" 200 82333 "-" "Mozilla/5.0 (compatible; Barkrowler/0.9; +https://babbar.tech/crawler)"
217.113.194.75 - - [02/Apr/2025:04:19:19 -0400] "GET /the-future-of-finance-a-dive-into-ceti-crypto/ HTTP/1.1" 200 82297 "-" "Mozilla/5.0 (compatible; Barkrowler/0.9; +https://babbar.tech/crawler)"
154.54.249.200 - - [02/Apr/2025:04:19:35 -0400] "GET /the-risks-and-realities-of-buying-youtube-subscribers/feed/ HTTP/1.1" 200 82297 "-" "Mozilla/5.0 (compatible; Barkrowler/0.9; +https://babbar.tech/crawler)"
51.222.253.3 - - [02/Apr/2025:04:19:44 -0400] "GET /navigating-the-maze-unraveling-the-intricacies-of-steuererklarung/ HTTP/1.1" 200 82333 "-" "Mozilla/5.0 (compatible; AhrefsBot/7.0; +http://ahrefs.com/robot/)"
217.113.194.80 - - [02/Apr/2025:04:19:52 -0400] "GET /the-versatility-of-stamped-concrete-in-northern-colorado/ HTTP/1.1" 200 82333 "-" "Mozilla/5.0 (compatible; Barkrowler/0.9; +https://babbar.tech/crawler)"
217.113.194.72 - - [02/Apr/2025:04:20:10 -0400] "GET /the-versatility-and-strength-of-cement-screed-walls/ HTTP/1.1" 200 82333 "-" "Mozilla/5.0 (compatible; Barkrowler/0.9; +https://babbar.tech/crawler)"
154.54.249.200 - - [02/Apr/2025:04:20:26 -0400] "GET /buy-youtube-comment-likes-to-boost-the-popularity-of-your-channel/ HTTP/1.1" 200 82333 "-" "Mozilla/5.0 (compatible; Barkrowler/0.9; +https://babbar.tech/crawler)"
47.82.24.159 - - [02/Apr/2025:04:20:29 -0400] "GET /a-unique-way-to-cherish-your-furry-friend/ HTTP/1.1" 200 82333 "-" "Mozilla/5.0 (Linux; Android 10; K) AppleWebKit/537.36 (KHTML, like Gecko) Chrome/122.0.0.0 Mobile Safari/537.36"
217.113.194.78 - - [02/Apr/2025:04:20:42 -0400] "GET /whats-the-best-way-to-pay-a-business-owners-estate-taxes/ HTTP/1.1" 200 82297 "-" "Mozilla/5.0 (compatible; Barkrowler/0.9; +https://babbar.tech/crawler)"
112.92.70.120 - - [02/Apr/2025:04:20:53 -0400] "GET /un-examen-des-produits-de-securite-a-domicile/ HTTP/1.1" 200 82333 "https://saamigraphics.com" "Mozilla/5.0 (Windows NT 10.0; Win64; x64) AppleWebKit/537.36 (KHTML, like Gecko) Chrome/62.0.3202.94 Safari/537.36"
217.113.194.72 - - [02/Apr/2025:04:21:00 -0400] "GET /osteopathy-a-holistic-approach-to-health-in-dubai/feed/ HTTP/1.1" 200 82297 "-" "Mozilla/5.0 (compatible; Barkrowler/0.9; +https://babbar.tech/crawler)"
154.54.249.200 - - [02/Apr/2025:04:21:17 -0400] "GET /die-besten-strandclubs-am-gardasee/feed/ HTTP/1.1" 200 82297 "-" "Mozilla/5.0 (compatible; Barkrowler/0.9; +https://babbar.tech/crawler)"
47.82.9.101 - - [02/Apr/2025:04:21:20 -0400] "GET /wp-admin/load-styles.php HTTP/1.1" 200 0 "-" "Mozilla/5.0 (Windows NT 10.0; Win64; x64) AppleWebKit/537.36 (KHTML, like Gecko) Chrome/114.0.0.0 Safari/537.36 Edg/114.0.1823.43"
217.113.194.77 - - [02/Apr/2025:04:21:34 -0400] "GET /navigating-london-with-ease-the-benefits-of-london-airport-taxis/feed/ HTTP/1.1" 200 82333 "-" "Mozilla/5.0 (compatible; Barkrowler/0.9; +https://babbar.tech/crawler)"
217.113.194.80 - - [02/Apr/2025:04:21:51 -0400] "GET /navigating-london-with-ease-the-benefits-of-london-airport-taxis/ HTTP/1.1" 200 82389 "-" "Mozilla/5.0 (compatible; Barkrowler/0.9; +https://babbar.tech/crawler)"
217.113.194.80 - - [02/Apr/2025:04:22:08 -0400] "GET /navigating-the-high-stakes-exploring-the-landscape-of-online-betting/ HTTP/1.1" 200 82297 "-" "Mozilla/5.0 (compatible; Barkrowler/0.9; +https://babbar.tech/crawler)"
217.113.194.74 - - [02/Apr/2025:04:22:25 -0400] "GET /navigating-the-maze-a-comprehensive-guide-to-employment-law/ HTTP/1.1" 200 82297 "-" "Mozilla/5.0 (compatible; Barkrowler/0.9; +https://babbar.tech/crawler)"
217.113.194.80 - - [02/Apr/2025:04:22:41 -0400] "GET /navigating-global-trade-essentials-of-international-shipping/ HTTP/1.1" 200 82297 "-" "Mozilla/5.0 (compatible; Barkrowler/0.9; +https://babbar.tech/crawler)"
51.222.253.6 - - [02/Apr/2025:04:22:48 -0400] "GET /how-do-youtube-views-work/ HTTP/1.1" 200 82333 "-" "Mozilla/5.0 (compatible; AhrefsBot/7.0; +http://ahrefs.com/robot/)"
217.113.194.76 - - [02/Apr/2025:04:22:58 -0400] "GET /der-ultimative-leitfaden-fur-ihren-online-shop/feed/ HTTP/1.1" 200 82297 "-" "Mozilla/5.0 (compatible; Barkrowler/0.9; +https://babbar.tech/crawler)"
217.113.194.77 - - [02/Apr/2025:04:23:14 -0400] "GET /seizing-the-moment-unlocking-the-power-of-opportunity/feed/ HTTP/1.1" 200 82297 "-" "Mozilla/5.0 (compatible; Barkrowler/0.9; +https://babbar.tech/crawler)"
217.113.194.75 - - [02/Apr/2025:04:23:32 -0400] "GET /the-growing-trend-of-online-home-delivery-businesses-in-dubai/ HTTP/1.1" 200 82297 "-" "Mozilla/5.0 (compatible; Barkrowler/0.9; +https://babbar.tech/crawler)"
217.113.194.81 - - [02/Apr/2025:04:23:48 -0400] "GET /revolutionizing-digital-transactions-buying-itunes-with-bitcoin/feed/ HTTP/1.1" 200 82333 "-" "Mozilla/5.0 (compatible; Barkrowler/0.9; +https://babbar.tech/crawler)"
217.113.194.72 - - [02/Apr/2025:04:24:06 -0400] "GET /revolutionizing-energy-storage-the-graphene-battery-manufacturer/ HTTP/1.1" 200 82298 "-" "Mozilla/5.0 (compatible; Barkrowler/0.9; +https://babbar.tech/crawler)"
154.54.249.200 - - [02/Apr/2025:04:24:23 -0400] "GET /revolutionizing-education-the-power-of-personalized-online-tutoring/ HTTP/1.1" 200 82333 "-" "Mozilla/5.0 (compatible; Barkrowler/0.9; +https://babbar.tech/crawler)"
217.113.194.75 - - [02/Apr/2025:04:24:40 -0400] "GET /revolutionizing-education-the-power-of-personalized-online-tutoring/feed/ HTTP/1.1" 200 82333 "-" "Mozilla/5.0 (compatible; Barkrowler/0.9; +https://babbar.tech/crawler)"
217.113.194.77 - - [02/Apr/2025:04:24:58 -0400] "GET /unlocking-human-potential-the-role-of-hr-consultants/ HTTP/1.1" 200 82297 "-" "Mozilla/5.0 (compatible; Barkrowler/0.9; +https://babbar.tech/crawler)"
217.113.194.73 - - [02/Apr/2025:04:25:15 -0400] "GET /unlocking-the-secret-to-skyrocketing-youtube-subscribers/ HTTP/1.1" 200 82333 "-" "Mozilla/5.0 (compatible; Barkrowler/0.9; +https://babbar.tech/crawler)"
217.113.194.73 - - [02/Apr/2025:04:25:32 -0400] "GET /unlocking-creativity-the-power-of-ai-image-generators/feed/ HTTP/1.1" 200 82333 "-" "Mozilla/5.0 (compatible; Barkrowler/0.9; +https://babbar.tech/crawler)"
154.54.249.200 - - [02/Apr/2025:04:25:49 -0400] "GET /unveiling-the-controversy-buy-views-tiktok/ HTTP/1.1" 200 82333 "-" "Mozilla/5.0 (compatible; Barkrowler/0.9; +https://babbar.tech/crawler)"
217.113.194.78 - - [02/Apr/2025:04:26:05 -0400] "GET /unveiling-the-controversy-buy-views-tiktok/feed/ HTTP/1.1" 200 82297 "-" "Mozilla/5.0 (compatible; Barkrowler/0.9; +https://babbar.tech/crawler)"
217.113.194.77 - - [02/Apr/2025:04:26:21 -0400] "GET /unveiling-the-hidden-gem-real-estate-in-manilva/feed/ HTTP/1.1" 200 82333 "-" "Mozilla/5.0 (compatible; Barkrowler/0.9; +https://babbar.tech/crawler)"
217.113.194.72 - - [02/Apr/2025:04:26:38 -0400] "GET /unveiling-the-legal-expertise-of-gunnmckaylaw/ HTTP/1.1" 200 82297 "-" "Mozilla/5.0 (compatible; Barkrowler/0.9; +https://babbar.tech/crawler)"
217.113.194.72 - - [02/Apr/2025:04:26:54 -0400] "GET /unveiling-the-power-and-versatility-of-desktop-pcs/feed/ HTTP/1.1" 200 82297 "-" "Mozilla/5.0 (compatible; Barkrowler/0.9; +https://babbar.tech/crawler)"
217.113.194.72 - - [02/Apr/2025:04:27:11 -0400] "GET /unveiling-the-truth-behind-buying-instagram-followers-and-likes/ HTTP/1.1" 200 82297 "-" "Mozilla/5.0 (compatible; Barkrowler/0.9; +https://babbar.tech/crawler)"
217.113.194.77 - - [02/Apr/2025:04:27:28 -0400] "GET /unveiling-the-thrill-exploring-the-world-of-dewapoker/ HTTP/1.1" 200 82333 "-" "Mozilla/5.0 (compatible; Barkrowler/0.9; +https://babbar.tech/crawler)"
217.113.194.80 - - [02/Apr/2025:04:27:46 -0400] "GET /conversores-de-unidades-de-torque-simplificando-la-medicion/ HTTP/1.1" 200 82297 "-" "Mozilla/5.0 (compatible; Barkrowler/0.9; +https://babbar.tech/crawler)"
217.113.194.80 - - [02/Apr/2025:04:28:10 -0400] "GET /across-the-spider-verse-spider-gwen-luminous-mask/ HTTP/1.1" 200 82297 "-" "Mozilla/5.0 (compatible; Barkrowler/0.9; +https://babbar.tech/crawler)"
217.113.194.76 - - [02/Apr/2025:04:28:35 -0400] "GET /top-fertility-clinic-in-dubai-excellence-in-reproductive-care/ HTTP/1.1" 200 82297 "-" "Mozilla/5.0 (compatible; Barkrowler/0.9; +https://babbar.tech/crawler)"
185.191.171.17 - - [02/Apr/2025:04:28:55 -0400] "GET /robots.txt HTTP/1.1" 200 82333 "-" "Mozilla/5.0 (compatible; SemrushBot/7~bl; +http://www.semrush.com/bot.html)"
217.113.194.78 - - [02/Apr/2025:04:28:59 -0400] "GET /lart-du-marketing-digital-maximiser-votre-impact-en-ligne/ HTTP/1.1" 200 82246 "-" "Mozilla/5.0 (compatible; Barkrowler/0.9; +https://babbar.tech/crawler)"
85.208.96.202 - - [02/Apr/2025:04:29:01 -0400] "GET /choosing-kitchen-cabinet-manufacturers/ HTTP/1.1" 200 82297 "-" "Mozilla/5.0 (compatible; SemrushBot/7~bl; +http://www.semrush.com/bot.html)"
51.222.253.10 - - [02/Apr/2025:04:29:05 -0400] "GET /free-money-through-poker-referral-codes/ HTTP/1.1" 200 82297 "-" "Mozilla/5.0 (compatible; AhrefsBot/7.0; +http://ahrefs.com/robot/)"
202.8.41.130 - - [02/Apr/2025:04:29:10 -0400] "GET /free-money-through-poker-referral-codes/react-dom.js HTTP/1.1" 200 82333 "https://saamigraphics.com/free-money-through-poker-referral-codes/" "Mozilla/5.0 (compatible; AhrefsBot/7.0; +http://ahrefs.com/robot/)"
202.8.41.130 - - [02/Apr/2025:04:29:10 -0400] "GET /free-money-through-poker-referral-codes/react.js HTTP/1.1" 200 82297 "https://saamigraphics.com/free-money-through-poker-referral-codes/" "Mozilla/5.0 (compatible; AhrefsBot/7.0; +http://ahrefs.com/robot/)"
217.113.194.80 - - [02/Apr/2025:04:29:29 -0400] "GET /les-meilleurs-restaurants-une-exploration-culinaire-inoubliable/ HTTP/1.1" 200 82297 "-" "Mozilla/5.0 (compatible; Barkrowler/0.9; +https://babbar.tech/crawler)"
217.113.194.72 - - [02/Apr/2025:04:29:48 -0400] "GET /prime-investment-opportunities-in-costa-del-sol-real-estate/feed/ HTTP/1.1" 200 82297 "-" "Mozilla/5.0 (compatible; Barkrowler/0.9; +https://babbar.tech/crawler)"
217.113.194.73 - - [02/Apr/2025:04:30:07 -0400] "GET /6-month-anniversary-gifts-that-show-you-care/feed/ HTTP/1.1" 200 82297 "-" "Mozilla/5.0 (compatible; Barkrowler/0.9; +https://babbar.tech/crawler)"
185.191.171.4 - - [02/Apr/2025:04:30:16 -0400] "GET /author/jorge/page/24/ HTTP/1.1" 200 82333 "-" "Mozilla/5.0 (compatible; SemrushBot/7~bl; +http://www.semrush.com/bot.html)"
217.113.194.75 - - [02/Apr/2025:04:30:25 -0400] "GET /mastering-instagram-enhancing-your-profile-picture-in-full-size/ HTTP/1.1" 200 82297 "-" "Mozilla/5.0 (compatible; Barkrowler/0.9; +https://babbar.tech/crawler)"
217.113.194.81 - - [02/Apr/2025:04:30:41 -0400] "GET /conservatory-roof-blinds-that-need-no-holes-to-fix/ HTTP/1.1" 200 82297 "-" "Mozilla/5.0 (compatible; Barkrowler/0.9; +https://babbar.tech/crawler)"
217.113.194.72 - - [02/Apr/2025:04:30:57 -0400] "GET /cbd-for-anxiety-uk-a-natural-remedy-for-anxiety/feed/ HTTP/1.1" 200 82297 "-" "Mozilla/5.0 (compatible; Barkrowler/0.9; +https://babbar.tech/crawler)"
217.113.194.80 - - [02/Apr/2025:04:31:14 -0400] "GET /interested-in-watch-repair-check-out-these-basic-requirements/ HTTP/1.1" 200 82333 "-" "Mozilla/5.0 (compatible; Barkrowler/0.9; +https://babbar.tech/crawler)"
217.113.194.76 - - [02/Apr/2025:04:31:30 -0400] "GET /quellenhof-lazise-a-tranquil-oasis-on-lake-garda/ HTTP/1.1" 200 82297 "-" "Mozilla/5.0 (compatible; Barkrowler/0.9; +https://babbar.tech/crawler)"
217.113.194.75 - - [02/Apr/2025:04:31:46 -0400] "GET /kraft-der-bewegtbildanimation-eine-kreative-revolution/feed/ HTTP/1.1" 200 82333 "-" "Mozilla/5.0 (compatible; Barkrowler/0.9; +https://babbar.tech/crawler)"
217.113.194.81 - - [02/Apr/2025:04:32:03 -0400] "GET /umgang-mit-gaslighting-am-arbeitsplatz/feed/ HTTP/1.1" 200 82297 "-" "Mozilla/5.0 (compatible; Barkrowler/0.9; +https://babbar.tech/crawler)"
51.222.253.5 - - [02/Apr/2025:04:32:10 -0400] "GET /effiziente-haushaltsauflosungen-in-luneburg/feed/ HTTP/1.1" 200 82333 "-" "Mozilla/5.0 (compatible; AhrefsBot/7.0; +http://ahrefs.com/robot/)"
217.113.194.78 - - [02/Apr/2025:04:32:20 -0400] "GET /home-care-is-a-vital-part-of-elderly-health-in-montreal/feed/ HTTP/1.1" 200 82333 "-" "Mozilla/5.0 (compatible; Barkrowler/0.9; +https://babbar.tech/crawler)"
217.113.194.72 - - [02/Apr/2025:04:32:36 -0400] "GET /la-publicite-par-drapeaux-une-strategie-visuelle-efficace/feed/ HTTP/1.1" 200 82333 "-" "Mozilla/5.0 (compatible; Barkrowler/0.9; +https://babbar.tech/crawler)"
217.113.194.77 - - [02/Apr/2025:04:32:52 -0400] "GET /scopri-il-paradiso-resort-sul-lago-di-garda/ HTTP/1.1" 200 82297 "-" "Mozilla/5.0 (compatible; Barkrowler/0.9; +https://babbar.tech/crawler)"
47.82.10.169 - - [02/Apr/2025:04:33:06 -0400] "GET /wp-content/themes/color-magazine/assets/css/min/mt-responsive.min.css HTTP/1.1" 200 2152 "-" "Mozilla/5.0 (Windows NT 10.0; Win64; x64) AppleWebKit/537.36 (KHTML, like Gecko) Chrome/114.0.0.0 Safari/537.36 Edg/114.0.1823.43"
154.54.249.200 - - [02/Apr/2025:04:33:08 -0400] "GET /selecting-the-best-ps4-thermal-paste-for-your-playstation-4/feed/ HTTP/1.1" 200 82389 "-" "Mozilla/5.0 (compatible; Barkrowler/0.9; +https://babbar.tech/crawler)"
47.79.0.217 - - [02/Apr/2025:04:33:23 -0400] "GET /wp-content/themes/color-magazine/assets/library/box-icons/css/boxicons.min.css HTTP/1.1" 200 11358 "-" "Mozilla/5.0 (Windows NT 10.0; Win64; x64) AppleWebKit/537.36 (KHTML, like Gecko) Chrome/114.0.0.0 Safari/537.36 Edg/114.0.1823.43"
217.113.194.74 - - [02/Apr/2025:04:33:24 -0400] "GET /exploring-iptv-subscriptions-the-modern-way-to-watch-tv/ HTTP/1.1" 200 82244 "-" "Mozilla/5.0 (compatible; Barkrowler/0.9; +https://babbar.tech/crawler)"
217.113.194.80 - - [02/Apr/2025:04:33:40 -0400] "GET /exploring-the-delightful-world-of-disposable-vape-flavors/feed/ HTTP/1.1" 200 82297 "-" "Mozilla/5.0 (compatible; Barkrowler/0.9; +https://babbar.tech/crawler)"
217.113.194.76 - - [02/Apr/2025:04:33:56 -0400] "GET /an-outstanding-overview-of-drug-and-alcohol-rehab/ HTTP/1.1" 200 82297 "-" "Mozilla/5.0 (compatible; Barkrowler/0.9; +https://babbar.tech/crawler)"
47.82.9.34 - - [02/Apr/2025:04:34:03 -0400] "GET /wp-content/themes/color-magazine/style.css HTTP/1.1" 200 11649 "-" "Mozilla/5.0 (Windows NT 10.0; Win64; x64) AppleWebKit/537.36 (KHTML, like Gecko) Chrome/114.0.0.0 Safari/537.36 Edg/114.0.1823.43"
47.82.10.211 - - [02/Apr/2025:04:34:06 -0400] "GET /wp-content/themes/color-magazine/assets/css/min/mt-preloader.min.css HTTP/1.1" 200 985 "-" "Mozilla/5.0 (Windows NT 10.0; Win64; x64) AppleWebKit/537.36 (KHTML, like Gecko) Chrome/114.0.0.0 Safari/537.36 Edg/114.0.1823.43"
217.113.194.73 - - [02/Apr/2025:04:34:12 -0400] "GET /lawyer-hattingen-first-class-legal-solutions-made-in-germany/ HTTP/1.1" 200 82297 "-" "Mozilla/5.0 (compatible; Barkrowler/0.9; +https://babbar.tech/crawler)"
217.113.194.75 - - [02/Apr/2025:04:34:28 -0400] "GET /professionelle-haushaltsauflosungen-in-luneburg/ HTTP/1.1" 200 82297 "-" "Mozilla/5.0 (compatible; Barkrowler/0.9; +https://babbar.tech/crawler)"
217.113.194.76 - - [02/Apr/2025:04:34:45 -0400] "GET /comment-resoudre-un-rubiks-cube-personnalise/feed/ HTTP/1.1" 200 82298 "-" "Mozilla/5.0 (compatible; Barkrowler/0.9; +https://babbar.tech/crawler)"
217.113.194.81 - - [02/Apr/2025:04:35:02 -0400] "GET /step-into-joy-exploring-fun-with-feet-website-reviews/feed/ HTTP/1.1" 200 82297 "-" "Mozilla/5.0 (compatible; Barkrowler/0.9; +https://babbar.tech/crawler)"
217.113.194.74 - - [02/Apr/2025:04:35:18 -0400] "GET /step-into-comfort-exploring-the-world-of-custom-grip-socks/feed/ HTTP/1.1" 200 82297 "-" "Mozilla/5.0 (compatible; Barkrowler/0.9; +https://babbar.tech/crawler)"
51.89.68.103 - - [02/Apr/2025:04:35:20 -0400] "GET /wp-content/mu-plugins/ HTTP/1.1" 200 82333 "-" "Mozilla/5.0 (Windows NT 10.0; Win64; x64) AppleWebKit/537.36 (KHTML, like Gecko) Chrome/91.0.4472.124 Safari/537.36"
51.222.253.1 - - [02/Apr/2025:04:35:37 -0400] "GET /author/jorge/page/9/ HTTP/1.1" 200 82333 "-" "Mozilla/5.0 (compatible; AhrefsBot/7.0; +http://ahrefs.com/robot/)"
217.113.194.80 - - [02/Apr/2025:04:35:39 -0400] "GET /stepping-up-style-the-rise-of-personalized-socks-for-men/ HTTP/1.1" 200 82297 "-" "Mozilla/5.0 (compatible; Barkrowler/0.9; +https://babbar.tech/crawler)"
217.113.194.76 - - [02/Apr/2025:04:35:56 -0400] "GET /gutter-cleaning-tips-to-for-successful-gutter-cleaning/ HTTP/1.1" 200 82297 "-" "Mozilla/5.0 (compatible; Barkrowler/0.9; +https://babbar.tech/crawler)"
217.113.194.75 - - [02/Apr/2025:04:36:14 -0400] "GET /kompetente-unterstutzung-bei-scheidungen-in-hattingen/ HTTP/1.1" 200 82333 "-" "Mozilla/5.0 (compatible; Barkrowler/0.9; +https://babbar.tech/crawler)"
217.113.194.80 - - [02/Apr/2025:04:36:31 -0400] "GET /what-are-the-best-mothers-day-flowers-to-send-as-a-gift/ HTTP/1.1" 200 82297 "-" "Mozilla/5.0 (compatible; Barkrowler/0.9; +https://babbar.tech/crawler)"
217.113.194.75 - - [02/Apr/2025:04:36:48 -0400] "GET /woom-automagic-eine-intelligente-losung-fur-kinder/ HTTP/1.1" 200 82297 "-" "Mozilla/5.0 (compatible; Barkrowler/0.9; +https://babbar.tech/crawler)"
47.82.20.181 - - [02/Apr/2025:04:36:55 -0400] "GET /employee-communication-app/ HTTP/1.1" 200 82297 "-" "Mozilla/5.0 (Windows NT 10.0; Win64; x64; rv:123.0) Gecko/20100101 Firefox/123.0"
217.113.194.77 - - [02/Apr/2025:04:37:06 -0400] "GET /crypto-presale-a-gateway-to-early-investment-opportunities/ HTTP/1.1" 200 82333 "-" "Mozilla/5.0 (compatible; Barkrowler/0.9; +https://babbar.tech/crawler)"
217.113.194.72 - - [02/Apr/2025:04:37:23 -0400] "GET /fenben-can-it-be-used-as-an-anti-cancer-drug/ HTTP/1.1" 200 82297 "-" "Mozilla/5.0 (compatible; Barkrowler/0.9; +https://babbar.tech/crawler)"
217.113.194.79 - - [02/Apr/2025:04:37:40 -0400] "GET /oppein-canada-leading-the-way-in-custom-cabinetry/feed/ HTTP/1.1" 200 82297 "-" "Mozilla/5.0 (compatible; Barkrowler/0.9; +https://babbar.tech/crawler)"
217.113.194.72 - - [02/Apr/2025:04:37:57 -0400] "GET /verbessern-sie-ihre-personlichkeit-mit-korperschmuck/ HTTP/1.1" 200 82297 "-" "Mozilla/5.0 (compatible; Barkrowler/0.9; +https://babbar.tech/crawler)"
154.54.249.200 - - [02/Apr/2025:04:38:13 -0400] "GET /kids-party-magician-pour-un-evenement-eternel-inoubliable/ HTTP/1.1" 200 82333 "-" "Mozilla/5.0 (compatible; Barkrowler/0.9; +https://babbar.tech/crawler)"
217.113.194.80 - - [02/Apr/2025:04:38:29 -0400] "GET /penalties-for-dwi-are-serious-business-for-dwi-lawyers/ HTTP/1.1" 200 82333 "-" "Mozilla/5.0 (compatible; Barkrowler/0.9; +https://babbar.tech/crawler)"
51.222.253.3 - - [02/Apr/2025:04:38:37 -0400] "GET /2021/11/13/tantra-oslo-sandra-lyng-haugen-naked-nuru-massasje-leketoy-for-voksne/ HTTP/1.1" 200 82297 "-" "Mozilla/5.0 (compatible; AhrefsBot/7.0; +http://ahrefs.com/robot/)"
202.8.43.116 - - [02/Apr/2025:04:38:46 -0400] "GET /2021/11/13/tantra-oslo-sandra-lyng-haugen-naked-nuru-massasje-leketoy-for-voksne/react-dom.js HTTP/1.1" 200 82297 "https://saamigraphics.com/2021/11/13/tantra-oslo-sandra-lyng-haugen-naked-nuru-massasje-leketoy-for-voksne/" "Mozilla/5.0 (compatible; AhrefsBot/7.0; +http://ahrefs.com/robot/)"
202.8.43.116 - - [02/Apr/2025:04:38:46 -0400] "GET /2021/11/13/tantra-oslo-sandra-lyng-haugen-naked-nuru-massasje-leketoy-for-voksne/react.js HTTP/1.1" 200 82333 "https://saamigraphics.com/2021/11/13/tantra-oslo-sandra-lyng-haugen-naked-nuru-massasje-leketoy-for-voksne/" "Mozilla/5.0 (compatible; AhrefsBot/7.0; +http://ahrefs.com/robot/)"
217.113.194.77 - - [02/Apr/2025:04:38:46 -0400] "GET /enhancing-workplace-efficiency-with-an-employee-communication-app/feed/ HTTP/1.1" 200 82298 "-" "Mozilla/5.0 (compatible; Barkrowler/0.9; +https://babbar.tech/crawler)"
47.82.16.224 - - [02/Apr/2025:04:38:48 -0400] "GET /decouvrez-une-symphonie-de-saveurs/ HTTP/1.1" 200 82297 "-" "Mozilla/5.0 (iPhone; CPU iPhone OS 17_0_2 like Mac OS X) AppleWebKit/605.1.15 (KHTML, like Gecko) Version/17.0 Mobile/15E148 Safari/604.1"
217.113.194.72 - - [02/Apr/2025:04:39:06 -0400] "GET /enhancing-learning-engagement-with-slope-classroom-6x/ HTTP/1.1" 200 82297 "-" "Mozilla/5.0 (compatible; Barkrowler/0.9; +https://babbar.tech/crawler)"
217.113.194.80 - - [02/Apr/2025:04:39:23 -0400] "GET /unintroduzione-incantata-al-mondo-di-lorcana/feed/ HTTP/1.1" 200 82333 "-" "Mozilla/5.0 (compatible; Barkrowler/0.9; +https://babbar.tech/crawler)"
47.82.20.114 - - [02/Apr/2025:04:39:24 -0400] "GET /how-to-file-a-hattingen-tax-return/ HTTP/1.1" 200 82297 "-" "Mozilla/5.0 (Windows NT 10.0; Win64; x64; rv:123.0) Gecko/20100101 Firefox/123.0"
217.113.194.74 - - [02/Apr/2025:04:39:40 -0400] "GET /using-compressors-when-editing-sound-effects-by-david-mann/ HTTP/1.1" 200 82333 "-" "Mozilla/5.0 (compatible; Barkrowler/0.9; +https://babbar.tech/crawler)"
217.113.194.72 - - [02/Apr/2025:04:39:57 -0400] "GET /discovering-tranquility-and-rejuvenation-the-art-of-hanoi-massage/ HTTP/1.1" 200 82333 "-" "Mozilla/5.0 (compatible; Barkrowler/0.9; +https://babbar.tech/crawler)"
217.113.194.74 - - [02/Apr/2025:04:40:15 -0400] "GET /discover-your-dream-home-homes-for-sale-in-sonoma-ca/feed/ HTTP/1.1" 200 82333 "-" "Mozilla/5.0 (compatible; Barkrowler/0.9; +https://babbar.tech/crawler)"
217.113.194.73 - - [02/Apr/2025:04:40:34 -0400] "GET /7-strategies-to-get-4000-watch-hours-on-youtube-faster/feed/ HTTP/1.1" 200 82297 "-" "Mozilla/5.0 (compatible; Barkrowler/0.9; +https://babbar.tech/crawler)"
217.113.194.81 - - [02/Apr/2025:04:40:51 -0400] "GET /boosting-your-online-presence-the-benefits-of-buying-youtube-views/feed/ HTTP/1.1" 200 82297 "-" "Mozilla/5.0 (compatible; Barkrowler/0.9; +https://babbar.tech/crawler)"
47.79.116.182 - - [02/Apr/2025:04:40:53 -0400] "GET /the-dangers-of-vaping/ HTTP/1.1" 200 82333 "-" "Mozilla/5.0 (iPhone; CPU iPhone OS 17_1 like Mac OS X) AppleWebKit/605.1.15 (KHTML, like Gecko) EdgiOS/120.0.2210.86 Version/17.0 Mobile/15E148 Safari/604.1"
217.113.194.81 - - [02/Apr/2025:04:41:07 -0400] "GET /a-glimpse-of-luxury-exploring-the-perfect-ten-showflat/ HTTP/1.1" 200 82247 "-" "Mozilla/5.0 (compatible; Barkrowler/0.9; +https://babbar.tech/crawler)"
217.113.194.77 - - [02/Apr/2025:04:41:24 -0400] "GET /rechtsanwalt-die-saule-der-juristischen-vertretung/ HTTP/1.1" 200 82297 "-" "Mozilla/5.0 (compatible; Barkrowler/0.9; +https://babbar.tech/crawler)"
217.113.194.79 - - [02/Apr/2025:04:41:41 -0400] "GET /roof-replacement-knowing-when-its-time-to-replace-your-roof/ HTTP/1.1" 200 82333 "-" "Mozilla/5.0 (compatible; Barkrowler/0.9; +https://babbar.tech/crawler)"
51.222.253.16 - - [02/Apr/2025:04:41:44 -0400] "GET /the-benefits-of-law-tutoring/feed/ HTTP/1.1" 200 82297 "-" "Mozilla/5.0 (compatible; AhrefsBot/7.0; +http://ahrefs.com/robot/)"
217.113.194.72 - - [02/Apr/2025:04:41:58 -0400] "GET /maximizing-weight-loss-through-strategic-weight-training/feed/ HTTP/1.1" 200 82298 "-" "Mozilla/5.0 (compatible; Barkrowler/0.9; +https://babbar.tech/crawler)"
217.113.194.72 - - [02/Apr/2025:04:42:14 -0400] "GET /maximizing-space-innovative-bathroom-renovations-for-small-spaces/ HTTP/1.1" 200 82333 "-" "Mozilla/5.0 (compatible; Barkrowler/0.9; +https://babbar.tech/crawler)"
217.113.194.75 - - [02/Apr/2025:04:42:30 -0400] "GET /maximizing-efficiency-and-sustainability-with-industrial-water-tanks/ HTTP/1.1" 200 82298 "-" "Mozilla/5.0 (compatible; Barkrowler/0.9; +https://babbar.tech/crawler)"
217.113.194.77 - - [02/Apr/2025:04:42:47 -0400] "GET /maximizing-efficiency-and-sustainability-with-industrial-water-tanks/feed/ HTTP/1.1" 200 82297 "-" "Mozilla/5.0 (compatible; Barkrowler/0.9; +https://babbar.tech/crawler)"
217.113.194.81 - - [02/Apr/2025:04:43:04 -0400] "GET /transformez-votre-salon-avec-des-housses-de-canape-elegantes/ HTTP/1.1" 200 82297 "-" "Mozilla/5.0 (compatible; Barkrowler/0.9; +https://babbar.tech/crawler)"
217.113.194.80 - - [02/Apr/2025:04:43:21 -0400] "GET /how-a-jewelry-retouching-service-can-enhance-jewelry-images/ HTTP/1.1" 200 82333 "-" "Mozilla/5.0 (compatible; Barkrowler/0.9; +https://babbar.tech/crawler)"
217.113.194.72 - - [02/Apr/2025:04:43:38 -0400] "GET /un-paradiso-rurale-con-spa-sul-lago-di-garda/ HTTP/1.1" 200 82297 "-" "Mozilla/5.0 (compatible; Barkrowler/0.9; +https://babbar.tech/crawler)"
