202.8.41.159 - - [02/Apr/2025:05:32:34 -0400] "GET /products/sw.js HTTP/1.1" 200 82297 "https://saamigraphics.com/how-to-find-a-locksmith-near-me/" "Mozilla/5.0 (X11; Linux x86_64) AppleWebKit/537.36 (KHTML, like Gecko) HeadlessChrome/131.0.6778.87 Safari/537.36"
202.8.41.159 - - [02/Apr/2025:05:32:34 -0400] "GET /how-to-find-a-locksmith-near-me/react-dom.js HTTP/1.1" 200 82297 "https://saamigraphics.com/how-to-find-a-locksmith-near-me/" "Mozilla/5.0 (compatible; AhrefsBot/7.0; +http://ahrefs.com/robot/)"
202.8.41.159 - - [02/Apr/2025:05:32:34 -0400] "GET /how-to-find-a-locksmith-near-me/react.js HTTP/1.1" 200 82298 "https://saamigraphics.com/how-to-find-a-locksmith-near-me/" "Mozilla/5.0 (compatible; AhrefsBot/7.0; +http://ahrefs.com/robot/)"
217.113.194.81 - - [02/Apr/2025:05:32:34 -0400] "GET /timeless-tokens-unveiling-the-essence-of-1st-anniversary-gifts/ HTTP/1.1" 200 82333 "-" "Mozilla/5.0 (compatible; Barkrowler/0.9; +https://babbar.tech/crawler)"
217.113.194.77 - - [02/Apr/2025:05:32:52 -0400] "GET /la-cle-pour-reserver-davantage-de-spectacles-de-magie-en-ligne/feed/ HTTP/1.1" 200 82333 "-" "Mozilla/5.0 (compatible; Barkrowler/0.9; +https://babbar.tech/crawler)"
217.113.194.75 - - [02/Apr/2025:05:33:09 -0400] "GET /revolutionizing-productivity-unleashing-taskade-ai-agents/feed/ HTTP/1.1" 200 82297 "-" "Mozilla/5.0 (compatible; Barkrowler/0.9; +https://babbar.tech/crawler)"
217.113.194.75 - - [02/Apr/2025:05:33:25 -0400] "GET /revolutionizing-workplace-connectivity-the-employee-communication-app/feed/ HTTP/1.1" 200 82333 "-" "Mozilla/5.0 (compatible; Barkrowler/0.9; +https://babbar.tech/crawler)"
217.113.194.79 - - [02/Apr/2025:05:33:42 -0400] "GET /le-meilleur-parieur-decouvrez-lunivers-captivant-de-1xbet/ HTTP/1.1" 200 82297 "-" "Mozilla/5.0 (compatible; Barkrowler/0.9; +https://babbar.tech/crawler)"
217.113.194.77 - - [02/Apr/2025:05:33:59 -0400] "GET /5-steps-that-ensure-your-online-food-delivery-restaurant-success/feed/ HTTP/1.1" 200 82333 "-" "Mozilla/5.0 (compatible; Barkrowler/0.9; +https://babbar.tech/crawler)"
217.113.194.74 - - [02/Apr/2025:05:34:15 -0400] "GET /unveiling-the-potential-of-fenbendazole-for-human-health/ HTTP/1.1" 200 82333 "-" "Mozilla/5.0 (compatible; Barkrowler/0.9; +https://babbar.tech/crawler)"
217.113.194.77 - - [02/Apr/2025:05:34:31 -0400] "GET /unveiling-the-potential-of-fenbendazole-for-human-health/feed/ HTTP/1.1" 200 82297 "-" "Mozilla/5.0 (compatible; Barkrowler/0.9; +https://babbar.tech/crawler)"
217.113.194.74 - - [02/Apr/2025:05:34:47 -0400] "GET /insured-vs-uninsured-the-segregation-of-american-health-care/ HTTP/1.1" 200 82297 "-" "Mozilla/5.0 (compatible; Barkrowler/0.9; +https://babbar.tech/crawler)"
217.113.194.75 - - [02/Apr/2025:05:35:03 -0400] "GET /instant-hot-and-cold-water-dispenser-the-ultimate-convenience/feed/ HTTP/1.1" 200 82297 "-" "Mozilla/5.0 (compatible; Barkrowler/0.9; +https://babbar.tech/crawler)"
138.199.59.149 - - [02/Apr/2025:05:35:14 -0400] "GET /wp-login.php HTTP/1.1" 200 1717 "https://saamigraphics.com" "Mozilla/5.0 (Windows NT 6.1; Win64; x64) AppleWebKit/537.36 (KHTML, like Gecko) Chrome/95.0.4638.69 Safari/537.36"
138.199.59.149 - - [02/Apr/2025:05:35:16 -0400] "POST /wp-login.php?wpe-login=true&hide_my_wp=1&hmwp_do=login&login=1 HTTP/1.1" 200 1850 "https://saamigraphics.com" "Mozilla/5.0 (Windows NT 6.1; Win64; x64) AppleWebKit/537.36 (KHTML, like Gecko) Chrome/95.0.4638.69 Safari/537.36"
198.54.114.83 - - [02/Apr/2025:05:35:19 -0400] "POST /wp-cron.php?doing_wp_cron=1743586518.5663919448852539062500 HTTP/1.1" 200 0 "-" "WordPress/6.7.2; https://saamigraphics.com"
51.222.253.16 - - [02/Apr/2025:05:35:20 -0400] "GET /category/activity/page/116/ HTTP/1.1" 200 82297 "-" "Mozilla/5.0 (compatible; AhrefsBot/7.0; +http://ahrefs.com/robot/)"
217.113.194.72 - - [02/Apr/2025:05:35:20 -0400] "GET /engage-a-good-locksmith-for-your-businesses-to-have-high-quality-locks/ HTTP/1.1" 200 82333 "-" "Mozilla/5.0 (compatible; Barkrowler/0.9; +https://babbar.tech/crawler)"
198.54.114.83 - - [02/Apr/2025:05:35:21 -0400] "POST /wp-admin/admin-ajax.php?action=async_litespeed&nonce=uWHMdA0qtAiDRYjywnlSUJLaUwDr1kkY&litespeed_type=imgoptm HTTP/1.1" 200 0 "-" "WordPress/6.7.2; https://saamigraphics.com"
217.113.194.73 - - [02/Apr/2025:05:35:36 -0400] "GET /elevating-spaces-the-contemporary-charm-of-modern-kitchen-cabinets/feed/ HTTP/1.1" 200 82333 "-" "Mozilla/5.0 (compatible; Barkrowler/0.9; +https://babbar.tech/crawler)"
217.113.194.72 - - [02/Apr/2025:05:35:53 -0400] "GET /mastering-the-art-of-appliance-repairs-a-guide-to-reparation-electromenager/ HTTP/1.1" 200 82297 "-" "Mozilla/5.0 (compatible; Barkrowler/0.9; +https://babbar.tech/crawler)"
217.113.194.75 - - [02/Apr/2025:05:36:09 -0400] "GET /lincantevole-casale-sul-lago-di-garda-con-piscina/feed/ HTTP/1.1" 200 82297 "-" "Mozilla/5.0 (compatible; Barkrowler/0.9; +https://babbar.tech/crawler)"
217.113.194.72 - - [02/Apr/2025:05:36:25 -0400] "GET /lincantevole-casale-sul-lago-di-garda-con-piscina/ HTTP/1.1" 200 82297 "-" "Mozilla/5.0 (compatible; Barkrowler/0.9; +https://babbar.tech/crawler)"
217.113.194.76 - - [02/Apr/2025:05:36:41 -0400] "GET /glamour-illuminated-die-kunstfertigkeit-der-kronleuchter/ HTTP/1.1" 200 82246 "-" "Mozilla/5.0 (compatible; Barkrowler/0.9; +https://babbar.tech/crawler)"
154.54.249.200 - - [02/Apr/2025:05:36:58 -0400] "GET /gadget-aziendali-che-lasceranno-unimpressione-duratura/ HTTP/1.1" 200 82333 "-" "Mozilla/5.0 (compatible; Barkrowler/0.9; +https://babbar.tech/crawler)"
47.82.20.238 - - [02/Apr/2025:05:37:14 -0400] "GET /the-beauty-benefits-of-tretinoin-a-comprehensive-guide-to-its-purchase-and-usage/ HTTP/1.1" 200 82333 "-" "Mozilla/5.0 (iPad; CPU OS 17_0_3 like Mac OS X) AppleWebKit/605.1.15 (KHTML, like Gecko) Version/17.0 Mobile/15E148 Safari/605.1.15"
217.113.194.74 - - [02/Apr/2025:05:37:14 -0400] "GET /real-time-utility-monitoring-is-a-game-changer-in-smart-energy-management/ HTTP/1.1" 200 82333 "-" "Mozilla/5.0 (compatible; Barkrowler/0.9; +https://babbar.tech/crawler)"
217.113.194.80 - - [02/Apr/2025:05:37:31 -0400] "GET /exploring-the-artistry-of-fatayer-shapes-a-culinary-delight/ HTTP/1.1" 200 82297 "-" "Mozilla/5.0 (compatible; Barkrowler/0.9; +https://babbar.tech/crawler)"
58.254.68.93 - - [02/Apr/2025:05:37:32 -0400] "GET /uk-cbd-shop-review/ HTTP/1.1" 200 82333 "https://saamigraphics.com" "Mozilla/5.0 (Windows NT 10.0; Win64; x64) AppleWebKit/537.36 (KHTML, like Gecko) Chrome/62.0.3202.94 Safari/537.36"
217.113.194.76 - - [02/Apr/2025:05:37:48 -0400] "GET /exploring-the-artistry-of-fatayer-shapes-a-culinary-delight/feed/ HTTP/1.1" 200 82297 "-" "Mozilla/5.0 (compatible; Barkrowler/0.9; +https://babbar.tech/crawler)"
217.113.194.79 - - [02/Apr/2025:05:38:04 -0400] "GET /exploring-the-hidden-gems-of-nusa-penida-a-tourists-paradise/ HTTP/1.1" 200 82389 "-" "Mozilla/5.0 (compatible; Barkrowler/0.9; +https://babbar.tech/crawler)"
51.222.253.2 - - [02/Apr/2025:05:38:09 -0400] "GET /category/activity/page/7/ HTTP/1.1" 200 82297 "-" "Mozilla/5.0 (compatible; AhrefsBot/7.0; +http://ahrefs.com/robot/)"
217.113.194.77 - - [02/Apr/2025:05:38:20 -0400] "GET /limpact-des-nappes-publicitaires-dans-le-monde-du-marketing/feed/ HTTP/1.1" 200 82269 "-" "Mozilla/5.0 (compatible; Barkrowler/0.9; +https://babbar.tech/crawler)"
217.113.194.72 - - [02/Apr/2025:05:38:36 -0400] "GET /vietnamese-it-industry-reviewed-sfgate-com-java-training-courses/feed/ HTTP/1.1" 200 82333 "-" "Mozilla/5.0 (compatible; Barkrowler/0.9; +https://babbar.tech/crawler)"
217.113.194.76 - - [02/Apr/2025:05:38:52 -0400] "GET /effiziente-haushaltsauflosungen-in-luneburg/feed/ HTTP/1.1" 200 82338 "-" "Mozilla/5.0 (compatible; Barkrowler/0.9; +https://babbar.tech/crawler)"
47.79.120.55 - - [02/Apr/2025:05:39:04 -0400] "GET /manicure-tables/ HTTP/1.1" 200 82333 "-" "Mozilla/5.0 (iPhone; CPU iPhone OS 17_2 like Mac OS X) AppleWebKit/605.1.15 (KHTML, like Gecko) EdgiOS/121.0.2277.107 Version/17.0 Mobile/15E148 Safari/604.1"
217.113.194.79 - - [02/Apr/2025:05:39:08 -0400] "GET /capturing-santorini-a-timeless-photoshoot-experience/feed/ HTTP/1.1" 200 82297 "-" "Mozilla/5.0 (compatible; Barkrowler/0.9; +https://babbar.tech/crawler)"
217.113.194.75 - - [02/Apr/2025:05:39:24 -0400] "GET /assurer-votre-avenir-professionnel-limportance-de-lassurance-professionnelle/feed/ HTTP/1.1" 200 82297 "-" "Mozilla/5.0 (compatible; Barkrowler/0.9; +https://babbar.tech/crawler)"
217.113.194.73 - - [02/Apr/2025:05:39:40 -0400] "GET /gitarre-lernen-fur-anfanger-a-simple-method-to-get-started/feed/ HTTP/1.1" 200 82389 "-" "Mozilla/5.0 (compatible; Barkrowler/0.9; +https://babbar.tech/crawler)"
217.113.194.81 - - [02/Apr/2025:05:39:56 -0400] "GET /elegance-et-praticite-le-panneau-pvc-imitation-marbre/feed/ HTTP/1.1" 200 82297 "-" "Mozilla/5.0 (compatible; Barkrowler/0.9; +https://babbar.tech/crawler)"
217.113.194.72 - - [02/Apr/2025:05:40:13 -0400] "GET /finding-the-right-audiologist-in-auckland-your-guide-to-expert-hearing-care/ HTTP/1.1" 200 82333 "-" "Mozilla/5.0 (compatible; Barkrowler/0.9; +https://babbar.tech/crawler)"
217.113.194.77 - - [02/Apr/2025:05:40:29 -0400] "GET /un-tableau-unique-nappe-personnalisee-avec-logo-pour-le-salon/feed/ HTTP/1.1" 200 82247 "-" "Mozilla/5.0 (compatible; Barkrowler/0.9; +https://babbar.tech/crawler)"
217.113.194.72 - - [02/Apr/2025:05:40:46 -0400] "GET /empowering-financial-security-the-landscape-of-self-insurance-in-2024/feed/ HTTP/1.1" 200 82297 "-" "Mozilla/5.0 (compatible; Barkrowler/0.9; +https://babbar.tech/crawler)"
51.222.253.16 - - [02/Apr/2025:05:40:59 -0400] "GET /peinture-de-singe/ HTTP/1.1" 200 82333 "-" "Mozilla/5.0 (compatible; AhrefsBot/7.0; +http://ahrefs.com/robot/)"
217.113.194.74 - - [02/Apr/2025:05:41:02 -0400] "GET /empowering-financial-security-the-landscape-of-self-insurance-in-2024/ HTTP/1.1" 200 82333 "-" "Mozilla/5.0 (compatible; Barkrowler/0.9; +https://babbar.tech/crawler)"
217.113.194.80 - - [02/Apr/2025:05:41:18 -0400] "GET /vibrant-nights-and-lively-lights-exploring-hanois-nightlife/ HTTP/1.1" 200 82297 "-" "Mozilla/5.0 (compatible; Barkrowler/0.9; +https://babbar.tech/crawler)"
18.97.9.96 - - [02/Apr/2025:05:41:44 -0400] "GET /wp-content/uploads/2023/02/s.png HTTP/1.1" 200 267640 "-" "Mozilla/5.0 AppleWebKit/537.36 (KHTML, like Gecko; compatible; PerplexityBot/1.0; +https://perplexity.ai/perplexitybot)"
18.210.92.235 - - [02/Apr/2025:05:41:45 -0400] "GET /robots.txt HTTP/1.1" 200 82333 "-" "Mozilla/5.0 AppleWebKit/537.36 (KHTML, like Gecko; compatible; PerplexityBot/1.0; +https://perplexity.ai/perplexitybot)"
154.54.249.200 - - [02/Apr/2025:05:41:46 -0400] "GET /chilling-adventures-unveiling-the-wonders-of-the-camper-refrigerator/feed/ HTTP/1.1" 200 82297 "-" "Mozilla/5.0 (compatible; Barkrowler/0.9; +https://babbar.tech/crawler)"
45.238.20.242 - - [02/Apr/2025:05:41:48 -0400] "GET /robots.txt HTTP/1.1" 200 82297 "https://www.yahoo.com/" "Mozilla/5.0 (Windows NT 10.0; Win64; x64) AppleWebKit/537.36 (KHTML, like Gecko) Chrome/115.0.0.0 Safari/537.36 Edg/115.0.1901.188"
217.113.194.75 - - [02/Apr/2025:05:42:02 -0400] "GET /a-bet-you-always-win-how-sports-betting-arbitrage-works/feed/ HTTP/1.1" 200 82333 "-" "Mozilla/5.0 (compatible; Barkrowler/0.9; +https://babbar.tech/crawler)"
154.54.249.200 - - [02/Apr/2025:05:42:19 -0400] "GET /the-cozy-charm-of-stitch-pajamas-embracing-comfort-with-style/ HTTP/1.1" 200 82297 "-" "Mozilla/5.0 (compatible; Barkrowler/0.9; +https://babbar.tech/crawler)"
217.113.194.81 - - [02/Apr/2025:05:42:35 -0400] "GET /crowning-glory-discovering-the-best-curly-hairdresser-in-melbourne/feed/ HTTP/1.1" 200 82297 "-" "Mozilla/5.0 (compatible; Barkrowler/0.9; +https://babbar.tech/crawler)"
217.113.194.74 - - [02/Apr/2025:05:42:51 -0400] "GET /haushaltsauflosungen-in-luneburg-ein-leitfaden/feed/ HTTP/1.1" 200 82297 "-" "Mozilla/5.0 (compatible; Barkrowler/0.9; +https://babbar.tech/crawler)"
217.113.194.77 - - [02/Apr/2025:05:43:08 -0400] "GET /assurance-flotte-la-garantie-de-securite-pour-vos-vehicules-professionnels/ HTTP/1.1" 200 82297 "-" "Mozilla/5.0 (compatible; Barkrowler/0.9; +https://babbar.tech/crawler)"
217.113.194.76 - - [02/Apr/2025:05:43:24 -0400] "GET /assurance-flotte-la-garantie-de-securite-pour-vos-vehicules-professionnels/feed/ HTTP/1.1" 200 82297 "-" "Mozilla/5.0 (compatible; Barkrowler/0.9; +https://babbar.tech/crawler)"
51.222.253.20 - - [02/Apr/2025:05:43:39 -0400] "GET /the-growing-popularity-of-online-betting/feed/ HTTP/1.1" 200 82298 "-" "Mozilla/5.0 (compatible; AhrefsBot/7.0; +http://ahrefs.com/robot/)"
217.113.194.72 - - [02/Apr/2025:05:43:40 -0400] "GET /isolation-de-qualite-a-geneve-choisissez-le-meilleur-service/feed/ HTTP/1.1" 200 82297 "-" "Mozilla/5.0 (compatible; Barkrowler/0.9; +https://babbar.tech/crawler)"
217.113.194.76 - - [02/Apr/2025:05:43:56 -0400] "GET /vandaya-a-shark-necklace-that-is-ethically-sourced/ HTTP/1.1" 200 82297 "-" "Mozilla/5.0 (compatible; Barkrowler/0.9; +https://babbar.tech/crawler)"
217.113.194.74 - - [02/Apr/2025:05:44:13 -0400] "GET /mobilier-de-bureau-moderne-elegance-et-fonctionnalite-au-quotidien/feed/ HTTP/1.1" 200 82333 "-" "Mozilla/5.0 (compatible; Barkrowler/0.9; +https://babbar.tech/crawler)"
217.113.194.77 - - [02/Apr/2025:05:44:29 -0400] "GET /the-evolution-and-impact-of-online-gambling-a-comprehensive-overview/feed/ HTTP/1.1" 200 82389 "-" "Mozilla/5.0 (compatible; Barkrowler/0.9; +https://babbar.tech/crawler)"
154.54.249.200 - - [02/Apr/2025:05:44:45 -0400] "GET /the-evolution-and-impact-of-online-betting-navigating-opportunities-and-challenges/feed/ HTTP/1.1" 200 82333 "-" "Mozilla/5.0 (compatible; Barkrowler/0.9; +https://babbar.tech/crawler)"
217.113.194.74 - - [02/Apr/2025:05:45:01 -0400] "GET /the-10-best-destinations-for-the-motorcycle-camping-in-the-united-states/feed/ HTTP/1.1" 200 82297 "-" "Mozilla/5.0 (compatible; Barkrowler/0.9; +https://babbar.tech/crawler)"
217.113.194.77 - - [02/Apr/2025:05:45:17 -0400] "GET /the-thriving-world-of-online-casinos-unveiling-the-allure-and-impact/ HTTP/1.1" 200 82297 "-" "Mozilla/5.0 (compatible; Barkrowler/0.9; +https://babbar.tech/crawler)"
217.113.194.76 - - [02/Apr/2025:05:45:33 -0400] "GET /eto-erp-encompix-shows-comprehensive-client-base/feed/ HTTP/1.1" 200 82333 "-" "Mozilla/5.0 (compatible; Barkrowler/0.9; +https://babbar.tech/crawler)"
217.113.194.77 - - [02/Apr/2025:05:45:50 -0400] "GET /navigating-the-legal-landscape-finding-the-right-divorce-lawyer-in-nahariya/ HTTP/1.1" 200 82297 "-" "Mozilla/5.0 (compatible; Barkrowler/0.9; +https://babbar.tech/crawler)"
217.113.194.75 - - [02/Apr/2025:05:46:06 -0400] "GET /navigating-the-digital-dice-the-world-of-online-gambling-slots-and-casinos/feed/ HTTP/1.1" 200 82333 "-" "Mozilla/5.0 (compatible; Barkrowler/0.9; +https://babbar.tech/crawler)"
217.113.194.74 - - [02/Apr/2025:05:46:22 -0400] "GET /navigating-the-excitement-unveiling-the-allure-of-sport-toto-sites/feed/ HTTP/1.1" 200 82335 "-" "Mozilla/5.0 (compatible; Barkrowler/0.9; +https://babbar.tech/crawler)"
51.222.253.11 - - [02/Apr/2025:05:46:27 -0400] "GET /page/120/ HTTP/1.1" 200 82297 "-" "Mozilla/5.0 (compatible; AhrefsBot/7.0; +http://ahrefs.com/robot/)"
217.113.194.77 - - [02/Apr/2025:05:46:54 -0400] "GET /demystifying-the-maze-unveiling-the-truth-behind-buying-youtube-views/ HTTP/1.1" 200 82333 "-" "Mozilla/5.0 (compatible; Barkrowler/0.9; +https://babbar.tech/crawler)"
217.113.194.77 - - [02/Apr/2025:05:47:11 -0400] "GET /den-digitalen-erfolg-erschliesen-die-macht-von-agence-web/ HTTP/1.1" 200 82298 "-" "Mozilla/5.0 (compatible; Barkrowler/0.9; +https://babbar.tech/crawler)"
217.113.194.76 - - [02/Apr/2025:05:47:27 -0400] "GET /timeless-tokens-unveiling-the-essence-of-1st-anniversary-gifts/feed/ HTTP/1.1" 200 82333 "-" "Mozilla/5.0 (compatible; Barkrowler/0.9; +https://babbar.tech/crawler)"
217.113.194.72 - - [02/Apr/2025:05:47:43 -0400] "GET /revolutionizing-workspaces-the-comprehensive-approach-of-360-office-solutions/ HTTP/1.1" 200 82297 "-" "Mozilla/5.0 (compatible; Barkrowler/0.9; +https://babbar.tech/crawler)"
217.113.194.74 - - [02/Apr/2025:05:48:00 -0400] "GET /le-meilleur-parieur-decouvrez-lunivers-captivant-de-1xbet/feed/ HTTP/1.1" 200 82297 "-" "Mozilla/5.0 (compatible; Barkrowler/0.9; +https://babbar.tech/crawler)"
217.113.194.77 - - [02/Apr/2025:05:48:16 -0400] "GET /title-the-evolution-and-impact-of-online-casinos-a-new-era-of-entertainment/ HTTP/1.1" 200 82297 "-" "Mozilla/5.0 (compatible; Barkrowler/0.9; +https://babbar.tech/crawler)"
217.113.194.81 - - [02/Apr/2025:05:48:33 -0400] "GET /10-basement-renovation-ideas-to-transform-the-basement-into-a-fun-space/ HTTP/1.1" 200 82297 "-" "Mozilla/5.0 (compatible; Barkrowler/0.9; +https://babbar.tech/crawler)"
47.82.24.215 - - [02/Apr/2025:05:48:43 -0400] "GET /the-role-of-freight-shipping-services/ HTTP/1.1" 200 82333 "-" "Mozilla/5.0 (Windows NT 10.0; Win64; x64) AppleWebKit/537.36 (KHTML, like Gecko) Chrome/121.0.0.0 Safari/537.36 Edg/121.0.0.0"
217.113.194.75 - - [02/Apr/2025:05:48:49 -0400] "GET /unlocking-success-proven-strategies-for-skyrocketing-youtube-views/feed/ HTTP/1.1" 200 82297 "-" "Mozilla/5.0 (compatible; Barkrowler/0.9; +https://babbar.tech/crawler)"
51.222.253.8 - - [02/Apr/2025:05:49:03 -0400] "GET /author/jorge/page/31/ HTTP/1.1" 200 82297 "-" "Mozilla/5.0 (compatible; AhrefsBot/7.0; +http://ahrefs.com/robot/)"
217.113.194.75 - - [02/Apr/2025:05:49:05 -0400] "GET /unlocking-efficiency-and-precision-exploring-the-best-hvac-scales/feed/ HTTP/1.1" 200 82297 "-" "Mozilla/5.0 (compatible; Barkrowler/0.9; +https://babbar.tech/crawler)"
217.113.194.72 - - [02/Apr/2025:05:49:21 -0400] "GET /unlocking-the-potential-the-marvels-of-glutathione-injection/ HTTP/1.1" 200 82297 "-" "Mozilla/5.0 (compatible; Barkrowler/0.9; +https://babbar.tech/crawler)"
217.113.194.72 - - [02/Apr/2025:05:49:37 -0400] "GET /unlocking-the-potential-the-marvels-of-glutathione-injection/feed/ HTTP/1.1" 200 82297 "-" "Mozilla/5.0 (compatible; Barkrowler/0.9; +https://babbar.tech/crawler)"
217.113.194.78 - - [02/Apr/2025:05:49:53 -0400] "GET /unveiling-the-top-bluetooth-headsets-for-ultimate-audio-experience/ HTTP/1.1" 200 82333 "-" "Mozilla/5.0 (compatible; Barkrowler/0.9; +https://babbar.tech/crawler)"
217.113.194.80 - - [02/Apr/2025:05:50:10 -0400] "GET /unveiling-the-top-bluetooth-headsets-for-ultimate-audio-experience/feed/ HTTP/1.1" 200 82333 "-" "Mozilla/5.0 (compatible; Barkrowler/0.9; +https://babbar.tech/crawler)"
47.82.14.226 - - [02/Apr/2025:05:50:18 -0400] "GET /der-weg-durch-die-scheidung-expertenhilfe-in-hattingen/ HTTP/1.1" 200 82333 "-" "Mozilla/5.0 (Macintosh; Intel Mac OS X 10_15_7) AppleWebKit/605.1.15 (KHTML, like Gecko) Version/17.0 Safari/605.1.15"
217.113.194.72 - - [02/Apr/2025:05:50:26 -0400] "GET /eine-effektive-moglichkeit-komplexe-themen-zu-erklaren/ HTTP/1.1" 200 82333 "-" "Mozilla/5.0 (compatible; Barkrowler/0.9; +https://babbar.tech/crawler)"
217.113.194.74 - - [02/Apr/2025:05:50:43 -0400] "GET /elevating-style-and-performance-the-versatility-of-the-sport-jacket/ HTTP/1.1" 200 82297 "-" "Mozilla/5.0 (compatible; Barkrowler/0.9; +https://babbar.tech/crawler)"
85.208.96.211 - - [02/Apr/2025:05:50:53 -0400] "GET /the-cozy-charm-of-stitch-pajamas-embracing-comfort-with-style/ HTTP/1.1" 200 82333 "-" "Mozilla/5.0 (compatible; SemrushBot/7~bl; +http://www.semrush.com/bot.html)"
154.54.249.200 - - [02/Apr/2025:05:51:00 -0400] "GET /elevating-style-and-performance-the-versatility-of-the-sport-jacket/feed/ HTTP/1.1" 200 82333 "-" "Mozilla/5.0 (compatible; Barkrowler/0.9; +https://babbar.tech/crawler)"
217.113.194.73 - - [02/Apr/2025:05:51:15 -0400] "GET /mastering-the-art-of-growing-your-youtube-subscribers-a-comprehensive-guide/feed/ HTTP/1.1" 200 82297 "-" "Mozilla/5.0 (compatible; Barkrowler/0.9; +https://babbar.tech/crawler)"
217.113.194.77 - - [02/Apr/2025:05:51:32 -0400] "GET /mastering-the-art-of-appliance-repairs-a-guide-to-reparation-electromenager/feed/ HTTP/1.1" 200 82297 "-" "Mozilla/5.0 (compatible; Barkrowler/0.9; +https://babbar.tech/crawler)"
217.113.194.73 - - [02/Apr/2025:05:51:49 -0400] "GET /spread-your-brand-name-for-business-promotion-using-promotional-bags/feed/ HTTP/1.1" 200 82297 "-" "Mozilla/5.0 (compatible; Barkrowler/0.9; +https://babbar.tech/crawler)"
51.222.253.7 - - [02/Apr/2025:05:51:50 -0400] "GET /author/jorge/page/29/ HTTP/1.1" 200 82333 "-" "Mozilla/5.0 (compatible; AhrefsBot/7.0; +http://ahrefs.com/robot/)"
217.113.194.73 - - [02/Apr/2025:05:52:05 -0400] "GET /uncovering-hidden-treasures-the-world-of-lehigh-acres-junk-yards/ HTTP/1.1" 200 82297 "-" "Mozilla/5.0 (compatible; Barkrowler/0.9; +https://babbar.tech/crawler)"
217.113.194.75 - - [02/Apr/2025:05:52:21 -0400] "GET /uncovering-hidden-treasures-the-world-of-lehigh-acres-junk-yards/feed/ HTTP/1.1" 200 82333 "-" "Mozilla/5.0 (compatible; Barkrowler/0.9; +https://babbar.tech/crawler)"
217.113.194.74 - - [02/Apr/2025:05:52:37 -0400] "GET /luxury-living-at-arcady-showflat-experience-elegance-and-comfort/ HTTP/1.1" 200 82244 "-" "Mozilla/5.0 (compatible; Barkrowler/0.9; +https://babbar.tech/crawler)"
47.82.24.236 - - [02/Apr/2025:05:52:46 -0400] "GET /manicure-tables/ HTTP/1.1" 200 82297 "-" "Mozilla/5.0 (Linux; Android 10; K) AppleWebKit/537.36 (KHTML, like Gecko) Chrome/122.0.0.0 Mobile Safari/537.36"
217.113.194.74 - - [02/Apr/2025:05:52:55 -0400] "GET /luxury-living-at-arcady-showflat-experience-elegance-and-comfort/feed/ HTTP/1.1" 200 82297 "-" "Mozilla/5.0 (compatible; Barkrowler/0.9; +https://babbar.tech/crawler)"
47.82.21.50 - - [02/Apr/2025:05:53:05 -0400] "GET /unlocking-the-potential-the-marvels-of-glutathione-injection/ HTTP/1.1" 200 82297 "-" "Mozilla/5.0 (Windows NT 10.0; Win64; x64; rv:123.0) Gecko/20100101 Firefox/123.0"
112.92.70.120 - - [02/Apr/2025:05:53:09 -0400] "GET /un-examen-des-produits-de-securite-a-domicile/ HTTP/1.1" 200 82333 "https://saamigraphics.com" "Mozilla/5.0 (Windows NT 10.0; Win64; x64) AppleWebKit/537.36 (KHTML, like Gecko) Chrome/62.0.3202.94 Safari/537.36"
217.113.194.77 - - [02/Apr/2025:05:53:12 -0400] "GET /orchard-sophia-developer-a-reimagination-of-your-urban-sanctuary/ HTTP/1.1" 200 82297 "-" "Mozilla/5.0 (compatible; Barkrowler/0.9; +https://babbar.tech/crawler)"
217.113.194.72 - - [02/Apr/2025:05:53:28 -0400] "GET /orchard-sophia-developer-a-reimagination-of-your-urban-sanctuary/feed/ HTTP/1.1" 200 82333 "-" "Mozilla/5.0 (compatible; Barkrowler/0.9; +https://babbar.tech/crawler)"
217.113.194.77 - - [02/Apr/2025:05:53:44 -0400] "GET /glamour-illuminated-die-kunstfertigkeit-der-kronleuchter/feed/ HTTP/1.1" 200 82333 "-" "Mozilla/5.0 (compatible; Barkrowler/0.9; +https://babbar.tech/crawler)"
217.113.194.76 - - [02/Apr/2025:05:54:00 -0400] "GET /real-time-utility-monitoring-is-a-game-changer-in-smart-energy-management/feed/ HTTP/1.1" 200 82333 "-" "Mozilla/5.0 (compatible; Barkrowler/0.9; +https://babbar.tech/crawler)"
47.82.15.6 - - [02/Apr/2025:05:54:17 -0400] "GET /the-role-of-freight-shipping-services/ HTTP/1.1" 200 82297 "-" "Mozilla/5.0 (iPhone; CPU iPhone OS 17_1 like Mac OS X) AppleWebKit/605.1.15 (KHTML, like Gecko) EdgiOS/119.0.2151.105 Version/17.0 Mobile/15E148 Safari/604.1"
217.113.194.72 - - [02/Apr/2025:05:54:18 -0400] "GET /what-time-does-witch-queen-come-out-in-the-witcher-3-wild-hunt/ HTTP/1.1" 200 82297 "-" "Mozilla/5.0 (compatible; Barkrowler/0.9; +https://babbar.tech/crawler)"
217.113.194.81 - - [02/Apr/2025:05:54:35 -0400] "GET /exploring-one-bernam-showflat-a-glimpse-into-urban-luxury/ HTTP/1.1" 200 82297 "-" "Mozilla/5.0 (compatible; Barkrowler/0.9; +https://babbar.tech/crawler)"
51.222.253.19 - - [02/Apr/2025:05:54:43 -0400] "GET /what-is-a-hydraulic-cutting-machine/ HTTP/1.1" 200 82297 "-" "Mozilla/5.0 (compatible; AhrefsBot/7.0; +http://ahrefs.com/robot/)"
217.113.194.80 - - [02/Apr/2025:05:54:53 -0400] "GET /exploring-one-bernam-showflat-a-glimpse-into-urban-luxury/feed/ HTTP/1.1" 200 82333 "-" "Mozilla/5.0 (compatible; Barkrowler/0.9; +https://babbar.tech/crawler)"
217.113.194.72 - - [02/Apr/2025:05:55:11 -0400] "GET /exploring-the-hidden-gems-of-nusa-penida-a-tourists-paradise/feed/ HTTP/1.1" 200 82333 "-" "Mozilla/5.0 (compatible; Barkrowler/0.9; +https://babbar.tech/crawler)"
157.55.39.222 - - [02/Apr/2025:05:55:21 -0400] "GET /robots.txt HTTP/1.1" 200 82297 "-" "Mozilla/5.0 AppleWebKit/537.36 (KHTML, like Gecko; compatible; bingbot/2.0; +http://www.bing.com/bingbot.htm) Chrome/116.0.1938.76 Safari/537.36"
154.54.249.200 - - [02/Apr/2025:05:55:26 -0400] "GET /exploring-sora-showflat-a-glimpse-into-modern-living/ HTTP/1.1" 200 82333 "-" "Mozilla/5.0 (compatible; Barkrowler/0.9; +https://babbar.tech/crawler)"
40.77.167.18 - - [02/Apr/2025:05:55:35 -0400] "GET /navigating-the-excitement-exploring-the-world-of-online-casinos/ HTTP/1.1" 200 82333 "-" "Mozilla/5.0 AppleWebKit/537.36 (KHTML, like Gecko; compatible; bingbot/2.0; +http://www.bing.com/bingbot.htm) Chrome/116.0.1938.76 Safari/537.36"
217.113.194.81 - - [02/Apr/2025:05:55:42 -0400] "GET /football-betting-system-101-professional-betting-best-practices-and-strategies/ HTTP/1.1" 200 82297 "-" "Mozilla/5.0 (compatible; Barkrowler/0.9; +https://babbar.tech/crawler)"
217.113.194.78 - - [02/Apr/2025:05:55:59 -0400] "GET /limportance-dune-agence-de-marketing-digital-pour-les-petites-entreprises/feed/ HTTP/1.1" 200 82333 "-" "Mozilla/5.0 (compatible; Barkrowler/0.9; +https://babbar.tech/crawler)"
217.113.194.75 - - [02/Apr/2025:05:56:15 -0400] "GET /reclaim-your-posture-effective-solutions-for-forward-head-posture/ HTTP/1.1" 200 82298 "-" "Mozilla/5.0 (compatible; Barkrowler/0.9; +https://babbar.tech/crawler)"
217.113.194.77 - - [02/Apr/2025:05:56:32 -0400] "GET /reclaim-your-posture-effective-solutions-for-forward-head-posture/feed/ HTTP/1.1" 200 82389 "-" "Mozilla/5.0 (compatible; Barkrowler/0.9; +https://babbar.tech/crawler)"
47.82.17.70 - - [02/Apr/2025:05:56:38 -0400] "GET /entendiendo-el-consumo-de-combustible/ HTTP/1.1" 200 82297 "-" "Mozilla/5.0 (Windows NT 10.0; Win64; x64) AppleWebKit/537.36 (KHTML, like Gecko) Chrome/121.0.0.0 Safari/537.36 Edg/121.0.0.0"
217.113.194.72 - - [02/Apr/2025:05:56:48 -0400] "GET /les-vetements-pour-femmes-inspires-de-la-mode-masculine-symbolisent-le-statut/ HTTP/1.1" 200 82297 "-" "Mozilla/5.0 (compatible; Barkrowler/0.9; +https://babbar.tech/crawler)"
217.113.194.81 - - [02/Apr/2025:05:57:04 -0400] "GET /capturing-cherished-moments-the-art-of-custom-pet-portraits/ HTTP/1.1" 200 82338 "-" "Mozilla/5.0 (compatible; Barkrowler/0.9; +https://babbar.tech/crawler)"
217.113.194.75 - - [02/Apr/2025:05:57:20 -0400] "GET /cant-afford-to-buy-hair-salon-chairs-rent-them-instead/ HTTP/1.1" 200 82297 "-" "Mozilla/5.0 (compatible; Barkrowler/0.9; +https://babbar.tech/crawler)"
217.113.194.72 - - [02/Apr/2025:05:57:37 -0400] "GET /learn-how-to-do-a-hands-down-30-day-plank-challenge-right-now/ HTTP/1.1" 200 82333 "-" "Mozilla/5.0 (compatible; Barkrowler/0.9; +https://babbar.tech/crawler)"
51.222.253.5 - - [02/Apr/2025:05:57:39 -0400] "GET /how-to-clean-silver-jewellery/ HTTP/1.1" 200 82333 "-" "Mozilla/5.0 (compatible; AhrefsBot/7.0; +http://ahrefs.com/robot/)"
45.84.107.198 - - [02/Apr/2025:05:57:45 -0400] "GET / HTTP/1.1" 200 82297 "https://saamigraphics.com" "Mozilla/5.0 (Macintosh; U; Intel Mac OS X 10.6; en-US; rv:1.9.2) Gecko/20100115 Firefox/3.6"
217.113.194.77 - - [02/Apr/2025:05:57:54 -0400] "GET /streamlining-plumbing-solutions-the-role-of-ppr-fittings-suppliers/ HTTP/1.1" 200 82338 "-" "Mozilla/5.0 (compatible; Barkrowler/0.9; +https://babbar.tech/crawler)"
47.82.22.32 - - [02/Apr/2025:05:58:01 -0400] "GET /strategies-to-boost-your-follower-count/ HTTP/1.1" 200 82333 "-" "Mozilla/5.0 (Windows NT 10.0; Win64; x64; rv:123.0) Gecko/20100101 Firefox/123.0"
217.113.194.80 - - [02/Apr/2025:05:58:10 -0400] "GET /streamlining-plumbing-solutions-the-role-of-ppr-fittings-suppliers/feed/ HTTP/1.1" 200 82297 "-" "Mozilla/5.0 (compatible; Barkrowler/0.9; +https://babbar.tech/crawler)"
217.113.194.75 - - [02/Apr/2025:05:58:27 -0400] "GET /7-reasons-why-you-should-stop-using-plastic-bags-and-move-to-paper-bags/ HTTP/1.1" 200 82333 "-" "Mozilla/5.0 (compatible; Barkrowler/0.9; +https://babbar.tech/crawler)"
85.208.98.22 - - [02/Apr/2025:05:58:40 -0400] "GET /startup-business-loans-for-women/ HTTP/1.1" 200 82333 "-" "Mozilla/5.0 (compatible; SemrushBot-BA; +http://www.semrush.com/bot.html)"
217.113.194.79 - - [02/Apr/2025:05:58:44 -0400] "GET /toptips-til-at-vaelge-det-perfekte-par-solvoreringe/ HTTP/1.1" 200 82333 "-" "Mozilla/5.0 (compatible; Barkrowler/0.9; +https://babbar.tech/crawler)"
217.113.194.80 - - [02/Apr/2025:05:59:03 -0400] "GET /dometic-cooling-units-how-to-keep-them-in-top-shape/ HTTP/1.1" 200 82298 "-" "Mozilla/5.0 (compatible; Barkrowler/0.9; +https://babbar.tech/crawler)"
217.113.194.74 - - [02/Apr/2025:05:59:20 -0400] "GET /eleganz-und-funktionalitat-in-einem-die-moderne-hangelampe/ HTTP/1.1" 200 82333 "-" "Mozilla/5.0 (compatible; Barkrowler/0.9; +https://babbar.tech/crawler)"
217.113.194.78 - - [02/Apr/2025:05:59:36 -0400] "GET /lakegarden-residences-living-greener-today-for-a-greener-tomorrow/ HTTP/1.1" 200 82297 "-" "Mozilla/5.0 (compatible; Barkrowler/0.9; +https://babbar.tech/crawler)"
217.113.194.72 - - [02/Apr/2025:05:59:51 -0400] "GET /vibrant-nights-and-lively-lights-exploring-hanois-nightlife/feed/ HTTP/1.1" 200 82297 "-" "Mozilla/5.0 (compatible; Barkrowler/0.9; +https://babbar.tech/crawler)"
217.113.194.72 - - [02/Apr/2025:06:00:09 -0400] "GET /how-to-lose-weight-in-a-healthy-manner-with-herbal-fat-burner-pills/ HTTP/1.1" 200 82298 "-" "Mozilla/5.0 (compatible; Barkrowler/0.9; +https://babbar.tech/crawler)"
217.113.194.72 - - [02/Apr/2025:06:00:26 -0400] "GET /how-to-lose-weight-in-a-healthy-manner-with-herbal-fat-burner-pills/feed/ HTTP/1.1" 200 82297 "-" "Mozilla/5.0 (compatible; Barkrowler/0.9; +https://babbar.tech/crawler)"
51.222.253.6 - - [02/Apr/2025:06:00:30 -0400] "GET /author/jorge/page/27/ HTTP/1.1" 200 82389 "-" "Mozilla/5.0 (compatible; AhrefsBot/7.0; +http://ahrefs.com/robot/)"
217.113.194.75 - - [02/Apr/2025:06:00:42 -0400] "GET /how-to-use-ice-breaker-questions-to-create-a-more-collaborative-environment/feed/ HTTP/1.1" 200 82297 "-" "Mozilla/5.0 (compatible; Barkrowler/0.9; +https://babbar.tech/crawler)"
217.113.194.76 - - [02/Apr/2025:06:00:59 -0400] "GET /discovering-midtown-modern-showflat-a-glimpse-into-urban-luxury/ HTTP/1.1" 200 82297 "-" "Mozilla/5.0 (compatible; Barkrowler/0.9; +https://babbar.tech/crawler)"
217.113.194.76 - - [02/Apr/2025:06:01:14 -0400] "GET /stem-cell-medicine-can-improve-lives-and-reduce-us-health-costs/feed/ HTTP/1.1" 200 82297 "-" "Mozilla/5.0 (compatible; Barkrowler/0.9; +https://babbar.tech/crawler)"
217.113.194.74 - - [02/Apr/2025:06:01:32 -0400] "GET /the-cozy-charm-of-stitch-pajamas-embracing-comfort-with-style/feed/ HTTP/1.1" 200 82333 "-" "Mozilla/5.0 (compatible; Barkrowler/0.9; +https://babbar.tech/crawler)"
217.113.194.72 - - [02/Apr/2025:06:01:49 -0400] "GET /einfuhrung-in-die-dienstleistungen-eines-scheidungsanwalts-in-hattingen/ HTTP/1.1" 200 82333 "-" "Mozilla/5.0 (compatible; Barkrowler/0.9; +https://babbar.tech/crawler)"
217.113.194.74 - - [02/Apr/2025:06:02:06 -0400] "GET /effortless-compliance-with-taxbuddys-tax-audit-calculator/ HTTP/1.1" 200 82298 "-" "Mozilla/5.0 (compatible; Barkrowler/0.9; +https://babbar.tech/crawler)"
34.91.78.130 - - [02/Apr/2025:06:02:20 -0400] "GET /wp-login.php HTTP/1.1" 200 1717 "-" "GRequests/0.10"
217.113.194.79 - - [02/Apr/2025:06:02:23 -0400] "GET /vandaya-a-shark-necklace-that-is-ethically-sourced/feed/ HTTP/1.1" 200 82297 "-" "Mozilla/5.0 (compatible; Barkrowler/0.9; +https://babbar.tech/crawler)"
34.91.78.130 - - [02/Apr/2025:06:02:22 -0400] "POST /wp-login.php HTTP/1.1" 200 1849 "-" "GRequests/0.10"
154.54.249.200 - - [02/Apr/2025:06:02:40 -0400] "GET /water-tank-repair-why-you-shouldnt-have-to-replace-the-whole-tank/feed/ HTTP/1.1" 200 82333 "-" "Mozilla/5.0 (compatible; Barkrowler/0.9; +https://babbar.tech/crawler)"
47.82.26.183 - - [02/Apr/2025:06:02:47 -0400] "GET /a-tour-of-the-lentoria-showflat/ HTTP/1.1" 200 82297 "-" "Mozilla/5.0 (Windows NT 10.0; Win64; x64) AppleWebKit/537.36 (KHTML, like Gecko) Chrome/121.0.0.0 Safari/537.36 Edg/121.0.0.0"
217.113.194.81 - - [02/Apr/2025:06:02:56 -0400] "GET /the-healing-chamber-a-gateway-to-physical-and-emotional-wellness/feed/ HTTP/1.1" 200 82339 "-" "Mozilla/5.0 (compatible; Barkrowler/0.9; +https://babbar.tech/crawler)"
51.222.253.9 - - [02/Apr/2025:06:03:12 -0400] "GET /page/92/ HTTP/1.1" 200 82293 "-" "Mozilla/5.0 (compatible; AhrefsBot/7.0; +http://ahrefs.com/robot/)"
217.113.194.80 - - [02/Apr/2025:06:03:12 -0400] "GET /the-timeless-allure-of-luxury-handbags-a-fashionable-symphony-of-elegance/ HTTP/1.1" 200 82297 "-" "Mozilla/5.0 (compatible; Barkrowler/0.9; +https://babbar.tech/crawler)"
217.113.194.80 - - [02/Apr/2025:06:03:28 -0400] "GET /the-timeless-allure-of-luxury-handbags-a-fashionable-symphony-of-elegance/feed/ HTTP/1.1" 200 82333 "-" "Mozilla/5.0 (compatible; Barkrowler/0.9; +https://babbar.tech/crawler)"
217.113.194.72 - - [02/Apr/2025:06:03:45 -0400] "GET /apuestas-deportivas-como-ganar-mas-de-lo-que-pierdes/feed/ HTTP/1.1" 200 82297 "-" "Mozilla/5.0 (compatible; Barkrowler/0.9; +https://babbar.tech/crawler)"
154.54.249.200 - - [02/Apr/2025:06:04:02 -0400] "GET /devoilement-des-meilleures-lames-choisir-le-meilleur-katana-a-vendre/ HTTP/1.1" 200 82297 "-" "Mozilla/5.0 (compatible; Barkrowler/0.9; +https://babbar.tech/crawler)"
217.113.194.74 - - [02/Apr/2025:06:04:18 -0400] "GET /free-typing-test-find-out-your-current-typing-speed-and-accuracy/ HTTP/1.1" 200 82333 "-" "Mozilla/5.0 (compatible; Barkrowler/0.9; +https://babbar.tech/crawler)"
217.113.194.76 - - [02/Apr/2025:06:04:33 -0400] "GET /navigating-style-and-savings-the-allure-of-wholesale-purses-online/ HTTP/1.1" 200 82297 "-" "Mozilla/5.0 (compatible; Barkrowler/0.9; +https://babbar.tech/crawler)"
47.82.13.31 - - [02/Apr/2025:06:04:48 -0400] "GET /2-player-games-6x/ HTTP/1.1" 200 82333 "-" "Mozilla/5.0 (Linux; Android 10; K) AppleWebKit/537.36 (KHTML, like Gecko) Chrome/122.0.0.0 Mobile Safari/537.36"
217.113.194.75 - - [02/Apr/2025:06:04:51 -0400] "GET /navigating-the-allure-of-online-betting-a-closer-look-at-the-risks-and-rewards/ HTTP/1.1" 200 82297 "-" "Mozilla/5.0 (compatible; Barkrowler/0.9; +https://babbar.tech/crawler)"
217.113.194.74 - - [02/Apr/2025:06:05:08 -0400] "GET /den-glanz-enthullen-die-magie-von-silberputzmittel/ HTTP/1.1" 200 82298 "-" "Mozilla/5.0 (compatible; Barkrowler/0.9; +https://babbar.tech/crawler)"
198.54.114.83 - - [02/Apr/2025:06:05:14 -0400] "POST /wp-cron.php?doing_wp_cron=1743588314.4809129238128662109375 HTTP/1.1" 200 0 "-" "WordPress/6.7.2; https://saamigraphics.com"
198.54.114.83 - - [02/Apr/2025:06:05:16 -0400] "POST /wp-admin/admin-ajax.php?action=async_litespeed&nonce=S9qcb1b2TMX7mTzfua4VdQjtpbt2cnMP&litespeed_type=imgoptm HTTP/1.1" 200 0 "-" "WordPress/6.7.2; https://saamigraphics.com"
240e:350:8003:ec3b:4ecc:6a99:3cf7:5ca9 - - [02/Apr/2025:06:05:13 -0400] "POST /wp-comments-post.php HTTP/1.1" 302 0 "-" "Mozilla/5.0 (Windows NT 10.0; Win64; x64) AppleWebKit/537.36 (KHTML, like Gecko) Chrome/108.0.0.0 Safari/537.36 Edg/108.0.1462.46"
240e:350:8003:ec3b:4ecc:6a99:3cf7:5ca9 - - [02/Apr/2025:06:05:18 -0400] "GET /seizing-the-moment-unlocking-the-power-of-opportunity/?unapproved=9883&moderation-hash=472c97707bd56663c14ae50b83925bfc HTTP/1.1" 200 82333 "-" "Mozilla/5.0 (Windows NT 10.0; Win64; x64) AppleWebKit/537.36 (KHTML, like Gecko) Chrome/108.0.0.0 Safari/537.36 Edg/108.0.1462.46"
217.113.194.76 - - [02/Apr/2025:06:05:25 -0400] "GET /demystifying-the-maze-unveiling-the-truth-behind-buying-youtube-views/feed/ HTTP/1.1" 200 82333 "-" "Mozilla/5.0 (compatible; Barkrowler/0.9; +https://babbar.tech/crawler)"
217.113.194.78 - - [02/Apr/2025:06:05:41 -0400] "GET /den-digitalen-erfolg-erschliesen-die-macht-von-agence-web/feed/ HTTP/1.1" 200 82247 "-" "Mozilla/5.0 (compatible; Barkrowler/0.9; +https://babbar.tech/crawler)"
217.113.194.72 - - [02/Apr/2025:06:05:57 -0400] "GET /der-rechtsanwalt-verteidiger-der-rechte-und-interessen/feed/ HTTP/1.1" 200 82333 "-" "Mozilla/5.0 (compatible; Barkrowler/0.9; +https://babbar.tech/crawler)"
51.222.253.4 - - [02/Apr/2025:06:06:02 -0400] "GET /embracing-the-modern-trend-of-paperless-wedding-invitations/feed/ HTTP/1.1" 200 82297 "-" "Mozilla/5.0 (compatible; AhrefsBot/7.0; +http://ahrefs.com/robot/)"
2a03:2880:f800:3:: - - [02/Apr/2025:06:06:04 -0400] "GET /effects-of-no2-supplement/ HTTP/1.1" 200 82333 "-" "meta-externalagent/1.1 (+https://developers.facebook.com/docs/sharing/webmasters/crawler)"
217.113.194.73 - - [02/Apr/2025:06:06:14 -0400] "GET /captivating-elegance-exploring-the-allure-of-the-gwen-stacy-costume/ HTTP/1.1" 200 82333 "-" "Mozilla/5.0 (compatible; Barkrowler/0.9; +https://babbar.tech/crawler)"
217.113.194.78 - - [02/Apr/2025:06:06:31 -0400] "GET /captivating-elegance-exploring-the-allure-of-the-gwen-stacy-costume/feed/ HTTP/1.1" 200 82333 "-" "Mozilla/5.0 (compatible; Barkrowler/0.9; +https://babbar.tech/crawler)"
47.79.3.164 - - [02/Apr/2025:06:06:35 -0400] "GET /the-ultimate-guide-to-german-courses/ HTTP/1.1" 200 82297 "-" "Mozilla/5.0 (Linux; Android 10; K) AppleWebKit/537.36 (KHTML, like Gecko) Chrome/122.0.0.0 Mobile Safari/537.36"
217.113.194.80 - - [02/Apr/2025:06:06:47 -0400] "GET /ella-fitzgerald-and-louis-armstrong-dream-a-little-dream-of-me/feed/ HTTP/1.1" 200 82247 "-" "Mozilla/5.0 (compatible; Barkrowler/0.9; +https://babbar.tech/crawler)"
47.82.22.247 - - [02/Apr/2025:06:07:00 -0400] "GET /the-benefits-of-law-tutoring/ HTTP/1.1" 200 82333 "-" "Mozilla/5.0 (iPhone; CPU iPhone OS 17_0 like Mac OS X) AppleWebKit/605.1.15 (KHTML, like Gecko) EdgiOS/119.0.2151.105 Version/17.0 Mobile/15E148 Safari/604.1"
217.113.194.77 - - [02/Apr/2025:06:07:04 -0400] "GET /ella-fitzgerald-and-louis-armstrong-dream-a-little-dream-of-me/ HTTP/1.1" 200 82297 "-" "Mozilla/5.0 (compatible; Barkrowler/0.9; +https://babbar.tech/crawler)"
217.113.194.80 - - [02/Apr/2025:06:07:21 -0400] "GET /revolutionizing-convenience-the-instant-hot-and-cold-water-tap/ HTTP/1.1" 200 82333 "-" "Mozilla/5.0 (compatible; Barkrowler/0.9; +https://babbar.tech/crawler)"
217.113.194.81 - - [02/Apr/2025:06:07:37 -0400] "GET /revolutionize-your-kitchen-with-the-instant-hot-and-cold-water-tap/ HTTP/1.1" 200 82335 "-" "Mozilla/5.0 (compatible; Barkrowler/0.9; +https://babbar.tech/crawler)"
217.113.194.77 - - [02/Apr/2025:06:07:53 -0400] "GET /revolutionize-your-kitchen-with-the-instant-hot-and-cold-water-tap/feed/ HTTP/1.1" 200 82297 "-" "Mozilla/5.0 (compatible; Barkrowler/0.9; +https://babbar.tech/crawler)"
217.113.194.74 - - [02/Apr/2025:06:08:09 -0400] "GET /revolutionizing-workspaces-the-comprehensive-approach-of-360-office-solutions/feed/ HTTP/1.1" 200 82333 "-" "Mozilla/5.0 (compatible; Barkrowler/0.9; +https://babbar.tech/crawler)"
217.113.194.79 - - [02/Apr/2025:06:08:25 -0400] "GET /revolutionizing-fashion-custom-socks-with-no-minimum-order-quantity-moq/ HTTP/1.1" 200 82247 "-" "Mozilla/5.0 (compatible; Barkrowler/0.9; +https://babbar.tech/crawler)"
51.222.253.7 - - [02/Apr/2025:06:08:39 -0400] "GET /author/jorge/page/19/ HTTP/1.1" 200 82297 "-" "Mozilla/5.0 (compatible; AhrefsBot/7.0; +http://ahrefs.com/robot/)"
217.113.194.76 - - [02/Apr/2025:06:08:41 -0400] "GET /unlocking-success-proven-strategies-to-skyrocket-your-youtube-subscribers/ HTTP/1.1" 200 82333 "-" "Mozilla/5.0 (compatible; Barkrowler/0.9; +https://babbar.tech/crawler)"
217.113.194.73 - - [02/Apr/2025:06:08:57 -0400] "GET /unlocking-organic-growth-the-art-of-manually-buying-youtube-views/ HTTP/1.1" 200 82297 "-" "Mozilla/5.0 (compatible; Barkrowler/0.9; +https://babbar.tech/crawler)"
217.113.194.74 - - [02/Apr/2025:06:09:13 -0400] "GET /unlocking-tiktok-success-the-power-of-buying-views-and-followers/ HTTP/1.1" 200 82333 "-" "Mozilla/5.0 (compatible; Barkrowler/0.9; +https://babbar.tech/crawler)"
217.113.194.74 - - [02/Apr/2025:06:09:30 -0400] "GET /unlocking-the-secrets-how-to-ethically-gain-followers-on-tiktok/ HTTP/1.1" 200 82333 "-" "Mozilla/5.0 (compatible; Barkrowler/0.9; +https://babbar.tech/crawler)"
217.113.194.77 - - [02/Apr/2025:06:09:46 -0400] "GET /unlocking-generosity-the-phenomenon-of-mrbeasts-free-gift-cards/ HTTP/1.1" 200 82389 "-" "Mozilla/5.0 (compatible; Barkrowler/0.9; +https://babbar.tech/crawler)"
217.113.194.73 - - [02/Apr/2025:06:10:01 -0400] "GET /unveiling-the-boundless-realms-of-grand-theft-auto-vi/ HTTP/1.1" 200 82297 "-" "Mozilla/5.0 (compatible; Barkrowler/0.9; +https://babbar.tech/crawler)"
217.113.194.81 - - [02/Apr/2025:06:10:17 -0400] "GET /unveiling-the-boundless-realms-of-grand-theft-auto-vi/feed/ HTTP/1.1" 200 82333 "-" "Mozilla/5.0 (compatible; Barkrowler/0.9; +https://babbar.tech/crawler)"
217.113.194.77 - - [02/Apr/2025:06:10:34 -0400] "GET /unveiling-the-cosmos-the-enchanting-world-of-the-galaxy-lamp/ HTTP/1.1" 200 82333 "-" "Mozilla/5.0 (compatible; Barkrowler/0.9; +https://babbar.tech/crawler)"
217.113.194.81 - - [02/Apr/2025:06:10:50 -0400] "GET /unveiling-excellence-navigating-the-best-car-dealers-in-hamilton/ HTTP/1.1" 200 82297 "-" "Mozilla/5.0 (compatible; Barkrowler/0.9; +https://babbar.tech/crawler)"
217.113.194.79 - - [02/Apr/2025:06:11:07 -0400] "GET /unraveling-the-pitfalls-of-purchasing-tiktok-views-and-followers/feed/ HTTP/1.1" 200 82335 "-" "Mozilla/5.0 (compatible; Barkrowler/0.9; +https://babbar.tech/crawler)"
3.144.162.109 - - [02/Apr/2025:06:11:11 -0400] "GET /robots.txt HTTP/1.1" 200 82297 "-" "Mozilla/5.0 AppleWebKit/537.36 (KHTML, like Gecko; compatible; ClaudeBot/1.0; +claudebot@anthropic.com)"
3.144.162.109 - - [02/Apr/2025:06:11:12 -0400] "GET /enhancing-workplace-efficiency-with-an-employee-communication-app HTTP/1.1" 200 82333 "-" "Mozilla/5.0 AppleWebKit/537.36 (KHTML, like Gecko; compatible; ClaudeBot/1.0; +claudebot@anthropic.com)"
198.54.114.83 - - [02/Apr/2025:06:11:19 -0400] "POST /wp-admin/admin-ajax.php?action=async_litespeed&nonce=rFItrg0Xw4b4m2S4jr86uj5LuEIAmtkw&litespeed_type=imgoptm HTTP/1.1" 200 0 "-" "WordPress/6.7.2; https://saamigraphics.com"
217.113.194.77 - - [02/Apr/2025:06:11:23 -0400] "GET /unraveling-the-pitfalls-of-purchasing-tiktok-views-and-followers/ HTTP/1.1" 200 82333 "-" "Mozilla/5.0 (compatible; Barkrowler/0.9; +https://babbar.tech/crawler)"
51.222.253.17 - - [02/Apr/2025:06:11:31 -0400] "GET /den-digitalen-erfolg-erschliesen-die-macht-von-agence-web/ HTTP/1.1" 200 82333 "-" "Mozilla/5.0 (compatible; AhrefsBot/7.0; +http://ahrefs.com/robot/)"
217.113.194.80 - - [02/Apr/2025:06:11:39 -0400] "GET /unleashing-creativity-the-dynamic-world-of-creative-agencies-in-chicago/ HTTP/1.1" 200 82333 "-" "Mozilla/5.0 (compatible; Barkrowler/0.9; +https://babbar.tech/crawler)"
217.113.194.81 - - [02/Apr/2025:06:11:56 -0400] "GET /unleashing-creativity-the-dynamic-world-of-creative-agencies-in-chicago/feed/ HTTP/1.1" 200 82333 "-" "Mozilla/5.0 (compatible; Barkrowler/0.9; +https://babbar.tech/crawler)"
217.113.194.77 - - [02/Apr/2025:06:12:12 -0400] "GET /unleashing-the-breeze-the-marvel-of-floor-standing-fans/ HTTP/1.1" 200 82297 "-" "Mozilla/5.0 (compatible; Barkrowler/0.9; +https://babbar.tech/crawler)"
217.113.194.76 - - [02/Apr/2025:06:12:28 -0400] "GET /insured-vs-uninsured-the-segregation-of-american-health-care/feed/ HTTP/1.1" 200 82297 "-" "Mozilla/5.0 (compatible; Barkrowler/0.9; +https://babbar.tech/crawler)"
217.113.194.76 - - [02/Apr/2025:06:12:44 -0400] "GET /engage-a-good-locksmith-for-your-businesses-to-have-high-quality-locks/feed/ HTTP/1.1" 200 82297 "-" "Mozilla/5.0 (compatible; Barkrowler/0.9; +https://babbar.tech/crawler)"
217.113.194.78 - - [02/Apr/2025:06:13:00 -0400] "GET /adorn-your-wrists-with-elegance-the-allure-of-beaded-gemstone-bracelets/ HTTP/1.1" 200 82333 "-" "Mozilla/5.0 (compatible; Barkrowler/0.9; +https://babbar.tech/crawler)"
217.113.194.78 - - [02/Apr/2025:06:13:16 -0400] "GET /shining-legacies-exploring-the-elegance-of-silver-judaica/feed/ HTTP/1.1" 200 82297 "-" "Mozilla/5.0 (compatible; Barkrowler/0.9; +https://babbar.tech/crawler)"
217.113.194.75 - - [02/Apr/2025:06:13:33 -0400] "GET /eine-effektive-moglichkeit-komplexe-themen-zu-erklaren/feed/ HTTP/1.1" 200 82333 "-" "Mozilla/5.0 (compatible; Barkrowler/0.9; +https://babbar.tech/crawler)"
217.113.194.77 - - [02/Apr/2025:06:13:50 -0400] "GET /scopri-il-paradiso-del-relax-al-resort-sul-lago-di-garda/ HTTP/1.1" 200 82333 "-" "Mozilla/5.0 (compatible; Barkrowler/0.9; +https://babbar.tech/crawler)"
217.113.194.80 - - [02/Apr/2025:06:14:06 -0400] "GET /politicians-want-to-protect-us-from-the-evils-of-on-line-gambling-part-3/ HTTP/1.1" 200 82339 "-" "Mozilla/5.0 (compatible; Barkrowler/0.9; +https://babbar.tech/crawler)"
217.113.194.72 - - [02/Apr/2025:06:14:23 -0400] "GET /gadget-aziendali-che-lasceranno-unimpressione-duratura/feed/ HTTP/1.1" 200 82297 "-" "Mozilla/5.0 (compatible; Barkrowler/0.9; +https://babbar.tech/crawler)"
51.222.253.16 - - [02/Apr/2025:06:14:26 -0400] "GET /category/activity/page/117/ HTTP/1.1" 200 82333 "-" "Mozilla/5.0 (compatible; AhrefsBot/7.0; +http://ahrefs.com/robot/)"
217.113.194.74 - - [02/Apr/2025:06:14:40 -0400] "GET /palm-beach-corporations-see-the-benefits-of-assisted-caregiving-for-employees/ HTTP/1.1" 200 82333 "-" "Mozilla/5.0 (compatible; Barkrowler/0.9; +https://babbar.tech/crawler)"
217.113.194.73 - - [02/Apr/2025:06:14:58 -0400] "GET /what-time-does-witch-queen-come-out-in-the-witcher-3-wild-hunt/feed/ HTTP/1.1" 200 82297 "-" "Mozilla/5.0 (compatible; Barkrowler/0.9; +https://babbar.tech/crawler)"
112.86.225.126 - - [02/Apr/2025:06:15:01 -0400] "GET / HTTP/1.1" 200 82297 "-" "Sogou web spider/4.0(+http://www.sogou.com/docs/help/webmasters.htm#07)"
217.113.194.76 - - [02/Apr/2025:06:15:16 -0400] "GET /capturing-cherished-moments-the-art-of-custom-pet-portraits/feed/ HTTP/1.1" 200 82297 "-" "Mozilla/5.0 (compatible; Barkrowler/0.9; +https://babbar.tech/crawler)"
217.113.194.77 - - [02/Apr/2025:06:15:32 -0400] "GET /learn-how-to-do-a-hands-down-30-day-plank-challenge-right-now/feed/ HTTP/1.1" 200 82297 "-" "Mozilla/5.0 (compatible; Barkrowler/0.9; +https://babbar.tech/crawler)"
217.113.194.76 - - [02/Apr/2025:06:15:49 -0400] "GET /streamlining-file-transfer-efficient-solutions-for-seamless-data-exchange/ HTTP/1.1" 200 82333 "-" "Mozilla/5.0 (compatible; Barkrowler/0.9; +https://babbar.tech/crawler)"
47.82.22.26 - - [02/Apr/2025:06:15:58 -0400] "GET /dont-avoid-moving-quotes/ HTTP/1.1" 200 82297 "-" "Mozilla/5.0 (Windows NT 10.0; Win64; x64) AppleWebKit/537.36 (KHTML, like Gecko) Chrome/121.0.0.0 Safari/537.36 Edg/121.0.0.0"
217.113.194.77 - - [02/Apr/2025:06:16:06 -0400] "GET /streamlining-file-transfer-efficient-solutions-for-seamless-data-exchange/feed/ HTTP/1.1" 200 82297 "-" "Mozilla/5.0 (compatible; Barkrowler/0.9; +https://babbar.tech/crawler)"
217.113.194.81 - - [02/Apr/2025:06:16:23 -0400] "GET /eleganz-und-funktionalitat-in-einem-die-moderne-hangelampe/feed/ HTTP/1.1" 200 82298 "-" "Mozilla/5.0 (compatible; Barkrowler/0.9; +https://babbar.tech/crawler)"
217.113.194.78 - - [02/Apr/2025:06:16:40 -0400] "GET /fugen-sie-eine-stilvolle-note-mit-hangelampen-hinzu/ HTTP/1.1" 200 82297 "-" "Mozilla/5.0 (compatible; Barkrowler/0.9; +https://babbar.tech/crawler)"
217.113.194.79 - - [02/Apr/2025:06:16:56 -0400] "GET /finding-the-right-audiologist-in-auckland-your-guide-to-expert-hearing-care/feed/ HTTP/1.1" 200 82333 "-" "Mozilla/5.0 (compatible; Barkrowler/0.9; +https://babbar.tech/crawler)"
217.113.194.79 - - [02/Apr/2025:06:17:12 -0400] "GET /lakegarden-residences-living-greener-today-for-a-greener-tomorrow/feed/ HTTP/1.1" 200 82297 "-" "Mozilla/5.0 (compatible; Barkrowler/0.9; +https://babbar.tech/crawler)"
51.222.253.18 - - [02/Apr/2025:06:17:23 -0400] "GET /taktiken-fur-erfolg/ HTTP/1.1" 200 82297 "-" "Mozilla/5.0 (compatible; AhrefsBot/7.0; +http://ahrefs.com/robot/)"
217.113.194.72 - - [02/Apr/2025:06:17:29 -0400] "GET /heure-miroir-22h22-que-signifie-cette-heure-miroir-pour-vous/feed/ HTTP/1.1" 200 82333 "-" "Mozilla/5.0 (compatible; Barkrowler/0.9; +https://babbar.tech/crawler)"
2a03:2880:f800:6:: - - [02/Apr/2025:06:17:43 -0400] "GET /right-time-to-get-into-elegant-cbd-oil-packaging-game/ HTTP/1.1" 200 82297 "-" "meta-externalagent/1.1 (+https://developers.facebook.com/docs/sharing/webmasters/crawler)"
217.113.194.76 - - [02/Apr/2025:06:17:45 -0400] "GET /heure-miroir-22h22-que-signifie-cette-heure-miroir-pour-vous/ HTTP/1.1" 200 82297 "-" "Mozilla/5.0 (compatible; Barkrowler/0.9; +https://babbar.tech/crawler)"
217.113.194.78 - - [02/Apr/2025:06:18:01 -0400] "GET /ritiro-rurale-lultima-fattoria-con-esperienza-spa/ HTTP/1.1" 200 82333 "-" "Mozilla/5.0 (compatible; Barkrowler/0.9; +https://babbar.tech/crawler)"
217.113.194.80 - - [02/Apr/2025:06:18:19 -0400] "GET /the-thriving-world-of-online-casinos-unveiling-the-allure-and-impact/feed/ HTTP/1.1" 200 82333 "-" "Mozilla/5.0 (compatible; Barkrowler/0.9; +https://babbar.tech/crawler)"
217.113.194.74 - - [02/Apr/2025:06:18:36 -0400] "GET /devoilement-des-meilleures-lames-choisir-le-meilleur-katana-a-vendre/feed/ HTTP/1.1" 200 82333 "-" "Mozilla/5.0 (compatible; Barkrowler/0.9; +https://babbar.tech/crawler)"
217.113.194.73 - - [02/Apr/2025:06:18:53 -0400] "GET /die-kunst-der-hangeleuchten-eine-beleuchtungsoption-mit-stil/ HTTP/1.1" 200 82297 "-" "Mozilla/5.0 (compatible; Barkrowler/0.9; +https://babbar.tech/crawler)"
154.54.249.200 - - [02/Apr/2025:06:19:09 -0400] "GET /navigating-style-and-savings-the-allure-of-wholesale-purses-online/feed/ HTTP/1.1" 200 82297 "-" "Mozilla/5.0 (compatible; Barkrowler/0.9; +https://babbar.tech/crawler)"
217.113.194.80 - - [02/Apr/2025:06:19:27 -0400] "GET /navigating-the-legal-landscape-finding-the-right-divorce-lawyer-in-nahariya/feed/ HTTP/1.1" 200 82333 "-" "Mozilla/5.0 (compatible; Barkrowler/0.9; +https://babbar.tech/crawler)"
