40.79.67.13 - - [15/Apr/2025:00:58:06 -0400] "GET /alfanew.php HTTP/1.1" 404 16535 "-" "-"
40.79.67.13 - - [15/Apr/2025:00:58:10 -0400] "GET /wp-content/plugins/Cache/Cache.php HTTP/1.1" 404 16534 "-" "-"
40.79.67.13 - - [15/Apr/2025:00:58:11 -0400] "GET /wp-admin/js/widgets/about.php7 HTTP/1.1" 404 16534 "-" "-"
40.79.67.13 - - [15/Apr/2025:00:58:14 -0400] "GET /wp-p.php7 HTTP/1.1" 404 16534 "-" "-"
40.79.67.13 - - [15/Apr/2025:00:58:17 -0400] "GET /wp-admin/repeater.php HTTP/1.1" 404 16534 "-" "-"
40.79.67.13 - - [15/Apr/2025:00:58:19 -0400] "GET /wp-includes/repeater.php HTTP/1.1" 404 16534 "-" "-"
40.79.67.13 - - [15/Apr/2025:00:58:21 -0400] "GET /wp-content/repeater.php HTTP/1.1" 404 16534 "-" "-"
40.79.67.13 - - [15/Apr/2025:00:58:24 -0400] "GET /wsoyanz.php HTTP/1.1" 404 16534 "-" "-"
40.79.67.13 - - [15/Apr/2025:00:58:27 -0400] "GET /yanz.php HTTP/1.1" 404 16534 "-" "-"
40.79.67.13 - - [15/Apr/2025:00:58:29 -0400] "GET /wp-content/plugins/seoo/wsoyanz.php HTTP/1.1" 404 16534 "-" "-"
40.79.67.13 - - [15/Apr/2025:00:58:33 -0400] "GET /wp-content/plugins/seoo/wsoyanz1.php HTTP/1.1" 404 16534 "-" "-"
40.79.67.13 - - [15/Apr/2025:00:58:36 -0400] "GET /cache-compat.php HTTP/1.1" 404 16534 "-" "-"
40.79.67.13 - - [15/Apr/2025:00:58:38 -0400] "GET /ajax-actions.php HTTP/1.1" 404 16535 "-" "-"
40.79.67.13 - - [15/Apr/2025:00:58:42 -0400] "GET /wp-admin/ajax-actions.php HTTP/1.1" 404 16534 "-" "-"
40.79.67.13 - - [15/Apr/2025:00:58:45 -0400] "GET /wp-consar.php HTTP/1.1" 404 16534 "-" "-"
40.79.67.13 - - [15/Apr/2025:00:58:47 -0400] "GET /repeater.php HTTP/1.1" 404 16534 "-" "-"
40.79.67.13 - - [15/Apr/2025:00:58:51 -0400] "GET /admin-post.php HTTP/1.1" 404 16534 "-" "-"
40.79.67.13 - - [15/Apr/2025:00:58:53 -0400] "GET /wp-admin/maint/maint/ajax-actions.php HTTP/1.1" 404 16534 "-" "-"
198.54.114.83 - - [15/Apr/2025:00:58:58 -0400] "POST /wp-cron.php?doing_wp_cron=1744693136.4903800487518310546875 HTTP/1.1" 200 0 "-" "WordPress/6.7.2; https://shahmeenaindustry.com"
40.79.67.13 - - [15/Apr/2025:00:58:56 -0400] "GET /wp-admin/dropdown.php HTTP/1.1" 404 16533 "-" "-"
14.225.8.196 - - [15/Apr/2025:00:58:58 -0400] "POST /xmlrpc.php HTTP/1.1" 200 212 "http://shahmeenaindustry.com" "Mozilla/5.0 (Macintosh; Intel Mac OS X 10_15_7) AppleWebKit/537.36 (KHTML, like Gecko) Chrome/116.0.5845.96 Safari/537.36"
40.79.67.13 - - [15/Apr/2025:00:58:59 -0400] "GET /wp-admin/css/index.php HTTP/1.1" 301 0 "-" "-"
40.79.67.13 - - [15/Apr/2025:00:59:02 -0400] "GET /wp-admin/css/ HTTP/1.1" 403 1242 "-" "-"
40.79.67.13 - - [15/Apr/2025:00:59:05 -0400] "GET /about.php HTTP/1.1" 404 16534 "-" "-"
40.79.67.13 - - [15/Apr/2025:00:59:08 -0400] "GET /about.php7 HTTP/1.1" 404 16534 "-" "-"
40.79.67.13 - - [15/Apr/2025:00:59:11 -0400] "GET /alfanew.php7 HTTP/1.1" 404 16534 "-" "-"
40.79.67.13 - - [15/Apr/2025:00:59:15 -0400] "GET /adminfuns.php7 HTTP/1.1" 404 16534 "-" "-"
40.79.67.13 - - [15/Apr/2025:00:59:17 -0400] "GET /ebs.php7 HTTP/1.1" 404 16534 "-" "-"
40.79.67.13 - - [15/Apr/2025:00:59:20 -0400] "GET /ws.php7 HTTP/1.1" 404 16534 "-" "-"
40.79.67.13 - - [15/Apr/2025:00:59:22 -0400] "GET /alfanew2.php7 HTTP/1.1" 404 16534 "-" "-"
40.79.67.13 - - [15/Apr/2025:00:59:25 -0400] "GET /alfa-rex2.php7 HTTP/1.1" 404 16535 "-" "-"
40.79.67.13 - - [15/Apr/2025:00:59:27 -0400] "GET /wp-admin/images/index.php HTTP/1.1" 301 0 "-" "-"
40.79.67.13 - - [15/Apr/2025:00:59:29 -0400] "GET /wp-admin/images/ HTTP/1.1" 403 1242 "-" "-"
40.79.67.13 - - [15/Apr/2025:00:59:30 -0400] "GET /wp-admin/css/colors/index.php HTTP/1.1" 301 0 "-" "-"
40.79.67.13 - - [15/Apr/2025:00:59:31 -0400] "GET /wp-admin/css/colors/ HTTP/1.1" 403 1242 "-" "-"
40.79.67.13 - - [15/Apr/2025:00:59:32 -0400] "GET /wp-content/themes/pridmag/db.php HTTP/1.1" 404 16534 "-" "-"
40.79.67.13 - - [15/Apr/2025:00:59:33 -0400] "GET /wp-content/themes/seotheme/mar.php HTTP/1.1" 404 16534 "-" "-"
40.79.67.13 - - [15/Apr/2025:00:59:36 -0400] "GET /wp-content/plugins/linkpreview/db.php HTTP/1.1" 404 16534 "-" "-"
40.79.67.13 - - [15/Apr/2025:00:59:37 -0400] "GET /wp-content/themes/seotheme/db.php HTTP/1.1" 404 16535 "-" "-"
40.79.67.13 - - [15/Apr/2025:00:59:39 -0400] "GET /wp-content/plugins/seoplugins/db.php HTTP/1.1" 404 16534 "-" "-"
40.79.67.13 - - [15/Apr/2025:00:59:41 -0400] "GET /.well-known/pki-validation/xmrlpc.php HTTP/1.1" 404 1251 "-" "-"
40.79.67.13 - - [15/Apr/2025:00:59:41 -0400] "GET /.well-known/acme-challenge/xmrlpc.php HTTP/1.1" 404 16534 "-" "-"
40.79.67.13 - - [15/Apr/2025:00:59:44 -0400] "GET /wp-admin/network/xmrlpc.php HTTP/1.1" 404 16534 "-" "-"
40.79.67.13 - - [15/Apr/2025:00:59:46 -0400] "GET /xmrlpc.php HTTP/1.1" 404 16535 "-" "-"
40.79.67.13 - - [15/Apr/2025:00:59:49 -0400] "GET /cgi-bin/xmrlpc.php HTTP/1.1" 404 16534 "-" "-"
40.79.67.13 - - [15/Apr/2025:00:59:51 -0400] "GET /css/xmrlpc.php HTTP/1.1" 404 16534 "-" "-"
40.79.67.13 - - [15/Apr/2025:00:59:53 -0400] "GET /wp-admin/user/xmrlpc.php HTTP/1.1" 404 16534 "-" "-"
40.79.67.13 - - [15/Apr/2025:00:59:54 -0400] "GET /img/xmrlpc.php HTTP/1.1" 404 16534 "-" "-"
198.54.114.83 - - [15/Apr/2025:00:59:57 -0400] "POST /wp-cron.php?doing_wp_cron=1744693196.9654788970947265625000 HTTP/1.1" 200 0 "-" "WordPress/6.7.2; https://shahmeenaindustry.com"
40.79.67.13 - - [15/Apr/2025:00:59:56 -0400] "GET /wp-admin/css/colors/coffee/xmrlpc.php HTTP/1.1" 404 16535 "-" "-"
40.79.67.13 - - [15/Apr/2025:00:59:59 -0400] "GET /wp-admin/images/xmrlpc.php HTTP/1.1" 404 16532 "-" "-"
40.79.67.13 - - [15/Apr/2025:01:00:01 -0400] "GET /images/xmrlpc.php HTTP/1.1" 404 16534 "-" "-"
40.79.67.13 - - [15/Apr/2025:01:00:08 -0400] "GET /wp-admin/js/widgets/xmrlpc.php HTTP/1.1" 404 16534 "-" "-"
40.79.67.13 - - [15/Apr/2025:01:00:10 -0400] "GET /wp-admin/css/colors/xmrlpc.php HTTP/1.1" 404 16534 "-" "-"
40.79.67.13 - - [15/Apr/2025:01:00:12 -0400] "GET /wp-admin/includes/xmrlpc.php HTTP/1.1" 404 16534 "-" "-"
40.79.67.13 - - [15/Apr/2025:01:00:14 -0400] "GET /wp-admin/css/colors/blue/xmrlpc.php HTTP/1.1" 404 16534 "-" "-"
40.79.67.13 - - [15/Apr/2025:01:00:17 -0400] "GET /wp-admin/xmrlpc.php HTTP/1.1" 404 16534 "-" "-"
40.79.67.13 - - [15/Apr/2025:01:00:20 -0400] "GET /smaxx.php HTTP/1.1" 404 16534 "-" "-"
40.79.67.13 - - [15/Apr/2025:01:00:23 -0400] "GET /wp-admin/smaxx.php HTTP/1.1" 404 16534 "-" "-"
40.79.67.13 - - [15/Apr/2025:01:00:25 -0400] "GET /wp-content/plugins/WordPressCore/smaxx.php HTTP/1.1" 404 16534 "-" "-"
40.79.67.13 - - [15/Apr/2025:01:00:27 -0400] "GET /wp-includes/images/smaxx.php HTTP/1.1" 404 16534 "-" "-"
40.79.67.13 - - [15/Apr/2025:01:00:30 -0400] "GET /wp-content/plugins/core-plugin/smaxx.php HTTP/1.1" 404 16534 "-" "-"
198.54.114.83 - - [15/Apr/2025:01:00:31 -0400] "POST /wp-cron.php?doing_wp_cron=1744693231.0853650569915771484375 HTTP/1.1" 200 0 "-" "WordPress/6.7.2; https://shahmeenaindustry.com"
40.79.67.13 - - [15/Apr/2025:01:00:30 -0400] "GET /wp-includes/smaxx.php HTTP/1.1" 404 16534 "-" "-"
40.79.67.13 - - [15/Apr/2025:01:00:34 -0400] "GET /wp-content/plugins/smaxx.php HTTP/1.1" 404 16534 "-" "-"
40.79.67.13 - - [15/Apr/2025:01:00:36 -0400] "GET /xt/smaxx.php HTTP/1.1" 404 16534 "-" "-"
40.79.67.13 - - [15/Apr/2025:01:00:39 -0400] "GET /wp-content/smaxx.php HTTP/1.1" 404 16534 "-" "-"
198.54.114.83 - - [15/Apr/2025:01:00:43 -0400] "POST /wp-cron.php?doing_wp_cron=1744693241.8446710109710693359375 HTTP/1.1" 200 0 "-" "WordPress/6.7.2; https://shahmeenaindustry.com"
40.79.67.13 - - [15/Apr/2025:01:00:41 -0400] "GET /wp-content/themes/twentyfive/smaxx.php HTTP/1.1" 404 16534 "-" "-"
40.79.67.13 - - [15/Apr/2025:01:00:43 -0400] "GET /wp-content/upgrade/sx.php HTTP/1.1" 404 16534 "-" "-"
40.79.67.13 - - [15/Apr/2025:01:00:46 -0400] "GET /.well-known/pki-validation/sx.php HTTP/1.1" 404 1251 "-" "-"
40.79.67.13 - - [15/Apr/2025:01:00:47 -0400] "GET /wp-admin/user/sx.php HTTP/1.1" 404 16534 "-" "-"
40.79.67.13 - - [15/Apr/2025:01:00:50 -0400] "GET /wp-includes/ID3/sx.php HTTP/1.1" 404 16534 "-" "-"
40.79.67.13 - - [15/Apr/2025:01:00:52 -0400] "GET /wp-includes/blocks/sx.php HTTP/1.1" 404 16534 "-" "-"
40.79.67.13 - - [15/Apr/2025:01:00:54 -0400] "GET /wp-includes/sx.php HTTP/1.1" 404 16534 "-" "-"
40.79.67.13 - - [15/Apr/2025:01:00:56 -0400] "GET /wp-admin/sx.php HTTP/1.1" 404 16534 "-" "-"
40.79.67.13 - - [15/Apr/2025:01:00:58 -0400] "GET /wp-content/plugins/fix/sx.php HTTP/1.1" 404 16534 "-" "-"
40.79.67.13 - - [15/Apr/2025:01:01:01 -0400] "GET /wp-admin/includes/sx.php HTTP/1.1" 404 16532 "-" "-"
40.79.67.13 - - [15/Apr/2025:01:01:02 -0400] "GET /cgi-bin/sx.php HTTP/1.1" 404 16534 "-" "-"
40.79.67.13 - - [15/Apr/2025:01:01:03 -0400] "GET /wp-admin/css/sx.php HTTP/1.1" 404 16534 "-" "-"
40.79.67.13 - - [15/Apr/2025:01:01:05 -0400] "GET /wp-admin/network/sx.php HTTP/1.1" 404 16534 "-" "-"
40.79.67.13 - - [15/Apr/2025:01:01:08 -0400] "GET /wp-includes/block-supports/sx.php HTTP/1.1" 404 16534 "-" "-"
40.79.67.13 - - [15/Apr/2025:01:01:11 -0400] "GET /wp-includes/IXR/sx.php HTTP/1.1" 404 16534 "-" "-"
40.79.67.13 - - [15/Apr/2025:01:01:13 -0400] "GET /.well-known/sx.php HTTP/1.1" 404 16534 "-" "-"
40.79.67.13 - - [15/Apr/2025:01:01:15 -0400] "GET /wp-includes/js/tinymce/skins/lightgray/fonts/sx.php HTTP/1.1" 404 16534 "-" "-"
40.79.67.13 - - [15/Apr/2025:01:01:18 -0400] "GET /wp-content/sx.php HTTP/1.1" 404 16534 "-" "-"
40.79.67.13 - - [15/Apr/2025:01:01:20 -0400] "GET /wp-content/plugins/elementor/sx.php HTTP/1.1" 404 16534 "-" "-"
40.79.67.13 - - [15/Apr/2025:01:01:22 -0400] "GET /.well-known/acme-challenge/sx.php HTTP/1.1" 404 16534 "-" "-"
40.79.67.13 - - [15/Apr/2025:01:01:24 -0400] "GET /wp-includes/js/jcrop/sx.php HTTP/1.1" 404 16534 "-" "-"
40.79.67.13 - - [15/Apr/2025:01:01:26 -0400] "GET /wp-includes/rest-api/sx.php HTTP/1.1" 404 16534 "-" "-"
40.79.67.13 - - [15/Apr/2025:01:01:28 -0400] "GET /wp-admin/images/sx.php HTTP/1.1" 404 16534 "-" "-"
40.79.67.13 - - [15/Apr/2025:01:01:30 -0400] "GET /wp-admin/css/colors/blue/blue.php HTTP/1.1" 404 16534 "-" "-"
40.79.67.13 - - [15/Apr/2025:01:01:32 -0400] "GET /chosen HTTP/1.1" 404 16534 "-" "-"
40.79.67.13 - - [15/Apr/2025:01:01:34 -0400] "GET /wp-content/plugins/fix/up.php HTTP/1.1" 404 16534 "-" "-"
40.79.67.13 - - [15/Apr/2025:01:01:37 -0400] "GET /install.php HTTP/1.1" 404 16534 "-" "-"
40.79.67.13 - - [15/Apr/2025:01:01:38 -0400] "GET /wp-includes/images/include.php HTTP/1.1" 404 16534 "-" "-"
40.79.67.13 - - [15/Apr/2025:01:01:40 -0400] "GET /wp-content/themes/wp-classic/inc/index.php HTTP/1.1" 301 0 "-" "-"
198.54.114.83 - - [15/Apr/2025:01:01:43 -0400] "POST /wp-cron.php?doing_wp_cron=1744693302.7806510925292968750000 HTTP/1.1" 200 0 "-" "WordPress/6.7.2; https://shahmeenaindustry.com"
40.79.67.13 - - [15/Apr/2025:01:01:42 -0400] "GET /wp-content/themes/wp-classic/inc/ HTTP/1.1" 404 16534 "-" "-"
40.79.67.13 - - [15/Apr/2025:01:01:44 -0400] "GET /assets/images/1p.php HTTP/1.1" 404 16534 "-" "-"
40.79.67.13 - - [15/Apr/2025:01:01:46 -0400] "GET /class.api.php HTTP/1.1" 404 16534 "-" "-"
40.79.67.13 - - [15/Apr/2025:01:01:47 -0400] "GET /plugin.php HTTP/1.1" 404 16534 "-" "-"
40.79.67.13 - - [15/Apr/2025:01:01:49 -0400] "GET /wp-mail.php HTTP/1.1" 403 1123 "-" "-"
40.79.67.13 - - [15/Apr/2025:01:01:51 -0400] "GET /cong.php HTTP/1.1" 404 16534 "-" "-"
40.79.67.13 - - [15/Apr/2025:01:01:53 -0400] "GET /wp-content/index.php HTTP/1.1" 200 0 "-" "-"
40.79.67.13 - - [15/Apr/2025:01:01:55 -0400] "GET /.well-known/acme-challenge/xmrlpc.php HTTP/1.1" 404 16534 "-" "-"
40.79.67.13 - - [15/Apr/2025:01:01:56 -0400] "GET /wp-configs.php HTTP/1.1" 404 16534 "-" "-"
40.79.67.13 - - [15/Apr/2025:01:01:59 -0400] "GET /defaults.php HTTP/1.1" 404 16534 "-" "-"
40.79.67.13 - - [15/Apr/2025:01:02:01 -0400] "GET /input.php HTTP/1.1" 404 16532 "-" "-"
40.79.67.13 - - [15/Apr/2025:01:02:03 -0400] "GET /0z.php HTTP/1.1" 404 16534 "-" "-"
40.79.67.13 - - [15/Apr/2025:01:02:05 -0400] "GET /media.php HTTP/1.1" 404 16534 "-" "-"
40.79.67.13 - - [15/Apr/2025:01:02:07 -0400] "GET /chosen.php HTTP/1.1" 404 16534 "-" "-"
40.79.67.13 - - [15/Apr/2025:01:02:09 -0400] "GET /wp-includes/fonts/wp-login.php HTTP/1.1" 404 16534 "-" "-"
40.79.67.13 - - [15/Apr/2025:01:02:12 -0400] "GET /wp-admin/users.php HTTP/1.1" 302 0 "-" "-"
40.79.67.13 - - [15/Apr/2025:01:02:18 -0400] "GET /wp-content/uploads/cache.php HTTP/1.1" 404 16534 "-" "-"
40.79.67.13 - - [15/Apr/2025:01:02:21 -0400] "GET /.wp-cli/wp-login.php HTTP/1.1" 404 16534 "-" "-"
40.79.67.13 - - [15/Apr/2025:01:02:23 -0400] "GET /authorize.php HTTP/1.1" 404 16534 "-" "-"
40.79.67.13 - - [15/Apr/2025:01:02:25 -0400] "GET /wp-admin/css/colors/blue/CasperExV1.php HTTP/1.1" 404 16534 "-" "-"
40.79.67.13 - - [15/Apr/2025:01:02:27 -0400] "GET /wp-admin/includes/users.php HTTP/1.1" 404 16534 "-" "-"
40.79.67.13 - - [15/Apr/2025:01:02:31 -0400] "GET /wp.php HTTP/1.1" 404 16534 "-" "-"
40.79.67.13 - - [15/Apr/2025:01:02:32 -0400] "GET /wp-content/plugins/WordPressCore/include.php HTTP/1.1" 404 16534 "-" "-"
40.79.67.13 - - [15/Apr/2025:01:02:34 -0400] "GET /themes.php HTTP/1.1" 404 16534 "-" "-"
40.79.67.13 - - [15/Apr/2025:01:02:37 -0400] "GET /wp-admin/network/index.php HTTP/1.1" 302 0 "-" "-"
40.79.67.13 - - [15/Apr/2025:01:02:40 -0400] "GET /wp-content/plugins/WordPressCore/blkfqnikz.php HTTP/1.1" 404 16534 "-" "-"
40.79.67.13 - - [15/Apr/2025:01:02:43 -0400] "GET /wp/wp-admin/includes/class-wp-page-mvb2yr.php HTTP/1.1" 404 16534 "-" "-"
198.54.114.83 - - [15/Apr/2025:01:02:45 -0400] "POST /wp-cron.php?doing_wp_cron=1744693363.9465909004211425781250 HTTP/1.1" 200 0 "-" "WordPress/6.7.2; https://shahmeenaindustry.com"
40.79.67.13 - - [15/Apr/2025:01:02:46 -0400] "GET /st.php HTTP/1.1" 404 16534 "-" "-"
40.79.67.13 - - [15/Apr/2025:01:02:48 -0400] "GET /wp-includes/images/smilies/about.php HTTP/1.1" 404 16534 "-" "-"
40.79.67.13 - - [15/Apr/2025:01:02:50 -0400] "GET /ynz.PhP7 HTTP/1.1" 404 16534 "-" "-"
40.79.67.13 - - [15/Apr/2025:01:02:52 -0400] "GET /wp-content/style-css.php HTTP/1.1" 404 16534 "-" "-"
40.79.67.13 - - [15/Apr/2025:01:02:55 -0400] "GET /wp-includes/IXR/wp-login.php HTTP/1.1" 404 16534 "-" "-"
40.79.67.13 - - [15/Apr/2025:01:02:56 -0400] "GET /.well-known/acme-challenge/about.php HTTP/1.1" 404 16534 "-" "-"
40.79.67.13 - - [15/Apr/2025:01:02:58 -0400] "GET /wordpress/wp-includes/IXR/allez.php HTTP/1.1" 404 16534 "-" "-"
40.79.67.13 - - [15/Apr/2025:01:03:00 -0400] "GET /rendixd.php HTTP/1.1" 404 16534 "-" "-"
40.79.67.13 - - [15/Apr/2025:01:03:01 -0400] "GET /wp-admin/css/admin.php HTTP/1.1" 404 16534 "-" "-"
40.79.67.13 - - [15/Apr/2025:01:03:03 -0400] "GET /filefuns.php HTTP/1.1" 404 16534 "-" "-"
40.79.67.13 - - [15/Apr/2025:01:03:05 -0400] "GET /options.php HTTP/1.1" 404 16534 "-" "-"
40.79.67.13 - - [15/Apr/2025:01:03:07 -0400] "GET /wp-includes/js/tinymce/skins/lightgray/img/index.php HTTP/1.1" 301 0 "-" "-"
40.79.67.13 - - [15/Apr/2025:01:03:09 -0400] "GET /wp-includes/js/tinymce/skins/lightgray/img/ HTTP/1.1" 403 1242 "-" "-"
40.79.67.13 - - [15/Apr/2025:01:03:10 -0400] "GET /edit.php HTTP/1.1" 404 16534 "-" "-"
40.79.67.13 - - [15/Apr/2025:01:03:12 -0400] "GET /user.php HTTP/1.1" 404 16534 "-" "-"
40.79.67.13 - - [15/Apr/2025:01:03:14 -0400] "GET /worm0.PhP7 HTTP/1.1" 404 16534 "-" "-"
40.79.67.13 - - [15/Apr/2025:01:03:17 -0400] "GET /wp-includes/js/tinymce/skins/wordpress/images/index.php HTTP/1.1" 301 0 "-" "-"
40.79.67.13 - - [15/Apr/2025:01:03:19 -0400] "GET /wp-includes/js/tinymce/skins/wordpress/images/ HTTP/1.1" 403 1242 "-" "-"
40.79.67.13 - - [15/Apr/2025:01:03:20 -0400] "GET /.well-known//.well-known/owlmailer.php HTTP/1.1" 301 0 "-" "-"
40.79.67.13 - - [15/Apr/2025:01:03:23 -0400] "GET /.well-known/.well-known/owlmailer.php HTTP/1.1" 404 16534 "-" "-"
40.79.67.13 - - [15/Apr/2025:01:03:25 -0400] "GET /wp-content/uploads/cong.php HTTP/1.1" 404 16534 "-" "-"
40.79.67.13 - - [15/Apr/2025:01:03:27 -0400] "GET /01.php HTTP/1.1" 404 16534 "-" "-"
40.79.67.13 - - [15/Apr/2025:01:03:29 -0400] "GET /wp-content/uploads/wp-login.php.suspected HTTP/1.1" 404 16534 "-" "-"
40.79.67.13 - - [15/Apr/2025:01:03:33 -0400] "GET /wp-includes/rest-api/endpoints/html.php HTTP/1.1" 404 16534 "-" "-"
40.79.67.13 - - [15/Apr/2025:01:03:37 -0400] "GET /wp-admin/js/widgets/cong.php HTTP/1.1" 404 16534 "-" "-"
40.79.67.13 - - [15/Apr/2025:01:03:39 -0400] "GET /doc.php HTTP/1.1" 404 16534 "-" "-"
40.79.67.13 - - [15/Apr/2025:01:03:41 -0400] "GET /link.php HTTP/1.1" 404 16534 "-" "-"
40.79.67.13 - - [15/Apr/2025:01:03:43 -0400] "GET /autoload_classmap.php HTTP/1.1" 404 16534 "-" "-"
198.54.114.83 - - [15/Apr/2025:01:03:47 -0400] "POST /wp-cron.php?doing_wp_cron=1744693426.3080589771270751953125 HTTP/1.1" 200 0 "-" "WordPress/6.7.2; https://shahmeenaindustry.com"
40.79.67.13 - - [15/Apr/2025:01:03:45 -0400] "GET /wp-admin/js/privacy-tools.min.php HTTP/1.1" 404 16534 "-" "-"
40.79.67.13 - - [15/Apr/2025:01:03:49 -0400] "GET /wp-includes/pomo/wp-login.php HTTP/1.1" 404 16534 "-" "-"
40.79.67.13 - - [15/Apr/2025:01:03:52 -0400] "GET /db.php HTTP/1.1" 404 16534 "-" "-"
40.79.67.13 - - [15/Apr/2025:01:03:54 -0400] "GET /wp-content/uploads/error_log.php HTTP/1.1" 404 16534 "-" "-"
40.79.67.13 - - [15/Apr/2025:01:03:56 -0400] "GET /google.php HTTP/1.1" 404 16534 "-" "-"
40.79.67.13 - - [15/Apr/2025:01:03:59 -0400] "GET /wp-includes/pomo/fgertreyersd.php.suspected HTTP/1.1" 404 16534 "-" "-"
40.79.67.13 - - [15/Apr/2025:01:04:01 -0400] "GET /wp-includes/Requests/dropdown.php HTTP/1.1" 404 16534 "-" "-"
40.79.67.13 - - [15/Apr/2025:01:04:04 -0400] "GET /wp-content/install.php HTTP/1.1" 404 16534 "-" "-"
40.79.67.13 - - [15/Apr/2025:01:04:07 -0400] "GET /.well-known/admin.php HTTP/1.1" 404 16534 "-" "-"
40.79.67.13 - - [15/Apr/2025:01:04:09 -0400] "GET /revision.php HTTP/1.1" 404 16534 "-" "-"
40.79.67.13 - - [15/Apr/2025:01:04:12 -0400] "GET /css/sgd.php HTTP/1.1" 404 16534 "-" "-"
40.79.67.13 - - [15/Apr/2025:01:04:14 -0400] "GET /wp-content/plugins/index.php HTTP/1.1" 200 0 "-" "-"
183.82.35.191 - - [15/Apr/2025:01:06:56 -0400] "POST /xmlrpc.php HTTP/1.1" 200 212 "http://shahmeenaindustry.com" "Mozilla/5.0 (Macintosh; Intel Mac OS X 10_15_7; rv:125.0.1) Gecko/20100101 Firefox/125.0.1"
198.54.114.83 - - [15/Apr/2025:01:14:50 -0400] "POST /wp-cron.php?doing_wp_cron=1744694089.6329720020294189453125 HTTP/1.1" 200 0 "-" "WordPress/6.7.2; https://shahmeenaindustry.com"
34.46.107.224 - - [15/Apr/2025:01:14:49 -0400] "POST /xmlrpc.php HTTP/1.1" 200 212 "http://shahmeenaindustry.com" "Mozilla/5.0 (Windows NT 10.0; Win64; x64) AppleWebKit/537.36 (KHTML, like Gecko) Chrome/115.0.5790.171 Safari/537.36 Edg/115.0.1901.203"
45.56.69.133 - - [15/Apr/2025:01:22:34 -0400] "GET / HTTP/1.1" 200 24616 "-" "-"
198.54.114.83 - - [15/Apr/2025:01:22:36 -0400] "POST /wp-cron.php?doing_wp_cron=1744694555.2530579566955566406250 HTTP/1.1" 200 0 "-" "WordPress/6.7.2; https://shahmeenaindustry.com"
45.56.69.133 - - [15/Apr/2025:01:22:34 -0400] "GET /wp-admin/install.php HTTP/1.1" 200 523 "-" "-"
45.56.69.133 - - [15/Apr/2025:01:22:36 -0400] "GET /wp-admin/setup-config.php HTTP/1.1" 409 1222 "-" "-"
176.97.114.202 - - [15/Apr/2025:01:27:34 -0400] "GET /wp HTTP/1.1" 404 16534 "-" "Mozilla/5.0 (Windows NT 6.1) AppleWebKit/535.19 (KHTML, like Gecko) Chrome/18.0.1025.168 Safari/535.19"
198.54.114.83 - - [15/Apr/2025:01:27:36 -0400] "POST /wp-cron.php?doing_wp_cron=1744694854.4692740440368652343750 HTTP/1.1" 200 0 "-" "WordPress/6.7.2; https://shahmeenaindustry.com"
176.97.114.202 - - [15/Apr/2025:01:27:38 -0400] "GET /wp-config.fix HTTP/1.1" 404 16534 "-" "Mozilla/5.0 (Windows NT 6.1) AppleWebKit/535.19 (KHTML, like Gecko) Chrome/18.0.1025.168 Safari/535.19"
176.97.114.202 - - [15/Apr/2025:01:27:40 -0400] "GET /wp-config.fix. HTTP/1.1" 301 0 "-" "Mozilla/5.0 (Windows NT 6.1) AppleWebKit/535.19 (KHTML, like Gecko) Chrome/18.0.1025.168 Safari/535.19"
176.97.114.202 - - [15/Apr/2025:01:27:42 -0400] "GET /wp-config.fix HTTP/1.1" 404 16534 "-" "Mozilla/5.0 (Windows NT 6.1) AppleWebKit/535.19 (KHTML, like Gecko) Chrome/18.0.1025.168 Safari/535.19"
176.97.114.202 - - [15/Apr/2025:01:27:44 -0400] "GET /wp-config.t HTTP/1.1" 404 16534 "-" "Mozilla/5.0 (Windows NT 6.1) AppleWebKit/535.19 (KHTML, like Gecko) Chrome/18.0.1025.168 Safari/535.19"
176.97.114.202 - - [15/Apr/2025:01:27:47 -0400] "GET /wp-config* HTTP/1.1" 404 16534 "-" "Mozilla/5.0 (Windows NT 6.1) AppleWebKit/535.19 (KHTML, like Gecko) Chrome/18.0.1025.168 Safari/535.19"
176.97.114.202 - - [15/Apr/2025:01:27:51 -0400] "GET /wp-config.b HTTP/1.1" 404 16534 "-" "Mozilla/5.0 (Windows NT 6.1) AppleWebKit/535.19 (KHTML, like Gecko) Chrome/18.0.1025.168 Safari/535.19"
35.187.250.253 - - [15/Apr/2025:01:30:45 -0400] "POST /xmlrpc.php HTTP/1.1" 200 212 "http://shahmeenaindustry.com" "Mozilla/5.0 (Windows NT 11.0; Win64; x64; rv:126.0) Gecko/20100101 Firefox/126.0"
198.54.114.83 - - [15/Apr/2025:01:38:47 -0400] "POST /wp-cron.php?doing_wp_cron=1744695526.7621190547943115234375 HTTP/1.1" 200 0 "-" "WordPress/6.7.2; https://shahmeenaindustry.com"
69.57.162.14 - - [15/Apr/2025:01:38:42 -0400] "POST /xmlrpc.php HTTP/1.1" 200 212 "http://shahmeenaindustry.com" "Mozilla/5.0 (Macintosh; Intel Mac OS X 10_15_7) AppleWebKit/537.36 (KHTML, like Gecko) Chrome/116.0.5845.96 Safari/537.36"
51.161.7.9 - - [15/Apr/2025:01:46:41 -0400] "POST /xmlrpc.php HTTP/1.1" 200 0 "http://shahmeenaindustry.com" "Mozilla/5.0 (Macintosh; Intel Mac OS X 10_15_7; rv:127.0) Gecko/20100101 Firefox/127.0"
198.54.114.83 - - [15/Apr/2025:01:46:49 -0400] "POST /wp-cron.php?doing_wp_cron=1744696007.0348670482635498046875 HTTP/1.1" 200 0 "-" "WordPress/6.7.2; https://shahmeenaindustry.com"
198.54.114.83 - - [15/Apr/2025:01:54:38 -0400] "POST /wp-cron.php?doing_wp_cron=1744696477.7748110294342041015625 HTTP/1.1" 200 0 "-" "WordPress/6.7.2; https://shahmeenaindustry.com"
150.95.110.113 - - [15/Apr/2025:01:54:37 -0400] "POST /xmlrpc.php HTTP/1.1" 200 212 "http://shahmeenaindustry.com" "Mozilla/5.0 (Macintosh; Intel Mac OS X 13.3; rv:126.0) Gecko/20100101 Firefox/126.0"
150.95.110.113 - - [15/Apr/2025:02:02:39 -0400] "POST /xmlrpc.php HTTP/1.1" 200 212 "http://shahmeenaindustry.com" "Mozilla/5.0 (Windows NT 10.0; Win64; x64) AppleWebKit/537.36 (KHTML, like Gecko) Chrome/126.0.0.0 Safari/537.36 Edg/126.0.0.0"
198.54.114.83 - - [15/Apr/2025:02:10:38 -0400] "POST /wp-cron.php?doing_wp_cron=1744697437.8944680690765380859375 HTTP/1.1" 200 0 "-" "WordPress/6.7.2; https://shahmeenaindustry.com"
2001:1bb0:e000:1e::541 - - [15/Apr/2025:02:10:37 -0400] "POST /xmlrpc.php HTTP/1.1" 200 212 "http://shahmeenaindustry.com" "Mozilla/5.0 (Windows NT 10.0; Win64; x64) AppleWebKit/537.36 (KHTML, like Gecko) Chrome/115.0.5790.102 Safari/537.36"
198.54.114.83 - - [15/Apr/2025:02:18:30 -0400] "POST /wp-cron.php?doing_wp_cron=1744697908.8913140296936035156250 HTTP/1.1" 200 0 "-" "WordPress/6.7.2; https://shahmeenaindustry.com"
68.65.120.227 - - [15/Apr/2025:02:18:26 -0400] "POST /xmlrpc.php HTTP/1.1" 200 212 "http://shahmeenaindustry.com" "Mozilla/5.0 (Windows NT 10.0; Win64; x64) AppleWebKit/537.36 (KHTML, like Gecko) Chrome/126.0.0.0 Safari/537.36"
198.54.114.83 - - [15/Apr/2025:02:26:34 -0400] "POST /wp-cron.php?doing_wp_cron=1744698394.0001490116119384765625 HTTP/1.1" 200 0 "-" "WordPress/6.7.2; https://shahmeenaindustry.com"
178.32.112.62 - - [15/Apr/2025:02:26:32 -0400] "POST /xmlrpc.php HTTP/1.1" 200 212 "http://shahmeenaindustry.com" "Mozilla/5.0 (Windows NT 10.0; Win64; x64) AppleWebKit/537.36 (KHTML, like Gecko) Chrome/116.0.5845.96 Safari/537.36 Edg/116.0.1938.62"
154.83.103.202 - - [15/Apr/2025:02:30:07 -0400] "GET /.git/HEAD HTTP/1.1" 403 1242 "-" "-"
154.83.103.202 - - [15/Apr/2025:02:30:10 -0400] "GET / HTTP/1.1" 200 24616 "-" "Mozilla/5.0 (Windows NT 10.0; Win64; x64) AppleWebKit/537.36 (KHTML, like Gecko) Chrome/91.0.4472.124 Safari/537.36"
154.83.103.202 - - [15/Apr/2025:02:30:13 -0400] "GET /.aws/credentials HTTP/1.1" 404 16534 "-" "Mozilla/5.0 (Windows NT 10.0; Win64; x64) AppleWebKit/537.36 (KHTML, like Gecko) Chrome/91.0.4472.124 Safari/537.36"
198.54.114.83 - - [15/Apr/2025:02:30:16 -0400] "POST /wp-cron.php?doing_wp_cron=1744698614.5438470840454101562500 HTTP/1.1" 200 0 "-" "WordPress/6.7.2; https://shahmeenaindustry.com"
154.83.103.202 - - [15/Apr/2025:02:30:19 -0400] "GET /.azure/ HTTP/1.1" 404 16534 "-" "Mozilla/5.0 (Windows NT 10.0; Win64; x64) AppleWebKit/537.36 (KHTML, like Gecko) Chrome/91.0.4472.124 Safari/537.36"
154.83.103.202 - - [15/Apr/2025:02:30:22 -0400] "GET /.bash_history HTTP/1.1" 404 16534 "-" "Mozilla/5.0 (Windows NT 10.0; Win64; x64) AppleWebKit/537.36 (KHTML, like Gecko) Chrome/91.0.4472.124 Safari/537.36"
154.83.103.202 - - [15/Apr/2025:02:30:26 -0400] "GET /.bash_profile HTTP/1.1" 404 16534 "-" "Mozilla/5.0 (Windows NT 10.0; Win64; x64) AppleWebKit/537.36 (KHTML, like Gecko) Chrome/91.0.4472.124 Safari/537.36"
154.83.103.202 - - [15/Apr/2025:02:30:30 -0400] "GET /.bashrc HTTP/1.1" 404 16534 "-" "Mozilla/5.0 (Windows NT 10.0; Win64; x64) AppleWebKit/537.36 (KHTML, like Gecko) Chrome/91.0.4472.124 Safari/537.36"
154.83.103.202 - - [15/Apr/2025:02:30:33 -0400] "GET /.boto HTTP/1.1" 404 16534 "-" "Mozilla/5.0 (Windows NT 10.0; Win64; x64) AppleWebKit/537.36 (KHTML, like Gecko) Chrome/91.0.4472.124 Safari/537.36"
154.83.103.202 - - [15/Apr/2025:02:30:39 -0400] "GET /.bzr/ HTTP/1.1" 404 16534 "-" "Mozilla/5.0 (Windows NT 10.0; Win64; x64) AppleWebKit/537.36 (KHTML, like Gecko) Chrome/91.0.4472.124 Safari/537.36"
154.83.103.202 - - [15/Apr/2025:02:30:43 -0400] "GET /.config/gcloud/ HTTP/1.1" 404 16534 "-" "Mozilla/5.0 (Windows NT 10.0; Win64; x64) AppleWebKit/537.36 (KHTML, like Gecko) Chrome/91.0.4472.124 Safari/537.36"
154.83.103.202 - - [15/Apr/2025:02:30:47 -0400] "GET /.cshrc HTTP/1.1" 404 16534 "-" "Mozilla/5.0 (Windows NT 10.0; Win64; x64) AppleWebKit/537.36 (KHTML, like Gecko) Chrome/91.0.4472.124 Safari/537.36"
154.83.103.202 - - [15/Apr/2025:02:30:51 -0400] "GET /.docker/config.json HTTP/1.1" 404 16534 "-" "Mozilla/5.0 (Windows NT 10.0; Win64; x64) AppleWebKit/537.36 (KHTML, like Gecko) Chrome/91.0.4472.124 Safari/537.36"
154.83.103.202 - - [15/Apr/2025:02:30:54 -0400] "GET /.env HTTP/1.1" 403 1242 "-" "Mozilla/5.0 (Windows NT 10.0; Win64; x64) AppleWebKit/537.36 (KHTML, like Gecko) Chrome/91.0.4472.124 Safari/537.36"
154.83.103.202 - - [15/Apr/2025:02:30:55 -0400] "GET /.env.backup HTTP/1.1" 403 1242 "-" "Mozilla/5.0 (Windows NT 10.0; Win64; x64) AppleWebKit/537.36 (KHTML, like Gecko) Chrome/91.0.4472.124 Safari/537.36"
154.83.103.202 - - [15/Apr/2025:02:30:57 -0400] "GET /.env.dev HTTP/1.1" 403 1242 "-" "Mozilla/5.0 (Windows NT 10.0; Win64; x64) AppleWebKit/537.36 (KHTML, like Gecko) Chrome/91.0.4472.124 Safari/537.36"
154.83.103.202 - - [15/Apr/2025:02:30:59 -0400] "GET /.env.example HTTP/1.1" 403 1242 "-" "Mozilla/5.0 (Windows NT 10.0; Win64; x64) AppleWebKit/537.36 (KHTML, like Gecko) Chrome/91.0.4472.124 Safari/537.36"
154.83.103.202 - - [15/Apr/2025:02:31:01 -0400] "GET /.env.local HTTP/1.1" 403 1242 "-" "Mozilla/5.0 (Windows NT 10.0; Win64; x64) AppleWebKit/537.36 (KHTML, like Gecko) Chrome/91.0.4472.124 Safari/537.36"
154.83.103.202 - - [15/Apr/2025:02:31:03 -0400] "GET /.env.prod HTTP/1.1" 403 1242 "-" "Mozilla/5.0 (Windows NT 10.0; Win64; x64) AppleWebKit/537.36 (KHTML, like Gecko) Chrome/91.0.4472.124 Safari/537.36"
154.83.103.202 - - [15/Apr/2025:02:31:04 -0400] "GET /.env.testing HTTP/1.1" 403 1242 "-" "Mozilla/5.0 (Windows NT 10.0; Win64; x64) AppleWebKit/537.36 (KHTML, like Gecko) Chrome/91.0.4472.124 Safari/537.36"
154.83.103.202 - - [15/Apr/2025:02:31:05 -0400] "GET /.firebaserc HTTP/1.1" 404 16534 "-" "Mozilla/5.0 (Windows NT 10.0; Win64; x64) AppleWebKit/537.36 (KHTML, like Gecko) Chrome/91.0.4472.124 Safari/537.36"
154.83.103.202 - - [15/Apr/2025:02:31:11 -0400] "GET /.git/ HTTP/1.1" 403 1242 "-" "Mozilla/5.0 (Windows NT 10.0; Win64; x64) AppleWebKit/537.36 (KHTML, like Gecko) Chrome/91.0.4472.124 Safari/537.36"
154.83.103.202 - - [15/Apr/2025:02:31:12 -0400] "GET /.git/HEAD HTTP/1.1" 403 1242 "-" "Mozilla/5.0 (Windows NT 10.0; Win64; x64) AppleWebKit/537.36 (KHTML, like Gecko) Chrome/91.0.4472.124 Safari/537.36"
154.83.103.202 - - [15/Apr/2025:02:31:14 -0400] "GET /.git/config HTTP/1.1" 403 1242 "-" "Mozilla/5.0 (Windows NT 10.0; Win64; x64) AppleWebKit/537.36 (KHTML, like Gecko) Chrome/91.0.4472.124 Safari/537.36"
154.83.103.202 - - [15/Apr/2025:02:31:15 -0400] "GET /.git/index HTTP/1.1" 403 1242 "-" "Mozilla/5.0 (Windows NT 10.0; Win64; x64) AppleWebKit/537.36 (KHTML, like Gecko) Chrome/91.0.4472.124 Safari/537.36"
154.83.103.202 - - [15/Apr/2025:02:31:17 -0400] "GET /.git/logs/HEAD HTTP/1.1" 403 1242 "-" "Mozilla/5.0 (Windows NT 10.0; Win64; x64) AppleWebKit/537.36 (KHTML, like Gecko) Chrome/91.0.4472.124 Safari/537.36"
198.54.114.83 - - [15/Apr/2025:02:31:20 -0400] "POST /wp-cron.php?doing_wp_cron=1744698679.4581971168518066406250 HTTP/1.1" 200 0 "-" "WordPress/6.7.2; https://shahmeenaindustry.com"
154.83.103.202 - - [15/Apr/2025:02:31:19 -0400] "GET /.gitattributes HTTP/1.1" 404 16534 "-" "Mozilla/5.0 (Windows NT 10.0; Win64; x64) AppleWebKit/537.36 (KHTML, like Gecko) Chrome/91.0.4472.124 Safari/537.36"
154.83.103.202 - - [15/Apr/2025:02:31:22 -0400] "GET /.gitignore HTTP/1.1" 403 1242 "-" "Mozilla/5.0 (Windows NT 10.0; Win64; x64) AppleWebKit/537.36 (KHTML, like Gecko) Chrome/91.0.4472.124 Safari/537.36"
154.83.103.202 - - [15/Apr/2025:02:31:24 -0400] "GET /.gitmodules HTTP/1.1" 404 16535 "-" "Mozilla/5.0 (Windows NT 10.0; Win64; x64) AppleWebKit/537.36 (KHTML, like Gecko) Chrome/91.0.4472.124 Safari/537.36"
154.83.103.202 - - [15/Apr/2025:02:31:27 -0400] "GET /.hg/ HTTP/1.1" 403 1242 "-" "Mozilla/5.0 (Windows NT 10.0; Win64; x64) AppleWebKit/537.36 (KHTML, like Gecko) Chrome/91.0.4472.124 Safari/537.36"
154.83.103.202 - - [15/Apr/2025:02:31:28 -0400] "GET /.htaccess HTTP/1.1" 403 1242 "-" "Mozilla/5.0 (Windows NT 10.0; Win64; x64) AppleWebKit/537.36 (KHTML, like Gecko) Chrome/91.0.4472.124 Safari/537.36"
154.83.103.202 - - [15/Apr/2025:02:31:29 -0400] "GET /.htpasswd HTTP/1.1" 403 1242 "-" "Mozilla/5.0 (Windows NT 10.0; Win64; x64) AppleWebKit/537.36 (KHTML, like Gecko) Chrome/91.0.4472.124 Safari/537.36"
154.83.103.202 - - [15/Apr/2025:02:31:30 -0400] "GET /.idea/ HTTP/1.1" 404 16532 "-" "Mozilla/5.0 (Windows NT 10.0; Win64; x64) AppleWebKit/537.36 (KHTML, like Gecko) Chrome/91.0.4472.124 Safari/537.36"
154.83.103.202 - - [15/Apr/2025:02:31:33 -0400] "GET /.idea/.name HTTP/1.1" 404 16534 "-" "Mozilla/5.0 (Windows NT 10.0; Win64; x64) AppleWebKit/537.36 (KHTML, like Gecko) Chrome/91.0.4472.124 Safari/537.36"
154.83.103.202 - - [15/Apr/2025:02:31:39 -0400] "GET /.login HTTP/1.1" 404 16534 "-" "Mozilla/5.0 (Windows NT 10.0; Win64; x64) AppleWebKit/537.36 (KHTML, like Gecko) Chrome/91.0.4472.124 Safari/537.36"
154.83.103.202 - - [15/Apr/2025:02:31:42 -0400] "GET /.netrc HTTP/1.1" 404 16534 "-" "Mozilla/5.0 (Windows NT 10.0; Win64; x64) AppleWebKit/537.36 (KHTML, like Gecko) Chrome/91.0.4472.124 Safari/537.36"
154.83.103.202 - - [15/Apr/2025:02:31:45 -0400] "GET /.nginx.conf HTTP/1.1" 404 16534 "-" "Mozilla/5.0 (Windows NT 10.0; Win64; x64) AppleWebKit/537.36 (KHTML, like Gecko) Chrome/91.0.4472.124 Safari/537.36"
154.83.103.202 - - [15/Apr/2025:02:31:48 -0400] "GET /.npmrc HTTP/1.1" 404 16534 "-" "Mozilla/5.0 (Windows NT 10.0; Win64; x64) AppleWebKit/537.36 (KHTML, like Gecko) Chrome/91.0.4472.124 Safari/537.36"
154.83.103.202 - - [15/Apr/2025:02:31:51 -0400] "GET /.profile HTTP/1.1" 403 1242 "-" "Mozilla/5.0 (Windows NT 10.0; Win64; x64) AppleWebKit/537.36 (KHTML, like Gecko) Chrome/91.0.4472.124 Safari/537.36"
154.83.103.202 - - [15/Apr/2025:02:31:52 -0400] "GET /.ssh/config HTTP/1.1" 404 16534 "-" "Mozilla/5.0 (Windows NT 10.0; Win64; x64) AppleWebKit/537.36 (KHTML, like Gecko) Chrome/91.0.4472.124 Safari/537.36"
154.83.103.202 - - [15/Apr/2025:02:31:54 -0400] "GET /.ssh/id_rsa HTTP/1.1" 404 16534 "-" "Mozilla/5.0 (Windows NT 10.0; Win64; x64) AppleWebKit/537.36 (KHTML, like Gecko) Chrome/91.0.4472.124 Safari/537.36"
154.83.103.202 - - [15/Apr/2025:02:31:57 -0400] "GET /.ssh/id_rsa.pub HTTP/1.1" 404 16534 "-" "Mozilla/5.0 (Windows NT 10.0; Win64; x64) AppleWebKit/537.36 (KHTML, like Gecko) Chrome/91.0.4472.124 Safari/537.36"
154.83.103.202 - - [15/Apr/2025:02:32:00 -0400] "GET /.svn/ HTTP/1.1" 403 1242 "-" "Mozilla/5.0 (Windows NT 10.0; Win64; x64) AppleWebKit/537.36 (KHTML, like Gecko) Chrome/91.0.4472.124 Safari/537.36"
154.83.103.202 - - [15/Apr/2025:02:32:02 -0400] "GET /.user.ini HTTP/1.1" 404 16534 "-" "Mozilla/5.0 (Windows NT 10.0; Win64; x64) AppleWebKit/537.36 (KHTML, like Gecko) Chrome/91.0.4472.124 Safari/537.36"
154.83.103.202 - - [15/Apr/2025:02:32:05 -0400] "GET /.vscode/ HTTP/1.1" 404 16534 "-" "Mozilla/5.0 (Windows NT 10.0; Win64; x64) AppleWebKit/537.36 (KHTML, like Gecko) Chrome/91.0.4472.124 Safari/537.36"
154.83.103.202 - - [15/Apr/2025:02:32:07 -0400] "GET /.vscode/settings.json HTTP/1.1" 404 16534 "-" "Mozilla/5.0 (Windows NT 10.0; Win64; x64) AppleWebKit/537.36 (KHTML, like Gecko) Chrome/91.0.4472.124 Safari/537.36"
154.83.103.202 - - [15/Apr/2025:02:32:11 -0400] "GET /.well-known/security.txt HTTP/1.1" 404 16534 "-" "Mozilla/5.0 (Windows NT 10.0; Win64; x64) AppleWebKit/537.36 (KHTML, like Gecko) Chrome/91.0.4472.124 Safari/537.36"
154.83.103.202 - - [15/Apr/2025:02:32:14 -0400] "GET /.zshrc HTTP/1.1" 404 16533 "-" "Mozilla/5.0 (Windows NT 10.0; Win64; x64) AppleWebKit/537.36 (KHTML, like Gecko) Chrome/91.0.4472.124 Safari/537.36"
154.83.103.202 - - [15/Apr/2025:02:32:17 -0400] "GET /?file=../../../../../../etc/passwd HTTP/1.1" 403 1242 "-" "Mozilla/5.0 (Windows NT 10.0; Win64; x64) AppleWebKit/537.36 (KHTML, like Gecko) Chrome/91.0.4472.124 Safari/537.36"
154.83.103.202 - - [15/Apr/2025:02:32:20 -0400] "GET /?file=../../../../etc/passwd HTTP/1.1" 403 1242 "-" "Mozilla/5.0 (Windows NT 10.0; Win64; x64) AppleWebKit/537.36 (KHTML, like Gecko) Chrome/91.0.4472.124 Safari/537.36"
154.83.103.202 - - [15/Apr/2025:02:32:23 -0400] "GET /?inc=../../../../etc/passwd HTTP/1.1" 403 1242 "-" "Mozilla/5.0 (Windows NT 10.0; Win64; x64) AppleWebKit/537.36 (KHTML, like Gecko) Chrome/91.0.4472.124 Safari/537.36"
154.83.103.202 - - [15/Apr/2025:02:32:26 -0400] "GET /?include=../../../../etc/passwd HTTP/1.1" 403 1242 "-" "Mozilla/5.0 (Windows NT 10.0; Win64; x64) AppleWebKit/537.36 (KHTML, like Gecko) Chrome/91.0.4472.124 Safari/537.36"
154.83.103.202 - - [15/Apr/2025:02:32:28 -0400] "GET /?layout=../../../../etc/passwd HTTP/1.1" 403 1242 "-" "Mozilla/5.0 (Windows NT 10.0; Win64; x64) AppleWebKit/537.36 (KHTML, like Gecko) Chrome/91.0.4472.124 Safari/537.36"
154.83.103.202 - - [15/Apr/2025:02:32:30 -0400] "GET /?module=../../../../etc/passwd HTTP/1.1" 403 1242 "-" "Mozilla/5.0 (Windows NT 10.0; Win64; x64) AppleWebKit/537.36 (KHTML, like Gecko) Chrome/91.0.4472.124 Safari/537.36"
154.83.103.202 - - [15/Apr/2025:02:32:33 -0400] "GET /?page=../../../../etc/passwd HTTP/1.1" 403 1242 "-" "Mozilla/5.0 (Windows NT 10.0; Win64; x64) AppleWebKit/537.36 (KHTML, like Gecko) Chrome/91.0.4472.124 Safari/537.36"
154.83.103.202 - - [15/Apr/2025:02:32:36 -0400] "GET /?path=../../../../../../boot.ini HTTP/1.1" 403 1242 "-" "Mozilla/5.0 (Windows NT 10.0; Win64; x64) AppleWebKit/537.36 (KHTML, like Gecko) Chrome/91.0.4472.124 Safari/537.36"
154.83.103.202 - - [15/Apr/2025:02:32:38 -0400] "GET /?template=../../../../etc/passwd HTTP/1.1" 403 1242 "-" "Mozilla/5.0 (Windows NT 10.0; Win64; x64) AppleWebKit/537.36 (KHTML, like Gecko) Chrome/91.0.4472.124 Safari/537.36"
154.83.103.202 - - [15/Apr/2025:02:32:40 -0400] "GET /?view=../../../../etc/passwd HTTP/1.1" 403 1242 "-" "Mozilla/5.0 (Windows NT 10.0; Win64; x64) AppleWebKit/537.36 (KHTML, like Gecko) Chrome/91.0.4472.124 Safari/537.36"
198.54.114.83 - - [15/Apr/2025:02:32:45 -0400] "POST /wp-cron.php?doing_wp_cron=1744698763.4026110172271728515625 HTTP/1.1" 200 0 "-" "WordPress/6.7.2; https://shahmeenaindustry.com"
154.83.103.202 - - [15/Apr/2025:02:32:43 -0400] "GET /Gemfile.lock HTTP/1.1" 404 16534 "-" "Mozilla/5.0 (Windows NT 10.0; Win64; x64) AppleWebKit/537.36 (KHTML, like Gecko) Chrome/91.0.4472.124 Safari/537.36"
154.83.103.202 - - [15/Apr/2025:02:32:46 -0400] "GET /Pipfile.lock HTTP/1.1" 404 16534 "-" "Mozilla/5.0 (Windows NT 10.0; Win64; x64) AppleWebKit/537.36 (KHTML, like Gecko) Chrome/91.0.4472.124 Safari/537.36"
154.83.103.202 - - [15/Apr/2025:02:32:50 -0400] "GET /Procfile HTTP/1.1" 404 16534 "-" "Mozilla/5.0 (Windows NT 10.0; Win64; x64) AppleWebKit/537.36 (KHTML, like Gecko) Chrome/91.0.4472.124 Safari/537.36"
154.83.103.202 - - [15/Apr/2025:02:32:53 -0400] "GET /Thumbs.db HTTP/1.1" 404 16534 "-" "Mozilla/5.0 (Windows NT 10.0; Win64; x64) AppleWebKit/537.36 (KHTML, like Gecko) Chrome/91.0.4472.124 Safari/537.36"
154.83.103.202 - - [15/Apr/2025:02:32:58 -0400] "GET /_debugbar HTTP/1.1" 404 16534 "-" "Mozilla/5.0 (Windows NT 10.0; Win64; x64) AppleWebKit/537.36 (KHTML, like Gecko) Chrome/91.0.4472.124 Safari/537.36"
154.83.103.202 - - [15/Apr/2025:02:33:02 -0400] "GET /access.log HTTP/1.1" 404 16534 "-" "Mozilla/5.0 (Windows NT 10.0; Win64; x64) AppleWebKit/537.36 (KHTML, like Gecko) Chrome/91.0.4472.124 Safari/537.36"
154.83.103.202 - - [15/Apr/2025:02:33:06 -0400] "GET /account HTTP/1.1" 404 16534 "-" "Mozilla/5.0 (Windows NT 10.0; Win64; x64) AppleWebKit/537.36 (KHTML, like Gecko) Chrome/91.0.4472.124 Safari/537.36"
154.83.103.202 - - [15/Apr/2025:02:33:09 -0400] "GET /actuator HTTP/1.1" 404 16534 "-" "Mozilla/5.0 (Windows NT 10.0; Win64; x64) AppleWebKit/537.36 (KHTML, like Gecko) Chrome/91.0.4472.124 Safari/537.36"
154.83.103.202 - - [15/Apr/2025:02:33:13 -0400] "GET /actuator/env HTTP/1.1" 404 16534 "-" "Mozilla/5.0 (Windows NT 10.0; Win64; x64) AppleWebKit/537.36 (KHTML, like Gecko) Chrome/91.0.4472.124 Safari/537.36"
154.83.103.202 - - [15/Apr/2025:02:33:15 -0400] "GET /actuator/health HTTP/1.1" 404 16534 "-" "Mozilla/5.0 (Windows NT 10.0; Win64; x64) AppleWebKit/537.36 (KHTML, like Gecko) Chrome/91.0.4472.124 Safari/537.36"
154.83.103.202 - - [15/Apr/2025:02:33:18 -0400] "GET /actuator/metrics HTTP/1.1" 404 16534 "-" "Mozilla/5.0 (Windows NT 10.0; Win64; x64) AppleWebKit/537.36 (KHTML, like Gecko) Chrome/91.0.4472.124 Safari/537.36"
154.83.103.202 - - [15/Apr/2025:02:33:20 -0400] "GET /admin HTTP/1.1" 302 0 "-" "Mozilla/5.0 (Windows NT 10.0; Win64; x64) AppleWebKit/537.36 (KHTML, like Gecko) Chrome/91.0.4472.124 Safari/537.36"
114.119.174.226 - - [15/Apr/2025:02:34:24 -0400] "POST /xmlrpc.php HTTP/1.1" 200 212 "http://shahmeenaindustry.com" "Mozilla/5.0 (Windows NT 10.0; Win64; x64) AppleWebKit/537.36 (KHTML, like Gecko) Chrome/126.0.0.0 Safari/537.36 Edg/126.0.0.0"
162.0.217.136 - - [15/Apr/2025:02:42:26 -0400] "POST /xmlrpc.php HTTP/1.1" 200 212 "http://shahmeenaindustry.com" "Mozilla/5.0 (Windows NT 10.0; Win64; x64) AppleWebKit/537.36 (KHTML, like Gecko) Chrome/126.0.0.0 Safari/537.36"
198.54.114.80 - - [15/Apr/2025:02:50:37 -0400] "POST /xmlrpc.php HTTP/1.1" 200 212 "http://shahmeenaindustry.com" "Mozilla/5.0 (Macintosh; Intel Mac OS X 14.5) AppleWebKit/618.3.5 (KHTML, like Gecko) Version/17.4 Safari/618.3.5"
198.54.114.83 - - [15/Apr/2025:02:58:47 -0400] "POST /wp-cron.php?doing_wp_cron=1744700327.4129610061645507812500 HTTP/1.1" 200 0 "-" "WordPress/6.7.2; https://shahmeenaindustry.com"
78.155.192.110 - - [15/Apr/2025:02:58:46 -0400] "POST /xmlrpc.php HTTP/1.1" 200 212 "http://shahmeenaindustry.com" "Mozilla/5.0 (Macintosh; Intel Mac OS X 14.3) AppleWebKit/614.31.14 (KHTML, like Gecko) Version/17.0.96 Safari/614.31.14"
85.208.98.18 - - [15/Apr/2025:03:00:25 -0400] "GET /robots.txt HTTP/1.1" 304 0 "-" "Mozilla/5.0 (compatible; SemrushBot; +http://www.semrush.com/bot.html)"
216.244.66.200 - - [15/Apr/2025:03:02:37 -0400] "GET /robots.txt HTTP/1.1" 304 0 "-" "Mozilla/5.0 (compatible; DotBot/1.2; +https://opensiteexplorer.org/dotbot; help@moz.com)"
198.54.114.83 - - [15/Apr/2025:03:06:24 -0400] "POST /wp-cron.php?doing_wp_cron=1744700783.8895409107208251953125 HTTP/1.1" 200 0 "-" "WordPress/6.7.2; https://shahmeenaindustry.com"
216.244.66.200 - - [15/Apr/2025:03:06:20 -0400] "GET /choisir-le-bon-produit-de-nettoyage-pour-largenterie/ HTTP/1.1" 200 21607 "-" "Mozilla/5.0 (compatible; DotBot/1.2; +https://opensiteexplorer.org/dotbot; help@moz.com)"
198.54.114.83 - - [15/Apr/2025:03:07:00 -0400] "POST /wp-cron.php?doing_wp_cron=1744700820.0722639560699462890625 HTTP/1.1" 200 0 "-" "WordPress/6.7.2; https://shahmeenaindustry.com"
2a01:4f8:2190:15dc::2 - - [15/Apr/2025:03:06:59 -0400] "POST /xmlrpc.php HTTP/1.1" 200 212 "http://shahmeenaindustry.com" "Mozilla/5.0 (Macintosh; Intel Mac OS X 10_15_7) AppleWebKit/537.36 (KHTML, like Gecko) Chrome/113.0.5672.93 Safari/537.36"
198.54.114.83 - - [15/Apr/2025:03:08:13 -0400] "POST /wp-cron.php?doing_wp_cron=1744700892.4028329849243164062500 HTTP/1.1" 200 0 "-" "WordPress/6.7.2; https://shahmeenaindustry.com"
216.244.66.200 - - [15/Apr/2025:03:08:12 -0400] "GET /a-path-to-natural-healing/ HTTP/1.1" 200 21044 "-" "Mozilla/5.0 (compatible; DotBot/1.2; +https://opensiteexplorer.org/dotbot; help@moz.com)"
198.54.114.83 - - [15/Apr/2025:03:15:19 -0400] "POST /wp-cron.php?doing_wp_cron=1744701317.5926089286804199218750 HTTP/1.1" 200 0 "-" "WordPress/6.7.2; https://shahmeenaindustry.com"
162.0.209.140 - - [15/Apr/2025:03:15:16 -0400] "POST /xmlrpc.php HTTP/1.1" 200 212 "http://shahmeenaindustry.com" "Mozilla/5.0 (Windows NT 11.0; Win64; x64) AppleWebKit/537.36 (KHTML, like Gecko) Chrome/126.0.0.0 Safari/537.36 Edg/126.0.0.0"
198.54.114.83 - - [15/Apr/2025:03:23:19 -0400] "POST /wp-cron.php?doing_wp_cron=1744701799.2696139812469482421875 HTTP/1.1" 200 0 "-" "WordPress/6.7.2; https://shahmeenaindustry.com"
198.54.114.13 - - [15/Apr/2025:03:23:16 -0400] "POST /xmlrpc.php HTTP/1.1" 200 212 "http://shahmeenaindustry.com" "Mozilla/5.0 (Windows NT 10.0; Win64; x64) AppleWebKit/537.36 (KHTML, like Gecko) Chrome/112.0.5615.138 Safari/537.36"
8.138.57.191 - - [15/Apr/2025:03:24:55 -0400] "GET / HTTP/1.1" 200 24616 "http://shahmeenaindustry.com/" "Mozilla/5.0 (Macintosh; Intel Mac OS X 10_12_6) AppleWebKit/604.5.6 (KHTML, like Gecko) Version/11.0.3 Safari/604.5.6"
149.18.51.67 - - [15/Apr/2025:03:31:29 -0400] "POST /xmlrpc.php HTTP/1.1" 200 212 "http://shahmeenaindustry.com" "Mozilla/5.0 (Macintosh; Intel Mac OS X 10_15_7; rv:126.0) Gecko/20100101 Firefox/126.0"
198.54.114.83 - - [15/Apr/2025:03:39:49 -0400] "POST /wp-cron.php?doing_wp_cron=1744702787.7297220230102539062500 HTTP/1.1" 200 0 "-" "WordPress/6.7.2; https://shahmeenaindustry.com"
185.2.4.103 - - [15/Apr/2025:03:39:44 -0400] "POST /xmlrpc.php HTTP/1.1" 200 212 "http://shahmeenaindustry.com" "Mozilla/5.0 (Macintosh; Intel Mac OS X 10_15_7; rv:127.0) Gecko/20100101 Firefox/127.0"
198.54.114.83 - - [15/Apr/2025:03:48:33 -0400] "POST /wp-cron.php?doing_wp_cron=1744703313.4840080738067626953125 HTTP/1.1" 200 0 "-" "WordPress/6.7.2; https://shahmeenaindustry.com"
48.217.90.135 - - [15/Apr/2025:03:48:33 -0400] "POST /xmlrpc.php HTTP/1.1" 200 212 "http://shahmeenaindustry.com" "Mozilla/5.0 (Windows NT 10.0; Win64; x64) AppleWebKit/537.36 (KHTML, like Gecko) Chrome/116.0.5845.96 Safari/537.36"
2a12:ccc3:6606:456d:ccba:feb1:4f18:ba1 - - [15/Apr/2025:03:49:40 -0400] "GET /cbd-shop-uk-review/ HTTP/1.1" 200 23134 "http://shahmeenaindustry.com/cbd-shop-uk-review/#comment-28106" "Mozilla/5.0 (Windows NT 10.0; Win64; x64) AppleWebKit/537.36 (KHTML, like Gecko) Chrome/130.0.0.0 Safari/537.36 CCleaner/130.0.0.0"
198.54.114.83 - - [15/Apr/2025:03:49:42 -0400] "POST /wp-cron.php?doing_wp_cron=1744703382.0805089473724365234375 HTTP/1.1" 200 0 "-" "WordPress/6.7.2; https://shahmeenaindustry.com"
2a12:ccc3:6606:456d:ccba:feb1:4f18:ba1 - - [15/Apr/2025:03:49:41 -0400] "POST /wp-comments-post.php HTTP/1.1" 302 0 "http://shahmeenaindustry.com/cbd-shop-uk-review/#comment-28106" "Mozilla/5.0 (Windows NT 10.0; Win64; x64) AppleWebKit/537.36 (KHTML, like Gecko) Chrome/130.0.0.0 Safari/537.36 CCleaner/130.0.0.0"
199.188.201.3 - - [15/Apr/2025:03:57:31 -0400] "POST /xmlrpc.php HTTP/1.1" 200 212 "http://shahmeenaindustry.com" "Mozilla/5.0 (Macintosh; Intel Mac OS X 14_4_1) AppleWebKit/605.1.15 (KHTML, like Gecko) Version/17.3.1 Safari/605.1.15"
198.54.114.83 - - [15/Apr/2025:03:57:37 -0400] "POST /wp-cron.php?doing_wp_cron=1744703852.4618120193481445312500 HTTP/1.1" 200 0 "-" "WordPress/6.7.2; https://shahmeenaindustry.com"
198.54.114.83 - - [15/Apr/2025:04:06:35 -0400] "POST /wp-cron.php?doing_wp_cron=1744704395.1015100479125976562500 HTTP/1.1" 200 0 "-" "WordPress/6.7.2; https://shahmeenaindustry.com"
199.188.200.133 - - [15/Apr/2025:04:06:31 -0400] "POST /xmlrpc.php HTTP/1.1" 200 212 "http://shahmeenaindustry.com" "Mozilla/5.0 (Macintosh; Intel Mac OS X 10_15_7) AppleWebKit/537.36 (KHTML, like Gecko) Chrome/113.0.5672.93 Safari/537.36"
198.54.114.83 - - [15/Apr/2025:04:15:28 -0400] "POST /wp-cron.php?doing_wp_cron=1744704927.9581670761108398437500 HTTP/1.1" 200 0 "-" "WordPress/6.7.2; https://shahmeenaindustry.com"
46.245.76.50 - - [15/Apr/2025:04:15:27 -0400] "POST /xmlrpc.php HTTP/1.1" 200 212 "http://shahmeenaindustry.com" "Mozilla/5.0 (Macintosh; Intel Mac OS X 10_15_7; rv:127.0) Gecko/20100101 Firefox/127.0"
134.209.104.76 - - [15/Apr/2025:04:24:11 -0400] "POST /xmlrpc.php HTTP/1.1" 200 212 "http://shahmeenaindustry.com" "Mozilla/5.0 (Windows NT 10.0; Win64; x64; rv:129.0) Gecko/20100101 Firefox/129.0"
198.54.114.83 - - [15/Apr/2025:04:33:01 -0400] "POST /wp-cron.php?doing_wp_cron=1744705981.3027050495147705078125 HTTP/1.1" 200 0 "-" "WordPress/6.7.2; https://shahmeenaindustry.com"
68.65.120.171 - - [15/Apr/2025:04:32:58 -0400] "POST /xmlrpc.php HTTP/1.1" 200 212 "http://shahmeenaindustry.com" "Mozilla/5.0 (Windows NT 11.0; Win64; x64; rv:126.0) Gecko/20100101 Firefox/126.0"
198.54.114.83 - - [15/Apr/2025:04:34:46 -0400] "POST /wp-cron.php?doing_wp_cron=1744706085.4710409641265869140625 HTTP/1.1" 200 0 "-" "WordPress/6.7.2; https://shahmeenaindustry.com"
216.244.66.200 - - [15/Apr/2025:04:34:44 -0400] "GET /robots.txt HTTP/1.1" 200 131 "-" "Mozilla/5.0 (compatible; DotBot/1.2; +https://opensiteexplorer.org/dotbot; help@moz.com)"
198.54.114.83 - - [15/Apr/2025:04:40:41 -0400] "POST /wp-cron.php?doing_wp_cron=1744706440.9418199062347412109375 HTTP/1.1" 200 0 "-" "WordPress/6.7.2; https://shahmeenaindustry.com"
216.244.66.200 - - [15/Apr/2025:04:40:40 -0400] "GET /understanding-probate-in-ontario/ HTTP/1.1" 200 20849 "-" "Mozilla/5.0 (compatible; DotBot/1.2; +https://opensiteexplorer.org/dotbot; help@moz.com)"
198.54.114.83 - - [15/Apr/2025:04:41:41 -0400] "POST /wp-cron.php?doing_wp_cron=1744706500.9373660087585449218750 HTTP/1.1" 200 0 "-" "WordPress/6.7.2; https://shahmeenaindustry.com"
185.88.178.89 - - [15/Apr/2025:04:41:40 -0400] "POST /xmlrpc.php HTTP/1.1" 200 212 "http://shahmeenaindustry.com" "Mozilla/5.0 (Windows NT 11.0; Win64; x64; rv:126.0) Gecko/20100101 Firefox/126.0"
198.54.114.83 - - [15/Apr/2025:04:50:28 -0400] "POST /wp-cron.php?doing_wp_cron=1744707027.6313149929046630859375 HTTP/1.1" 200 0 "-" "WordPress/6.7.2; https://shahmeenaindustry.com"
185.87.122.40 - - [15/Apr/2025:04:50:27 -0400] "POST /xmlrpc.php HTTP/1.1" 200 212 "http://shahmeenaindustry.com" "Mozilla/5.0 (Windows NT 10.0; Win64; x64) AppleWebKit/537.36 (KHTML, like Gecko) Chrome/114.0.5735.134 Safari/537.36"
198.54.114.89 - - [15/Apr/2025:04:59:00 -0400] "POST /xmlrpc.php HTTP/1.1" 200 212 "http://shahmeenaindustry.com" "Mozilla/5.0 (Windows NT 10.0; Win64; x64) AppleWebKit/537.36 (KHTML, like Gecko) Chrome/115.0.5790.171 Safari/537.36 Edg/115.0.1901.203"
217.156.65.24 - - [15/Apr/2025:05:07:23 -0400] "POST /xmlrpc.php HTTP/1.1" 200 212 "http://shahmeenaindustry.com" "Mozilla/5.0 (Macintosh; Intel Mac OS X 10_15_7) AppleWebKit/537.36 (KHTML, like Gecko) Chrome/116.0.5845.96 Safari/537.36"
198.54.114.83 - - [15/Apr/2025:05:15:50 -0400] "POST /wp-cron.php?doing_wp_cron=1744708549.7725100517272949218750 HTTP/1.1" 200 0 "-" "WordPress/6.7.2; https://shahmeenaindustry.com"
198.54.114.89 - - [15/Apr/2025:05:15:45 -0400] "POST /xmlrpc.php HTTP/1.1" 200 212 "http://shahmeenaindustry.com" "Mozilla/5.0 (Macintosh; Intel Mac OS X 10_15_7) AppleWebKit/537.36 (KHTML, like Gecko) Chrome/126.0.0.0 Safari/537.36"
216.244.66.200 - - [15/Apr/2025:05:20:16 -0400] "GET /robots.txt HTTP/1.1" 200 131 "-" "Mozilla/5.0 (compatible; DotBot/1.2; +https://opensiteexplorer.org/dotbot; help@moz.com)"
162.0.217.169 - - [15/Apr/2025:05:24:14 -0400] "POST /xmlrpc.php HTTP/1.1" 200 212 "http://shahmeenaindustry.com" "Mozilla/5.0 (Windows NT 10.0; Win64; x64) AppleWebKit/537.36 (KHTML, like Gecko) Chrome/113.0.5672.126 Safari/537.36 Edg/113.0.1774.50"
216.244.66.200 - - [15/Apr/2025:05:30:27 -0400] "GET /pick-up-lines-for-flirting HTTP/1.1" 301 0 "-" "Mozilla/5.0 (compatible; DotBot/1.2; +https://opensiteexplorer.org/dotbot; help@moz.com)"
198.54.114.83 - - [15/Apr/2025:05:30:36 -0400] "POST /wp-cron.php?doing_wp_cron=1744709433.4583640098571777343750 HTTP/1.1" 200 0 "-" "WordPress/6.7.2; https://shahmeenaindustry.com"
185.88.178.89 - - [15/Apr/2025:05:32:45 -0400] "POST /xmlrpc.php HTTP/1.1" 200 212 "http://shahmeenaindustry.com" "Mozilla/5.0 (Windows NT 10.0; Win64; x64) AppleWebKit/537.36 (KHTML, like Gecko) Chrome/112.0.5615.138 Safari/537.36"
198.54.114.83 - - [15/Apr/2025:05:41:13 -0400] "POST /wp-cron.php?doing_wp_cron=1744710073.2258200645446777343750 HTTP/1.1" 200 0 "-" "WordPress/6.7.2; https://shahmeenaindustry.com"
162.0.232.166 - - [15/Apr/2025:05:41:12 -0400] "POST /xmlrpc.php HTTP/1.1" 200 212 "http://shahmeenaindustry.com" "Mozilla/5.0 (Macintosh; Intel Mac OS X 10_15_7) AppleWebKit/537.36 (KHTML, like Gecko) Chrome/116.0.5845.96 Safari/537.36"
195.191.219.132 - - [15/Apr/2025:05:43:07 -0400] "GET /robots.txt HTTP/1.1" 200 131 "-" "Mozilla/5.0 (compatible; MJ12bot/v2.0.0; http://mj12bot.com/)"
198.54.114.83 - - [15/Apr/2025:05:43:13 -0400] "POST /wp-cron.php?doing_wp_cron=1744710192.7414169311523437500000 HTTP/1.1" 200 0 "-" "WordPress/6.7.2; https://shahmeenaindustry.com"
