Server IP : 172.67.141.100 / Your IP : 18.222.240.84 Web Server : LiteSpeed System : Linux business31.web-hosting.com 4.18.0-553.16.1.lve.1.el8.x86_64 #1 SMP Mon Sep 23 20:16:18 UTC 2024 x86_64 User : varizmol ( 2121) PHP Version : 8.0.30 Disable Function : NONE MySQL : OFF | cURL : ON | WGET : ON | Perl : ON | Python : ON | Sudo : OFF | Pkexec : OFF Directory : /home/varizmol/access-logs/ |
Upload File : |
85.204.70.116 - - [14/Apr/2025:06:22:04 -0400] "GET / HTTP/1.1" 200 24616 "-" "Mozilla/5.0 (Windows NT 10.0; Win64; x64) AppleWebKit/537.36 (KHTML, like Gecko) Chrome/78.0.3904.108 Safari/537.36"
85.204.70.116 - - [14/Apr/2025:06:22:04 -0400] "GET /?author=1 HTTP/1.1" 301 0 "-" "Mozilla/5.0 (Windows NT 10.0; Win64; x64) AppleWebKit/537.36 (KHTML, like Gecko) Chrome/78.0.3904.108 Safari/537.36"
85.204.70.116 - - [14/Apr/2025:06:22:05 -0400] "GET /?author=2 HTTP/1.1" 301 0 "-" "Mozilla/5.0 (Windows NT 10.0; Win64; x64) AppleWebKit/537.36 (KHTML, like Gecko) Chrome/78.0.3904.108 Safari/537.36"
85.204.70.116 - - [14/Apr/2025:06:22:06 -0400] "GET /wp-json/wp/v2/users/ HTTP/1.1" 200 1381 "-" "Mozilla/5.0 (Windows NT 10.0; Win64; x64) AppleWebKit/537.36 (KHTML, like Gecko) Chrome/78.0.3904.108 Safari/537.36"
162.243.56.227 - - [14/Apr/2025:06:26:01 -0400] "GET /.env HTTP/1.1" 403 1242 "-" "Mozilla/5.0 (Macintosh; Intel Mac OS X 10.15; rv:77.0) Gecko/20100101 Firefox/77.0"
185.190.39.162 - - [14/Apr/2025:06:29:42 -0400] "POST /wp-login.php HTTP/1.1" 302 0 "http://shahmeenaindustry.com" "Mozilla/5.0 (Macintosh; Intel Mac OS X 10_15_7; rv:128.0) Gecko/20100101 Firefox/128.0"
198.54.114.83 - - [14/Apr/2025:06:29:45 -0400] "POST /wp-cron.php?doing_wp_cron=1744626583.8211290836334228515625 HTTP/1.1" 200 0 "-" "WordPress/6.7.2; https://shahmeenaindustry.com"
82.102.18.180 - - [14/Apr/2025:06:39:03 -0400] "GET / HTTP/1.1" 200 24616 "-" "Mozilla/5.0 (Windows NT 10.0; Win64; x64) AppleWebKit/537.36 (KHTML, like Gecko) Chrome/78.0.3904.108 Safari/537.36"
198.54.114.83 - - [14/Apr/2025:06:39:06 -0400] "POST /wp-cron.php?doing_wp_cron=1744627146.2424778938293457031250 HTTP/1.1" 200 0 "-" "WordPress/6.7.2; https://shahmeenaindustry.com"
82.102.18.180 - - [14/Apr/2025:06:39:05 -0400] "GET /?author=1 HTTP/1.1" 301 0 "-" "Mozilla/5.0 (Windows NT 10.0; Win64; x64) AppleWebKit/537.36 (KHTML, like Gecko) Chrome/78.0.3904.108 Safari/537.36"
82.102.18.180 - - [14/Apr/2025:06:39:09 -0400] "GET /?author=2 HTTP/1.1" 301 0 "-" "Mozilla/5.0 (Windows NT 10.0; Win64; x64) AppleWebKit/537.36 (KHTML, like Gecko) Chrome/78.0.3904.108 Safari/537.36"
82.102.18.180 - - [14/Apr/2025:06:39:11 -0400] "GET /wp-json/wp/v2/users/ HTTP/1.1" 200 1381 "-" "Mozilla/5.0 (Windows NT 10.0; Win64; x64) AppleWebKit/537.36 (KHTML, like Gecko) Chrome/78.0.3904.108 Safari/537.36"
195.7.5.237 - - [14/Apr/2025:06:42:53 -0400] "POST /wp-login.php HTTP/1.1" 302 0 "http://shahmeenaindustry.com" "Mozilla/5.0 (Macintosh; Intel Mac OS X 13_3) AppleWebKit/537.36 (KHTML, like Gecko) Chrome/126.0.0.0 Safari/537.36 Edg/126.0.0.0"
198.54.114.83 - - [14/Apr/2025:06:56:13 -0400] "POST /wp-cron.php?doing_wp_cron=1744628172.8391740322113037109375 HTTP/1.1" 200 0 "-" "WordPress/6.7.2; https://shahmeenaindustry.com"
198.54.114.89 - - [14/Apr/2025:06:56:12 -0400] "POST /wp-login.php HTTP/1.1" 302 0 "http://shahmeenaindustry.com" "Mozilla/5.0 (Windows NT 10.0; Win64; x64; rv:125.0.1) Gecko/20100101 Firefox/125.0.1"
60.188.57.0 - - [14/Apr/2025:07:00:08 -0400] "GET / HTTP/1.1" 200 24616 "-" "Mozilla/5.0 (iPhone; CPU iPhone OS 13_2_3 like Mac OS X) AppleWebKit/605.1.15 (KHTML, like Gecko) Version/13.0.3 Mobile/15E148 Safari/604.1"
43.130.139.177 - - [14/Apr/2025:07:05:27 -0400] "GET / HTTP/1.1" 200 24616 "-" "Mozilla/5.0 (iPhone; CPU iPhone OS 13_2_3 like Mac OS X) AppleWebKit/605.1.15 (KHTML, like Gecko) Version/13.0.3 Mobile/15E148 Safari/604.1"
198.54.114.83 - - [14/Apr/2025:07:09:25 -0400] "POST /wp-cron.php?doing_wp_cron=1744628965.3557219505310058593750 HTTP/1.1" 200 0 "-" "WordPress/6.7.2; https://shahmeenaindustry.com"
68.65.120.171 - - [14/Apr/2025:07:09:22 -0400] "POST /wp-login.php HTTP/1.1" 302 0 "http://shahmeenaindustry.com" "Mozilla/5.0 (Windows NT 10.0; Win64; x64) AppleWebKit/537.36 (KHTML, like Gecko) Chrome/112.0.5615.138 Safari/537.36 Edg/112.0.1722.68"
216.244.66.200 - - [14/Apr/2025:07:14:58 -0400] "GET /robots.txt HTTP/1.1" 200 131 "-" "Mozilla/5.0 (compatible; DotBot/1.2; +https://opensiteexplorer.org/dotbot; help@moz.com)"
128.24.55.73 - - [14/Apr/2025:07:20:08 -0400] "HEAD /wordpress HTTP/1.1" 404 0 "-" "Mozilla/5.0 (Windows NT 10.0; Win64; x64) AppleWebKit/537.36 (KHTML, like Gecko) Chrome/74.0.3729.169 Safari/537.36"
198.54.114.83 - - [14/Apr/2025:07:20:11 -0400] "POST /wp-cron.php?doing_wp_cron=1744629608.5432219505310058593750 HTTP/1.1" 200 0 "-" "WordPress/6.7.2; https://shahmeenaindustry.com"
128.24.55.73 - - [14/Apr/2025:07:20:12 -0400] "HEAD / HTTP/1.1" 200 0 "-" "Mozilla/5.0 (Windows NT 10.0; Win64; x64) AppleWebKit/537.36 (KHTML, like Gecko) Chrome/74.0.3729.169 Safari/537.36"
128.24.55.73 - - [14/Apr/2025:07:20:14 -0400] "HEAD /wp HTTP/1.1" 404 0 "-" "Mozilla/5.0 (Windows NT 10.0; Win64; x64) AppleWebKit/537.36 (KHTML, like Gecko) Chrome/74.0.3729.169 Safari/537.36"
128.24.55.73 - - [14/Apr/2025:07:20:17 -0400] "HEAD /bc HTTP/1.1" 404 0 "-" "Mozilla/5.0 (Windows NT 10.0; Win64; x64) AppleWebKit/537.36 (KHTML, like Gecko) Chrome/74.0.3729.169 Safari/537.36"
128.24.55.73 - - [14/Apr/2025:07:20:20 -0400] "HEAD /bk HTTP/1.1" 404 0 "-" "Mozilla/5.0 (Windows NT 10.0; Win64; x64) AppleWebKit/537.36 (KHTML, like Gecko) Chrome/74.0.3729.169 Safari/537.36"
128.24.55.73 - - [14/Apr/2025:07:20:23 -0400] "HEAD /backup HTTP/1.1" 404 0 "-" "Mozilla/5.0 (Windows NT 10.0; Win64; x64) AppleWebKit/537.36 (KHTML, like Gecko) Chrome/74.0.3729.169 Safari/537.36"
128.24.55.73 - - [14/Apr/2025:07:20:26 -0400] "HEAD /old HTTP/1.1" 404 0 "-" "Mozilla/5.0 (Windows NT 10.0; Win64; x64) AppleWebKit/537.36 (KHTML, like Gecko) Chrome/74.0.3729.169 Safari/537.36"
128.24.55.73 - - [14/Apr/2025:07:20:28 -0400] "HEAD /new HTTP/1.1" 301 0 "-" "Mozilla/5.0 (Windows NT 10.0; Win64; x64) AppleWebKit/537.36 (KHTML, like Gecko) Chrome/74.0.3729.169 Safari/537.36"
128.24.55.73 - - [14/Apr/2025:07:20:32 -0400] "HEAD /main HTTP/1.1" 404 0 "-" "Mozilla/5.0 (Windows NT 10.0; Win64; x64) AppleWebKit/537.36 (KHTML, like Gecko) Chrome/74.0.3729.169 Safari/537.36"
128.24.55.73 - - [14/Apr/2025:07:20:33 -0400] "HEAD /home HTTP/1.1" 301 0 "-" "Mozilla/5.0 (Windows NT 10.0; Win64; x64) AppleWebKit/537.36 (KHTML, like Gecko) Chrome/74.0.3729.169 Safari/537.36"
198.54.114.83 - - [14/Apr/2025:07:22:43 -0400] "POST /wp-cron.php?doing_wp_cron=1744629762.2234389781951904296875 HTTP/1.1" 200 0 "-" "WordPress/6.7.2; https://shahmeenaindustry.com"
198.54.114.80 - - [14/Apr/2025:07:22:42 -0400] "POST /wp-login.php HTTP/1.1" 302 0 "http://shahmeenaindustry.com" "Mozilla/5.0 (Macintosh; Intel Mac OS X 14_4_1) AppleWebKit/605.1.15 (KHTML, like Gecko) Version/17.3.1 Safari/605.1.15"
120.24.23.234 - - [14/Apr/2025:07:36:06 -0400] "POST /wp-login.php HTTP/1.1" 302 0 "http://shahmeenaindustry.com" "Mozilla/5.0 (Windows NT 10.0; Win64; x64) AppleWebKit/537.36 (KHTML, like Gecko) Chrome/115.0.5790.171 Safari/537.36 Edg/115.0.1901.203"
196.251.80.228 - - [14/Apr/2025:07:38:27 -0400] "GET / HTTP/1.1" 200 24616 "-" "-"
196.251.80.228 - - [14/Apr/2025:07:38:28 -0400] "GET /wp-admin/install.php HTTP/1.1" 200 523 "-" "-"
198.54.114.83 - - [14/Apr/2025:07:38:31 -0400] "POST /wp-cron.php?doing_wp_cron=1744630709.6728498935699462890625 HTTP/1.1" 200 0 "-" "WordPress/6.7.2; https://shahmeenaindustry.com"
196.251.80.228 - - [14/Apr/2025:07:38:32 -0400] "GET /wp-admin/setup-config.php HTTP/1.1" 409 1222 "-" "-"
216.244.66.200 - - [14/Apr/2025:07:45:06 -0400] "GET /assurer-votre-avenir-professionnel-guide-complet-sur-lassurance-professionnelle/feed/ HTTP/1.1" 200 484 "-" "Mozilla/5.0 (compatible; DotBot/1.2; +https://opensiteexplorer.org/dotbot; help@moz.com)"
162.240.171.83 - - [14/Apr/2025:07:49:25 -0400] "POST /wp-login.php HTTP/1.1" 302 0 "http://shahmeenaindustry.com" "Mozilla/5.0 (Windows NT 10.0; Win64; x64; rv:129.0) Gecko/20100101 Firefox/129.0"
198.54.114.83 - - [14/Apr/2025:07:53:59 -0400] "POST /wp-cron.php?doing_wp_cron=1744631639.6273269653320312500000 HTTP/1.1" 200 0 "-" "WordPress/6.7.2; https://shahmeenaindustry.com"
196.251.88.242 - - [14/Apr/2025:07:53:59 -0400] "GET /simple.php HTTP/1.1" 404 16535 "www.google.com" "Mozlila/5.0 (Linux; Android 7.0; SM-G892A Bulid/NRD90M; wv) AppleWebKit/537.36 (KHTML, like Gecko) Version/4.0 Chrome/60.0.3112.107 Moblie Safari/537.36"
196.251.88.242 - - [14/Apr/2025:07:54:16 -0400] "GET /wp-content/themes/about.php HTTP/1.1" 404 16536 "www.google.com" "Mozlila/5.0 (Linux; Android 7.0; SM-G892A Bulid/NRD90M; wv) AppleWebKit/537.36 (KHTML, like Gecko) Version/4.0 Chrome/60.0.3112.107 Moblie Safari/537.36"
216.244.66.200 - - [14/Apr/2025:08:03:35 -0400] "GET /robots.txt HTTP/1.1" 200 131 "-" "Mozilla/5.0 (compatible; DotBot/1.2; +https://opensiteexplorer.org/dotbot; help@moz.com)"
198.54.114.83 - - [14/Apr/2025:08:12:38 -0400] "POST /wp-cron.php?doing_wp_cron=1744632757.7055509090423583984375 HTTP/1.1" 200 0 "-" "WordPress/6.7.2; https://shahmeenaindustry.com"
216.244.66.200 - - [14/Apr/2025:08:12:37 -0400] "GET /advantages-of-online-gambling/ HTTP/1.1" 200 21233 "-" "Mozilla/5.0 (compatible; DotBot/1.2; +https://opensiteexplorer.org/dotbot; help@moz.com)"
198.54.114.83 - - [14/Apr/2025:08:16:27 -0400] "POST /wp-cron.php?doing_wp_cron=1744632987.5541260242462158203125 HTTP/1.1" 200 0 "-" "WordPress/6.7.2; https://shahmeenaindustry.com"
209.17.114.78 - - [14/Apr/2025:08:16:27 -0400] "POST /wp-login.php HTTP/1.1" 302 0 "http://shahmeenaindustry.com" "Mozilla/5.0 (Macintosh; Intel Mac OS X 10_15_7) AppleWebKit/537.36 (KHTML, like Gecko) Chrome/115.0.5790.102 Safari/537.36"
216.244.66.200 - - [14/Apr/2025:08:21:18 -0400] "GET /page/111/ HTTP/1.1" 200 20584 "-" "Mozilla/5.0 (compatible; DotBot/1.2; +https://opensiteexplorer.org/dotbot; help@moz.com)"
45.137.116.223 - - [14/Apr/2025:08:22:18 -0400] "GET / HTTP/1.1" 200 24616 "-" "python-requests/2.32.3"
188.166.237.78 - - [14/Apr/2025:08:29:54 -0400] "POST /wp-login.php HTTP/1.1" 302 0 "http://shahmeenaindustry.com" "Mozilla/5.0 (Macintosh; Intel Mac OS X 10_15_7) AppleWebKit/537.36 (KHTML, like Gecko) Chrome/116.0.5845.96 Safari/537.36"
43.153.27.172 - - [14/Apr/2025:08:54:01 -0400] "GET /omnivoid-is-changing-the-game-in-augmented-and-mixed-realityomnivoid-is-changing-the-game-in-augmented-and-mixed-reality/ HTTP/1.1" 200 21974 "-" "Mozilla/5.0 (Macintosh; Intel Mac OS X 12_5) AppleWebKit/537.36 (KHTML, like Gecko) Chrome/114.0.0.0 Safari/537.36 OPR/89.0.4447.51"
119.3.113.151 - - [14/Apr/2025:08:54:06 -0400] "GET /omnivoid-is-changing-the-game-in-augmented-and-mixed-realityomnivoid-is-changing-the-game-in-augmented-and-mixed-reality/ HTTP/1.1" 200 21974 "-" "Mozilla/5.0 (Macintosh; Intel Mac OS X 12_5) AppleWebKit/537.36 (KHTML, like Gecko) Chrome/114.0.0.0 Safari/537.36 OPR/89.0.4447.51"
185.199.236.107 - - [14/Apr/2025:08:57:11 -0400] "POST /wp-login.php HTTP/1.1" 302 0 "http://shahmeenaindustry.com" "Mozilla/5.0 (Windows NT 10.0; Win64; x64) AppleWebKit/537.36 (KHTML, like Gecko) Chrome/114.0.5735.199 Safari/537.36 Edg/114.0.1823.67"
119.3.113.151 - - [14/Apr/2025:08:58:19 -0400] "GET /omnivoid-is-changing-the-game-in-augmented-and-mixed-realityomnivoid-is-changing-the-game-in-augmented-and-mixed-reality/ HTTP/1.1" 200 21974 "-" "Mozilla/5.0 (Windows NT 10.0; WOW64) AppleWebKit/537.36 (KHTML, like Gecko) Chrome/114.0.0.0 Safari/537.36"
216.244.66.200 - - [14/Apr/2025:09:03:07 -0400] "GET /funny-quotes-to-make-your-readers-smile/ HTTP/1.1" 200 21058 "-" "Mozilla/5.0 (compatible; DotBot/1.2; +https://opensiteexplorer.org/dotbot; help@moz.com)"
216.244.66.200 - - [14/Apr/2025:09:03:27 -0400] "GET /pharma-shopping-leads-to-significant-savings-for-healthcare-organizations/ HTTP/1.1" 200 21195 "-" "Mozilla/5.0 (compatible; DotBot/1.2; +https://opensiteexplorer.org/dotbot; help@moz.com)"
198.54.114.83 - - [14/Apr/2025:09:03:36 -0400] "POST /wp-cron.php?doing_wp_cron=1744635816.5101850032806396484375 HTTP/1.1" 200 0 "-" "WordPress/6.7.2; https://shahmeenaindustry.com"
216.244.66.200 - - [14/Apr/2025:09:03:36 -0400] "GET /thailand-privilege-visa/ HTTP/1.1" 200 22000 "-" "Mozilla/5.0 (compatible; DotBot/1.2; +https://opensiteexplorer.org/dotbot; help@moz.com)"
196.251.86.135 - - [14/Apr/2025:09:10:10 -0400] "GET / HTTP/1.1" 200 24616 "-" "Mozlila/5.0 (Linux; Android 7.0; SM-G892A Bulid/NRD90M; wv) AppleWebKit/537.36 (KHTML, like Gecko) Version/4.0 Chrome/60.0.3112.107 Moblie Safari/537.36"
198.54.114.83 - - [14/Apr/2025:09:10:12 -0400] "POST /wp-cron.php?doing_wp_cron=1744636211.4649529457092285156250 HTTP/1.1" 200 0 "-" "WordPress/6.7.2; https://shahmeenaindustry.com"
198.54.114.83 - - [14/Apr/2025:09:10:12 -0400] "POST /wp-cron.php?doing_wp_cron=1744636211.4834179878234863281250 HTTP/1.1" 200 0 "-" "WordPress/6.7.2; https://shahmeenaindustry.com"
198.54.114.83 - - [14/Apr/2025:09:10:12 -0400] "POST /wp-cron.php?doing_wp_cron=1744636211.5852739810943603515625 HTTP/1.1" 200 0 "-" "WordPress/6.7.2; https://shahmeenaindustry.com"
198.54.114.83 - - [14/Apr/2025:09:10:12 -0400] "POST /wp-cron.php?doing_wp_cron=1744636211.4448719024658203125000 HTTP/1.1" 200 0 "-" "WordPress/6.7.2; https://shahmeenaindustry.com"
196.251.86.135 - - [14/Apr/2025:09:10:12 -0400] "GET /wp-content/plugins/apikey/apikey.php?test=hello HTTP/1.1" 404 16535 "-" "Mozlila/5.0 (Linux; Android 7.0; SM-G892A Bulid/NRD90M; wv) AppleWebKit/537.36 (KHTML, like Gecko) Version/4.0 Chrome/60.0.3112.107 Moblie Safari/537.36"
196.251.86.135 - - [14/Apr/2025:09:10:10 -0400] "GET /wp-content/themes/seotheme/db.php?u HTTP/1.1" 404 16535 "www.google.com" "Mozlila/5.0 (Linux; Android 7.0; SM-G892A Bulid/NRD90M; wv) AppleWebKit/537.36 (KHTML, like Gecko) Version/4.0 Chrome/60.0.3112.107 Moblie Safari/537.36"
196.251.86.135 - - [14/Apr/2025:09:10:10 -0400] "POST /ALFA_DATA/alfacgiapi/perl.alfa HTTP/1.1" 404 16483 "www.google.com" "Mozlila/5.0 (Linux; Android 7.0; SM-G892A Bulid/NRD90M; wv) AppleWebKit/537.36 (KHTML, like Gecko) Version/4.0 Chrome/60.0.3112.107 Moblie Safari/537.36"
196.251.86.135 - - [14/Apr/2025:09:10:10 -0400] "POST /wp-plain.php HTTP/1.1" 404 16483 "www.google.com" "Mozilla/5.0 (Linux; Android 7.0; SM-G892A Bulid/NRD90M; wv) AppleWebKit/537.36 (KHTML, like Gecko) Version/4.0 Chrome/60.0.3112.107 Moblie Safari/537.36"
196.251.86.135 - - [14/Apr/2025:09:10:10 -0400] "GET /wp-content/plugins/fix/up.php HTTP/1.1" 404 16535 "-" "Mozilla/5.0 (Windows NT 10.0; Win64; x64) AppleWebKit/537.36 (KHTML, like Gecko) Chrome/85.0.4183.102 Safari/537.36"
196.251.86.135 - - [14/Apr/2025:09:10:15 -0400] "GET /axyprlsl.php?Fox=d3wL7 HTTP/1.1" 404 16535 "www.google.com" "Mozilla/5.0 (Linux; Android 7.0; SM-G892A Bulid/NRD90M; wv) AppleWebKit/537.36 (KHTML, like Gecko) Version/4.0 Chrome/60.0.3112.107 Moblie Safari/537.36"
196.251.86.135 - - [14/Apr/2025:09:10:15 -0400] "GET /plugins/content/apismtp/apismtp.php?test=hello HTTP/1.1" 404 16535 "-" "Mozlila/5.0 (Linux; Android 7.0; SM-G892A Bulid/NRD90M; wv) AppleWebKit/537.36 (KHTML, like Gecko) Version/4.0 Chrome/60.0.3112.107 Moblie Safari/537.36"
196.251.86.135 - - [14/Apr/2025:09:10:15 -0400] "POST /alfacgiapi/perl.alfa HTTP/1.1" 404 16483 "www.google.com" "Mozlila/5.0 (Linux; Android 7.0; SM-G892A Bulid/NRD90M; wv) AppleWebKit/537.36 (KHTML, like Gecko) Version/4.0 Chrome/60.0.3112.107 Moblie Safari/537.36"
196.251.86.135 - - [14/Apr/2025:09:10:19 -0400] "GET /wp-content/plugins/apikey/apikey.php.suspected?test=hello HTTP/1.1" 404 16535 "-" "Mozlila/5.0 (Linux; Android 7.0; SM-G892A Bulid/NRD90M; wv) AppleWebKit/537.36 (KHTML, like Gecko) Version/4.0 Chrome/60.0.3112.107 Moblie Safari/537.36"
196.251.86.135 - - [14/Apr/2025:09:10:22 -0400] "GET /plugins/content/apismtp/apismtp.php.suspected?test=hello HTTP/1.1" 404 16535 "-" "Mozlila/5.0 (Linux; Android 7.0; SM-G892A Bulid/NRD90M; wv) AppleWebKit/537.36 (KHTML, like Gecko) Version/4.0 Chrome/60.0.3112.107 Moblie Safari/537.36"
198.54.114.83 - - [14/Apr/2025:09:10:54 -0400] "POST /wp-cron.php?doing_wp_cron=1744636253.5846509933471679687500 HTTP/1.1" 200 0 "-" "WordPress/6.7.2; https://shahmeenaindustry.com"
185.199.236.107 - - [14/Apr/2025:09:10:53 -0400] "POST /wp-login.php HTTP/1.1" 302 0 "http://shahmeenaindustry.com" "Mozilla/5.0 (Windows NT 10.0; Win64; x64) AppleWebKit/537.36 (KHTML, like Gecko) Chrome/126.0.0.0 Safari/537.36"
198.54.114.83 - - [14/Apr/2025:09:24:22 -0400] "POST /wp-cron.php?doing_wp_cron=1744637062.0714700222015380859375 HTTP/1.1" 200 0 "-" "WordPress/6.7.2; https://shahmeenaindustry.com"
31.11.36.228 - - [14/Apr/2025:09:24:21 -0400] "POST /wp-login.php HTTP/1.1" 302 0 "http://shahmeenaindustry.com" "Mozilla/5.0 (Windows NT 10.0; Win64; x64; rv:129.0) Gecko/20100101 Firefox/129.0"
198.54.114.83 - - [14/Apr/2025:09:35:51 -0400] "POST /wp-cron.php?doing_wp_cron=1744637751.7339689731597900390625 HTTP/1.1" 200 0 "-" "WordPress/6.7.2; https://shahmeenaindustry.com"
38.57.3.35 - - [14/Apr/2025:09:35:51 -0400] "POST /wp-login.php HTTP/1.1" 302 0 "http://shahmeenaindustry.com" "Mozilla/5.0 (Macintosh; Intel Mac OS X 10_15_7; rv:126.0) Gecko/20100101 Firefox/126.0"
198.54.114.83 - - [14/Apr/2025:09:47:35 -0400] "POST /wp-cron.php?doing_wp_cron=1744638455.1598680019378662109375 HTTP/1.1" 200 0 "-" "WordPress/6.7.2; https://shahmeenaindustry.com"
103.124.95.168 - - [14/Apr/2025:09:47:34 -0400] "POST /wp-login.php HTTP/1.1" 302 0 "http://shahmeenaindustry.com" "Mozilla/5.0 (Macintosh; Intel Mac OS X 10_15_7) AppleWebKit/537.36 (KHTML, like Gecko) Chrome/114.0.5735.134 Safari/537.36"
216.244.66.200 - - [14/Apr/2025:09:55:38 -0400] "GET /robots.txt HTTP/1.1" 304 0 "-" "Mozilla/5.0 (compatible; DotBot/1.2; +https://opensiteexplorer.org/dotbot; help@moz.com)"
198.54.114.37 - - [14/Apr/2025:09:59:11 -0400] "POST /wp-login.php HTTP/1.1" 302 0 "http://shahmeenaindustry.com" "Mozilla/5.0 (Macintosh; Intel Mac OS X 10_15_7) AppleWebKit/537.36 (KHTML, like Gecko) Chrome/126.0.0.0 Safari/537.36"
198.54.114.83 - - [14/Apr/2025:10:07:35 -0400] "POST /wp-cron.php?doing_wp_cron=1744639654.9542028903961181640625 HTTP/1.1" 200 0 "-" "WordPress/6.7.2; https://shahmeenaindustry.com"
216.244.66.200 - - [14/Apr/2025:10:07:34 -0400] "GET /vetements-scolaires-a-la-mode-pour-les-enfants/ HTTP/1.1" 200 22426 "-" "Mozilla/5.0 (compatible; DotBot/1.2; +https://opensiteexplorer.org/dotbot; help@moz.com)"
198.54.114.83 - - [14/Apr/2025:10:11:41 -0400] "POST /wp-cron.php?doing_wp_cron=1744639901.7124359607696533203125 HTTP/1.1" 200 0 "-" "WordPress/6.7.2; https://shahmeenaindustry.com"
216.244.66.200 - - [14/Apr/2025:10:11:41 -0400] "GET /entdecken-sie-die-schonheit-von-dusseldorf-kaiserswerth/ HTTP/1.1" 200 21173 "-" "Mozilla/5.0 (compatible; DotBot/1.2; +https://opensiteexplorer.org/dotbot; help@moz.com)"
196.251.69.58 - - [14/Apr/2025:10:33:35 -0400] "GET / HTTP/1.1" 200 24616 "-" "Go-http-client/1.1"
85.208.98.23 - - [14/Apr/2025:10:41:33 -0400] "GET /robots.txt HTTP/1.1" 200 131 "-" "Mozilla/5.0 (compatible; SemrushBot-BA; +http://www.semrush.com/bot.html)"
216.244.66.200 - - [14/Apr/2025:10:43:08 -0400] "GET /robots.txt HTTP/1.1" 200 131 "-" "Mozilla/5.0 (compatible; DotBot/1.2; +https://opensiteexplorer.org/dotbot; help@moz.com)"
216.244.66.200 - - [14/Apr/2025:10:50:12 -0400] "GET /comment-selectionner-une-agence-de-referencement-experimentee/ HTTP/1.1" 200 21594 "-" "Mozilla/5.0 (compatible; DotBot/1.2; +https://opensiteexplorer.org/dotbot; help@moz.com)"
198.54.114.83 - - [14/Apr/2025:11:10:51 -0400] "POST /wp-cron.php?doing_wp_cron=1744643450.4089770317077636718750 HTTP/1.1" 200 0 "-" "WordPress/6.7.2; https://shahmeenaindustry.com"
216.244.66.200 - - [14/Apr/2025:11:10:49 -0400] "GET /the-role-of-a-custody-lawyer-in-tehran/feed/ HTTP/1.1" 200 448 "-" "Mozilla/5.0 (compatible; DotBot/1.2; +https://opensiteexplorer.org/dotbot; help@moz.com)"
198.54.114.83 - - [14/Apr/2025:11:19:05 -0400] "POST /wp-cron.php?doing_wp_cron=1744643943.7989408969879150390625 HTTP/1.1" 200 0 "-" "WordPress/6.7.2; https://shahmeenaindustry.com"
52.167.144.222 - - [14/Apr/2025:11:19:03 -0400] "GET /sitemap.xml.gz HTTP/1.1" 404 16535 "-" "Mozilla/5.0 AppleWebKit/537.36 (KHTML, like Gecko; compatible; bingbot/2.0; +http://www.bing.com/bingbot.htm) Chrome/116.0.1938.76 Safari/537.36"
85.208.98.23 - - [14/Apr/2025:11:19:25 -0400] "GET /robots.txt HTTP/1.1" 304 0 "-" "Mozilla/5.0 (compatible; SemrushBot-BA; +http://www.semrush.com/bot.html)"
198.54.114.83 - - [14/Apr/2025:11:59:31 -0400] "POST /wp-cron.php?doing_wp_cron=1744646370.2639639377593994140625 HTTP/1.1" 200 0 "-" "WordPress/6.7.2; https://shahmeenaindustry.com"
172.176.128.78 - - [14/Apr/2025:11:59:29 -0400] "HEAD /wordpress HTTP/1.1" 404 0 "-" "Mozilla/5.0 (Windows NT 10.0; Win64; x64) AppleWebKit/537.36 (KHTML, like Gecko) Chrome/74.0.3729.169 Safari/537.36"
172.176.128.78 - - [14/Apr/2025:11:59:33 -0400] "HEAD / HTTP/1.1" 200 0 "-" "Mozilla/5.0 (Windows NT 10.0; Win64; x64) AppleWebKit/537.36 (KHTML, like Gecko) Chrome/74.0.3729.169 Safari/537.36"
172.176.128.78 - - [14/Apr/2025:11:59:35 -0400] "HEAD /wp HTTP/1.1" 404 0 "-" "Mozilla/5.0 (Windows NT 10.0; Win64; x64) AppleWebKit/537.36 (KHTML, like Gecko) Chrome/74.0.3729.169 Safari/537.36"
172.176.128.78 - - [14/Apr/2025:11:59:37 -0400] "HEAD /bc HTTP/1.1" 404 0 "-" "Mozilla/5.0 (Windows NT 10.0; Win64; x64) AppleWebKit/537.36 (KHTML, like Gecko) Chrome/74.0.3729.169 Safari/537.36"
172.176.128.78 - - [14/Apr/2025:11:59:39 -0400] "HEAD /bk HTTP/1.1" 404 0 "-" "Mozilla/5.0 (Windows NT 10.0; Win64; x64) AppleWebKit/537.36 (KHTML, like Gecko) Chrome/74.0.3729.169 Safari/537.36"
172.176.128.78 - - [14/Apr/2025:11:59:41 -0400] "HEAD /backup HTTP/1.1" 404 0 "-" "Mozilla/5.0 (Windows NT 10.0; Win64; x64) AppleWebKit/537.36 (KHTML, like Gecko) Chrome/74.0.3729.169 Safari/537.36"
172.176.128.78 - - [14/Apr/2025:11:59:42 -0400] "HEAD /old HTTP/1.1" 404 0 "-" "Mozilla/5.0 (Windows NT 10.0; Win64; x64) AppleWebKit/537.36 (KHTML, like Gecko) Chrome/74.0.3729.169 Safari/537.36"
172.176.128.78 - - [14/Apr/2025:11:59:44 -0400] "HEAD /new HTTP/1.1" 301 0 "-" "Mozilla/5.0 (Windows NT 10.0; Win64; x64) AppleWebKit/537.36 (KHTML, like Gecko) Chrome/74.0.3729.169 Safari/537.36"
172.176.128.78 - - [14/Apr/2025:11:59:47 -0400] "HEAD /main HTTP/1.1" 404 0 "-" "Mozilla/5.0 (Windows NT 10.0; Win64; x64) AppleWebKit/537.36 (KHTML, like Gecko) Chrome/74.0.3729.169 Safari/537.36"
172.176.128.78 - - [14/Apr/2025:11:59:49 -0400] "HEAD /home HTTP/1.1" 301 0 "-" "Mozilla/5.0 (Windows NT 10.0; Win64; x64) AppleWebKit/537.36 (KHTML, like Gecko) Chrome/74.0.3729.169 Safari/537.36"
52.167.144.184 - - [14/Apr/2025:12:21:30 -0400] "GET /sitemap.xml.gz HTTP/1.1" 404 16535 "-" "Mozilla/5.0 AppleWebKit/537.36 (KHTML, like Gecko; compatible; bingbot/2.0; +http://www.bing.com/bingbot.htm) Chrome/116.0.1938.76 Safari/537.36"
43.159.149.56 - - [14/Apr/2025:12:57:05 -0400] "GET / HTTP/1.1" 200 24616 "-" "Mozilla/5.0 (iPhone; CPU iPhone OS 13_2_3 like Mac OS X) AppleWebKit/605.1.15 (KHTML, like Gecko) Version/13.0.3 Mobile/15E148 Safari/604.1"
20.246.27.60 - - [14/Apr/2025:13:13:48 -0400] "HEAD /wordpress HTTP/1.1" 404 0 "-" "Mozilla/5.0 (Windows NT 10.0; Win64; x64) AppleWebKit/537.36 (KHTML, like Gecko) Chrome/74.0.3729.169 Safari/537.36"
20.246.27.60 - - [14/Apr/2025:13:13:49 -0400] "HEAD / HTTP/1.1" 200 0 "-" "Mozilla/5.0 (Windows NT 10.0; Win64; x64) AppleWebKit/537.36 (KHTML, like Gecko) Chrome/74.0.3729.169 Safari/537.36"
20.246.27.60 - - [14/Apr/2025:13:13:50 -0400] "HEAD /wp HTTP/1.1" 404 0 "-" "Mozilla/5.0 (Windows NT 10.0; Win64; x64) AppleWebKit/537.36 (KHTML, like Gecko) Chrome/74.0.3729.169 Safari/537.36"
20.246.27.60 - - [14/Apr/2025:13:13:52 -0400] "HEAD /bc HTTP/1.1" 404 0 "-" "Mozilla/5.0 (Windows NT 10.0; Win64; x64) AppleWebKit/537.36 (KHTML, like Gecko) Chrome/74.0.3729.169 Safari/537.36"
20.246.27.60 - - [14/Apr/2025:13:13:54 -0400] "HEAD /bk HTTP/1.1" 404 0 "-" "Mozilla/5.0 (Windows NT 10.0; Win64; x64) AppleWebKit/537.36 (KHTML, like Gecko) Chrome/74.0.3729.169 Safari/537.36"
20.246.27.60 - - [14/Apr/2025:13:13:55 -0400] "HEAD /backup HTTP/1.1" 404 0 "-" "Mozilla/5.0 (Windows NT 10.0; Win64; x64) AppleWebKit/537.36 (KHTML, like Gecko) Chrome/74.0.3729.169 Safari/537.36"
20.246.27.60 - - [14/Apr/2025:13:13:56 -0400] "HEAD /old HTTP/1.1" 404 0 "-" "Mozilla/5.0 (Windows NT 10.0; Win64; x64) AppleWebKit/537.36 (KHTML, like Gecko) Chrome/74.0.3729.169 Safari/537.36"
212.30.36.57 - - [14/Apr/2025:13:13:57 -0400] "GET /cbd-shop-uk-review/ HTTP/1.1" 200 23134 "http://shahmeenaindustry.com/cbd-shop-uk-review/" "Mozilla/5.0 (Windows NT 10.0; Win64; x64) AppleWebKit/537.36 (KHTML, like Gecko) Chrome/129.0.0.0 Safari/537.36"
20.246.27.60 - - [14/Apr/2025:13:13:58 -0400] "HEAD /new HTTP/1.1" 301 0 "-" "Mozilla/5.0 (Windows NT 10.0; Win64; x64) AppleWebKit/537.36 (KHTML, like Gecko) Chrome/74.0.3729.169 Safari/537.36"
20.246.27.60 - - [14/Apr/2025:13:14:02 -0400] "HEAD /main HTTP/1.1" 404 0 "-" "Mozilla/5.0 (Windows NT 10.0; Win64; x64) AppleWebKit/537.36 (KHTML, like Gecko) Chrome/74.0.3729.169 Safari/537.36"
212.30.36.73 - - [14/Apr/2025:13:14:00 -0400] "POST /wp-comments-post.php HTTP/1.1" 302 0 "http://shahmeenaindustry.com/cbd-shop-uk-review/" "Mozilla/5.0 (Windows NT 10.0; Win64; x64) AppleWebKit/537.36 (KHTML, like Gecko) Chrome/129.0.0.0 Safari/537.36"
20.246.27.60 - - [14/Apr/2025:13:14:05 -0400] "HEAD /home HTTP/1.1" 301 0 "-" "Mozilla/5.0 (Windows NT 10.0; Win64; x64) AppleWebKit/537.36 (KHTML, like Gecko) Chrome/74.0.3729.169 Safari/537.36"
85.208.98.23 - - [14/Apr/2025:13:19:42 -0400] "GET /robots.txt HTTP/1.1" 304 0 "-" "Mozilla/5.0 (compatible; SemrushBot-BA; +http://www.semrush.com/bot.html)"
216.244.66.200 - - [14/Apr/2025:13:51:20 -0400] "GET /robots.txt HTTP/1.1" 304 0 "-" "Mozilla/5.0 (compatible; DotBot/1.2; +https://opensiteexplorer.org/dotbot; help@moz.com)"
198.54.114.83 - - [14/Apr/2025:13:58:14 -0400] "POST /wp-cron.php?doing_wp_cron=1744653493.4032869338989257812500 HTTP/1.1" 200 0 "-" "WordPress/6.7.2; https://shahmeenaindustry.com"
216.244.66.200 - - [14/Apr/2025:13:58:11 -0400] "GET /energy-gemstone-bracelets/ HTTP/1.1" 200 21111 "-" "Mozilla/5.0 (compatible; DotBot/1.2; +https://opensiteexplorer.org/dotbot; help@moz.com)"
199.188.200.133 - - [14/Apr/2025:14:20:37 -0400] "GET / HTTP/1.1" 200 24616 "-" "Mozilla/5.0 (Macintosh; Intel Mac OS X 14_4_1) AppleWebKit/605.1.15 (KHTML, like Gecko) Version/17.3.1 Safari/605.1.15"
199.188.200.133 - - [14/Apr/2025:14:20:40 -0400] "GET /index.php?rest_route=/wp/v2/users HTTP/1.1" 200 1381 "http://shahmeenaindustry.com" "Mozilla/5.0 (Windows NT 10.0; Win64; x64; rv:129.0) Gecko/20100101 Firefox/129.0"
196.251.89.173 - - [14/Apr/2025:14:39:21 -0400] "GET / HTTP/1.1" 200 24616 "-" "Mozilla/5.0 (Windows NT 10.0; Win64; x64) AppleWebKit/537.36 (KHTML, like Gecko) Chrome/89.0.4389.114 Safari/537.36"
196.251.89.173 - - [14/Apr/2025:14:39:23 -0400] "GET /?author=1 HTTP/1.1" 301 0 "-" "Mozilla/5.0 (Windows NT 10.0; Win64; x64) AppleWebKit/537.36 (KHTML, like Gecko) Chrome/89.0.4389.114 Safari/537.36"
198.54.114.83 - - [14/Apr/2025:14:39:27 -0400] "POST /wp-cron.php?doing_wp_cron=1744655965.6766190528869628906250 HTTP/1.1" 200 0 "-" "WordPress/6.7.2; https://shahmeenaindustry.com"
196.251.89.173 - - [14/Apr/2025:14:39:29 -0400] "GET /?author=2 HTTP/1.1" 301 0 "-" "Mozilla/5.0 (Windows NT 10.0; Win64; x64) AppleWebKit/537.36 (KHTML, like Gecko) Chrome/89.0.4389.114 Safari/537.36"
196.251.89.173 - - [14/Apr/2025:14:39:31 -0400] "GET /?author=3 HTTP/1.1" 404 16536 "-" "Mozilla/5.0 (Windows NT 10.0; Win64; x64) AppleWebKit/537.36 (KHTML, like Gecko) Chrome/89.0.4389.114 Safari/537.36"
196.251.89.173 - - [14/Apr/2025:14:39:35 -0400] "GET /wp-json/wp/v2/users/ HTTP/1.1" 200 1381 "-" "Mozilla/5.0 (Windows NT 10.0; Win64; x64) AppleWebKit/537.36 (KHTML, like Gecko) Chrome/89.0.4389.114 Safari/537.36"
196.251.89.173 - - [14/Apr/2025:14:39:37 -0400] "POST /xmlrpc.php HTTP/1.1" 200 212 "-" "Mozilla/5.0 (Windows NT 10.0; Win64; x64) AppleWebKit/537.36 (KHTML, like Gecko) Chrome/89.0.4389.114 Safari/537.36"
196.251.89.173 - - [14/Apr/2025:14:39:40 -0400] "POST /xmlrpc.php HTTP/1.1" 200 212 "-" "Mozilla/5.0 (Windows NT 10.0; Win64; x64) AppleWebKit/537.36 (KHTML, like Gecko) Chrome/89.0.4389.114 Safari/537.36"
196.251.89.173 - - [14/Apr/2025:14:39:42 -0400] "POST /xmlrpc.php HTTP/1.1" 200 236 "-" "Mozilla/5.0 (Windows NT 10.0; Win64; x64) AppleWebKit/537.36 (KHTML, like Gecko) Chrome/89.0.4389.114 Safari/537.36"
196.251.89.173 - - [14/Apr/2025:14:39:44 -0400] "POST /xmlrpc.php HTTP/1.1" 200 236 "-" "Mozilla/5.0 (Windows NT 10.0; Win64; x64) AppleWebKit/537.36 (KHTML, like Gecko) Chrome/89.0.4389.114 Safari/537.36"
196.251.89.173 - - [14/Apr/2025:14:39:45 -0400] "POST /xmlrpc.php HTTP/1.1" 200 212 "-" "Mozilla/5.0 (Windows NT 10.0; Win64; x64) AppleWebKit/537.36 (KHTML, like Gecko) Chrome/89.0.4389.114 Safari/537.36"
196.251.89.173 - - [14/Apr/2025:14:39:48 -0400] "POST /xmlrpc.php HTTP/1.1" 200 236 "-" "Mozilla/5.0 (Windows NT 10.0; Win64; x64) AppleWebKit/537.36 (KHTML, like Gecko) Chrome/89.0.4389.114 Safari/537.36"
216.244.66.200 - - [14/Apr/2025:15:25:33 -0400] "GET /robots.txt HTTP/1.1" 304 0 "-" "Mozilla/5.0 (compatible; DotBot/1.2; +https://opensiteexplorer.org/dotbot; help@moz.com)"
216.244.66.200 - - [14/Apr/2025:15:37:40 -0400] "GET /how-to-choose-the-best-portable-fire-pump/ HTTP/1.1" 200 20995 "-" "Mozilla/5.0 (compatible; DotBot/1.2; +https://opensiteexplorer.org/dotbot; help@moz.com)"
128.199.99.69 - - [14/Apr/2025:15:54:56 -0400] "GET /wp-json/wp/v2/users HTTP/1.1" 200 1381 "-" "Mozilla/5.0 (Windows NT 10.0; Win64; x64) AppleWebKit/537.36 (KHTML, like Gecko) Chrome/85.0.4183.121 Safari/537.36"
128.199.99.69 - - [14/Apr/2025:15:55:02 -0400] "GET /wp-json/wp/v2/users HTTP/1.1" 200 1381 "-" "Mozilla/5.0 (Windows NT 10.0; Win64; x64) AppleWebKit/537.36 (KHTML, like Gecko) Chrome/85.0.4183.121 Safari/537.36"
216.244.66.200 - - [14/Apr/2025:16:13:01 -0400] "GET /robots.txt HTTP/1.1" 304 0 "-" "Mozilla/5.0 (compatible; DotBot/1.2; +https://opensiteexplorer.org/dotbot; help@moz.com)"
216.244.66.200 - - [14/Apr/2025:16:22:47 -0400] "GET /a-journey-through-history-and-memory/ HTTP/1.1" 200 21285 "-" "Mozilla/5.0 (compatible; DotBot/1.2; +https://opensiteexplorer.org/dotbot; help@moz.com)"
104.131.185.243 - - [14/Apr/2025:17:31:20 -0400] "GET / HTTP/1.1" 200 24616 "-" "-"
104.131.185.243 - - [14/Apr/2025:17:31:21 -0400] "GET /wordpress HTTP/1.1" 404 16535 "-" "-"
104.131.185.243 - - [14/Apr/2025:17:31:23 -0400] "GET /wp HTTP/1.1" 404 16535 "-" "-"
104.131.185.243 - - [14/Apr/2025:17:31:24 -0400] "GET /blog HTTP/1.1" 404 16536 "-" "-"
104.131.185.243 - - [14/Apr/2025:17:31:25 -0400] "GET /new HTTP/1.1" 301 0 "-" "-"
104.131.185.243 - - [14/Apr/2025:17:31:31 -0400] "GET /old HTTP/1.1" 404 16533 "-" "-"
104.131.185.243 - - [14/Apr/2025:17:31:33 -0400] "GET /test HTTP/1.1" 404 16534 "-" "-"
104.131.185.243 - - [14/Apr/2025:17:31:34 -0400] "GET /main HTTP/1.1" 404 16534 "-" "-"
104.131.185.243 - - [14/Apr/2025:17:31:37 -0400] "GET /testing HTTP/1.1" 404 16534 "-" "-"
85.208.98.18 - - [14/Apr/2025:18:04:18 -0400] "GET /robots.txt HTTP/1.1" 304 0 "-" "Mozilla/5.0 (compatible; SemrushBot; +http://www.semrush.com/bot.html)"
43.157.82.252 - - [14/Apr/2025:18:42:10 -0400] "GET / HTTP/1.1" 200 24616 "-" "Mozilla/5.0 (iPhone; CPU iPhone OS 13_2_3 like Mac OS X) AppleWebKit/605.1.15 (KHTML, like Gecko) Version/13.0.3 Mobile/15E148 Safari/604.1"
196.251.80.228 - - [14/Apr/2025:18:49:03 -0400] "GET / HTTP/1.1" 200 24616 "-" "Mozlila/5.0 (Linux; Android 7.0; SM-G892A Bulid/NRD90M; wv) AppleWebKit/537.36 (KHTML, like Gecko) Version/4.0 Chrome/60.0.3112.107 Moblie Safari/537.36"
196.251.80.228 - - [14/Apr/2025:18:49:03 -0400] "POST /wp-plain.php HTTP/1.1" 404 16483 "www.google.com" "Mozilla/5.0 (Linux; Android 7.0; SM-G892A Bulid/NRD90M; wv) AppleWebKit/537.36 (KHTML, like Gecko) Version/4.0 Chrome/60.0.3112.107 Moblie Safari/537.36"
196.251.80.228 - - [14/Apr/2025:18:49:03 -0400] "GET /wp-content/plugins/fix/up.php HTTP/1.1" 404 16536 "-" "Mozilla/5.0 (Windows NT 10.0; Win64; x64) AppleWebKit/537.36 (KHTML, like Gecko) Chrome/85.0.4183.102 Safari/537.36"
196.251.80.228 - - [14/Apr/2025:18:49:03 -0400] "GET /wp-content/plugins/apikey/apikey.php?test=hello HTTP/1.1" 404 16536 "-" "Mozlila/5.0 (Linux; Android 7.0; SM-G892A Bulid/NRD90M; wv) AppleWebKit/537.36 (KHTML, like Gecko) Version/4.0 Chrome/60.0.3112.107 Moblie Safari/537.36"
196.251.80.228 - - [14/Apr/2025:18:49:03 -0400] "POST /ALFA_DATA/alfacgiapi/perl.alfa HTTP/1.1" 404 16483 "www.google.com" "Mozlila/5.0 (Linux; Android 7.0; SM-G892A Bulid/NRD90M; wv) AppleWebKit/537.36 (KHTML, like Gecko) Version/4.0 Chrome/60.0.3112.107 Moblie Safari/537.36"
196.251.80.228 - - [14/Apr/2025:18:49:03 -0400] "GET /wp-content/themes/seotheme/db.php?u HTTP/1.1" 404 16536 "www.google.com" "Mozlila/5.0 (Linux; Android 7.0; SM-G892A Bulid/NRD90M; wv) AppleWebKit/537.36 (KHTML, like Gecko) Version/4.0 Chrome/60.0.3112.107 Moblie Safari/537.36"
196.251.80.228 - - [14/Apr/2025:18:49:06 -0400] "GET /plugins/content/apismtp/apismtp.php?test=hello HTTP/1.1" 404 16536 "-" "Mozlila/5.0 (Linux; Android 7.0; SM-G892A Bulid/NRD90M; wv) AppleWebKit/537.36 (KHTML, like Gecko) Version/4.0 Chrome/60.0.3112.107 Moblie Safari/537.36"
196.251.80.228 - - [14/Apr/2025:18:49:06 -0400] "POST /alfacgiapi/perl.alfa HTTP/1.1" 404 16483 "www.google.com" "Mozlila/5.0 (Linux; Android 7.0; SM-G892A Bulid/NRD90M; wv) AppleWebKit/537.36 (KHTML, like Gecko) Version/4.0 Chrome/60.0.3112.107 Moblie Safari/537.36"
196.251.80.228 - - [14/Apr/2025:18:49:06 -0400] "GET /psxfailo.php?Fox=d3wL7 HTTP/1.1" 404 16536 "www.google.com" "Mozilla/5.0 (Linux; Android 7.0; SM-G892A Bulid/NRD90M; wv) AppleWebKit/537.36 (KHTML, like Gecko) Version/4.0 Chrome/60.0.3112.107 Moblie Safari/537.36"
196.251.80.228 - - [14/Apr/2025:18:49:07 -0400] "GET /wp-content/plugins/apikey/apikey.php.suspected?test=hello HTTP/1.1" 404 16536 "-" "Mozlila/5.0 (Linux; Android 7.0; SM-G892A Bulid/NRD90M; wv) AppleWebKit/537.36 (KHTML, like Gecko) Version/4.0 Chrome/60.0.3112.107 Moblie Safari/537.36"
196.251.80.228 - - [14/Apr/2025:18:49:09 -0400] "GET /plugins/content/apismtp/apismtp.php.suspected?test=hello HTTP/1.1" 404 16535 "-" "Mozlila/5.0 (Linux; Android 7.0; SM-G892A Bulid/NRD90M; wv) AppleWebKit/537.36 (KHTML, like Gecko) Version/4.0 Chrome/60.0.3112.107 Moblie Safari/537.36"
119.3.113.151 - - [14/Apr/2025:19:02:29 -0400] "GET /omnivoid-is-changing-the-game-in-augmented-and-mixed-realityomnivoid-is-changing-the-game-in-augmented-and-mixed-reality/ HTTP/1.1" 200 21974 "-" "Mozilla/5.0 (Windows NT 10.0; WOW64) AppleWebKit/537.36 (KHTML, like Gecko) Chrome/114.0.0.0 Safari/537.36"
212.30.33.87 - - [14/Apr/2025:19:04:25 -0400] "GET /cbd-shop-uk-review HTTP/1.1" 301 0 "-" "Mozilla/5.0 (Windows NT 6.1; rv:12.0) Gecko/20120403211507 Firefox/14.0.1"
212.30.33.98 - - [14/Apr/2025:19:04:26 -0400] "GET /cbd-shop-uk-review/ HTTP/1.1" 200 23134 "-" "Mozilla/5.0 (Windows NT 6.1; rv:12.0) Gecko/20120403211507 Firefox/14.0.1"
212.30.33.213 - - [14/Apr/2025:19:04:26 -0400] "POST /wp-comments-post.php HTTP/1.1" 200 0 "https://tyny.me/" "Opera/12.0(Windows NT 5.2;U;en)Presto/22.9.168 Version/12.00"
212.30.33.73 - - [14/Apr/2025:19:04:29 -0400] "GET /cbd-shop-uk-review HTTP/1.1" 301 0 "-" "Opera/9.80 (X11; Linux i686; U; hu) Presto/2.9.168 Version/11.50"
212.30.33.96 - - [14/Apr/2025:19:04:30 -0400] "GET /cbd-shop-uk-review/ HTTP/1.1" 200 23134 "-" "Opera/9.80 (X11; Linux i686; U; hu) Presto/2.9.168 Version/11.50"
18.191.199.234 - - [14/Apr/2025:19:57:48 -0400] "GET /wp-content/plugins/litespeed-cache/readme.txt HTTP/1.1" 200 12489 "-" "Mozlila/5.0 (Linux; Android 7.0; SM-G892A Bulid/NRD90M; wv) AppleWebKit/537.36 (KHTML, like Gecko) Version/4.0 Chrome/60.0.3112.107 Moblie Safari/537.36"
185.251.19.96 - - [14/Apr/2025:20:02:21 -0400] "GET /x.php HTTP/1.1" 404 16533 "-" "Go-http-client/1.1"
185.251.19.96 - - [14/Apr/2025:20:02:24 -0400] "GET /function.php HTTP/1.1" 404 16534 "-" "Go-http-client/1.1"
185.251.19.96 - - [14/Apr/2025:20:02:25 -0400] "GET /s.php HTTP/1.1" 404 16534 "-" "Go-http-client/1.1"
185.251.19.96 - - [14/Apr/2025:20:02:30 -0400] "GET /about.php HTTP/1.1" 404 16534 "-" "Go-http-client/1.1"
198.54.114.83 - - [14/Apr/2025:20:02:34 -0400] "POST /wp-cron.php?doing_wp_cron=1744675353.1360070705413818359375 HTTP/1.1" 200 0 "-" "WordPress/6.7.2; https://shahmeenaindustry.com"
185.251.19.96 - - [14/Apr/2025:20:02:32 -0400] "GET /cjfuns.php HTTP/1.1" 404 16534 "-" "Go-http-client/1.1"
185.251.19.96 - - [14/Apr/2025:20:02:36 -0400] "GET /mah/function.php HTTP/1.1" 404 16534 "-" "Go-http-client/1.1"
185.251.19.96 - - [14/Apr/2025:20:02:37 -0400] "GET /index/function.php HTTP/1.1" 404 16534 "-" "Go-http-client/1.1"
185.251.19.96 - - [14/Apr/2025:20:02:40 -0400] "GET /login.php HTTP/1.1" 302 0 "-" "Go-http-client/1.1"
185.251.19.96 - - [14/Apr/2025:20:02:43 -0400] "GET /admin.php HTTP/1.1" 404 16534 "-" "Go-http-client/1.1"
185.251.19.96 - - [14/Apr/2025:20:02:45 -0400] "GET /file.php HTTP/1.1" 404 16534 "-" "Go-http-client/1.1"
185.251.19.96 - - [14/Apr/2025:20:02:47 -0400] "GET /wp-content/themes/deeto/login.php HTTP/1.1" 404 16534 "-" "Go-http-client/1.1"
185.251.19.96 - - [14/Apr/2025:20:02:50 -0400] "GET /h.php HTTP/1.1" 404 16534 "-" "Go-http-client/1.1"
185.251.19.96 - - [14/Apr/2025:20:02:51 -0400] "GET /m.php HTTP/1.1" 404 16534 "-" "Go-http-client/1.1"
185.251.19.96 - - [14/Apr/2025:20:02:54 -0400] "GET /1.php HTTP/1.1" 404 16534 "-" "Go-http-client/1.1"
185.251.19.96 - - [14/Apr/2025:20:02:56 -0400] "GET /mah.php HTTP/1.1" 404 16534 "-" "Go-http-client/1.1"
185.251.19.96 - - [14/Apr/2025:20:02:59 -0400] "GET /css/index.php HTTP/1.1" 301 0 "-" "Go-http-client/1.1"
185.251.19.96 - - [14/Apr/2025:20:03:00 -0400] "GET /css/ HTTP/1.1" 404 16534 "http://shahmeenaindustry.com/css/index.php" "Go-http-client/1.1"
185.251.19.96 - - [14/Apr/2025:20:03:03 -0400] "GET /admin/function.php HTTP/1.1" 404 16534 "-" "Go-http-client/1.1"
185.251.19.96 - - [14/Apr/2025:20:03:05 -0400] "GET /simple.php HTTP/1.1" 404 16534 "-" "Go-http-client/1.1"
185.251.19.96 - - [14/Apr/2025:20:03:08 -0400] "GET /classwithtostring.php HTTP/1.1" 404 16534 "-" "Go-http-client/1.1"
185.251.19.96 - - [14/Apr/2025:20:03:12 -0400] "GET /wp-admin/js/index.php HTTP/1.1" 301 0 "-" "Go-http-client/1.1"
185.251.19.96 - - [14/Apr/2025:20:03:13 -0400] "GET /wp-admin/js/ HTTP/1.1" 403 1242 "http://shahmeenaindustry.com/wp-admin/js/index.php" "Go-http-client/1.1"
185.251.19.96 - - [14/Apr/2025:20:03:13 -0400] "GET /autoload_classmap.php HTTP/1.1" 404 16534 "-" "Go-http-client/1.1"
185.251.19.96 - - [14/Apr/2025:20:03:16 -0400] "GET /bugz.php HTTP/1.1" 404 16534 "-" "Go-http-client/1.1"
185.251.19.96 - - [14/Apr/2025:20:03:19 -0400] "GET /item.php HTTP/1.1" 404 16534 "-" "Go-http-client/1.1"
185.251.19.96 - - [14/Apr/2025:20:03:20 -0400] "GET /wp-content/index.php HTTP/1.1" 200 0 "-" "Go-http-client/1.1"
185.251.19.96 - - [14/Apr/2025:20:03:21 -0400] "GET /go.php HTTP/1.1" 404 16534 "-" "Go-http-client/1.1"
185.251.19.96 - - [14/Apr/2025:20:03:23 -0400] "GET /wp-includes/css/index.php HTTP/1.1" 301 0 "-" "Go-http-client/1.1"
185.251.19.96 - - [14/Apr/2025:20:03:26 -0400] "GET /wp-includes/css/ HTTP/1.1" 403 1242 "http://shahmeenaindustry.com/wp-includes/css/index.php" "Go-http-client/1.1"
185.251.19.96 - - [14/Apr/2025:20:03:27 -0400] "GET /chosen.php HTTP/1.1" 404 16534 "-" "Go-http-client/1.1"
185.251.19.96 - - [14/Apr/2025:20:03:31 -0400] "GET /wp-login.php HTTP/1.1" 302 0 "-" "Go-http-client/1.1"
198.54.114.83 - - [14/Apr/2025:20:03:35 -0400] "POST /wp-cron.php?doing_wp_cron=1744675415.0610120296478271484375 HTTP/1.1" 200 0 "-" "WordPress/6.7.2; https://shahmeenaindustry.com"
185.251.19.96 - - [14/Apr/2025:20:03:34 -0400] "GET /text.php HTTP/1.1" 404 16534 "-" "Go-http-client/1.1"
185.251.19.96 - - [14/Apr/2025:20:03:37 -0400] "GET /c.php HTTP/1.1" 404 16534 "-" "Go-http-client/1.1"
198.54.114.83 - - [14/Apr/2025:20:03:41 -0400] "POST /wp-cron.php?doing_wp_cron=1744675420.3753750324249267578125 HTTP/1.1" 200 0 "-" "WordPress/6.7.2; https://shahmeenaindustry.com"
185.251.19.96 - - [14/Apr/2025:20:03:40 -0400] "GET /w.php HTTP/1.1" 404 16534 "-" "Go-http-client/1.1"
185.251.19.96 - - [14/Apr/2025:20:03:42 -0400] "GET /about/function.php HTTP/1.1" 404 16534 "-" "Go-http-client/1.1"
185.251.19.96 - - [14/Apr/2025:20:03:44 -0400] "GET /a.php HTTP/1.1" 404 16534 "-" "Go-http-client/1.1"
185.251.19.96 - - [14/Apr/2025:20:03:46 -0400] "GET /wp-includes/css/about.php HTTP/1.1" 404 16534 "-" "Go-http-client/1.1"
185.251.19.96 - - [14/Apr/2025:20:03:50 -0400] "GET /wp-conflg.php HTTP/1.1" 404 16534 "-" "Go-http-client/1.1"
185.251.19.96 - - [14/Apr/2025:20:03:52 -0400] "GET /wp-content/themes/about.php HTTP/1.1" 404 16534 "-" "Go-http-client/1.1"
185.251.19.96 - - [14/Apr/2025:20:03:55 -0400] "GET /buy.php HTTP/1.1" 404 16534 "-" "Go-http-client/1.1"
185.251.19.96 - - [14/Apr/2025:20:03:57 -0400] "GET /wp-content/plugins/index.php HTTP/1.1" 200 0 "-" "Go-http-client/1.1"
185.251.19.96 - - [14/Apr/2025:20:03:59 -0400] "GET /b.php HTTP/1.1" 404 16534 "-" "Go-http-client/1.1"
185.251.19.96 - - [14/Apr/2025:20:04:01 -0400] "GET /wp-admin/classwithtostring.php HTTP/1.1" 404 16534 "-" "Go-http-client/1.1"
185.251.19.96 - - [14/Apr/2025:20:04:04 -0400] "GET /class.php HTTP/1.1" 404 16534 "-" "Go-http-client/1.1"
185.251.19.96 - - [14/Apr/2025:20:04:06 -0400] "GET /wp-content/themes/seotheme/mar.php HTTP/1.1" 404 16534 "-" "Go-http-client/1.1"
185.251.19.96 - - [14/Apr/2025:20:04:09 -0400] "GET /wp-content/uploads/index.php HTTP/1.1" 301 0 "-" "Go-http-client/1.1"
185.251.19.96 - - [14/Apr/2025:20:04:10 -0400] "GET /wp-content/uploads/ HTTP/1.1" 403 1242 "http://shahmeenaindustry.com/wp-content/uploads/index.php" "Go-http-client/1.1"
185.251.19.96 - - [14/Apr/2025:20:04:11 -0400] "GET /wp.php HTTP/1.1" 404 16534 "-" "Go-http-client/1.1"
185.251.19.96 - - [14/Apr/2025:20:04:12 -0400] "GET /wp-content/plugins/WordPressCore/index.php HTTP/1.1" 301 0 "-" "Go-http-client/1.1"
185.251.19.96 - - [14/Apr/2025:20:04:13 -0400] "GET /wp-content/plugins/WordPressCore/ HTTP/1.1" 404 16534 "http://shahmeenaindustry.com/wp-content/plugins/WordPressCore/index.php" "Go-http-client/1.1"
185.251.19.96 - - [14/Apr/2025:20:04:15 -0400] "GET /fm.php HTTP/1.1" 404 16534 "-" "Go-http-client/1.1"
185.251.19.96 - - [14/Apr/2025:20:04:17 -0400] "GET /shell.php HTTP/1.1" 404 16534 "-" "Go-http-client/1.1"
185.251.19.96 - - [14/Apr/2025:20:04:20 -0400] "GET /wp-content/about.php HTTP/1.1" 404 16534 "-" "Go-http-client/1.1"
185.251.19.96 - - [14/Apr/2025:20:04:23 -0400] "GET /404.php HTTP/1.1" 404 16534 "-" "Go-http-client/1.1"
185.251.19.96 - - [14/Apr/2025:20:04:24 -0400] "GET /wp-content/themes/news-portal/error.php HTTP/1.1" 404 16534 "-" "Go-http-client/1.1"
185.251.19.96 - - [14/Apr/2025:20:04:27 -0400] "GET /wp-content/plugins/wp-super-cache/wp-cache-pointer.php HTTP/1.1" 404 16534 "-" "Go-http-client/1.1"
185.251.19.96 - - [14/Apr/2025:20:04:30 -0400] "GET /wp-admin/maint/index.php HTTP/1.1" 301 0 "-" "Go-http-client/1.1"
185.251.19.96 - - [14/Apr/2025:20:04:31 -0400] "GET /wp-admin/maint/ HTTP/1.1" 403 1242 "http://shahmeenaindustry.com/wp-admin/maint/index.php" "Go-http-client/1.1"
198.54.114.83 - - [14/Apr/2025:20:04:35 -0400] "POST /wp-cron.php?doing_wp_cron=1744675473.9041008949279785156250 HTTP/1.1" 200 0 "-" "WordPress/6.7.2; https://shahmeenaindustry.com"
185.251.19.96 - - [14/Apr/2025:20:04:33 -0400] "GET /default.php HTTP/1.1" 404 16534 "-" "Go-http-client/1.1"
185.251.19.96 - - [14/Apr/2025:20:04:36 -0400] "GET /cong.php HTTP/1.1" 404 16534 "-" "Go-http-client/1.1"
185.251.19.96 - - [14/Apr/2025:20:04:39 -0400] "GET /wp-admin/network/index.php HTTP/1.1" 302 0 "-" "Go-http-client/1.1"
185.251.19.96 - - [14/Apr/2025:20:04:44 -0400] "GET /new.php HTTP/1.1" 404 16534 "-" "Go-http-client/1.1"
185.251.19.96 - - [14/Apr/2025:20:04:46 -0400] "GET /options.php HTTP/1.1" 404 16534 "-" "Go-http-client/1.1"
185.251.19.96 - - [14/Apr/2025:20:04:47 -0400] "GET /wp-admin/css/index.php HTTP/1.1" 301 0 "-" "Go-http-client/1.1"
185.251.19.96 - - [14/Apr/2025:20:04:50 -0400] "GET /wp-admin/css/ HTTP/1.1" 403 1242 "http://shahmeenaindustry.com/wp-admin/css/index.php" "Go-http-client/1.1"
185.251.19.96 - - [14/Apr/2025:20:04:51 -0400] "GET /wp-includes/ID3/index.php HTTP/1.1" 301 0 "-" "Go-http-client/1.1"
185.251.19.96 - - [14/Apr/2025:20:04:53 -0400] "GET /wp-includes/ID3/ HTTP/1.1" 403 1242 "http://shahmeenaindustry.com/wp-includes/ID3/index.php" "Go-http-client/1.1"
185.251.19.96 - - [14/Apr/2025:20:04:55 -0400] "GET /plugins.php HTTP/1.1" 404 16534 "-" "Go-http-client/1.1"
185.251.19.96 - - [14/Apr/2025:20:04:56 -0400] "GET /wander.php HTTP/1.1" 404 16534 "-" "Go-http-client/1.1"
185.251.19.96 - - [14/Apr/2025:20:04:59 -0400] "GET /wp-content/plugins/core-plugin/include.php HTTP/1.1" 404 16534 "-" "Go-http-client/1.1"
185.251.19.96 - - [14/Apr/2025:20:05:00 -0400] "GET /wp-content/admin.php HTTP/1.1" 404 16534 "-" "Go-http-client/1.1"
185.251.19.96 - - [14/Apr/2025:20:05:04 -0400] "GET /content.php HTTP/1.1" 404 16532 "-" "Go-http-client/1.1"
185.251.19.96 - - [14/Apr/2025:20:05:08 -0400] "GET /ini.php HTTP/1.1" 404 16534 "-" "Go-http-client/1.1"
185.251.19.96 - - [14/Apr/2025:20:05:13 -0400] "GET /wp-admin/images/index.php HTTP/1.1" 301 0 "-" "Go-http-client/1.1"
185.251.19.96 - - [14/Apr/2025:20:05:17 -0400] "GET /wp-admin/images/ HTTP/1.1" 403 0 "http://shahmeenaindustry.com/wp-admin/images/index.php" "Go-http-client/1.1"
136.144.42.25 - - [14/Apr/2025:20:05:17 -0400] "GET /.well-known/ HTTP/1.1" 404 16534 "-" "Go-http-client/1.1"
136.144.42.25 - - [14/Apr/2025:20:05:21 -0400] "GET /wp-links.php HTTP/1.1" 404 16534 "-" "Go-http-client/1.1"
136.144.42.25 - - [14/Apr/2025:20:05:25 -0400] "GET /wp-admin/plugins.php HTTP/1.1" 302 0 "-" "Go-http-client/1.1"
136.144.42.25 - - [14/Apr/2025:20:05:32 -0400] "GET /moon.php HTTP/1.1" 200 0 "-" "Go-http-client/1.1"
198.54.114.83 - - [14/Apr/2025:20:05:36 -0400] "POST /wp-cron.php?doing_wp_cron=1744675535.4481790065765380859375 HTTP/1.1" 200 0 "-" "WordPress/6.7.2; https://shahmeenaindustry.com"
172.98.32.238 - - [14/Apr/2025:20:05:34 -0400] "GET /wp-includes/IXR/wp-login.php HTTP/1.1" 404 16534 "-" "Go-http-client/1.1"
172.98.32.238 - - [14/Apr/2025:20:05:38 -0400] "GET /wp-content/languages/index.php HTTP/1.1" 200 0 "-" "Go-http-client/1.1"
136.144.42.23 - - [14/Apr/2025:20:05:43 -0400] "GET /wp-includes/assets/index.php HTTP/1.1" 301 0 "-" "Go-http-client/1.1"
136.144.42.23 - - [14/Apr/2025:20:05:46 -0400] "GET /wp-includes/assets/ HTTP/1.1" 403 1242 "http://shahmeenaindustry.com/wp-includes/assets/index.php" "Go-http-client/1.1"
136.144.42.23 - - [14/Apr/2025:20:05:46 -0400] "GET /goods.php HTTP/1.1" 404 16534 "-" "Go-http-client/1.1"
136.144.42.23 - - [14/Apr/2025:20:05:50 -0400] "GET /elp.php HTTP/1.1" 404 16534 "-" "Go-http-client/1.1"
136.144.42.23 - - [14/Apr/2025:20:05:54 -0400] "GET /wp-includes/customize/index.php HTTP/1.1" 301 0 "-" "Go-http-client/1.1"
136.144.42.23 - - [14/Apr/2025:20:05:57 -0400] "GET /wp-includes/customize/ HTTP/1.1" 403 1242 "http://shahmeenaindustry.com/wp-includes/customize/index.php" "Go-http-client/1.1"
136.144.42.23 - - [14/Apr/2025:20:05:57 -0400] "GET /dropdown.php HTTP/1.1" 404 16534 "-" "Go-http-client/1.1"
136.144.42.23 - - [14/Apr/2025:20:06:04 -0400] "GET /wp-admin.php HTTP/1.1" 404 16532 "-" "Go-http-client/1.1"
136.144.42.25 - - [14/Apr/2025:20:06:10 -0400] "GET /wp-admin/css/colors/blue/ HTTP/1.1" 403 1242 "-" "Go-http-client/1.1"
136.144.42.25 - - [14/Apr/2025:20:06:11 -0400] "GET /size.php HTTP/1.1" 404 16534 "-" "Go-http-client/1.1"
136.144.42.25 - - [14/Apr/2025:20:06:15 -0400] "GET /wp-content/themes/sketch/404.php HTTP/1.1" 404 16534 "-" "Go-http-client/1.1"
136.144.42.25 - - [14/Apr/2025:20:06:20 -0400] "GET /wso.php HTTP/1.1" 404 16534 "-" "Go-http-client/1.1"
136.144.42.13 - - [14/Apr/2025:20:06:31 -0400] "GET /class.api.php HTTP/1.1" 200 0 "-" "Go-http-client/1.1"
185.251.19.94 - - [14/Apr/2025:20:06:37 -0400] "GET /wp-content/themes/admin.php?taf HTTP/1.1" 200 0 "-" "Go-http-client/1.1"
136.144.42.234 - - [14/Apr/2025:20:06:40 -0400] "GET /wp-content/plugins/revslider/includes/external/page/index.php HTTP/1.1" 200 0 "-" "Go-http-client/1.1"
136.144.42.14 - - [14/Apr/2025:20:06:45 -0400] "GET /wp-content/plugins/WordPressCore/include.php HTTP/1.1" 200 0 "-" "Go-http-client/1.1"
45.132.227.152 - - [14/Apr/2025:20:06:48 -0400] "GET /wp-add.php HTTP/1.1" 200 0 "-" "Go-http-client/1.1"
136.144.42.232 - - [14/Apr/2025:20:06:56 -0400] "GET /wp-admin/product.php HTTP/1.1" 200 0 "-" "Go-http-client/1.1"
185.251.19.84 - - [14/Apr/2025:20:07:00 -0400] "GET /themes.php HTTP/1.1" 200 0 "-" "Go-http-client/1.1"
136.144.42.23 - - [14/Apr/2025:20:07:03 -0400] "GET /indec.php HTTP/1.1" 200 0 "-" "Go-http-client/1.1"
136.144.42.19 - - [14/Apr/2025:20:07:08 -0400] "GET /wp-content/plugins/hello.php HTTP/1.1" 200 0 "-" "Go-http-client/1.1"
185.251.19.7 - - [14/Apr/2025:20:07:10 -0400] "GET /wp-content/options.php HTTP/1.1" 404 16534 "-" "Go-http-client/1.1"
136.144.42.235 - - [14/Apr/2025:20:07:20 -0400] "GET /xml.php HTTP/1.1" 200 0 "-" "Go-http-client/1.1"
185.251.19.2 - - [14/Apr/2025:20:07:23 -0400] "GET /wp-header.php HTTP/1.1" 200 0 "-" "Go-http-client/1.1"
172.98.32.235 - - [14/Apr/2025:20:07:28 -0400] "GET /wp-admin/item.php HTTP/1.1" 200 0 "-" "Go-http-client/1.1"
136.144.42.231 - - [14/Apr/2025:20:07:35 -0400] "GET /wp-includes/ID3/about.php HTTP/1.1" 200 0 "-" "Go-http-client/1.1"
136.144.42.25 - - [14/Apr/2025:20:07:40 -0400] "GET /wp-admin/images/about.php HTTP/1.1" 200 0 "-" "Go-http-client/1.1"
