48.217.90.135 - - [15/Apr/2025:18:20:30 -0400] "POST /wp-login.php HTTP/1.1" 302 0 "http://shahmeenaindustry.com" "Mozilla/5.0 (Windows NT 10.0; Win64; x64; rv:129.0) Gecko/20100101 Firefox/129.0"
207.244.236.48 - - [15/Apr/2025:18:28:11 -0400] "GET /admin.php HTTP/1.1" 404 16534 "-" "Mozilla/5.0 (Linux; Android 7.0; SM-G892A Build/NRD90M; wv) AppleWebKit/537.36 (KHTML, like Gecko) Version/4.0 Chrome/60.0.3112.107 Mobile Safari/537.36"
207.244.236.48 - - [15/Apr/2025:18:28:14 -0400] "GET /file/function.php HTTP/1.1" 404 16534 "-" "Mozilla/5.0 (Linux; Android 7.0; SM-G892A Build/NRD90M; wv) AppleWebKit/537.36 (KHTML, like Gecko) Version/4.0 Chrome/60.0.3112.107 Mobile Safari/537.36"
207.244.236.48 - - [15/Apr/2025:18:28:18 -0400] "GET /plugins/function.php HTTP/1.1" 404 16534 "-" "Mozilla/5.0 (Linux; Android 7.0; SM-G892A Build/NRD90M; wv) AppleWebKit/537.36 (KHTML, like Gecko) Version/4.0 Chrome/60.0.3112.107 Mobile Safari/537.36"
207.244.236.48 - - [15/Apr/2025:18:28:20 -0400] "GET /admin/function.php HTTP/1.1" 404 16534 "-" "Mozilla/5.0 (Linux; Android 7.0; SM-G892A Build/NRD90M; wv) AppleWebKit/537.36 (KHTML, like Gecko) Version/4.0 Chrome/60.0.3112.107 Mobile Safari/537.36"
207.244.236.48 - - [15/Apr/2025:18:28:23 -0400] "GET /index/function.php HTTP/1.1" 404 16534 "-" "Mozilla/5.0 (Linux; Android 7.0; SM-G892A Build/NRD90M; wv) AppleWebKit/537.36 (KHTML, like Gecko) Version/4.0 Chrome/60.0.3112.107 Mobile Safari/537.36"
207.244.236.48 - - [15/Apr/2025:18:28:27 -0400] "GET /doc/function.php HTTP/1.1" 404 16533 "-" "Mozilla/5.0 (Linux; Android 7.0; SM-G892A Build/NRD90M; wv) AppleWebKit/537.36 (KHTML, like Gecko) Version/4.0 Chrome/60.0.3112.107 Mobile Safari/537.36"
207.244.236.48 - - [15/Apr/2025:18:28:30 -0400] "GET /mah/function.php HTTP/1.1" 404 16534 "-" "Mozilla/5.0 (Linux; Android 7.0; SM-G892A Build/NRD90M; wv) AppleWebKit/537.36 (KHTML, like Gecko) Version/4.0 Chrome/60.0.3112.107 Mobile Safari/537.36"
198.54.114.83 - - [15/Apr/2025:18:28:34 -0400] "POST /wp-cron.php?doing_wp_cron=1744756113.3706669807434082031250 HTTP/1.1" 200 0 "-" "WordPress/6.7.2; https://shahmeenaindustry.com"
207.244.236.48 - - [15/Apr/2025:18:28:32 -0400] "GET /about/function.php HTTP/1.1" 404 16534 "-" "Mozilla/5.0 (Linux; Android 7.0; SM-G892A Build/NRD90M; wv) AppleWebKit/537.36 (KHTML, like Gecko) Version/4.0 Chrome/60.0.3112.107 Mobile Safari/537.36"
207.244.236.48 - - [15/Apr/2025:18:28:36 -0400] "GET /as/function HTTP/1.1" 404 16535 "-" "Mozilla/5.0 (Linux; Android 7.0; SM-G892A Build/NRD90M; wv) AppleWebKit/537.36 (KHTML, like Gecko) Version/4.0 Chrome/60.0.3112.107 Mobile Safari/537.36"
207.244.236.48 - - [15/Apr/2025:18:28:38 -0400] "GET /epinyins.php HTTP/1.1" 404 16534 "-" "Mozilla/5.0 (Linux; Android 7.0; SM-G892A Build/NRD90M; wv) AppleWebKit/537.36 (KHTML, like Gecko) Version/4.0 Chrome/60.0.3112.107 Mobile Safari/537.36"
198.54.114.83 - - [15/Apr/2025:18:28:42 -0400] "POST /wp-cron.php?doing_wp_cron=1744756122.0215079784393310546875 HTTP/1.1" 200 0 "-" "WordPress/6.7.2; https://shahmeenaindustry.com"
207.244.236.48 - - [15/Apr/2025:18:28:41 -0400] "GET /wp-login.php HTTP/1.1" 302 0 "-" "Mozilla/5.0 (Linux; Android 7.0; SM-G892A Build/NRD90M; wv) AppleWebKit/537.36 (KHTML, like Gecko) Version/4.0 Chrome/60.0.3112.107 Mobile Safari/537.36"
207.244.236.48 - - [15/Apr/2025:18:28:45 -0400] "GET /wp-signup.php HTTP/1.1" 302 0 "-" "Mozilla/5.0 (Linux; Android 7.0; SM-G892A Build/NRD90M; wv) AppleWebKit/537.36 (KHTML, like Gecko) Version/4.0 Chrome/60.0.3112.107 Mobile Safari/537.36"
207.244.236.48 - - [15/Apr/2025:18:28:46 -0400] "GET /wp-admin.php HTTP/1.1" 404 16535 "-" "Mozilla/5.0 (Linux; Android 7.0; SM-G892A Build/NRD90M; wv) AppleWebKit/537.36 (KHTML, like Gecko) Version/4.0 Chrome/60.0.3112.107 Mobile Safari/537.36"
207.244.236.48 - - [15/Apr/2025:18:28:49 -0400] "GET /wlwmanifest.xml HTTP/1.1" 404 16534 "-" "Mozilla/5.0 (Linux; Android 7.0; SM-G892A Build/NRD90M; wv) AppleWebKit/537.36 (KHTML, like Gecko) Version/4.0 Chrome/60.0.3112.107 Mobile Safari/537.36"
207.244.236.48 - - [15/Apr/2025:18:28:52 -0400] "GET /fosil.php HTTP/1.1" 404 16534 "-" "Mozilla/5.0 (Linux; Android 7.0; SM-G892A Build/NRD90M; wv) AppleWebKit/537.36 (KHTML, like Gecko) Version/4.0 Chrome/60.0.3112.107 Mobile Safari/537.36"
207.244.236.48 - - [15/Apr/2025:18:28:54 -0400] "GET /ws.php HTTP/1.1" 404 16534 "-" "Mozilla/5.0 (Linux; Android 7.0; SM-G892A Build/NRD90M; wv) AppleWebKit/537.36 (KHTML, like Gecko) Version/4.0 Chrome/60.0.3112.107 Mobile Safari/537.36"
207.244.236.48 - - [15/Apr/2025:18:28:56 -0400] "GET /radio.php HTTP/1.1" 404 16535 "-" "Mozilla/5.0 (Linux; Android 7.0; SM-G892A Build/NRD90M; wv) AppleWebKit/537.36 (KHTML, like Gecko) Version/4.0 Chrome/60.0.3112.107 Mobile Safari/537.36"
207.244.236.48 - - [15/Apr/2025:18:28:59 -0400] "GET /mah.php HTTP/1.1" 404 16534 "-" "Mozilla/5.0 (Linux; Android 7.0; SM-G892A Build/NRD90M; wv) AppleWebKit/537.36 (KHTML, like Gecko) Version/4.0 Chrome/60.0.3112.107 Mobile Safari/537.36"
207.244.236.48 - - [15/Apr/2025:18:29:01 -0400] "GET /index.php HTTP/1.1" 301 0 "-" "Mozilla/5.0 (Linux; Android 7.0; SM-G892A Build/NRD90M; wv) AppleWebKit/537.36 (KHTML, like Gecko) Version/4.0 Chrome/60.0.3112.107 Mobile Safari/537.36"
207.244.236.48 - - [15/Apr/2025:18:29:03 -0400] "GET /json.php HTTP/1.1" 404 16534 "-" "Mozilla/5.0 (Linux; Android 7.0; SM-G892A Build/NRD90M; wv) AppleWebKit/537.36 (KHTML, like Gecko) Version/4.0 Chrome/60.0.3112.107 Mobile Safari/537.36"
207.244.236.48 - - [15/Apr/2025:18:29:05 -0400] "GET /classwithtostring.php HTTP/1.1" 404 16534 "-" "Mozilla/5.0 (Linux; Android 7.0; SM-G892A Build/NRD90M; wv) AppleWebKit/537.36 (KHTML, like Gecko) Version/4.0 Chrome/60.0.3112.107 Mobile Safari/537.36"
207.244.236.48 - - [15/Apr/2025:18:29:09 -0400] "GET /about.php HTTP/1.1" 404 16534 "-" "Mozilla/5.0 (Linux; Android 7.0; SM-G892A Build/NRD90M; wv) AppleWebKit/537.36 (KHTML, like Gecko) Version/4.0 Chrome/60.0.3112.107 Mobile Safari/537.36"
207.244.236.48 - - [15/Apr/2025:18:29:13 -0400] "GET /lock.php HTTP/1.1" 404 16534 "-" "Mozilla/5.0 (Linux; Android 7.0; SM-G892A Build/NRD90M; wv) AppleWebKit/537.36 (KHTML, like Gecko) Version/4.0 Chrome/60.0.3112.107 Mobile Safari/537.36"
207.244.236.48 - - [15/Apr/2025:18:29:16 -0400] "GET /wp-mail.php HTTP/1.1" 403 1123 "-" "Mozilla/5.0 (Linux; Android 7.0; SM-G892A Build/NRD90M; wv) AppleWebKit/537.36 (KHTML, like Gecko) Version/4.0 Chrome/60.0.3112.107 Mobile Safari/537.36"
207.244.236.48 - - [15/Apr/2025:18:29:19 -0400] "GET /wordfence-waf.php HTTP/1.1" 404 16534 "-" "Mozilla/5.0 (Linux; Android 7.0; SM-G892A Build/NRD90M; wv) AppleWebKit/537.36 (KHTML, like Gecko) Version/4.0 Chrome/60.0.3112.107 Mobile Safari/537.36"
207.244.236.48 - - [15/Apr/2025:18:29:22 -0400] "GET /evil.php HTTP/1.1" 404 16534 "-" "Mozilla/5.0 (Linux; Android 7.0; SM-G892A Build/NRD90M; wv) AppleWebKit/537.36 (KHTML, like Gecko) Version/4.0 Chrome/60.0.3112.107 Mobile Safari/537.36"
207.244.236.48 - - [15/Apr/2025:18:29:25 -0400] "GET /wp-content/about.php HTTP/1.1" 404 16534 "-" "Mozilla/5.0 (Linux; Android 7.0; SM-G892A Build/NRD90M; wv) AppleWebKit/537.36 (KHTML, like Gecko) Version/4.0 Chrome/60.0.3112.107 Mobile Safari/537.36"
207.244.236.48 - - [15/Apr/2025:18:29:30 -0400] "GET /wp-backdoor.php HTTP/1.1" 404 16534 "-" "Mozilla/5.0 (Linux; Android 7.0; SM-G892A Build/NRD90M; wv) AppleWebKit/537.36 (KHTML, like Gecko) Version/4.0 Chrome/60.0.3112.107 Mobile Safari/537.36"
207.244.236.48 - - [15/Apr/2025:18:29:33 -0400] "GET /malicious.php HTTP/1.1" 404 16534 "-" "Mozilla/5.0 (Linux; Android 7.0; SM-G892A Build/NRD90M; wv) AppleWebKit/537.36 (KHTML, like Gecko) Version/4.0 Chrome/60.0.3112.107 Mobile Safari/537.36"
207.244.236.48 - - [15/Apr/2025:18:29:35 -0400] "GET /backdoor.php HTTP/1.1" 404 16534 "-" "Mozilla/5.0 (Linux; Android 7.0; SM-G892A Build/NRD90M; wv) AppleWebKit/537.36 (KHTML, like Gecko) Version/4.0 Chrome/60.0.3112.107 Mobile Safari/537.36"
207.244.236.48 - - [15/Apr/2025:18:29:40 -0400] "GET /evil-backdoor.php HTTP/1.1" 404 16534 "-" "Mozilla/5.0 (Linux; Android 7.0; SM-G892A Build/NRD90M; wv) AppleWebKit/537.36 (KHTML, like Gecko) Version/4.0 Chrome/60.0.3112.107 Mobile Safari/537.36"
198.54.114.83 - - [15/Apr/2025:18:29:43 -0400] "POST /wp-cron.php?doing_wp_cron=1744756183.1484229564666748046875 HTTP/1.1" 200 0 "-" "WordPress/6.7.2; https://shahmeenaindustry.com"
207.244.236.48 - - [15/Apr/2025:18:29:42 -0400] "GET /erin1.PhP7 HTTP/1.1" 404 16534 "-" "Mozilla/5.0 (Linux; Android 7.0; SM-G892A Build/NRD90M; wv) AppleWebKit/537.36 (KHTML, like Gecko) Version/4.0 Chrome/60.0.3112.107 Mobile Safari/537.36"
207.244.236.48 - - [15/Apr/2025:18:29:48 -0400] "GET /cache.php HTTP/1.1" 404 16534 "-" "Mozilla/5.0 (Linux; Android 7.0; SM-G892A Build/NRD90M; wv) AppleWebKit/537.36 (KHTML, like Gecko) Version/4.0 Chrome/60.0.3112.107 Mobile Safari/537.36"
207.244.236.48 - - [15/Apr/2025:18:29:50 -0400] "GET /backup.php HTTP/1.1" 404 16534 "-" "Mozilla/5.0 (Linux; Android 7.0; SM-G892A Build/NRD90M; wv) AppleWebKit/537.36 (KHTML, like Gecko) Version/4.0 Chrome/60.0.3112.107 Mobile Safari/537.36"
207.244.236.48 - - [15/Apr/2025:18:29:53 -0400] "GET /exploit.php HTTP/1.1" 404 16534 "-" "Mozilla/5.0 (Linux; Android 7.0; SM-G892A Build/NRD90M; wv) AppleWebKit/537.36 (KHTML, like Gecko) Version/4.0 Chrome/60.0.3112.107 Mobile Safari/537.36"
207.244.236.48 - - [15/Apr/2025:18:29:55 -0400] "GET /spam.php HTTP/1.1" 404 16534 "-" "Mozilla/5.0 (Linux; Android 7.0; SM-G892A Build/NRD90M; wv) AppleWebKit/537.36 (KHTML, like Gecko) Version/4.0 Chrome/60.0.3112.107 Mobile Safari/537.36"
198.54.114.91 - - [15/Apr/2025:18:31:51 -0400] "POST /wp-login.php HTTP/1.1" 200 0 "http://shahmeenaindustry.com" "Mozilla/5.0 (Windows NT 10.0; Win64; x64) AppleWebKit/537.36 (KHTML, like Gecko) Chrome/126.0.0.0 Safari/537.36"
198.54.114.83 - - [15/Apr/2025:18:32:03 -0400] "POST /wp-cron.php?doing_wp_cron=1744756319.7371790409088134765625 HTTP/1.1" 200 0 "-" "WordPress/6.7.2; https://shahmeenaindustry.com"
124.222.113.25 - - [15/Apr/2025:18:43:20 -0400] "POST /wp-login.php HTTP/1.1" 302 0 "http://shahmeenaindustry.com" "Mozilla/5.0 (Macintosh; Intel Mac OS X 10_15_7; rv:127.0) Gecko/20100101 Firefox/127.0"
198.54.114.83 - - [15/Apr/2025:18:43:28 -0400] "POST /wp-cron.php?doing_wp_cron=1744757006.8287129402160644531250 HTTP/1.1" 200 0 "-" "WordPress/6.7.2; https://shahmeenaindustry.com"
138.128.162.50 - - [15/Apr/2025:18:54:58 -0400] "POST /wp-login.php HTTP/1.1" 302 0 "http://shahmeenaindustry.com" "Mozilla/5.0 (Macintosh; Intel Mac OS X 10_15_7) AppleWebKit/537.36 (KHTML, like Gecko) Chrome/113.0.5672.93 Safari/537.36"
198.54.114.83 - - [15/Apr/2025:18:55:02 -0400] "POST /wp-cron.php?doing_wp_cron=1744757700.1176519393920898437500 HTTP/1.1" 200 0 "-" "WordPress/6.7.2; https://shahmeenaindustry.com"
46.246.8.96 - - [15/Apr/2025:18:58:59 -0400] "GET /cbd-shop-uk-review/ HTTP/1.1" 200 23134 "http://shahmeenaindustry.com/cbd-shop-uk-review/" "Mozilla/5.0 (Windows NT 10.0; Win64; x64) AppleWebKit/537.36 (KHTML, like Gecko) Chrome/131.0.0.0 Safari/537.36"
198.54.114.83 - - [15/Apr/2025:18:59:08 -0400] "POST /wp-cron.php?doing_wp_cron=1744757946.9254419803619384765625 HTTP/1.1" 200 0 "-" "WordPress/6.7.2; https://shahmeenaindustry.com"
46.246.8.96 - - [15/Apr/2025:18:59:01 -0400] "POST /wp-comments-post.php HTTP/1.1" 302 0 "http://shahmeenaindustry.com/cbd-shop-uk-review/" "Mozilla/5.0 (Windows NT 10.0; Win64; x64) AppleWebKit/537.36 (KHTML, like Gecko) Chrome/131.0.0.0 Safari/537.36"
2a01:239:3bb:8a00::1 - - [15/Apr/2025:18:59:57 -0400] "GET /wp-content/plugins/WordPressCore/include.php HTTP/1.1" 404 16534 "www.google.com" "Mozilla/5.0 (Linux; Android 7.0; SM-G892A Build/NRD90M; wv) AppleWebKit/537.36 (KHTML, like Gecko) Version/4.0 Chrome/60.0.3112.107 Mobile Safari/537.36"
2a01:239:3bb:8a00::1 - - [15/Apr/2025:19:00:30 -0400] "GET /simple.php HTTP/1.1" 404 16534 "www.google.com" "Mozilla/5.0 (Linux; Android 7.0; SM-G892A Build/NRD90M; wv) AppleWebKit/537.36 (KHTML, like Gecko) Version/4.0 Chrome/60.0.3112.107 Mobile Safari/537.36"
154.83.103.135 - - [15/Apr/2025:19:01:03 -0400] "GET /.git/HEAD HTTP/1.1" 403 1242 "-" "-"
154.83.103.135 - - [15/Apr/2025:19:01:33 -0400] "GET / HTTP/1.1" 200 24665 "-" "Mozilla/5.0 (Windows NT 10.0; Win64; x64) AppleWebKit/537.36 (KHTML, like Gecko) Chrome/91.0.4472.124 Safari/537.36"
154.83.103.135 - - [15/Apr/2025:19:01:43 -0400] "GET /.env HTTP/1.1" 403 1242 "-" "Mozilla/5.0 (Windows NT 10.0; Win64; x64) AppleWebKit/537.36 (KHTML, like Gecko) Chrome/91.0.4472.124 Safari/537.36"
154.83.103.135 - - [15/Apr/2025:19:01:52 -0400] "GET /phpinfo HTTP/1.1" 404 16534 "-" "Mozilla/5.0 (Windows NT 10.0; Win64; x64) AppleWebKit/537.36 (KHTML, like Gecko) Chrome/91.0.4472.124 Safari/537.36"
154.83.103.135 - - [15/Apr/2025:19:01:55 -0400] "GET /phpinfo.php HTTP/1.1" 404 16534 "-" "Mozilla/5.0 (Windows NT 10.0; Win64; x64) AppleWebKit/537.36 (KHTML, like Gecko) Chrome/91.0.4472.124 Safari/537.36"
154.83.103.135 - - [15/Apr/2025:19:02:07 -0400] "GET /portal/.env HTTP/1.1" 403 1242 "-" "Mozilla/5.0 (Windows NT 10.0; Win64; x64) AppleWebKit/537.36 (KHTML, like Gecko) Chrome/91.0.4472.124 Safari/537.36"
154.83.103.135 - - [15/Apr/2025:19:02:10 -0400] "GET /env/.env HTTP/1.1" 403 1242 "-" "Mozilla/5.0 (Windows NT 10.0; Win64; x64) AppleWebKit/537.36 (KHTML, like Gecko) Chrome/91.0.4472.124 Safari/537.36"
154.83.103.135 - - [15/Apr/2025:19:02:11 -0400] "GET /api/.env HTTP/1.1" 403 1242 "-" "Mozilla/5.0 (Windows NT 10.0; Win64; x64) AppleWebKit/537.36 (KHTML, like Gecko) Chrome/91.0.4472.124 Safari/537.36"
154.83.103.135 - - [15/Apr/2025:19:02:12 -0400] "GET /app/.env HTTP/1.1" 403 1242 "-" "Mozilla/5.0 (Windows NT 10.0; Win64; x64) AppleWebKit/537.36 (KHTML, like Gecko) Chrome/91.0.4472.124 Safari/537.36"
154.83.103.135 - - [15/Apr/2025:19:02:14 -0400] "GET /dev/.env HTTP/1.1" 403 1242 "-" "Mozilla/5.0 (Windows NT 10.0; Win64; x64) AppleWebKit/537.36 (KHTML, like Gecko) Chrome/91.0.4472.124 Safari/537.36"
154.83.103.135 - - [15/Apr/2025:19:02:17 -0400] "GET /new/.env HTTP/1.1" 403 1242 "-" "Mozilla/5.0 (Windows NT 10.0; Win64; x64) AppleWebKit/537.36 (KHTML, like Gecko) Chrome/91.0.4472.124 Safari/537.36"
154.83.103.135 - - [15/Apr/2025:19:02:18 -0400] "GET /new/.env.local HTTP/1.1" 403 1242 "-" "Mozilla/5.0 (Windows NT 10.0; Win64; x64) AppleWebKit/537.36 (KHTML, like Gecko) Chrome/91.0.4472.124 Safari/537.36"
154.83.103.135 - - [15/Apr/2025:19:02:20 -0400] "GET /new/.env.production HTTP/1.1" 403 1242 "-" "Mozilla/5.0 (Windows NT 10.0; Win64; x64) AppleWebKit/537.36 (KHTML, like Gecko) Chrome/91.0.4472.124 Safari/537.36"
154.83.103.135 - - [15/Apr/2025:19:02:21 -0400] "GET /new/.env.staging HTTP/1.1" 403 1242 "-" "Mozilla/5.0 (Windows NT 10.0; Win64; x64) AppleWebKit/537.36 (KHTML, like Gecko) Chrome/91.0.4472.124 Safari/537.36"
154.83.103.135 - - [15/Apr/2025:19:02:22 -0400] "GET /_phpinfo.php HTTP/1.1" 404 16534 "-" "Mozilla/5.0 (Windows NT 10.0; Win64; x64) AppleWebKit/537.36 (KHTML, like Gecko) Chrome/91.0.4472.124 Safari/537.36"
198.54.114.83 - - [15/Apr/2025:19:02:47 -0400] "POST /wp-cron.php?doing_wp_cron=1744758166.5180659294128417968750 HTTP/1.1" 200 0 "-" "WordPress/6.7.2; https://shahmeenaindustry.com"
154.83.103.135 - - [15/Apr/2025:19:02:46 -0400] "GET /_profiler/phpinfo HTTP/1.1" 404 16534 "-" "Mozilla/5.0 (Windows NT 10.0; Win64; x64) AppleWebKit/537.36 (KHTML, like Gecko) Chrome/91.0.4472.124 Safari/537.36"
154.83.103.135 - - [15/Apr/2025:19:02:58 -0400] "GET /_profiler/phpinfo/info.php HTTP/1.1" 404 16534 "-" "Mozilla/5.0 (Windows NT 10.0; Win64; x64) AppleWebKit/537.36 (KHTML, like Gecko) Chrome/91.0.4472.124 Safari/537.36"
154.83.103.135 - - [15/Apr/2025:19:03:10 -0400] "GET /_profiler/phpinfo/phpinfo.php HTTP/1.1" 404 16534 "-" "Mozilla/5.0 (Windows NT 10.0; Win64; x64) AppleWebKit/537.36 (KHTML, like Gecko) Chrome/91.0.4472.124 Safari/537.36"
135.235.166.5 - - [15/Apr/2025:19:03:16 -0400] "GET /wp-admin/css/ HTTP/1.1" 403 1242 "binance.com" "Mozilla/5.0 (Windows NT 10.0; Win64; x64) AppleWebKit/537.36 (KHTML, like Gecko) Chrome/90.0.4430.85 Safari/537.36"
198.54.114.83 - - [15/Apr/2025:19:03:43 -0400] "POST /wp-cron.php?doing_wp_cron=1744758223.1039149761199951171875 HTTP/1.1" 200 0 "-" "WordPress/6.7.2; https://shahmeenaindustry.com"
154.83.103.135 - - [15/Apr/2025:19:03:42 -0400] "GET /wp-config HTTP/1.1" 404 16534 "-" "Mozilla/5.0 (Windows NT 10.0; Win64; x64) AppleWebKit/537.36 (KHTML, like Gecko) Chrome/91.0.4472.124 Safari/537.36"
154.83.103.135 - - [15/Apr/2025:19:03:47 -0400] "GET /test HTTP/1.1" 404 16534 "-" "Mozilla/5.0 (Windows NT 10.0; Win64; x64) AppleWebKit/537.36 (KHTML, like Gecko) Chrome/91.0.4472.124 Safari/537.36"
154.83.103.135 - - [15/Apr/2025:19:03:50 -0400] "GET /aws-secret.yaml HTTP/1.1" 404 16534 "-" "Mozilla/5.0 (Windows NT 10.0; Win64; x64) AppleWebKit/537.36 (KHTML, like Gecko) Chrome/91.0.4472.124 Safari/537.36"
154.83.103.135 - - [15/Apr/2025:19:03:52 -0400] "GET /awstats/.env HTTP/1.1" 403 1242 "-" "Mozilla/5.0 (Windows NT 10.0; Win64; x64) AppleWebKit/537.36 (KHTML, like Gecko) Chrome/91.0.4472.124 Safari/537.36"
154.83.103.135 - - [15/Apr/2025:19:03:54 -0400] "GET /conf/.env HTTP/1.1" 404 16534 "-" "Mozilla/5.0 (Windows NT 10.0; Win64; x64) AppleWebKit/537.36 (KHTML, like Gecko) Chrome/91.0.4472.124 Safari/537.36"
154.83.103.135 - - [15/Apr/2025:19:04:07 -0400] "GET /uploads/.env HTTP/1.1" 403 1242 "-" "Mozilla/5.0 (Windows NT 10.0; Win64; x64) AppleWebKit/537.36 (KHTML, like Gecko) Chrome/91.0.4472.124 Safari/537.36"
154.83.103.135 - - [15/Apr/2025:19:04:15 -0400] "GET /cron/.env HTTP/1.1" 403 1242 "-" "Mozilla/5.0 (Windows NT 10.0; Win64; x64) AppleWebKit/537.36 (KHTML, like Gecko) Chrome/91.0.4472.124 Safari/537.36"
154.83.103.135 - - [15/Apr/2025:19:04:19 -0400] "GET /www/.env HTTP/1.1" 403 1242 "-" "Mozilla/5.0 (Windows NT 10.0; Win64; x64) AppleWebKit/537.36 (KHTML, like Gecko) Chrome/91.0.4472.124 Safari/537.36"
154.83.103.135 - - [15/Apr/2025:19:04:35 -0400] "GET /docker/.env HTTP/1.1" 403 1242 "-" "Mozilla/5.0 (Windows NT 10.0; Win64; x64) AppleWebKit/537.36 (KHTML, like Gecko) Chrome/91.0.4472.124 Safari/537.36"
154.83.103.135 - - [15/Apr/2025:19:04:47 -0400] "GET /docker/app/.env HTTP/1.1" 403 1242 "-" "Mozilla/5.0 (Windows NT 10.0; Win64; x64) AppleWebKit/537.36 (KHTML, like Gecko) Chrome/91.0.4472.124 Safari/537.36"
198.54.114.83 - - [15/Apr/2025:19:04:51 -0400] "POST /wp-cron.php?doing_wp_cron=1744758290.8552849292755126953125 HTTP/1.1" 200 0 "-" "WordPress/6.7.2; https://shahmeenaindustry.com"
154.83.103.135 - - [15/Apr/2025:19:04:49 -0400] "GET /env.backup HTTP/1.1" 404 16534 "-" "Mozilla/5.0 (Windows NT 10.0; Win64; x64) AppleWebKit/537.36 (KHTML, like Gecko) Chrome/91.0.4472.124 Safari/537.36"
154.83.103.135 - - [15/Apr/2025:19:04:55 -0400] "GET /xampp/phpinfo.php HTTP/1.1" 404 16534 "-" "Mozilla/5.0 (Windows NT 10.0; Win64; x64) AppleWebKit/537.36 (KHTML, like Gecko) Chrome/91.0.4472.124 Safari/537.36"
154.83.103.135 - - [15/Apr/2025:19:05:01 -0400] "GET /lara/info.php HTTP/1.1" 404 16534 "-" "Mozilla/5.0 (Windows NT 10.0; Win64; x64) AppleWebKit/537.36 (KHTML, like Gecko) Chrome/91.0.4472.124 Safari/537.36"
154.83.103.135 - - [15/Apr/2025:19:05:06 -0400] "GET /lara/phpinfo.php HTTP/1.1" 404 16534 "-" "Mozilla/5.0 (Windows NT 10.0; Win64; x64) AppleWebKit/537.36 (KHTML, like Gecko) Chrome/91.0.4472.124 Safari/537.36"
154.83.103.135 - - [15/Apr/2025:19:05:10 -0400] "GET /laravel/info.php HTTP/1.1" 404 16534 "-" "Mozilla/5.0 (Windows NT 10.0; Win64; x64) AppleWebKit/537.36 (KHTML, like Gecko) Chrome/91.0.4472.124 Safari/537.36"
154.83.103.135 - - [15/Apr/2025:19:05:14 -0400] "GET /.vscode/.env HTTP/1.1" 403 1242 "-" "Mozilla/5.0 (Windows NT 10.0; Win64; x64) AppleWebKit/537.36 (KHTML, like Gecko) Chrome/91.0.4472.124 Safari/537.36"
154.83.103.135 - - [15/Apr/2025:19:05:31 -0400] "GET /js/.env HTTP/1.1" 403 1242 "-" "Mozilla/5.0 (Windows NT 10.0; Win64; x64) AppleWebKit/537.36 (KHTML, like Gecko) Chrome/91.0.4472.124 Safari/537.36"
154.83.103.135 - - [15/Apr/2025:19:05:32 -0400] "GET /laravel/.env HTTP/1.1" 403 1242 "-" "Mozilla/5.0 (Windows NT 10.0; Win64; x64) AppleWebKit/537.36 (KHTML, like Gecko) Chrome/91.0.4472.124 Safari/537.36"
154.83.103.135 - - [15/Apr/2025:19:05:35 -0400] "GET /laravel/core/.env HTTP/1.1" 403 1242 "-" "Mozilla/5.0 (Windows NT 10.0; Win64; x64) AppleWebKit/537.36 (KHTML, like Gecko) Chrome/91.0.4472.124 Safari/537.36"
154.83.103.135 - - [15/Apr/2025:19:05:37 -0400] "GET /mail/.env HTTP/1.1" 403 1242 "-" "Mozilla/5.0 (Windows NT 10.0; Win64; x64) AppleWebKit/537.36 (KHTML, like Gecko) Chrome/91.0.4472.124 Safari/537.36"
154.83.103.135 - - [15/Apr/2025:19:05:55 -0400] "GET /mailer/.env HTTP/1.1" 403 1242 "-" "Mozilla/5.0 (Windows NT 10.0; Win64; x64) AppleWebKit/537.36 (KHTML, like Gecko) Chrome/91.0.4472.124 Safari/537.36"
154.83.103.135 - - [15/Apr/2025:19:05:58 -0400] "GET /nginx/.env HTTP/1.1" 403 1242 "-" "Mozilla/5.0 (Windows NT 10.0; Win64; x64) AppleWebKit/537.36 (KHTML, like Gecko) Chrome/91.0.4472.124 Safari/537.36"
154.83.103.135 - - [15/Apr/2025:19:06:01 -0400] "GET /public/.env HTTP/1.1" 403 1242 "-" "Mozilla/5.0 (Windows NT 10.0; Win64; x64) AppleWebKit/537.36 (KHTML, like Gecko) Chrome/91.0.4472.124 Safari/537.36"
198.54.114.83 - - [15/Apr/2025:19:06:15 -0400] "POST /wp-cron.php?doing_wp_cron=1744758373.2396020889282226562500 HTTP/1.1" 200 0 "-" "WordPress/6.7.2; https://shahmeenaindustry.com"
154.83.103.135 - - [15/Apr/2025:19:06:12 -0400] "GET /site/.env HTTP/1.1" 404 16533 "-" "Mozilla/5.0 (Windows NT 10.0; Win64; x64) AppleWebKit/537.36 (KHTML, like Gecko) Chrome/91.0.4472.124 Safari/537.36"
154.83.103.135 - - [15/Apr/2025:19:06:18 -0400] "GET /xampp/.env HTTP/1.1" 403 1242 "-" "Mozilla/5.0 (Windows NT 10.0; Win64; x64) AppleWebKit/537.36 (KHTML, like Gecko) Chrome/91.0.4472.124 Safari/537.36"
154.83.103.135 - - [15/Apr/2025:19:06:22 -0400] "GET /.docker/laravel/app/.env HTTP/1.1" 403 1242 "-" "Mozilla/5.0 (Windows NT 10.0; Win64; x64) AppleWebKit/537.36 (KHTML, like Gecko) Chrome/91.0.4472.124 Safari/537.36"
154.83.103.135 - - [15/Apr/2025:19:06:33 -0400] "GET /laravel/.env.local HTTP/1.1" 403 1242 "-" "Mozilla/5.0 (Windows NT 10.0; Win64; x64) AppleWebKit/537.36 (KHTML, like Gecko) Chrome/91.0.4472.124 Safari/537.36"
154.83.103.135 - - [15/Apr/2025:19:06:36 -0400] "GET /laravel/.env.production HTTP/1.1" 403 1242 "-" "Mozilla/5.0 (Windows NT 10.0; Win64; x64) AppleWebKit/537.36 (KHTML, like Gecko) Chrome/91.0.4472.124 Safari/537.36"
154.83.103.135 - - [15/Apr/2025:19:06:40 -0400] "GET /laravel/.env.staging HTTP/1.1" 403 1242 "-" "Mozilla/5.0 (Windows NT 10.0; Win64; x64) AppleWebKit/537.36 (KHTML, like Gecko) Chrome/91.0.4472.124 Safari/537.36"
154.83.103.135 - - [15/Apr/2025:19:06:42 -0400] "GET /laravel/core/.env.local HTTP/1.1" 403 1242 "-" "Mozilla/5.0 (Windows NT 10.0; Win64; x64) AppleWebKit/537.36 (KHTML, like Gecko) Chrome/91.0.4472.124 Safari/537.36"
162.0.232.166 - - [15/Apr/2025:19:06:47 -0400] "POST /wp-login.php HTTP/1.1" 302 0 "http://shahmeenaindustry.com" "Mozilla/5.0 (Macintosh; Intel Mac OS X 14_6) AppleWebKit/605.1.15 (KHTML, like Gecko) Version/17.5 Safari/605.1.15"
154.83.103.135 - - [15/Apr/2025:19:06:55 -0400] "GET /laravel/core/.env.production HTTP/1.1" 403 1242 "-" "Mozilla/5.0 (Windows NT 10.0; Win64; x64) AppleWebKit/537.36 (KHTML, like Gecko) Chrome/91.0.4472.124 Safari/537.36"
154.83.103.135 - - [15/Apr/2025:19:06:58 -0400] "GET /laravel/core/.env.staging HTTP/1.1" 403 1242 "-" "Mozilla/5.0 (Windows NT 10.0; Win64; x64) AppleWebKit/537.36 (KHTML, like Gecko) Chrome/91.0.4472.124 Safari/537.36"
154.83.103.135 - - [15/Apr/2025:19:07:02 -0400] "GET /main/.env HTTP/1.1" 403 1242 "-" "Mozilla/5.0 (Windows NT 10.0; Win64; x64) AppleWebKit/537.36 (KHTML, like Gecko) Chrome/91.0.4472.124 Safari/537.36"
154.83.103.135 - - [15/Apr/2025:19:07:06 -0400] "GET /node_modules/.env HTTP/1.1" 403 1242 "-" "Mozilla/5.0 (Windows NT 10.0; Win64; x64) AppleWebKit/537.36 (KHTML, like Gecko) Chrome/91.0.4472.124 Safari/537.36"
154.83.103.135 - - [15/Apr/2025:19:07:07 -0400] "GET /_next/static/chunks/app HTTP/1.1" 404 16534 "-" "Mozilla/5.0 (Windows NT 10.0; Win64; x64) AppleWebKit/537.36 (KHTML, like Gecko) Chrome/91.0.4472.124 Safari/537.36"
154.83.103.135 - - [15/Apr/2025:19:07:12 -0400] "GET /user/libraries HTTP/1.1" 404 16534 "-" "Mozilla/5.0 (Windows NT 10.0; Win64; x64) AppleWebKit/537.36 (KHTML, like Gecko) Chrome/91.0.4472.124 Safari/537.36"
154.83.103.135 - - [15/Apr/2025:19:07:22 -0400] "GET /dist HTTP/1.1" 404 16534 "-" "Mozilla/5.0 (Windows NT 10.0; Win64; x64) AppleWebKit/537.36 (KHTML, like Gecko) Chrome/91.0.4472.124 Safari/537.36"
198.54.114.83 - - [15/Apr/2025:19:07:25 -0400] "POST /wp-cron.php?doing_wp_cron=1744758442.6774950027465820312500 HTTP/1.1" 200 0 "-" "WordPress/6.7.2; https://shahmeenaindustry.com"
154.83.103.135 - - [15/Apr/2025:19:07:58 -0400] "GET /backend/.env HTTP/1.1" 403 1242 "-" "Mozilla/5.0 (Windows NT 10.0; Win64; x64) AppleWebKit/537.36 (KHTML, like Gecko) Chrome/91.0.4472.124 Safari/537.36"
154.83.103.135 - - [15/Apr/2025:19:08:09 -0400] "GET /backend HTTP/1.1" 404 16534 "-" "Mozilla/5.0 (Windows NT 10.0; Win64; x64) AppleWebKit/537.36 (KHTML, like Gecko) Chrome/91.0.4472.124 Safari/537.36"
154.83.103.135 - - [15/Apr/2025:19:08:14 -0400] "GET /storage/logs/laravel.log HTTP/1.1" 404 16534 "-" "Mozilla/5.0 (Windows NT 10.0; Win64; x64) AppleWebKit/537.36 (KHTML, like Gecko) Chrome/91.0.4472.124 Safari/537.36"
154.83.103.135 - - [15/Apr/2025:19:08:24 -0400] "GET /storage/logs HTTP/1.1" 404 16534 "-" "Mozilla/5.0 (Windows NT 10.0; Win64; x64) AppleWebKit/537.36 (KHTML, like Gecko) Chrome/91.0.4472.124 Safari/537.36"
198.54.114.83 - - [15/Apr/2025:19:08:27 -0400] "POST /wp-cron.php?doing_wp_cron=1744758505.2112491130828857421875 HTTP/1.1" 200 0 "-" "WordPress/6.7.2; https://shahmeenaindustry.com"
154.83.103.135 - - [15/Apr/2025:19:08:41 -0400] "GET /api HTTP/1.1" 404 16534 "-" "Mozilla/5.0 (Windows NT 10.0; Win64; x64) AppleWebKit/537.36 (KHTML, like Gecko) Chrome/91.0.4472.124 Safari/537.36"
154.83.103.135 - - [15/Apr/2025:19:08:45 -0400] "GET /api/email_activity.php HTTP/1.1" 404 16534 "-" "Mozilla/5.0 (Windows NT 10.0; Win64; x64) AppleWebKit/537.36 (KHTML, like Gecko) Chrome/91.0.4472.124 Safari/537.36"
154.83.103.135 - - [15/Apr/2025:19:08:55 -0400] "GET /static/js HTTP/1.1" 404 16534 "-" "Mozilla/5.0 (Windows NT 10.0; Win64; x64) AppleWebKit/537.36 (KHTML, like Gecko) Chrome/91.0.4472.124 Safari/537.36"
154.83.103.135 - - [15/Apr/2025:19:08:58 -0400] "GET /api/account/sendgrid/update_contact.php HTTP/1.1" 404 16534 "-" "Mozilla/5.0 (Windows NT 10.0; Win64; x64) AppleWebKit/537.36 (KHTML, like Gecko) Chrome/91.0.4472.124 Safari/537.36"
154.83.103.135 - - [15/Apr/2025:19:09:02 -0400] "GET /api/account/sendgrid HTTP/1.1" 404 16534 "-" "Mozilla/5.0 (Windows NT 10.0; Win64; x64) AppleWebKit/537.36 (KHTML, like Gecko) Chrome/91.0.4472.124 Safari/537.36"
154.83.103.135 - - [15/Apr/2025:19:09:05 -0400] "GET /api/account HTTP/1.1" 404 16534 "-" "Mozilla/5.0 (Windows NT 10.0; Win64; x64) AppleWebKit/537.36 (KHTML, like Gecko) Chrome/91.0.4472.124 Safari/537.36"
154.83.103.135 - - [15/Apr/2025:19:09:08 -0400] "GET /backend/.env.example HTTP/1.1" 403 1242 "-" "Mozilla/5.0 (Windows NT 10.0; Win64; x64) AppleWebKit/537.36 (KHTML, like Gecko) Chrome/91.0.4472.124 Safari/537.36"
154.83.103.135 - - [15/Apr/2025:19:09:10 -0400] "GET /wp-content/themes/zero2one/includes/identityverification/functions.php HTTP/1.1" 404 16534 "-" "Mozilla/5.0 (Windows NT 10.0; Win64; x64) AppleWebKit/537.36 (KHTML, like Gecko) Chrome/91.0.4472.124 Safari/537.36"
198.54.114.83 - - [15/Apr/2025:19:09:28 -0400] "POST /wp-cron.php?doing_wp_cron=1744758567.6483709812164306640625 HTTP/1.1" 200 0 "-" "WordPress/6.7.2; https://shahmeenaindustry.com"
154.83.103.135 - - [15/Apr/2025:19:09:27 -0400] "GET /wp-content/themes/zero2one/includes/identityverification HTTP/1.1" 404 16534 "-" "Mozilla/5.0 (Windows NT 10.0; Win64; x64) AppleWebKit/537.36 (KHTML, like Gecko) Chrome/91.0.4472.124 Safari/537.36"
154.83.103.135 - - [15/Apr/2025:19:09:33 -0400] "GET /package HTTP/1.1" 404 16534 "-" "Mozilla/5.0 (Windows NT 10.0; Win64; x64) AppleWebKit/537.36 (KHTML, like Gecko) Chrome/91.0.4472.124 Safari/537.36"
198.54.114.83 - - [15/Apr/2025:19:09:35 -0400] "POST /wp-cron.php?doing_wp_cron=1744758574.0221989154815673828125 HTTP/1.1" 200 0 "-" "WordPress/6.7.2; https://shahmeenaindustry.com"
154.83.103.135 - - [15/Apr/2025:19:09:38 -0400] "GET /package/dynamic_js HTTP/1.1" 404 16534 "-" "Mozilla/5.0 (Windows NT 10.0; Win64; x64) AppleWebKit/537.36 (KHTML, like Gecko) Chrome/91.0.4472.124 Safari/537.36"
154.83.103.135 - - [15/Apr/2025:19:09:43 -0400] "GET /package/static_js HTTP/1.1" 404 16534 "-" "Mozilla/5.0 (Windows NT 10.0; Win64; x64) AppleWebKit/537.36 (KHTML, like Gecko) Chrome/91.0.4472.124 Safari/537.36"
154.83.103.135 - - [15/Apr/2025:19:09:47 -0400] "GET /sendgrid.env HTTP/1.1" 404 16534 "-" "Mozilla/5.0 (Windows NT 10.0; Win64; x64) AppleWebKit/537.36 (KHTML, like Gecko) Chrome/91.0.4472.124 Safari/537.36"
154.83.103.135 - - [15/Apr/2025:19:09:50 -0400] "GET /_nuxt HTTP/1.1" 404 16534 "-" "Mozilla/5.0 (Windows NT 10.0; Win64; x64) AppleWebKit/537.36 (KHTML, like Gecko) Chrome/91.0.4472.124 Safari/537.36"
154.83.103.135 - - [15/Apr/2025:19:09:55 -0400] "GET /scripts/twilio-chat HTTP/1.1" 404 16534 "-" "Mozilla/5.0 (Windows NT 10.0; Win64; x64) AppleWebKit/537.36 (KHTML, like Gecko) Chrome/91.0.4472.124 Safari/537.36"
154.83.103.135 - - [15/Apr/2025:19:10:07 -0400] "GET /scripts HTTP/1.1" 404 16534 "-" "Mozilla/5.0 (Windows NT 10.0; Win64; x64) AppleWebKit/537.36 (KHTML, like Gecko) Chrome/91.0.4472.124 Safari/537.36"
154.83.103.135 - - [15/Apr/2025:19:10:11 -0400] "GET /dynamic_js HTTP/1.1" 404 16534 "-" "Mozilla/5.0 (Windows NT 10.0; Win64; x64) AppleWebKit/537.36 (KHTML, like Gecko) Chrome/91.0.4472.124 Safari/537.36"
154.83.103.135 - - [15/Apr/2025:19:10:16 -0400] "GET /laravel HTTP/1.1" 404 16534 "-" "Mozilla/5.0 (Windows NT 10.0; Win64; x64) AppleWebKit/537.36 (KHTML, like Gecko) Chrome/91.0.4472.124 Safari/537.36"
154.83.103.135 - - [15/Apr/2025:19:10:18 -0400] "GET /cronlab/.env HTTP/1.1" 403 1242 "-" "Mozilla/5.0 (Windows NT 10.0; Win64; x64) AppleWebKit/537.36 (KHTML, like Gecko) Chrome/91.0.4472.124 Safari/537.36"
154.83.103.135 - - [15/Apr/2025:19:10:20 -0400] "GET /cronlab HTTP/1.1" 404 16534 "-" "Mozilla/5.0 (Windows NT 10.0; Win64; x64) AppleWebKit/537.36 (KHTML, like Gecko) Chrome/91.0.4472.124 Safari/537.36"
154.83.103.135 - - [15/Apr/2025:19:10:29 -0400] "GET /core/.env HTTP/1.1" 403 1242 "-" "Mozilla/5.0 (Windows NT 10.0; Win64; x64) AppleWebKit/537.36 (KHTML, like Gecko) Chrome/91.0.4472.124 Safari/537.36"
154.83.103.135 - - [15/Apr/2025:19:10:32 -0400] "GET /.env.bak HTTP/1.1" 403 1242 "-" "Mozilla/5.0 (Windows NT 10.0; Win64; x64) AppleWebKit/537.36 (KHTML, like Gecko) Chrome/91.0.4472.124 Safari/537.36"
198.54.114.83 - - [15/Apr/2025:19:10:37 -0400] "POST /wp-cron.php?doing_wp_cron=1744758635.0769069194793701171875 HTTP/1.1" 200 0 "-" "WordPress/6.7.2; https://shahmeenaindustry.com"
154.83.103.135 - - [15/Apr/2025:19:10:34 -0400] "GET /server.js HTTP/1.1" 404 16534 "-" "Mozilla/5.0 (Windows NT 10.0; Win64; x64) AppleWebKit/537.36 (KHTML, like Gecko) Chrome/91.0.4472.124 Safari/537.36"
154.83.103.135 - - [15/Apr/2025:19:10:41 -0400] "GET /config/settings.json HTTP/1.1" 404 16534 "-" "Mozilla/5.0 (Windows NT 10.0; Win64; x64) AppleWebKit/537.36 (KHTML, like Gecko) Chrome/91.0.4472.124 Safari/537.36"
154.83.103.135 - - [15/Apr/2025:19:10:47 -0400] "GET /admin/.env HTTP/1.1" 403 1242 "-" "Mozilla/5.0 (Windows NT 10.0; Win64; x64) AppleWebKit/537.36 (KHTML, like Gecko) Chrome/91.0.4472.124 Safari/537.36"
154.83.103.135 - - [15/Apr/2025:19:10:50 -0400] "GET /.env.save HTTP/1.1" 403 1242 "-" "Mozilla/5.0 (Windows NT 10.0; Win64; x64) AppleWebKit/537.36 (KHTML, like Gecko) Chrome/91.0.4472.124 Safari/537.36"
154.83.103.135 - - [15/Apr/2025:19:10:52 -0400] "GET /info HTTP/1.1" 404 16534 "-" "Mozilla/5.0 (Windows NT 10.0; Win64; x64) AppleWebKit/537.36 (KHTML, like Gecko) Chrome/91.0.4472.124 Safari/537.36"
154.83.103.135 - - [15/Apr/2025:19:10:58 -0400] "GET /config/.env HTTP/1.1" 403 1242 "-" "Mozilla/5.0 (Windows NT 10.0; Win64; x64) AppleWebKit/537.36 (KHTML, like Gecko) Chrome/91.0.4472.124 Safari/537.36"
154.83.103.135 - - [15/Apr/2025:19:11:03 -0400] "GET /config/ HTTP/1.1" 404 16534 "-" "Mozilla/5.0 (Windows NT 10.0; Win64; x64) AppleWebKit/537.36 (KHTML, like Gecko) Chrome/91.0.4472.124 Safari/537.36"
154.83.103.135 - - [15/Apr/2025:19:11:09 -0400] "GET /core/ HTTP/1.1" 404 16532 "-" "Mozilla/5.0 (Windows NT 10.0; Win64; x64) AppleWebKit/537.36 (KHTML, like Gecko) Chrome/91.0.4472.124 Safari/537.36"
154.83.103.135 - - [15/Apr/2025:19:11:15 -0400] "GET /api/ HTTP/1.1" 404 16534 "-" "Mozilla/5.0 (Windows NT 10.0; Win64; x64) AppleWebKit/537.36 (KHTML, like Gecko) Chrome/91.0.4472.124 Safari/537.36"
154.83.103.135 - - [15/Apr/2025:19:11:32 -0400] "GET /config.js HTTP/1.1" 404 16534 "-" "Mozilla/5.0 (Windows NT 10.0; Win64; x64) AppleWebKit/537.36 (KHTML, like Gecko) Chrome/91.0.4472.124 Safari/537.36"
154.83.103.135 - - [15/Apr/2025:19:11:55 -0400] "GET /index.php?=phpinfo() HTTP/1.1" 301 0 "-" "Mozilla/5.0 (Windows NT 10.0; Win64; x64) AppleWebKit/537.36 (KHTML, like Gecko) Chrome/91.0.4472.124 Safari/537.36"
154.83.103.135 - - [15/Apr/2025:19:12:05 -0400] "GET /?=phpinfo() HTTP/1.1" 200 24666 "-" "Mozilla/5.0 (Windows NT 10.0; Win64; x64) AppleWebKit/537.36 (KHTML, like Gecko) Chrome/91.0.4472.124 Safari/537.36"
154.83.103.135 - - [15/Apr/2025:19:12:24 -0400] "GET /scripts/twilio-chat/chat.js HTTP/1.1" 404 16534 "-" "Mozilla/5.0 (Windows NT 10.0; Win64; x64) AppleWebKit/537.36 (KHTML, like Gecko) Chrome/91.0.4472.124 Safari/537.36"
154.83.103.135 - - [15/Apr/2025:19:12:33 -0400] "GET /cronlab/.env HTTP/1.1" 403 1242 "-" "Mozilla/5.0 (Windows NT 10.0; Win64; x64) AppleWebKit/537.36 (KHTML, like Gecko) Chrome/91.0.4472.124 Safari/537.36"
154.83.103.135 - - [15/Apr/2025:19:12:39 -0400] "GET /xampp/.env HTTP/1.1" 403 1242 "-" "Mozilla/5.0 (Windows NT 10.0; Win64; x64) AppleWebKit/537.36 (KHTML, like Gecko) Chrome/91.0.4472.124 Safari/537.36"
154.83.103.135 - - [15/Apr/2025:19:12:43 -0400] "GET /.remote HTTP/1.1" 404 16534 "-" "Mozilla/5.0 (Windows NT 10.0; Win64; x64) AppleWebKit/537.36 (KHTML, like Gecko) Chrome/91.0.4472.124 Safari/537.36"
154.83.103.135 - - [15/Apr/2025:19:12:54 -0400] "GET /storage/.env HTTP/1.1" 403 1242 "-" "Mozilla/5.0 (Windows NT 10.0; Win64; x64) AppleWebKit/537.36 (KHTML, like Gecko) Chrome/91.0.4472.124 Safari/537.36"
154.83.103.135 - - [15/Apr/2025:19:12:58 -0400] "GET /server.js HTTP/1.1" 404 16534 "-" "Mozilla/5.0 (Windows NT 10.0; Win64; x64) AppleWebKit/537.36 (KHTML, like Gecko) Chrome/91.0.4472.124 Safari/537.36"
154.83.103.135 - - [15/Apr/2025:19:13:04 -0400] "GET /?url=/etc/environment HTTP/1.1" 403 1242 "-" "Mozilla/5.0 (Windows NT 10.0; Win64; x64) AppleWebKit/537.36 (KHTML, like Gecko) Chrome/91.0.4472.124 Safari/537.36"
154.83.103.135 - - [15/Apr/2025:19:13:08 -0400] "GET /?url=/var/www/html/.env HTTP/1.1" 403 1242 "-" "Mozilla/5.0 (Windows NT 10.0; Win64; x64) AppleWebKit/537.36 (KHTML, like Gecko) Chrome/91.0.4472.124 Safari/537.36"
154.83.103.135 - - [15/Apr/2025:19:13:15 -0400] "GET /?url=/var/www/.env HTTP/1.1" 403 1242 "-" "Mozilla/5.0 (Windows NT 10.0; Win64; x64) AppleWebKit/537.36 (KHTML, like Gecko) Chrome/91.0.4472.124 Safari/537.36"
154.83.103.135 - - [15/Apr/2025:19:13:20 -0400] "GET /?url=/www/.env HTTP/1.1" 403 1242 "-" "Mozilla/5.0 (Windows NT 10.0; Win64; x64) AppleWebKit/537.36 (KHTML, like Gecko) Chrome/91.0.4472.124 Safari/537.36"
154.83.103.135 - - [15/Apr/2025:19:13:30 -0400] "GET /?url=/app/.env HTTP/1.1" 403 1242 "-" "Mozilla/5.0 (Windows NT 10.0; Win64; x64) AppleWebKit/537.36 (KHTML, like Gecko) Chrome/91.0.4472.124 Safari/537.36"
154.83.103.135 - - [15/Apr/2025:19:13:35 -0400] "GET /?url=/config/.env HTTP/1.1" 403 1242 "-" "Mozilla/5.0 (Windows NT 10.0; Win64; x64) AppleWebKit/537.36 (KHTML, like Gecko) Chrome/91.0.4472.124 Safari/537.36"
154.83.103.135 - - [15/Apr/2025:19:13:38 -0400] "GET /?url=/home/user/.env HTTP/1.1" 403 1242 "-" "Mozilla/5.0 (Windows NT 10.0; Win64; x64) AppleWebKit/537.36 (KHTML, like Gecko) Chrome/91.0.4472.124 Safari/537.36"
154.83.103.135 - - [15/Apr/2025:19:13:40 -0400] "GET /?url=/var/www/html/config.json HTTP/1.1" 200 24696 "-" "Mozilla/5.0 (Windows NT 10.0; Win64; x64) AppleWebKit/537.36 (KHTML, like Gecko) Chrome/91.0.4472.124 Safari/537.36"
154.83.103.135 - - [15/Apr/2025:19:13:44 -0400] "GET /?url=/var/www/config.json HTTP/1.1" 200 24693 "-" "Mozilla/5.0 (Windows NT 10.0; Win64; x64) AppleWebKit/537.36 (KHTML, like Gecko) Chrome/91.0.4472.124 Safari/537.36"
154.83.103.135 - - [15/Apr/2025:19:13:51 -0400] "GET /?url=/var/www/html/config.yaml HTTP/1.1" 200 24697 "-" "Mozilla/5.0 (Windows NT 10.0; Win64; x64) AppleWebKit/537.36 (KHTML, like Gecko) Chrome/91.0.4472.124 Safari/537.36"
154.83.103.135 - - [15/Apr/2025:19:13:55 -0400] "GET /?url=/var/www/html/config.yml HTTP/1.1" 200 24697 "-" "Mozilla/5.0 (Windows NT 10.0; Win64; x64) AppleWebKit/537.36 (KHTML, like Gecko) Chrome/91.0.4472.124 Safari/537.36"
154.83.103.135 - - [15/Apr/2025:19:14:14 -0400] "GET /?url=/var/www/html/config.php HTTP/1.1" 200 24656 "-" "Mozilla/5.0 (Windows NT 10.0; Win64; x64) AppleWebKit/537.36 (KHTML, like Gecko) Chrome/91.0.4472.124 Safari/537.36"
198.54.114.83 - - [15/Apr/2025:19:14:35 -0400] "POST /wp-cron.php?doing_wp_cron=1744758875.2465949058532714843750 HTTP/1.1" 200 0 "-" "WordPress/6.7.2; https://shahmeenaindustry.com"
154.83.103.135 - - [15/Apr/2025:19:14:32 -0400] "GET /?url=/var/www/html/settings.json HTTP/1.1" 200 24697 "-" "Mozilla/5.0 (Windows NT 10.0; Win64; x64) AppleWebKit/537.36 (KHTML, like Gecko) Chrome/91.0.4472.124 Safari/537.36"
198.54.114.83 - - [15/Apr/2025:19:14:48 -0400] "POST /wp-cron.php?doing_wp_cron=1744758887.5509901046752929687500 HTTP/1.1" 200 0 "-" "WordPress/6.7.2; https://shahmeenaindustry.com"
154.83.103.135 - - [15/Apr/2025:19:14:47 -0400] "GET /?url=/var/www/html/settings.php HTTP/1.1" 200 24658 "-" "Mozilla/5.0 (Windows NT 10.0; Win64; x64) AppleWebKit/537.36 (KHTML, like Gecko) Chrome/91.0.4472.124 Safari/537.36"
154.83.103.135 - - [15/Apr/2025:19:14:57 -0400] "GET /?url=/var/www/html/config.js HTTP/1.1" 200 24695 "-" "Mozilla/5.0 (Windows NT 10.0; Win64; x64) AppleWebKit/537.36 (KHTML, like Gecko) Chrome/91.0.4472.124 Safari/537.36"
154.83.103.135 - - [15/Apr/2025:19:15:03 -0400] "GET /?url=/var/www/html/settings.py HTTP/1.1" 200 24695 "-" "Mozilla/5.0 (Windows NT 10.0; Win64; x64) AppleWebKit/537.36 (KHTML, like Gecko) Chrome/91.0.4472.124 Safari/537.36"
154.83.103.135 - - [15/Apr/2025:19:15:12 -0400] "GET /?url=/config/database.yml HTTP/1.1" 200 24693 "-" "Mozilla/5.0 (Windows NT 10.0; Win64; x64) AppleWebKit/537.36 (KHTML, like Gecko) Chrome/91.0.4472.124 Safari/537.36"
154.83.103.135 - - [15/Apr/2025:19:15:17 -0400] "GET /?url=/var/www/html/config.php HTTP/1.1" 200 24656 "-" "Mozilla/5.0 (Windows NT 10.0; Win64; x64) AppleWebKit/537.36 (KHTML, like Gecko) Chrome/91.0.4472.124 Safari/537.36"
154.83.103.135 - - [15/Apr/2025:19:15:23 -0400] "GET /?url=/var/www/html/.htaccess HTTP/1.1" 403 1242 "-" "Mozilla/5.0 (Windows NT 10.0; Win64; x64) AppleWebKit/537.36 (KHTML, like Gecko) Chrome/91.0.4472.124 Safari/537.36"
154.83.103.135 - - [15/Apr/2025:19:15:27 -0400] "GET /?url=http://169.254.169.254/latest/meta-data/ HTTP/1.1" 200 24701 "-" "Mozilla/5.0 (Windows NT 10.0; Win64; x64) AppleWebKit/537.36 (KHTML, like Gecko) Chrome/91.0.4472.124 Safari/537.36"
154.83.103.135 - - [15/Apr/2025:19:15:36 -0400] "GET /?url=http://169.254.169.254/latest/meta-data/iam/security-credentials/ HTTP/1.1" 200 24719 "-" "Mozilla/5.0 (Windows NT 10.0; Win64; x64) AppleWebKit/537.36 (KHTML, like Gecko) Chrome/91.0.4472.124 Safari/537.36"
154.83.103.135 - - [15/Apr/2025:19:15:46 -0400] "GET /?url=http://169.254.169.254/latest/meta-data/iam/security-credentials/admin-role HTTP/1.1" 200 24728 "-" "Mozilla/5.0 (Windows NT 10.0; Win64; x64) AppleWebKit/537.36 (KHTML, like Gecko) Chrome/91.0.4472.124 Safari/537.36"
198.54.114.83 - - [15/Apr/2025:19:15:54 -0400] "POST /wp-cron.php?doing_wp_cron=1744758952.8515160083770751953125 HTTP/1.1" 200 0 "-" "WordPress/6.7.2; https://shahmeenaindustry.com"
154.83.103.135 - - [15/Apr/2025:19:15:52 -0400] "GET /?url=http://169.254.169.254/latest/user-data HTTP/1.1" 200 24699 "-" "Mozilla/5.0 (Windows NT 10.0; Win64; x64) AppleWebKit/537.36 (KHTML, like Gecko) Chrome/91.0.4472.124 Safari/537.36"
154.83.103.135 - - [15/Apr/2025:19:16:02 -0400] "GET /?url=file:///var/www/html/.env HTTP/1.1" 403 1242 "-" "Mozilla/5.0 (Windows NT 10.0; Win64; x64) AppleWebKit/537.36 (KHTML, like Gecko) Chrome/91.0.4472.124 Safari/537.36"
154.83.103.135 - - [15/Apr/2025:19:16:05 -0400] "GET /?url=file:///var/www/html/config.json HTTP/1.1" 200 24701 "-" "Mozilla/5.0 (Windows NT 10.0; Win64; x64) AppleWebKit/537.36 (KHTML, like Gecko) Chrome/91.0.4472.124 Safari/537.36"
154.83.103.135 - - [15/Apr/2025:19:16:08 -0400] "GET /?url=file:///var/www/html/settings.json HTTP/1.1" 200 24701 "-" "Mozilla/5.0 (Windows NT 10.0; Win64; x64) AppleWebKit/537.36 (KHTML, like Gecko) Chrome/91.0.4472.124 Safari/537.36"
154.83.103.135 - - [15/Apr/2025:19:16:14 -0400] "GET /?url=file:///var/www/html/.htaccess HTTP/1.1" 403 1242 "-" "Mozilla/5.0 (Windows NT 10.0; Win64; x64) AppleWebKit/537.36 (KHTML, like Gecko) Chrome/91.0.4472.124 Safari/537.36"
154.83.103.135 - - [15/Apr/2025:19:16:17 -0400] "GET /?uri=/etc/environment HTTP/1.1" 403 1242 "-" "Mozilla/5.0 (Windows NT 10.0; Win64; x64) AppleWebKit/537.36 (KHTML, like Gecko) Chrome/91.0.4472.124 Safari/537.36"
154.83.103.135 - - [15/Apr/2025:19:16:20 -0400] "GET /?uri=/var/www/html/.env HTTP/1.1" 403 1242 "-" "Mozilla/5.0 (Windows NT 10.0; Win64; x64) AppleWebKit/537.36 (KHTML, like Gecko) Chrome/91.0.4472.124 Safari/537.36"
154.83.103.135 - - [15/Apr/2025:19:16:30 -0400] "GET /?uri=/var/www/.env HTTP/1.1" 403 1242 "-" "Mozilla/5.0 (Windows NT 10.0; Win64; x64) AppleWebKit/537.36 (KHTML, like Gecko) Chrome/91.0.4472.124 Safari/537.36"
154.83.103.135 - - [15/Apr/2025:19:16:33 -0400] "GET /?uri=/www/.env HTTP/1.1" 403 1242 "-" "Mozilla/5.0 (Windows NT 10.0; Win64; x64) AppleWebKit/537.36 (KHTML, like Gecko) Chrome/91.0.4472.124 Safari/537.36"
154.83.103.135 - - [15/Apr/2025:19:16:35 -0400] "GET /?uri=/app/.env HTTP/1.1" 403 1242 "-" "Mozilla/5.0 (Windows NT 10.0; Win64; x64) AppleWebKit/537.36 (KHTML, like Gecko) Chrome/91.0.4472.124 Safari/537.36"
154.83.103.135 - - [15/Apr/2025:19:16:52 -0400] "GET /?uri=/config/.env HTTP/1.1" 403 1242 "-" "Mozilla/5.0 (Windows NT 10.0; Win64; x64) AppleWebKit/537.36 (KHTML, like Gecko) Chrome/91.0.4472.124 Safari/537.36"
154.83.103.135 - - [15/Apr/2025:19:16:56 -0400] "GET /?uri=/home/user/.env HTTP/1.1" 403 1242 "-" "Mozilla/5.0 (Windows NT 10.0; Win64; x64) AppleWebKit/537.36 (KHTML, like Gecko) Chrome/91.0.4472.124 Safari/537.36"
154.83.103.135 - - [15/Apr/2025:19:16:58 -0400] "GET /?uri=/var/www/html/config.json HTTP/1.1" 200 24696 "-" "Mozilla/5.0 (Windows NT 10.0; Win64; x64) AppleWebKit/537.36 (KHTML, like Gecko) Chrome/91.0.4472.124 Safari/537.36"
154.83.103.135 - - [15/Apr/2025:19:17:03 -0400] "GET /?uri=/var/www/config.json HTTP/1.1" 200 24693 "-" "Mozilla/5.0 (Windows NT 10.0; Win64; x64) AppleWebKit/537.36 (KHTML, like Gecko) Chrome/91.0.4472.124 Safari/537.36"
154.83.103.135 - - [15/Apr/2025:19:17:08 -0400] "GET /?uri=/var/www/html/config.yaml HTTP/1.1" 200 24697 "-" "Mozilla/5.0 (Windows NT 10.0; Win64; x64) AppleWebKit/537.36 (KHTML, like Gecko) Chrome/91.0.4472.124 Safari/537.36"
154.83.103.135 - - [15/Apr/2025:19:17:24 -0400] "GET /?uri=/var/www/html/config.yml HTTP/1.1" 200 24698 "-" "Mozilla/5.0 (Windows NT 10.0; Win64; x64) AppleWebKit/537.36 (KHTML, like Gecko) Chrome/91.0.4472.124 Safari/537.36"
154.83.103.135 - - [15/Apr/2025:19:17:31 -0400] "GET /?uri=/var/www/html/config.php HTTP/1.1" 200 24657 "-" "Mozilla/5.0 (Windows NT 10.0; Win64; x64) AppleWebKit/537.36 (KHTML, like Gecko) Chrome/91.0.4472.124 Safari/537.36"
154.83.103.135 - - [15/Apr/2025:19:17:36 -0400] "GET /?uri=/var/www/html/settings.json HTTP/1.1" 200 24697 "-" "Mozilla/5.0 (Windows NT 10.0; Win64; x64) AppleWebKit/537.36 (KHTML, like Gecko) Chrome/91.0.4472.124 Safari/537.36"
154.83.103.135 - - [15/Apr/2025:19:17:48 -0400] "GET /?uri=/var/www/html/settings.php HTTP/1.1" 200 24657 "-" "Mozilla/5.0 (Windows NT 10.0; Win64; x64) AppleWebKit/537.36 (KHTML, like Gecko) Chrome/91.0.4472.124 Safari/537.36"
198.54.114.83 - - [15/Apr/2025:19:18:06 -0400] "POST /wp-cron.php?doing_wp_cron=1744759084.7999119758605957031250 HTTP/1.1" 200 0 "-" "WordPress/6.7.2; https://shahmeenaindustry.com"
154.83.103.135 - - [15/Apr/2025:19:18:04 -0400] "GET /?uri=/var/www/html/config.js HTTP/1.1" 200 24696 "-" "Mozilla/5.0 (Windows NT 10.0; Win64; x64) AppleWebKit/537.36 (KHTML, like Gecko) Chrome/91.0.4472.124 Safari/537.36"
154.83.103.135 - - [15/Apr/2025:19:18:09 -0400] "GET /?uri=/var/www/html/settings.py HTTP/1.1" 200 24695 "-" "Mozilla/5.0 (Windows NT 10.0; Win64; x64) AppleWebKit/537.36 (KHTML, like Gecko) Chrome/91.0.4472.124 Safari/537.36"
154.83.103.135 - - [15/Apr/2025:19:18:13 -0400] "GET /?uri=/config/database.yml HTTP/1.1" 200 24693 "-" "Mozilla/5.0 (Windows NT 10.0; Win64; x64) AppleWebKit/537.36 (KHTML, like Gecko) Chrome/91.0.4472.124 Safari/537.36"
154.83.103.135 - - [15/Apr/2025:19:18:17 -0400] "GET /?uri=/var/www/html/config.php HTTP/1.1" 200 24657 "-" "Mozilla/5.0 (Windows NT 10.0; Win64; x64) AppleWebKit/537.36 (KHTML, like Gecko) Chrome/91.0.4472.124 Safari/537.36"
192.249.117.240 - - [15/Apr/2025:19:18:26 -0400] "POST /wp-login.php HTTP/1.1" 302 0 "http://shahmeenaindustry.com" "Mozilla/5.0 (Macintosh; Intel Mac OS X 14.5) AppleWebKit/618.3.5 (KHTML, like Gecko) Version/17.4 Safari/618.3.5"
154.83.103.135 - - [15/Apr/2025:19:18:28 -0400] "GET /?uri=/var/www/html/.htaccess HTTP/1.1" 403 1242 "-" "Mozilla/5.0 (Windows NT 10.0; Win64; x64) AppleWebKit/537.36 (KHTML, like Gecko) Chrome/91.0.4472.124 Safari/537.36"
154.83.103.135 - - [15/Apr/2025:19:18:31 -0400] "GET /?uri=http://169.254.169.254/latest/meta-data/ HTTP/1.1" 200 24701 "-" "Mozilla/5.0 (Windows NT 10.0; Win64; x64) AppleWebKit/537.36 (KHTML, like Gecko) Chrome/91.0.4472.124 Safari/537.36"
154.83.103.135 - - [15/Apr/2025:19:18:36 -0400] "GET /?uri=http://169.254.169.254/latest/meta-data/iam/security-credentials/ HTTP/1.1" 200 24719 "-" "Mozilla/5.0 (Windows NT 10.0; Win64; x64) AppleWebKit/537.36 (KHTML, like Gecko) Chrome/91.0.4472.124 Safari/537.36"
154.83.103.135 - - [15/Apr/2025:19:18:43 -0400] "GET /?uri=http://169.254.169.254/latest/meta-data/iam/security-credentials/admin-role HTTP/1.1" 200 24728 "-" "Mozilla/5.0 (Windows NT 10.0; Win64; x64) AppleWebKit/537.36 (KHTML, like Gecko) Chrome/91.0.4472.124 Safari/537.36"
154.83.103.135 - - [15/Apr/2025:19:18:51 -0400] "GET /?uri=http://169.254.169.254/latest/user-data HTTP/1.1" 200 24699 "-" "Mozilla/5.0 (Windows NT 10.0; Win64; x64) AppleWebKit/537.36 (KHTML, like Gecko) Chrome/91.0.4472.124 Safari/537.36"
154.83.103.135 - - [15/Apr/2025:19:19:52 -0400] "GET /?uri=file:///var/www/html/.env HTTP/1.1" 403 1242 "-" "Mozilla/5.0 (Windows NT 10.0; Win64; x64) AppleWebKit/537.36 (KHTML, like Gecko) Chrome/91.0.4472.124 Safari/537.36"
154.83.103.135 - - [15/Apr/2025:19:19:53 -0400] "GET /?uri=file:///var/www/html/config.json HTTP/1.1" 200 24701 "-" "Mozilla/5.0 (Windows NT 10.0; Win64; x64) AppleWebKit/537.36 (KHTML, like Gecko) Chrome/91.0.4472.124 Safari/537.36"
154.83.103.135 - - [15/Apr/2025:19:19:58 -0400] "GET /?uri=file:///var/www/html/settings.json HTTP/1.1" 200 24701 "-" "Mozilla/5.0 (Windows NT 10.0; Win64; x64) AppleWebKit/537.36 (KHTML, like Gecko) Chrome/91.0.4472.124 Safari/537.36"
154.83.103.135 - - [15/Apr/2025:19:20:15 -0400] "GET /?uri=file:///var/www/html/.htaccess HTTP/1.1" 403 1242 "-" "Mozilla/5.0 (Windows NT 10.0; Win64; x64) AppleWebKit/537.36 (KHTML, like Gecko) Chrome/91.0.4472.124 Safari/537.36"
154.83.103.135 - - [15/Apr/2025:19:20:17 -0400] "GET /?file=/etc/environment HTTP/1.1" 403 1242 "-" "Mozilla/5.0 (Windows NT 10.0; Win64; x64) AppleWebKit/537.36 (KHTML, like Gecko) Chrome/91.0.4472.124 Safari/537.36"
154.83.103.135 - - [15/Apr/2025:19:20:26 -0400] "GET /?file=/var/www/html/.env HTTP/1.1" 403 1242 "-" "Mozilla/5.0 (Windows NT 10.0; Win64; x64) AppleWebKit/537.36 (KHTML, like Gecko) Chrome/91.0.4472.124 Safari/537.36"
154.83.103.135 - - [15/Apr/2025:19:20:27 -0400] "GET /?file=/var/www/.env HTTP/1.1" 403 1242 "-" "Mozilla/5.0 (Windows NT 10.0; Win64; x64) AppleWebKit/537.36 (KHTML, like Gecko) Chrome/91.0.4472.124 Safari/537.36"
154.83.103.135 - - [15/Apr/2025:19:20:29 -0400] "GET /?file=/www/.env HTTP/1.1" 403 1242 "-" "Mozilla/5.0 (Windows NT 10.0; Win64; x64) AppleWebKit/537.36 (KHTML, like Gecko) Chrome/91.0.4472.124 Safari/537.36"
154.83.103.135 - - [15/Apr/2025:19:20:30 -0400] "GET /?file=/app/.env HTTP/1.1" 403 1242 "-" "Mozilla/5.0 (Windows NT 10.0; Win64; x64) AppleWebKit/537.36 (KHTML, like Gecko) Chrome/91.0.4472.124 Safari/537.36"
154.83.103.135 - - [15/Apr/2025:19:20:33 -0400] "GET /?file=/config/.env HTTP/1.1" 403 1242 "-" "Mozilla/5.0 (Windows NT 10.0; Win64; x64) AppleWebKit/537.36 (KHTML, like Gecko) Chrome/91.0.4472.124 Safari/537.36"
154.83.103.135 - - [15/Apr/2025:19:20:34 -0400] "GET /?file=/home/user/.env HTTP/1.1" 403 1242 "-" "Mozilla/5.0 (Windows NT 10.0; Win64; x64) AppleWebKit/537.36 (KHTML, like Gecko) Chrome/91.0.4472.124 Safari/537.36"
154.83.103.135 - - [15/Apr/2025:19:20:36 -0400] "GET /?file=/var/www/html/config.json HTTP/1.1" 200 24695 "-" "Mozilla/5.0 (Windows NT 10.0; Win64; x64) AppleWebKit/537.36 (KHTML, like Gecko) Chrome/91.0.4472.124 Safari/537.36"
