193.38.243.53 - - [15/Apr/2025:21:53:29 -0400] "POST /wp-comments-post.php HTTP/1.1" 302 0 "http://shahmeenaindustry.com/omnivoid-is-changing-the-game-in-augmented-and-mixed-realityomnivoid-is-changing-the-game-in-augmented-and-mixed-reality/" "Mozilla/5.0 (X11; Linux i686) AppleWebKit/537.36 (KHTML, like Gecko) Chrome/114.0.0.0 Safari/537.36 Vivaldi/5.3.2679.68"
37.139.53.144 - - [15/Apr/2025:21:53:38 -0400] "GET /omnivoid-is-changing-the-game-in-augmented-and-mixed-realityomnivoid-is-changing-the-game-in-augmented-and-mixed-reality/ HTTP/1.1" 200 21974 "-" "Mozilla/5.0 (X11; Linux i686) AppleWebKit/537.36 (KHTML, like Gecko) Chrome/114.0.0.0 Safari/537.36 Vivaldi/5.3.2679.68"
195.7.5.237 - - [15/Apr/2025:21:53:46 -0400] "POST /wp-login.php HTTP/1.1" 302 0 "http://shahmeenaindustry.com" "Mozilla/5.0 (Macintosh; Intel Mac OS X 14_6) AppleWebKit/605.1.15 (KHTML, like Gecko) Version/17.5 Safari/605.1.15"
37.139.53.144 - - [15/Apr/2025:21:54:33 -0400] "GET /omnivoid-is-changing-the-game-in-augmented-and-mixed-realityomnivoid-is-changing-the-game-in-augmented-and-mixed-reality/ HTTP/1.1" 200 21974 "-" "Mozilla/5.0 (Windows NT 10.0; WOW64) AppleWebKit/537.36 (KHTML, like Gecko) Chrome/114.0.0.0 YaBrowser/22.7.0 Yowser/2.5 Safari/537.36"
103.169.35.190 - - [15/Apr/2025:22:06:15 -0400] "POST /wp-login.php HTTP/1.1" 302 0 "http://shahmeenaindustry.com" "Mozilla/5.0 (Macintosh; Intel Mac OS X 10_15_7; rv:126.0) Gecko/20100101 Firefox/126.0"
198.54.114.83 - - [15/Apr/2025:22:06:21 -0400] "POST /wp-cron.php?doing_wp_cron=1744769179.6720590591430664062500 HTTP/1.1" 200 0 "-" "WordPress/6.7.2; https://shahmeenaindustry.com"
176.126.120.71 - - [15/Apr/2025:22:19:09 -0400] "POST /wp-login.php HTTP/1.1" 302 0 "http://shahmeenaindustry.com" "Mozilla/5.0 (Macintosh; Intel Mac OS X 13_3) AppleWebKit/537.36 (KHTML, like Gecko) Chrome/126.0.0.0 Safari/537.36 Edg/126.0.0.0"
162.213.251.40 - - [15/Apr/2025:22:32:04 -0400] "POST /wp-login.php HTTP/1.1" 302 0 "http://shahmeenaindustry.com" "Mozilla/5.0 (Windows NT 11.0; Win64; x64) AppleWebKit/537.36 (KHTML, like Gecko) Chrome/126.0.0.0 Safari/537.36"
198.54.114.83 - - [15/Apr/2025:22:45:07 -0400] "POST /wp-cron.php?doing_wp_cron=1744771506.1657249927520751953125 HTTP/1.1" 200 0 "-" "WordPress/6.7.2; https://shahmeenaindustry.com"
89.144.145.213 - - [15/Apr/2025:22:45:01 -0400] "POST /wp-login.php HTTP/1.1" 302 0 "http://shahmeenaindustry.com" "Mozilla/5.0 (Macintosh; Intel Mac OS X 10_15_7; rv:127.0) Gecko/20100101 Firefox/127.0"
188.235.129.154 - - [15/Apr/2025:22:51:49 -0400] "GET /cbd-shop-uk-review/ HTTP/1.1" 200 23134 "http://shahmeenaindustry.com/cbd-shop-uk-review/" "Mozilla/5.0 (Windows NT 10.0; Win64; x64) AppleWebKit/537.36 (KHTML, like Gecko) Chrome/131.0.0.0 Safari/537.36"
198.54.114.83 - - [15/Apr/2025:22:51:54 -0400] "POST /wp-cron.php?doing_wp_cron=1744771913.9481630325317382812500 HTTP/1.1" 200 0 "-" "WordPress/6.7.2; https://shahmeenaindustry.com"
188.235.129.154 - - [15/Apr/2025:22:51:50 -0400] "POST /wp-comments-post.php HTTP/1.1" 302 0 "http://shahmeenaindustry.com/cbd-shop-uk-review/" "Mozilla/5.0 (Windows NT 10.0; Win64; x64) AppleWebKit/537.36 (KHTML, like Gecko) Chrome/131.0.0.0 Safari/537.36"
198.54.114.83 - - [15/Apr/2025:22:58:00 -0400] "POST /wp-cron.php?doing_wp_cron=1744772279.8866050243377685546875 HTTP/1.1" 200 0 "-" "WordPress/6.7.2; https://shahmeenaindustry.com"
198.54.114.86 - - [15/Apr/2025:22:57:59 -0400] "POST /wp-login.php HTTP/1.1" 302 0 "http://shahmeenaindustry.com" "Mozilla/5.0 (Windows NT 10.0; Win64; x64; rv:128.0) Gecko/20100101 Firefox/128.0"
198.54.114.83 - - [15/Apr/2025:23:10:57 -0400] "POST /wp-cron.php?doing_wp_cron=1744773057.3822629451751708984375 HTTP/1.1" 200 0 "-" "WordPress/6.7.2; https://shahmeenaindustry.com"
2001:1bb0:e000:1e::541 - - [15/Apr/2025:23:10:56 -0400] "POST /wp-login.php HTTP/1.1" 302 0 "http://shahmeenaindustry.com" "Mozilla/5.0 (Windows NT 10.0; Win64; x64) AppleWebKit/537.36 (KHTML, like Gecko) Chrome/116.0.5845.96 Safari/537.36 Edg/116.0.1938.62"
138.199.29.163 - - [15/Apr/2025:23:19:22 -0400] "GET / HTTP/1.1" 200 24665 "-" "Mozilla/5.0 (Windows NT 10.0; Win64; x64) AppleWebKit/537.36 (KHTML, like Gecko) Chrome/78.0.3904.108 Safari/537.36"
198.54.114.83 - - [15/Apr/2025:23:19:28 -0400] "POST /wp-cron.php?doing_wp_cron=1744773565.7797451019287109375000 HTTP/1.1" 200 0 "-" "WordPress/6.7.2; https://shahmeenaindustry.com"
138.199.29.163 - - [15/Apr/2025:23:19:24 -0400] "GET /?author=1 HTTP/1.1" 301 0 "-" "Mozilla/5.0 (Windows NT 10.0; Win64; x64) AppleWebKit/537.36 (KHTML, like Gecko) Chrome/78.0.3904.108 Safari/537.36"
198.54.125.232 - - [16/Apr/2025:00:03:09 -0400] "POST /wp-login.php HTTP/1.1" 302 0 "http://shahmeenaindustry.com" "Mozilla/5.0 (Macintosh; Intel Mac OS X 10_15_7; rv:128.0) Gecko/20100101 Firefox/128.0"
138.199.29.163 - - [15/Apr/2025:23:19:31 -0400] "GET /?author=2 HTTP/1.1" 301 0 "-" "Mozilla/5.0 (Windows NT 10.0; Win64; x64) AppleWebKit/537.36 (KHTML, like Gecko) Chrome/78.0.3904.108 Safari/537.36"
138.199.29.163 - - [15/Apr/2025:23:19:36 -0400] "GET /wp-json/wp/v2/users/ HTTP/1.1" 200 1381 "-" "Mozilla/5.0 (Windows NT 10.0; Win64; x64) AppleWebKit/537.36 (KHTML, like Gecko) Chrome/78.0.3904.108 Safari/537.36"
94.46.220.6 - - [15/Apr/2025:23:20:59 -0400] "GET /cbd-shop-uk-review/ HTTP/1.1" 200 23134 "http://shahmeenaindustry.com/cbd-shop-uk-review/" "Mozilla/5.0 (Windows NT 10.0; Win64; x64) AppleWebKit/537.36 (KHTML, like Gecko) Chrome/130.0.0.0 Safari/537.36 CCleaner/130.0.0.0"
198.54.114.83 - - [15/Apr/2025:23:21:10 -0400] "POST /wp-cron.php?doing_wp_cron=1744773667.5714070796966552734375 HTTP/1.1" 200 0 "-" "WordPress/6.7.2; https://shahmeenaindustry.com"
94.46.220.6 - - [15/Apr/2025:23:21:02 -0400] "POST /wp-comments-post.php HTTP/1.1" 302 0 "http://shahmeenaindustry.com/cbd-shop-uk-review/" "Mozilla/5.0 (Windows NT 10.0; Win64; x64) AppleWebKit/537.36 (KHTML, like Gecko) Chrome/130.0.0.0 Safari/537.36 CCleaner/130.0.0.0"
198.54.114.83 - - [15/Apr/2025:23:23:59 -0400] "POST /wp-cron.php?doing_wp_cron=1744773838.7250699996948242187500 HTTP/1.1" 200 0 "-" "WordPress/6.7.2; https://shahmeenaindustry.com"
103.90.232.143 - - [15/Apr/2025:23:23:54 -0400] "POST /wp-login.php HTTP/1.1" 302 0 "http://shahmeenaindustry.com" "Mozilla/5.0 (Macintosh; Intel Mac OS X 10_15_7) AppleWebKit/537.36 (KHTML, like Gecko) Chrome/112.0.5615.138 Safari/537.36"
198.54.126.68 - - [15/Apr/2025:23:36:51 -0400] "POST /wp-login.php HTTP/1.1" 302 0 "http://shahmeenaindustry.com" "Mozilla/5.0 (Macintosh; Intel Mac OS X 10.15; rv:126.0) Gecko/20100101 Firefox/126.0"
198.54.114.83 - - [15/Apr/2025:23:37:00 -0400] "POST /wp-cron.php?doing_wp_cron=1744774618.0524590015411376953125 HTTP/1.1" 200 0 "-" "WordPress/6.8; https://shahmeenaindustry.com"
198.54.114.83 - - [15/Apr/2025:23:38:41 -0400] "POST /wp-cron.php?doing_wp_cron=1744774721.4816269874572753906250 HTTP/1.1" 200 0 "-" "WordPress/6.8; https://shahmeenaindustry.com"
43.130.47.33 - - [15/Apr/2025:23:38:40 -0400] "GET / HTTP/1.1" 200 24826 "-" "Mozilla/5.0 (iPhone; CPU iPhone OS 13_2_3 like Mac OS X) AppleWebKit/605.1.15 (KHTML, like Gecko) Version/13.0.3 Mobile/15E148 Safari/604.1"
103.72.97.210 - - [15/Apr/2025:23:50:03 -0400] "POST /wp-login.php HTTP/1.1" 302 0 "http://shahmeenaindustry.com" "Mozilla/5.0 (Macintosh; Intel Mac OS X 14.3) AppleWebKit/614.31.14 (KHTML, like Gecko) Version/17.0.96 Safari/614.31.14"
212.30.36.24 - - [16/Apr/2025:00:07:27 -0400] "GET /cbd-shop-uk-review/ HTTP/1.1" 200 23425 "http://shahmeenaindustry.com/cbd-shop-uk-review/" "Mozilla/5.0 (Windows NT 10.0; Win64; x64) AppleWebKit/537.36 (KHTML, like Gecko) Chrome/131.0.0.0 Safari/537.36"
212.30.36.40 - - [16/Apr/2025:00:07:31 -0400] "POST /wp-comments-post.php HTTP/1.1" 302 0 "http://shahmeenaindustry.com/cbd-shop-uk-review/" "Mozilla/5.0 (Windows NT 10.0; Win64; x64) AppleWebKit/537.36 (KHTML, like Gecko) Chrome/131.0.0.0 Safari/537.36"
208.107.66.243 - - [16/Apr/2025:00:16:22 -0400] "POST /wp-login.php HTTP/1.1" 302 0 "http://shahmeenaindustry.com" "Mozilla/5.0 (Windows NT 10.0; Win64; x64; rv:128.0) Gecko/20100101 Firefox/128.0"
116.203.72.246 - - [16/Apr/2025:00:24:48 -0400] "GET /cbd-shop-uk-review/ HTTP/1.1" 200 23425 "http://shahmeenaindustry.com/cbd-shop-uk-review/" "Mozilla/5.0 (Windows NT 10.0; Win64; x64) AppleWebKit/537.36 (KHTML, like Gecko) Chrome/131.0.0.0 Safari/537.36"
116.203.72.246 - - [16/Apr/2025:00:24:51 -0400] "POST /wp-comments-post.php HTTP/1.1" 200 1168 "http://shahmeenaindustry.com/cbd-shop-uk-review/" "Mozilla/5.0 (Windows NT 10.0; Win64; x64) AppleWebKit/537.36 (KHTML, like Gecko) Chrome/131.0.0.0 Safari/537.36"
209.17.114.78 - - [16/Apr/2025:00:29:38 -0400] "POST /wp-login.php HTTP/1.1" 302 0 "http://shahmeenaindustry.com" "Mozilla/5.0 (Macintosh; Intel Mac OS X 10_15_7) AppleWebKit/537.36 (KHTML, like Gecko) Chrome/112.0.5615.138 Safari/537.36"
150.95.110.113 - - [16/Apr/2025:00:42:39 -0400] "POST /wp-login.php HTTP/1.1" 302 0 "http://shahmeenaindustry.com" "Mozilla/5.0 (Macintosh; Intel Mac OS X 10_15_7) AppleWebKit/537.36 (KHTML, like Gecko) Chrome/113.0.5672.93 Safari/537.36"
198.54.114.83 - - [16/Apr/2025:00:42:42 -0400] "POST /wp-cron.php?doing_wp_cron=1744778559.8966889381408691406250 HTTP/1.1" 200 0 "-" "WordPress/6.8; https://shahmeenaindustry.com"
49.207.36.81 - - [16/Apr/2025:00:55:40 -0400] "GET /drei-wichtige-fehler-die-sie-vermeiden-mussen-wenn-sie-gitarrenunterricht-geben/ HTTP/1.1" 200 22126 "-" "Mozilla/5.0 (X11; Fedora; Linux x86_64; rv:114.0) Gecko/20100101 Firefox/114.0"
68.65.120.227 - - [16/Apr/2025:00:55:41 -0400] "POST /wp-login.php HTTP/1.1" 302 0 "http://shahmeenaindustry.com" "Mozilla/5.0 (Macintosh; Intel Mac OS X 14.5) AppleWebKit/618.3.5 (KHTML, like Gecko) Version/17.4 Safari/618.3.5"
49.207.36.81 - - [16/Apr/2025:00:55:42 -0400] "POST /wp-comments-post.php HTTP/1.1" 302 0 "http://shahmeenaindustry.com/drei-wichtige-fehler-die-sie-vermeiden-mussen-wenn-sie-gitarrenunterricht-geben/" "Mozilla/5.0 (X11; Fedora; Linux x86_64; rv:114.0) Gecko/20100101 Firefox/114.0"
49.207.36.81 - - [16/Apr/2025:00:55:46 -0400] "GET /drei-wichtige-fehler-die-sie-vermeiden-mussen-wenn-sie-gitarrenunterricht-geben/?unapproved=30813&moderation-hash=2aee95a2fcfbade3985fffac2cd77703 HTTP/1.1" 200 23218 "http://shahmeenaindustry.com/wp-comments-post.php" "Mozilla/5.0 (X11; Fedora; Linux x86_64; rv:114.0) Gecko/20100101 Firefox/114.0"
49.207.36.81 - - [16/Apr/2025:00:55:50 -0400] "GET /drei-wichtige-fehler-die-sie-vermeiden-mussen-wenn-sie-gitarrenunterricht-geben/ HTTP/1.1" 200 22126 "-" "Mozilla/5.0 (X11; Fedora; Linux x86_64; rv:114.0) Gecko/20100101 Firefox/114.0"
49.207.36.81 - - [16/Apr/2025:00:59:18 -0400] "GET /drei-wichtige-fehler-die-sie-vermeiden-mussen-wenn-sie-gitarrenunterricht-geben/ HTTP/1.1" 200 22126 "-" "Mozilla/5.0 (Windows NT 10.0; WOW64) AppleWebKit/537.36 (KHTML, like Gecko) Chrome/114.0.0.0 Safari/537.36 Vivaldi/5.3.2679.68"
162.213.253.33 - - [16/Apr/2025:01:08:30 -0400] "POST /wp-login.php HTTP/1.1" 302 0 "http://shahmeenaindustry.com" "Mozilla/5.0 (Windows NT 10.0; Win64; x64) AppleWebKit/537.36 (KHTML, like Gecko) Chrome/113.0.5672.126 Safari/537.36 Edg/113.0.1774.50"
198.54.114.83 - - [16/Apr/2025:01:21:28 -0400] "POST /wp-cron.php?doing_wp_cron=1744780887.6094501018524169921875 HTTP/1.1" 200 0 "-" "WordPress/6.8; https://shahmeenaindustry.com"
157.245.6.207 - - [16/Apr/2025:01:21:26 -0400] "POST /wp-login.php HTTP/1.1" 302 0 "http://shahmeenaindustry.com" "Mozilla/5.0 (Macintosh; Intel Mac OS X 13_3) AppleWebKit/537.36 (KHTML, like Gecko) Chrome/126.0.0.0 Safari/537.36"
216.244.66.200 - - [16/Apr/2025:01:31:06 -0400] "GET /robots.txt HTTP/1.1" 200 131 "-" "Mozilla/5.0 (compatible; DotBot/1.2; +https://opensiteexplorer.org/dotbot; help@moz.com)"
198.54.114.36 - - [16/Apr/2025:01:34:24 -0400] "POST /wp-login.php HTTP/1.1" 302 0 "http://shahmeenaindustry.com" "Mozilla/5.0 (Macintosh; Intel Mac OS X 10_15_7; rv:126.0) Gecko/20100101 Firefox/126.0"
178.63.237.156 - - [16/Apr/2025:01:37:26 -0400] "GET /vetements-scolaires-a-la-mode-pour-les-enfants/ HTTP/1.1" 200 22674 "-" "Mozilla/5.0 (X11; Fedora; Linux x86_64; rv:114.0) Gecko/20100101 Firefox/114.0"
178.63.237.156 - - [16/Apr/2025:01:37:29 -0400] "POST /wp-comments-post.php HTTP/1.1" 302 0 "https://shahmeenaindustry.com/vetements-scolaires-a-la-mode-pour-les-enfants/" "Mozilla/5.0 (X11; Fedora; Linux x86_64; rv:114.0) Gecko/20100101 Firefox/114.0"
198.54.114.83 - - [16/Apr/2025:01:37:34 -0400] "POST /wp-cron.php?doing_wp_cron=1744781854.1178319454193115234375 HTTP/1.1" 200 0 "-" "WordPress/6.8; https://shahmeenaindustry.com"
178.63.237.156 - - [16/Apr/2025:01:37:33 -0400] "GET /vetements-scolaires-a-la-mode-pour-les-enfants/?unapproved=30817&moderation-hash=0de57363144acbf273ef87b86814c643 HTTP/1.1" 200 23318 "http://shahmeenaindustry.com/wp-comments-post.php" "Mozilla/5.0 (X11; Fedora; Linux x86_64; rv:114.0) Gecko/20100101 Firefox/114.0"
178.63.237.156 - - [16/Apr/2025:01:37:38 -0400] "GET /vetements-scolaires-a-la-mode-pour-les-enfants/ HTTP/1.1" 200 22674 "-" "Mozilla/5.0 (X11; Fedora; Linux x86_64; rv:114.0) Gecko/20100101 Firefox/114.0"
138.199.29.231 - - [16/Apr/2025:01:39:12 -0400] "GET / HTTP/1.1" 200 24826 "-" "Mozilla/5.0 (Windows NT 10.0; Win64; x64) AppleWebKit/537.36 (KHTML, like Gecko) Chrome/78.0.3904.108 Safari/537.36"
198.54.114.83 - - [16/Apr/2025:01:39:14 -0400] "POST /wp-cron.php?doing_wp_cron=1744781953.7426180839538574218750 HTTP/1.1" 200 0 "-" "WordPress/6.8; https://shahmeenaindustry.com"
138.199.29.231 - - [16/Apr/2025:01:39:13 -0400] "GET /?author=1 HTTP/1.1" 301 0 "-" "Mozilla/5.0 (Windows NT 10.0; Win64; x64) AppleWebKit/537.36 (KHTML, like Gecko) Chrome/78.0.3904.108 Safari/537.36"
138.199.29.231 - - [16/Apr/2025:01:39:16 -0400] "GET /?author=2 HTTP/1.1" 301 0 "-" "Mozilla/5.0 (Windows NT 10.0; Win64; x64) AppleWebKit/537.36 (KHTML, like Gecko) Chrome/78.0.3904.108 Safari/537.36"
138.199.29.231 - - [16/Apr/2025:01:39:17 -0400] "GET /wp-json/wp/v2/users/ HTTP/1.1" 200 1573 "-" "Mozilla/5.0 (Windows NT 10.0; Win64; x64) AppleWebKit/537.36 (KHTML, like Gecko) Chrome/78.0.3904.108 Safari/537.36"
216.244.66.200 - - [16/Apr/2025:01:40:27 -0400] "GET /page/115/ HTTP/1.1" 200 21192 "-" "Mozilla/5.0 (compatible; DotBot/1.2; +https://opensiteexplorer.org/dotbot; help@moz.com)"
198.54.114.83 - - [16/Apr/2025:01:47:35 -0400] "POST /wp-cron.php?doing_wp_cron=1744782455.2640728950500488281250 HTTP/1.1" 200 0 "-" "WordPress/6.8; https://shahmeenaindustry.com"
63.250.38.213 - - [16/Apr/2025:01:47:34 -0400] "POST /wp-login.php HTTP/1.1" 302 0 "http://shahmeenaindustry.com" "Mozilla/5.0 (Macintosh; Intel Mac OS X 14_6) AppleWebKit/605.1.15 (KHTML, like Gecko) Version/17.5 Safari/605.1.15"
198.54.114.83 - - [16/Apr/2025:02:00:40 -0400] "POST /wp-cron.php?doing_wp_cron=1744783239.8391609191894531250000 HTTP/1.1" 200 0 "-" "WordPress/6.8; https://shahmeenaindustry.com"
188.166.237.78 - - [16/Apr/2025:02:00:39 -0400] "POST /wp-login.php HTTP/1.1" 302 0 "http://shahmeenaindustry.com" "Mozilla/5.0 (Macintosh; Intel Mac OS X 10_15_7) AppleWebKit/537.36 (KHTML, like Gecko) Chrome/113.0.5672.93 Safari/537.36"
198.54.114.83 - - [16/Apr/2025:02:12:09 -0400] "POST /wp-cron.php?doing_wp_cron=1744783927.8216259479522705078125 HTTP/1.1" 200 0 "-" "WordPress/6.8; https://shahmeenaindustry.com"
20.246.27.60 - - [16/Apr/2025:02:12:04 -0400] "HEAD /wordpress HTTP/1.1" 404 0 "-" "Mozilla/5.0 (Windows NT 10.0; Win64; x64) AppleWebKit/537.36 (KHTML, like Gecko) Chrome/74.0.3729.169 Safari/537.36"
20.246.27.60 - - [16/Apr/2025:02:12:10 -0400] "HEAD / HTTP/1.1" 200 0 "-" "Mozilla/5.0 (Windows NT 10.0; Win64; x64) AppleWebKit/537.36 (KHTML, like Gecko) Chrome/74.0.3729.169 Safari/537.36"
20.246.27.60 - - [16/Apr/2025:02:12:11 -0400] "HEAD /wp HTTP/1.1" 404 0 "-" "Mozilla/5.0 (Windows NT 10.0; Win64; x64) AppleWebKit/537.36 (KHTML, like Gecko) Chrome/74.0.3729.169 Safari/537.36"
20.246.27.60 - - [16/Apr/2025:02:12:14 -0400] "HEAD /bc HTTP/1.1" 404 0 "-" "Mozilla/5.0 (Windows NT 10.0; Win64; x64) AppleWebKit/537.36 (KHTML, like Gecko) Chrome/74.0.3729.169 Safari/537.36"
20.246.27.60 - - [16/Apr/2025:02:12:16 -0400] "HEAD /bk HTTP/1.1" 404 0 "-" "Mozilla/5.0 (Windows NT 10.0; Win64; x64) AppleWebKit/537.36 (KHTML, like Gecko) Chrome/74.0.3729.169 Safari/537.36"
20.246.27.60 - - [16/Apr/2025:02:12:16 -0400] "HEAD /backup HTTP/1.1" 404 0 "-" "Mozilla/5.0 (Windows NT 10.0; Win64; x64) AppleWebKit/537.36 (KHTML, like Gecko) Chrome/74.0.3729.169 Safari/537.36"
20.246.27.60 - - [16/Apr/2025:02:12:19 -0400] "HEAD /old HTTP/1.1" 404 0 "-" "Mozilla/5.0 (Windows NT 10.0; Win64; x64) AppleWebKit/537.36 (KHTML, like Gecko) Chrome/74.0.3729.169 Safari/537.36"
20.246.27.60 - - [16/Apr/2025:02:12:22 -0400] "HEAD /new HTTP/1.1" 301 0 "-" "Mozilla/5.0 (Windows NT 10.0; Win64; x64) AppleWebKit/537.36 (KHTML, like Gecko) Chrome/74.0.3729.169 Safari/537.36"
20.246.27.60 - - [16/Apr/2025:02:12:26 -0400] "HEAD /main HTTP/1.1" 404 0 "-" "Mozilla/5.0 (Windows NT 10.0; Win64; x64) AppleWebKit/537.36 (KHTML, like Gecko) Chrome/74.0.3729.169 Safari/537.36"
20.246.27.60 - - [16/Apr/2025:02:12:28 -0400] "HEAD /home HTTP/1.1" 301 0 "-" "Mozilla/5.0 (Windows NT 10.0; Win64; x64) AppleWebKit/537.36 (KHTML, like Gecko) Chrome/74.0.3729.169 Safari/537.36"
198.54.114.83 - - [16/Apr/2025:02:13:39 -0400] "POST /wp-cron.php?doing_wp_cron=1744784018.3111689090728759765625 HTTP/1.1" 200 0 "-" "WordPress/6.8; https://shahmeenaindustry.com"
31.172.67.59 - - [16/Apr/2025:02:13:37 -0400] "POST /wp-login.php HTTP/1.1" 302 0 "http://shahmeenaindustry.com" "Mozilla/5.0 (Macintosh; Intel Mac OS X 10.15; rv:126.0) Gecko/20100101 Firefox/126.0"
104.219.248.236 - - [16/Apr/2025:02:26:45 -0400] "POST /xmlrpc.php HTTP/1.1" 200 212 "http://shahmeenaindustry.com" "Mozilla/5.0 (Windows NT 10.0; Win64; x64) AppleWebKit/537.36 (KHTML, like Gecko) Chrome/114.0.5735.134 Safari/537.36"
104.219.248.236 - - [16/Apr/2025:02:26:49 -0400] "POST /wp-login.php HTTP/1.1" 302 0 "http://shahmeenaindustry.com" "Mozilla/5.0 (Macintosh; Intel Mac OS X 10_15_7; rv:126.0) Gecko/20100101 Firefox/126.0"
85.208.98.23 - - [16/Apr/2025:02:28:46 -0400] "GET /robots.txt HTTP/1.1" 200 131 "-" "Mozilla/5.0 (compatible; SemrushBot-BA; +http://www.semrush.com/bot.html)"
185.222.163.90 - - [16/Apr/2025:02:39:48 -0400] "POST /xmlrpc.php HTTP/1.1" 200 212 "http://shahmeenaindustry.com" "Mozilla/5.0 (Macintosh; Intel Mac OS X 10_15_7) AppleWebKit/537.36 (KHTML, like Gecko) Chrome/113.0.5672.93 Safari/537.36"
185.222.163.90 - - [16/Apr/2025:02:39:52 -0400] "POST /wp-login.php HTTP/1.1" 302 0 "http://shahmeenaindustry.com" "Mozilla/5.0 (Windows NT 11.0; Win64; x64) AppleWebKit/537.36 (KHTML, like Gecko) Chrome/126.0.0.0 Safari/537.36"
198.54.114.83 - - [16/Apr/2025:02:41:53 -0400] "POST /wp-cron.php?doing_wp_cron=1744785712.7453351020812988281250 HTTP/1.1" 200 0 "-" "WordPress/6.8; https://shahmeenaindustry.com"
52.170.20.202 - - [16/Apr/2025:02:41:43 -0400] "GET /autoload_classmap.php HTTP/1.1" 508 829 "-" "-"
52.170.20.202 - - [16/Apr/2025:02:42:12 -0400] "GET /post.php HTTP/1.1" 404 16750 "-" "-"
52.170.20.202 - - [16/Apr/2025:02:42:23 -0400] "GET /1.php HTTP/1.1" 404 16751 "-" "-"
52.170.20.202 - - [16/Apr/2025:02:42:34 -0400] "GET /flower.php HTTP/1.1" 404 16751 "-" "-"
52.170.20.202 - - [16/Apr/2025:02:42:46 -0400] "GET /admin.php HTTP/1.1" 404 16750 "-" "-"
52.170.20.202 - - [16/Apr/2025:02:42:53 -0400] "GET /file.php HTTP/1.1" 404 16750 "-" "-"
52.170.20.202 - - [16/Apr/2025:02:43:03 -0400] "GET /meta.php HTTP/1.1" 404 16750 "-" "-"
52.170.20.202 - - [16/Apr/2025:02:43:08 -0400] "GET /index.php HTTP/1.1" 301 0 "-" "-"
52.170.20.202 - - [16/Apr/2025:02:43:16 -0400] "GET / HTTP/1.1" 200 24826 "-" "-"
52.170.20.202 - - [16/Apr/2025:02:43:22 -0400] "GET /about.php HTTP/1.1" 404 16750 "-" "-"
52.170.20.202 - - [16/Apr/2025:02:43:40 -0400] "GET /randkeyword.php HTTP/1.1" 404 16750 "-" "-"
52.170.20.202 - - [16/Apr/2025:02:43:46 -0400] "GET /goods.php HTTP/1.1" 404 16751 "-" "-"
52.170.20.202 - - [16/Apr/2025:02:43:54 -0400] "GET /hehe.php HTTP/1.1" 404 16750 "-" "-"
52.170.20.202 - - [16/Apr/2025:02:43:59 -0400] "GET /yindu.php HTTP/1.1" 404 16750 "-" "-"
52.170.20.202 - - [16/Apr/2025:02:44:04 -0400] "GET /wp-admin/class-db.php HTTP/1.1" 404 16750 "-" "-"
52.170.20.202 - - [16/Apr/2025:02:44:09 -0400] "GET /baxa1.phP8 HTTP/1.1" 404 16750 "-" "-"
52.170.20.202 - - [16/Apr/2025:02:44:13 -0400] "GET /baxa1.php HTTP/1.1" 404 16750 "-" "-"
52.170.20.202 - - [16/Apr/2025:02:44:16 -0400] "GET /.well-known//index.php HTTP/1.1" 301 0 "-" "-"
52.170.20.202 - - [16/Apr/2025:02:44:19 -0400] "GET /.well-known/ HTTP/1.1" 404 16750 "-" "-"
52.170.20.202 - - [16/Apr/2025:02:44:23 -0400] "GET /libraries/phpmailer//index.php HTTP/1.1" 301 0 "-" "-"
52.170.20.202 - - [16/Apr/2025:02:44:26 -0400] "GET /libraries/phpmailer/ HTTP/1.1" 404 16751 "-" "-"
52.170.20.202 - - [16/Apr/2025:02:44:30 -0400] "GET /wp-admin/autoload_classmap.php HTTP/1.1" 404 16750 "-" "-"
52.170.20.202 - - [16/Apr/2025:02:44:34 -0400] "GET /wp-admin/css/colors/blue//1.php HTTP/1.1" 301 0 "-" "-"
198.54.114.83 - - [16/Apr/2025:02:44:39 -0400] "POST /wp-cron.php?doing_wp_cron=1744785877.9077439308166503906250 HTTP/1.1" 200 0 "-" "WordPress/6.8; https://shahmeenaindustry.com"
52.170.20.202 - - [16/Apr/2025:02:44:37 -0400] "GET /wp-admin/css/colors/blue/1.php HTTP/1.1" 404 16750 "-" "-"
52.170.20.202 - - [16/Apr/2025:02:44:40 -0400] "GET /wp-content/plugins//about.php HTTP/1.1" 301 0 "-" "-"
52.170.20.202 - - [16/Apr/2025:02:44:44 -0400] "GET /wp-content/plugins/about.php HTTP/1.1" 404 16749 "-" "-"
52.170.20.202 - - [16/Apr/2025:02:44:47 -0400] "GET /wp-content/plugins//index.php HTTP/1.1" 200 0 "-" "-"
52.170.20.202 - - [16/Apr/2025:02:44:48 -0400] "GET /wp-content/plugins/about.php HTTP/1.1" 404 16749 "-" "-"
52.170.20.202 - - [16/Apr/2025:02:44:49 -0400] "GET /wp-content/uploads/BbUMY/flower.php HTTP/1.1" 404 16750 "-" "-"
52.170.20.202 - - [16/Apr/2025:02:44:52 -0400] "GET /wp-includes/ID3//file.php HTTP/1.1" 301 0 "-" "-"
52.170.20.202 - - [16/Apr/2025:02:44:53 -0400] "GET /wp-includes/ID3/file.php HTTP/1.1" 404 16750 "-" "-"
52.170.20.202 - - [16/Apr/2025:02:44:55 -0400] "GET /wp-includes/Text/Diff/Engine//about.php HTTP/1.1" 301 0 "-" "-"
52.170.20.202 - - [16/Apr/2025:02:44:57 -0400] "GET /wp-includes/Text/Diff/Engine/about.php HTTP/1.1" 404 16750 "-" "-"
52.170.20.202 - - [16/Apr/2025:02:44:59 -0400] "GET /wp-includes/Text/Diff/Engine//index.php HTTP/1.1" 301 0 "-" "-"
52.170.20.202 - - [16/Apr/2025:02:45:00 -0400] "GET /wp-includes/Text/Diff/Engine/ HTTP/1.1" 403 1242 "-" "-"
52.170.20.202 - - [16/Apr/2025:02:45:00 -0400] "GET /wp-includes/css//index.php HTTP/1.1" 301 0 "-" "-"
52.170.20.202 - - [16/Apr/2025:02:45:05 -0400] "GET /wp-includes/css/ HTTP/1.1" 403 1242 "-" "-"
52.170.20.202 - - [16/Apr/2025:02:45:07 -0400] "GET /wp-includes/css//xc.php HTTP/1.1" 301 0 "-" "-"
52.170.20.202 - - [16/Apr/2025:02:45:12 -0400] "GET /wp-includes/css/xc.php HTTP/1.1" 404 16750 "-" "-"
52.170.20.202 - - [16/Apr/2025:02:45:16 -0400] "GET /wp-includes/images//about.php HTTP/1.1" 301 0 "-" "-"
52.170.20.202 - - [16/Apr/2025:02:45:19 -0400] "GET /wp-includes/images/about.php HTTP/1.1" 404 16750 "-" "-"
52.170.20.202 - - [16/Apr/2025:02:45:21 -0400] "GET /wp-includes/images/crystal//index.php HTTP/1.1" 301 0 "-" "-"
52.170.20.202 - - [16/Apr/2025:02:45:23 -0400] "GET /wp-includes/images/crystal/ HTTP/1.1" 403 1242 "-" "-"
52.170.20.202 - - [16/Apr/2025:02:45:24 -0400] "GET /wp//index.php HTTP/1.1" 301 0 "-" "-"
52.170.20.202 - - [16/Apr/2025:02:45:26 -0400] "GET /wp/ HTTP/1.1" 404 16750 "-" "-"
52.170.20.202 - - [16/Apr/2025:02:45:28 -0400] "GET /user.php HTTP/1.1" 404 16750 "-" "-"
52.170.20.202 - - [16/Apr/2025:02:45:29 -0400] "GET /wp-2019.php HTTP/1.1" 404 16750 "-" "-"
52.170.20.202 - - [16/Apr/2025:02:45:31 -0400] "GET /chosen.php HTTP/1.1" 404 16750 "-" "-"
52.170.20.202 - - [16/Apr/2025:02:45:33 -0400] "GET /functions.php HTTP/1.1" 404 16750 "-" "-"
52.170.20.202 - - [16/Apr/2025:02:45:36 -0400] "GET /cron.php HTTP/1.1" 404 16751 "-" "-"
52.170.20.202 - - [16/Apr/2025:02:45:40 -0400] "GET /edit.php HTTP/1.1" 404 16750 "-" "-"
198.54.114.83 - - [16/Apr/2025:02:45:42 -0400] "POST /wp-cron.php?doing_wp_cron=1744785940.8783938884735107421875 HTTP/1.1" 200 0 "-" "WordPress/6.8; https://shahmeenaindustry.com"
52.170.20.202 - - [16/Apr/2025:02:45:44 -0400] "GET /gecko-new.php HTTP/1.1" 404 16750 "-" "-"
52.170.20.202 - - [16/Apr/2025:02:45:45 -0400] "GET /cookie.php HTTP/1.1" 404 16750 "-" "-"
52.170.20.202 - - [16/Apr/2025:02:45:48 -0400] "GET /xleet.php HTTP/1.1" 404 16750 "-" "-"
52.170.20.202 - - [16/Apr/2025:02:45:50 -0400] "GET /spip.php HTTP/1.1" 404 16750 "-" "-"
52.170.20.202 - - [16/Apr/2025:02:45:54 -0400] "GET /22.php HTTP/1.1" 404 16750 "-" "-"
52.170.20.202 - - [16/Apr/2025:02:45:56 -0400] "GET /room.php HTTP/1.1" 404 16750 "-" "-"
52.170.20.202 - - [16/Apr/2025:02:45:57 -0400] "GET /disagreed.php HTTP/1.1" 404 16750 "-" "-"
52.170.20.202 - - [16/Apr/2025:02:46:00 -0400] "GET /text.php HTTP/1.1" 404 16750 "-" "-"
52.170.20.202 - - [16/Apr/2025:02:46:02 -0400] "GET /alfa-rex.php HTTP/1.1" 404 16750 "-" "-"
52.170.20.202 - - [16/Apr/2025:02:46:04 -0400] "GET /alfa-rex.php7 HTTP/1.1" 404 16750 "-" "-"
52.170.20.202 - - [16/Apr/2025:02:46:07 -0400] "GET /feeds.php HTTP/1.1" 404 16751 "-" "-"
52.170.20.202 - - [16/Apr/2025:02:46:09 -0400] "GET /radio.php HTTP/1.1" 404 16750 "-" "-"
52.170.20.202 - - [16/Apr/2025:02:46:13 -0400] "GET /dropdown.php HTTP/1.1" 404 16750 "-" "-"
52.170.20.202 - - [16/Apr/2025:02:46:14 -0400] "GET /defaults.php HTTP/1.1" 404 16750 "-" "-"
52.170.20.202 - - [16/Apr/2025:02:46:16 -0400] "GET /system.php HTTP/1.1" 404 16751 "-" "-"
52.170.20.202 - - [16/Apr/2025:02:46:18 -0400] "GET /xmlrpc.php HTTP/1.1" 405 60 "-" "-"
52.170.20.202 - - [16/Apr/2025:02:46:19 -0400] "GET /xmlrpc.php0 HTTP/1.1" 404 16750 "-" "-"
52.170.20.202 - - [16/Apr/2025:02:46:22 -0400] "GET /colors.php HTTP/1.1" 404 16750 "-" "-"
52.170.20.202 - - [16/Apr/2025:02:46:24 -0400] "GET /updates.php HTTP/1.1" 404 16751 "-" "-"
52.170.20.202 - - [16/Apr/2025:02:46:26 -0400] "GET /alfa-rex1.php HTTP/1.1" 404 16751 "-" "-"
52.170.20.202 - - [16/Apr/2025:02:46:28 -0400] "GET /wp-index.php HTTP/1.1" 404 16750 "-" "-"
52.170.20.202 - - [16/Apr/2025:02:46:30 -0400] "GET /wp-admin.php HTTP/1.1" 404 16750 "-" "-"
52.170.20.202 - - [16/Apr/2025:02:46:31 -0400] "GET /alfa.php HTTP/1.1" 404 16750 "-" "-"
52.170.20.202 - - [16/Apr/2025:02:46:33 -0400] "GET /alfanew.php7 HTTP/1.1" 404 16750 "-" "-"
52.170.20.202 - - [16/Apr/2025:02:46:35 -0400] "GET /locale.php HTTP/1.1" 404 16750 "-" "-"
52.170.20.202 - - [16/Apr/2025:02:46:36 -0400] "GET /wxo.php HTTP/1.1" 404 16751 "-" "-"
52.170.20.202 - - [16/Apr/2025:02:46:39 -0400] "GET /colour.php HTTP/1.1" 404 16749 "-" "-"
198.54.114.83 - - [16/Apr/2025:02:46:43 -0400] "POST /wp-cron.php?doing_wp_cron=1744786003.5129709243774414062500 HTTP/1.1" 200 0 "-" "WordPress/6.8; https://shahmeenaindustry.com"
52.170.20.202 - - [16/Apr/2025:02:46:42 -0400] "GET /files.php HTTP/1.1" 404 16749 "-" "-"
52.170.20.202 - - [16/Apr/2025:02:46:45 -0400] "GET /install.php HTTP/1.1" 404 16749 "-" "-"
52.170.20.202 - - [16/Apr/2025:02:46:48 -0400] "GET /wp-contentt.php HTTP/1.1" 404 16749 "-" "-"
52.170.20.202 - - [16/Apr/2025:02:46:51 -0400] "GET /config.php7 HTTP/1.1" 404 16750 "-" "-"
52.170.20.202 - - [16/Apr/2025:02:46:52 -0400] "GET /config.php HTTP/1.1" 404 16750 "-" "-"
52.170.20.202 - - [16/Apr/2025:02:46:54 -0400] "GET /theme.php HTTP/1.1" 404 16750 "-" "-"
52.170.20.202 - - [16/Apr/2025:02:46:58 -0400] "GET /block-bindings.php HTTP/1.1" 404 16750 "-" "-"
52.170.20.202 - - [16/Apr/2025:02:46:59 -0400] "GET /class_api.php HTTP/1.1" 404 16750 "-" "-"
52.170.20.202 - - [16/Apr/2025:02:47:01 -0400] "GET /inputs.php HTTP/1.1" 404 16750 "-" "-"
52.170.20.202 - - [16/Apr/2025:02:47:02 -0400] "GET /root.php HTTP/1.1" 404 16750 "-" "-"
52.170.20.202 - - [16/Apr/2025:02:47:04 -0400] "GET /menu.php HTTP/1.1" 404 16750 "-" "-"
52.170.20.202 - - [16/Apr/2025:02:47:06 -0400] "GET /plugin.php HTTP/1.1" 404 16751 "-" "-"
52.170.20.202 - - [16/Apr/2025:02:47:08 -0400] "GET /cloud.php HTTP/1.1" 404 16750 "-" "-"
52.170.20.202 - - [16/Apr/2025:02:47:10 -0400] "GET /configs.php HTTP/1.1" 404 16750 "-" "-"
52.170.20.202 - - [16/Apr/2025:02:47:12 -0400] "GET /wp-configs.php HTTP/1.1" 404 16750 "-" "-"
52.170.20.202 - - [16/Apr/2025:02:47:15 -0400] "GET /update.php HTTP/1.1" 404 16750 "-" "-"
52.170.20.202 - - [16/Apr/2025:02:47:17 -0400] "GET /2.php HTTP/1.1" 404 16751 "-" "-"
52.170.20.202 - - [16/Apr/2025:02:47:19 -0400] "GET /input.php HTTP/1.1" 404 16750 "-" "-"
52.170.20.202 - - [16/Apr/2025:02:47:20 -0400] "GET /aaa.php HTTP/1.1" 404 16750 "-" "-"
68.65.122.55 - - [16/Apr/2025:02:53:03 -0400] "POST /xmlrpc.php HTTP/1.1" 200 212 "http://shahmeenaindustry.com" "Mozilla/5.0 (Macintosh; Intel Mac OS X 10_15_7; rv:125.0.1) Gecko/20100101 Firefox/125.0.1"
198.54.114.83 - - [16/Apr/2025:02:53:05 -0400] "POST /wp-cron.php?doing_wp_cron=1744786383.7835469245910644531250 HTTP/1.1" 200 0 "-" "WordPress/6.8; https://shahmeenaindustry.com"
68.65.122.55 - - [16/Apr/2025:02:53:06 -0400] "POST /wp-login.php HTTP/1.1" 302 0 "http://shahmeenaindustry.com" "Mozilla/5.0 (Macintosh; Intel Mac OS X 10_15_7; rv:129.0) Gecko/20100101 Firefox/129.0"
104.219.248.236 - - [16/Apr/2025:03:10:45 -0400] "POST /xmlrpc.php HTTP/1.1" 200 0 "http://shahmeenaindustry.com" "Mozilla/5.0 (Windows NT 10.0; Win64; x64; rv:126.0) Gecko/20100101 Firefox/126.0"
198.54.114.83 - - [16/Apr/2025:03:10:53 -0400] "POST /wp-cron.php?doing_wp_cron=1744787447.9897980690002441406250 HTTP/1.1" 200 0 "-" "WordPress/6.8; https://shahmeenaindustry.com"
167.172.20.109 - - [16/Apr/2025:03:11:34 -0400] "GET / HTTP/1.1" 200 24826 "-" "Mozilla/5.0 (Windows NT 10.0; WOW64) AppleWebKit/537.36 (KHTML, like Gecko) Chrome/114.0.0.0 YaBrowser/22.7.0 Yowser/2.5 Safari/537.36"
216.244.66.200 - - [16/Apr/2025:03:16:50 -0400] "GET /robots.txt HTTP/1.1" 200 131 "-" "Mozilla/5.0 (compatible; DotBot/1.2; +https://opensiteexplorer.org/dotbot; help@moz.com)"
63.250.32.87 - - [16/Apr/2025:03:20:10 -0400] "POST /xmlrpc.php HTTP/1.1" 200 212 "http://shahmeenaindustry.com" "Mozilla/5.0 (Macintosh; Intel Mac OS X 14_4_1) AppleWebKit/605.1.15 (KHTML, like Gecko) Version/17.3.1 Safari/605.1.15"
54.36.209.164 - - [16/Apr/2025:03:29:56 -0400] "POST /xmlrpc.php HTTP/1.1" 200 212 "http://shahmeenaindustry.com" "Mozilla/5.0 (Macintosh; Intel Mac OS X 10_15_7) AppleWebKit/537.36 (KHTML, like Gecko) Chrome/113.0.5672.93 Safari/537.36"
198.54.114.83 - - [16/Apr/2025:03:29:58 -0400] "POST /wp-cron.php?doing_wp_cron=1744788596.8579869270324707031250 HTTP/1.1" 200 0 "-" "WordPress/6.8; https://shahmeenaindustry.com"
216.244.66.200 - - [16/Apr/2025:03:32:48 -0400] "GET /unveiling-the-healing-touch-osteopathy-in-dubai/feed/ HTTP/1.1" 200 450 "-" "Mozilla/5.0 (compatible; DotBot/1.2; +https://opensiteexplorer.org/dotbot; help@moz.com)"
198.54.114.83 - - [16/Apr/2025:03:32:57 -0400] "POST /wp-cron.php?doing_wp_cron=1744788774.3856840133666992187500 HTTP/1.1" 200 0 "-" "WordPress/6.8; https://shahmeenaindustry.com"
82.156.199.117 - - [16/Apr/2025:03:40:01 -0400] "POST /xmlrpc.php HTTP/1.1" 200 0 "http://shahmeenaindustry.com" "Mozilla/5.0 (Windows NT 10.0; Win64; x64) AppleWebKit/537.36 (KHTML, like Gecko) Chrome/115.0.5790.102 Safari/537.36"
198.54.114.83 - - [16/Apr/2025:03:50:14 -0400] "POST /wp-cron.php?doing_wp_cron=1744789813.7674319744110107421875 HTTP/1.1" 200 0 "-" "WordPress/6.8; https://shahmeenaindustry.com"
124.222.113.25 - - [16/Apr/2025:03:50:12 -0400] "POST /xmlrpc.php HTTP/1.1" 200 212 "http://shahmeenaindustry.com" "Mozilla/5.0 (Macintosh; Intel Mac OS X 14.3) AppleWebKit/614.31.14 (KHTML, like Gecko) Version/17.0.96 Safari/614.31.14"
185.87.122.40 - - [16/Apr/2025:04:00:26 -0400] "POST /xmlrpc.php HTTP/1.1" 200 0 "http://shahmeenaindustry.com" "Mozilla/5.0 (Windows NT 11.0; Win64; x64) AppleWebKit/537.36 (KHTML, like Gecko) Chrome/126.0.0.0 Safari/537.36"
198.54.114.83 - - [16/Apr/2025:04:00:36 -0400] "POST /wp-cron.php?doing_wp_cron=1744790434.3411760330200195312500 HTTP/1.1" 200 0 "-" "WordPress/6.8; https://shahmeenaindustry.com"
198.54.114.83 - - [16/Apr/2025:04:10:27 -0400] "POST /wp-cron.php?doing_wp_cron=1744791026.1755421161651611328125 HTTP/1.1" 200 0 "-" "WordPress/6.8; https://shahmeenaindustry.com"
216.244.66.200 - - [16/Apr/2025:04:10:19 -0400] "GET /the-advantages-of-an-android-based-pos-machine/ HTTP/1.1" 200 21481 "-" "Mozilla/5.0 (compatible; DotBot/1.2; +https://opensiteexplorer.org/dotbot; help@moz.com)"
198.54.114.83 - - [16/Apr/2025:04:10:48 -0400] "POST /wp-cron.php?doing_wp_cron=1744791048.4165511131286621093750 HTTP/1.1" 200 0 "-" "WordPress/6.8; https://shahmeenaindustry.com"
162.214.124.144 - - [16/Apr/2025:04:10:48 -0400] "POST /xmlrpc.php HTTP/1.1" 200 212 "http://shahmeenaindustry.com" "Mozilla/5.0 (Windows NT 10.0; Win64; x64) AppleWebKit/537.36 (KHTML, like Gecko) Chrome/114.0.5735.134 Safari/537.36"
2a0a:4cc0:c0:439b:2430:dfff:fe27:7696 - - [16/Apr/2025:04:21:00 -0400] "POST /xmlrpc.php HTTP/1.1" 200 212 "http://shahmeenaindustry.com" "Mozilla/5.0 (Windows NT 10.0; Win64; x64; rv:125.0.1) Gecko/20100101 Firefox/125.0.1"
198.54.114.83 - - [16/Apr/2025:04:31:08 -0400] "POST /wp-cron.php?doing_wp_cron=1744792264.4052770137786865234375 HTTP/1.1" 200 0 "-" "WordPress/6.8; https://shahmeenaindustry.com"
157.245.6.207 - - [16/Apr/2025:04:31:01 -0400] "POST /xmlrpc.php HTTP/1.1" 200 0 "http://shahmeenaindustry.com" "Mozilla/5.0 (Windows NT 10.0; Win64; x64) AppleWebKit/537.36 (KHTML, like Gecko) Chrome/126.0.0.0 Safari/537.36"
81.18.147.178 - - [16/Apr/2025:04:33:57 -0400] "GET /cbd-shop-uk-review/ HTTP/1.1" 200 23425 "http://shahmeenaindustry.com/cbd-shop-uk-review/" "Mozilla/5.0 (Windows NT 10.0; Win64; x64) AppleWebKit/537.36 (KHTML, like Gecko) Chrome/131.0.0.0 Safari/537.36 Avast/131.0.0.0"
198.54.114.83 - - [16/Apr/2025:04:34:00 -0400] "POST /wp-cron.php?doing_wp_cron=1744792440.0992770195007324218750 HTTP/1.1" 200 0 "-" "WordPress/6.8; https://shahmeenaindustry.com"
81.18.147.178 - - [16/Apr/2025:04:33:59 -0400] "POST /wp-comments-post.php HTTP/1.1" 302 0 "http://shahmeenaindustry.com/cbd-shop-uk-review/" "Mozilla/5.0 (Windows NT 10.0; Win64; x64) AppleWebKit/537.36 (KHTML, like Gecko) Chrome/131.0.0.0 Safari/537.36 Avast/131.0.0.0"
216.131.105.249 - - [16/Apr/2025:04:38:16 -0400] "GET /cbd-shop-uk-review/ HTTP/1.1" 200 23425 "http://shahmeenaindustry.com/cbd-shop-uk-review/" "Mozilla/5.0 (Windows NT 10.0; Win64; x64) AppleWebKit/537.36 (KHTML, like Gecko) Chrome/130.0.0.0 Safari/537.36"
216.131.105.249 - - [16/Apr/2025:04:38:19 -0400] "POST /wp-comments-post.php HTTP/1.1" 302 0 "http://shahmeenaindustry.com/cbd-shop-uk-review/" "Mozilla/5.0 (Windows NT 10.0; Win64; x64) AppleWebKit/537.36 (KHTML, like Gecko) Chrome/130.0.0.0 Safari/537.36"
185.179.24.14 - - [16/Apr/2025:04:41:00 -0400] "POST /xmlrpc.php HTTP/1.1" 200 212 "http://shahmeenaindustry.com" "Mozilla/5.0 (Macintosh; Intel Mac OS X 13_3) AppleWebKit/537.36 (KHTML, like Gecko) Chrome/126.0.0.0 Safari/537.36 Edg/126.0.0.0"
68.183.145.0 - - [16/Apr/2025:04:51:02 -0400] "POST /xmlrpc.php HTTP/1.1" 200 212 "http://shahmeenaindustry.com" "Mozilla/5.0 (Macintosh; Intel Mac OS X 10_15_7) AppleWebKit/537.36 (KHTML, like Gecko) Chrome/112.0.5615.138 Safari/537.36"
107.151.209.48 - - [16/Apr/2025:04:52:40 -0400] "GET /wp-admin/css/ HTTP/1.1" 403 1242 "binance.com" "Mozilla/5.0 (Windows NT 10.0; Win64; x64) AppleWebKit/537.36 (KHTML, like Gecko) Chrome/90.0.4430.85 Safari/537.36"
198.54.114.83 - - [16/Apr/2025:04:58:51 -0400] "POST /wp-cron.php?doing_wp_cron=1744793930.7151238918304443359375 HTTP/1.1" 200 0 "-" "WordPress/6.8; https://shahmeenaindustry.com"
216.244.66.200 - - [16/Apr/2025:04:58:50 -0400] "GET /renover-votre-maison-les-etapes-cles/ HTTP/1.1" 200 21320 "-" "Mozilla/5.0 (compatible; DotBot/1.2; +https://opensiteexplorer.org/dotbot; help@moz.com)"
198.54.119.106 - - [16/Apr/2025:05:01:07 -0400] "POST /xmlrpc.php HTTP/1.1" 200 212 "http://shahmeenaindustry.com" "Mozilla/5.0 (Macintosh; Intel Mac OS X 13_3) AppleWebKit/537.36 (KHTML, like Gecko) Chrome/126.0.0.0 Safari/537.36 Edg/126.0.0.0"
81.88.53.43 - - [16/Apr/2025:05:11:05 -0400] "POST /xmlrpc.php HTTP/1.1" 200 212 "http://shahmeenaindustry.com" "Mozilla/5.0 (Windows NT 11.0; Win64; x64) AppleWebKit/537.36 (KHTML, like Gecko) Chrome/126.0.0.0 Safari/537.36"
198.54.114.83 - - [16/Apr/2025:05:11:14 -0400] "POST /wp-cron.php?doing_wp_cron=1744794671.9940240383148193359375 HTTP/1.1" 200 0 "-" "WordPress/6.8; https://shahmeenaindustry.com"
85.208.98.23 - - [16/Apr/2025:05:16:23 -0400] "GET /robots.txt HTTP/1.1" 304 0 "-" "Mozilla/5.0 (compatible; SemrushBot-BA; +http://www.semrush.com/bot.html)"
162.0.217.169 - - [16/Apr/2025:05:22:28 -0400] "POST /xmlrpc.php HTTP/1.1" 200 212 "http://shahmeenaindustry.com" "Mozilla/5.0 (Windows NT 11.0; Win64; x64; rv:126.0) Gecko/20100101 Firefox/126.0"
37.204.198.132 - - [16/Apr/2025:05:28:51 -0400] "GET /.env HTTP/1.1" 403 1242 "-" "Mozilla/5.0 (Macintosh; Intel Mac OS X 10.15; rv:77.0) Gecko/20100101 Firefox/77.0"
198.54.114.83 - - [16/Apr/2025:05:32:19 -0400] "POST /wp-cron.php?doing_wp_cron=1744795937.6880059242248535156250 HTTP/1.1" 200 0 "-" "WordPress/6.8; https://shahmeenaindustry.com"
8.210.103.127 - - [16/Apr/2025:05:32:17 -0400] "POST /xmlrpc.php HTTP/1.1" 200 212 "http://shahmeenaindustry.com" "Mozilla/5.0 (Windows NT 10.0; Win64; x64) AppleWebKit/537.36 (KHTML, like Gecko) Chrome/113.0.5672.93 Safari/537.36"
198.54.114.83 - - [16/Apr/2025:05:42:16 -0400] "POST /wp-cron.php?doing_wp_cron=1744796535.3017859458923339843750 HTTP/1.1" 200 0 "-" "WordPress/6.8; https://shahmeenaindustry.com"
162.214.124.144 - - [16/Apr/2025:05:42:15 -0400] "POST /xmlrpc.php HTTP/1.1" 200 212 "http://shahmeenaindustry.com" "Mozilla/5.0 (Windows NT 10.0; Win64; x64) AppleWebKit/537.36 (KHTML, like Gecko) Chrome/113.0.5672.126 Safari/537.36 Edg/113.0.1774.50"
162.0.235.8 - - [16/Apr/2025:05:51:51 -0400] "POST /xmlrpc.php HTTP/1.1" 200 212 "http://shahmeenaindustry.com" "Mozilla/5.0 (Windows NT 10.0; Win64; x64; rv:125.0.1) Gecko/20100101 Firefox/125.0.1"
198.54.114.83 - - [16/Apr/2025:05:51:54 -0400] "POST /wp-cron.php?doing_wp_cron=1744797111.9656250476837158203125 HTTP/1.1" 200 0 "-" "WordPress/6.8; https://shahmeenaindustry.com"
2603:3:6106:3ce0:: - - [16/Apr/2025:06:01:25 -0400] "POST /xmlrpc.php HTTP/1.1" 200 212 "http://shahmeenaindustry.com" "Mozilla/5.0 (Macintosh; Intel Mac OS X 10_15_7) AppleWebKit/537.36 (KHTML, like Gecko) Chrome/115.0.5790.102 Safari/537.36"
162.0.232.105 - - [16/Apr/2025:06:10:48 -0400] "POST /xmlrpc.php HTTP/1.1" 200 212 "http://shahmeenaindustry.com" "Mozilla/5.0 (Windows NT 10.0; Win64; x64) AppleWebKit/537.36 (KHTML, like Gecko) Chrome/116.0.5845.96 Safari/537.36"
199.188.201.172 - - [16/Apr/2025:06:20:13 -0400] "POST /xmlrpc.php HTTP/1.1" 200 212 "http://shahmeenaindustry.com" "Mozilla/5.0 (Macintosh; Intel Mac OS X 13_3) AppleWebKit/537.36 (KHTML, like Gecko) Chrome/126.0.0.0 Safari/537.36"
51.75.55.211 - - [16/Apr/2025:06:30:03 -0400] "POST /xmlrpc.php HTTP/1.1" 200 0 "http://shahmeenaindustry.com" "Mozilla/5.0 (Windows NT 10.0; Win64; x64) AppleWebKit/537.36 (KHTML, like Gecko) Chrome/116.0.5845.96 Safari/537.36 Edg/116.0.1938.62"
95.188.65.216 - - [16/Apr/2025:06:39:36 -0400] "POST /xmlrpc.php HTTP/1.1" 200 212 "http://shahmeenaindustry.com" "Mozilla/5.0 (Macintosh; Intel Mac OS X 10_15_7; rv:127.0) Gecko/20100101 Firefox/127.0"
2001:1bb0:e000:1e::387 - - [16/Apr/2025:06:49:33 -0400] "POST /xmlrpc.php HTTP/1.1" 200 212 "http://shahmeenaindustry.com" "Mozilla/5.0 (Macintosh; Intel Mac OS X 10.15; rv:126.0) Gecko/20100101 Firefox/126.0"
66.249.64.98 - - [16/Apr/2025:06:57:49 -0400] "GET /robots.txt HTTP/1.1" 200 131 "-" "Mozilla/5.0 (compatible; Googlebot/2.1; +http://www.google.com/bot.html)"
66.249.64.98 - - [16/Apr/2025:06:57:50 -0400] "GET / HTTP/1.1" 200 24826 "-" "Mozilla/5.0 (Linux; Android 6.0.1; Nexus 5X Build/MMB29P) AppleWebKit/537.36 (KHTML, like Gecko) Chrome/99.0.4844.84 Mobile Safari/537.36 (compatible; Googlebot/2.1; +http://www.google.com/bot.html)"
66.249.64.98 - - [16/Apr/2025:06:57:51 -0400] "GET / HTTP/1.1" 200 24826 "-" "Mozilla/5.0 (compatible; Googlebot/2.1; +http://www.google.com/bot.html)"
66.249.64.99 - - [16/Apr/2025:06:57:53 -0400] "GET /wp-content/themes/chromenews/style.min.css?ver=4.9.3 HTTP/1.1" 200 67447 "http://shahmeenaindustry.com/" "Mozilla/5.0 (Linux; Android 6.0.1; Nexus 5X Build/MMB29P) AppleWebKit/537.36 (KHTML, like Gecko) Chrome/134.0.6998.165 Mobile Safari/537.36 (compatible; Googlebot/2.1; +http://www.google.com/bot.html)"
66.249.64.99 - - [16/Apr/2025:06:57:55 -0400] "GET /wp-content/themes/chromenews/assets/jquery-match-height/jquery.matchHeight.min.js?ver=4.9.3 HTTP/1.1" 200 1470 "http://shahmeenaindustry.com/" "Mozilla/5.0 AppleWebKit/537.36 (KHTML, like Gecko; compatible; Googlebot/2.1; +http://www.google.com/bot.html) Chrome/134.0.6998.165 Safari/537.36"
66.249.64.99 - - [16/Apr/2025:06:57:57 -0400] "GET /wp-content/themes/chromenews/assets/bootstrap/js/bootstrap.min.js?ver=4.9.3 HTTP/1.1" 200 18928 "http://shahmeenaindustry.com/" "Mozilla/5.0 (Linux; Android 6.0.1; Nexus 5X Build/MMB29P) AppleWebKit/537.36 (KHTML, like Gecko) Chrome/134.0.6998.165 Mobile Safari/537.36 (compatible; Googlebot/2.1; +http://www.google.com/bot.html)"
66.249.64.99 - - [16/Apr/2025:06:57:58 -0400] "GET /wp-content/themes/chromenews/assets/marquee/jquery.marquee.js?ver=4.9.3 HTTP/1.1" 200 5494 "http://shahmeenaindustry.com/" "Mozilla/5.0 (Linux; Android 6.0.1; Nexus 5X Build/MMB29P) AppleWebKit/537.36 (KHTML, like Gecko) Chrome/134.0.6998.165 Mobile Safari/537.36 (compatible; Googlebot/2.1; +http://www.google.com/bot.html)"
66.249.64.98 - - [16/Apr/2025:06:58:01 -0400] "GET /wp-content/themes/chromenews/assets/sidr/css/jquery.sidr.dark.css?ver=4.9.3 HTTP/1.1" 200 445 "http://shahmeenaindustry.com/" "Mozilla/5.0 (Linux; Android 6.0.1; Nexus 5X Build/MMB29P) AppleWebKit/537.36 (KHTML, like Gecko) Chrome/134.0.6998.165 Mobile Safari/537.36 (compatible; Googlebot/2.1; +http://www.google.com/bot.html)"
66.249.64.98 - - [16/Apr/2025:06:58:02 -0400] "GET /wp-content/themes/chromenews/js/navigation.js?ver=20151215 HTTP/1.1" 200 1179 "http://shahmeenaindustry.com/" "Mozilla/5.0 (Linux; Android 6.0.1; Nexus 5X Build/MMB29P) AppleWebKit/537.36 (KHTML, like Gecko) Chrome/134.0.6998.165 Mobile Safari/537.36 (compatible; Googlebot/2.1; +http://www.google.com/bot.html)"
66.249.64.98 - - [16/Apr/2025:06:58:03 -0400] "GET /wp-content/themes/chromenews/assets/icons/style.css?ver=6.8 HTTP/1.1" 200 1271 "http://shahmeenaindustry.com/" "Mozilla/5.0 AppleWebKit/537.36 (KHTML, like Gecko; compatible; Googlebot/2.1; +http://www.google.com/bot.html) Chrome/134.0.6998.165 Safari/537.36"
66.249.64.98 - - [16/Apr/2025:06:58:07 -0400] "GET /wp-includes/js/wp-emoji-release.min.js?ver=6.8 HTTP/1.1" 200 5982 "http://shahmeenaindustry.com/" "Mozilla/5.0 AppleWebKit/537.36 (KHTML, like Gecko; compatible; Googlebot/2.1; +http://www.google.com/bot.html) Chrome/134.0.6998.165 Safari/537.36"
66.249.64.98 - - [16/Apr/2025:06:58:10 -0400] "GET /favicon.ico HTTP/1.1" 404 1251 "-" "Googlebot-Image/1.0"
2001:41d0:2:3ea5:: - - [16/Apr/2025:06:59:33 -0400] "POST /xmlrpc.php HTTP/1.1" 200 212 "http://shahmeenaindustry.com" "Mozilla/5.0 (Macintosh; Intel Mac OS X 14.5) AppleWebKit/618.3.5 (KHTML, like Gecko) Version/17.4 Safari/618.3.5"
192.249.117.240 - - [16/Apr/2025:07:09:45 -0400] "POST /xmlrpc.php HTTP/1.1" 200 212 "http://shahmeenaindustry.com" "Mozilla/5.0 (Windows NT 11.0; Win64; x64; rv:126.0) Gecko/20100101 Firefox/126.0"
182.44.9.147 - - [16/Apr/2025:07:10:03 -0400] "GET / HTTP/1.1" 200 24826 "-" "Mozilla/5.0 (iPhone; CPU iPhone OS 13_2_3 like Mac OS X) AppleWebKit/605.1.15 (KHTML, like Gecko) Version/13.0.3 Mobile/15E148 Safari/604.1"
123.1.133.4 - - [16/Apr/2025:07:19:58 -0400] "POST /xmlrpc.php HTTP/1.1" 200 212 "http://shahmeenaindustry.com" "Mozilla/5.0 (Windows NT 10.0; Win64; x64) AppleWebKit/537.36 (KHTML, like Gecko) Chrome/112.0.5615.138 Safari/537.36"
43.131.36.84 - - [16/Apr/2025:07:20:06 -0400] "GET / HTTP/1.1" 200 24826 "-" "Mozilla/5.0 (iPhone; CPU iPhone OS 13_2_3 like Mac OS X) AppleWebKit/605.1.15 (KHTML, like Gecko) Version/13.0.3 Mobile/15E148 Safari/604.1"
216.244.66.200 - - [16/Apr/2025:07:25:38 -0400] "GET /robots.txt HTTP/1.1" 200 131 "-" "Mozilla/5.0 (compatible; DotBot/1.2; +https://opensiteexplorer.org/dotbot; help@moz.com)"
31.193.2.236 - - [16/Apr/2025:07:30:13 -0400] "POST /xmlrpc.php HTTP/1.1" 200 212 "http://shahmeenaindustry.com" "Mozilla/5.0 (Windows NT 11.0; Win64; x64) AppleWebKit/537.36 (KHTML, like Gecko) Chrome/126.0.0.0 Safari/537.36"
216.244.66.200 - - [16/Apr/2025:07:30:57 -0400] "GET /wholesale-leather-handbags/ HTTP/1.1" 200 21440 "-" "Mozilla/5.0 (compatible; DotBot/1.2; +https://opensiteexplorer.org/dotbot; help@moz.com)"
170.106.35.153 - - [16/Apr/2025:07:34:47 -0400] "GET / HTTP/1.1" 200 24826 "-" "Mozilla/5.0 (iPhone; CPU iPhone OS 13_2_3 like Mac OS X) AppleWebKit/605.1.15 (KHTML, like Gecko) Version/13.0.3 Mobile/15E148 Safari/604.1"
65.181.111.151 - - [16/Apr/2025:07:40:26 -0400] "POST /xmlrpc.php HTTP/1.1" 200 212 "http://shahmeenaindustry.com" "Mozilla/5.0 (Windows NT 10.0; Win64; x64) AppleWebKit/537.36 (KHTML, like Gecko) Chrome/113.0.5672.93 Safari/537.36"
43.153.49.151 - - [16/Apr/2025:07:46:45 -0400] "GET / HTTP/1.1" 200 24826 "-" "Mozilla/5.0 (iPhone; CPU iPhone OS 13_2_3 like Mac OS X) AppleWebKit/605.1.15 (KHTML, like Gecko) Version/13.0.3 Mobile/15E148 Safari/604.1"
31.7.70.254 - - [16/Apr/2025:07:50:46 -0400] "POST /xmlrpc.php HTTP/1.1" 200 212 "http://shahmeenaindustry.com" "Mozilla/5.0 (Macintosh; Intel Mac OS X 14_6) AppleWebKit/605.1.15 (KHTML, like Gecko) Version/17.5 Safari/605.1.15"
37.139.53.144 - - [16/Apr/2025:07:57:09 -0400] "GET /omnivoid-is-changing-the-game-in-augmented-and-mixed-realityomnivoid-is-changing-the-game-in-augmented-and-mixed-reality/ HTTP/1.1" 200 22226 "-" "Mozilla/5.0 (Windows NT 10.0; WOW64) AppleWebKit/537.36 (KHTML, like Gecko) Chrome/114.0.0.0 YaBrowser/22.7.0 Yowser/2.5 Safari/537.36"
63.250.32.87 - - [16/Apr/2025:08:01:13 -0400] "POST /xmlrpc.php HTTP/1.1" 200 212 "http://shahmeenaindustry.com" "Mozilla/5.0 (Macintosh; Intel Mac OS X 14_4_1) AppleWebKit/605.1.15 (KHTML, like Gecko) Version/17.3.1 Safari/605.1.15"
188.130.137.77 - - [16/Apr/2025:08:06:48 -0400] "GET /cbd-shop-uk-review/ HTTP/1.1" 200 23425 "http://shahmeenaindustry.com/cbd-shop-uk-review/" "Mozilla/5.0 (Windows NT 10.0; Win64; x64) AppleWebKit/537.36 (KHTML, like Gecko) Chrome/131.0.0.0 Safari/537.36"
188.130.137.77 - - [16/Apr/2025:08:06:51 -0400] "POST /wp-comments-post.php HTTP/1.1" 302 0 "http://shahmeenaindustry.com/cbd-shop-uk-review/" "Mozilla/5.0 (Windows NT 10.0; Win64; x64) AppleWebKit/537.36 (KHTML, like Gecko) Chrome/131.0.0.0 Safari/537.36"
199.188.207.22 - - [16/Apr/2025:08:11:41 -0400] "POST /xmlrpc.php HTTP/1.1" 200 212 "http://shahmeenaindustry.com" "Mozilla/5.0 (Macintosh; Intel Mac OS X 10_15_7) AppleWebKit/537.36 (KHTML, like Gecko) Chrome/115.0.5790.102 Safari/537.36"
45.90.73.208 - - [16/Apr/2025:08:22:14 -0400] "POST /xmlrpc.php HTTP/1.1" 200 212 "http://shahmeenaindustry.com" "Mozilla/5.0 (Windows NT 10.0; Win64; x64) AppleWebKit/537.36 (KHTML, like Gecko) Chrome/112.0.5615.138 Safari/537.36 Edg/112.0.1722.68"
20.57.56.244 - - [16/Apr/2025:08:29:41 -0400] "GET /wp-content/ccx/ HTTP/1.1" 404 16750 "-" "-"
20.57.56.244 - - [16/Apr/2025:08:29:45 -0400] "GET /wp-content/themes/tflow/ HTTP/1.1" 404 16751 "-" "-"
198.54.114.83 - - [16/Apr/2025:08:29:48 -0400] "POST /wp-cron.php?doing_wp_cron=1744806585.8848819732666015625000 HTTP/1.1" 200 0 "-" "WordPress/6.8; https://shahmeenaindustry.com"
20.57.56.244 - - [16/Apr/2025:08:29:49 -0400] "GET /wp-content/plugins/pwnd-1/ HTTP/1.1" 404 16750 "-" "-"
20.57.56.244 - - [16/Apr/2025:08:29:53 -0400] "GET /wp-content/plugins/pwnd/ HTTP/1.1" 404 16750 "-" "-"
20.57.56.244 - - [16/Apr/2025:08:29:57 -0400] "GET /wordpress/wp-includes/IXR/ HTTP/1.1" 404 16751 "-" "-"
20.57.56.244 - - [16/Apr/2025:08:30:00 -0400] "GET /assets/fonts/ HTTP/1.1" 404 16750 "-" "-"
20.57.56.244 - - [16/Apr/2025:08:30:05 -0400] "GET /vendor/phpunit/phpunit/src/Util/PHP/ HTTP/1.1" 404 16750 "-" "-"
20.57.56.244 - - [16/Apr/2025:08:30:10 -0400] "GET /wp-content/plugins/css-ready/ HTTP/1.1" 404 16750 "-" "-"
20.57.56.244 - - [16/Apr/2025:08:30:16 -0400] "GET /wp-content/plugins/linkpreview/ HTTP/1.1" 404 16750 "-" "-"
20.57.56.244 - - [16/Apr/2025:08:30:20 -0400] "GET /wp-content/uploads/2023/11/ HTTP/1.1" 403 1242 "-" "-"
20.57.56.244 - - [16/Apr/2025:08:30:25 -0400] "GET /wp-includes/js/tinymce/skins/wordpress/images/ HTTP/1.1" 403 1242 "-" "-"
20.57.56.244 - - [16/Apr/2025:08:30:29 -0400] "GET /wp-includes/Requests/Text/ HTTP/1.1" 404 16749 "-" "-"
20.57.56.244 - - [16/Apr/2025:08:30:34 -0400] "GET /wp-content/themes/wp-classic/inc/ HTTP/1.1" 404 16750 "-" "-"
20.57.56.244 - - [16/Apr/2025:08:30:37 -0400] "GET /admin/upload/ HTTP/1.1" 404 16750 "-" "-"
20.57.56.244 - - [16/Apr/2025:08:30:42 -0400] "GET /wp-includes.bak/html-api/ HTTP/1.1" 404 16750 "-" "-"
20.57.56.244 - - [16/Apr/2025:08:30:46 -0400] "GET /wp-admin/maint/maint/ HTTP/1.1" 404 16750 "-" "-"
198.54.114.83 - - [16/Apr/2025:08:30:52 -0400] "POST /wp-cron.php?doing_wp_cron=1744806647.2574949264526367187500 HTTP/1.1" 200 0 "-" "WordPress/6.8; https://shahmeenaindustry.com"
20.57.56.244 - - [16/Apr/2025:08:30:53 -0400] "GET /wp-content/plugins/Cache/ HTTP/1.1" 404 16750 "-" "-"
20.57.56.244 - - [16/Apr/2025:08:30:59 -0400] "GET /wp-admin/css/colors/coffee/ HTTP/1.1" 403 1242 "-" "-"
20.57.56.244 - - [16/Apr/2025:08:31:04 -0400] "GET /wp-admin/js//wp-admin/js/ HTTP/1.1" 301 0 "-" "-"
20.57.56.244 - - [16/Apr/2025:08:31:10 -0400] "GET /wp-admin/js/wp-admin/js/ HTTP/1.1" 404 16750 "-" "-"
