52.138.168.39 - - [16/Apr/2025:12:52:55 -0400] "GET /.well-known/pki-validation/cloud.php HTTP/1.1" 404 1251 "-" "-"
52.138.168.39 - - [16/Apr/2025:12:53:00 -0400] "GET //.well-known/pki-validation/index.php?p= HTTP/1.1" 301 0 "-" "-"
52.138.168.39 - - [16/Apr/2025:12:53:03 -0400] "GET /.well-known/pki-validation/ HTTP/1.1" 404 1251 "-" "-"
52.138.168.39 - - [16/Apr/2025:12:53:06 -0400] "GET //1.php HTTP/1.1" 301 0 "-" "-"
52.138.168.39 - - [16/Apr/2025:12:53:11 -0400] "GET /1.php HTTP/1.1" 404 16750 "-" "-"
52.138.168.39 - - [16/Apr/2025:12:53:17 -0400] "GET //404.php HTTP/1.1" 301 0 "-" "-"
52.138.168.39 - - [16/Apr/2025:12:53:21 -0400] "GET /404.php HTTP/1.1" 404 16750 "-" "-"
52.138.168.39 - - [16/Apr/2025:12:53:25 -0400] "GET //a.php HTTP/1.1" 301 0 "-" "-"
52.138.168.39 - - [16/Apr/2025:12:53:28 -0400] "GET /a.php HTTP/1.1" 404 16750 "-" "-"
52.138.168.39 - - [16/Apr/2025:12:53:32 -0400] "GET //about.php HTTP/1.1" 301 0 "-" "-"
52.138.168.39 - - [16/Apr/2025:12:53:34 -0400] "GET /about.php HTTP/1.1" 404 16750 "-" "-"
52.138.168.39 - - [16/Apr/2025:12:53:39 -0400] "GET //about.php HTTP/1.1" 301 0 "-" "-"
52.138.168.39 - - [16/Apr/2025:12:53:42 -0400] "GET /about.php HTTP/1.1" 404 16750 "-" "-"
52.138.168.39 - - [16/Apr/2025:12:53:45 -0400] "GET //admin.php HTTP/1.1" 301 0 "-" "-"
52.138.168.39 - - [16/Apr/2025:12:53:48 -0400] "GET /admin.php HTTP/1.1" 404 16750 "-" "-"
198.54.114.83 - - [16/Apr/2025:12:53:53 -0400] "POST /wp-cron.php?doing_wp_cron=1744822429.4520659446716308593750 HTTP/1.1" 200 0 "-" "WordPress/6.8; https://shahmeenaindustry.com"
52.138.168.39 - - [16/Apr/2025:12:53:54 -0400] "GET //alfanew.php HTTP/1.1" 301 0 "-" "-"
52.138.168.39 - - [16/Apr/2025:12:53:58 -0400] "GET /alfanew.php HTTP/1.1" 404 16750 "-" "-"
52.138.168.39 - - [16/Apr/2025:12:54:02 -0400] "GET //alfanew.php7 HTTP/1.1" 301 0 "-" "-"
66.223.49.108 - - [16/Apr/2025:13:17:44 -0400] "POST /xmlrpc.php HTTP/1.1" 200 236 "-" "Mozilla/5.0 (X11; Fedora; Linux x86_64; rv:94.0) Gecko/20100101 Firefox/95.0"
198.54.114.83 - - [16/Apr/2025:13:17:52 -0400] "POST /wp-cron.php?doing_wp_cron=1744823868.8771529197692871093750 HTTP/1.1" 200 0 "-" "WordPress/6.8; https://shahmeenaindustry.com"
85.208.98.23 - - [16/Apr/2025:13:21:42 -0400] "GET /robots.txt HTTP/1.1" 304 0 "-" "Mozilla/5.0 (compatible; SemrushBot-BA; +http://www.semrush.com/bot.html)"
170.106.82.209 - - [16/Apr/2025:13:24:37 -0400] "GET / HTTP/1.1" 200 24826 "-" "Mozilla/5.0 (iPhone; CPU iPhone OS 13_2_3 like Mac OS X) AppleWebKit/605.1.15 (KHTML, like Gecko) Version/13.0.3 Mobile/15E148 Safari/604.1"
185.7.214.130 - - [16/Apr/2025:13:59:23 -0400] "GET / HTTP/1.1" 200 24826 "http://shahmeenaindustry.com/" "Mozilla/5.0 (Windows NT 10.0; Win64; x64) AppleWebKit/537.36 (KHTML, like Gecko) Chrome/130.0.0.0 Safari/537.36"
60.204.201.136 - - [16/Apr/2025:14:04:24 -0400] "POST /xmlrpc.php HTTP/1.1" 200 236 "-" "Mozilla/5.0 (X11; Fedora; Linux x86_64; rv:94.0) Gecko/20100101 Firefox/95.0"
198.54.114.83 - - [16/Apr/2025:14:04:27 -0400] "POST /wp-cron.php?doing_wp_cron=1744826665.1675479412078857421875 HTTP/1.1" 200 0 "-" "WordPress/6.8; https://shahmeenaindustry.com"
171.244.0.91 - - [16/Apr/2025:14:58:31 -0400] "POST /xmlrpc.php HTTP/1.1" 200 236 "-" "Mozilla/5.0 (X11; Fedora; Linux x86_64; rv:94.0) Gecko/20100101 Firefox/95.0"
159.89.197.75 - - [16/Apr/2025:15:29:30 -0400] "GET / HTTP/1.1" 200 24826 "-" "Mozilla/5.0 (Windows NT 10.0; Win64; x64) AppleWebKit/537.36 (KHTML, like Gecko) Chrome/95.0.4638.69 Safari/537.36"
159.89.197.75 - - [16/Apr/2025:15:29:33 -0400] "GET /wp-includes/ID3/license.txt HTTP/1.1" 200 501 "-" "Mozilla/5.0 (Windows NT 10.0; Win64; x64) AppleWebKit/537.36 (KHTML, like Gecko) Chrome/95.0.4638.69 Safari/537.36"
159.89.197.75 - - [16/Apr/2025:15:29:35 -0400] "GET /feed/ HTTP/1.1" 200 217280 "-" "Mozilla/5.0 (Windows NT 10.0; Win64; x64) AppleWebKit/537.36 (KHTML, like Gecko) Chrome/95.0.4638.69 Safari/537.36"
159.89.197.75 - - [16/Apr/2025:15:29:40 -0400] "GET /?author=1 HTTP/1.1" 301 0 "-" "Mozilla/5.0 (Windows NT 10.0; Win64; x64) AppleWebKit/537.36 (KHTML, like Gecko) Chrome/95.0.4638.69 Safari/537.36"
159.89.197.75 - - [16/Apr/2025:15:29:42 -0400] "GET /wp-json/wp/v2/users/ HTTP/1.1" 200 1573 "-" "Mozilla/5.0 (Windows NT 10.0; Win64; x64) AppleWebKit/537.36 (KHTML, like Gecko) Chrome/95.0.4638.69 Safari/537.36"
159.89.197.75 - - [16/Apr/2025:15:29:46 -0400] "POST /xmlrpc.php HTTP/1.1" 200 236 "-" "Mozilla/5.0 (Windows NT 10.0; Win64; x64) AppleWebKit/537.36 (KHTML, like Gecko) Chrome/95.0.4638.69 Safari/537.36"
198.54.114.83 - - [16/Apr/2025:15:30:34 -0400] "POST /wp-cron.php?doing_wp_cron=1744831830.8688480854034423828125 HTTP/1.1" 200 0 "-" "WordPress/6.8; https://shahmeenaindustry.com"
198.54.114.83 - - [16/Apr/2025:15:32:02 -0400] "POST /wp-cron.php?doing_wp_cron=1744831921.0621879100799560546875 HTTP/1.1" 200 0 "-" "WordPress/6.8; https://shahmeenaindustry.com"
159.89.197.75 - - [16/Apr/2025:15:30:37 -0400] "POST /xmlrpc.php HTTP/1.1" 200 236 "-" "Mozilla/5.0 (Windows NT 10.0; Win64; x64) AppleWebKit/537.36 (KHTML, like Gecko) Chrome/95.0.4638.69 Safari/537.36"
159.89.197.75 - - [16/Apr/2025:15:32:03 -0400] "POST /xmlrpc.php HTTP/1.1" 200 0 "-" "Mozilla/5.0 (Windows NT 10.0; Win64; x64) AppleWebKit/537.36 (KHTML, like Gecko) Chrome/95.0.4638.69 Safari/537.36"
159.89.197.75 - - [16/Apr/2025:15:33:34 -0400] "POST /xmlrpc.php HTTP/1.1" 200 236 "-" "Mozilla/5.0 (Windows NT 10.0; Win64; x64) AppleWebKit/537.36 (KHTML, like Gecko) Chrome/95.0.4638.69 Safari/537.36"
84.17.60.251 - - [16/Apr/2025:15:47:52 -0400] "GET / HTTP/1.1" 200 24826 "-" "Mozilla/5.0 (Windows NT 10.0; Win64; x64) AppleWebKit/537.36 (KHTML, like Gecko) Chrome/78.0.3904.108 Safari/537.36"
84.17.60.251 - - [16/Apr/2025:15:47:54 -0400] "GET /?author=1 HTTP/1.1" 301 0 "-" "Mozilla/5.0 (Windows NT 10.0; Win64; x64) AppleWebKit/537.36 (KHTML, like Gecko) Chrome/78.0.3904.108 Safari/537.36"
198.54.114.83 - - [16/Apr/2025:15:47:59 -0400] "POST /wp-cron.php?doing_wp_cron=1744832876.4159541130065917968750 HTTP/1.1" 200 0 "-" "WordPress/6.8; https://shahmeenaindustry.com"
84.17.60.251 - - [16/Apr/2025:15:48:00 -0400] "GET /?author=2 HTTP/1.1" 301 0 "-" "Mozilla/5.0 (Windows NT 10.0; Win64; x64) AppleWebKit/537.36 (KHTML, like Gecko) Chrome/78.0.3904.108 Safari/537.36"
84.17.60.251 - - [16/Apr/2025:15:48:02 -0400] "GET /wp-json/wp/v2/users/ HTTP/1.1" 200 1573 "-" "Mozilla/5.0 (Windows NT 10.0; Win64; x64) AppleWebKit/537.36 (KHTML, like Gecko) Chrome/78.0.3904.108 Safari/537.36"
84.17.60.251 - - [16/Apr/2025:15:48:04 -0400] "POST /xmlrpc.php HTTP/1.1" 200 236 "-" "Mozilla/5.0 (Windows NT 10.0; Win64; x64) AppleWebKit/537.36 (KHTML, like Gecko) Chrome/78.0.3904.108 Safari/537.36"
84.17.60.251 - - [16/Apr/2025:15:48:06 -0400] "POST /xmlrpc.php HTTP/1.1" 200 236 "-" "Mozilla/5.0 (Windows NT 10.0; Win64; x64) AppleWebKit/537.36 (KHTML, like Gecko) Chrome/78.0.3904.108 Safari/537.36"
84.17.60.251 - - [16/Apr/2025:15:48:08 -0400] "POST /xmlrpc.php HTTP/1.1" 200 236 "-" "Mozilla/5.0 (Windows NT 10.0; Win64; x64) AppleWebKit/537.36 (KHTML, like Gecko) Chrome/78.0.3904.108 Safari/537.36"
84.17.60.251 - - [16/Apr/2025:15:48:10 -0400] "POST /xmlrpc.php HTTP/1.1" 200 236 "-" "Mozilla/5.0 (Windows NT 10.0; Win64; x64) AppleWebKit/537.36 (KHTML, like Gecko) Chrome/78.0.3904.108 Safari/537.36"
84.17.60.251 - - [16/Apr/2025:15:48:13 -0400] "POST /xmlrpc.php HTTP/1.1" 200 236 "-" "Mozilla/5.0 (Windows NT 10.0; Win64; x64) AppleWebKit/537.36 (KHTML, like Gecko) Chrome/78.0.3904.108 Safari/537.36"
84.17.60.251 - - [16/Apr/2025:15:48:16 -0400] "POST /xmlrpc.php HTTP/1.1" 200 236 "-" "Mozilla/5.0 (Windows NT 10.0; Win64; x64) AppleWebKit/537.36 (KHTML, like Gecko) Chrome/78.0.3904.108 Safari/537.36"
45.144.115.33 - - [16/Apr/2025:15:57:56 -0400] "GET /uploaded_script.php HTTP/1.1" 404 16750 "-" "Mozlila/5.0 (Linux; Android 7.0; SM-G892A Bulid/NRD90M; wv) AppleWebKit/537.36 (KHTML, like Gecko) Version/4.0 Chrome/60.0.3112.107 Moblie Safari/537.36"
45.144.115.33 - - [16/Apr/2025:15:58:07 -0400] "GET /go.php HTTP/1.1" 404 16750 "-" "Mozlila/5.0 (Linux; Android 7.0; SM-G892A Bulid/NRD90M; wv) AppleWebKit/537.36 (KHTML, like Gecko) Version/4.0 Chrome/60.0.3112.107 Moblie Safari/537.36"
45.144.115.33 - - [16/Apr/2025:15:58:16 -0400] "GET /wp-content/plugins/wordpress-seo/rk1.php HTTP/1.1" 404 16750 "-" "Mozlila/5.0 (Linux; Android 7.0; SM-G892A Bulid/NRD90M; wv) AppleWebKit/537.36 (KHTML, like Gecko) Version/4.0 Chrome/60.0.3112.107 Moblie Safari/537.36"
45.144.115.33 - - [16/Apr/2025:15:58:23 -0400] "GET /wp-content/plugins/zgdsfagck/rk2.php HTTP/1.1" 404 16750 "-" "Mozlila/5.0 (Linux; Android 7.0; SM-G892A Bulid/NRD90M; wv) AppleWebKit/537.36 (KHTML, like Gecko) Version/4.0 Chrome/60.0.3112.107 Moblie Safari/537.36"
45.144.115.33 - - [16/Apr/2025:15:58:29 -0400] "GET /wp-admin/css/colors/ocean/Module.php HTTP/1.1" 404 16750 "-" "Mozlila/5.0 (Linux; Android 7.0; SM-G892A Bulid/NRD90M; wv) AppleWebKit/537.36 (KHTML, like Gecko) Version/4.0 Chrome/60.0.3112.107 Moblie Safari/537.36"
198.54.114.83 - - [16/Apr/2025:15:58:33 -0400] "POST /wp-cron.php?doing_wp_cron=1744833509.5791530609130859375000 HTTP/1.1" 200 0 "-" "WordPress/6.8; https://shahmeenaindustry.com"
45.144.115.33 - - [16/Apr/2025:15:58:35 -0400] "GET /erros_run.php HTTP/1.1" 404 16750 "-" "Mozlila/5.0 (Linux; Android 7.0; SM-G892A Bulid/NRD90M; wv) AppleWebKit/537.36 (KHTML, like Gecko) Version/4.0 Chrome/60.0.3112.107 Moblie Safari/537.36"
45.144.115.33 - - [16/Apr/2025:15:58:38 -0400] "GET /xt/index.php HTTP/1.1" 301 0 "-" "Mozlila/5.0 (Linux; Android 7.0; SM-G892A Bulid/NRD90M; wv) AppleWebKit/537.36 (KHTML, like Gecko) Version/4.0 Chrome/60.0.3112.107 Moblie Safari/537.36"
45.144.115.33 - - [16/Apr/2025:15:58:40 -0400] "GET /xt/ HTTP/1.1" 404 16750 "http://shahmeenaindustry.com/xt/index.php" "Mozlila/5.0 (Linux; Android 7.0; SM-G892A Bulid/NRD90M; wv) AppleWebKit/537.36 (KHTML, like Gecko) Version/4.0 Chrome/60.0.3112.107 Moblie Safari/537.36"
45.144.115.33 - - [16/Apr/2025:15:58:43 -0400] "GET /xt.php HTTP/1.1" 404 16750 "-" "Mozlila/5.0 (Linux; Android 7.0; SM-G892A Bulid/NRD90M; wv) AppleWebKit/537.36 (KHTML, like Gecko) Version/4.0 Chrome/60.0.3112.107 Moblie Safari/537.36"
45.144.115.33 - - [16/Apr/2025:15:58:47 -0400] "GET /wp-class.php HTTP/1.1" 404 16750 "-" "Mozlila/5.0 (Linux; Android 7.0; SM-G892A Bulid/NRD90M; wv) AppleWebKit/537.36 (KHTML, like Gecko) Version/4.0 Chrome/60.0.3112.107 Moblie Safari/537.36"
45.144.115.33 - - [16/Apr/2025:15:58:50 -0400] "GET /about.php HTTP/1.1" 404 16750 "-" "Mozlila/5.0 (Linux; Android 7.0; SM-G892A Bulid/NRD90M; wv) AppleWebKit/537.36 (KHTML, like Gecko) Version/4.0 Chrome/60.0.3112.107 Moblie Safari/537.36"
45.144.115.33 - - [16/Apr/2025:15:58:53 -0400] "GET /xleet.php HTTP/1.1" 404 16750 "-" "Mozlila/5.0 (Linux; Android 7.0; SM-G892A Bulid/NRD90M; wv) AppleWebKit/537.36 (KHTML, like Gecko) Version/4.0 Chrome/60.0.3112.107 Moblie Safari/537.36"
45.144.115.33 - - [16/Apr/2025:15:58:57 -0400] "GET /xleet-shell.php HTTP/1.1" 404 16751 "-" "Mozlila/5.0 (Linux; Android 7.0; SM-G892A Bulid/NRD90M; wv) AppleWebKit/537.36 (KHTML, like Gecko) Version/4.0 Chrome/60.0.3112.107 Moblie Safari/537.36"
45.144.115.33 - - [16/Apr/2025:15:58:59 -0400] "GET /dropdown.php HTTP/1.1" 404 16750 "-" "Mozlila/5.0 (Linux; Android 7.0; SM-G892A Bulid/NRD90M; wv) AppleWebKit/537.36 (KHTML, like Gecko) Version/4.0 Chrome/60.0.3112.107 Moblie Safari/537.36"
45.144.115.33 - - [16/Apr/2025:15:59:03 -0400] "GET /radio.php HTTP/1.1" 404 16751 "-" "Mozlila/5.0 (Linux; Android 7.0; SM-G892A Bulid/NRD90M; wv) AppleWebKit/537.36 (KHTML, like Gecko) Version/4.0 Chrome/60.0.3112.107 Moblie Safari/537.36"
45.144.115.33 - - [16/Apr/2025:15:59:05 -0400] "GET /randkeyword.php HTTP/1.1" 404 16750 "-" "Mozlila/5.0 (Linux; Android 7.0; SM-G892A Bulid/NRD90M; wv) AppleWebKit/537.36 (KHTML, like Gecko) Version/4.0 Chrome/60.0.3112.107 Moblie Safari/537.36"
45.144.115.33 - - [16/Apr/2025:15:59:07 -0400] "GET /flower.php HTTP/1.1" 404 16750 "-" "Mozlila/5.0 (Linux; Android 7.0; SM-G892A Bulid/NRD90M; wv) AppleWebKit/537.36 (KHTML, like Gecko) Version/4.0 Chrome/60.0.3112.107 Moblie Safari/537.36"
45.144.115.33 - - [16/Apr/2025:15:59:09 -0400] "GET /item.php HTTP/1.1" 404 16750 "-" "Mozlila/5.0 (Linux; Android 7.0; SM-G892A Bulid/NRD90M; wv) AppleWebKit/537.36 (KHTML, like Gecko) Version/4.0 Chrome/60.0.3112.107 Moblie Safari/537.36"
45.144.115.33 - - [16/Apr/2025:15:59:11 -0400] "GET /admin.php HTTP/1.1" 404 16750 "-" "Mozlila/5.0 (Linux; Android 7.0; SM-G892A Bulid/NRD90M; wv) AppleWebKit/537.36 (KHTML, like Gecko) Version/4.0 Chrome/60.0.3112.107 Moblie Safari/537.36"
45.144.115.33 - - [16/Apr/2025:15:59:15 -0400] "GET /sim.php HTTP/1.1" 404 16750 "-" "Mozlila/5.0 (Linux; Android 7.0; SM-G892A Bulid/NRD90M; wv) AppleWebKit/537.36 (KHTML, like Gecko) Version/4.0 Chrome/60.0.3112.107 Moblie Safari/537.36"
45.144.115.33 - - [16/Apr/2025:15:59:17 -0400] "GET /about.php HTTP/1.1" 404 16750 "-" "Mozlila/5.0 (Linux; Android 7.0; SM-G892A Bulid/NRD90M; wv) AppleWebKit/537.36 (KHTML, like Gecko) Version/4.0 Chrome/60.0.3112.107 Moblie Safari/537.36"
45.144.115.33 - - [16/Apr/2025:15:59:19 -0400] "GET /wp-content/admin.php HTTP/1.1" 404 16750 "-" "Mozlila/5.0 (Linux; Android 7.0; SM-G892A Bulid/NRD90M; wv) AppleWebKit/537.36 (KHTML, like Gecko) Version/4.0 Chrome/60.0.3112.107 Moblie Safari/537.36"
45.144.115.33 - - [16/Apr/2025:15:59:21 -0400] "GET /edit.php HTTP/1.1" 404 16750 "-" "Mozlila/5.0 (Linux; Android 7.0; SM-G892A Bulid/NRD90M; wv) AppleWebKit/537.36 (KHTML, like Gecko) Version/4.0 Chrome/60.0.3112.107 Moblie Safari/537.36"
45.144.115.33 - - [16/Apr/2025:15:59:25 -0400] "GET /wp-content/plugins/index.php HTTP/1.1" 200 0 "-" "Mozlila/5.0 (Linux; Android 7.0; SM-G892A Bulid/NRD90M; wv) AppleWebKit/537.36 (KHTML, like Gecko) Version/4.0 Chrome/60.0.3112.107 Moblie Safari/537.36"
45.144.115.33 - - [16/Apr/2025:15:59:26 -0400] "GET /themes.php HTTP/1.1" 404 16751 "-" "Mozlila/5.0 (Linux; Android 7.0; SM-G892A Bulid/NRD90M; wv) AppleWebKit/537.36 (KHTML, like Gecko) Version/4.0 Chrome/60.0.3112.107 Moblie Safari/537.36"
198.54.114.83 - - [16/Apr/2025:15:59:32 -0400] "POST /wp-cron.php?doing_wp_cron=1744833570.5718541145324707031250 HTTP/1.1" 200 0 "-" "WordPress/6.8; https://shahmeenaindustry.com"
45.144.115.33 - - [16/Apr/2025:15:59:30 -0400] "GET /wp-includes/ID3/index.php HTTP/1.1" 301 0 "-" "Mozlila/5.0 (Linux; Android 7.0; SM-G892A Bulid/NRD90M; wv) AppleWebKit/537.36 (KHTML, like Gecko) Version/4.0 Chrome/60.0.3112.107 Moblie Safari/537.36"
45.144.115.33 - - [16/Apr/2025:15:59:35 -0400] "GET /wp-includes/ID3/ HTTP/1.1" 403 1242 "http://shahmeenaindustry.com/wp-includes/ID3/index.php" "Mozlila/5.0 (Linux; Android 7.0; SM-G892A Bulid/NRD90M; wv) AppleWebKit/537.36 (KHTML, like Gecko) Version/4.0 Chrome/60.0.3112.107 Moblie Safari/537.36"
45.144.115.33 - - [16/Apr/2025:15:59:36 -0400] "GET /wp-admin/maint/index.php HTTP/1.1" 301 0 "-" "Mozlila/5.0 (Linux; Android 7.0; SM-G892A Bulid/NRD90M; wv) AppleWebKit/537.36 (KHTML, like Gecko) Version/4.0 Chrome/60.0.3112.107 Moblie Safari/537.36"
45.144.115.33 - - [16/Apr/2025:15:59:38 -0400] "GET /wp-admin/maint/ HTTP/1.1" 403 1242 "http://shahmeenaindustry.com/wp-admin/maint/index.php" "Mozlila/5.0 (Linux; Android 7.0; SM-G892A Bulid/NRD90M; wv) AppleWebKit/537.36 (KHTML, like Gecko) Version/4.0 Chrome/60.0.3112.107 Moblie Safari/537.36"
45.144.115.33 - - [16/Apr/2025:15:59:39 -0400] "GET /wp-admin/css/index.php HTTP/1.1" 301 0 "-" "Mozlila/5.0 (Linux; Android 7.0; SM-G892A Bulid/NRD90M; wv) AppleWebKit/537.36 (KHTML, like Gecko) Version/4.0 Chrome/60.0.3112.107 Moblie Safari/537.36"
45.144.115.33 - - [16/Apr/2025:15:59:40 -0400] "GET /wp-admin/css/ HTTP/1.1" 403 1242 "http://shahmeenaindustry.com/wp-admin/css/index.php" "Mozlila/5.0 (Linux; Android 7.0; SM-G892A Bulid/NRD90M; wv) AppleWebKit/537.36 (KHTML, like Gecko) Version/4.0 Chrome/60.0.3112.107 Moblie Safari/537.36"
45.144.115.33 - - [16/Apr/2025:15:59:42 -0400] "GET /wp-includes/widgets/index.php HTTP/1.1" 301 0 "-" "Mozlila/5.0 (Linux; Android 7.0; SM-G892A Bulid/NRD90M; wv) AppleWebKit/537.36 (KHTML, like Gecko) Version/4.0 Chrome/60.0.3112.107 Moblie Safari/537.36"
45.144.115.33 - - [16/Apr/2025:15:59:44 -0400] "GET /wp-includes/widgets/ HTTP/1.1" 403 1242 "http://shahmeenaindustry.com/wp-includes/widgets/index.php" "Mozlila/5.0 (Linux; Android 7.0; SM-G892A Bulid/NRD90M; wv) AppleWebKit/537.36 (KHTML, like Gecko) Version/4.0 Chrome/60.0.3112.107 Moblie Safari/537.36"
45.144.115.33 - - [16/Apr/2025:15:59:46 -0400] "GET /wp-content/index.php HTTP/1.1" 200 0 "-" "Mozlila/5.0 (Linux; Android 7.0; SM-G892A Bulid/NRD90M; wv) AppleWebKit/537.36 (KHTML, like Gecko) Version/4.0 Chrome/60.0.3112.107 Moblie Safari/537.36"
45.144.115.33 - - [16/Apr/2025:15:59:48 -0400] "GET /wp-includes/images/index.php HTTP/1.1" 301 0 "-" "Mozlila/5.0 (Linux; Android 7.0; SM-G892A Bulid/NRD90M; wv) AppleWebKit/537.36 (KHTML, like Gecko) Version/4.0 Chrome/60.0.3112.107 Moblie Safari/537.36"
45.144.115.33 - - [16/Apr/2025:15:59:49 -0400] "GET /wp-includes/images/ HTTP/1.1" 403 1242 "http://shahmeenaindustry.com/wp-includes/images/index.php" "Mozlila/5.0 (Linux; Android 7.0; SM-G892A Bulid/NRD90M; wv) AppleWebKit/537.36 (KHTML, like Gecko) Version/4.0 Chrome/60.0.3112.107 Moblie Safari/537.36"
45.144.115.33 - - [16/Apr/2025:15:59:50 -0400] "GET /wp-includes/Text/Diff/index.php HTTP/1.1" 301 0 "-" "Mozlila/5.0 (Linux; Android 7.0; SM-G892A Bulid/NRD90M; wv) AppleWebKit/537.36 (KHTML, like Gecko) Version/4.0 Chrome/60.0.3112.107 Moblie Safari/537.36"
45.144.115.33 - - [16/Apr/2025:15:59:52 -0400] "GET /wp-includes/Text/Diff/ HTTP/1.1" 403 1242 "http://shahmeenaindustry.com/wp-includes/Text/Diff/index.php" "Mozlila/5.0 (Linux; Android 7.0; SM-G892A Bulid/NRD90M; wv) AppleWebKit/537.36 (KHTML, like Gecko) Version/4.0 Chrome/60.0.3112.107 Moblie Safari/537.36"
45.144.115.33 - - [16/Apr/2025:15:59:54 -0400] "GET /wp-admin/network/index.php HTTP/1.1" 302 0 "-" "Mozlila/5.0 (Linux; Android 7.0; SM-G892A Bulid/NRD90M; wv) AppleWebKit/537.36 (KHTML, like Gecko) Version/4.0 Chrome/60.0.3112.107 Moblie Safari/537.36"
45.144.115.33 - - [16/Apr/2025:16:00:00 -0400] "GET /xmlrpc.php HTTP/1.1" 405 60 "-" "Mozlila/5.0 (Linux; Android 7.0; SM-G892A Bulid/NRD90M; wv) AppleWebKit/537.36 (KHTML, like Gecko) Version/4.0 Chrome/60.0.3112.107 Moblie Safari/537.36"
45.144.115.33 - - [16/Apr/2025:16:00:04 -0400] "GET /wp-content/cong.php HTTP/1.1" 404 16748 "-" "Mozlila/5.0 (Linux; Android 7.0; SM-G892A Bulid/NRD90M; wv) AppleWebKit/537.36 (KHTML, like Gecko) Version/4.0 Chrome/60.0.3112.107 Moblie Safari/537.36"
45.144.115.33 - - [16/Apr/2025:16:00:06 -0400] "GET /uploads/k69834253_index.php HTTP/1.1" 404 16748 "-" "Mozlila/5.0 (Linux; Android 7.0; SM-G892A Bulid/NRD90M; wv) AppleWebKit/537.36 (KHTML, like Gecko) Version/4.0 Chrome/60.0.3112.107 Moblie Safari/537.36"
45.144.115.33 - - [16/Apr/2025:16:00:09 -0400] "GET /wp-content/plugins/rsquaaj/index4.php HTTP/1.1" 404 16749 "-" "Mozlila/5.0 (Linux; Android 7.0; SM-G892A Bulid/NRD90M; wv) AppleWebKit/537.36 (KHTML, like Gecko) Version/4.0 Chrome/60.0.3112.107 Moblie Safari/537.36"
45.144.115.33 - - [16/Apr/2025:16:00:12 -0400] "GET /xleetshell.php HTTP/1.1" 404 16749 "-" "Mozlila/5.0 (Linux; Android 7.0; SM-G892A Bulid/NRD90M; wv) AppleWebKit/537.36 (KHTML, like Gecko) Version/4.0 Chrome/60.0.3112.107 Moblie Safari/537.36"
45.144.115.33 - - [16/Apr/2025:16:00:16 -0400] "GET /wp-admin/includes/xleet-shell.php HTTP/1.1" 404 16749 "-" "Mozlila/5.0 (Linux; Android 7.0; SM-G892A Bulid/NRD90M; wv) AppleWebKit/537.36 (KHTML, like Gecko) Version/4.0 Chrome/60.0.3112.107 Moblie Safari/537.36"
45.144.115.33 - - [16/Apr/2025:16:00:19 -0400] "GET /xlt.php HTTP/1.1" 404 16749 "-" "Mozlila/5.0 (Linux; Android 7.0; SM-G892A Bulid/NRD90M; wv) AppleWebKit/537.36 (KHTML, like Gecko) Version/4.0 Chrome/60.0.3112.107 Moblie Safari/537.36"
45.144.115.33 - - [16/Apr/2025:16:00:21 -0400] "GET /templates/beez5/mar.php HTTP/1.1" 404 16749 "-" "Mozlila/5.0 (Linux; Android 7.0; SM-G892A Bulid/NRD90M; wv) AppleWebKit/537.36 (KHTML, like Gecko) Version/4.0 Chrome/60.0.3112.107 Moblie Safari/537.36"
45.144.115.33 - - [16/Apr/2025:16:00:25 -0400] "GET /wp-content/plugins/xt/index.php HTTP/1.1" 301 0 "-" "Mozlila/5.0 (Linux; Android 7.0; SM-G892A Bulid/NRD90M; wv) AppleWebKit/537.36 (KHTML, like Gecko) Version/4.0 Chrome/60.0.3112.107 Moblie Safari/537.36"
148.72.214.194 - - [16/Apr/2025:16:00:26 -0400] "POST /xmlrpc.php HTTP/1.1" 200 236 "-" "Mozilla/5.0 (X11; Fedora; Linux x86_64; rv:94.0) Gecko/20100101 Firefox/95.0"
45.144.115.33 - - [16/Apr/2025:16:00:27 -0400] "GET /wp-content/plugins/xt/ HTTP/1.1" 404 16749 "http://shahmeenaindustry.com/wp-content/plugins/xt/index.php" "Mozlila/5.0 (Linux; Android 7.0; SM-G892A Bulid/NRD90M; wv) AppleWebKit/537.36 (KHTML, like Gecko) Version/4.0 Chrome/60.0.3112.107 Moblie Safari/537.36"
45.144.115.33 - - [16/Apr/2025:16:00:29 -0400] "GET /wp-content/xleet.php HTTP/1.1" 404 16749 "-" "Mozlila/5.0 (Linux; Android 7.0; SM-G892A Bulid/NRD90M; wv) AppleWebKit/537.36 (KHTML, like Gecko) Version/4.0 Chrome/60.0.3112.107 Moblie Safari/537.36"
198.54.114.83 - - [16/Apr/2025:16:00:34 -0400] "POST /wp-cron.php?doing_wp_cron=1744833632.9656410217285156250000 HTTP/1.1" 200 0 "-" "WordPress/6.8; https://shahmeenaindustry.com"
45.144.115.33 - - [16/Apr/2025:16:00:32 -0400] "GET /wp-admin/xleet-shell.php HTTP/1.1" 404 16749 "-" "Mozlila/5.0 (Linux; Android 7.0; SM-G892A Bulid/NRD90M; wv) AppleWebKit/537.36 (KHTML, like Gecko) Version/4.0 Chrome/60.0.3112.107 Moblie Safari/537.36"
45.144.115.33 - - [16/Apr/2025:16:00:35 -0400] "GET /wp-includes/css/css.php HTTP/1.1" 404 16749 "-" "Mozlila/5.0 (Linux; Android 7.0; SM-G892A Bulid/NRD90M; wv) AppleWebKit/537.36 (KHTML, like Gecko) Version/4.0 Chrome/60.0.3112.107 Moblie Safari/537.36"
45.144.115.33 - - [16/Apr/2025:16:00:39 -0400] "GET /wp-includes/fonts/css.php HTTP/1.1" 404 16749 "-" "Mozlila/5.0 (Linux; Android 7.0; SM-G892A Bulid/NRD90M; wv) AppleWebKit/537.36 (KHTML, like Gecko) Version/4.0 Chrome/60.0.3112.107 Moblie Safari/537.36"
45.144.115.33 - - [16/Apr/2025:16:00:41 -0400] "GET /wp-content/uploads/options-writing.php HTTP/1.1" 404 16749 "-" "Mozlila/5.0 (Linux; Android 7.0; SM-G892A Bulid/NRD90M; wv) AppleWebKit/537.36 (KHTML, like Gecko) Version/4.0 Chrome/60.0.3112.107 Moblie Safari/537.36"
45.144.115.33 - - [16/Apr/2025:16:00:43 -0400] "GET /wp-content/updates.php HTTP/1.1" 404 16749 "-" "Mozlila/5.0 (Linux; Android 7.0; SM-G892A Bulid/NRD90M; wv) AppleWebKit/537.36 (KHTML, like Gecko) Version/4.0 Chrome/60.0.3112.107 Moblie Safari/537.36"
45.144.115.33 - - [16/Apr/2025:16:00:45 -0400] "GET /wp-content/plugins/ango/sett.php HTTP/1.1" 404 16749 "-" "Mozlila/5.0 (Linux; Android 7.0; SM-G892A Bulid/NRD90M; wv) AppleWebKit/537.36 (KHTML, like Gecko) Version/4.0 Chrome/60.0.3112.107 Moblie Safari/537.36"
45.144.115.33 - - [16/Apr/2025:16:00:48 -0400] "GET /wp-content/plugins/beast3x/3xup.php HTTP/1.1" 404 16749 "-" "Mozlila/5.0 (Linux; Android 7.0; SM-G892A Bulid/NRD90M; wv) AppleWebKit/537.36 (KHTML, like Gecko) Version/4.0 Chrome/60.0.3112.107 Moblie Safari/537.36"
45.144.115.33 - - [16/Apr/2025:16:00:50 -0400] "GET /sellex.php HTTP/1.1" 404 16749 "-" "Mozlila/5.0 (Linux; Android 7.0; SM-G892A Bulid/NRD90M; wv) AppleWebKit/537.36 (KHTML, like Gecko) Version/4.0 Chrome/60.0.3112.107 Moblie Safari/537.36"
45.144.115.33 - - [16/Apr/2025:16:00:54 -0400] "GET /wp-admin/maint/wp-login.php HTTP/1.1" 404 16749 "-" "Mozlila/5.0 (Linux; Android 7.0; SM-G892A Bulid/NRD90M; wv) AppleWebKit/537.36 (KHTML, like Gecko) Version/4.0 Chrome/60.0.3112.107 Moblie Safari/537.36"
45.144.115.33 - - [16/Apr/2025:16:00:58 -0400] "GET /shell20211028.php HTTP/1.1" 404 16749 "-" "Mozlila/5.0 (Linux; Android 7.0; SM-G892A Bulid/NRD90M; wv) AppleWebKit/537.36 (KHTML, like Gecko) Version/4.0 Chrome/60.0.3112.107 Moblie Safari/537.36"
45.144.115.33 - - [16/Apr/2025:16:01:01 -0400] "GET /wp-content/upgrade-functions.php HTTP/1.1" 404 16747 "-" "Mozlila/5.0 (Linux; Android 7.0; SM-G892A Bulid/NRD90M; wv) AppleWebKit/537.36 (KHTML, like Gecko) Version/4.0 Chrome/60.0.3112.107 Moblie Safari/537.36"
45.144.115.33 - - [16/Apr/2025:16:01:04 -0400] "GET /wp-content/plugins/revslider/includes/external/page/index.php HTTP/1.1" 301 0 "-" "Mozlila/5.0 (Linux; Android 7.0; SM-G892A Bulid/NRD90M; wv) AppleWebKit/537.36 (KHTML, like Gecko) Version/4.0 Chrome/60.0.3112.107 Moblie Safari/537.36"
45.144.115.33 - - [16/Apr/2025:16:01:07 -0400] "GET /wp-content/plugins/revslider/includes/external/page/ HTTP/1.1" 404 16749 "http://shahmeenaindustry.com/wp-content/plugins/revslider/includes/external/page/index.php" "Mozlila/5.0 (Linux; Android 7.0; SM-G892A Bulid/NRD90M; wv) AppleWebKit/537.36 (KHTML, like Gecko) Version/4.0 Chrome/60.0.3112.107 Moblie Safari/537.36"
45.144.115.33 - - [16/Apr/2025:16:01:12 -0400] "GET /wp-content/plugins/Cache/Cache.php HTTP/1.1" 404 16749 "-" "Mozlila/5.0 (Linux; Android 7.0; SM-G892A Bulid/NRD90M; wv) AppleWebKit/537.36 (KHTML, like Gecko) Version/4.0 Chrome/60.0.3112.107 Moblie Safari/537.36"
45.144.115.33 - - [16/Apr/2025:16:01:15 -0400] "GET /wp-config-sample.php HTTP/1.1" 500 1083 "-" "Mozlila/5.0 (Linux; Android 7.0; SM-G892A Bulid/NRD90M; wv) AppleWebKit/537.36 (KHTML, like Gecko) Version/4.0 Chrome/60.0.3112.107 Moblie Safari/537.36"
45.144.115.33 - - [16/Apr/2025:16:01:17 -0400] "GET /lock360.php HTTP/1.1" 404 16749 "-" "Mozlila/5.0 (Linux; Android 7.0; SM-G892A Bulid/NRD90M; wv) AppleWebKit/537.36 (KHTML, like Gecko) Version/4.0 Chrome/60.0.3112.107 Moblie Safari/537.36"
45.144.115.33 - - [16/Apr/2025:16:01:21 -0400] "GET /dropdown.php HTTP/1.1" 404 16750 "-" "Mozlila/5.0 (Linux; Android 7.0; SM-G892A Bulid/NRD90M; wv) AppleWebKit/537.36 (KHTML, like Gecko) Version/4.0 Chrome/60.0.3112.107 Moblie Safari/537.36"
45.144.115.33 - - [16/Apr/2025:16:01:23 -0400] "GET /cjfuns.php HTTP/1.1" 404 16749 "-" "Mozlila/5.0 (Linux; Android 7.0; SM-G892A Bulid/NRD90M; wv) AppleWebKit/537.36 (KHTML, like Gecko) Version/4.0 Chrome/60.0.3112.107 Moblie Safari/537.36"
45.144.115.33 - - [16/Apr/2025:16:01:25 -0400] "GET /repeater.php HTTP/1.1" 404 16749 "-" "Mozlila/5.0 (Linux; Android 7.0; SM-G892A Bulid/NRD90M; wv) AppleWebKit/537.36 (KHTML, like Gecko) Version/4.0 Chrome/60.0.3112.107 Moblie Safari/537.36"
45.144.115.33 - - [16/Apr/2025:16:01:27 -0400] "GET /cloud.php HTTP/1.1" 404 16749 "-" "Mozlila/5.0 (Linux; Android 7.0; SM-G892A Bulid/NRD90M; wv) AppleWebKit/537.36 (KHTML, like Gecko) Version/4.0 Chrome/60.0.3112.107 Moblie Safari/537.36"
45.144.115.33 - - [16/Apr/2025:16:01:31 -0400] "GET /radio.php HTTP/1.1" 404 16751 "-" "Mozlila/5.0 (Linux; Android 7.0; SM-G892A Bulid/NRD90M; wv) AppleWebKit/537.36 (KHTML, like Gecko) Version/4.0 Chrome/60.0.3112.107 Moblie Safari/537.36"
198.54.114.83 - - [16/Apr/2025:16:01:34 -0400] "POST /wp-cron.php?doing_wp_cron=1744833693.0465779304504394531250 HTTP/1.1" 200 0 "-" "WordPress/6.8; https://shahmeenaindustry.com"
45.144.115.33 - - [16/Apr/2025:16:01:32 -0400] "GET /wp-content/plugins/press/wp-class.php HTTP/1.1" 404 16749 "-" "Mozlila/5.0 (Linux; Android 7.0; SM-G892A Bulid/NRD90M; wv) AppleWebKit/537.36 (KHTML, like Gecko) Version/4.0 Chrome/60.0.3112.107 Moblie Safari/537.36"
45.144.115.33 - - [16/Apr/2025:16:01:35 -0400] "GET /fm1.php HTTP/1.1" 404 16749 "-" "Mozlila/5.0 (Linux; Android 7.0; SM-G892A Bulid/NRD90M; wv) AppleWebKit/537.36 (KHTML, like Gecko) Version/4.0 Chrome/60.0.3112.107 Moblie Safari/537.36"
45.144.115.33 - - [16/Apr/2025:16:01:37 -0400] "GET /M1.php HTTP/1.1" 404 16749 "-" "Mozlila/5.0 (Linux; Android 7.0; SM-G892A Bulid/NRD90M; wv) AppleWebKit/537.36 (KHTML, like Gecko) Version/4.0 Chrome/60.0.3112.107 Moblie Safari/537.36"
45.144.115.33 - - [16/Apr/2025:16:01:40 -0400] "GET /themes.php HTTP/1.1" 404 16751 "-" "Mozlila/5.0 (Linux; Android 7.0; SM-G892A Bulid/NRD90M; wv) AppleWebKit/537.36 (KHTML, like Gecko) Version/4.0 Chrome/60.0.3112.107 Moblie Safari/537.36"
45.144.115.33 - - [16/Apr/2025:16:01:41 -0400] "GET /about.php HTTP/1.1" 404 16750 "-" "Mozlila/5.0 (Linux; Android 7.0; SM-G892A Bulid/NRD90M; wv) AppleWebKit/537.36 (KHTML, like Gecko) Version/4.0 Chrome/60.0.3112.107 Moblie Safari/537.36"
45.144.115.33 - - [16/Apr/2025:16:01:41 -0400] "GET /wp-admin/css/colors/blue/CasperExV1.php HTTP/1.1" 404 16749 "-" "Mozlila/5.0 (Linux; Android 7.0; SM-G892A Bulid/NRD90M; wv) AppleWebKit/537.36 (KHTML, like Gecko) Version/4.0 Chrome/60.0.3112.107 Moblie Safari/537.36"
45.144.115.33 - - [16/Apr/2025:16:01:44 -0400] "GET /wp-content/index.php HTTP/1.1" 200 0 "-" "Mozlila/5.0 (Linux; Android 7.0; SM-G892A Bulid/NRD90M; wv) AppleWebKit/537.36 (KHTML, like Gecko) Version/4.0 Chrome/60.0.3112.107 Moblie Safari/537.36"
45.144.115.33 - - [16/Apr/2025:16:01:45 -0400] "GET /byp.php HTTP/1.1" 404 16749 "-" "Mozlila/5.0 (Linux; Android 7.0; SM-G892A Bulid/NRD90M; wv) AppleWebKit/537.36 (KHTML, like Gecko) Version/4.0 Chrome/60.0.3112.107 Moblie Safari/537.36"
45.144.115.33 - - [16/Apr/2025:16:01:49 -0400] "GET /edit-comments.php HTTP/1.1" 404 16749 "-" "Mozlila/5.0 (Linux; Android 7.0; SM-G892A Bulid/NRD90M; wv) AppleWebKit/537.36 (KHTML, like Gecko) Version/4.0 Chrome/60.0.3112.107 Moblie Safari/537.36"
45.144.115.33 - - [16/Apr/2025:16:01:53 -0400] "GET /smm.php HTTP/1.1" 404 16749 "-" "Mozlila/5.0 (Linux; Android 7.0; SM-G892A Bulid/NRD90M; wv) AppleWebKit/537.36 (KHTML, like Gecko) Version/4.0 Chrome/60.0.3112.107 Moblie Safari/537.36"
45.144.115.33 - - [16/Apr/2025:16:01:57 -0400] "GET /cloud.php HTTP/1.1" 404 16749 "-" "Mozlila/5.0 (Linux; Android 7.0; SM-G892A Bulid/NRD90M; wv) AppleWebKit/537.36 (KHTML, like Gecko) Version/4.0 Chrome/60.0.3112.107 Moblie Safari/537.36"
45.144.115.33 - - [16/Apr/2025:16:01:59 -0400] "GET /wp.php HTTP/1.1" 404 16749 "-" "Mozlila/5.0 (Linux; Android 7.0; SM-G892A Bulid/NRD90M; wv) AppleWebKit/537.36 (KHTML, like Gecko) Version/4.0 Chrome/60.0.3112.107 Moblie Safari/537.36"
45.144.115.33 - - [16/Apr/2025:16:02:03 -0400] "GET /1.php HTTP/1.1" 404 16749 "-" "Mozlila/5.0 (Linux; Android 7.0; SM-G892A Bulid/NRD90M; wv) AppleWebKit/537.36 (KHTML, like Gecko) Version/4.0 Chrome/60.0.3112.107 Moblie Safari/537.36"
45.144.115.33 - - [16/Apr/2025:16:02:06 -0400] "GET /classwithtostring.php HTTP/1.1" 404 16749 "-" "Mozlila/5.0 (Linux; Android 7.0; SM-G892A Bulid/NRD90M; wv) AppleWebKit/537.36 (KHTML, like Gecko) Version/4.0 Chrome/60.0.3112.107 Moblie Safari/537.36"
45.144.115.33 - - [16/Apr/2025:16:02:10 -0400] "GET /admin.php HTTP/1.1" 404 16750 "-" "Mozlila/5.0 (Linux; Android 7.0; SM-G892A Bulid/NRD90M; wv) AppleWebKit/537.36 (KHTML, like Gecko) Version/4.0 Chrome/60.0.3112.107 Moblie Safari/537.36"
45.144.115.33 - - [16/Apr/2025:16:02:11 -0400] "GET /gecko.php HTTP/1.1" 404 16749 "-" "Mozlila/5.0 (Linux; Android 7.0; SM-G892A Bulid/NRD90M; wv) AppleWebKit/537.36 (KHTML, like Gecko) Version/4.0 Chrome/60.0.3112.107 Moblie Safari/537.36"
45.144.115.33 - - [16/Apr/2025:16:02:14 -0400] "GET /mini.php HTTP/1.1" 404 16748 "-" "Mozlila/5.0 (Linux; Android 7.0; SM-G892A Bulid/NRD90M; wv) AppleWebKit/537.36 (KHTML, like Gecko) Version/4.0 Chrome/60.0.3112.107 Moblie Safari/537.36"
45.144.115.33 - - [16/Apr/2025:16:02:18 -0400] "GET /user.php HTTP/1.1" 404 16749 "-" "Mozlila/5.0 (Linux; Android 7.0; SM-G892A Bulid/NRD90M; wv) AppleWebKit/537.36 (KHTML, like Gecko) Version/4.0 Chrome/60.0.3112.107 Moblie Safari/537.36"
45.144.115.33 - - [16/Apr/2025:16:02:20 -0400] "GET /0z.php HTTP/1.1" 404 16749 "-" "Mozlila/5.0 (Linux; Android 7.0; SM-G892A Bulid/NRD90M; wv) AppleWebKit/537.36 (KHTML, like Gecko) Version/4.0 Chrome/60.0.3112.107 Moblie Safari/537.36"
45.144.115.33 - - [16/Apr/2025:16:02:23 -0400] "GET /wp-content/plugins/index.php HTTP/1.1" 200 0 "-" "Mozlila/5.0 (Linux; Android 7.0; SM-G892A Bulid/NRD90M; wv) AppleWebKit/537.36 (KHTML, like Gecko) Version/4.0 Chrome/60.0.3112.107 Moblie Safari/537.36"
45.144.115.33 - - [16/Apr/2025:16:02:24 -0400] "GET /xl2023.php HTTP/1.1" 404 16749 "-" "Mozlila/5.0 (Linux; Android 7.0; SM-G892A Bulid/NRD90M; wv) AppleWebKit/537.36 (KHTML, like Gecko) Version/4.0 Chrome/60.0.3112.107 Moblie Safari/537.36"
45.144.115.33 - - [16/Apr/2025:16:02:27 -0400] "GET /log.php HTTP/1.1" 404 16749 "-" "Mozlila/5.0 (Linux; Android 7.0; SM-G892A Bulid/NRD90M; wv) AppleWebKit/537.36 (KHTML, like Gecko) Version/4.0 Chrome/60.0.3112.107 Moblie Safari/537.36"
45.144.115.33 - - [16/Apr/2025:16:02:29 -0400] "GET /upload.php HTTP/1.1" 404 16749 "-" "Mozlila/5.0 (Linux; Android 7.0; SM-G892A Bulid/NRD90M; wv) AppleWebKit/537.36 (KHTML, like Gecko) Version/4.0 Chrome/60.0.3112.107 Moblie Safari/537.36"
198.54.114.83 - - [16/Apr/2025:16:02:36 -0400] "POST /wp-cron.php?doing_wp_cron=1744833755.2448110580444335937500 HTTP/1.1" 200 0 "-" "WordPress/6.8; https://shahmeenaindustry.com"
45.144.115.33 - - [16/Apr/2025:16:02:34 -0400] "GET /.well-known/ HTTP/1.1" 404 16749 "-" "Mozlila/5.0 (Linux; Android 7.0; SM-G892A Bulid/NRD90M; wv) AppleWebKit/537.36 (KHTML, like Gecko) Version/4.0 Chrome/60.0.3112.107 Moblie Safari/537.36"
45.144.115.33 - - [16/Apr/2025:16:02:38 -0400] "GET /.well-known/pki-validation/ HTTP/1.1" 404 1251 "-" "Mozlila/5.0 (Linux; Android 7.0; SM-G892A Bulid/NRD90M; wv) AppleWebKit/537.36 (KHTML, like Gecko) Version/4.0 Chrome/60.0.3112.107 Moblie Safari/537.36"
45.144.115.33 - - [16/Apr/2025:16:02:40 -0400] "GET /.well-known/acme-challenge/ HTTP/1.1" 404 16749 "-" "Mozlila/5.0 (Linux; Android 7.0; SM-G892A Bulid/NRD90M; wv) AppleWebKit/537.36 (KHTML, like Gecko) Version/4.0 Chrome/60.0.3112.107 Moblie Safari/537.36"
198.54.114.83 - - [16/Apr/2025:16:02:42 -0400] "POST /wp-cron.php?doing_wp_cron=1744833761.1237049102783203125000 HTTP/1.1" 200 0 "-" "WordPress/6.8; https://shahmeenaindustry.com"
45.144.115.33 - - [16/Apr/2025:16:02:44 -0400] "GET /vendor/phpunit/phpunit/src/Util/PHP/ HTTP/1.1" 404 16749 "-" "Mozlila/5.0 (Linux; Android 7.0; SM-G892A Bulid/NRD90M; wv) AppleWebKit/537.36 (KHTML, like Gecko) Version/4.0 Chrome/60.0.3112.107 Moblie Safari/537.36"
45.144.115.33 - - [16/Apr/2025:16:02:47 -0400] "GET /wp-content/uploads/ HTTP/1.1" 403 1242 "-" "Mozlila/5.0 (Linux; Android 7.0; SM-G892A Bulid/NRD90M; wv) AppleWebKit/537.36 (KHTML, like Gecko) Version/4.0 Chrome/60.0.3112.107 Moblie Safari/537.36"
45.144.115.33 - - [16/Apr/2025:16:02:49 -0400] "GET /wp-admin/ HTTP/1.1" 302 0 "-" "Mozlila/5.0 (Linux; Android 7.0; SM-G892A Bulid/NRD90M; wv) AppleWebKit/537.36 (KHTML, like Gecko) Version/4.0 Chrome/60.0.3112.107 Moblie Safari/537.36"
45.144.115.33 - - [16/Apr/2025:16:02:55 -0400] "GET /wordpress/wp-admin/includes HTTP/1.1" 404 16749 "-" "Mozlila/5.0 (Linux; Android 7.0; SM-G892A Bulid/NRD90M; wv) AppleWebKit/537.36 (KHTML, like Gecko) Version/4.0 Chrome/60.0.3112.107 Moblie Safari/537.36"
45.144.115.33 - - [16/Apr/2025:16:02:58 -0400] "GET /wp-admin/js/ HTTP/1.1" 403 1242 "-" "Mozlila/5.0 (Linux; Android 7.0; SM-G892A Bulid/NRD90M; wv) AppleWebKit/537.36 (KHTML, like Gecko) Version/4.0 Chrome/60.0.3112.107 Moblie Safari/537.36"
45.144.115.33 - - [16/Apr/2025:16:02:58 -0400] "GET /ALFA_DATA/ HTTP/1.1" 404 16749 "-" "Mozlila/5.0 (Linux; Android 7.0; SM-G892A Bulid/NRD90M; wv) AppleWebKit/537.36 (KHTML, like Gecko) Version/4.0 Chrome/60.0.3112.107 Moblie Safari/537.36"
45.144.115.33 - - [16/Apr/2025:16:03:01 -0400] "GET /wp-content/upgrade/ HTTP/1.1" 403 1242 "-" "Mozlila/5.0 (Linux; Android 7.0; SM-G892A Bulid/NRD90M; wv) AppleWebKit/537.36 (KHTML, like Gecko) Version/4.0 Chrome/60.0.3112.107 Moblie Safari/537.36"
45.144.115.33 - - [16/Apr/2025:16:03:02 -0400] "GET /wp-admin/css/colors/ HTTP/1.1" 403 1242 "-" "Mozlila/5.0 (Linux; Android 7.0; SM-G892A Bulid/NRD90M; wv) AppleWebKit/537.36 (KHTML, like Gecko) Version/4.0 Chrome/60.0.3112.107 Moblie Safari/537.36"
45.144.115.33 - - [16/Apr/2025:16:03:02 -0400] "GET /wp-includes/ HTTP/1.1" 403 1242 "-" "Mozlila/5.0 (Linux; Android 7.0; SM-G892A Bulid/NRD90M; wv) AppleWebKit/537.36 (KHTML, like Gecko) Version/4.0 Chrome/60.0.3112.107 Moblie Safari/537.36"
45.144.115.33 - - [16/Apr/2025:16:03:02 -0400] "GET /wp-includes/css/ HTTP/1.1" 403 1242 "-" "Mozlila/5.0 (Linux; Android 7.0; SM-G892A Bulid/NRD90M; wv) AppleWebKit/537.36 (KHTML, like Gecko) Version/4.0 Chrome/60.0.3112.107 Moblie Safari/537.36"
45.144.115.33 - - [16/Apr/2025:16:03:03 -0400] "GET /wp-includes/ID3 HTTP/1.1" 301 795 "-" "Mozlila/5.0 (Linux; Android 7.0; SM-G892A Bulid/NRD90M; wv) AppleWebKit/537.36 (KHTML, like Gecko) Version/4.0 Chrome/60.0.3112.107 Moblie Safari/537.36"
45.144.115.33 - - [16/Apr/2025:16:03:03 -0400] "GET /wp-includes/ID3/ HTTP/1.1" 403 1242 "http://shahmeenaindustry.com/wp-includes/ID3" "Mozlila/5.0 (Linux; Android 7.0; SM-G892A Bulid/NRD90M; wv) AppleWebKit/537.36 (KHTML, like Gecko) Version/4.0 Chrome/60.0.3112.107 Moblie Safari/537.36"
45.144.115.33 - - [16/Apr/2025:16:03:03 -0400] "GET /wp-includes/IXR/ HTTP/1.1" 403 1242 "-" "Mozlila/5.0 (Linux; Android 7.0; SM-G892A Bulid/NRD90M; wv) AppleWebKit/537.36 (KHTML, like Gecko) Version/4.0 Chrome/60.0.3112.107 Moblie Safari/537.36"
45.144.115.33 - - [16/Apr/2025:16:03:04 -0400] "GET /wp-includes/Requests/ HTTP/1.1" 403 1242 "-" "Mozlila/5.0 (Linux; Android 7.0; SM-G892A Bulid/NRD90M; wv) AppleWebKit/537.36 (KHTML, like Gecko) Version/4.0 Chrome/60.0.3112.107 Moblie Safari/537.36"
45.144.115.33 - - [16/Apr/2025:16:03:04 -0400] "GET /wp-includes/SimplePie/ HTTP/1.1" 403 1242 "-" "Mozlila/5.0 (Linux; Android 7.0; SM-G892A Bulid/NRD90M; wv) AppleWebKit/537.36 (KHTML, like Gecko) Version/4.0 Chrome/60.0.3112.107 Moblie Safari/537.36"
45.144.115.33 - - [16/Apr/2025:16:03:04 -0400] "GET /wp-includes/Text/ HTTP/1.1" 403 1242 "-" "Mozlila/5.0 (Linux; Android 7.0; SM-G892A Bulid/NRD90M; wv) AppleWebKit/537.36 (KHTML, like Gecko) Version/4.0 Chrome/60.0.3112.107 Moblie Safari/537.36"
45.144.115.33 - - [16/Apr/2025:16:03:04 -0400] "GET /wp-includes/Text/Diff/Renderer/ HTTP/1.1" 403 1242 "-" "Mozlila/5.0 (Linux; Android 7.0; SM-G892A Bulid/NRD90M; wv) AppleWebKit/537.36 (KHTML, like Gecko) Version/4.0 Chrome/60.0.3112.107 Moblie Safari/537.36"
45.144.115.33 - - [16/Apr/2025:16:03:04 -0400] "GET /wp-includes/blocks/ HTTP/1.1" 200 22 "-" "Mozlila/5.0 (Linux; Android 7.0; SM-G892A Bulid/NRD90M; wv) AppleWebKit/537.36 (KHTML, like Gecko) Version/4.0 Chrome/60.0.3112.107 Moblie Safari/537.36"
45.144.115.33 - - [16/Apr/2025:16:03:05 -0400] "GET /wp-includes/certificates/ HTTP/1.1" 403 1242 "-" "Mozlila/5.0 (Linux; Android 7.0; SM-G892A Bulid/NRD90M; wv) AppleWebKit/537.36 (KHTML, like Gecko) Version/4.0 Chrome/60.0.3112.107 Moblie Safari/537.36"
45.144.115.33 - - [16/Apr/2025:16:03:07 -0400] "GET /wp-includes/customize/ HTTP/1.1" 403 1242 "-" "Mozlila/5.0 (Linux; Android 7.0; SM-G892A Bulid/NRD90M; wv) AppleWebKit/537.36 (KHTML, like Gecko) Version/4.0 Chrome/60.0.3112.107 Moblie Safari/537.36"
45.144.115.33 - - [16/Apr/2025:16:03:08 -0400] "GET /wp-includes/fonts/ HTTP/1.1" 403 1242 "-" "Mozlila/5.0 (Linux; Android 7.0; SM-G892A Bulid/NRD90M; wv) AppleWebKit/537.36 (KHTML, like Gecko) Version/4.0 Chrome/60.0.3112.107 Moblie Safari/537.36"
45.144.115.33 - - [16/Apr/2025:16:03:09 -0400] "GET /wp-includes/images/ HTTP/1.1" 403 1242 "-" "Mozlila/5.0 (Linux; Android 7.0; SM-G892A Bulid/NRD90M; wv) AppleWebKit/537.36 (KHTML, like Gecko) Version/4.0 Chrome/60.0.3112.107 Moblie Safari/537.36"
45.144.115.33 - - [16/Apr/2025:16:03:10 -0400] "GET /wp-includes/js/ HTTP/1.1" 403 1242 "-" "Mozlila/5.0 (Linux; Android 7.0; SM-G892A Bulid/NRD90M; wv) AppleWebKit/537.36 (KHTML, like Gecko) Version/4.0 Chrome/60.0.3112.107 Moblie Safari/537.36"
45.144.115.33 - - [16/Apr/2025:16:03:12 -0400] "GET /wp-includes/pomo/ HTTP/1.1" 403 1242 "-" "Mozlila/5.0 (Linux; Android 7.0; SM-G892A Bulid/NRD90M; wv) AppleWebKit/537.36 (KHTML, like Gecko) Version/4.0 Chrome/60.0.3112.107 Moblie Safari/537.36"
45.144.115.33 - - [16/Apr/2025:16:03:13 -0400] "GET /wp-includes/rest-api/ HTTP/1.1" 403 1242 "-" "Mozlila/5.0 (Linux; Android 7.0; SM-G892A Bulid/NRD90M; wv) AppleWebKit/537.36 (KHTML, like Gecko) Version/4.0 Chrome/60.0.3112.107 Moblie Safari/537.36"
45.144.115.33 - - [16/Apr/2025:16:03:14 -0400] "GET /wp-includes/widgets/ HTTP/1.1" 403 1242 "-" "Mozlila/5.0 (Linux; Android 7.0; SM-G892A Bulid/NRD90M; wv) AppleWebKit/537.36 (KHTML, like Gecko) Version/4.0 Chrome/60.0.3112.107 Moblie Safari/537.36"
45.144.115.33 - - [16/Apr/2025:16:03:15 -0400] "GET /wp-admin/css/ HTTP/1.1" 403 1242 "-" "Mozlila/5.0 (Linux; Android 7.0; SM-G892A Bulid/NRD90M; wv) AppleWebKit/537.36 (KHTML, like Gecko) Version/4.0 Chrome/60.0.3112.107 Moblie Safari/537.36"
45.144.115.33 - - [16/Apr/2025:16:03:16 -0400] "GET /wp-admin/images/ HTTP/1.1" 403 1242 "-" "Mozlila/5.0 (Linux; Android 7.0; SM-G892A Bulid/NRD90M; wv) AppleWebKit/537.36 (KHTML, like Gecko) Version/4.0 Chrome/60.0.3112.107 Moblie Safari/537.36"
45.144.115.33 - - [16/Apr/2025:16:03:17 -0400] "GET /wp-admin/maint/ HTTP/1.1" 403 1242 "-" "Mozlila/5.0 (Linux; Android 7.0; SM-G892A Bulid/NRD90M; wv) AppleWebKit/537.36 (KHTML, like Gecko) Version/4.0 Chrome/60.0.3112.107 Moblie Safari/537.36"
45.144.115.33 - - [16/Apr/2025:16:03:18 -0400] "GET /wp-admin/meta/ HTTP/1.1" 404 16749 "-" "Mozlila/5.0 (Linux; Android 7.0; SM-G892A Bulid/NRD90M; wv) AppleWebKit/537.36 (KHTML, like Gecko) Version/4.0 Chrome/60.0.3112.107 Moblie Safari/537.36"
45.144.115.33 - - [16/Apr/2025:16:03:21 -0400] "GET /wp-admin/network/ HTTP/1.1" 302 0 "-" "Mozlila/5.0 (Linux; Android 7.0; SM-G892A Bulid/NRD90M; wv) AppleWebKit/537.36 (KHTML, like Gecko) Version/4.0 Chrome/60.0.3112.107 Moblie Safari/537.36"
45.144.115.33 - - [16/Apr/2025:16:03:25 -0400] "GET /wp-admin/user/ HTTP/1.1" 302 0 "-" "Mozlila/5.0 (Linux; Android 7.0; SM-G892A Bulid/NRD90M; wv) AppleWebKit/537.36 (KHTML, like Gecko) Version/4.0 Chrome/60.0.3112.107 Moblie Safari/537.36"
45.144.115.33 - - [16/Apr/2025:16:03:28 -0400] "GET /wp-content/ HTTP/1.1" 200 0 "-" "Mozlila/5.0 (Linux; Android 7.0; SM-G892A Bulid/NRD90M; wv) AppleWebKit/537.36 (KHTML, like Gecko) Version/4.0 Chrome/60.0.3112.107 Moblie Safari/537.36"
45.144.115.33 - - [16/Apr/2025:16:03:29 -0400] "GET /wp-content/uploads/ao_ccss/ HTTP/1.1" 404 16749 "-" "Mozlila/5.0 (Linux; Android 7.0; SM-G892A Bulid/NRD90M; wv) AppleWebKit/537.36 (KHTML, like Gecko) Version/4.0 Chrome/60.0.3112.107 Moblie Safari/537.36"
45.144.115.33 - - [16/Apr/2025:16:03:30 -0400] "GET /wp-content/uploads/2021/ HTTP/1.1" 404 16749 "-" "Mozlila/5.0 (Linux; Android 7.0; SM-G892A Bulid/NRD90M; wv) AppleWebKit/537.36 (KHTML, like Gecko) Version/4.0 Chrome/60.0.3112.107 Moblie Safari/537.36"
45.144.115.33 - - [16/Apr/2025:16:03:34 -0400] "GET /wp-content/plugins/elementor/ HTTP/1.1" 404 16749 "-" "Mozlila/5.0 (Linux; Android 7.0; SM-G892A Bulid/NRD90M; wv) AppleWebKit/537.36 (KHTML, like Gecko) Version/4.0 Chrome/60.0.3112.107 Moblie Safari/537.36"
45.144.115.33 - - [16/Apr/2025:16:03:36 -0400] "GET /wp-content/plugins/ HTTP/1.1" 200 0 "-" "Mozlila/5.0 (Linux; Android 7.0; SM-G892A Bulid/NRD90M; wv) AppleWebKit/537.36 (KHTML, like Gecko) Version/4.0 Chrome/60.0.3112.107 Moblie Safari/537.36"
45.144.115.33 - - [16/Apr/2025:16:03:37 -0400] "GET /wp-content/mu-plugins/ HTTP/1.1" 404 16749 "-" "Mozlila/5.0 (Linux; Android 7.0; SM-G892A Bulid/NRD90M; wv) AppleWebKit/537.36 (KHTML, like Gecko) Version/4.0 Chrome/60.0.3112.107 Moblie Safari/537.36"
45.144.115.33 - - [16/Apr/2025:16:03:39 -0400] "GET /wp-content/themes/ HTTP/1.1" 200 0 "-" "Mozlila/5.0 (Linux; Android 7.0; SM-G892A Bulid/NRD90M; wv) AppleWebKit/537.36 (KHTML, like Gecko) Version/4.0 Chrome/60.0.3112.107 Moblie Safari/537.36"
45.144.115.33 - - [16/Apr/2025:16:03:40 -0400] "GET /upload/image/ HTTP/1.1" 404 16749 "-" "Mozlila/5.0 (Linux; Android 7.0; SM-G892A Bulid/NRD90M; wv) AppleWebKit/537.36 (KHTML, like Gecko) Version/4.0 Chrome/60.0.3112.107 Moblie Safari/537.36"
198.54.114.83 - - [16/Apr/2025:16:03:42 -0400] "POST /wp-cron.php?doing_wp_cron=1744833821.6206750869750976562500 HTTP/1.1" 200 0 "-" "WordPress/6.8; https://shahmeenaindustry.com"
45.144.115.33 - - [16/Apr/2025:16:03:41 -0400] "GET /uploads/ HTTP/1.1" 404 16749 "-" "Mozlila/5.0 (Linux; Android 7.0; SM-G892A Bulid/NRD90M; wv) AppleWebKit/537.36 (KHTML, like Gecko) Version/4.0 Chrome/60.0.3112.107 Moblie Safari/537.36"
45.144.115.33 - - [16/Apr/2025:16:03:42 -0400] "GET /wordpress/wp-content/uploads/ HTTP/1.1" 404 16749 "-" "Mozlila/5.0 (Linux; Android 7.0; SM-G892A Bulid/NRD90M; wv) AppleWebKit/537.36 (KHTML, like Gecko) Version/4.0 Chrome/60.0.3112.107 Moblie Safari/537.36"
45.144.115.33 - - [16/Apr/2025:16:03:44 -0400] "GET /wordpress/wp-includes/ HTTP/1.1" 404 16749 "-" "Mozlila/5.0 (Linux; Android 7.0; SM-G892A Bulid/NRD90M; wv) AppleWebKit/537.36 (KHTML, like Gecko) Version/4.0 Chrome/60.0.3112.107 Moblie Safari/537.36"
45.144.115.33 - - [16/Apr/2025:16:03:46 -0400] "GET /blog/wp-includes/ HTTP/1.1" 404 16749 "-" "Mozlila/5.0 (Linux; Android 7.0; SM-G892A Bulid/NRD90M; wv) AppleWebKit/537.36 (KHTML, like Gecko) Version/4.0 Chrome/60.0.3112.107 Moblie Safari/537.36"
45.144.115.33 - - [16/Apr/2025:16:03:47 -0400] "GET /wp-admin/includes/ HTTP/1.1" 403 1242 "-" "Mozlila/5.0 (Linux; Android 7.0; SM-G892A Bulid/NRD90M; wv) AppleWebKit/537.36 (KHTML, like Gecko) Version/4.0 Chrome/60.0.3112.107 Moblie Safari/537.36"
45.144.115.33 - - [16/Apr/2025:16:03:48 -0400] "GET /WordPress/wp-admin/includes/ HTTP/1.1" 404 16749 "-" "Mozlila/5.0 (Linux; Android 7.0; SM-G892A Bulid/NRD90M; wv) AppleWebKit/537.36 (KHTML, like Gecko) Version/4.0 Chrome/60.0.3112.107 Moblie Safari/537.36"
45.144.115.33 - - [16/Apr/2025:16:03:52 -0400] "GET /sites/default/files/ HTTP/1.1" 404 16749 "-" "Mozlila/5.0 (Linux; Android 7.0; SM-G892A Bulid/NRD90M; wv) AppleWebKit/537.36 (KHTML, like Gecko) Version/4.0 Chrome/60.0.3112.107 Moblie Safari/537.36"
45.144.115.33 - - [16/Apr/2025:16:03:55 -0400] "GET /admin/controller/extension/extension/ HTTP/1.1" 404 16749 "-" "Mozlila/5.0 (Linux; Android 7.0; SM-G892A Bulid/NRD90M; wv) AppleWebKit/537.36 (KHTML, like Gecko) Version/4.0 Chrome/60.0.3112.107 Moblie Safari/537.36"
183.134.59.131 - - [16/Apr/2025:16:07:35 -0400] "GET /favicon.ico HTTP/1.1" 404 1251 "-" "Dalvik/2.1.0 (Linux; U; Android 9.0; ZTE BA520 Build/MRA58K)"
183.134.59.131 - - [16/Apr/2025:16:08:45 -0400] "GET / HTTP/1.1" 200 24826 "-" "Mozilla/5.0 (Macintosh; Intel Mac OS X 10_11) AppleWebKit/601.1.27 (KHTML, like Gecko) Chrome/47.0.2526.106 Safari/601.1.27"
183.134.59.131 - - [16/Apr/2025:16:15:58 -0400] "GET / HTTP/1.1" 200 24826 "-" "Mozilla/5.0 (iPhone; CPU iPhone OS 11_4 like Mac OS X) AppleWebKit/604.3.5 (KHTML, like Gecko) Version/11.0 MQQBrowser/8.5.0 Mobile/15B87 Safari/604.1 MttCustomUA/2 QBWebViewType/1 WKType/1"
202.69.38.12 - - [16/Apr/2025:16:19:32 -0400] "GET /wp-login.php HTTP/1.1" 302 0 "-" "Mozilla/5.0 (X11; Linux x86_64; rv:121.0) Gecko/20100101 Firefox/121.0"
202.69.38.12 - - [16/Apr/2025:16:19:35 -0400] "POST /wp-login.php HTTP/1.1" 200 0 "-" "Mozilla/5.0 (X11; Linux x86_64; rv:121.0) Gecko/20100101 Firefox/121.0"
60.188.57.0 - - [16/Apr/2025:16:53:10 -0400] "GET / HTTP/1.1" 200 24826 "-" "Mozilla/5.0 (iPhone; CPU iPhone OS 13_2_3 like Mac OS X) AppleWebKit/605.1.15 (KHTML, like Gecko) Version/13.0.3 Mobile/15E148 Safari/604.1"
185.220.101.26 - - [16/Apr/2025:17:01:27 -0400] "GET / HTTP/1.1" 200 24826 "shahmeenaindustry.com" "Mozilla/5.0 (Windows NT 6.2; WOW64; rv:36.0) Gecko/20100101 Firefox/36.0"
130.33.44.191 - - [16/Apr/2025:17:06:24 -0400] "HEAD /wordpress HTTP/1.1" 404 0 "-" "Mozilla/5.0 (Windows NT 10.0; Win64; x64) AppleWebKit/537.36 (KHTML, like Gecko) Chrome/74.0.3729.169 Safari/537.36"
130.33.44.191 - - [16/Apr/2025:17:06:25 -0400] "HEAD / HTTP/1.1" 200 0 "-" "Mozilla/5.0 (Windows NT 10.0; Win64; x64) AppleWebKit/537.36 (KHTML, like Gecko) Chrome/74.0.3729.169 Safari/537.36"
130.33.44.191 - - [16/Apr/2025:17:06:26 -0400] "HEAD /wp HTTP/1.1" 404 0 "-" "Mozilla/5.0 (Windows NT 10.0; Win64; x64) AppleWebKit/537.36 (KHTML, like Gecko) Chrome/74.0.3729.169 Safari/537.36"
130.33.44.191 - - [16/Apr/2025:17:06:29 -0400] "HEAD /bc HTTP/1.1" 404 0 "-" "Mozilla/5.0 (Windows NT 10.0; Win64; x64) AppleWebKit/537.36 (KHTML, like Gecko) Chrome/74.0.3729.169 Safari/537.36"
130.33.44.191 - - [16/Apr/2025:17:06:31 -0400] "HEAD /bk HTTP/1.1" 404 0 "-" "Mozilla/5.0 (Windows NT 10.0; Win64; x64) AppleWebKit/537.36 (KHTML, like Gecko) Chrome/74.0.3729.169 Safari/537.36"
130.33.44.191 - - [16/Apr/2025:17:06:33 -0400] "HEAD /backup HTTP/1.1" 404 0 "-" "Mozilla/5.0 (Windows NT 10.0; Win64; x64) AppleWebKit/537.36 (KHTML, like Gecko) Chrome/74.0.3729.169 Safari/537.36"
198.54.114.83 - - [16/Apr/2025:17:06:35 -0400] "POST /wp-cron.php?doing_wp_cron=1744837595.2553939819335937500000 HTTP/1.1" 200 0 "-" "WordPress/6.8; https://shahmeenaindustry.com"
130.33.44.191 - - [16/Apr/2025:17:06:34 -0400] "HEAD /old HTTP/1.1" 404 0 "-" "Mozilla/5.0 (Windows NT 10.0; Win64; x64) AppleWebKit/537.36 (KHTML, like Gecko) Chrome/74.0.3729.169 Safari/537.36"
130.33.44.191 - - [16/Apr/2025:17:06:38 -0400] "HEAD /new HTTP/1.1" 301 0 "-" "Mozilla/5.0 (Windows NT 10.0; Win64; x64) AppleWebKit/537.36 (KHTML, like Gecko) Chrome/74.0.3729.169 Safari/537.36"
130.33.44.191 - - [16/Apr/2025:17:06:43 -0400] "HEAD /main HTTP/1.1" 404 0 "-" "Mozilla/5.0 (Windows NT 10.0; Win64; x64) AppleWebKit/537.36 (KHTML, like Gecko) Chrome/74.0.3729.169 Safari/537.36"
130.33.44.191 - - [16/Apr/2025:17:06:46 -0400] "HEAD /home HTTP/1.1" 301 0 "-" "Mozilla/5.0 (Windows NT 10.0; Win64; x64) AppleWebKit/537.36 (KHTML, like Gecko) Chrome/74.0.3729.169 Safari/537.36"
198.54.114.83 - - [16/Apr/2025:17:48:30 -0400] "POST /wp-cron.php?doing_wp_cron=1744840108.4946689605712890625000 HTTP/1.1" 200 0 "-" "WordPress/6.8; https://shahmeenaindustry.com"
198.98.51.72 - - [16/Apr/2025:17:48:28 -0400] "GET /wp-content/plugins/suretriggers/readme.txt HTTP/1.1" 404 16750 "-" "python-requests/2.27.1"
