43.132.221.181 - - [16/Apr/2025:09:10:19 -0400] "GET /what-are-the-benefits-of-ithmid-kohl/ HTTP/1.1" 200 17515 "-" "Python/3.10 aiohttp/3.10.5"
217.113.194.21 - - [16/Apr/2025:09:10:30 -0400] "GET /what-is-the-rule-of-paint-by-numbers/ HTTP/1.1" 200 18032 "-" "Mozilla/5.0 (compatible; Barkrowler/0.9; +https://babbar.tech/crawler)"
217.113.194.20 - - [16/Apr/2025:09:10:50 -0400] "GET /buy-youtube-subscribers-to-grow-faster/feed/ HTTP/1.1" 200 411 "-" "Mozilla/5.0 (compatible; Barkrowler/0.9; +https://babbar.tech/crawler)"
198.54.114.83 - - [16/Apr/2025:09:10:54 -0400] "POST /wp-cron.php?doing_wp_cron=1744809050.9600200653076171875000 HTTP/1.1" 200 0 "-" "WordPress/6.8; https://shahmeenaindustry.com"
54.36.148.108 - - [16/Apr/2025:09:11:02 -0400] "GET /category/sign-in/ HTTP/1.1" 200 14829 "-" "Mozilla/5.0 (compatible; AhrefsBot/7.0; +http://ahrefs.com/robot/)"
217.113.194.21 - - [16/Apr/2025:09:11:10 -0400] "GET /luxurious-living-at-the-arden-showflat/ HTTP/1.1" 200 17586 "-" "Mozilla/5.0 (compatible; Barkrowler/0.9; +https://babbar.tech/crawler)"
217.113.194.19 - - [16/Apr/2025:09:11:28 -0400] "GET /navigating-the-diverse-channels-of-connectivity/feed/ HTTP/1.1" 200 405 "-" "Mozilla/5.0 (compatible; Barkrowler/0.9; +https://babbar.tech/crawler)"
154.54.249.194 - - [16/Apr/2025:09:11:48 -0400] "GET /the-benefits-of-cbd-vape-uk/feed/ HTTP/1.1" 200 398 "-" "Mozilla/5.0 (compatible; Barkrowler/0.9; +https://babbar.tech/crawler)"
217.113.194.15 - - [16/Apr/2025:09:12:06 -0400] "GET /the-benefits-of-business-trip-massage-2/ HTTP/1.1" 200 17624 "-" "Mozilla/5.0 (compatible; Barkrowler/0.9; +https://babbar.tech/crawler)"
198.54.114.83 - - [16/Apr/2025:09:12:25 -0400] "POST /wp-cron.php?doing_wp_cron=1744809144.1138539314270019531250 HTTP/1.1" 200 0 "-" "WordPress/6.8; https://shahmeenaindustry.com"
217.113.194.21 - - [16/Apr/2025:09:12:23 -0400] "GET /the-benefits-of-an-outdoor-led-screen/feed/ HTTP/1.1" 200 408 "-" "Mozilla/5.0 (compatible; Barkrowler/0.9; +https://babbar.tech/crawler)"
54.36.148.236 - - [16/Apr/2025:09:12:40 -0400] "GET /the-lamps-and-their-types/ HTTP/1.1" 200 18363 "-" "Mozilla/5.0 (compatible; AhrefsBot/7.0; +http://ahrefs.com/robot/)"
154.54.249.194 - - [16/Apr/2025:09:12:42 -0400] "GET /articles-about-the-botany-condo/feed/ HTTP/1.1" 200 399 "-" "Mozilla/5.0 (compatible; Barkrowler/0.9; +https://babbar.tech/crawler)"
217.113.194.12 - - [16/Apr/2025:09:12:59 -0400] "GET /what-does-an-electrical-contractor-do/feed/ HTTP/1.1" 200 408 "-" "Mozilla/5.0 (compatible; Barkrowler/0.9; +https://babbar.tech/crawler)"
27.42.99.212 - - [16/Apr/2025:09:13:08 -0400] "GET /cheapest-smm-panel/ HTTP/1.1" 200 18047 "https://shahmeenaindustry.com" "Mozilla/5.0 (Windows NT 10.0; Win64; x64) AppleWebKit/537.36 (KHTML, like Gecko) Chrome/62.0.3202.94 Safari/537.36"
27.42.99.212 - - [16/Apr/2025:09:13:12 -0400] "POST /wp-comments-post.php HTTP/1.1" 302 0 "https://shahmeenaindustry.com" "Mozilla/5.0 (Windows NT 10.0; Win64; x64) AppleWebKit/537.36 (KHTML, like Gecko) Chrome/62.0.3202.94 Safari/537.36"
154.54.249.194 - - [16/Apr/2025:09:13:17 -0400] "GET /cache-level-3-and-early-learning-centre/feed/ HTTP/1.1" 200 412 "-" "Mozilla/5.0 (compatible; Barkrowler/0.9; +https://babbar.tech/crawler)"
217.113.194.19 - - [16/Apr/2025:09:13:37 -0400] "GET /cache-level-3-and-early-learning-centres/feed/ HTTP/1.1" 200 412 "-" "Mozilla/5.0 (compatible; Barkrowler/0.9; +https://babbar.tech/crawler)"
198.54.114.83 - - [16/Apr/2025:09:13:40 -0400] "POST /wp-cron.php?doing_wp_cron=1744809217.4546339511871337890625 HTTP/1.1" 200 0 "-" "WordPress/6.8; https://shahmeenaindustry.com"
217.113.194.15 - - [16/Apr/2025:09:13:58 -0400] "GET /enjoy-flathead-lake-with-boat-rentals/ HTTP/1.1" 200 17978 "-" "Mozilla/5.0 (compatible; Barkrowler/0.9; +https://babbar.tech/crawler)"
54.36.148.35 - - [16/Apr/2025:09:14:19 -0400] "GET /exploring-the-dry-shampoo-sofa/feed/ HTTP/1.1" 304 0 "-" "Mozilla/5.0 (compatible; AhrefsBot/7.0; +http://ahrefs.com/robot/)"
217.113.194.21 - - [16/Apr/2025:09:14:20 -0400] "GET /revolutionizing-convenience-in-australia/ HTTP/1.1" 200 17493 "-" "Mozilla/5.0 (compatible; Barkrowler/0.9; +https://babbar.tech/crawler)"
217.113.194.17 - - [16/Apr/2025:09:14:41 -0400] "GET /revolutionizing-healthcare-in-dubai/feed/ HTTP/1.1" 200 396 "-" "Mozilla/5.0 (compatible; Barkrowler/0.9; +https://babbar.tech/crawler)"
198.54.114.83 - - [16/Apr/2025:09:14:45 -0400] "POST /wp-cron.php?doing_wp_cron=1744809281.9775750637054443359375 HTTP/1.1" 200 0 "-" "WordPress/6.8; https://shahmeenaindustry.com"
217.113.194.14 - - [16/Apr/2025:09:15:01 -0400] "GET /grey-market-peptide-hormones/feed/ HTTP/1.1" 200 395 "-" "Mozilla/5.0 (compatible; Barkrowler/0.9; +https://babbar.tech/crawler)"
217.113.194.15 - - [16/Apr/2025:09:15:20 -0400] "GET /benefits-of-the-latest-led-display-technology/ HTTP/1.1" 200 18238 "-" "Mozilla/5.0 (compatible; Barkrowler/0.9; +https://babbar.tech/crawler)"
154.54.249.194 - - [16/Apr/2025:09:15:40 -0400] "GET /top-wellness-resorts-im-schwarzwald/feed/ HTTP/1.1" 200 401 "-" "Mozilla/5.0 (compatible; Barkrowler/0.9; +https://babbar.tech/crawler)"
85.208.96.202 - - [16/Apr/2025:09:15:59 -0400] "GET /robots.txt HTTP/1.1" 304 0 "-" "Mozilla/5.0 (compatible; SemrushBot/7~bl; +http://www.semrush.com/bot.html)"
217.113.194.13 - - [16/Apr/2025:09:15:59 -0400] "GET /understanding-probate-in-ontario/feed/ HTTP/1.1" 200 395 "-" "Mozilla/5.0 (compatible; Barkrowler/0.9; +https://babbar.tech/crawler)"
54.36.149.82 - - [16/Apr/2025:09:16:00 -0400] "GET /page/123/ HTTP/1.1" 200 16565 "-" "Mozilla/5.0 (compatible; AhrefsBot/7.0; +http://ahrefs.com/robot/)"
198.54.114.83 - - [16/Apr/2025:09:16:02 -0400] "POST /wp-cron.php?doing_wp_cron=1744809359.5232748985290527343750 HTTP/1.1" 200 0 "-" "WordPress/6.8; https://shahmeenaindustry.com"
185.191.171.6 - - [16/Apr/2025:09:16:02 -0400] "GET /page/14/ HTTP/1.1" 200 16513 "-" "Mozilla/5.0 (compatible; SemrushBot/7~bl; +http://www.semrush.com/bot.html)"
217.113.194.20 - - [16/Apr/2025:09:16:18 -0400] "GET /new-launch-condo-at-tembusu-grand/ HTTP/1.1" 200 17822 "-" "Mozilla/5.0 (compatible; Barkrowler/0.9; +https://babbar.tech/crawler)"
217.113.194.21 - - [16/Apr/2025:09:16:36 -0400] "GET /midtown-modern-your-sanctuary-in-the-city/ HTTP/1.1" 200 17628 "-" "Mozilla/5.0 (compatible; Barkrowler/0.9; +https://babbar.tech/crawler)"
217.113.194.21 - - [16/Apr/2025:09:16:54 -0400] "GET /ps4-vs-pc-graphics-comparison/ HTTP/1.1" 200 18634 "-" "Mozilla/5.0 (compatible; Barkrowler/0.9; +https://babbar.tech/crawler)"
198.54.114.83 - - [16/Apr/2025:09:17:14 -0400] "POST /wp-cron.php?doing_wp_cron=1744809434.1889619827270507812500 HTTP/1.1" 200 0 "-" "WordPress/6.8; https://shahmeenaindustry.com"
154.54.249.194 - - [16/Apr/2025:09:17:13 -0400] "GET /property-listing-feed-json-api/feed/ HTTP/1.1" 200 401 "-" "Mozilla/5.0 (compatible; Barkrowler/0.9; +https://babbar.tech/crawler)"
198.54.114.83 - - [16/Apr/2025:09:17:17 -0400] "POST /wp-admin/admin-ajax.php?action=async_litespeed&nonce=JgodqxZyNEle5rrWJIGldCJ6lUikDwqH&litespeed_type=imgoptm HTTP/1.1" 200 0 "-" "WordPress/6.8; https://shahmeenaindustry.com"
198.54.114.83 - - [16/Apr/2025:09:17:34 -0400] "POST /wp-cron.php?doing_wp_cron=1744809453.6101899147033691406250 HTTP/1.1" 200 0 "-" "WordPress/6.8; https://shahmeenaindustry.com"
198.54.114.83 - - [16/Apr/2025:09:17:35 -0400] "POST /wp-admin/admin-ajax.php?action=async_litespeed&nonce=xwNKMnuaS8MsTTA2bERh1ptcDNzEZYum&litespeed_type=imgoptm HTTP/1.1" 200 0 "-" "WordPress/6.8; https://shahmeenaindustry.com"
217.113.194.15 - - [16/Apr/2025:09:17:33 -0400] "GET /exploring-homes-for-sale-in-sonoma-ca/ HTTP/1.1" 200 17323 "-" "Mozilla/5.0 (compatible; Barkrowler/0.9; +https://babbar.tech/crawler)"
54.36.148.100 - - [16/Apr/2025:09:17:48 -0400] "GET /category/activity/ HTTP/1.1" 200 16425 "-" "Mozilla/5.0 (compatible; AhrefsBot/7.0; +http://ahrefs.com/robot/)"
217.113.194.17 - - [16/Apr/2025:09:17:52 -0400] "GET /exploring-the-excitement-of-game-pluto/ HTTP/1.1" 200 17482 "-" "Mozilla/5.0 (compatible; Barkrowler/0.9; +https://babbar.tech/crawler)"
198.54.114.83 - - [16/Apr/2025:09:18:00 -0400] "POST /wp-cron.php?doing_wp_cron=1744809479.8202629089355468750000 HTTP/1.1" 200 0 "-" "WordPress/6.8; https://shahmeenaindustry.com"
101.32.59.43 - - [16/Apr/2025:09:17:59 -0400] "GET /what-is-an-online-travel-agency/ HTTP/1.1" 200 18387 "-" "Python/3.10 aiohttp/3.10.5"
154.54.249.194 - - [16/Apr/2025:09:18:10 -0400] "GET /national-insurance-making-an-appointment/ HTTP/1.1" 200 18238 "-" "Mozilla/5.0 (compatible; Barkrowler/0.9; +https://babbar.tech/crawler)"
2a03:2880:f800:19:: - - [16/Apr/2025:09:18:19 -0400] "GET /?p=2583 HTTP/1.1" 301 0 "-" "meta-externalagent/1.1 (+https://developers.facebook.com/docs/sharing/webmasters/crawler)"
217.113.194.15 - - [16/Apr/2025:09:18:26 -0400] "GET /something-about-amsterdam-attractions/feed/ HTTP/1.1" 200 399 "-" "Mozilla/5.0 (compatible; Barkrowler/0.9; +https://babbar.tech/crawler)"
198.54.114.83 - - [16/Apr/2025:09:18:46 -0400] "POST /wp-cron.php?doing_wp_cron=1744809525.2814359664916992187500 HTTP/1.1" 200 0 "-" "WordPress/6.8; https://shahmeenaindustry.com"
154.54.249.194 - - [16/Apr/2025:09:18:44 -0400] "GET /les-avantages-dune-pantoufle-de-basket/ HTTP/1.1" 200 18107 "-" "Mozilla/5.0 (compatible; Barkrowler/0.9; +https://babbar.tech/crawler)"
217.113.194.21 - - [16/Apr/2025:09:19:05 -0400] "GET /cons-of-making-your-own-youtube-videos/feed/ HTTP/1.1" 200 415 "-" "Mozilla/5.0 (compatible; Barkrowler/0.9; +https://babbar.tech/crawler)"
43.157.38.131 - - [16/Apr/2025:09:19:16 -0400] "GET /wp-json/wp/v2/posts/2991 HTTP/1.1" 200 161293 "-" "Mozilla/5.0 (iPhone; CPU iPhone OS 13_2_3 like Mac OS X) AppleWebKit/605.1.15 (KHTML, like Gecko) Version/13.0.3 Mobile/15E148 Safari/604.1"
217.113.194.13 - - [16/Apr/2025:09:19:22 -0400] "GET /capital-markets-loan-agency-services/feed/ HTTP/1.1" 200 400 "-" "Mozilla/5.0 (compatible; Barkrowler/0.9; +https://babbar.tech/crawler)"
54.36.148.37 - - [16/Apr/2025:09:19:34 -0400] "GET /add-a-towing-administration-to-your-auto-body-fix-establishment/ HTTP/1.1" 200 18186 "-" "Mozilla/5.0 (compatible; AhrefsBot/7.0; +http://ahrefs.com/robot/)"
154.54.249.194 - - [16/Apr/2025:09:19:43 -0400] "GET /schnell-und-zuverlassig/ HTTP/1.1" 200 17462 "-" "Mozilla/5.0 (compatible; Barkrowler/0.9; +https://babbar.tech/crawler)"
217.113.194.15 - - [16/Apr/2025:09:20:03 -0400] "GET /top-5-online-income-ideas-for-freelancers/feed/ HTTP/1.1" 200 411 "-" "Mozilla/5.0 (compatible; Barkrowler/0.9; +https://babbar.tech/crawler)"
198.54.114.83 - - [16/Apr/2025:09:20:07 -0400] "POST /wp-cron.php?doing_wp_cron=1744809603.8246231079101562500000 HTTP/1.1" 200 0 "-" "WordPress/6.8; https://shahmeenaindustry.com"
217.113.194.17 - - [16/Apr/2025:09:20:24 -0400] "GET /kitchen-remodeling-services-vancouver-bc/feed/ HTTP/1.1" 200 408 "-" "Mozilla/5.0 (compatible; Barkrowler/0.9; +https://babbar.tech/crawler)"
217.113.194.18 - - [16/Apr/2025:09:20:42 -0400] "GET /significant-clinic-offices-in-melbourne/ HTTP/1.1" 200 18644 "-" "Mozilla/5.0 (compatible; Barkrowler/0.9; +https://babbar.tech/crawler)"
217.113.194.15 - - [16/Apr/2025:09:21:00 -0400] "GET /saturday-store-opening-times-near-me/feed/ HTTP/1.1" 200 408 "-" "Mozilla/5.0 (compatible; Barkrowler/0.9; +https://babbar.tech/crawler)"
54.36.148.25 - - [16/Apr/2025:09:21:16 -0400] "GET /renover-votre-maison-les-etapes-cles/ HTTP/1.1" 200 17473 "-" "Mozilla/5.0 (compatible; AhrefsBot/7.0; +http://ahrefs.com/robot/)"
217.113.194.12 - - [16/Apr/2025:09:21:21 -0400] "GET /powerball-5-59-read-more-about-it/ HTTP/1.1" 200 18145 "-" "Mozilla/5.0 (compatible; Barkrowler/0.9; +https://babbar.tech/crawler)"
198.54.114.83 - - [16/Apr/2025:09:21:25 -0400] "POST /wp-cron.php?doing_wp_cron=1744809681.6558759212493896484375 HTTP/1.1" 200 0 "-" "WordPress/6.8; https://shahmeenaindustry.com"
217.113.194.15 - - [16/Apr/2025:09:21:43 -0400] "GET /top-10-fertility-clinics-in-sharjah/ HTTP/1.1" 200 18322 "-" "Mozilla/5.0 (compatible; Barkrowler/0.9; +https://babbar.tech/crawler)"
27.42.99.212 - - [16/Apr/2025:09:21:49 -0400] "GET /pilou-pilou-homme/ HTTP/1.1" 200 17753 "https://shahmeenaindustry.com" "Mozilla/5.0 (Windows NT 10.0; Win64; x64) AppleWebKit/537.36 (KHTML, like Gecko) Chrome/62.0.3202.94 Safari/537.36"
154.54.249.194 - - [16/Apr/2025:09:22:02 -0400] "GET /finding-online-individual-therapy-near-me/feed/ HTTP/1.1" 200 411 "-" "Mozilla/5.0 (compatible; Barkrowler/0.9; +https://babbar.tech/crawler)"
27.42.99.212 - - [16/Apr/2025:09:22:04 -0400] "POST /wp-comments-post.php HTTP/1.1" 302 0 "https://shahmeenaindustry.com" "Mozilla/5.0 (Windows NT 10.0; Win64; x64) AppleWebKit/537.36 (KHTML, like Gecko) Chrome/62.0.3202.94 Safari/537.36"
27.42.99.212 - - [16/Apr/2025:09:22:12 -0400] "GET /pilou-pilou-homme/ HTTP/1.1" 200 18526 "https://shahmeenaindustry.com" "Mozilla/4.0 (compatible; MSIE 6.0; Windows NT 5.1; en) Opera 8.50"
154.54.249.194 - - [16/Apr/2025:09:22:20 -0400] "GET /the-landmark-condo-at-the-university-of-texas/ HTTP/1.1" 200 17592 "-" "Mozilla/5.0 (compatible; Barkrowler/0.9; +https://babbar.tech/crawler)"
198.54.114.83 - - [16/Apr/2025:09:22:39 -0400] "POST /wp-cron.php?doing_wp_cron=1744809758.6028909683227539062500 HTTP/1.1" 200 0 "-" "WordPress/6.8; https://shahmeenaindustry.com"
217.113.194.13 - - [16/Apr/2025:09:22:38 -0400] "GET /plastic-bags-how-is-the-production-process/feed/ HTTP/1.1" 200 423 "-" "Mozilla/5.0 (compatible; Barkrowler/0.9; +https://babbar.tech/crawler)"
198.54.114.83 - - [16/Apr/2025:09:22:41 -0400] "POST /wp-admin/admin-ajax.php?action=async_litespeed&nonce=OKhy6uA2iHTZ7g99623gJ6JF8jiVzyBL&litespeed_type=imgoptm HTTP/1.1" 200 0 "-" "WordPress/6.8; https://shahmeenaindustry.com"
154.54.249.194 - - [16/Apr/2025:09:22:57 -0400] "GET /how-to-avoid-the-pitfalls-of-online-betting/ HTTP/1.1" 200 17733 "-" "Mozilla/5.0 (compatible; Barkrowler/0.9; +https://babbar.tech/crawler)"
54.36.149.73 - - [16/Apr/2025:09:23:06 -0400] "GET /page/12/ HTTP/1.1" 200 16085 "-" "Mozilla/5.0 (compatible; AhrefsBot/7.0; +http://ahrefs.com/robot/)"
212.30.36.8 - - [16/Apr/2025:09:23:14 -0400] "GET /cbd-shop-uk-review/ HTTP/1.1" 200 20156 "https://shahmeenaindustry.com/cbd-shop-uk-review/#comment-30852" "Mozilla/5.0 (Windows NT 10.0; Win64; x64) AppleWebKit/537.36 (KHTML, like Gecko) Chrome/130.0.0.0 Safari/537.36"
217.113.194.13 - - [16/Apr/2025:09:23:16 -0400] "GET /how-to-make-a-psychedelic-mushroom-chocolate-bar/ HTTP/1.1" 200 18271 "-" "Mozilla/5.0 (compatible; Barkrowler/0.9; +https://babbar.tech/crawler)"
2a03:2880:f800:5:: - - [16/Apr/2025:09:23:28 -0400] "GET /?p=2924 HTTP/1.1" 301 0 "-" "meta-externalagent/1.1 (+https://developers.facebook.com/docs/sharing/webmasters/crawler)"
217.113.194.16 - - [16/Apr/2025:09:23:35 -0400] "GET /how-to-write-a-letter-to-increase-salary-request/feed/ HTTP/1.1" 200 423 "-" "Mozilla/5.0 (compatible; Barkrowler/0.9; +https://babbar.tech/crawler)"
198.54.114.83 - - [16/Apr/2025:09:23:37 -0400] "POST /wp-cron.php?doing_wp_cron=1744809815.6240520477294921875000 HTTP/1.1" 200 0 "-" "WordPress/6.8; https://shahmeenaindustry.com"
217.113.194.16 - - [16/Apr/2025:09:23:54 -0400] "GET /how-to-write-better-free-ai-prompts/feed/ HTTP/1.1" 200 410 "-" "Mozilla/5.0 (compatible; Barkrowler/0.9; +https://babbar.tech/crawler)"
2a03:2880:f800:e:: - - [16/Apr/2025:09:24:00 -0400] "GET /?p=2875 HTTP/1.1" 301 0 "-" "meta-externalagent/1.1 (+https://developers.facebook.com/docs/sharing/webmasters/crawler)"
217.113.194.18 - - [16/Apr/2025:09:24:13 -0400] "GET /how-to-connect-iphone-to-car-bluetooth/feed/ HTTP/1.1" 200 401 "-" "Mozilla/5.0 (compatible; Barkrowler/0.9; +https://babbar.tech/crawler)"
217.113.194.18 - - [16/Apr/2025:09:24:31 -0400] "GET /how-to-turn-off-your-iphone-12-pro-max/ HTTP/1.1" 200 18638 "-" "Mozilla/5.0 (compatible; Barkrowler/0.9; +https://babbar.tech/crawler)"
154.54.249.194 - - [16/Apr/2025:09:24:48 -0400] "GET /how-to-turn-off-message-blocking-on-iphone/ HTTP/1.1" 200 19799 "-" "Mozilla/5.0 (compatible; Barkrowler/0.9; +https://babbar.tech/crawler)"
198.54.114.83 - - [16/Apr/2025:09:24:54 -0400] "POST /wp-cron.php?doing_wp_cron=1744809893.7025759220123291015625 HTTP/1.1" 200 0 "-" "WordPress/6.8; https://shahmeenaindustry.com"
54.36.148.170 - - [16/Apr/2025:09:24:53 -0400] "GET /exploring-santorinis-iconic-landscapes/ HTTP/1.1" 200 17475 "-" "Mozilla/5.0 (compatible; AhrefsBot/7.0; +http://ahrefs.com/robot/)"
198.54.114.83 - - [16/Apr/2025:09:24:56 -0400] "POST /wp-admin/admin-ajax.php?action=async_litespeed&nonce=aFOYnuOiea8GJEoRuKXZep33sGRdHGEo&litespeed_type=imgoptm HTTP/1.1" 200 0 "-" "WordPress/6.8; https://shahmeenaindustry.com"
217.113.194.12 - - [16/Apr/2025:09:25:05 -0400] "GET /how-to-turn-off-amber-alerts-on-iphone/ HTTP/1.1" 200 19514 "-" "Mozilla/5.0 (compatible; Barkrowler/0.9; +https://babbar.tech/crawler)"
217.113.194.21 - - [16/Apr/2025:09:25:24 -0400] "GET /swipe-app-download-for-pc/feed/ HTTP/1.1" 200 437 "-" "Mozilla/5.0 (compatible; Barkrowler/0.9; +https://babbar.tech/crawler)"
2a03:2880:f800:6:: - - [16/Apr/2025:09:25:34 -0400] "GET /wp-json/wp/v2/posts/2495 HTTP/1.1" 200 10197 "-" "meta-externalagent/1.1 (+https://developers.facebook.com/docs/sharing/webmasters/crawler)"
198.54.114.83 - - [16/Apr/2025:09:25:37 -0400] "POST /wp-cron.php?doing_wp_cron=1744809935.1260449886322021484375 HTTP/1.1" 200 0 "-" "WordPress/6.8; https://shahmeenaindustry.com"
217.113.194.14 - - [16/Apr/2025:09:25:43 -0400] "GET /a-journey-through-the-pot-of-gold/feed/ HTTP/1.1" 200 406 "-" "Mozilla/5.0 (compatible; Barkrowler/0.9; +https://babbar.tech/crawler)"
217.113.194.18 - - [16/Apr/2025:09:26:02 -0400] "GET /jet-ski-hire-in-the-outer-banks/feed/ HTTP/1.1" 200 405 "-" "Mozilla/5.0 (compatible; Barkrowler/0.9; +https://babbar.tech/crawler)"
154.54.249.194 - - [16/Apr/2025:09:26:21 -0400] "GET /choosing-a-ptfe-hose-manufacturer/feed/ HTTP/1.1" 200 400 "-" "Mozilla/5.0 (compatible; Barkrowler/0.9; +https://babbar.tech/crawler)"
217.113.194.16 - - [16/Apr/2025:09:26:39 -0400] "GET /choosing-an-led-cylinder-light-fixture/ HTTP/1.1" 200 18322 "-" "Mozilla/5.0 (compatible; Barkrowler/0.9; +https://babbar.tech/crawler)"
198.54.114.83 - - [16/Apr/2025:09:26:42 -0400] "POST /wp-cron.php?doing_wp_cron=1744810000.1027040481567382812500 HTTP/1.1" 200 0 "-" "WordPress/6.8; https://shahmeenaindustry.com"
54.36.148.148 - - [16/Apr/2025:09:26:43 -0400] "GET /renovation-de-toiture-a-nemours-une-transformation-essentielle/ HTTP/1.1" 200 17932 "-" "Mozilla/5.0 (compatible; AhrefsBot/7.0; +http://ahrefs.com/robot/)"
217.113.194.15 - - [16/Apr/2025:09:26:59 -0400] "GET /choosing-an-led-cylinder-light-fixture/feed/ HTTP/1.1" 200 409 "-" "Mozilla/5.0 (compatible; Barkrowler/0.9; +https://babbar.tech/crawler)"
217.113.194.20 - - [16/Apr/2025:09:27:20 -0400] "GET /choosing-the-right-windows-for-your-home/feed/ HTTP/1.1" 200 415 "-" "Mozilla/5.0 (compatible; Barkrowler/0.9; +https://babbar.tech/crawler)"
217.113.194.16 - - [16/Apr/2025:09:27:39 -0400] "GET /the-role-of-an-osteopath-in-dubai/feed/ HTTP/1.1" 200 405 "-" "Mozilla/5.0 (compatible; Barkrowler/0.9; +https://babbar.tech/crawler)"
198.54.114.83 - - [16/Apr/2025:09:27:58 -0400] "POST /wp-cron.php?doing_wp_cron=1744810077.6412639617919921875000 HTTP/1.1" 200 0 "-" "WordPress/6.8; https://shahmeenaindustry.com"
217.113.194.13 - - [16/Apr/2025:09:27:57 -0400] "GET /dental-equipment-suppliers-in-the-uk/feed/ HTTP/1.1" 200 401 "-" "Mozilla/5.0 (compatible; Barkrowler/0.9; +https://babbar.tech/crawler)"
217.113.194.19 - - [16/Apr/2025:09:28:15 -0400] "GET /wild-horse-island-on-flathead-lake/feed/ HTTP/1.1" 200 407 "-" "Mozilla/5.0 (compatible; Barkrowler/0.9; +https://babbar.tech/crawler)"
217.113.194.18 - - [16/Apr/2025:09:28:33 -0400] "GET /artificial-intelligence-is-transforming-our-world/ HTTP/1.1" 200 108251 "-" "Mozilla/5.0 (compatible; Barkrowler/0.9; +https://babbar.tech/crawler)"
54.36.148.209 - - [16/Apr/2025:09:28:34 -0400] "GET /blossom-condo-at-sathorn-charoenrat/ HTTP/1.1" 200 17774 "-" "Mozilla/5.0 (compatible; AhrefsBot/7.0; +http://ahrefs.com/robot/)"
217.113.194.16 - - [16/Apr/2025:09:28:51 -0400] "GET /pilou-pilou-asbaek/feed/ HTTP/1.1" 200 380 "-" "Mozilla/5.0 (compatible; Barkrowler/0.9; +https://babbar.tech/crawler)"
112.86.225.191 - - [16/Apr/2025:09:29:06 -0400] "GET / HTTP/1.1" 200 18582 "-" "Sogou web spider/4.0(+http://www.sogou.com/docs/help/webmasters.htm#07)"
217.113.194.14 - - [16/Apr/2025:09:29:10 -0400] "GET /the-essence-of-audiology-in-auckland/feed/ HTTP/1.1" 200 402 "-" "Mozilla/5.0 (compatible; Barkrowler/0.9; +https://babbar.tech/crawler)"
170.106.163.48 - - [16/Apr/2025:09:29:26 -0400] "GET /ai-converter-convert-your-ai-files-for-free-online/feed/ HTTP/1.1" 200 414 "-" "Mozilla/5.0 (iPhone; CPU iPhone OS 13_2_3 like Mac OS X) AppleWebKit/605.1.15 (KHTML, like Gecko) Version/13.0.3 Mobile/15E148 Safari/604.1"
198.54.114.83 - - [16/Apr/2025:09:29:30 -0400] "POST /wp-cron.php?doing_wp_cron=1744810166.3238229751586914062500 HTTP/1.1" 200 0 "-" "WordPress/6.8; https://shahmeenaindustry.com"
217.113.194.17 - - [16/Apr/2025:09:29:30 -0400] "GET /the-science-behind-bodybuilding-supplements/feed/ HTTP/1.1" 200 405 "-" "Mozilla/5.0 (compatible; Barkrowler/0.9; +https://babbar.tech/crawler)"
217.113.194.12 - - [16/Apr/2025:09:29:48 -0400] "GET /a-modern-oasis-in-the-heart-of-singapore/feed/ HTTP/1.1" 200 412 "-" "Mozilla/5.0 (compatible; Barkrowler/0.9; +https://babbar.tech/crawler)"
217.113.194.15 - - [16/Apr/2025:09:30:10 -0400] "GET /promotional-tote-bags-help-retailers-go-green/ HTTP/1.1" 200 18703 "-" "Mozilla/5.0 (compatible; Barkrowler/0.9; +https://babbar.tech/crawler)"
54.36.148.136 - - [16/Apr/2025:09:30:29 -0400] "GET /ein-traumurlaub-am-gardasee/ HTTP/1.1" 200 17419 "-" "Mozilla/5.0 (compatible; AhrefsBot/7.0; +http://ahrefs.com/robot/)"
217.113.194.21 - - [16/Apr/2025:09:30:35 -0400] "GET /funny-quotes-to-make-your-readers-smile/feed/ HTTP/1.1" 200 416 "-" "Mozilla/5.0 (compatible; Barkrowler/0.9; +https://babbar.tech/crawler)"
217.113.194.16 - - [16/Apr/2025:09:30:58 -0400] "GET /luxurious-living-at-the-arden-showflat/feed/ HTTP/1.1" 200 408 "-" "Mozilla/5.0 (compatible; Barkrowler/0.9; +https://babbar.tech/crawler)"
217.113.194.21 - - [16/Apr/2025:09:31:20 -0400] "GET /the-best-breast-milk-storage-bags/feed/ HTTP/1.1" 200 407 "-" "Mozilla/5.0 (compatible; Barkrowler/0.9; +https://babbar.tech/crawler)"
85.208.96.207 - - [16/Apr/2025:09:31:23 -0400] "GET /umzugsunternehmen-in-luneburg/ HTTP/1.1" 200 17757 "-" "Mozilla/5.0 (compatible; SemrushBot/7~bl; +http://www.semrush.com/bot.html)"
217.113.194.18 - - [16/Apr/2025:09:31:41 -0400] "GET /the-benefits-of-business-trip-massage-2/feed/ HTTP/1.1" 200 405 "-" "Mozilla/5.0 (compatible; Barkrowler/0.9; +https://babbar.tech/crawler)"
198.54.114.83 - - [16/Apr/2025:09:31:46 -0400] "POST /wp-cron.php?doing_wp_cron=1744810301.7432680130004882812500 HTTP/1.1" 200 0 "-" "WordPress/6.8; https://shahmeenaindustry.com"
54.36.149.7 - - [16/Apr/2025:09:31:58 -0400] "GET /category/about-us/ HTTP/1.1" 200 16638 "-" "Mozilla/5.0 (compatible; AhrefsBot/7.0; +http://ahrefs.com/robot/)"
217.113.194.15 - - [16/Apr/2025:09:32:01 -0400] "GET /shop-the-wednesday-addams-costume-shop/feed/ HTTP/1.1" 200 406 "-" "Mozilla/5.0 (compatible; Barkrowler/0.9; +https://babbar.tech/crawler)"
129.226.134.60 - - [16/Apr/2025:09:32:13 -0400] "GET /the-impact-of-fenben-cancer-treatment-on-people-with-lung-cancer/ HTTP/1.1" 200 17711 "-" "Python/3.10 aiohttp/3.10.5"
217.113.194.13 - - [16/Apr/2025:09:32:20 -0400] "GET /benefits-of-an-instant-hot-water-tap/feed/ HTTP/1.1" 200 409 "-" "Mozilla/5.0 (compatible; Barkrowler/0.9; +https://babbar.tech/crawler)"
217.113.194.12 - - [16/Apr/2025:09:32:41 -0400] "GET /benefits-of-a-tiled-conservatory-roof/feed/ HTTP/1.1" 200 404 "-" "Mozilla/5.0 (compatible; Barkrowler/0.9; +https://babbar.tech/crawler)"
198.54.114.83 - - [16/Apr/2025:09:32:44 -0400] "POST /wp-cron.php?doing_wp_cron=1744810362.1203238964080810546875 HTTP/1.1" 200 0 "-" "WordPress/6.8; https://shahmeenaindustry.com"
217.113.194.21 - - [16/Apr/2025:09:33:01 -0400] "GET /elegant-beauty-of-abalone-shell-jewelry/feed/ HTTP/1.1" 200 409 "-" "Mozilla/5.0 (compatible; Barkrowler/0.9; +https://babbar.tech/crawler)"
154.54.249.194 - - [16/Apr/2025:09:33:20 -0400] "GET /dachdecker-hamburg-rahlstedt/feed/ HTTP/1.1" 200 391 "-" "Mozilla/5.0 (compatible; Barkrowler/0.9; +https://babbar.tech/crawler)"
217.113.194.13 - - [16/Apr/2025:09:33:41 -0400] "GET /understanding-the-benefits-of-breast-pumps/feed/ HTTP/1.1" 200 413 "-" "Mozilla/5.0 (compatible; Barkrowler/0.9; +https://babbar.tech/crawler)"
54.36.149.72 - - [16/Apr/2025:09:33:46 -0400] "GET /something-about-amsterdam-attractions/feed/ HTTP/1.1" 304 0 "-" "Mozilla/5.0 (compatible; AhrefsBot/7.0; +http://ahrefs.com/robot/)"
217.113.194.21 - - [16/Apr/2025:09:34:01 -0400] "GET /understanding-the-rules-of-sports-betting/feed/ HTTP/1.1" 200 408 "-" "Mozilla/5.0 (compatible; Barkrowler/0.9; +https://babbar.tech/crawler)"
198.54.114.83 - - [16/Apr/2025:09:34:06 -0400] "POST /wp-cron.php?doing_wp_cron=1744810442.0507750511169433593750 HTTP/1.1" 200 0 "-" "WordPress/6.8; https://shahmeenaindustry.com"
217.113.194.12 - - [16/Apr/2025:09:34:24 -0400] "GET /guides-dentretien-du-reparateur-secheuse/feed/ HTTP/1.1" 200 415 "-" "Mozilla/5.0 (compatible; Barkrowler/0.9; +https://babbar.tech/crawler)"
154.54.249.194 - - [16/Apr/2025:09:34:43 -0400] "GET /new-launch-condo-at-tembusu-grand/feed/ HTTP/1.1" 200 405 "-" "Mozilla/5.0 (compatible; Barkrowler/0.9; +https://babbar.tech/crawler)"
217.113.194.20 - - [16/Apr/2025:09:35:03 -0400] "GET /a-review-of-a-los-angeles-seo-firm/feed/ HTTP/1.1" 200 407 "-" "Mozilla/5.0 (compatible; Barkrowler/0.9; +https://babbar.tech/crawler)"
198.54.114.83 - - [16/Apr/2025:09:35:10 -0400] "POST /wp-cron.php?doing_wp_cron=1744810504.0284309387207031250000 HTTP/1.1" 200 0 "-" "WordPress/6.8; https://shahmeenaindustry.com"
154.54.249.194 - - [16/Apr/2025:09:35:25 -0400] "GET /the-importance-of-using-shooting-glasses/feed/ HTTP/1.1" 200 409 "-" "Mozilla/5.0 (compatible; Barkrowler/0.9; +https://babbar.tech/crawler)"
2a03:2880:f800:3:: - - [16/Apr/2025:09:35:30 -0400] "GET /wp-json/wp/v2/posts/12 HTTP/1.1" 200 17553 "-" "meta-externalagent/1.1 (+https://developers.facebook.com/docs/sharing/webmasters/crawler)"
54.36.149.26 - - [16/Apr/2025:09:35:36 -0400] "GET /poems-1990-1994/ HTTP/1.1" 200 18710 "-" "Mozilla/5.0 (compatible; AhrefsBot/7.0; +http://ahrefs.com/robot/)"
217.113.194.19 - - [16/Apr/2025:09:35:45 -0400] "GET /footwear-tend-to-be-available-online/feed/ HTTP/1.1" 200 399 "-" "Mozilla/5.0 (compatible; Barkrowler/0.9; +https://babbar.tech/crawler)"
217.113.194.18 - - [16/Apr/2025:09:36:05 -0400] "GET /protegez-et-personnalisez-vos-meubles/feed/ HTTP/1.1" 200 408 "-" "Mozilla/5.0 (compatible; Barkrowler/0.9; +https://babbar.tech/crawler)"
198.54.114.83 - - [16/Apr/2025:09:36:11 -0400] "POST /wp-cron.php?doing_wp_cron=1744810566.1404469013214111328125 HTTP/1.1" 200 0 "-" "WordPress/6.8; https://shahmeenaindustry.com"
217.113.194.19 - - [16/Apr/2025:09:36:27 -0400] "GET /tips-for-hiring-a-mobile-rv-detail-service/ HTTP/1.1" 200 18127 "-" "Mozilla/5.0 (compatible; Barkrowler/0.9; +https://babbar.tech/crawler)"
217.113.194.12 - - [16/Apr/2025:09:36:49 -0400] "GET /what-types-of-liability-insurance-do-you-need/feed/ HTTP/1.1" 200 419 "-" "Mozilla/5.0 (compatible; Barkrowler/0.9; +https://babbar.tech/crawler)"
217.113.194.13 - - [16/Apr/2025:09:37:10 -0400] "GET /national-insurance-making-an-appointment/feed/ HTTP/1.1" 200 400 "-" "Mozilla/5.0 (compatible; Barkrowler/0.9; +https://babbar.tech/crawler)"
198.54.114.83 - - [16/Apr/2025:09:37:15 -0400] "POST /wp-cron.php?doing_wp_cron=1744810630.5412890911102294921875 HTTP/1.1" 200 0 "-" "WordPress/6.8; https://shahmeenaindustry.com"
54.36.149.14 - - [16/Apr/2025:09:37:27 -0400] "GET /what-you-need-to-know-about-paint-by-number-murals/ HTTP/1.1" 200 17818 "-" "Mozilla/5.0 (compatible; AhrefsBot/7.0; +http://ahrefs.com/robot/)"
217.113.194.17 - - [16/Apr/2025:09:37:31 -0400] "GET /les-avantages-dune-imprimante-sans-encre/ HTTP/1.1" 200 17918 "-" "Mozilla/5.0 (compatible; Barkrowler/0.9; +https://babbar.tech/crawler)"
217.113.194.18 - - [16/Apr/2025:09:37:52 -0400] "GET /schnell-und-zuverlassig/feed/ HTTP/1.1" 200 396 "-" "Mozilla/5.0 (compatible; Barkrowler/0.9; +https://babbar.tech/crawler)"
44.223.193.255 - - [16/Apr/2025:09:38:07 -0400] "GET /buy-watch-time-hours-youtube/ HTTP/1.1" 200 18027 "-" "Mozilla/5.0 AppleWebKit/537.36 (KHTML, like Gecko; compatible; Amazonbot/0.1; +https://developer.amazon.com/support/amazonbot) Chrome/119.0.6045.214 Safari/537.36"
217.113.194.19 - - [16/Apr/2025:09:38:14 -0400] "GET /can-you-unlock-face-id-with-a-photo/ HTTP/1.1" 200 19878 "-" "Mozilla/5.0 (compatible; Barkrowler/0.9; +https://babbar.tech/crawler)"
198.54.114.83 - - [16/Apr/2025:09:38:21 -0400] "POST /wp-cron.php?doing_wp_cron=1744810694.8046340942382812500000 HTTP/1.1" 200 0 "-" "WordPress/6.8; https://shahmeenaindustry.com"
217.113.194.21 - - [16/Apr/2025:09:38:39 -0400] "GET /prologue-to-online-gambling-club-rewards/feed/ HTTP/1.1" 200 405 "-" "Mozilla/5.0 (compatible; Barkrowler/0.9; +https://babbar.tech/crawler)"
2a03:2880:f800:10:: - - [16/Apr/2025:09:38:54 -0400] "GET /otc-drug-establishment-registration-process/feed/ HTTP/1.1" 200 407 "-" "meta-externalagent/1.1 (+https://developers.facebook.com/docs/sharing/webmasters/crawler)"
217.113.194.13 - - [16/Apr/2025:09:39:00 -0400] "GET /pros-of-vaping-and-cbd-edibles/feed/ HTTP/1.1" 200 400 "-" "Mozilla/5.0 (compatible; Barkrowler/0.9; +https://babbar.tech/crawler)"
54.36.148.5 - - [16/Apr/2025:09:39:09 -0400] "GET /unveiling-the-truth-behind-buying-youtube-views-and-subscribers/feed/ HTTP/1.1" 200 442 "-" "Mozilla/5.0 (compatible; AhrefsBot/7.0; +http://ahrefs.com/robot/)"
217.113.194.20 - - [16/Apr/2025:09:39:20 -0400] "GET /modern-medicine-versus-nature-in-treating-cancer/feed/ HTTP/1.1" 200 418 "-" "Mozilla/5.0 (compatible; Barkrowler/0.9; +https://babbar.tech/crawler)"
198.54.114.83 - - [16/Apr/2025:09:39:25 -0400] "POST /wp-cron.php?doing_wp_cron=1744810761.0471858978271484375000 HTTP/1.1" 200 0 "-" "WordPress/6.8; https://shahmeenaindustry.com"
164.90.237.175 - - [16/Apr/2025:09:39:31 -0400] "GET / HTTP/1.1" 200 0 "-" "Mozilla/5.0 (compatible)"
217.113.194.15 - - [16/Apr/2025:09:39:43 -0400] "GET /the-hill-condo-in-kihei-maui/feed/ HTTP/1.1" 200 402 "-" "Mozilla/5.0 (compatible; Barkrowler/0.9; +https://babbar.tech/crawler)"
217.113.194.15 - - [16/Apr/2025:09:40:06 -0400] "GET /robots.txt HTTP/1.1" 304 0 "-" "Mozilla/5.0 (compatible; Barkrowler/0.9; +https://babbar.tech/crawler)"
43.166.247.155 - - [16/Apr/2025:09:40:15 -0400] "GET /ai-converter-convert-your-ai-files-for-free-online/ HTTP/1.1" 200 119581 "-" "Mozilla/5.0 (iPhone; CPU iPhone OS 13_2_3 like Mac OS X) AppleWebKit/605.1.15 (KHTML, like Gecko) Version/13.0.3 Mobile/15E148 Safari/604.1"
217.113.194.13 - - [16/Apr/2025:09:40:25 -0400] "GET /the-landmark-condo-at-the-university-of-texas/feed/ HTTP/1.1" 200 410 "-" "Mozilla/5.0 (compatible; Barkrowler/0.9; +https://babbar.tech/crawler)"
198.54.114.83 - - [16/Apr/2025:09:40:29 -0400] "POST /wp-cron.php?doing_wp_cron=1744810825.9651811122894287109375 HTTP/1.1" 200 0 "-" "WordPress/6.8; https://shahmeenaindustry.com"
217.113.194.16 - - [16/Apr/2025:09:40:46 -0400] "GET /boost-your-performance-with-custom-grip-socks/feed/ HTTP/1.1" 200 414 "-" "Mozilla/5.0 (compatible; Barkrowler/0.9; +https://babbar.tech/crawler)"
54.36.148.96 - - [16/Apr/2025:09:40:56 -0400] "GET /top-photography-courses-of-different-types-in-bangalore-hyderabad-and-pune-ushering-new-era/feed/ HTTP/1.1" 200 475 "-" "Mozilla/5.0 (compatible; AhrefsBot/7.0; +http://ahrefs.com/robot/)"
217.113.194.16 - - [16/Apr/2025:09:41:07 -0400] "GET /vetements-scolaires-a-la-mode-pour-les-enfants/feed/ HTTP/1.1" 200 422 "-" "Mozilla/5.0 (compatible; Barkrowler/0.9; +https://babbar.tech/crawler)"
217.113.194.14 - - [16/Apr/2025:09:41:28 -0400] "GET /how-to-work-with-a-korean-cosmetic-manufacturer/feed/ HTTP/1.1" 200 423 "-" "Mozilla/5.0 (compatible; Barkrowler/0.9; +https://babbar.tech/crawler)"
198.54.114.83 - - [16/Apr/2025:09:41:32 -0400] "POST /wp-cron.php?doing_wp_cron=1744810888.6458580493927001953125 HTTP/1.1" 200 0 "-" "WordPress/6.8; https://shahmeenaindustry.com"
217.113.194.15 - - [16/Apr/2025:09:41:48 -0400] "GET /how-to-avoid-the-pitfalls-of-online-betting/feed/ HTTP/1.1" 200 416 "-" "Mozilla/5.0 (compatible; Barkrowler/0.9; +https://babbar.tech/crawler)"
85.208.96.203 - - [16/Apr/2025:09:41:56 -0400] "GET /das-smart-wallet/ HTTP/1.1" 200 17530 "-" "Mozilla/5.0 (compatible; SemrushBot/7~bl; +http://www.semrush.com/bot.html)"
217.113.194.16 - - [16/Apr/2025:09:42:08 -0400] "GET /how-to-turn-group-messaging-on-iphone-off-2/feed/ HTTP/1.1" 200 423 "-" "Mozilla/5.0 (compatible; Barkrowler/0.9; +https://babbar.tech/crawler)"
217.113.194.12 - - [16/Apr/2025:09:42:27 -0400] "GET /how-to-make-a-psychedelic-mushroom-chocolate-bar/feed/ HTTP/1.1" 200 418 "-" "Mozilla/5.0 (compatible; Barkrowler/0.9; +https://babbar.tech/crawler)"
217.113.194.20 - - [16/Apr/2025:09:42:45 -0400] "GET /how-to-set-up-face-id-on-your-iphone/feed/ HTTP/1.1" 200 415 "-" "Mozilla/5.0 (compatible; Barkrowler/0.9; +https://babbar.tech/crawler)"
54.36.149.44 - - [16/Apr/2025:09:42:47 -0400] "GET /what-are-the-components-of-a-cbd/feed/ HTTP/1.1" 304 0 "-" "Mozilla/5.0 (compatible; AhrefsBot/7.0; +http://ahrefs.com/robot/)"
217.113.194.15 - - [16/Apr/2025:09:43:04 -0400] "GET /how-to-get-legendary-pets-in-adopt-me/ HTTP/1.1" 200 17324 "-" "Mozilla/5.0 (compatible; Barkrowler/0.9; +https://babbar.tech/crawler)"
198.54.114.83 - - [16/Apr/2025:09:43:07 -0400] "POST /wp-cron.php?doing_wp_cron=1744810985.0999441146850585937500 HTTP/1.1" 200 0 "-" "WordPress/6.8; https://shahmeenaindustry.com"
217.113.194.16 - - [16/Apr/2025:09:43:27 -0400] "GET /how-to-cancel-a-walmart-plus-membership/feed/ HTTP/1.1" 200 410 "-" "Mozilla/5.0 (compatible; Barkrowler/0.9; +https://babbar.tech/crawler)"
217.113.194.13 - - [16/Apr/2025:09:43:46 -0400] "GET /how-to-turn-off-iphone-flash-notification/feed/ HTTP/1.1" 200 414 "-" "Mozilla/5.0 (compatible; Barkrowler/0.9; +https://babbar.tech/crawler)"
217.113.194.13 - - [16/Apr/2025:09:44:06 -0400] "GET /how-to-turn-off-icloud-music-library-on-iphone/ HTTP/1.1" 200 19895 "-" "Mozilla/5.0 (compatible; Barkrowler/0.9; +https://babbar.tech/crawler)"
198.54.114.83 - - [16/Apr/2025:09:44:10 -0400] "POST /wp-cron.php?doing_wp_cron=1744811046.8039069175720214843750 HTTP/1.1" 200 0 "-" "WordPress/6.8; https://shahmeenaindustry.com"
54.36.148.105 - - [16/Apr/2025:09:44:20 -0400] "GET /vietnam-eco-girl/feed/ HTTP/1.1" 304 0 "-" "Mozilla/5.0 (compatible; AhrefsBot/7.0; +http://ahrefs.com/robot/)"
217.113.194.16 - - [16/Apr/2025:09:44:28 -0400] "GET /how-to-turn-off-cellular-data-on-iphone/feed/ HTTP/1.1" 200 418 "-" "Mozilla/5.0 (compatible; Barkrowler/0.9; +https://babbar.tech/crawler)"
217.113.194.14 - - [16/Apr/2025:09:44:47 -0400] "GET /how-to-turn-off-your-iphone-12-pro-max/feed/ HTTP/1.1" 200 413 "-" "Mozilla/5.0 (compatible; Barkrowler/0.9; +https://babbar.tech/crawler)"
217.113.194.21 - - [16/Apr/2025:09:45:09 -0400] "GET /the-basics-of-leaking-water-tank-repair/feed/ HTTP/1.1" 200 412 "-" "Mozilla/5.0 (compatible; Barkrowler/0.9; +https://babbar.tech/crawler)"
198.54.114.83 - - [16/Apr/2025:09:45:15 -0400] "POST /wp-cron.php?doing_wp_cron=1744811109.7022891044616699218750 HTTP/1.1" 200 0 "-" "WordPress/6.8; https://shahmeenaindustry.com"
217.113.194.13 - - [16/Apr/2025:09:45:31 -0400] "GET /discover-the-charm-of-resort-lake-garda/feed/ HTTP/1.1" 200 411 "-" "Mozilla/5.0 (compatible; Barkrowler/0.9; +https://babbar.tech/crawler)"
154.54.249.194 - - [16/Apr/2025:09:45:52 -0400] "GET /discover-the-magic-of-rainbow-riches-casino/ HTTP/1.1" 200 17236 "-" "Mozilla/5.0 (compatible; Barkrowler/0.9; +https://babbar.tech/crawler)"
2a03:2880:f800:7:: - - [16/Apr/2025:09:45:57 -0400] "GET /elegant-beauty-of-abalone-shell-jewelry/feed/ HTTP/1.1" 200 409 "-" "meta-externalagent/1.1 (+https://developers.facebook.com/docs/sharing/webmasters/crawler)"
217.113.194.19 - - [16/Apr/2025:09:46:12 -0400] "GET /discover-the-magic-of-rainbow-riches-casino/feed/ HTTP/1.1" 200 414 "-" "Mozilla/5.0 (compatible; Barkrowler/0.9; +https://babbar.tech/crawler)"
198.54.114.83 - - [16/Apr/2025:09:46:16 -0400] "POST /wp-cron.php?doing_wp_cron=1744811172.6931190490722656250000 HTTP/1.1" 200 0 "-" "WordPress/6.8; https://shahmeenaindustry.com"
217.113.194.15 - - [16/Apr/2025:09:46:33 -0400] "GET /discovering-the-value-in-used-designer-furniture/ HTTP/1.1" 200 17433 "-" "Mozilla/5.0 (compatible; Barkrowler/0.9; +https://babbar.tech/crawler)"
217.113.194.12 - - [16/Apr/2025:09:46:52 -0400] "GET /license-plate-purse-fashion-bags-for-everyone/feed/ HTTP/1.1" 200 428 "-" "Mozilla/5.0 (compatible; Barkrowler/0.9; +https://babbar.tech/crawler)"
217.113.194.15 - - [16/Apr/2025:09:47:12 -0400] "GET /choosing-a-dentist-that-patients-will-love/feed/ HTTP/1.1" 200 413 "-" "Mozilla/5.0 (compatible; Barkrowler/0.9; +https://babbar.tech/crawler)"
54.36.148.1 - - [16/Apr/2025:09:47:14 -0400] "GET /tennis-prediction/feed/ HTTP/1.1" 304 0 "-" "Mozilla/5.0 (compatible; AhrefsBot/7.0; +http://ahrefs.com/robot/)"
154.54.249.194 - - [16/Apr/2025:09:47:30 -0400] "GET /replacement-norcold-refrigerator-parts/feed/ HTTP/1.1" 200 397 "-" "Mozilla/5.0 (compatible; Barkrowler/0.9; +https://babbar.tech/crawler)"
198.54.114.83 - - [16/Apr/2025:09:47:34 -0400] "POST /wp-cron.php?doing_wp_cron=1744811250.8445160388946533203125 HTTP/1.1" 200 0 "-" "WordPress/6.8; https://shahmeenaindustry.com"
217.113.194.13 - - [16/Apr/2025:09:47:50 -0400] "GET /ein-traumurlaub-am-gardasee/feed/ HTTP/1.1" 200 390 "-" "Mozilla/5.0 (compatible; Barkrowler/0.9; +https://babbar.tech/crawler)"
217.113.194.18 - - [16/Apr/2025:09:48:09 -0400] "GET /5-usual-stereotypes-about-online-slots/feed/ HTTP/1.1" 200 424 "-" "Mozilla/5.0 (compatible; Barkrowler/0.9; +https://babbar.tech/crawler)"
217.113.194.12 - - [16/Apr/2025:09:48:27 -0400] "GET /transform-your-space-with-stylish-kitchen-cabinets/ HTTP/1.1" 200 17383 "-" "Mozilla/5.0 (compatible; Barkrowler/0.9; +https://babbar.tech/crawler)"
54.36.148.178 - - [16/Apr/2025:09:48:46 -0400] "GET /explore-the-thrills-of-megapari-betting/feed/ HTTP/1.1" 200 411 "-" "Mozilla/5.0 (compatible; AhrefsBot/7.0; +http://ahrefs.com/robot/)"
217.113.194.13 - - [16/Apr/2025:09:48:47 -0400] "GET /a-new-approach-to-relaxation-during-business-trips/ HTTP/1.1" 200 18063 "-" "Mozilla/5.0 (compatible; Barkrowler/0.9; +https://babbar.tech/crawler)"
198.54.114.83 - - [16/Apr/2025:09:48:49 -0400] "POST /wp-cron.php?doing_wp_cron=1744811327.1712670326232910156250 HTTP/1.1" 200 0 "-" "WordPress/6.8; https://shahmeenaindustry.com"
170.106.180.246 - - [16/Apr/2025:09:48:49 -0400] "GET /wp-json/oembed/1.0/embed?url=https%3A%2F%2Fshahmeenaindustry.com%2Fai-converter-convert-your-ai-files-for-free-online%2F HTTP/1.1" 200 2485 "-" "Mozilla/5.0 (iPhone; CPU iPhone OS 13_2_3 like Mac OS X) AppleWebKit/605.1.15 (KHTML, like Gecko) Version/13.0.3 Mobile/15E148 Safari/604.1"
27.42.99.212 - - [16/Apr/2025:09:49:04 -0400] "GET /omnivoid-is-changing-the-game-in-augmented-and-mixed-realityomnivoid-is-changing-the-game-in-augmented-and-mixed-reality/ HTTP/1.1" 200 18216 "https://shahmeenaindustry.com" "Mozilla/5.0 (Windows NT 10.0; Win64; x64) AppleWebKit/537.36 (KHTML, like Gecko) Chrome/62.0.3202.94 Safari/537.36"
154.54.249.194 - - [16/Apr/2025:09:49:06 -0400] "GET /a-new-approach-to-relaxation-during-business-trips/feed/ HTTP/1.1" 200 411 "-" "Mozilla/5.0 (compatible; Barkrowler/0.9; +https://babbar.tech/crawler)"
27.42.99.212 - - [16/Apr/2025:09:49:09 -0400] "POST /wp-comments-post.php HTTP/1.1" 302 0 "https://shahmeenaindustry.com" "Mozilla/5.0 (Windows NT 10.0; Win64; x64) AppleWebKit/537.36 (KHTML, like Gecko) Chrome/62.0.3202.94 Safari/537.36"
27.42.99.212 - - [16/Apr/2025:09:49:21 -0400] "GET /omnivoid-is-changing-the-game-in-augmented-and-mixed-realityomnivoid-is-changing-the-game-in-augmented-and-mixed-reality/ HTTP/1.1" 200 18997 "https://shahmeenaindustry.com" "Mozilla/4.0 (compatible; MSIE 6.0; Windows NT 5.1; en) Opera 8.50"
2a03:2880:f800:13:: - - [16/Apr/2025:09:49:25 -0400] "GET /how-to-block-text-messages-on-iphone-11/feed/ HTTP/1.1" 200 416 "-" "meta-externalagent/1.1 (+https://developers.facebook.com/docs/sharing/webmasters/crawler)"
217.113.194.12 - - [16/Apr/2025:09:49:26 -0400] "GET /locating-a-divorce-lawyer-in-nahariya/feed/ HTTP/1.1" 200 405 "-" "Mozilla/5.0 (compatible; Barkrowler/0.9; +https://babbar.tech/crawler)"
47.79.199.66 - - [16/Apr/2025:09:49:43 -0400] "GET / HTTP/1.1" 200 18582 "https://www.google.com/" "Mozilla/5.0 (Linux; Android 10; K) AppleWebKit/537.36 (KHTML, like Gecko) Chrome/133.0.0.0 Mobile Safari/537.36"
217.113.194.21 - - [16/Apr/2025:09:49:46 -0400] "GET /the-arden-fair-and-the-village-of-arden/feed/ HTTP/1.1" 200 412 "-" "Mozilla/5.0 (compatible; Barkrowler/0.9; +https://babbar.tech/crawler)"
217.113.194.13 - - [16/Apr/2025:09:50:08 -0400] "GET /the-haunting-of-hill-house-on-netflix/feed/ HTTP/1.1" 200 410 "-" "Mozilla/5.0 (compatible; Barkrowler/0.9; +https://babbar.tech/crawler)"
198.54.114.83 - - [16/Apr/2025:09:50:13 -0400] "POST /wp-cron.php?doing_wp_cron=1744811408.8087780475616455078125 HTTP/1.1" 200 0 "-" "WordPress/6.8; https://shahmeenaindustry.com"
54.36.148.106 - - [16/Apr/2025:09:50:14 -0400] "GET /investing-in-property-rentals/feed/ HTTP/1.1" 304 0 "-" "Mozilla/5.0 (compatible; AhrefsBot/7.0; +http://ahrefs.com/robot/)"
217.113.194.18 - - [16/Apr/2025:09:50:28 -0400] "GET /why-choose-double-glazing-bridgend/feed/ HTTP/1.1" 200 402 "-" "Mozilla/5.0 (compatible; Barkrowler/0.9; +https://babbar.tech/crawler)"
217.113.194.13 - - [16/Apr/2025:09:50:48 -0400] "GET /what-is-the-rule-of-paint-by-numbers/feed/ HTTP/1.1" 200 412 "-" "Mozilla/5.0 (compatible; Barkrowler/0.9; +https://babbar.tech/crawler)"
217.113.194.15 - - [16/Apr/2025:09:51:08 -0400] "GET /the-best-taxi-services-from-heathrow-airport/feed/ HTTP/1.1" 200 416 "-" "Mozilla/5.0 (compatible; Barkrowler/0.9; +https://babbar.tech/crawler)"
198.54.114.83 - - [16/Apr/2025:09:51:13 -0400] "POST /wp-cron.php?doing_wp_cron=1744811468.9774029254913330078125 HTTP/1.1" 200 0 "-" "WordPress/6.8; https://shahmeenaindustry.com"
217.113.194.15 - - [16/Apr/2025:09:51:30 -0400] "GET /innovative-strategies-for-casino-solution-distribution/ HTTP/1.1" 200 17429 "-" "Mozilla/5.0 (compatible; Barkrowler/0.9; +https://babbar.tech/crawler)"
54.36.148.239 - - [16/Apr/2025:09:51:35 -0400] "GET /how-to-turn-group-messaging-on-iphone-off-2/feed/ HTTP/1.1" 304 0 "-" "Mozilla/5.0 (compatible; AhrefsBot/7.0; +http://ahrefs.com/robot/)"
217.113.194.14 - - [16/Apr/2025:09:51:53 -0400] "GET /benefits-of-the-latest-led-display-technology/feed/ HTTP/1.1" 200 410 "-" "Mozilla/5.0 (compatible; Barkrowler/0.9; +https://babbar.tech/crawler)"
195.2.76.183 - - [16/Apr/2025:09:51:56 -0400] "GET /cbd-shop-uk-review/ HTTP/1.1" 200 19420 "https://shahmeenaindustry.com/cbd-shop-uk-review/" "Mozilla/5.0 (Windows NT 10.0; Win64; x64) AppleWebKit/537.36 (KHTML, like Gecko) Chrome/131.0.0.0 Safari/537.36 Avast/131.0.0.0"
195.2.76.183 - - [16/Apr/2025:09:52:01 -0400] "POST /wp-comments-post.php HTTP/1.1" 302 0 "https://shahmeenaindustry.com/cbd-shop-uk-review/" "Mozilla/5.0 (Windows NT 10.0; Win64; x64) AppleWebKit/537.36 (KHTML, like Gecko) Chrome/131.0.0.0 Safari/537.36 Avast/131.0.0.0"
195.2.76.183 - - [16/Apr/2025:09:52:08 -0400] "GET /cbd-shop-uk-review/ HTTP/1.1" 200 20358 "https://shahmeenaindustry.com/cbd-shop-uk-review/#comment-30854" "Mozilla/5.0 (Windows NT 10.0; Win64; x64) AppleWebKit/537.36 (KHTML, like Gecko) Chrome/131.0.0.0 Safari/537.36 Avast/131.0.0.0"
217.113.194.17 - - [16/Apr/2025:09:52:13 -0400] "GET /understanding-the-power-of-link-shorteners/feed/ HTTP/1.1" 200 414 "-" "Mozilla/5.0 (compatible; Barkrowler/0.9; +https://babbar.tech/crawler)"
217.113.194.21 - - [16/Apr/2025:09:52:34 -0400] "GET /michael-kors-bags-on-sale-at-thredup/feed/ HTTP/1.1" 200 410 "-" "Mozilla/5.0 (compatible; Barkrowler/0.9; +https://babbar.tech/crawler)"
2a03:2880:f800:e:: - - [16/Apr/2025:09:52:39 -0400] "GET /mastering-personal-finance-strategies-from-an-expert/feed/ HTTP/1.1" 200 416 "-" "meta-externalagent/1.1 (+https://developers.facebook.com/docs/sharing/webmasters/crawler)"
217.113.194.20 - - [16/Apr/2025:09:52:53 -0400] "GET /signs-to-call-emergency-heating-services/feed/ HTTP/1.1" 200 408 "-" "Mozilla/5.0 (compatible; Barkrowler/0.9; +https://babbar.tech/crawler)"
54.36.148.143 - - [16/Apr/2025:09:52:54 -0400] "GET /the-benefits-of-an-outdoor-led-screen/feed/ HTTP/1.1" 304 0 "-" "Mozilla/5.0 (compatible; AhrefsBot/7.0; +http://ahrefs.com/robot/)"
217.113.194.17 - - [16/Apr/2025:09:53:12 -0400] "GET /midtown-modern-your-sanctuary-in-the-city/feed/ HTTP/1.1" 200 422 "-" "Mozilla/5.0 (compatible; Barkrowler/0.9; +https://babbar.tech/crawler)"
198.54.114.83 - - [16/Apr/2025:09:53:15 -0400] "POST /wp-cron.php?doing_wp_cron=1744811592.4434280395507812500000 HTTP/1.1" 200 0 "-" "WordPress/6.8; https://shahmeenaindustry.com"
2a03:2880:f800:1b:: - - [16/Apr/2025:09:53:24 -0400] "GET /?p=1963 HTTP/1.1" 301 0 "-" "meta-externalagent/1.1 (+https://developers.facebook.com/docs/sharing/webmasters/crawler)"
217.113.194.17 - - [16/Apr/2025:09:53:34 -0400] "GET /advanced-vita-glow-night-cream-review/feed/ HTTP/1.1" 200 410 "-" "Mozilla/5.0 (compatible; Barkrowler/0.9; +https://babbar.tech/crawler)"
154.54.249.194 - - [16/Apr/2025:09:53:56 -0400] "GET /ps4-vs-pc-graphics-comparison/feed/ HTTP/1.1" 200 396 "-" "Mozilla/5.0 (compatible; Barkrowler/0.9; +https://babbar.tech/crawler)"
54.36.148.40 - - [16/Apr/2025:09:54:04 -0400] "GET /relay-mechanics/feed/ HTTP/1.1" 304 0 "-" "Mozilla/5.0 (compatible; AhrefsBot/7.0; +http://ahrefs.com/robot/)"
217.113.194.17 - - [16/Apr/2025:09:54:17 -0400] "GET /exploring-santorinis-iconic-landscapes/feed/ HTTP/1.1" 200 411 "-" "Mozilla/5.0 (compatible; Barkrowler/0.9; +https://babbar.tech/crawler)"
198.54.114.83 - - [16/Apr/2025:09:54:24 -0400] "POST /wp-cron.php?doing_wp_cron=1744811658.3877749443054199218750 HTTP/1.1" 200 0 "-" "WordPress/6.8; https://shahmeenaindustry.com"
154.54.249.194 - - [16/Apr/2025:09:54:39 -0400] "GET /exploring-nusa-penida-a-hidden-gem/feed/ HTTP/1.1" 200 406 "-" "Mozilla/5.0 (compatible; Barkrowler/0.9; +https://babbar.tech/crawler)"
217.113.194.19 - - [16/Apr/2025:09:55:02 -0400] "GET /cake-disposable-carts-cartridges-review/feed/ HTTP/1.1" 200 406 "-" "Mozilla/5.0 (compatible; Barkrowler/0.9; +https://babbar.tech/crawler)"
43.154.145.254 - - [16/Apr/2025:09:55:16 -0400] "GET /weekday-betting-shop-closing-times-near-me/ HTTP/1.1" 200 18070 "-" "Python/3.10 aiohttp/3.10.5"
54.36.148.158 - - [16/Apr/2025:09:55:23 -0400] "GET /magic-mushroom-kits/feed/ HTTP/1.1" 304 0 "-" "Mozilla/5.0 (compatible; AhrefsBot/7.0; +http://ahrefs.com/robot/)"
217.113.194.19 - - [16/Apr/2025:09:55:26 -0400] "GET /what-are-the-benefits-of-ithmid-kohl/feed/ HTTP/1.1" 200 412 "-" "Mozilla/5.0 (compatible; Barkrowler/0.9; +https://babbar.tech/crawler)"
217.113.194.13 - - [16/Apr/2025:09:55:47 -0400] "GET /tekken-3-game-download-for-pc/feed/ HTTP/1.1" 200 423 "-" "Mozilla/5.0 (compatible; Barkrowler/0.9; +https://babbar.tech/crawler)"
217.113.194.19 - - [16/Apr/2025:09:56:12 -0400] "GET /hot-post-codes-for-sydney-commercial-property/ HTTP/1.1" 200 18081 "-" "Mozilla/5.0 (compatible; Barkrowler/0.9; +https://babbar.tech/crawler)"
217.113.194.13 - - [16/Apr/2025:09:56:37 -0400] "GET /powerball-5-59-read-more-about-it/feed/ HTTP/1.1" 200 419 "-" "Mozilla/5.0 (compatible; Barkrowler/0.9; +https://babbar.tech/crawler)"
217.113.194.21 - - [16/Apr/2025:09:57:00 -0400] "GET /otc-drug-establishment-registration-process/feed/ HTTP/1.1" 200 407 "-" "Mozilla/5.0 (compatible; Barkrowler/0.9; +https://babbar.tech/crawler)"
43.173.1.69 - - [16/Apr/2025:09:57:20 -0400] "GET /wp-json/oembed/1.0/embed?url=https%3A%2F%2Fshahmeenaindustry.com%2Fai-converter-convert-your-ai-files-for-free-online%2F&format=xml HTTP/1.1" 200 1184 "-" "Mozilla/5.0 (iPhone; CPU iPhone OS 13_2_3 like Mac OS X) AppleWebKit/605.1.15 (KHTML, like Gecko) Version/13.0.3 Mobile/15E148 Safari/604.1"
217.113.194.14 - - [16/Apr/2025:09:57:22 -0400] "GET /finding-effective-speech-therapy-near-you/feed/ HTTP/1.1" 200 414 "-" "Mozilla/5.0 (compatible; Barkrowler/0.9; +https://babbar.tech/crawler)"
2a03:2880:f800:7:: - - [16/Apr/2025:09:57:28 -0400] "GET /how-to-toast-pecans/feed/ HTTP/1.1" 200 385 "-" "meta-externalagent/1.1 (+https://developers.facebook.com/docs/sharing/webmasters/crawler)"
154.54.249.194 - - [16/Apr/2025:09:57:45 -0400] "GET /how-to-check-online-for-a-warrant-out-for-your-arrest/feed/ HTTP/1.1" 200 430 "-" "Mozilla/5.0 (compatible; Barkrowler/0.9; +https://babbar.tech/crawler)"
198.54.114.83 - - [16/Apr/2025:09:57:51 -0400] "POST /wp-cron.php?doing_wp_cron=1744811865.7208149433135986328125 HTTP/1.1" 200 0 "-" "WordPress/6.8; https://shahmeenaindustry.com"
54.36.149.94 - - [16/Apr/2025:09:57:51 -0400] "GET /kitchen-remodeling-services-vancouver-bc/feed/ HTTP/1.1" 304 0 "-" "Mozilla/5.0 (compatible; AhrefsBot/7.0; +http://ahrefs.com/robot/)"
217.113.194.20 - - [16/Apr/2025:09:58:08 -0400] "GET /how-to-tell-a-real-michael-kors-satchel-bag/feed/ HTTP/1.1" 200 421 "-" "Mozilla/5.0 (compatible; Barkrowler/0.9; +https://babbar.tech/crawler)"
217.113.194.13 - - [16/Apr/2025:09:58:28 -0400] "GET /the-basics-of-plastic-injection-molding/feed/ HTTP/1.1" 200 410 "-" "Mozilla/5.0 (compatible; Barkrowler/0.9; +https://babbar.tech/crawler)"
217.113.194.16 - - [16/Apr/2025:09:58:48 -0400] "GET /discovering-meyer-blue-the-enigmatic-hue/feed/ HTTP/1.1" 200 413 "-" "Mozilla/5.0 (compatible; Barkrowler/0.9; +https://babbar.tech/crawler)"
