217.113.194.15 - - [16/Apr/2025:06:36:04 -0400] "GET /relay-mechanics/feed/ HTTP/1.1" 200 378 "-" "Mozilla/5.0 (compatible; Barkrowler/0.9; +https://babbar.tech/crawler)"
217.113.194.13 - - [16/Apr/2025:06:36:27 -0400] "GET /voice-over-artists/feed/ HTTP/1.1" 200 383 "-" "Mozilla/5.0 (compatible; Barkrowler/0.9; +https://babbar.tech/crawler)"
198.54.114.83 - - [16/Apr/2025:06:36:51 -0400] "POST /wp-cron.php?doing_wp_cron=1744799809.2165069580078125000000 HTTP/1.1" 200 0 "-" "WordPress/6.8; https://shahmeenaindustry.com"
217.113.194.17 - - [16/Apr/2025:06:36:48 -0400] "GET /mumbai-advertising-company/ HTTP/1.1" 200 17549 "-" "Mozilla/5.0 (compatible; Barkrowler/0.9; +https://babbar.tech/crawler)"
85.208.96.196 - - [16/Apr/2025:06:37:10 -0400] "GET /category/activity/page/8/ HTTP/1.1" 200 16528 "-" "Mozilla/5.0 (compatible; SemrushBot/7~bl; +http://www.semrush.com/bot.html)"
217.113.194.13 - - [16/Apr/2025:06:37:12 -0400] "GET /how-to-toast-pecans/feed/ HTTP/1.1" 200 385 "-" "Mozilla/5.0 (compatible; Barkrowler/0.9; +https://babbar.tech/crawler)"
54.36.148.71 - - [16/Apr/2025:06:37:28 -0400] "GET /category/activity/page/11/ HTTP/1.1" 200 16564 "-" "Mozilla/5.0 (compatible; AhrefsBot/7.0; +http://ahrefs.com/robot/)"
217.113.194.13 - - [16/Apr/2025:06:37:32 -0400] "GET /how-to-make-custom-socks/ HTTP/1.1" 200 18920 "-" "Mozilla/5.0 (compatible; Barkrowler/0.9; +https://babbar.tech/crawler)"
154.54.249.194 - - [16/Apr/2025:06:37:54 -0400] "GET /how-to-make-custom-socks/feed/ HTTP/1.1" 200 395 "-" "Mozilla/5.0 (compatible; Barkrowler/0.9; +https://babbar.tech/crawler)"
198.54.114.83 - - [16/Apr/2025:06:37:56 -0400] "POST /wp-cron.php?doing_wp_cron=1744799875.1375670433044433593750 HTTP/1.1" 200 0 "-" "WordPress/6.8; https://shahmeenaindustry.com"
217.113.194.12 - - [16/Apr/2025:06:38:14 -0400] "GET /the-mairdi-headset/ HTTP/1.1" 200 17716 "-" "Mozilla/5.0 (compatible; Barkrowler/0.9; +https://babbar.tech/crawler)"
217.113.194.21 - - [16/Apr/2025:06:38:35 -0400] "GET /tax-advice-hattingen/ HTTP/1.1" 200 18678 "-" "Mozilla/5.0 (compatible; Barkrowler/0.9; +https://babbar.tech/crawler)"
185.231.154.128 - - [16/Apr/2025:06:38:53 -0400] "GET /cbd-shop-uk-review/ HTTP/1.1" 200 19420 "https://shahmeenaindustry.com/cbd-shop-uk-review/#comment-11151" "Mozilla/5.0 (Windows NT 10.0; Win64; x64) AppleWebKit/537.36 (KHTML, like Gecko) Chrome/129.0.0.0 Safari/537.36"
217.113.194.19 - - [16/Apr/2025:06:38:54 -0400] "GET /damenparfum-top-10/feed/ HTTP/1.1" 200 384 "-" "Mozilla/5.0 (compatible; Barkrowler/0.9; +https://babbar.tech/crawler)"
198.54.114.83 - - [16/Apr/2025:06:38:58 -0400] "POST /wp-cron.php?doing_wp_cron=1744799936.6989319324493408203125 HTTP/1.1" 200 0 "-" "WordPress/6.8; https://shahmeenaindustry.com"
185.231.154.128 - - [16/Apr/2025:06:38:56 -0400] "POST /wp-comments-post.php HTTP/1.1" 302 0 "https://shahmeenaindustry.com/cbd-shop-uk-review/#comment-11151" "Mozilla/5.0 (Windows NT 10.0; Win64; x64) AppleWebKit/537.36 (KHTML, like Gecko) Chrome/129.0.0.0 Safari/537.36"
185.231.154.128 - - [16/Apr/2025:06:39:01 -0400] "GET /cbd-shop-uk-review/ HTTP/1.1" 200 38145 "https://shahmeenaindustry.com/cbd-shop-uk-review/#comment-30837" "Mozilla/5.0 (Windows NT 10.0; Win64; x64) AppleWebKit/537.36 (KHTML, like Gecko) Chrome/129.0.0.0 Safari/537.36"
54.36.149.65 - - [16/Apr/2025:06:39:05 -0400] "GET /top-10-bugatti-cars-for-sale/feed/ HTTP/1.1" 200 399 "-" "Mozilla/5.0 (compatible; AhrefsBot/7.0; +http://ahrefs.com/robot/)"
43.129.81.131 - - [16/Apr/2025:06:39:14 -0400] "GET /explosion-proof-stainless-steel-ball-valves-on-off/ HTTP/1.1" 200 17628 "-" "Python/3.10 aiohttp/3.10.5"
217.113.194.15 - - [16/Apr/2025:06:39:14 -0400] "GET /visa-as-customer-service/ HTTP/1.1" 200 17792 "-" "Mozilla/5.0 (compatible; Barkrowler/0.9; +https://babbar.tech/crawler)"
217.113.194.13 - - [16/Apr/2025:06:39:35 -0400] "GET /german-courses-in-london/feed/ HTTP/1.1" 200 389 "-" "Mozilla/5.0 (compatible; Barkrowler/0.9; +https://babbar.tech/crawler)"
217.113.194.19 - - [16/Apr/2025:06:39:54 -0400] "GET /vintage-persian-rugs/ HTTP/1.1" 200 17564 "-" "Mozilla/5.0 (compatible; Barkrowler/0.9; +https://babbar.tech/crawler)"
198.54.114.83 - - [16/Apr/2025:06:40:18 -0400] "POST /wp-cron.php?doing_wp_cron=1744800017.0424129962921142578125 HTTP/1.1" 200 0 "-" "WordPress/6.8; https://shahmeenaindustry.com"
217.113.194.20 - - [16/Apr/2025:06:40:16 -0400] "GET /a-comprehensive-guide/ HTTP/1.1" 200 17386 "-" "Mozilla/5.0 (compatible; Barkrowler/0.9; +https://babbar.tech/crawler)"
217.113.194.20 - - [16/Apr/2025:06:40:38 -0400] "GET /the-katana-sword/ HTTP/1.1" 200 17708 "-" "Mozilla/5.0 (compatible; Barkrowler/0.9; +https://babbar.tech/crawler)"
54.36.148.242 - - [16/Apr/2025:06:40:44 -0400] "GET /the-best-cbd-uk-brands/feed/ HTTP/1.1" 200 394 "-" "Mozilla/5.0 (compatible; AhrefsBot/7.0; +http://ahrefs.com/robot/)"
119.28.52.89 - - [16/Apr/2025:06:40:53 -0400] "GET /advantages-of-working-with-a-local-plumber/ HTTP/1.1" 200 0 "-" "Python/3.10 aiohttp/3.10.5"
217.113.194.16 - - [16/Apr/2025:06:40:59 -0400] "GET /what-is-online-store-accounting/ HTTP/1.1" 200 17806 "-" "Mozilla/5.0 (compatible; Barkrowler/0.9; +https://babbar.tech/crawler)"
198.54.114.83 - - [16/Apr/2025:06:41:20 -0400] "POST /wp-cron.php?doing_wp_cron=1744800079.6965088844299316406250 HTTP/1.1" 200 0 "-" "WordPress/6.8; https://shahmeenaindustry.com"
198.54.114.83 - - [16/Apr/2025:06:41:21 -0400] "POST /wp-admin/admin-ajax.php?action=async_litespeed&nonce=l2PcUoRT0jUNKfFD30iMXDCS1x2RFhtO&litespeed_type=imgoptm HTTP/1.1" 200 0 "-" "WordPress/6.8; https://shahmeenaindustry.com"
217.113.194.15 - - [16/Apr/2025:06:41:19 -0400] "GET /what-is-paint-by-numbers/ HTTP/1.1" 200 17967 "-" "Mozilla/5.0 (compatible; Barkrowler/0.9; +https://babbar.tech/crawler)"
198.54.114.83 - - [16/Apr/2025:06:41:32 -0400] "POST /wp-cron.php?doing_wp_cron=1744800091.5532369613647460937500 HTTP/1.1" 200 0 "-" "WordPress/6.8; https://shahmeenaindustry.com"
2a03:2880:f800:1c:: - - [16/Apr/2025:06:41:31 -0400] "GET /why-quality-matters-in-cannabis-extracts/ HTTP/1.1" 200 17437 "-" "meta-externalagent/1.1 (+https://developers.facebook.com/docs/sharing/webmasters/crawler)"
198.54.114.83 - - [16/Apr/2025:06:41:34 -0400] "POST /wp-admin/admin-ajax.php?action=async_litespeed&nonce=U2iZDofRJjrABNVpNk4ex3XxD8ERPRHg&litespeed_type=imgoptm HTTP/1.1" 200 0 "-" "WordPress/6.8; https://shahmeenaindustry.com"
198.54.114.83 - - [16/Apr/2025:06:41:44 -0400] "POST /wp-cron.php?doing_wp_cron=1744800103.5024590492248535156250 HTTP/1.1" 200 0 "-" "WordPress/6.8; https://shahmeenaindustry.com"
217.113.194.19 - - [16/Apr/2025:06:41:43 -0400] "GET /what-is-family-mediation/feed/ HTTP/1.1" 200 388 "-" "Mozilla/5.0 (compatible; Barkrowler/0.9; +https://babbar.tech/crawler)"
52.23.112.144 - - [16/Apr/2025:06:41:53 -0400] "GET /page/54/ HTTP/1.1" 200 16585 "-" "Mozilla/5.0 AppleWebKit/537.36 (KHTML, like Gecko; compatible; Amazonbot/0.1; +https://developer.amazon.com/support/amazonbot) Chrome/119.0.6045.214 Safari/537.36"
154.54.249.194 - - [16/Apr/2025:06:42:05 -0400] "GET /what-is-a-lag-screw/ HTTP/1.1" 200 18130 "-" "Mozilla/5.0 (compatible; Barkrowler/0.9; +https://babbar.tech/crawler)"
54.36.148.248 - - [16/Apr/2025:06:42:18 -0400] "GET /what-you-need-to-know/ HTTP/1.1" 200 17528 "-" "Mozilla/5.0 (compatible; AhrefsBot/7.0; +http://ahrefs.com/robot/)"
217.113.194.21 - - [16/Apr/2025:06:42:25 -0400] "GET /buy-youtube-views-online/feed/ HTTP/1.1" 200 393 "-" "Mozilla/5.0 (compatible; Barkrowler/0.9; +https://babbar.tech/crawler)"
185.231.154.128 - - [16/Apr/2025:06:42:37 -0400] "GET /cbd-shop-uk-review/ HTTP/1.1" 200 19420 "https://shahmeenaindustry.com/cbd-shop-uk-review/#comment-11151" "Mozilla/5.0 (Windows NT 10.0; Win64; x64) AppleWebKit/537.36 (KHTML, like Gecko) Chrome/130.0.0.0 Safari/537.36 CCleaner/130.0.0.0"
185.231.154.128 - - [16/Apr/2025:06:42:40 -0400] "POST /wp-comments-post.php HTTP/1.1" 302 0 "https://shahmeenaindustry.com/cbd-shop-uk-review/#comment-11151" "Mozilla/5.0 (Windows NT 10.0; Win64; x64) AppleWebKit/537.36 (KHTML, like Gecko) Chrome/130.0.0.0 Safari/537.36 CCleaner/130.0.0.0"
185.231.154.128 - - [16/Apr/2025:06:42:45 -0400] "GET /cbd-shop-uk-review/ HTTP/1.1" 200 24716 "https://shahmeenaindustry.com/cbd-shop-uk-review/#comment-30838" "Mozilla/5.0 (Windows NT 10.0; Win64; x64) AppleWebKit/537.36 (KHTML, like Gecko) Chrome/130.0.0.0 Safari/537.36 CCleaner/130.0.0.0"
154.54.249.194 - - [16/Apr/2025:06:42:46 -0400] "GET /silver-judaica/feed/ HTTP/1.1" 200 375 "-" "Mozilla/5.0 (compatible; Barkrowler/0.9; +https://babbar.tech/crawler)"
198.54.114.83 - - [16/Apr/2025:06:42:48 -0400] "POST /wp-cron.php?doing_wp_cron=1744800165.3865189552307128906250 HTTP/1.1" 200 0 "-" "WordPress/6.8; https://shahmeenaindustry.com"
85.208.98.24 - - [16/Apr/2025:06:42:59 -0400] "GET /how-to-select-an-ice-maker/ HTTP/1.1" 200 17633 "-" "Mozilla/5.0 (compatible; SemrushBot-BA; +http://www.semrush.com/bot.html)"
217.113.194.12 - - [16/Apr/2025:06:43:08 -0400] "GET /business-trips-massage/feed/ HTTP/1.1" 200 382 "-" "Mozilla/5.0 (compatible; Barkrowler/0.9; +https://babbar.tech/crawler)"
217.113.194.14 - - [16/Apr/2025:06:43:28 -0400] "GET /amber-sea-glass-jewelry/ HTTP/1.1" 200 18037 "-" "Mozilla/5.0 (compatible; Barkrowler/0.9; +https://babbar.tech/crawler)"
198.54.114.83 - - [16/Apr/2025:06:43:49 -0400] "POST /wp-cron.php?doing_wp_cron=1744800228.0672349929809570312500 HTTP/1.1" 200 0 "-" "WordPress/6.8; https://shahmeenaindustry.com"
217.113.194.13 - - [16/Apr/2025:06:43:47 -0400] "GET /the-best-dad-jokes/ HTTP/1.1" 200 17364 "-" "Mozilla/5.0 (compatible; Barkrowler/0.9; +https://babbar.tech/crawler)"
54.36.148.211 - - [16/Apr/2025:06:43:58 -0400] "GET /learn-how-easy-is-to-clean-your-keyboard-successfully/feed/ HTTP/1.1" 304 0 "-" "Mozilla/5.0 (compatible; AhrefsBot/7.0; +http://ahrefs.com/robot/)"
217.113.194.21 - - [16/Apr/2025:06:44:09 -0400] "GET /category/activity/page/16/ HTTP/1.1" 200 16717 "-" "Mozilla/5.0 (compatible; Barkrowler/0.9; +https://babbar.tech/crawler)"
217.113.194.16 - - [16/Apr/2025:06:44:29 -0400] "GET /category/activity/page/15/ HTTP/1.1" 200 16805 "-" "Mozilla/5.0 (compatible; Barkrowler/0.9; +https://babbar.tech/crawler)"
43.135.121.251 - - [16/Apr/2025:06:44:35 -0400] "GET /voiceover-artists-what-does-it-take-to-be-a-successful-voiceover-artist/ HTTP/1.1" 200 17428 "-" "Python/3.10 aiohttp/3.10.5"
47.79.195.213 - - [16/Apr/2025:06:44:40 -0400] "GET / HTTP/1.1" 200 18582 "https://www.google.com/" "Mozilla/5.0 (Windows NT 10.0; Win64; x64) AppleWebKit/537.36 (KHTML, like Gecko) Chrome/133.0.0.0 Safari/537.36 Edg/133.0.0.0"
217.113.194.16 - - [16/Apr/2025:06:44:49 -0400] "GET /category/activity/page/11/ HTTP/1.1" 200 16564 "-" "Mozilla/5.0 (compatible; Barkrowler/0.9; +https://babbar.tech/crawler)"
217.113.194.21 - - [16/Apr/2025:06:45:11 -0400] "GET /knitted-beanies/feed/ HTTP/1.1" 200 377 "-" "Mozilla/5.0 (compatible; Barkrowler/0.9; +https://babbar.tech/crawler)"
198.54.114.83 - - [16/Apr/2025:06:45:16 -0400] "POST /wp-cron.php?doing_wp_cron=1744800312.3551790714263916015625 HTTP/1.1" 200 0 "-" "WordPress/6.8; https://shahmeenaindustry.com"
119.28.140.91 - - [16/Apr/2025:06:45:24 -0400] "GET /how-to-write-a-letter-to-increase-salary-request/ HTTP/1.1" 200 17679 "-" "Python/3.10 aiohttp/3.10.5"
217.113.194.15 - - [16/Apr/2025:06:45:34 -0400] "GET /buying-an-air-cooler/feed/ HTTP/1.1" 200 388 "-" "Mozilla/5.0 (compatible; Barkrowler/0.9; +https://babbar.tech/crawler)"
54.36.148.57 - - [16/Apr/2025:06:45:36 -0400] "GET /beyond-virtual-companionship-the-complexities-of-ai-girlfriends/feed/ HTTP/1.1" 200 432 "-" "Mozilla/5.0 (compatible; AhrefsBot/7.0; +http://ahrefs.com/robot/)"
217.113.194.20 - - [16/Apr/2025:06:45:55 -0400] "GET /best-pc-builder-website/ HTTP/1.1" 200 17420 "-" "Mozilla/5.0 (compatible; Barkrowler/0.9; +https://babbar.tech/crawler)"
2a03:2880:f800:d:: - - [16/Apr/2025:06:46:11 -0400] "GET /effiziente-unternehmensauflosungen-in-luneburg/ HTTP/1.1" 200 17447 "-" "meta-externalagent/1.1 (+https://developers.facebook.com/docs/sharing/webmasters/crawler)"
217.113.194.20 - - [16/Apr/2025:06:46:17 -0400] "GET /best-pc-builder-website/feed/ HTTP/1.1" 200 385 "-" "Mozilla/5.0 (compatible; Barkrowler/0.9; +https://babbar.tech/crawler)"
198.54.114.83 - - [16/Apr/2025:06:46:20 -0400] "POST /wp-cron.php?doing_wp_cron=1744800378.2144289016723632812500 HTTP/1.1" 200 0 "-" "WordPress/6.8; https://shahmeenaindustry.com"
217.113.194.19 - - [16/Apr/2025:06:46:40 -0400] "GET /best-refrigeration-scales/feed/ HTTP/1.1" 200 384 "-" "Mozilla/5.0 (compatible; Barkrowler/0.9; +https://babbar.tech/crawler)"
217.113.194.13 - - [16/Apr/2025:06:47:00 -0400] "GET /autism-therapy-near-me/feed/ HTTP/1.1" 200 390 "-" "Mozilla/5.0 (compatible; Barkrowler/0.9; +https://babbar.tech/crawler)"
217.113.194.19 - - [16/Apr/2025:06:47:21 -0400] "GET /umzuge-luneburg/ HTTP/1.1" 200 16966 "-" "Mozilla/5.0 (compatible; Barkrowler/0.9; +https://babbar.tech/crawler)"
54.36.148.167 - - [16/Apr/2025:06:47:22 -0400] "GET /at-the-point-when-you-really-want-a-business-building-credit/ HTTP/1.1" 200 18102 "-" "Mozilla/5.0 (compatible; AhrefsBot/7.0; +http://ahrefs.com/robot/)"
217.113.194.19 - - [16/Apr/2025:06:47:41 -0400] "GET /deep-house-cleaning-services/ HTTP/1.1" 200 18769 "-" "Mozilla/5.0 (compatible; Barkrowler/0.9; +https://babbar.tech/crawler)"
198.54.114.83 - - [16/Apr/2025:06:47:49 -0400] "POST /wp-cron.php?doing_wp_cron=1744800463.5136649608612060546875 HTTP/1.1" 200 0 "-" "WordPress/6.8; https://shahmeenaindustry.com"
217.113.194.15 - - [16/Apr/2025:06:48:07 -0400] "GET /anti-aging-treatment/feed/ HTTP/1.1" 200 388 "-" "Mozilla/5.0 (compatible; Barkrowler/0.9; +https://babbar.tech/crawler)"
217.113.194.21 - - [16/Apr/2025:06:48:31 -0400] "GET /insurance-for-nonprofits/feed/ HTTP/1.1" 200 385 "-" "Mozilla/5.0 (compatible; Barkrowler/0.9; +https://babbar.tech/crawler)"
198.54.114.83 - - [16/Apr/2025:06:48:54 -0400] "POST /wp-cron.php?doing_wp_cron=1744800533.1561670303344726562500 HTTP/1.1" 200 0 "-" "WordPress/6.8; https://shahmeenaindustry.com"
217.113.194.17 - - [16/Apr/2025:06:48:52 -0400] "GET /window-shutters-north-east/ HTTP/1.1" 200 17837 "-" "Mozilla/5.0 (compatible; Barkrowler/0.9; +https://babbar.tech/crawler)"
54.36.149.85 - - [16/Apr/2025:06:49:07 -0400] "GET /mobilier-design-doccasion-allier-elegance-et-economie/ HTTP/1.1" 200 17429 "-" "Mozilla/5.0 (compatible; AhrefsBot/7.0; +http://ahrefs.com/robot/)"
154.54.249.194 - - [16/Apr/2025:06:49:16 -0400] "GET /bookmakers-closing-times/ HTTP/1.1" 200 18114 "-" "Mozilla/5.0 (compatible; Barkrowler/0.9; +https://babbar.tech/crawler)"
217.113.194.21 - - [16/Apr/2025:06:49:38 -0400] "GET /cancun-yacht-rental/ HTTP/1.1" 200 18008 "-" "Mozilla/5.0 (compatible; Barkrowler/0.9; +https://babbar.tech/crawler)"
217.113.194.19 - - [16/Apr/2025:06:50:02 -0400] "GET /modern-kitchen-cabinet-design/feed/ HTTP/1.1" 200 397 "-" "Mozilla/5.0 (compatible; Barkrowler/0.9; +https://babbar.tech/crawler)"
198.54.114.83 - - [16/Apr/2025:06:50:06 -0400] "POST /wp-cron.php?doing_wp_cron=1744800602.6595261096954345703125 HTTP/1.1" 200 0 "-" "WordPress/6.8; https://shahmeenaindustry.com"
217.113.194.17 - - [16/Apr/2025:06:50:25 -0400] "GET /crew-socks-with-designs/ HTTP/1.1" 200 17696 "-" "Mozilla/5.0 (compatible; Barkrowler/0.9; +https://babbar.tech/crawler)"
54.36.148.243 - - [16/Apr/2025:06:50:34 -0400] "GET /runner-rugs/feed/ HTTP/1.1" 304 0 "-" "Mozilla/5.0 (compatible; AhrefsBot/7.0; +http://ahrefs.com/robot/)"
217.113.194.17 - - [16/Apr/2025:06:50:45 -0400] "GET /crew-socks-with-designs/feed/ HTTP/1.1" 200 389 "-" "Mozilla/5.0 (compatible; Barkrowler/0.9; +https://babbar.tech/crawler)"
198.54.114.83 - - [16/Apr/2025:06:51:05 -0400] "POST /wp-cron.php?doing_wp_cron=1744800664.8904109001159667968750 HTTP/1.1" 200 0 "-" "WordPress/6.8; https://shahmeenaindustry.com"
198.54.114.83 - - [16/Apr/2025:06:51:07 -0400] "POST /wp-admin/admin-ajax.php?action=async_litespeed&nonce=J7wUrC9ZFNmSmEYMW1iOoD7lTlp6VF23&litespeed_type=imgoptm HTTP/1.1" 200 0 "-" "WordPress/6.8; https://shahmeenaindustry.com"
217.113.194.20 - - [16/Apr/2025:06:51:04 -0400] "GET /que-fait-un-cabinet-comptable/ HTTP/1.1" 200 18036 "-" "Mozilla/5.0 (compatible; Barkrowler/0.9; +https://babbar.tech/crawler)"
217.113.194.15 - - [16/Apr/2025:06:51:26 -0400] "GET /how-to-become-a-voice-over-artist/ HTTP/1.1" 200 17547 "-" "Mozilla/5.0 (compatible; Barkrowler/0.9; +https://babbar.tech/crawler)"
198.54.114.83 - - [16/Apr/2025:06:51:47 -0400] "POST /wp-cron.php?doing_wp_cron=1744800706.1128799915313720703125 HTTP/1.1" 200 0 "-" "WordPress/6.8; https://shahmeenaindustry.com"
154.54.249.194 - - [16/Apr/2025:06:51:45 -0400] "GET /how-to-cut-a-video-on-iphone/ HTTP/1.1" 200 19254 "-" "Mozilla/5.0 (compatible; Barkrowler/0.9; +https://babbar.tech/crawler)"
54.36.149.38 - - [16/Apr/2025:06:52:04 -0400] "GET /star-plus-plumbing/feed/ HTTP/1.1" 200 382 "-" "Mozilla/5.0 (compatible; AhrefsBot/7.0; +http://ahrefs.com/robot/)"
154.54.249.194 - - [16/Apr/2025:06:52:07 -0400] "GET /how-to-find-a-caregiver/feed/ HTTP/1.1" 200 390 "-" "Mozilla/5.0 (compatible; Barkrowler/0.9; +https://babbar.tech/crawler)"
217.113.194.16 - - [16/Apr/2025:06:52:27 -0400] "GET /how-to-find-a-caregivers/ HTTP/1.1" 200 17428 "-" "Mozilla/5.0 (compatible; Barkrowler/0.9; +https://babbar.tech/crawler)"
198.54.114.83 - - [16/Apr/2025:06:52:48 -0400] "POST /wp-cron.php?doing_wp_cron=1744800767.6349730491638183593750 HTTP/1.1" 200 0 "-" "WordPress/6.8; https://shahmeenaindustry.com"
217.113.194.20 - - [16/Apr/2025:06:52:47 -0400] "GET /how-to-find-a-chiropractor/feed/ HTTP/1.1" 200 394 "-" "Mozilla/5.0 (compatible; Barkrowler/0.9; +https://babbar.tech/crawler)"
217.113.194.14 - - [16/Apr/2025:06:53:07 -0400] "GET /how-to-play-pokemon-cards/feed/ HTTP/1.1" 200 394 "-" "Mozilla/5.0 (compatible; Barkrowler/0.9; +https://babbar.tech/crawler)"
217.113.194.15 - - [16/Apr/2025:06:53:26 -0400] "GET /how-to-screen-record-iphone-13/ HTTP/1.1" 200 19154 "-" "Mozilla/5.0 (compatible; Barkrowler/0.9; +https://babbar.tech/crawler)"
54.36.149.10 - - [16/Apr/2025:06:53:36 -0400] "GET /weekday-betting-shop-closing-times-near-me/feed/ HTTP/1.1" 304 0 "-" "Mozilla/5.0 (compatible; AhrefsBot/7.0; +http://ahrefs.com/robot/)"
198.54.114.83 - - [16/Apr/2025:06:53:50 -0400] "POST /wp-cron.php?doing_wp_cron=1744800828.2914850711822509765625 HTTP/1.1" 200 0 "-" "WordPress/6.8; https://shahmeenaindustry.com"
217.113.194.15 - - [16/Apr/2025:06:53:47 -0400] "GET /how-to-change-macbook-name/ HTTP/1.1" 200 18751 "-" "Mozilla/5.0 (compatible; Barkrowler/0.9; +https://babbar.tech/crawler)"
217.113.194.21 - - [16/Apr/2025:06:54:11 -0400] "GET /how-to-change-language-in-google/ HTTP/1.1" 200 18705 "-" "Mozilla/5.0 (compatible; Barkrowler/0.9; +https://babbar.tech/crawler)"
2a03:2880:f800:1a:: - - [16/Apr/2025:06:54:30 -0400] "GET /wp-json/wp/v2/posts/135 HTTP/1.1" 200 12852 "-" "meta-externalagent/1.1 (+https://developers.facebook.com/docs/sharing/webmasters/crawler)"
217.113.194.14 - - [16/Apr/2025:06:54:32 -0400] "GET /how-to-change-memoji/feed/ HTTP/1.1" 200 386 "-" "Mozilla/5.0 (compatible; Barkrowler/0.9; +https://babbar.tech/crawler)"
198.54.114.83 - - [16/Apr/2025:06:54:52 -0400] "POST /wp-cron.php?doing_wp_cron=1744800891.7262909412384033203125 HTTP/1.1" 200 0 "-" "WordPress/6.8; https://shahmeenaindustry.com"
217.113.194.16 - - [16/Apr/2025:06:54:51 -0400] "GET /postpartum-repair/feed/ HTTP/1.1" 200 375 "-" "Mozilla/5.0 (compatible; Barkrowler/0.9; +https://babbar.tech/crawler)"
2a03:2880:f800:5:: - - [16/Apr/2025:06:54:51 -0400] "GET /custom-material-handbags-incredible-gifts-for-educators/ HTTP/1.1" 200 19801 "-" "meta-externalagent/1.1 (+https://developers.facebook.com/docs/sharing/webmasters/crawler)"
198.54.114.83 - - [16/Apr/2025:06:54:55 -0400] "POST /wp-admin/admin-ajax.php?action=async_litespeed&nonce=3Gd6oyI0wIbpgAVID8rr2Iu0S8nrhRTi&litespeed_type=imgoptm HTTP/1.1" 200 0 "-" "WordPress/6.8; https://shahmeenaindustry.com"
54.36.148.27 - - [16/Apr/2025:06:55:04 -0400] "GET /conventional-and-non-conventional-types-of-mortgage-loans/feed/ HTTP/1.1" 304 0 "-" "Mozilla/5.0 (compatible; AhrefsBot/7.0; +http://ahrefs.com/robot/)"
154.54.249.194 - - [16/Apr/2025:06:55:12 -0400] "GET /edit-iphone-home-screen/ HTTP/1.1" 200 21903 "-" "Mozilla/5.0 (compatible; Barkrowler/0.9; +https://babbar.tech/crawler)"
217.113.194.16 - - [16/Apr/2025:06:55:34 -0400] "GET /edit-iphone-home-screen/feed/ HTTP/1.1" 200 403 "-" "Mozilla/5.0 (compatible; Barkrowler/0.9; +https://babbar.tech/crawler)"
198.54.114.83 - - [16/Apr/2025:06:55:38 -0400] "POST /wp-cron.php?doing_wp_cron=1744800935.0301868915557861328125 HTTP/1.1" 200 0 "-" "WordPress/6.8; https://shahmeenaindustry.com"
217.113.194.15 - - [16/Apr/2025:06:55:55 -0400] "GET /sale-on-michael-kors-bags/ HTTP/1.1" 200 18231 "-" "Mozilla/5.0 (compatible; Barkrowler/0.9; +https://babbar.tech/crawler)"
154.54.249.194 - - [16/Apr/2025:06:56:17 -0400] "GET /types-of-diamond-paste/ HTTP/1.1" 200 17999 "-" "Mozilla/5.0 (compatible; Barkrowler/0.9; +https://babbar.tech/crawler)"
217.113.194.19 - - [16/Apr/2025:06:56:37 -0400] "GET /vanilla-box-gewerbeimmobilien/ HTTP/1.1" 200 18329 "-" "Mozilla/5.0 (compatible; Barkrowler/0.9; +https://babbar.tech/crawler)"
198.54.114.83 - - [16/Apr/2025:06:56:57 -0400] "POST /wp-cron.php?doing_wp_cron=1744801016.9250190258026123046875 HTTP/1.1" 200 0 "-" "WordPress/6.8; https://shahmeenaindustry.com"
198.54.114.83 - - [16/Apr/2025:06:56:58 -0400] "POST /wp-admin/admin-ajax.php?action=async_litespeed&nonce=FJATeJ8eE7BssqnnJqiSOjQKXDqPgXEC&litespeed_type=imgoptm HTTP/1.1" 200 0 "-" "WordPress/6.8; https://shahmeenaindustry.com"
217.113.194.21 - - [16/Apr/2025:06:56:56 -0400] "GET /iphone-lock-screen-notifications/ HTTP/1.1" 200 18894 "-" "Mozilla/5.0 (compatible; Barkrowler/0.9; +https://babbar.tech/crawler)"
217.113.194.20 - - [16/Apr/2025:06:57:17 -0400] "GET /the-evolution-of-entertainment/ HTTP/1.1" 200 17601 "-" "Mozilla/5.0 (compatible; Barkrowler/0.9; +https://babbar.tech/crawler)"
2a03:2880:f800:3:: - - [16/Apr/2025:06:57:24 -0400] "GET /?p=2929 HTTP/1.1" 301 0 "-" "meta-externalagent/1.1 (+https://developers.facebook.com/docs/sharing/webmasters/crawler)"
150.109.117.52 - - [16/Apr/2025:06:57:28 -0400] "GET /replacement-norcold-refrigerator-parts/ HTTP/1.1" 200 17607 "-" "Python/3.10 aiohttp/3.10.5"
198.54.114.83 - - [16/Apr/2025:06:57:40 -0400] "POST /wp-cron.php?doing_wp_cron=1744801058.9166550636291503906250 HTTP/1.1" 200 0 "-" "WordPress/6.8; https://shahmeenaindustry.com"
217.113.194.13 - - [16/Apr/2025:06:57:38 -0400] "GET /the-socks-factory-process/feed/ HTTP/1.1" 200 390 "-" "Mozilla/5.0 (compatible; Barkrowler/0.9; +https://babbar.tech/crawler)"
217.113.194.12 - - [16/Apr/2025:06:57:58 -0400] "GET /what-is-utility-management/feed/ HTTP/1.1" 200 385 "-" "Mozilla/5.0 (compatible; Barkrowler/0.9; +https://babbar.tech/crawler)"
217.113.194.13 - - [16/Apr/2025:06:58:19 -0400] "GET /what-is-a-gaming-keyboard/ HTTP/1.1" 200 17432 "-" "Mozilla/5.0 (compatible; Barkrowler/0.9; +https://babbar.tech/crawler)"
217.113.194.16 - - [16/Apr/2025:06:58:39 -0400] "GET /what-is-a-gaming-keyboard/feed/ HTTP/1.1" 200 396 "-" "Mozilla/5.0 (compatible; Barkrowler/0.9; +https://babbar.tech/crawler)"
198.54.114.83 - - [16/Apr/2025:06:58:42 -0400] "POST /wp-cron.php?doing_wp_cron=1744801119.8788809776306152343750 HTTP/1.1" 200 0 "-" "WordPress/6.8; https://shahmeenaindustry.com"
217.113.194.16 - - [16/Apr/2025:06:59:02 -0400] "GET /what-is-a-crypto-mixer/ HTTP/1.1" 200 17707 "-" "Mozilla/5.0 (compatible; Barkrowler/0.9; +https://babbar.tech/crawler)"
217.113.194.12 - - [16/Apr/2025:06:59:24 -0400] "GET /what-is-backend-development/ HTTP/1.1" 200 17498 "-" "Mozilla/5.0 (compatible; Barkrowler/0.9; +https://babbar.tech/crawler)"
217.113.194.13 - - [16/Apr/2025:06:59:43 -0400] "GET /you-acquire-from-youtube/ HTTP/1.1" 200 18273 "-" "Mozilla/5.0 (compatible; Barkrowler/0.9; +https://babbar.tech/crawler)"
198.54.114.83 - - [16/Apr/2025:07:00:05 -0400] "POST /wp-cron.php?doing_wp_cron=1744801203.4814341068267822265625 HTTP/1.1" 200 0 "-" "WordPress/6.8; https://shahmeenaindustry.com"
217.113.194.20 - - [16/Apr/2025:07:00:01 -0400] "GET /you-acquire-from-youtube/feed/ HTTP/1.1" 200 396 "-" "Mozilla/5.0 (compatible; Barkrowler/0.9; +https://babbar.tech/crawler)"
217.113.194.15 - - [16/Apr/2025:07:00:29 -0400] "GET /meilleur-katana-a-vendre/ HTTP/1.1" 200 17862 "-" "Mozilla/5.0 (compatible; Barkrowler/0.9; +https://babbar.tech/crawler)"
217.113.194.12 - - [16/Apr/2025:07:00:50 -0400] "GET /meilleur-katana-a-vendre/feed/ HTTP/1.1" 200 392 "-" "Mozilla/5.0 (compatible; Barkrowler/0.9; +https://babbar.tech/crawler)"
198.54.114.83 - - [16/Apr/2025:07:01:15 -0400] "POST /wp-cron.php?doing_wp_cron=1744801273.2644929885864257812500 HTTP/1.1" 200 0 "-" "WordPress/6.8; https://shahmeenaindustry.com"
217.113.194.16 - - [16/Apr/2025:07:01:13 -0400] "GET /medical-beauty-and-skin-care/ HTTP/1.1" 200 17639 "-" "Mozilla/5.0 (compatible; Barkrowler/0.9; +https://babbar.tech/crawler)"
2001:41d0:303:422d::1 - - [16/Apr/2025:07:01:29 -0400] "GET /how-to-turn-off-your-iphone-12-pro-max/ HTTP/1.1" 200 18638 "-" "Mozilla/5.0 (compatible; MJ12bot/v1.4.8; http://mj12bot.com/)"
2001:41d0:303:422d::1 - - [16/Apr/2025:07:01:36 -0400] "GET /how-to-turn-pictures-into-pdf-on-your-iphone/feed/ HTTP/1.1" 200 426 "-" "Mozilla/5.0 (compatible; MJ12bot/v1.4.8; http://mj12bot.com/)"
217.113.194.12 - - [16/Apr/2025:07:01:36 -0400] "GET /revolutionizing-computing/ HTTP/1.1" 200 17660 "-" "Mozilla/5.0 (compatible; Barkrowler/0.9; +https://babbar.tech/crawler)"
217.113.194.15 - - [16/Apr/2025:07:01:58 -0400] "GET /revolutionizing-computing/feed/ HTTP/1.1" 200 382 "-" "Mozilla/5.0 (compatible; Barkrowler/0.9; +https://babbar.tech/crawler)"
198.54.114.83 - - [16/Apr/2025:07:02:19 -0400] "POST /wp-cron.php?doing_wp_cron=1744801338.3574559688568115234375 HTTP/1.1" 200 0 "-" "WordPress/6.8; https://shahmeenaindustry.com"
217.113.194.16 - - [16/Apr/2025:07:02:17 -0400] "GET /investing-in-property-rentals/feed/ HTTP/1.1" 200 393 "-" "Mozilla/5.0 (compatible; Barkrowler/0.9; +https://babbar.tech/crawler)"
2a03:2880:f800:19:: - - [16/Apr/2025:07:02:34 -0400] "GET /professionelle-umzugsunternehmen-in-hamburg-fur-ihren-stressfreien-umzug/feed/ HTTP/1.1" 200 437 "-" "meta-externalagent/1.1 (+https://developers.facebook.com/docs/sharing/webmasters/crawler)"
154.54.249.194 - - [16/Apr/2025:07:02:38 -0400] "GET /category/activity/page/117/ HTTP/1.1" 200 16761 "-" "Mozilla/5.0 (compatible; Barkrowler/0.9; +https://babbar.tech/crawler)"
217.113.194.19 - - [16/Apr/2025:07:02:59 -0400] "GET /category/activity/page/118/ HTTP/1.1" 200 16797 "-" "Mozilla/5.0 (compatible; Barkrowler/0.9; +https://babbar.tech/crawler)"
217.113.194.12 - - [16/Apr/2025:07:03:21 -0400] "GET /category/activity/page/121/ HTTP/1.1" 200 16612 "-" "Mozilla/5.0 (compatible; Barkrowler/0.9; +https://babbar.tech/crawler)"
198.54.114.83 - - [16/Apr/2025:07:03:23 -0400] "POST /wp-cron.php?doing_wp_cron=1744801401.8839490413665771484375 HTTP/1.1" 200 0 "-" "WordPress/6.8; https://shahmeenaindustry.com"
217.113.194.13 - - [16/Apr/2025:07:03:44 -0400] "GET /real-estate-videography/feed/ HTTP/1.1" 200 384 "-" "Mozilla/5.0 (compatible; Barkrowler/0.9; +https://babbar.tech/crawler)"
217.113.194.20 - - [16/Apr/2025:07:04:03 -0400] "GET /flathead-lake-boat-tours/ HTTP/1.1" 200 18361 "-" "Mozilla/5.0 (compatible; Barkrowler/0.9; +https://babbar.tech/crawler)"
54.36.149.47 - - [16/Apr/2025:07:04:22 -0400] "GET /orchard-sophia-developer-a-sanctuary-of-serenity/feed/ HTTP/1.1" 200 426 "-" "Mozilla/5.0 (compatible; AhrefsBot/7.0; +http://ahrefs.com/robot/)"
198.54.114.83 - - [16/Apr/2025:07:04:24 -0400] "POST /wp-cron.php?doing_wp_cron=1744801462.6016950607299804687500 HTTP/1.1" 200 0 "-" "WordPress/6.8; https://shahmeenaindustry.com"
217.113.194.12 - - [16/Apr/2025:07:04:27 -0400] "GET /syndrome-de-legius/ HTTP/1.1" 200 17920 "-" "Mozilla/5.0 (compatible; Barkrowler/0.9; +https://babbar.tech/crawler)"
217.113.194.16 - - [16/Apr/2025:07:04:48 -0400] "GET /best-cbd-for-sleep-uk/ HTTP/1.1" 200 18302 "-" "Mozilla/5.0 (compatible; Barkrowler/0.9; +https://babbar.tech/crawler)"
217.113.194.15 - - [16/Apr/2025:07:05:08 -0400] "GET /ppr-pipe-manufacturers/ HTTP/1.1" 200 17597 "-" "Mozilla/5.0 (compatible; Barkrowler/0.9; +https://babbar.tech/crawler)"
198.54.114.83 - - [16/Apr/2025:07:05:32 -0400] "POST /wp-cron.php?doing_wp_cron=1744801528.7474460601806640625000 HTTP/1.1" 200 0 "-" "WordPress/6.8; https://shahmeenaindustry.com"
217.113.194.16 - - [16/Apr/2025:07:05:28 -0400] "GET /ppr-pipes-and-fittings/ HTTP/1.1" 200 17495 "-" "Mozilla/5.0 (compatible; Barkrowler/0.9; +https://babbar.tech/crawler)"
217.113.194.13 - - [16/Apr/2025:07:05:54 -0400] "GET /where-to-buy-youtube-likes/feed/ HTTP/1.1" 200 400 "-" "Mozilla/5.0 (compatible; Barkrowler/0.9; +https://babbar.tech/crawler)"
217.113.194.13 - - [16/Apr/2025:07:06:18 -0400] "GET /fire-fighting-water-gun/feed/ HTTP/1.1" 200 394 "-" "Mozilla/5.0 (compatible; Barkrowler/0.9; +https://babbar.tech/crawler)"
217.113.194.15 - - [16/Apr/2025:07:06:40 -0400] "GET /wholesale-leather-handbags/ HTTP/1.1" 200 17484 "-" "Mozilla/5.0 (compatible; Barkrowler/0.9; +https://babbar.tech/crawler)"
198.54.114.83 - - [16/Apr/2025:07:07:01 -0400] "POST /wp-cron.php?doing_wp_cron=1744801618.9851760864257812500000 HTTP/1.1" 200 0 "-" "WordPress/6.8; https://shahmeenaindustry.com"
217.113.194.14 - - [16/Apr/2025:07:06:58 -0400] "GET /vine-leaves-wrapped/ HTTP/1.1" 200 17867 "-" "Mozilla/5.0 (compatible; Barkrowler/0.9; +https://babbar.tech/crawler)"
217.113.194.13 - - [16/Apr/2025:07:07:21 -0400] "GET /examples-of-the-continuum/feed/ HTTP/1.1" 200 389 "-" "Mozilla/5.0 (compatible; Barkrowler/0.9; +https://babbar.tech/crawler)"
185.191.171.10 - - [16/Apr/2025:07:07:33 -0400] "GET /page/108/ HTTP/1.1" 200 16551 "-" "Mozilla/5.0 (compatible; SemrushBot/7~bl; +http://www.semrush.com/bot.html)"
217.113.194.21 - - [16/Apr/2025:07:07:43 -0400] "GET /star-plus-plumbing/feed/ HTTP/1.1" 200 382 "-" "Mozilla/5.0 (compatible; Barkrowler/0.9; +https://babbar.tech/crawler)"
54.36.148.214 - - [16/Apr/2025:07:08:02 -0400] "GET /category/how-to/ HTTP/1.1" 200 16150 "-" "Mozilla/5.0 (compatible; AhrefsBot/7.0; +http://ahrefs.com/robot/)"
91.188.254.186 - - [16/Apr/2025:07:08:03 -0400] "GET /solar-energy-solutions/ HTTP/1.1" 200 17435 "-" "Mozilla/5.0 (Macintosh; Intel Mac OS X 12_5) AppleWebKit/605.1.15 (KHTML, like Gecko) Version/15.4 Safari/605.1.15"
198.54.114.83 - - [16/Apr/2025:07:08:04 -0400] "POST /wp-cron.php?doing_wp_cron=1744801682.8848440647125244140625 HTTP/1.1" 200 0 "-" "WordPress/6.8; https://shahmeenaindustry.com"
198.54.114.83 - - [16/Apr/2025:07:08:04 -0400] "POST /wp-cron.php?doing_wp_cron=1744801682.9491209983825683593750 HTTP/1.1" 200 0 "-" "WordPress/6.8; https://shahmeenaindustry.com"
104.168.92.119 - - [16/Apr/2025:07:08:02 -0400] "GET /why-choose-a-serviced-office-in-qatar HTTP/1.1" 301 0 "-" "Mozilla/5.0 (Windows NT 10.0; Win64; x64) AppleWebKit/537.36 (KHTML, like Gecko) Chrome/114.0.0.0 YaBrowser/22.7.0 Yowser/2.5 Safari/537.36"
217.113.194.18 - - [16/Apr/2025:07:08:02 -0400] "GET /hydraulic-cutting-machine/ HTTP/1.1" 200 18015 "-" "Mozilla/5.0 (compatible; Barkrowler/0.9; +https://babbar.tech/crawler)"
104.168.92.119 - - [16/Apr/2025:07:08:07 -0400] "GET /why-choose-a-serviced-office-in-qatar/ HTTP/1.1" 200 18042 "https://shahmeenaindustry.com/why-choose-a-serviced-office-in-qatar" "Mozilla/5.0 (Windows NT 10.0; Win64; x64) AppleWebKit/537.36 (KHTML, like Gecko) Chrome/114.0.0.0 YaBrowser/22.7.0 Yowser/2.5 Safari/537.36"
91.188.254.186 - - [16/Apr/2025:07:08:06 -0400] "POST /wp-comments-post.php HTTP/1.1" 302 0 "https://shahmeenaindustry.com/solar-energy-solutions/" "Mozilla/5.0 (Macintosh; Intel Mac OS X 12_5) AppleWebKit/605.1.15 (KHTML, like Gecko) Version/15.4 Safari/605.1.15"
119.28.3.194 - - [16/Apr/2025:07:08:07 -0400] "GET /the-importance-of-real-estate-photography/ HTTP/1.1" 200 19325 "-" "Python/3.10 aiohttp/3.10.5"
104.168.92.119 - - [16/Apr/2025:07:08:17 -0400] "GET /category/sign-up/ HTTP/1.1" 200 14832 "https://shahmeenaindustry.com/why-choose-a-serviced-office-in-qatar/" "Mozilla/5.0 (Windows NT 6.3; Win64; x64) AppleWebKit/537.36 (KHTML, like Gecko) Chrome/103.0.0.0 Safari/537.36"
95.164.34.133 - - [16/Apr/2025:07:08:17 -0400] "GET /solar-energy-solutions/?unapproved=30839&moderation-hash=acae30aeb2ede1afd70269c59a7202e3 HTTP/1.1" 200 18205 "https://shahmeenaindustry.com/wp-comments-post.php" "Mozilla/5.0 (Macintosh; Intel Mac OS X 12_5) AppleWebKit/605.1.15 (KHTML, like Gecko) Version/15.4 Safari/605.1.15"
104.168.92.119 - - [16/Apr/2025:07:08:22 -0400] "GET /category/sign-up/ HTTP/1.1" 200 14832 "https://shahmeenaindustry.com/category/sign-up/" "Mozilla/5.0 (Windows NT 6.3; Win64; x64) AppleWebKit/537.36 (KHTML, like Gecko) Chrome/103.0.0.0 Safari/537.36"
91.188.254.186 - - [16/Apr/2025:07:08:28 -0400] "GET /solar-energy-solutions/ HTTP/1.1" 200 17435 "-" "Mozilla/5.0 (Macintosh; Intel Mac OS X 12_5) AppleWebKit/605.1.15 (KHTML, like Gecko) Version/15.4 Safari/605.1.15"
217.113.194.19 - - [16/Apr/2025:07:08:26 -0400] "GET /polson-boat-rentals/ HTTP/1.1" 200 18227 "-" "Mozilla/5.0 (compatible; Barkrowler/0.9; +https://babbar.tech/crawler)"
154.54.249.194 - - [16/Apr/2025:07:08:50 -0400] "GET /cake-disposable-carts/ HTTP/1.1" 200 17845 "-" "Mozilla/5.0 (compatible; Barkrowler/0.9; +https://babbar.tech/crawler)"
217.113.194.14 - - [16/Apr/2025:07:09:14 -0400] "GET /cancun-yacht-rental/feed/ HTTP/1.1" 200 384 "-" "Mozilla/5.0 (compatible; Barkrowler/0.9; +https://babbar.tech/crawler)"
198.54.114.83 - - [16/Apr/2025:07:09:18 -0400] "POST /wp-cron.php?doing_wp_cron=1744801755.2523410320281982421875 HTTP/1.1" 200 0 "-" "WordPress/6.8; https://shahmeenaindustry.com"
217.113.194.19 - - [16/Apr/2025:07:09:37 -0400] "GET /guardians-of-the-multiverse/ HTTP/1.1" 200 17527 "-" "Mozilla/5.0 (compatible; Barkrowler/0.9; +https://babbar.tech/crawler)"
54.36.149.17 - - [16/Apr/2025:07:09:54 -0400] "GET /fintecture-solution-for-goodies-pub/feed/ HTTP/1.1" 200 405 "-" "Mozilla/5.0 (compatible; AhrefsBot/7.0; +http://ahrefs.com/robot/)"
217.113.194.21 - - [16/Apr/2025:07:09:58 -0400] "GET /ev-charging-networks/ HTTP/1.1" 200 17487 "-" "Mozilla/5.0 (compatible; Barkrowler/0.9; +https://babbar.tech/crawler)"
217.113.194.15 - - [16/Apr/2025:07:10:21 -0400] "GET /what-are-audio-visual-solutions/feed/ HTTP/1.1" 200 403 "-" "Mozilla/5.0 (compatible; Barkrowler/0.9; +https://babbar.tech/crawler)"
198.54.114.83 - - [16/Apr/2025:07:10:25 -0400] "POST /wp-cron.php?doing_wp_cron=1744801821.7341120243072509765625 HTTP/1.1" 200 0 "-" "WordPress/6.8; https://shahmeenaindustry.com"
154.54.249.194 - - [16/Apr/2025:07:10:43 -0400] "GET /power-105-tennis-racket-review/ HTTP/1.1" 200 17848 "-" "Mozilla/5.0 (compatible; Barkrowler/0.9; +https://babbar.tech/crawler)"
217.113.194.13 - - [16/Apr/2025:07:11:04 -0400] "GET /top-10-bugatti-cars-for-sale/feed/ HTTP/1.1" 200 399 "-" "Mozilla/5.0 (compatible; Barkrowler/0.9; +https://babbar.tech/crawler)"
217.113.194.12 - - [16/Apr/2025:07:11:23 -0400] "GET /warmth-on-a-budget/feed/ HTTP/1.1" 200 409 "-" "Mozilla/5.0 (compatible; Barkrowler/0.9; +https://babbar.tech/crawler)"
198.54.114.83 - - [16/Apr/2025:07:11:27 -0400] "POST /wp-cron.php?doing_wp_cron=1744801884.4479749202728271484375 HTTP/1.1" 200 0 "-" "WordPress/6.8; https://shahmeenaindustry.com"
54.36.148.119 - - [16/Apr/2025:07:11:37 -0400] "GET /cultivating-engagement-and-growth/feed/ HTTP/1.1" 304 0 "-" "Mozilla/5.0 (compatible; AhrefsBot/7.0; +http://ahrefs.com/robot/)"
217.113.194.16 - - [16/Apr/2025:07:11:47 -0400] "GET /sorting-out-trusted-refrigerators/ HTTP/1.1" 200 18154 "-" "Mozilla/5.0 (compatible; Barkrowler/0.9; +https://babbar.tech/crawler)"
217.113.194.21 - - [16/Apr/2025:07:12:10 -0400] "GET /how-to-choose-the-best-massage-gun/ HTTP/1.1" 200 17514 "-" "Mozilla/5.0 (compatible; Barkrowler/0.9; +https://babbar.tech/crawler)"
217.113.194.15 - - [16/Apr/2025:07:12:31 -0400] "GET /how-to-choose-ergonomic-chairs/ HTTP/1.1" 200 17962 "-" "Mozilla/5.0 (compatible; Barkrowler/0.9; +https://babbar.tech/crawler)"
217.113.194.19 - - [16/Apr/2025:07:12:51 -0400] "GET /how-to-zoom-out-on-iphone/feed/ HTTP/1.1" 200 394 "-" "Mozilla/5.0 (compatible; Barkrowler/0.9; +https://babbar.tech/crawler)"
217.113.194.16 - - [16/Apr/2025:07:13:12 -0400] "GET /how-to-change-spotify-username/ HTTP/1.1" 200 19780 "-" "Mozilla/5.0 (compatible; Barkrowler/0.9; +https://babbar.tech/crawler)"
54.36.148.251 - - [16/Apr/2025:07:13:16 -0400] "GET /godetevi-una-vacanza-rilassante-al-lake-garda-relais/ HTTP/1.1" 200 17634 "-" "Mozilla/5.0 (compatible; AhrefsBot/7.0; +http://ahrefs.com/robot/)"
129.226.131.246 - - [16/Apr/2025:07:13:27 -0400] "GET /visa-as-customer-service/ HTTP/1.1" 200 17792 "-" "Python/3.10 aiohttp/3.10.5"
217.113.194.12 - - [16/Apr/2025:07:13:33 -0400] "GET /how-to-change-language-on-google/ HTTP/1.1" 200 18700 "-" "Mozilla/5.0 (compatible; Barkrowler/0.9; +https://babbar.tech/crawler)"
154.54.249.194 - - [16/Apr/2025:07:13:51 -0400] "GET /how-to-change-language-in-google/feed/ HTTP/1.1" 200 396 "-" "Mozilla/5.0 (compatible; Barkrowler/0.9; +https://babbar.tech/crawler)"
198.54.114.83 - - [16/Apr/2025:07:13:53 -0400] "POST /wp-cron.php?doing_wp_cron=1744802031.6954441070556640625000 HTTP/1.1" 200 0 "-" "WordPress/6.8; https://shahmeenaindustry.com"
2a03:2880:f800:19:: - - [16/Apr/2025:07:13:59 -0400] "GET /?p=2920 HTTP/1.1" 301 0 "-" "meta-externalagent/1.1 (+https://developers.facebook.com/docs/sharing/webmasters/crawler)"
217.113.194.17 - - [16/Apr/2025:07:14:12 -0400] "GET /how-to-find-an-emergency-dentist/ HTTP/1.1" 200 17610 "-" "Mozilla/5.0 (compatible; Barkrowler/0.9; +https://babbar.tech/crawler)"
217.113.194.15 - - [16/Apr/2025:07:14:31 -0400] "GET /how-to-play-todays-wordle/ HTTP/1.1" 200 17613 "-" "Mozilla/5.0 (compatible; Barkrowler/0.9; +https://babbar.tech/crawler)"
217.113.194.21 - - [16/Apr/2025:07:14:53 -0400] "GET /how-to-get-more-youtube-subscribers/ HTTP/1.1" 200 17451 "-" "Mozilla/5.0 (compatible; Barkrowler/0.9; +https://babbar.tech/crawler)"
54.36.148.165 - - [16/Apr/2025:07:15:08 -0400] "GET /category/activity/page/9/ HTTP/1.1" 200 16742 "-" "Mozilla/5.0 (compatible; AhrefsBot/7.0; +http://ahrefs.com/robot/)"
217.113.194.15 - - [16/Apr/2025:07:15:15 -0400] "GET /how-to-do-do-voiceovers/feed/ HTTP/1.1" 200 387 "-" "Mozilla/5.0 (compatible; Barkrowler/0.9; +https://babbar.tech/crawler)"
95.164.34.133 - - [16/Apr/2025:07:15:17 -0400] "GET /solar-energy-solutions/ HTTP/1.1" 200 17435 "-" "Mozilla/5.0 (Windows NT 10.0; WOW64) AppleWebKit/537.36 (KHTML, like Gecko) Chrome/114.0.0.0 YaBrowser/22.7.0 Yowser/2.5 Safari/537.36"
217.113.194.17 - - [16/Apr/2025:07:15:34 -0400] "GET /the-basics-of-us-screws/feed/ HTTP/1.1" 200 388 "-" "Mozilla/5.0 (compatible; Barkrowler/0.9; +https://babbar.tech/crawler)"
198.54.114.83 - - [16/Apr/2025:07:15:55 -0400] "POST /wp-cron.php?doing_wp_cron=1744802153.8672530651092529296875 HTTP/1.1" 200 0 "-" "WordPress/6.8; https://shahmeenaindustry.com"
217.113.194.17 - - [16/Apr/2025:07:15:53 -0400] "GET /get-iphone-screen-to-rotate/ HTTP/1.1" 200 22318 "-" "Mozilla/5.0 (compatible; Barkrowler/0.9; +https://babbar.tech/crawler)"
217.113.194.15 - - [16/Apr/2025:07:16:15 -0400] "GET /why-buy-youtube-social-shares/ HTTP/1.1" 200 18086 "-" "Mozilla/5.0 (compatible; Barkrowler/0.9; +https://babbar.tech/crawler)"
150.109.108.171 - - [16/Apr/2025:07:16:34 -0400] "GET /milestone-cards-for-bad-credit/ HTTP/1.1" 404 13766 "-" "Python/3.10 aiohttp/3.10.5"
217.113.194.16 - - [16/Apr/2025:07:16:36 -0400] "GET /a-natural-path-to-wellness/ HTTP/1.1" 200 17384 "-" "Mozilla/5.0 (compatible; Barkrowler/0.9; +https://babbar.tech/crawler)"
217.113.194.15 - - [16/Apr/2025:07:16:57 -0400] "GET /rechtsanwalt-hattingen/ HTTP/1.1" 200 17884 "-" "Mozilla/5.0 (compatible; Barkrowler/0.9; +https://babbar.tech/crawler)"
54.36.148.71 - - [16/Apr/2025:07:16:59 -0400] "GET /michael-kors-sales-bags/feed/ HTTP/1.1" 304 0 "-" "Mozilla/5.0 (compatible; AhrefsBot/7.0; +http://ahrefs.com/robot/)"
198.54.114.83 - - [16/Apr/2025:07:17:01 -0400] "POST /wp-cron.php?doing_wp_cron=1744802219.4062769412994384765625 HTTP/1.1" 200 0 "-" "WordPress/6.8; https://shahmeenaindustry.com"
2a03:2880:f800:14:: - - [16/Apr/2025:07:17:06 -0400] "GET /the-future-of-weddings-embracing-paperless-invitations-with-rsvp/feed/ HTTP/1.1" 200 433 "-" "meta-externalagent/1.1 (+https://developers.facebook.com/docs/sharing/webmasters/crawler)"
217.113.194.15 - - [16/Apr/2025:07:17:17 -0400] "GET /glutathione-injection/ HTTP/1.1" 200 17524 "-" "Mozilla/5.0 (compatible; Barkrowler/0.9; +https://babbar.tech/crawler)"
217.113.194.20 - - [16/Apr/2025:07:17:35 -0400] "GET /glutathione-injection/feed/ HTTP/1.1" 200 381 "-" "Mozilla/5.0 (compatible; Barkrowler/0.9; +https://babbar.tech/crawler)"
217.113.194.18 - - [16/Apr/2025:07:17:59 -0400] "GET /ma-prime-adapt-gouv/feed/ HTTP/1.1" 200 384 "-" "Mozilla/5.0 (compatible; Barkrowler/0.9; +https://babbar.tech/crawler)"
198.54.114.83 - - [16/Apr/2025:07:18:01 -0400] "POST /wp-cron.php?doing_wp_cron=1744802279.4736599922180175781250 HTTP/1.1" 200 0 "-" "WordPress/6.8; https://shahmeenaindustry.com"
217.113.194.12 - - [16/Apr/2025:07:18:18 -0400] "GET /a-new-era-in-gambling/ HTTP/1.1" 200 17426 "-" "Mozilla/5.0 (compatible; Barkrowler/0.9; +https://babbar.tech/crawler)"
2a03:2880:f800:6:: - - [16/Apr/2025:07:18:23 -0400] "GET /schnell-und-zuverlassig/ HTTP/1.1" 200 17462 "-" "meta-externalagent/1.1 (+https://developers.facebook.com/docs/sharing/webmasters/crawler)"
154.54.249.194 - - [16/Apr/2025:07:18:39 -0400] "GET /trade-and-travel-2-0-review/feed/ HTTP/1.1" 200 396 "-" "Mozilla/5.0 (compatible; Barkrowler/0.9; +https://babbar.tech/crawler)"
54.36.148.179 - - [16/Apr/2025:07:18:57 -0400] "GET /pokemon-kostume-die-glanzende-art-ihr-kind-strahlen-zu-lassen/feed/ HTTP/1.1" 200 461 "-" "Mozilla/5.0 (compatible; AhrefsBot/7.0; +http://ahrefs.com/robot/)"
217.113.194.13 - - [16/Apr/2025:07:19:01 -0400] "GET /typer-af-smykker/ HTTP/1.1" 200 17975 "-" "Mozilla/5.0 (compatible; Barkrowler/0.9; +https://babbar.tech/crawler)"
217.113.194.15 - - [16/Apr/2025:07:19:24 -0400] "GET /agence-medias-payants-paris/ HTTP/1.1" 200 17950 "-" "Mozilla/5.0 (compatible; Barkrowler/0.9; +https://babbar.tech/crawler)"
198.54.114.83 - - [16/Apr/2025:07:19:29 -0400] "POST /wp-cron.php?doing_wp_cron=1744802364.6415100097656250000000 HTTP/1.1" 200 0 "-" "WordPress/6.8; https://shahmeenaindustry.com"
217.113.194.13 - - [16/Apr/2025:07:19:47 -0400] "GET /agence-medias-payants-paris/feed/ HTTP/1.1" 200 400 "-" "Mozilla/5.0 (compatible; Barkrowler/0.9; +https://babbar.tech/crawler)"
217.113.194.16 - - [16/Apr/2025:07:20:16 -0400] "GET /types-of-air-rifles/ HTTP/1.1" 200 17432 "-" "Mozilla/5.0 (compatible; Barkrowler/0.9; +https://babbar.tech/crawler)"
185.121.234.211 - - [16/Apr/2025:07:20:42 -0400] "GET /cbd-shop-uk-review/ HTTP/1.1" 200 19420 "https://shahmeenaindustry.com/cbd-shop-uk-review/#comment-30578" "Mozilla/5.0 (Windows NT 10.0) AppleWebKit/537.36 (KHTML, like Gecko) Chrome/103.0.0.0 Safari/537.36"
217.113.194.13 - - [16/Apr/2025:07:20:42 -0400] "GET /rio-vacation-rentals-basic-rules/ HTTP/1.1" 200 19497 "-" "Mozilla/5.0 (compatible; Barkrowler/0.9; +https://babbar.tech/crawler)"
198.54.114.83 - - [16/Apr/2025:07:20:48 -0400] "POST /wp-cron.php?doing_wp_cron=1744802443.3068120479583740234375 HTTP/1.1" 200 0 "-" "WordPress/6.8; https://shahmeenaindustry.com"
185.121.234.211 - - [16/Apr/2025:07:20:47 -0400] "POST /wp-comments-post.php HTTP/1.1" 302 0 "https://shahmeenaindustry.com/cbd-shop-uk-review/#comment-30578" "Mozilla/5.0 (Windows NT 10.0) AppleWebKit/537.36 (KHTML, like Gecko) Chrome/103.0.0.0 Safari/537.36"
54.36.148.229 - - [16/Apr/2025:07:20:52 -0400] "GET /page/11/ HTTP/1.1" 200 16203 "-" "Mozilla/5.0 (compatible; AhrefsBot/7.0; +http://ahrefs.com/robot/)"
185.121.234.211 - - [16/Apr/2025:07:20:55 -0400] "GET /cbd-shop-uk-review/ HTTP/1.1" 200 20107 "https://shahmeenaindustry.com/cbd-shop-uk-review/#comment-30840" "Mozilla/5.0 (Windows NT 10.0) AppleWebKit/537.36 (KHTML, like Gecko) Chrome/103.0.0.0 Safari/537.36"
217.113.194.21 - - [16/Apr/2025:07:21:08 -0400] "GET /vanilla-box-gewerbeimmobilien/feed/ HTTP/1.1" 200 395 "-" "Mozilla/5.0 (compatible; Barkrowler/0.9; +https://babbar.tech/crawler)"
217.113.194.21 - - [16/Apr/2025:07:21:33 -0400] "GET /bedside-touch-lamps/ HTTP/1.1" 200 17981 "-" "Mozilla/5.0 (compatible; Barkrowler/0.9; +https://babbar.tech/crawler)"
217.113.194.17 - - [16/Apr/2025:07:21:54 -0400] "GET /bedside-touch-lamps/feed/ HTTP/1.1" 200 382 "-" "Mozilla/5.0 (compatible; Barkrowler/0.9; +https://babbar.tech/crawler)"
198.54.114.83 - - [16/Apr/2025:07:21:58 -0400] "POST /wp-cron.php?doing_wp_cron=1744802514.8762149810791015625000 HTTP/1.1" 200 0 "-" "WordPress/6.8; https://shahmeenaindustry.com"
217.113.194.21 - - [16/Apr/2025:07:22:17 -0400] "GET /pilou-pilou-homme/feed/ HTTP/1.1" 200 379 "-" "Mozilla/5.0 (compatible; Barkrowler/0.9; +https://babbar.tech/crawler)"
54.36.148.117 - - [16/Apr/2025:07:22:33 -0400] "GET /category/iphone/ HTTP/1.1" 200 15446 "-" "Mozilla/5.0 (compatible; AhrefsBot/7.0; +http://ahrefs.com/robot/)"
217.113.194.21 - - [16/Apr/2025:07:22:38 -0400] "GET /thailand-privilege-visa/ HTTP/1.1" 200 18332 "-" "Mozilla/5.0 (compatible; Barkrowler/0.9; +https://babbar.tech/crawler)"
217.113.194.15 - - [16/Apr/2025:07:23:03 -0400] "GET /thailand-privilege-visa/feed/ HTTP/1.1" 200 387 "-" "Mozilla/5.0 (compatible; Barkrowler/0.9; +https://babbar.tech/crawler)"
198.54.114.83 - - [16/Apr/2025:07:23:08 -0400] "POST /wp-cron.php?doing_wp_cron=1744802584.3040819168090820312500 HTTP/1.1" 200 0 "-" "WordPress/6.8; https://shahmeenaindustry.com"
217.113.194.19 - - [16/Apr/2025:07:23:28 -0400] "GET /the-myst-cdl-developer/ HTTP/1.1" 200 18013 "-" "Mozilla/5.0 (compatible; Barkrowler/0.9; +https://babbar.tech/crawler)"
217.113.194.15 - - [16/Apr/2025:07:23:54 -0400] "GET /what-is-a-link-shortener/ HTTP/1.1" 200 17392 "-" "Mozilla/5.0 (compatible; Barkrowler/0.9; +https://babbar.tech/crawler)"
54.36.148.126 - - [16/Apr/2025:07:24:16 -0400] "GET /custom-material-handbags-incredible-gifts-for-educators/ HTTP/1.1" 200 19801 "-" "Mozilla/5.0 (compatible; AhrefsBot/7.0; +http://ahrefs.com/robot/)"
2a03:2880:f800:6:: - - [16/Apr/2025:07:24:20 -0400] "GET /renover-votre-maison-les-etapes-cles/ HTTP/1.1" 200 17473 "-" "meta-externalagent/1.1 (+https://developers.facebook.com/docs/sharing/webmasters/crawler)"
217.113.194.12 - - [16/Apr/2025:07:24:20 -0400] "GET /city-concierge-cartagena/ HTTP/1.1" 200 18096 "-" "Mozilla/5.0 (compatible; Barkrowler/0.9; +https://babbar.tech/crawler)"
198.54.114.83 - - [16/Apr/2025:07:24:24 -0400] "POST /wp-cron.php?doing_wp_cron=1744802660.3507170677185058593750 HTTP/1.1" 200 0 "-" "WordPress/6.8; https://shahmeenaindustry.com"
217.113.194.15 - - [16/Apr/2025:07:24:44 -0400] "GET /the-separation-agreement-process/ HTTP/1.1" 200 17549 "-" "Mozilla/5.0 (compatible; Barkrowler/0.9; +https://babbar.tech/crawler)"
2a03:2880:f800:c:: - - [16/Apr/2025:07:25:12 -0400] "GET /revolutionizing-hvac-systems-the-duct-fabrication-machine/feed/ HTTP/1.1" 200 425 "-" "meta-externalagent/1.1 (+https://developers.facebook.com/docs/sharing/webmasters/crawler)"
217.113.194.16 - - [16/Apr/2025:07:25:13 -0400] "GET /quest-ce-quune-agence-web/ HTTP/1.1" 200 17942 "-" "Mozilla/5.0 (compatible; Barkrowler/0.9; +https://babbar.tech/crawler)"
217.113.194.13 - - [16/Apr/2025:07:25:38 -0400] "GET /funny-pickup-lines-for-girls/ HTTP/1.1" 200 17570 "-" "Mozilla/5.0 (compatible; Barkrowler/0.9; +https://babbar.tech/crawler)"
43.132.123.157 - - [16/Apr/2025:07:25:42 -0400] "GET /be-a-big-winner-with-online-poker/ HTTP/1.1" 200 18235 "-" "Python/3.10 aiohttp/3.10.5"
198.54.114.83 - - [16/Apr/2025:07:25:44 -0400] "POST /wp-cron.php?doing_wp_cron=1744802739.4395220279693603515625 HTTP/1.1" 200 0 "-" "WordPress/6.8; https://shahmeenaindustry.com"
54.36.148.79 - - [16/Apr/2025:07:26:01 -0400] "GET /deep-house-cleaning-services/ HTTP/1.1" 200 18769 "-" "Mozilla/5.0 (compatible; AhrefsBot/7.0; +http://ahrefs.com/robot/)"
217.113.194.21 - - [16/Apr/2025:07:26:01 -0400] "GET /crochets-muraux-decoratifs/ HTTP/1.1" 200 18059 "-" "Mozilla/5.0 (compatible; Barkrowler/0.9; +https://babbar.tech/crawler)"
217.113.194.21 - - [16/Apr/2025:07:26:23 -0400] "GET /mma-sparring-gloves/feed/ HTTP/1.1" 200 383 "-" "Mozilla/5.0 (compatible; Barkrowler/0.9; +https://babbar.tech/crawler)"
2a03:2880:f800:14:: - - [16/Apr/2025:07:26:24 -0400] "GET /wp-json/wp/v2/posts/2497 HTTP/1.1" 200 10950 "-" "meta-externalagent/1.1 (+https://developers.facebook.com/docs/sharing/webmasters/crawler)"
217.113.194.21 - - [16/Apr/2025:07:26:43 -0400] "GET /die-verkehrsbetriebe-luneburg/ HTTP/1.1" 200 17691 "-" "Mozilla/5.0 (compatible; Barkrowler/0.9; +https://babbar.tech/crawler)"
198.54.114.83 - - [16/Apr/2025:07:26:48 -0400] "POST /wp-cron.php?doing_wp_cron=1744802804.1347880363464355468750 HTTP/1.1" 200 0 "-" "WordPress/6.8; https://shahmeenaindustry.com"
217.113.194.13 - - [16/Apr/2025:07:27:08 -0400] "GET /medical-beauty-and-skin-care/feed/ HTTP/1.1" 200 397 "-" "Mozilla/5.0 (compatible; Barkrowler/0.9; +https://babbar.tech/crawler)"
217.113.194.12 - - [16/Apr/2025:07:27:27 -0400] "GET /why-you-should-buy-youtube-views/ HTTP/1.1" 200 17551 "-" "Mozilla/5.0 (compatible; Barkrowler/0.9; +https://babbar.tech/crawler)"
217.113.194.16 - - [16/Apr/2025:07:27:49 -0400] "GET /the-best-dad-jokes/feed/ HTTP/1.1" 200 385 "-" "Mozilla/5.0 (compatible; Barkrowler/0.9; +https://babbar.tech/crawler)"
198.54.114.83 - - [16/Apr/2025:07:27:52 -0400] "POST /wp-cron.php?doing_wp_cron=1744802870.0148770809173583984375 HTTP/1.1" 200 0 "-" "WordPress/6.8; https://shahmeenaindustry.com"
