44.215.235.20 - - [15/Apr/2025:04:56:18 -0400] "GET /online-sports-betting/ HTTP/1.1" 200 18667 "-" "Mozilla/5.0 AppleWebKit/537.36 (KHTML, like Gecko; compatible; Amazonbot/0.1; +https://developer.amazon.com/support/amazonbot) Chrome/119.0.6045.214 Safari/537.36"
198.54.114.83 - - [15/Apr/2025:04:57:29 -0400] "POST /wp-cron.php?doing_wp_cron=1744707449.1827189922332763671875 HTTP/1.1" 200 0 "-" "WordPress/6.7.2; https://shahmeenaindustry.com"
198.54.114.83 - - [15/Apr/2025:04:57:30 -0400] "POST /wp-admin/admin-ajax.php?action=async_litespeed&nonce=s9DmaJ5vugIqlRJJh1QieeS02QwoAHgo&litespeed_type=imgoptm HTTP/1.1" 200 0 "-" "WordPress/6.7.2; https://shahmeenaindustry.com"
43.132.134.51 - - [15/Apr/2025:04:57:28 -0400] "GET /the-myst-cdl-developer/ HTTP/1.1" 200 17793 "-" "Python/3.10 aiohttp/3.10.5"
198.54.114.83 - - [15/Apr/2025:04:57:32 -0400] "POST /wp-cron.php?doing_wp_cron=1744707451.5109870433807373046875 HTTP/1.1" 200 0 "-" "WordPress/6.7.2; https://shahmeenaindustry.com"
198.54.114.83 - - [15/Apr/2025:04:57:33 -0400] "POST /wp-admin/admin-ajax.php?action=async_litespeed&nonce=hewc9XzWEjRDFVnXHlpunR9wAWm16lGN&litespeed_type=imgoptm HTTP/1.1" 200 5 "-" "WordPress/6.7.2; https://shahmeenaindustry.com"
198.54.114.83 - - [15/Apr/2025:04:58:57 -0400] "POST /wp-cron.php?doing_wp_cron=1744707535.4945969581604003906250 HTTP/1.1" 200 0 "-" "WordPress/6.7.2; https://shahmeenaindustry.com"
54.36.148.159 - - [15/Apr/2025:04:58:54 -0400] "GET /cheap-boat-rental-in-tulum/ HTTP/1.1" 200 17242 "-" "Mozilla/5.0 (compatible; AhrefsBot/7.0; +http://ahrefs.com/robot/)"
47.79.213.50 - - [15/Apr/2025:05:00:05 -0400] "GET / HTTP/1.1" 200 18257 "https://www.google.com/" "Mozilla/5.0 (Linux; Android 10; K) AppleWebKit/537.36 (KHTML, like Gecko) Chrome/132.0.0.0 Safari/537.36"
198.54.114.83 - - [15/Apr/2025:05:00:10 -0400] "POST /wp-cron.php?doing_wp_cron=1744707606.3312859535217285156250 HTTP/1.1" 200 0 "-" "WordPress/6.7.2; https://shahmeenaindustry.com"
198.54.114.83 - - [15/Apr/2025:05:02:01 -0400] "POST /wp-cron.php?doing_wp_cron=1744707720.8434529304504394531250 HTTP/1.1" 200 0 "-" "WordPress/6.7.2; https://shahmeenaindustry.com"
54.36.148.138 - - [15/Apr/2025:05:01:55 -0400] "GET /custom-material-handbags-incredible-gifts-for-educators/feed/ HTTP/1.1" 304 0 "-" "Mozilla/5.0 (compatible; AhrefsBot/7.0; +http://ahrefs.com/robot/)"
198.54.114.83 - - [15/Apr/2025:05:02:01 -0400] "POST /wp-admin/admin-ajax.php?action=async_litespeed&nonce=4bn26JcS8t5j6tYYZ5WGORM4P9jo1DNX&litespeed_type=imgoptm HTTP/1.1" 200 0 "-" "WordPress/6.7.2; https://shahmeenaindustry.com"
198.54.114.83 - - [15/Apr/2025:05:03:10 -0400] "POST /wp-cron.php?doing_wp_cron=1744707790.4360280036926269531250 HTTP/1.1" 200 0 "-" "WordPress/6.7.2; https://shahmeenaindustry.com"
66.249.64.97 - - [15/Apr/2025:05:03:10 -0400] "GET /unlocking-the-potential-of-live-transfer-leads/feed/ HTTP/1.1" 200 420 "-" "Mozilla/5.0 (Linux; Android 6.0.1; Nexus 5X Build/MMB29P) AppleWebKit/537.36 (KHTML, like Gecko) Chrome/135.0.7049.84 Mobile Safari/537.36 (compatible; Googlebot/2.1; +http://www.google.com/bot.html)"
198.54.114.83 - - [15/Apr/2025:05:03:11 -0400] "POST /wp-admin/admin-ajax.php?action=async_litespeed&nonce=WaVOGmwCj9riZzC9TggnsvP6FsbvUCpY&litespeed_type=imgoptm HTTP/1.1" 200 0 "-" "WordPress/6.7.2; https://shahmeenaindustry.com"
198.54.114.83 - - [15/Apr/2025:05:05:05 -0400] "POST /wp-cron.php?doing_wp_cron=1744707903.8671500682830810546875 HTTP/1.1" 200 0 "-" "WordPress/6.7.2; https://shahmeenaindustry.com"
54.36.149.59 - - [15/Apr/2025:05:04:58 -0400] "GET /significant-clinic-offices-in-melbourne/feed/ HTTP/1.1" 304 0 "-" "Mozilla/5.0 (compatible; AhrefsBot/7.0; +http://ahrefs.com/robot/)"
103.87.142.24 - - [15/Apr/2025:05:05:34 -0400] "GET /star-plus-plumbing/ HTTP/1.1" 200 17409 "-" "Mozilla/5.0 (X11; Linux x86_64) AppleWebKit/537.36 (KHTML, like Gecko) Chrome/114.0.0.0 Safari/537.36 OPR/89.0.4447.51"
103.87.142.24 - - [15/Apr/2025:05:05:44 -0400] "GET /category/sign-up/ HTTP/1.1" 200 14604 "https://shahmeenaindustry.com/star-plus-plumbing/" "Mozilla/5.0 (Windows NT 6.3; Win64; x64) AppleWebKit/537.36 (KHTML, like Gecko) Chrome/103.0.0.0 Safari/537.36"
103.87.142.24 - - [15/Apr/2025:05:05:46 -0400] "GET /category/sign-up/ HTTP/1.1" 200 14604 "https://shahmeenaindustry.com/category/sign-up/" "Mozilla/5.0 (Windows NT 6.3; Win64; x64) AppleWebKit/537.36 (KHTML, like Gecko) Chrome/103.0.0.0 Safari/537.36"
103.87.142.24 - - [15/Apr/2025:05:05:47 -0400] "GET /star-plus-plumbing/ HTTP/1.1" 200 17409 "https://shahmeenaindustry.com/star-plus-plumbing/" "Mozilla/5.0 (Windows NT 6.3; Win64; x64) AppleWebKit/537.36 (KHTML, like Gecko) Chrome/103.0.0.0 Safari/537.36"
103.87.142.24 - - [15/Apr/2025:05:05:49 -0400] "POST /wp-comments-post.php HTTP/1.1" 302 0 "https://shahmeenaindustry.com/star-plus-plumbing/" "Mozilla/5.0 (Windows NT 6.3; Win64; x64) AppleWebKit/537.36 (KHTML, like Gecko) Chrome/103.0.0.0 Safari/537.36"
103.87.142.24 - - [15/Apr/2025:05:05:52 -0400] "GET /star-plus-plumbing/?unapproved=30773&moderation-hash=cf55d0744d4d5a7a2abb73ccee1c4015 HTTP/1.1" 200 18026 "https://shahmeenaindustry.com/wp-comments-post.php" "Mozilla/5.0 (Windows NT 6.3; Win64; x64) AppleWebKit/537.36 (KHTML, like Gecko) Chrome/103.0.0.0 Safari/537.36"
103.87.142.24 - - [15/Apr/2025:05:05:56 -0400] "GET /star-plus-plumbing/ HTTP/1.1" 200 17409 "-" "Mozilla/5.0 (Windows NT 6.3; Win64; x64) AppleWebKit/537.36 (KHTML, like Gecko) Chrome/103.0.0.0 Safari/537.36"
198.54.114.83 - - [15/Apr/2025:05:07:00 -0400] "POST /wp-cron.php?doing_wp_cron=1744708019.1840939521789550781250 HTTP/1.1" 200 0 "-" "WordPress/6.7.2; https://shahmeenaindustry.com"
66.249.64.98 - - [15/Apr/2025:05:06:58 -0400] "GET /relais-sul-lago-di-garda/feed/ HTTP/1.1" 200 397 "-" "Mozilla/5.0 (Linux; Android 6.0.1; Nexus 5X Build/MMB29P) AppleWebKit/537.36 (KHTML, like Gecko) Chrome/135.0.7049.84 Mobile Safari/537.36 (compatible; Googlebot/2.1; +http://www.google.com/bot.html)"
66.249.64.96 - - [15/Apr/2025:05:07:35 -0400] "GET /2022/01/ HTTP/1.1" 301 0 "-" "Mozilla/5.0 (Linux; Android 6.0.1; Nexus 5X Build/MMB29P) AppleWebKit/537.36 (KHTML, like Gecko) Chrome/135.0.7049.84 Mobile Safari/537.36 (compatible; Googlebot/2.1; +http://www.google.com/bot.html)"
66.249.64.97 - - [15/Apr/2025:05:07:38 -0400] "GET /feed/ HTTP/1.1" 200 203879 "-" "Mozilla/5.0 (Linux; Android 6.0.1; Nexus 5X Build/MMB29P) AppleWebKit/537.36 (KHTML, like Gecko) Chrome/135.0.7049.84 Mobile Safari/537.36 (compatible; Googlebot/2.1; +http://www.google.com/bot.html)"
186.233.27.130 - - [15/Apr/2025:05:07:40 -0400] "GET /hillock-green-condominium-a-testimony-to-sustainability/ HTTP/1.1" 200 17577 "-" "Mozilla/5.0 (Macintosh; U; Intel Mac OS X 10_10_0) AppleWebKit/536.1 (KHTML, like Gecko) Chrome/13.0.850.0 Safari/536.1"
66.249.64.96 - - [15/Apr/2025:05:07:43 -0400] "GET /2021/01/ HTTP/1.1" 301 0 "-" "Mozilla/5.0 (Linux; Android 6.0.1; Nexus 5X Build/MMB29P) AppleWebKit/537.36 (KHTML, like Gecko) Chrome/135.0.7049.84 Mobile Safari/537.36 (compatible; Googlebot/2.1; +http://www.google.com/bot.html)"
66.249.64.96 - - [15/Apr/2025:05:07:47 -0400] "GET /comments/feed/ HTTP/1.1" 200 367 "-" "Mozilla/5.0 (Linux; Android 6.0.1; Nexus 5X Build/MMB29P) AppleWebKit/537.36 (KHTML, like Gecko) Chrome/135.0.7049.84 Mobile Safari/537.36 (compatible; Googlebot/2.1; +http://www.google.com/bot.html)"
66.249.64.96 - - [15/Apr/2025:05:07:49 -0400] "GET /turn-off-iphone-11-without-screen/ HTTP/1.1" 200 21040 "-" "Mozilla/5.0 (Linux; Android 6.0.1; Nexus 5X Build/MMB29P) AppleWebKit/537.36 (KHTML, like Gecko) Chrome/135.0.7049.84 Mobile Safari/537.36 (compatible; Googlebot/2.1; +http://www.google.com/bot.html)"
66.249.64.96 - - [15/Apr/2025:05:07:52 -0400] "GET /2024/12/ HTTP/1.1" 301 0 "-" "Mozilla/5.0 (Linux; Android 6.0.1; Nexus 5X Build/MMB29P) AppleWebKit/537.36 (KHTML, like Gecko) Chrome/135.0.7049.84 Mobile Safari/537.36 (compatible; Googlebot/2.1; +http://www.google.com/bot.html)"
66.249.64.96 - - [15/Apr/2025:05:07:56 -0400] "GET /explore-the-thrills-of-megapari-betting/ HTTP/1.1" 200 17291 "-" "Mozilla/5.0 (Linux; Android 6.0.1; Nexus 5X Build/MMB29P) AppleWebKit/537.36 (KHTML, like Gecko) Chrome/135.0.7049.84 Mobile Safari/537.36 (compatible; Googlebot/2.1; +http://www.google.com/bot.html)"
198.54.114.83 - - [15/Apr/2025:05:08:00 -0400] "POST /wp-cron.php?doing_wp_cron=1744708079.9715819358825683593750 HTTP/1.1" 200 0 "-" "WordPress/6.7.2; https://shahmeenaindustry.com"
198.54.114.83 - - [15/Apr/2025:05:08:00 -0400] "POST /wp-cron.php?doing_wp_cron=1744708080.1052460670471191406250 HTTP/1.1" 200 0 "-" "WordPress/6.7.2; https://shahmeenaindustry.com"
66.249.64.96 - - [15/Apr/2025:05:07:59 -0400] "GET /2024/10/ HTTP/1.1" 301 0 "-" "Mozilla/5.0 (Linux; Android 6.0.1; Nexus 5X Build/MMB29P) AppleWebKit/537.36 (KHTML, like Gecko) Chrome/135.0.7049.84 Mobile Safari/537.36 (compatible; Googlebot/2.1; +http://www.google.com/bot.html)"
54.36.149.40 - - [15/Apr/2025:05:07:59 -0400] "GET /fenbendazol-powder/feed/ HTTP/1.1" 304 0 "-" "Mozilla/5.0 (compatible; AhrefsBot/7.0; +http://ahrefs.com/robot/)"
198.54.114.83 - - [15/Apr/2025:05:08:01 -0400] "POST /wp-admin/admin-ajax.php?action=async_litespeed&nonce=6Y76hmfnix56v0PKNZ55XczvwC13tiEB&litespeed_type=imgoptm HTTP/1.1" 200 0 "-" "WordPress/6.7.2; https://shahmeenaindustry.com"
66.249.64.96 - - [15/Apr/2025:05:08:04 -0400] "GET /2023/01/ HTTP/1.1" 301 0 "-" "Mozilla/5.0 (Linux; Android 6.0.1; Nexus 5X Build/MMB29P) AppleWebKit/537.36 (KHTML, like Gecko) Chrome/135.0.7049.84 Mobile Safari/537.36 (compatible; Googlebot/2.1; +http://www.google.com/bot.html)"
66.249.64.96 - - [15/Apr/2025:05:08:08 -0400] "GET /2024/07/ HTTP/1.1" 301 0 "-" "Mozilla/5.0 (Linux; Android 6.0.1; Nexus 5X Build/MMB29P) AppleWebKit/537.36 (KHTML, like Gecko) Chrome/135.0.7049.84 Mobile Safari/537.36 (compatible; Googlebot/2.1; +http://www.google.com/bot.html)"
66.249.64.96 - - [15/Apr/2025:05:08:12 -0400] "GET /category/activity/ HTTP/1.1" 200 16253 "-" "Mozilla/5.0 (Linux; Android 6.0.1; Nexus 5X Build/MMB29P) AppleWebKit/537.36 (KHTML, like Gecko) Chrome/135.0.7049.84 Mobile Safari/537.36 (compatible; Googlebot/2.1; +http://www.google.com/bot.html)"
66.249.64.96 - - [15/Apr/2025:05:08:16 -0400] "GET /2024/02/ HTTP/1.1" 301 0 "-" "Mozilla/5.0 (Linux; Android 6.0.1; Nexus 5X Build/MMB29P) AppleWebKit/537.36 (KHTML, like Gecko) Chrome/135.0.7049.84 Mobile Safari/537.36 (compatible; Googlebot/2.1; +http://www.google.com/bot.html)"
66.249.64.96 - - [15/Apr/2025:05:08:19 -0400] "GET /2021/05/ HTTP/1.1" 301 0 "-" "Mozilla/5.0 (Linux; Android 6.0.1; Nexus 5X Build/MMB29P) AppleWebKit/537.36 (KHTML, like Gecko) Chrome/135.0.7049.84 Mobile Safari/537.36 (compatible; Googlebot/2.1; +http://www.google.com/bot.html)"
66.249.64.96 - - [15/Apr/2025:05:08:23 -0400] "GET /2021/06/ HTTP/1.1" 301 0 "-" "Mozilla/5.0 (Linux; Android 6.0.1; Nexus 5X Build/MMB29P) AppleWebKit/537.36 (KHTML, like Gecko) Chrome/135.0.7049.84 Mobile Safari/537.36 (compatible; Googlebot/2.1; +http://www.google.com/bot.html)"
66.249.64.96 - - [15/Apr/2025:05:08:27 -0400] "GET /ai-converter-convert-your-ai-files-for-free-online/ HTTP/1.1" 200 119279 "-" "Mozilla/5.0 (Linux; Android 6.0.1; Nexus 5X Build/MMB29P) AppleWebKit/537.36 (KHTML, like Gecko) Chrome/135.0.7049.84 Mobile Safari/537.36 (compatible; Googlebot/2.1; +http://www.google.com/bot.html)"
198.54.114.83 - - [15/Apr/2025:05:08:32 -0400] "POST /wp-cron.php?doing_wp_cron=1744708111.8627319335937500000000 HTTP/1.1" 200 0 "-" "WordPress/6.7.2; https://shahmeenaindustry.com"
66.249.64.96 - - [15/Apr/2025:05:08:31 -0400] "GET /2023/08/ HTTP/1.1" 301 0 "-" "Mozilla/5.0 (Linux; Android 6.0.1; Nexus 5X Build/MMB29P) AppleWebKit/537.36 (KHTML, like Gecko) Chrome/135.0.7049.84 Mobile Safari/537.36 (compatible; Googlebot/2.1; +http://www.google.com/bot.html)"
198.54.114.83 - - [15/Apr/2025:05:08:33 -0400] "POST /wp-admin/admin-ajax.php?action=async_litespeed&nonce=iJJ39Mgf2GrBhZ4hsouUeavVuLa8BSvM&litespeed_type=imgoptm HTTP/1.1" 200 0 "-" "WordPress/6.7.2; https://shahmeenaindustry.com"
66.249.64.96 - - [15/Apr/2025:05:08:35 -0400] "GET /2021/02/ HTTP/1.1" 301 0 "-" "Mozilla/5.0 (Linux; Android 6.0.1; Nexus 5X Build/MMB29P) AppleWebKit/537.36 (KHTML, like Gecko) Chrome/135.0.7049.84 Mobile Safari/537.36 (compatible; Googlebot/2.1; +http://www.google.com/bot.html)"
66.249.64.96 - - [15/Apr/2025:05:08:38 -0400] "GET /2025/01/ HTTP/1.1" 301 0 "-" "Mozilla/5.0 (Linux; Android 6.0.1; Nexus 5X Build/MMB29P) AppleWebKit/537.36 (KHTML, like Gecko) Chrome/135.0.7049.84 Mobile Safari/537.36 (compatible; Googlebot/2.1; +http://www.google.com/bot.html)"
198.54.114.83 - - [15/Apr/2025:05:08:43 -0400] "POST /wp-cron.php?doing_wp_cron=1744708122.9198930263519287109375 HTTP/1.1" 200 0 "-" "WordPress/6.7.2; https://shahmeenaindustry.com"
66.249.64.96 - - [15/Apr/2025:05:08:42 -0400] "GET /2023/04/ HTTP/1.1" 301 0 "-" "Mozilla/5.0 (Linux; Android 6.0.1; Nexus 5X Build/MMB29P) AppleWebKit/537.36 (KHTML, like Gecko) Chrome/135.0.7049.84 Mobile Safari/537.36 (compatible; Googlebot/2.1; +http://www.google.com/bot.html)"
66.249.64.96 - - [15/Apr/2025:05:08:46 -0400] "GET /2024/08/ HTTP/1.1" 301 0 "-" "Mozilla/5.0 (Linux; Android 6.0.1; Nexus 5X Build/MMB29P) AppleWebKit/537.36 (KHTML, like Gecko) Chrome/135.0.7049.84 Mobile Safari/537.36 (compatible; Googlebot/2.1; +http://www.google.com/bot.html)"
66.249.64.96 - - [15/Apr/2025:05:08:50 -0400] "GET /author/jorge/ HTTP/1.1" 301 0 "-" "Mozilla/5.0 (Linux; Android 6.0.1; Nexus 5X Build/MMB29P) AppleWebKit/537.36 (KHTML, like Gecko) Chrome/135.0.7049.84 Mobile Safari/537.36 (compatible; Googlebot/2.1; +http://www.google.com/bot.html)"
66.249.64.96 - - [15/Apr/2025:05:08:53 -0400] "GET /2023/06/ HTTP/1.1" 301 0 "-" "Mozilla/5.0 (Linux; Android 6.0.1; Nexus 5X Build/MMB29P) AppleWebKit/537.36 (KHTML, like Gecko) Chrome/135.0.7049.84 Mobile Safari/537.36 (compatible; Googlebot/2.1; +http://www.google.com/bot.html)"
66.249.64.96 - - [15/Apr/2025:05:08:57 -0400] "GET /2023/05/ HTTP/1.1" 301 0 "-" "Mozilla/5.0 (Linux; Android 6.0.1; Nexus 5X Build/MMB29P) AppleWebKit/537.36 (KHTML, like Gecko) Chrome/135.0.7049.84 Mobile Safari/537.36 (compatible; Googlebot/2.1; +http://www.google.com/bot.html)"
66.249.64.96 - - [15/Apr/2025:05:09:01 -0400] "GET /category/iphone/ HTTP/1.1" 200 15272 "-" "Mozilla/5.0 (Linux; Android 6.0.1; Nexus 5X Build/MMB29P) AppleWebKit/537.36 (KHTML, like Gecko) Chrome/135.0.7049.84 Mobile Safari/537.36 (compatible; Googlebot/2.1; +http://www.google.com/bot.html)"
66.249.64.96 - - [15/Apr/2025:05:09:06 -0400] "GET /page/122/ HTTP/1.1" 200 16278 "-" "Mozilla/5.0 (Linux; Android 6.0.1; Nexus 5X Build/MMB29P) AppleWebKit/537.36 (KHTML, like Gecko) Chrome/135.0.7049.84 Mobile Safari/537.36 (compatible; Googlebot/2.1; +http://www.google.com/bot.html)"
66.249.64.96 - - [15/Apr/2025:05:09:08 -0400] "GET /the-hill-condo-in-kihei-maui/ HTTP/1.1" 200 17378 "-" "Mozilla/5.0 (Linux; Android 6.0.1; Nexus 5X Build/MMB29P) AppleWebKit/537.36 (KHTML, like Gecko) Chrome/135.0.7049.84 Mobile Safari/537.36 (compatible; Googlebot/2.1; +http://www.google.com/bot.html)"
66.249.64.96 - - [15/Apr/2025:05:09:12 -0400] "GET /how-to-find-a-chiropractor/feed/ HTTP/1.1" 200 394 "-" "Mozilla/5.0 (Linux; Android 6.0.1; Nexus 5X Build/MMB29P) AppleWebKit/537.36 (KHTML, like Gecko) Chrome/135.0.7049.84 Mobile Safari/537.36 (compatible; Googlebot/2.1; +http://www.google.com/bot.html)"
66.249.64.96 - - [15/Apr/2025:05:09:17 -0400] "GET /credence-cuisine-adhesive-une-solution-pratique-et-esthetique/ HTTP/1.1" 200 17377 "-" "Mozilla/5.0 (Linux; Android 6.0.1; Nexus 5X Build/MMB29P) AppleWebKit/537.36 (KHTML, like Gecko) Chrome/135.0.7049.84 Mobile Safari/537.36 (compatible; Googlebot/2.1; +http://www.google.com/bot.html)"
66.249.64.96 - - [15/Apr/2025:05:09:19 -0400] "GET /?s={search_term_string} HTTP/1.1" 200 14595 "-" "Mozilla/5.0 (Linux; Android 6.0.1; Nexus 5X Build/MMB29P) AppleWebKit/537.36 (KHTML, like Gecko) Chrome/135.0.7049.84 Mobile Safari/537.36 (compatible; Googlebot/2.1; +http://www.google.com/bot.html)"
66.249.64.96 - - [15/Apr/2025:05:09:23 -0400] "GET /category/sign-up/ HTTP/1.1" 200 14604 "-" "Mozilla/5.0 (Linux; Android 6.0.1; Nexus 5X Build/MMB29P) AppleWebKit/537.36 (KHTML, like Gecko) Chrome/135.0.7049.84 Mobile Safari/537.36 (compatible; Googlebot/2.1; +http://www.google.com/bot.html)"
66.249.64.96 - - [15/Apr/2025:05:09:26 -0400] "GET /category/contact-us/ HTTP/1.1" 200 14608 "-" "Mozilla/5.0 (Linux; Android 6.0.1; Nexus 5X Build/MMB29P) AppleWebKit/537.36 (KHTML, like Gecko) Chrome/135.0.7049.84 Mobile Safari/537.36 (compatible; Googlebot/2.1; +http://www.google.com/bot.html)"
66.249.64.96 - - [15/Apr/2025:05:09:30 -0400] "GET /2024/03/ HTTP/1.1" 301 0 "-" "Mozilla/5.0 (Linux; Android 6.0.1; Nexus 5X Build/MMB29P) AppleWebKit/537.36 (KHTML, like Gecko) Chrome/135.0.7049.84 Mobile Safari/537.36 (compatible; Googlebot/2.1; +http://www.google.com/bot.html)"
198.54.114.83 - - [15/Apr/2025:05:09:36 -0400] "POST /wp-cron.php?doing_wp_cron=1744708174.9778370857238769531250 HTTP/1.1" 200 0 "-" "WordPress/6.7.2; https://shahmeenaindustry.com"
66.249.64.96 - - [15/Apr/2025:05:09:34 -0400] "GET /2023/11/ HTTP/1.1" 301 0 "-" "Mozilla/5.0 (Linux; Android 6.0.1; Nexus 5X Build/MMB29P) AppleWebKit/537.36 (KHTML, like Gecko) Chrome/135.0.7049.84 Mobile Safari/537.36 (compatible; Googlebot/2.1; +http://www.google.com/bot.html)"
66.249.64.96 - - [15/Apr/2025:05:09:37 -0400] "GET /category/how-to/ HTTP/1.1" 200 15930 "-" "Mozilla/5.0 (Linux; Android 6.0.1; Nexus 5X Build/MMB29P) AppleWebKit/537.36 (KHTML, like Gecko) Chrome/135.0.7049.84 Mobile Safari/537.36 (compatible; Googlebot/2.1; +http://www.google.com/bot.html)"
66.249.64.96 - - [15/Apr/2025:05:09:41 -0400] "GET /2021/10/ HTTP/1.1" 301 0 "-" "Mozilla/5.0 (Linux; Android 6.0.1; Nexus 5X Build/MMB29P) AppleWebKit/537.36 (KHTML, like Gecko) Chrome/135.0.7049.84 Mobile Safari/537.36 (compatible; Googlebot/2.1; +http://www.google.com/bot.html)"
66.249.64.96 - - [15/Apr/2025:05:09:44 -0400] "GET /2024/05/ HTTP/1.1" 301 0 "-" "Mozilla/5.0 (Linux; Android 6.0.1; Nexus 5X Build/MMB29P) AppleWebKit/537.36 (KHTML, like Gecko) Chrome/135.0.7049.84 Mobile Safari/537.36 (compatible; Googlebot/2.1; +http://www.google.com/bot.html)"
66.249.64.96 - - [15/Apr/2025:05:09:48 -0400] "GET /artificial-intelligence-is-transforming-our-world/ HTTP/1.1" 200 107880 "-" "Mozilla/5.0 (Linux; Android 6.0.1; Nexus 5X Build/MMB29P) AppleWebKit/537.36 (KHTML, like Gecko) Chrome/135.0.7049.84 Mobile Safari/537.36 (compatible; Googlebot/2.1; +http://www.google.com/bot.html)"
103.87.142.24 - - [15/Apr/2025:05:09:54 -0400] "GET /star-plus-plumbing/ HTTP/1.1" 200 17409 "-" "Mozilla/5.0 (Windows NT 10.0; WOW64) AppleWebKit/537.36 (KHTML, like Gecko) Chrome/114.0.0.0 Safari/537.36 Vivaldi/5.3.2679.68"
66.249.64.96 - - [15/Apr/2025:05:09:54 -0400] "GET /2021/07/ HTTP/1.1" 301 0 "-" "Mozilla/5.0 (Linux; Android 6.0.1; Nexus 5X Build/MMB29P) AppleWebKit/537.36 (KHTML, like Gecko) Chrome/135.0.7049.84 Mobile Safari/537.36 (compatible; Googlebot/2.1; +http://www.google.com/bot.html)"
66.249.64.96 - - [15/Apr/2025:05:09:55 -0400] "GET /category/about-us/ HTTP/1.1" 200 16461 "-" "Mozilla/5.0 (Linux; Android 6.0.1; Nexus 5X Build/MMB29P) AppleWebKit/537.36 (KHTML, like Gecko) Chrome/135.0.7049.84 Mobile Safari/537.36 (compatible; Googlebot/2.1; +http://www.google.com/bot.html)"
66.249.64.96 - - [15/Apr/2025:05:09:58 -0400] "GET /2023/09/ HTTP/1.1" 301 0 "-" "Mozilla/5.0 (Linux; Android 6.0.1; Nexus 5X Build/MMB29P) AppleWebKit/537.36 (KHTML, like Gecko) Chrome/135.0.7049.84 Mobile Safari/537.36 (compatible; Googlebot/2.1; +http://www.google.com/bot.html)"
66.249.64.98 - - [15/Apr/2025:05:10:03 -0400] "GET /2023/12/ HTTP/1.1" 301 0 "-" "Mozilla/5.0 (Linux; Android 6.0.1; Nexus 5X Build/MMB29P) AppleWebKit/537.36 (KHTML, like Gecko) Chrome/135.0.7049.84 Mobile Safari/537.36 (compatible; Googlebot/2.1; +http://www.google.com/bot.html)"
66.249.64.98 - - [15/Apr/2025:05:10:06 -0400] "GET /panneau-acoustique-bois/ HTTP/1.1" 200 17229 "-" "Mozilla/5.0 (Linux; Android 6.0.1; Nexus 5X Build/MMB29P) AppleWebKit/537.36 (KHTML, like Gecko) Chrome/135.0.7049.84 Mobile Safari/537.36 (compatible; Googlebot/2.1; +http://www.google.com/bot.html)"
66.249.64.96 - - [15/Apr/2025:05:10:09 -0400] "GET /min.t HTTP/1.1" 404 13586 "-" "Mozilla/5.0 (Linux; Android 6.0.1; Nexus 5X Build/MMB29P) AppleWebKit/537.36 (KHTML, like Gecko) Chrome/135.0.7049.84 Mobile Safari/537.36 (compatible; Googlebot/2.1; +http://www.google.com/bot.html)"
66.249.64.96 - - [15/Apr/2025:05:10:13 -0400] "GET /2024/01/ HTTP/1.1" 301 0 "-" "Mozilla/5.0 (Linux; Android 6.0.1; Nexus 5X Build/MMB29P) AppleWebKit/537.36 (KHTML, like Gecko) Chrome/135.0.7049.84 Mobile Safari/537.36 (compatible; Googlebot/2.1; +http://www.google.com/bot.html)"
66.249.64.96 - - [15/Apr/2025:05:10:15 -0400] "GET /2023/07/ HTTP/1.1" 301 0 "-" "Mozilla/5.0 (Linux; Android 6.0.1; Nexus 5X Build/MMB29P) AppleWebKit/537.36 (KHTML, like Gecko) Chrome/135.0.7049.84 Mobile Safari/537.36 (compatible; Googlebot/2.1; +http://www.google.com/bot.html)"
66.249.64.96 - - [15/Apr/2025:05:10:19 -0400] "GET /2023/03/ HTTP/1.1" 301 0 "-" "Mozilla/5.0 (Linux; Android 6.0.1; Nexus 5X Build/MMB29P) AppleWebKit/537.36 (KHTML, like Gecko) Chrome/135.0.7049.84 Mobile Safari/537.36 (compatible; Googlebot/2.1; +http://www.google.com/bot.html)"
66.249.64.96 - - [15/Apr/2025:05:10:22 -0400] "GET /umzugsunternehmen-in-luneburg/feed/ HTTP/1.1" 200 397 "-" "Mozilla/5.0 (Linux; Android 6.0.1; Nexus 5X Build/MMB29P) AppleWebKit/537.36 (KHTML, like Gecko) Chrome/135.0.7049.84 Mobile Safari/537.36 (compatible; Googlebot/2.1; +http://www.google.com/bot.html)"
198.54.114.83 - - [15/Apr/2025:05:12:27 -0400] "POST /wp-cron.php?doing_wp_cron=1744708346.6749160289764404296875 HTTP/1.1" 200 0 "-" "WordPress/6.7.2; https://shahmeenaindustry.com"
198.54.114.83 - - [15/Apr/2025:05:12:28 -0400] "POST /wp-admin/admin-ajax.php?action=async_litespeed&nonce=5CdZbkhjymY5dEeEm7N5Qo80E82660n4&litespeed_type=imgoptm HTTP/1.1" 200 0 "-" "WordPress/6.7.2; https://shahmeenaindustry.com"
66.249.64.96 - - [15/Apr/2025:05:12:20 -0400] "GET /category/mobile/ HTTP/1.1" 200 15503 "-" "Mozilla/5.0 (Linux; Android 6.0.1; Nexus 5X Build/MMB29P) AppleWebKit/537.36 (KHTML, like Gecko) Chrome/135.0.7049.84 Mobile Safari/537.36 (compatible; Googlebot/2.1; +http://www.google.com/bot.html)"
198.54.114.83 - - [15/Apr/2025:05:13:32 -0400] "POST /wp-cron.php?doing_wp_cron=1744708412.3378961086273193359375 HTTP/1.1" 200 0 "-" "WordPress/6.7.2; https://shahmeenaindustry.com"
66.249.64.96 - - [15/Apr/2025:05:13:31 -0400] "GET /2023/10/ HTTP/1.1" 301 0 "-" "Mozilla/5.0 (Linux; Android 6.0.1; Nexus 5X Build/MMB29P) AppleWebKit/537.36 (KHTML, like Gecko) Chrome/135.0.7049.84 Mobile Safari/537.36 (compatible; Googlebot/2.1; +http://www.google.com/bot.html)"
198.54.114.83 - - [15/Apr/2025:05:13:35 -0400] "POST /wp-admin/admin-ajax.php?action=async_litespeed&nonce=M8CxWcQBhsEz3rae1jfKYhMAYq4kxAy0&litespeed_type=imgoptm HTTP/1.1" 200 0 "-" "WordPress/6.7.2; https://shahmeenaindustry.com"
198.54.114.83 - - [15/Apr/2025:05:14:12 -0400] "POST /wp-cron.php?doing_wp_cron=1744708451.0146470069885253906250 HTTP/1.1" 200 0 "-" "WordPress/6.7.2; https://shahmeenaindustry.com"
54.36.148.178 - - [15/Apr/2025:05:14:10 -0400] "GET /add-a-towing-administration-to-your-auto-body-fix-establishment/feed/ HTTP/1.1" 304 0 "-" "Mozilla/5.0 (compatible; AhrefsBot/7.0; +http://ahrefs.com/robot/)"
150.109.107.200 - - [15/Apr/2025:05:14:32 -0400] "GET /cheap-boat-rental-in-tulum/ HTTP/1.1" 200 17242 "-" "Python/3.10 aiohttp/3.10.5"
198.54.114.83 - - [15/Apr/2025:05:15:50 -0400] "POST /wp-admin/admin-ajax.php?action=async_litespeed&nonce=aQJlbqJ09WySupVtOyBl8kWlZi1R3IyG&litespeed_type=imgoptm HTTP/1.1" 200 0 "-" "WordPress/6.7.2; https://shahmeenaindustry.com"
198.54.114.83 - - [15/Apr/2025:05:17:07 -0400] "POST /wp-cron.php?doing_wp_cron=1744708625.9644410610198974609375 HTTP/1.1" 200 0 "-" "WordPress/6.7.2; https://shahmeenaindustry.com"
54.36.148.149 - - [15/Apr/2025:05:17:05 -0400] "GET /page/94/ HTTP/1.1" 200 16231 "-" "Mozilla/5.0 (compatible; AhrefsBot/7.0; +http://ahrefs.com/robot/)"
198.54.114.83 - - [15/Apr/2025:05:20:05 -0400] "POST /wp-cron.php?doing_wp_cron=1744708804.6515450477600097656250 HTTP/1.1" 200 0 "-" "WordPress/6.7.2; https://shahmeenaindustry.com"
198.54.114.83 - - [15/Apr/2025:05:20:07 -0400] "POST /wp-admin/admin-ajax.php?action=async_litespeed&nonce=62AlcW00KmQRzy8paj7OvEbOlHEmCv1G&litespeed_type=imgoptm HTTP/1.1" 200 0 "-" "WordPress/6.7.2; https://shahmeenaindustry.com"
54.36.148.53 - - [15/Apr/2025:05:20:00 -0400] "GET /holistic-medicine-austin/ HTTP/1.1" 200 18020 "-" "Mozilla/5.0 (compatible; AhrefsBot/7.0; +http://ahrefs.com/robot/)"
198.54.114.83 - - [15/Apr/2025:05:20:49 -0400] "POST /wp-cron.php?doing_wp_cron=1744708849.1836199760437011718750 HTTP/1.1" 200 0 "-" "WordPress/6.7.2; https://shahmeenaindustry.com"
198.54.114.83 - - [15/Apr/2025:05:20:50 -0400] "POST /wp-admin/admin-ajax.php?action=async_litespeed&nonce=2E4JeWBiYllKaW6R0eKzED5qAGVWQH7l&litespeed_type=imgoptm HTTP/1.1" 200 0 "-" "WordPress/6.7.2; https://shahmeenaindustry.com"
150.109.60.212 - - [15/Apr/2025:05:20:48 -0400] "GET /tube-ice-machine/ HTTP/1.1" 200 17330 "-" "Python/3.10 aiohttp/3.10.5"
66.249.64.97 - - [15/Apr/2025:05:21:17 -0400] "GET /robots.txt HTTP/1.1" 200 116 "-" "Mozilla/5.0 (compatible; Googlebot/2.1; +http://www.google.com/bot.html)"
66.249.64.96 - - [15/Apr/2025:05:21:17 -0400] "GET /die-besten-umzugsunternehmen-in-luneburg-fur-einen-reibungslosen-umzug/feed/ HTTP/1.1" 200 439 "-" "Mozilla/5.0 (Linux; Android 6.0.1; Nexus 5X Build/MMB29P) AppleWebKit/537.36 (KHTML, like Gecko) Chrome/135.0.7049.84 Mobile Safari/537.36 (compatible; Googlebot/2.1; +http://www.google.com/bot.html)"
66.249.64.96 - - [15/Apr/2025:05:22:00 -0400] "GET /buying-a-silver-menorah/feed/ HTTP/1.1" 200 393 "-" "Mozilla/5.0 (Linux; Android 6.0.1; Nexus 5X Build/MMB29P) AppleWebKit/537.36 (KHTML, like Gecko) Chrome/135.0.7049.84 Mobile Safari/537.36 (compatible; Googlebot/2.1; +http://www.google.com/bot.html)"
124.156.104.122 - - [15/Apr/2025:05:22:01 -0400] "GET /indoor-led-display/ HTTP/1.1" 200 17530 "-" "Python/3.10 aiohttp/3.10.5"
198.54.114.83 - - [15/Apr/2025:05:22:04 -0400] "POST /wp-cron.php?doing_wp_cron=1744708921.6015620231628417968750 HTTP/1.1" 200 0 "-" "WordPress/6.7.2; https://shahmeenaindustry.com"
54.36.149.19 - - [15/Apr/2025:05:22:55 -0400] "GET /the-star-wars-legos-games-things-you-ought-to-be-aware-prior-to-purchasing-lego-stars-wars-ii/feed/ HTTP/1.1" 200 486 "-" "Mozilla/5.0 (compatible; AhrefsBot/7.0; +http://ahrefs.com/robot/)"
198.54.114.83 - - [15/Apr/2025:05:23:39 -0400] "POST /wp-cron.php?doing_wp_cron=1744709018.8651080131530761718750 HTTP/1.1" 200 0 "-" "WordPress/6.7.2; https://shahmeenaindustry.com"
52.21.62.139 - - [15/Apr/2025:05:23:38 -0400] "GET /unlocking-the-power-of-youtube-view/ HTTP/1.1" 200 17463 "-" "Mozilla/5.0 AppleWebKit/537.36 (KHTML, like Gecko; compatible; Amazonbot/0.1; +https://developer.amazon.com/support/amazonbot) Chrome/119.0.6045.214 Safari/537.36"
198.54.114.83 - - [15/Apr/2025:05:23:40 -0400] "POST /wp-admin/admin-ajax.php?action=async_litespeed&nonce=yjoKQ7B73HgFE8OPhC2j5fYgO0MpmsXV&litespeed_type=imgoptm HTTP/1.1" 200 0 "-" "WordPress/6.7.2; https://shahmeenaindustry.com"
3.218.35.239 - - [15/Apr/2025:05:23:43 -0400] "GET /page/77/ HTTP/1.1" 200 16317 "-" "Mozilla/5.0 AppleWebKit/537.36 (KHTML, like Gecko; compatible; Amazonbot/0.1; +https://developer.amazon.com/support/amazonbot) Chrome/119.0.6045.214 Safari/537.36"
66.249.64.98 - - [15/Apr/2025:05:23:58 -0400] "GET /pilou-pilou-danish-actor/feed/ HTTP/1.1" 200 399 "-" "Mozilla/5.0 (Linux; Android 6.0.1; Nexus 5X Build/MMB29P) AppleWebKit/537.36 (KHTML, like Gecko) Chrome/135.0.7049.84 Mobile Safari/537.36 (compatible; Googlebot/2.1; +http://www.google.com/bot.html)"
198.54.114.83 - - [15/Apr/2025:05:25:23 -0400] "POST /wp-cron.php?doing_wp_cron=1744709122.5530750751495361328125 HTTP/1.1" 200 0 "-" "WordPress/6.7.2; https://shahmeenaindustry.com"
66.249.64.97 - - [15/Apr/2025:05:25:22 -0400] "GET /the-australian-stock-trade-and-the-overall-monetary-pattern-of-the-worldwide-economy/feed/ HTTP/1.1" 200 459 "-" "Mozilla/5.0 (Linux; Android 6.0.1; Nexus 5X Build/MMB29P) AppleWebKit/537.36 (KHTML, like Gecko) Chrome/135.0.7049.84 Mobile Safari/537.36 (compatible; Googlebot/2.1; +http://www.google.com/bot.html)"
198.54.114.83 - - [15/Apr/2025:05:25:24 -0400] "POST /wp-admin/admin-ajax.php?action=async_litespeed&nonce=rQN6H0IQTXpdL5D43GvEWC4E5VWPi6z7&litespeed_type=imgoptm HTTP/1.1" 200 0 "-" "WordPress/6.7.2; https://shahmeenaindustry.com"
198.54.114.83 - - [15/Apr/2025:05:27:15 -0400] "POST /wp-cron.php?doing_wp_cron=1744709235.5441350936889648437500 HTTP/1.1" 200 0 "-" "WordPress/6.7.2; https://shahmeenaindustry.com"
198.54.114.83 - - [15/Apr/2025:05:27:16 -0400] "POST /wp-admin/admin-ajax.php?action=async_litespeed&nonce=ionN3EmLP9J4RfmJAyo01mFv4P7vrn2V&litespeed_type=imgoptm HTTP/1.1" 200 0 "-" "WordPress/6.7.2; https://shahmeenaindustry.com"
66.249.64.103 - - [15/Apr/2025:05:27:10 -0400] "GET /personnalisation-de-la-plaque-dimmatriculation-un-style-unique-sur-la-route/ HTTP/1.1" 200 17386 "-" "Mozilla/5.0 (Linux; Android 6.0.1; Nexus 5X Build/MMB29P) AppleWebKit/537.36 (KHTML, like Gecko) Chrome/135.0.7049.84 Mobile Safari/537.36 (compatible; Googlebot/2.1; +http://www.google.com/bot.html)"
198.54.114.83 - - [15/Apr/2025:05:28:25 -0400] "POST /wp-cron.php?doing_wp_cron=1744709305.2996659278869628906250 HTTP/1.1" 200 0 "-" "WordPress/6.7.2; https://shahmeenaindustry.com"
198.54.114.83 - - [15/Apr/2025:05:28:26 -0400] "POST /wp-admin/admin-ajax.php?action=async_litespeed&nonce=tE7quFu2kzdmBhjYzSoUSN0GiKPPyIlA&litespeed_type=imgoptm HTTP/1.1" 200 5 "-" "WordPress/6.7.2; https://shahmeenaindustry.com"
185.191.171.5 - - [15/Apr/2025:05:28:25 -0400] "GET /saturday-store-opening-times-near-me/ HTTP/1.1" 200 17572 "-" "Mozilla/5.0 (compatible; SemrushBot/7~bl; +http://www.semrush.com/bot.html)"
198.54.114.83 - - [15/Apr/2025:05:28:54 -0400] "POST /wp-cron.php?doing_wp_cron=1744709332.3202910423278808593750 HTTP/1.1" 200 0 "-" "WordPress/6.7.2; https://shahmeenaindustry.com"
54.36.149.46 - - [15/Apr/2025:05:28:51 -0400] "GET /page/44/ HTTP/1.1" 200 16301 "-" "Mozilla/5.0 (compatible; AhrefsBot/7.0; +http://ahrefs.com/robot/)"
198.54.114.83 - - [15/Apr/2025:05:31:58 -0400] "POST /wp-cron.php?doing_wp_cron=1744709517.0034329891204833984375 HTTP/1.1" 200 0 "-" "WordPress/6.7.2; https://shahmeenaindustry.com"
54.36.148.138 - - [15/Apr/2025:05:31:53 -0400] "GET /star-wars-authorities-and-fans/feed/ HTTP/1.1" 200 401 "-" "Mozilla/5.0 (compatible; AhrefsBot/7.0; +http://ahrefs.com/robot/)"
198.54.114.83 - - [15/Apr/2025:05:33:04 -0400] "POST /wp-cron.php?doing_wp_cron=1744709583.8160049915313720703125 HTTP/1.1" 200 0 "-" "WordPress/6.7.2; https://shahmeenaindustry.com"
198.54.114.83 - - [15/Apr/2025:05:33:05 -0400] "POST /wp-admin/admin-ajax.php?action=async_litespeed&nonce=Jr0PTD09C4MLhNMmySasUgjTYUz9kuDJ&litespeed_type=imgoptm HTTP/1.1" 200 0 "-" "WordPress/6.7.2; https://shahmeenaindustry.com"
66.249.64.97 - - [15/Apr/2025:05:33:03 -0400] "GET /pilates-workout-routines-for-women-a-cheap-way-to-stay-in-shape/ HTTP/1.1" 200 18373 "-" "Mozilla/5.0 (Linux; Android 6.0.1; Nexus 5X Build/MMB29P) AppleWebKit/537.36 (KHTML, like Gecko) Chrome/135.0.7049.84 Mobile Safari/537.36 (compatible; Googlebot/2.1; +http://www.google.com/bot.html)"
66.249.64.97 - - [15/Apr/2025:05:33:07 -0400] "GET /the-different-types-of-dental-implants/ HTTP/1.1" 200 18067 "-" "Mozilla/5.0 (Linux; Android 6.0.1; Nexus 5X Build/MMB29P) AppleWebKit/537.36 (KHTML, like Gecko) Chrome/135.0.7049.84 Mobile Safari/537.36 (compatible; Googlebot/2.1; +http://www.google.com/bot.html)"
66.249.64.96 - - [15/Apr/2025:05:33:16 -0400] "GET /powerball-5-59-read-more-about-it/ HTTP/1.1" 200 17871 "-" "Mozilla/5.0 (Linux; Android 6.0.1; Nexus 5X Build/MMB29P) AppleWebKit/537.36 (KHTML, like Gecko) Chrome/135.0.7049.84 Mobile Safari/537.36 (compatible; Googlebot/2.1; +http://www.google.com/bot.html)"
198.54.114.83 - - [15/Apr/2025:05:34:13 -0400] "POST /wp-cron.php?doing_wp_cron=1744709652.5201609134674072265625 HTTP/1.1" 200 0 "-" "WordPress/6.7.2; https://shahmeenaindustry.com"
198.54.114.83 - - [15/Apr/2025:05:34:14 -0400] "POST /wp-admin/admin-ajax.php?action=async_litespeed&nonce=zAZqtrowwL8iN3I19oSw94x9cqTiehL3&litespeed_type=imgoptm HTTP/1.1" 200 0 "-" "WordPress/6.7.2; https://shahmeenaindustry.com"
66.249.64.97 - - [15/Apr/2025:05:34:11 -0400] "GET /pilou-pilou-danish-actor/ HTTP/1.1" 200 18170 "-" "Mozilla/5.0 (Linux; Android 6.0.1; Nexus 5X Build/MMB29P) AppleWebKit/537.36 (KHTML, like Gecko) Chrome/135.0.7049.84 Mobile Safari/537.36 (compatible; Googlebot/2.1; +http://www.google.com/bot.html)"
198.54.114.83 - - [15/Apr/2025:05:34:47 -0400] "POST /wp-cron.php?doing_wp_cron=1744709686.2753570079803466796875 HTTP/1.1" 200 0 "-" "WordPress/6.7.2; https://shahmeenaindustry.com"
5.102.173.71 - - [15/Apr/2025:05:34:48 -0400] "GET /robots.txt HTTP/1.1" 200 116 "-" "Mozilla/5.0 (compatible; MojeekBot/0.11; +https://www.mojeek.com/bot.html)"
198.54.114.83 - - [15/Apr/2025:05:34:48 -0400] "POST /wp-admin/admin-ajax.php?action=async_litespeed&nonce=8UNuWK9tDO4H0Ui09xiR0XhmsD17kjfX&litespeed_type=imgoptm HTTP/1.1" 200 0 "-" "WordPress/6.7.2; https://shahmeenaindustry.com"
43.154.122.150 - - [15/Apr/2025:05:34:45 -0400] "GET /what-are-compression-socks/ HTTP/1.1" 200 17770 "-" "Python/3.10 aiohttp/3.10.5"
54.36.148.209 - - [15/Apr/2025:05:34:49 -0400] "GET /cape-coral-is-the-perfect-place-to-get-rid-of-your-junk-car/feed/ HTTP/1.1" 304 0 "-" "Mozilla/5.0 (compatible; AhrefsBot/7.0; +http://ahrefs.com/robot/)"
5.102.173.71 - - [15/Apr/2025:05:34:48 -0400] "GET /category/sign-in/ HTTP/1.1" 200 14605 "-" "Mozilla/5.0 (compatible; MojeekBot/0.11; +https://www.mojeek.com/bot.html)"
58.254.68.125 - - [15/Apr/2025:05:34:56 -0400] "GET /cheapest-smm-panel/ HTTP/1.1" 200 17761 "https://shahmeenaindustry.com" "Mozilla/5.0 (Windows NT 10.0; Win64; x64) AppleWebKit/537.36 (KHTML, like Gecko) Chrome/62.0.3202.94 Safari/537.36"
66.249.64.98 - - [15/Apr/2025:05:35:17 -0400] "GET /page/6/ HTTP/1.1" 200 16064 "-" "Mozilla/5.0 (Linux; Android 6.0.1; Nexus 5X Build/MMB29P) AppleWebKit/537.36 (KHTML, like Gecko) Chrome/135.0.7049.84 Mobile Safari/537.36 (compatible; Googlebot/2.1; +http://www.google.com/bot.html)"
198.54.114.83 - - [15/Apr/2025:05:37:08 -0400] "POST /wp-cron.php?doing_wp_cron=1744709827.2773149013519287109375 HTTP/1.1" 200 0 "-" "WordPress/6.7.2; https://shahmeenaindustry.com"
66.249.64.98 - - [15/Apr/2025:05:37:01 -0400] "GET /how-to-choose-an-industrial-air-purifier/feed/ HTTP/1.1" 200 409 "-" "Mozilla/5.0 (Linux; Android 6.0.1; Nexus 5X Build/MMB29P) AppleWebKit/537.36 (KHTML, like Gecko) Chrome/135.0.7049.84 Mobile Safari/537.36 (compatible; Googlebot/2.1; +http://www.google.com/bot.html)"
198.54.114.83 - - [15/Apr/2025:05:37:08 -0400] "POST /wp-admin/admin-ajax.php?action=async_litespeed&nonce=2a1Tc734b2uQFANCcOsbPu0aXkQyDuRF&litespeed_type=imgoptm HTTP/1.1" 200 0 "-" "WordPress/6.7.2; https://shahmeenaindustry.com"
198.54.114.83 - - [15/Apr/2025:05:37:36 -0400] "POST /wp-cron.php?doing_wp_cron=1744709855.1318190097808837890625 HTTP/1.1" 200 0 "-" "WordPress/6.7.2; https://shahmeenaindustry.com"
54.36.148.71 - - [15/Apr/2025:05:37:34 -0400] "GET /thailand-privilege-visa/feed/ HTTP/1.1" 200 389 "-" "Mozilla/5.0 (compatible; AhrefsBot/7.0; +http://ahrefs.com/robot/)"
198.54.114.83 - - [15/Apr/2025:05:37:37 -0400] "POST /wp-admin/admin-ajax.php?action=async_litespeed&nonce=jadob7sff2M6YsU0M2HSepH2q8PkDiU6&litespeed_type=imgoptm HTTP/1.1" 200 0 "-" "WordPress/6.7.2; https://shahmeenaindustry.com"
198.54.114.83 - - [15/Apr/2025:05:38:05 -0400] "POST /wp-cron.php?doing_wp_cron=1744709884.8982870578765869140625 HTTP/1.1" 200 0 "-" "WordPress/6.7.2; https://shahmeenaindustry.com"
2a03:2880:f800:19:: - - [15/Apr/2025:05:38:04 -0400] "GET /?p=2908 HTTP/1.1" 301 0 "-" "meta-externalagent/1.1 (+https://developers.facebook.com/docs/sharing/webmasters/crawler)"
66.249.64.98 - - [15/Apr/2025:05:38:10 -0400] "GET /how-to-choose-an-industrial-air-purifier/ HTTP/1.1" 200 17891 "-" "Mozilla/5.0 (Linux; Android 6.0.1; Nexus 5X Build/MMB29P) AppleWebKit/537.36 (KHTML, like Gecko) Chrome/135.0.7049.84 Mobile Safari/537.36 (compatible; Googlebot/2.1; +http://www.google.com/bot.html)"
198.54.114.83 - - [15/Apr/2025:05:40:22 -0400] "POST /wp-cron.php?doing_wp_cron=1744710021.6762681007385253906250 HTTP/1.1" 200 0 "-" "WordPress/6.7.2; https://shahmeenaindustry.com"
198.54.114.83 - - [15/Apr/2025:05:40:23 -0400] "POST /wp-admin/admin-ajax.php?action=async_litespeed&nonce=beBThOGx9aqtTFOrq8GBXZKKI6nmfuD1&litespeed_type=imgoptm HTTP/1.1" 200 0 "-" "WordPress/6.7.2; https://shahmeenaindustry.com"
66.249.64.97 - - [15/Apr/2025:05:40:16 -0400] "GET /umzugsunternehmen-in-luneburg/ HTTP/1.1" 200 17495 "-" "Mozilla/5.0 (Linux; Android 6.0.1; Nexus 5X Build/MMB29P) AppleWebKit/537.36 (KHTML, like Gecko) Chrome/135.0.7049.84 Mobile Safari/537.36 (compatible; Googlebot/2.1; +http://www.google.com/bot.html)"
198.54.114.83 - - [15/Apr/2025:05:40:39 -0400] "POST /wp-cron.php?doing_wp_cron=1744710039.0602369308471679687500 HTTP/1.1" 200 0 "-" "WordPress/6.7.2; https://shahmeenaindustry.com"
54.36.148.10 - - [15/Apr/2025:05:40:38 -0400] "GET /a-journey-through-history-and-memory/feed/ HTTP/1.1" 200 406 "-" "Mozilla/5.0 (compatible; AhrefsBot/7.0; +http://ahrefs.com/robot/)"
198.54.114.83 - - [15/Apr/2025:05:40:40 -0400] "POST /wp-admin/admin-ajax.php?action=async_litespeed&nonce=EhKwZ6KFiP87InF62P7B7IZl8Ez7Qw04&litespeed_type=imgoptm HTTP/1.1" 200 5 "-" "WordPress/6.7.2; https://shahmeenaindustry.com"
54.36.148.216 - - [15/Apr/2025:05:43:48 -0400] "GET /introduce-dynamic-fire-security-sprinkler-frameworks/feed/ HTTP/1.1" 200 431 "-" "Mozilla/5.0 (compatible; AhrefsBot/7.0; +http://ahrefs.com/robot/)"
198.54.114.83 - - [15/Apr/2025:05:44:58 -0400] "POST /wp-cron.php?doing_wp_cron=1744710297.6083230972290039062500 HTTP/1.1" 200 0 "-" "WordPress/6.7.2; https://shahmeenaindustry.com"
198.54.114.83 - - [15/Apr/2025:05:44:59 -0400] "POST /wp-admin/admin-ajax.php?action=async_litespeed&nonce=VN89i3oln0cNCA8l6b0O2tECauzzCDeq&litespeed_type=imgoptm HTTP/1.1" 200 0 "-" "WordPress/6.7.2; https://shahmeenaindustry.com"
124.156.110.185 - - [15/Apr/2025:05:44:56 -0400] "GET /why-choose-double-glazing-bridgend/ HTTP/1.1" 200 18042 "-" "Python/3.10 aiohttp/3.10.5"
54.36.148.140 - - [15/Apr/2025:05:46:32 -0400] "GET /at-the-point-when-you-really-want-a-business-building-credit/feed/ HTTP/1.1" 200 430 "-" "Mozilla/5.0 (compatible; AhrefsBot/7.0; +http://ahrefs.com/robot/)"
198.54.114.83 - - [15/Apr/2025:05:46:40 -0400] "POST /wp-cron.php?doing_wp_cron=1744710398.1271479129791259765625 HTTP/1.1" 200 0 "-" "WordPress/6.7.2; https://shahmeenaindustry.com"
198.54.114.83 - - [15/Apr/2025:05:49:19 -0400] "POST /wp-cron.php?doing_wp_cron=1744710558.8747448921203613281250 HTTP/1.1" 200 0 "-" "WordPress/6.7.2; https://shahmeenaindustry.com"
66.249.64.97 - - [15/Apr/2025:05:49:18 -0400] "GET /the-6-things-you-must-consider-before-buying-an-apartment/feed/ HTTP/1.1" 200 434 "-" "Mozilla/5.0 (Linux; Android 6.0.1; Nexus 5X Build/MMB29P) AppleWebKit/537.36 (KHTML, like Gecko) Chrome/135.0.7049.84 Mobile Safari/537.36 (compatible; Googlebot/2.1; +http://www.google.com/bot.html)"
198.54.114.83 - - [15/Apr/2025:05:49:19 -0400] "POST /wp-admin/admin-ajax.php?action=async_litespeed&nonce=BoU8qhTIupyq4to7bg9YC0c5HJheoEcC&litespeed_type=imgoptm HTTP/1.1" 200 0 "-" "WordPress/6.7.2; https://shahmeenaindustry.com"
54.36.148.201 - - [15/Apr/2025:05:49:27 -0400] "GET /nude-photography-austin/feed/ HTTP/1.1" 200 384 "-" "Mozilla/5.0 (compatible; AhrefsBot/7.0; +http://ahrefs.com/robot/)"
198.54.114.83 - - [15/Apr/2025:05:49:42 -0400] "POST /wp-cron.php?doing_wp_cron=1744710582.0654420852661132812500 HTTP/1.1" 200 0 "-" "WordPress/6.7.2; https://shahmeenaindustry.com"
198.54.114.83 - - [15/Apr/2025:05:49:43 -0400] "POST /wp-admin/admin-ajax.php?action=async_litespeed&nonce=v93uZMEpFJwFF2uPxua0hnzqLt4H4ZLE&litespeed_type=imgoptm HTTP/1.1" 200 5 "-" "WordPress/6.7.2; https://shahmeenaindustry.com"
98.84.70.201 - - [15/Apr/2025:05:49:41 -0400] "GET /top-5-cozy-sweaters-for-fall/ HTTP/1.1" 200 17493 "-" "Mozilla/5.0 AppleWebKit/537.36 (KHTML, like Gecko; compatible; Amazonbot/0.1; +https://developer.amazon.com/support/amazonbot) Chrome/119.0.6045.214 Safari/537.36"
198.54.114.83 - - [15/Apr/2025:05:51:11 -0400] "POST /wp-cron.php?doing_wp_cron=1744710669.9818949699401855468750 HTTP/1.1" 200 0 "-" "WordPress/6.7.2; https://shahmeenaindustry.com"
43.154.249.136 - - [15/Apr/2025:05:51:09 -0400] "GET /how-to-find-the-best-personal-injury-attorney/ HTTP/1.1" 200 17290 "-" "Python/3.10 aiohttp/3.10.5"
66.249.64.97 - - [15/Apr/2025:05:51:25 -0400] "GET /ihr-zuverlassiger-umzugsservice-in-luneburg/ HTTP/1.1" 200 17407 "-" "Mozilla/5.0 (Linux; Android 6.0.1; Nexus 5X Build/MMB29P) AppleWebKit/537.36 (KHTML, like Gecko) Chrome/135.0.7049.84 Mobile Safari/537.36 (compatible; Googlebot/2.1; +http://www.google.com/bot.html)"
198.54.114.83 - - [15/Apr/2025:05:52:30 -0400] "POST /wp-cron.php?doing_wp_cron=1744710749.7384569644927978515625 HTTP/1.1" 200 0 "-" "WordPress/6.7.2; https://shahmeenaindustry.com"
54.36.148.135 - - [15/Apr/2025:05:52:29 -0400] "GET /sitemap_index.xml HTTP/1.1" 200 276 "-" "Mozilla/5.0 (compatible; AhrefsBot/7.0; +http://ahrefs.com/robot/)"
198.54.114.83 - - [15/Apr/2025:05:52:32 -0400] "POST /wp-admin/admin-ajax.php?action=async_litespeed&nonce=fJK84EQGVeGNlkbGLTMKa1RqXLHpynHz&litespeed_type=imgoptm HTTP/1.1" 200 0 "-" "WordPress/6.7.2; https://shahmeenaindustry.com"
54.36.148.165 - - [15/Apr/2025:05:52:33 -0400] "GET /post-sitemap.xml HTTP/1.1" 200 26913 "-" "Mozilla/5.0 (compatible; AhrefsBot/7.0; +http://ahrefs.com/robot/)"
58.254.68.38 - - [15/Apr/2025:05:53:08 -0400] "GET /omnivoid-is-changing-the-game-in-augmented-and-mixed-realityomnivoid-is-changing-the-game-in-augmented-and-mixed-reality/ HTTP/1.1" 200 17930 "https://shahmeenaindustry.com" "Mozilla/5.0 (Windows NT 10.0; Win64; x64) AppleWebKit/537.36 (KHTML, like Gecko) Chrome/62.0.3202.94 Safari/537.36"
198.54.114.83 - - [15/Apr/2025:05:53:11 -0400] "POST /wp-cron.php?doing_wp_cron=1744710790.5215620994567871093750 HTTP/1.1" 200 0 "-" "WordPress/6.7.2; https://shahmeenaindustry.com"
66.249.64.97 - - [15/Apr/2025:05:53:10 -0400] "GET /quality-bathroom-renovations-for-western-suburbs-melbourne-homes/ HTTP/1.1" 200 17906 "-" "Mozilla/5.0 (Linux; Android 6.0.1; Nexus 5X Build/MMB29P) AppleWebKit/537.36 (KHTML, like Gecko) Chrome/135.0.7049.84 Mobile Safari/537.36 (compatible; Googlebot/2.1; +http://www.google.com/bot.html)"
58.254.68.38 - - [15/Apr/2025:05:53:09 -0400] "POST /wp-comments-post.php HTTP/1.1" 302 0 "https://shahmeenaindustry.com" "Mozilla/5.0 (Windows NT 10.0; Win64; x64) AppleWebKit/537.36 (KHTML, like Gecko) Chrome/62.0.3202.94 Safari/537.36"
58.254.68.38 - - [15/Apr/2025:05:53:15 -0400] "GET /omnivoid-is-changing-the-game-in-augmented-and-mixed-realityomnivoid-is-changing-the-game-in-augmented-and-mixed-reality/ HTTP/1.1" 200 18671 "https://shahmeenaindustry.com" "Mozilla/4.0 (compatible; MSIE 6.0; Windows NT 5.1; en) Opera 8.50"
54.36.148.159 - - [15/Apr/2025:05:53:17 -0400] "GET /post-sitemap2.xml HTTP/1.1" 200 7235 "-" "Mozilla/5.0 (compatible; AhrefsBot/7.0; +http://ahrefs.com/robot/)"
54.36.148.26 - - [15/Apr/2025:05:53:25 -0400] "GET /category-sitemap.xml HTTP/1.1" 200 429 "-" "Mozilla/5.0 (compatible; AhrefsBot/7.0; +http://ahrefs.com/robot/)"
66.249.64.96 - - [15/Apr/2025:05:55:16 -0400] "GET /explore-the-thrills-of-megapari-betting/feed/ HTTP/1.1" 200 412 "-" "Mozilla/5.0 (Linux; Android 6.0.1; Nexus 5X Build/MMB29P) AppleWebKit/537.36 (KHTML, like Gecko) Chrome/135.0.7049.84 Mobile Safari/537.36 (compatible; Googlebot/2.1; +http://www.google.com/bot.html)"
198.54.114.83 - - [15/Apr/2025:05:55:24 -0400] "POST /wp-cron.php?doing_wp_cron=1744710922.0902800559997558593750 HTTP/1.1" 200 0 "-" "WordPress/6.7.2; https://shahmeenaindustry.com"
54.36.148.48 - - [15/Apr/2025:05:55:49 -0400] "GET /dometic-refrigerators-how-they-work/ HTTP/1.1" 200 18259 "-" "Mozilla/5.0 (compatible; AhrefsBot/7.0; +http://ahrefs.com/robot/)"
198.54.114.83 - - [15/Apr/2025:05:56:28 -0400] "POST /wp-cron.php?doing_wp_cron=1744710987.3914189338684082031250 HTTP/1.1" 200 0 "-" "WordPress/6.7.2; https://shahmeenaindustry.com"
198.54.114.83 - - [15/Apr/2025:05:56:29 -0400] "POST /wp-admin/admin-ajax.php?action=async_litespeed&nonce=VOLqOfvAEEleIzcjCe4tU1XsYPcY4WmW&litespeed_type=imgoptm HTTP/1.1" 200 0 "-" "WordPress/6.7.2; https://shahmeenaindustry.com"
185.191.171.13 - - [15/Apr/2025:05:56:27 -0400] "GET /category/activity/page/24/ HTTP/1.1" 200 16623 "-" "Mozilla/5.0 (compatible; SemrushBot/7~bl; +http://www.semrush.com/bot.html)"
198.54.114.83 - - [15/Apr/2025:05:58:38 -0400] "POST /wp-admin/admin-ajax.php?action=async_litespeed&nonce=j0z32U28cDhKHKkIQlgWqhvDDhukeKBu&litespeed_type=imgoptm HTTP/1.1" 200 0 "-" "WordPress/6.7.2; https://shahmeenaindustry.com"
198.54.114.83 - - [15/Apr/2025:05:58:56 -0400] "POST /wp-cron.php?doing_wp_cron=1744711135.7506840229034423828125 HTTP/1.1" 200 0 "-" "WordPress/6.7.2; https://shahmeenaindustry.com"
54.36.148.97 - - [15/Apr/2025:05:58:55 -0400] "GET /page/45/ HTTP/1.1" 200 16106 "-" "Mozilla/5.0 (compatible; AhrefsBot/7.0; +http://ahrefs.com/robot/)"
66.249.64.98 - - [15/Apr/2025:05:58:59 -0400] "GET /pilou-pilou-homme/feed/ HTTP/1.1" 200 377 "-" "Mozilla/5.0 (Linux; Android 6.0.1; Nexus 5X Build/MMB29P) AppleWebKit/537.36 (KHTML, like Gecko) Chrome/135.0.7049.84 Mobile Safari/537.36 (compatible; Googlebot/2.1; +http://www.google.com/bot.html)"
198.54.114.83 - - [15/Apr/2025:06:02:15 -0400] "POST /wp-cron.php?doing_wp_cron=1744711335.2745239734649658203125 HTTP/1.1" 200 0 "-" "WordPress/6.7.2; https://shahmeenaindustry.com"
198.54.114.83 - - [15/Apr/2025:06:02:16 -0400] "POST /wp-admin/admin-ajax.php?action=async_litespeed&nonce=j0J02TouiUPIWDQHtSN5t0gOxt6WZVMj&litespeed_type=imgoptm HTTP/1.1" 200 0 "-" "WordPress/6.7.2; https://shahmeenaindustry.com"
54.36.148.64 - - [15/Apr/2025:06:02:10 -0400] "GET /pizza-delivery-in-meadville-pa/ HTTP/1.1" 200 17872 "-" "Mozilla/5.0 (compatible; AhrefsBot/7.0; +http://ahrefs.com/robot/)"
198.54.114.83 - - [15/Apr/2025:06:03:05 -0400] "POST /wp-cron.php?doing_wp_cron=1744711383.3629300594329833984375 HTTP/1.1" 200 0 "-" "WordPress/6.7.2; https://shahmeenaindustry.com"
66.249.64.102 - - [15/Apr/2025:06:03:02 -0400] "GET /category/activity/page/116/ HTTP/1.1" 200 16828 "-" "Mozilla/5.0 (Linux; Android 6.0.1; Nexus 5X Build/MMB29P) AppleWebKit/537.36 (KHTML, like Gecko) Chrome/135.0.7049.84 Mobile Safari/537.36 (compatible; Googlebot/2.1; +http://www.google.com/bot.html)"
66.249.64.103 - - [15/Apr/2025:06:03:22 -0400] "GET /category/activity/page/117/ HTTP/1.1" 200 16557 "-" "Mozilla/5.0 (Linux; Android 6.0.1; Nexus 5X Build/MMB29P) AppleWebKit/537.36 (KHTML, like Gecko) Chrome/135.0.7049.84 Mobile Safari/537.36 (compatible; Googlebot/2.1; +http://www.google.com/bot.html)"
198.54.114.83 - - [15/Apr/2025:06:04:05 -0400] "POST /wp-cron.php?doing_wp_cron=1744711443.9750509262084960937500 HTTP/1.1" 200 0 "-" "WordPress/6.7.2; https://shahmeenaindustry.com"
66.249.64.103 - - [15/Apr/2025:06:04:02 -0400] "GET /harmed-products-a-bosom-disease-story/ HTTP/1.1" 200 19135 "-" "Mozilla/5.0 (Linux; Android 6.0.1; Nexus 5X Build/MMB29P) AppleWebKit/537.36 (KHTML, like Gecko) Chrome/135.0.7049.84 Mobile Safari/537.36 (compatible; Googlebot/2.1; +http://www.google.com/bot.html)"
198.54.114.83 - - [15/Apr/2025:06:05:10 -0400] "POST /wp-cron.php?doing_wp_cron=1744711507.9911849498748779296875 HTTP/1.1" 200 0 "-" "WordPress/6.7.2; https://shahmeenaindustry.com"
85.208.98.31 - - [15/Apr/2025:06:05:07 -0400] "GET /lab-diamond-engagement-rings-illuminate-torontos-love-stories/ HTTP/1.1" 200 0 "-" "Mozilla/5.0 (compatible; SemrushBot-BA; +http://www.semrush.com/bot.html)"
54.36.148.11 - - [15/Apr/2025:06:05:20 -0400] "GET /la-lampe-a-lave-une-facon-amusante-de-montrer-aux-enfants-que-la-physique-est-cool/ HTTP/1.1" 200 17761 "-" "Mozilla/5.0 (compatible; AhrefsBot/7.0; +http://ahrefs.com/robot/)"
198.54.114.83 - - [15/Apr/2025:06:07:20 -0400] "POST /wp-admin/admin-ajax.php?action=async_litespeed&nonce=WjdFFKGU2VJNwbu5ThXUoNxfau8kVcPv&litespeed_type=imgoptm HTTP/1.1" 200 0 "-" "WordPress/6.7.2; https://shahmeenaindustry.com"
198.54.114.83 - - [15/Apr/2025:06:08:24 -0400] "POST /wp-cron.php?doing_wp_cron=1744711703.3116440773010253906250 HTTP/1.1" 200 0 "-" "WordPress/6.7.2; https://shahmeenaindustry.com"
198.54.114.83 - - [15/Apr/2025:06:08:25 -0400] "POST /wp-admin/admin-ajax.php?action=async_litespeed&nonce=Z8FE7E6xFSV9CsSBk2wPV4rdcRcmZtcu&litespeed_type=imgoptm HTTP/1.1" 200 0 "-" "WordPress/6.7.2; https://shahmeenaindustry.com"
54.36.148.70 - - [15/Apr/2025:06:08:22 -0400] "GET /mma-sparring-gloves/ HTTP/1.1" 200 17412 "-" "Mozilla/5.0 (compatible; AhrefsBot/7.0; +http://ahrefs.com/robot/)"
198.54.114.83 - - [15/Apr/2025:06:11:46 -0400] "POST /wp-cron.php?doing_wp_cron=1744711905.9431850910186767578125 HTTP/1.1" 200 0 "-" "WordPress/6.7.2; https://shahmeenaindustry.com"
198.54.114.83 - - [15/Apr/2025:06:11:47 -0400] "POST /wp-admin/admin-ajax.php?action=async_litespeed&nonce=KNqJy7fDsrNj9Nb8RYg1EJ88w6e2j5BL&litespeed_type=imgoptm HTTP/1.1" 200 0 "-" "WordPress/6.7.2; https://shahmeenaindustry.com"
54.36.149.1 - - [15/Apr/2025:06:11:41 -0400] "GET /page/93/ HTTP/1.1" 200 16304 "-" "Mozilla/5.0 (compatible; AhrefsBot/7.0; +http://ahrefs.com/robot/)"
