54.36.148.55 - - [15/Apr/2025:02:06:15 -0400] "GET /2023/11/ HTTP/1.1" 301 0 "-" "Mozilla/5.0 (compatible; AhrefsBot/7.0; +http://ahrefs.com/robot/)"
124.156.164.49 - - [15/Apr/2025:02:06:55 -0400] "GET /finding-a-curly-hair-specialist/ HTTP/1.1" 200 17195 "-" "Python/3.10 aiohttp/3.10.5"
66.249.64.98 - - [15/Apr/2025:02:07:11 -0400] "GET /unlocking-the-potential-of-live-transfer-leads/ HTTP/1.1" 200 17213 "-" "Mozilla/5.0 (Linux; Android 6.0.1; Nexus 5X Build/MMB29P) AppleWebKit/537.36 (KHTML, like Gecko) Chrome/135.0.7049.84 Mobile Safari/537.36 (compatible; Googlebot/2.1; +http://www.google.com/bot.html)"
198.54.114.83 - - [15/Apr/2025:02:09:15 -0400] "POST /wp-cron.php?doing_wp_cron=1744697353.2012779712677001953125 HTTP/1.1" 200 0 "-" "WordPress/6.7.2; https://shahmeenaindustry.com"
66.249.64.98 - - [15/Apr/2025:02:09:08 -0400] "GET /precision-focus-and-skill/ HTTP/1.1" 200 17341 "-" "Mozilla/5.0 (Linux; Android 6.0.1; Nexus 5X Build/MMB29P) AppleWebKit/537.36 (KHTML, like Gecko) Chrome/135.0.7049.84 Mobile Safari/537.36 (compatible; Googlebot/2.1; +http://www.google.com/bot.html)"
54.36.149.42 - - [15/Apr/2025:02:09:27 -0400] "GET /2024/02/ HTTP/1.1" 301 0 "-" "Mozilla/5.0 (compatible; AhrefsBot/7.0; +http://ahrefs.com/robot/)"
47.128.58.215 - - [15/Apr/2025:02:09:40 -0400] "GET /robots.txt HTTP/1.1" 304 0 "-" "Mozilla/5.0 (Linux; Android 5.0) AppleWebKit/537.36 (KHTML, like Gecko) Mobile Safari/537.36 (compatible; Bytespider; spider-feedback@bytedance.com)"
198.54.114.83 - - [15/Apr/2025:02:10:41 -0400] "POST /wp-admin/admin-ajax.php?action=async_litespeed&nonce=alED5rT6qfITjbM2UmiPfqfOGaWKhLk4&litespeed_type=imgoptm HTTP/1.1" 200 0 "-" "WordPress/6.7.2; https://shahmeenaindustry.com"
198.54.114.83 - - [15/Apr/2025:02:11:15 -0400] "POST /wp-cron.php?doing_wp_cron=1744697473.4599919319152832031250 HTTP/1.1" 200 0 "-" "WordPress/6.7.2; https://shahmeenaindustry.com"
66.249.64.98 - - [15/Apr/2025:02:11:12 -0400] "GET /online-sports-betting/ HTTP/1.1" 200 18667 "-" "Mozilla/5.0 (Linux; Android 6.0.1; Nexus 5X Build/MMB29P) AppleWebKit/537.36 (KHTML, like Gecko) Chrome/135.0.7049.84 Mobile Safari/537.36 (compatible; Googlebot/2.1; +http://www.google.com/bot.html)"
198.54.114.83 - - [15/Apr/2025:02:12:54 -0400] "POST /wp-cron.php?doing_wp_cron=1744697573.8141748905181884765625 HTTP/1.1" 200 0 "-" "WordPress/6.7.2; https://shahmeenaindustry.com"
54.36.149.93 - - [15/Apr/2025:02:12:50 -0400] "GET /real-estate-investing-in-foreclosures/feed/ HTTP/1.1" 304 0 "-" "Mozilla/5.0 (compatible; AhrefsBot/7.0; +http://ahrefs.com/robot/)"
198.54.114.83 - - [15/Apr/2025:02:12:55 -0400] "POST /wp-admin/admin-ajax.php?action=async_litespeed&nonce=Mxs7qLntdLf8gKKvA3FoqqSjxjBMlkdt&litespeed_type=imgoptm HTTP/1.1" 200 0 "-" "WordPress/6.7.2; https://shahmeenaindustry.com"
198.54.114.83 - - [15/Apr/2025:02:15:32 -0400] "POST /wp-cron.php?doing_wp_cron=1744697731.6036438941955566406250 HTTP/1.1" 200 0 "-" "WordPress/6.7.2; https://shahmeenaindustry.com"
2a03:2880:f800:f:: - - [15/Apr/2025:02:15:28 -0400] "GET /fda-cosmetic-registration-process-for-manufacturers/ HTTP/1.1" 200 17485 "-" "meta-externalagent/1.1 (+https://developers.facebook.com/docs/sharing/webmasters/crawler)"
58.254.68.125 - - [15/Apr/2025:02:16:12 -0400] "GET /omnivoid-is-changing-the-game-in-augmented-and-mixed-realityomnivoid-is-changing-the-game-in-augmented-and-mixed-reality/ HTTP/1.1" 200 17914 "-" "Mozilla/5.0 (Windows NT 6.1; WOW64) AppleWebKit/537.36 (KHTML, like Gecko) Chrome/34.0.1847.131 Safari/537.36"
93.159.230.84 - - [15/Apr/2025:02:17:16 -0400] "GET / HTTP/1.1" 200 18239 "-" "Mozilla/5.0 (Linux; arm_64; Android 12; CPH2205) AppleWebKit/537.36 (KHTML, like Gecko) Chrome/110.0.0.0 YaBrowser/23.3.3.86.00 SA/3 Mobile Safari/537.36"
66.249.64.102 - - [15/Apr/2025:02:20:58 -0400] "GET /instructions-pour-choisir-le-bon-pack-pour-vous/feed/ HTTP/1.1" 200 416 "-" "Mozilla/5.0 (Linux; Android 6.0.1; Nexus 5X Build/MMB29P) AppleWebKit/537.36 (KHTML, like Gecko) Chrome/135.0.7049.84 Mobile Safari/537.36 (compatible; Googlebot/2.1; +http://www.google.com/bot.html)"
101.32.178.116 - - [15/Apr/2025:02:21:33 -0400] "GET /buy-watch-time-hours-youtube/ HTTP/1.1" 200 17797 "-" "Python/3.10 aiohttp/3.10.5"
198.54.114.83 - - [15/Apr/2025:02:24:11 -0400] "POST /wp-cron.php?doing_wp_cron=1744698250.0440430641174316406250 HTTP/1.1" 200 0 "-" "WordPress/6.7.2; https://shahmeenaindustry.com"
66.249.64.102 - - [15/Apr/2025:02:24:03 -0400] "GET /all-that-you-really-want-to-be-familiar-with-driving-traffic-from-youtube/feed/ HTTP/1.1" 200 457 "-" "Mozilla/5.0 (Linux; Android 6.0.1; Nexus 5X Build/MMB29P) AppleWebKit/537.36 (KHTML, like Gecko) Chrome/135.0.7049.84 Mobile Safari/537.36 (compatible; Googlebot/2.1; +http://www.google.com/bot.html)"
43.154.120.205 - - [15/Apr/2025:02:24:38 -0400] "GET /custom-material-handbags-incredible-gifts-for-educators/ HTTP/1.1" 200 19540 "-" "Python/3.10 aiohttp/3.10.5"
66.249.64.102 - - [15/Apr/2025:02:24:49 -0400] "GET /jet-ski-hire-in-the-outer-banks/feed/ HTTP/1.1" 200 406 "-" "Mozilla/5.0 (Linux; Android 6.0.1; Nexus 5X Build/MMB29P) AppleWebKit/537.36 (KHTML, like Gecko) Chrome/135.0.7049.84 Mobile Safari/537.36 (compatible; Googlebot/2.1; +http://www.google.com/bot.html)"
198.54.114.83 - - [15/Apr/2025:02:25:26 -0400] "POST /wp-cron.php?doing_wp_cron=1744698326.0230150222778320312500 HTTP/1.1" 200 0 "-" "WordPress/6.7.2; https://shahmeenaindustry.com"
54.36.149.92 - - [15/Apr/2025:02:25:25 -0400] "GET /2023/09/ HTTP/1.1" 301 0 "-" "Mozilla/5.0 (compatible; AhrefsBot/7.0; +http://ahrefs.com/robot/)"
198.54.114.83 - - [15/Apr/2025:02:25:27 -0400] "POST /wp-admin/admin-ajax.php?action=async_litespeed&nonce=k8N2CpVEUJzFPRndgVcccVnGyBJzL5OQ&litespeed_type=imgoptm HTTP/1.1" 200 0 "-" "WordPress/6.7.2; https://shahmeenaindustry.com"
198.54.114.83 - - [15/Apr/2025:02:26:36 -0400] "POST /wp-admin/admin-ajax.php?action=async_litespeed&nonce=Eev9lH1I0yHgFOkQxRKoi7KNxiqdziBt&litespeed_type=imgoptm HTTP/1.1" 200 0 "-" "WordPress/6.7.2; https://shahmeenaindustry.com"
198.54.114.83 - - [15/Apr/2025:02:28:34 -0400] "POST /wp-cron.php?doing_wp_cron=1744698513.2783548831939697265625 HTTP/1.1" 200 0 "-" "WordPress/6.7.2; https://shahmeenaindustry.com"
54.36.148.143 - - [15/Apr/2025:02:28:27 -0400] "GET /category/activity/page/71/ HTTP/1.1" 200 16503 "-" "Mozilla/5.0 (compatible; AhrefsBot/7.0; +http://ahrefs.com/robot/)"
195.2.84.198 - - [15/Apr/2025:02:28:51 -0400] "GET /cbd-shop-uk-review/ HTTP/1.1" 200 19144 "https://shahmeenaindustry.com/cbd-shop-uk-review/#comment-17576/" "Mozilla/5.0 (Windows NT 10.0; Win64; x64) AppleWebKit/537.36 (KHTML, like Gecko) Chrome/131.0.0.0 Safari/537.36 Avast/131.0.0.0"
195.2.84.198 - - [15/Apr/2025:02:28:54 -0400] "POST /wp-comments-post.php HTTP/1.1" 302 0 "https://shahmeenaindustry.com/cbd-shop-uk-review/#comment-17576/" "Mozilla/5.0 (Windows NT 10.0; Win64; x64) AppleWebKit/537.36 (KHTML, like Gecko) Chrome/131.0.0.0 Safari/537.36 Avast/131.0.0.0"
195.2.84.198 - - [15/Apr/2025:02:28:58 -0400] "GET /cbd-shop-uk-review/ HTTP/1.1" 200 21306 "https://shahmeenaindustry.com/cbd-shop-uk-review/#comment-30763" "Mozilla/5.0 (Windows NT 10.0; Win64; x64) AppleWebKit/537.36 (KHTML, like Gecko) Chrome/131.0.0.0 Safari/537.36 Avast/131.0.0.0"
43.132.229.118 - - [15/Apr/2025:02:29:16 -0400] "GET /real-estate-investing-in-foreclosures/ HTTP/1.1" 200 18474 "-" "Python/3.10 aiohttp/3.10.5"
150.109.107.200 - - [15/Apr/2025:02:29:23 -0400] "GET /essence-of-file-transfer-apps-in-real-life/ HTTP/1.1" 200 17861 "-" "Python/3.10 aiohttp/3.10.5"
54.36.148.44 - - [15/Apr/2025:02:31:05 -0400] "GET /page/101/ HTTP/1.1" 200 16208 "-" "Mozilla/5.0 (compatible; AhrefsBot/7.0; +http://ahrefs.com/robot/)"
43.154.120.205 - - [15/Apr/2025:02:33:12 -0400] "GET /the-basics-of-the-yugioh-card-game/ HTTP/1.1" 200 17956 "-" "Python/3.10 aiohttp/3.10.5"
154.83.103.202 - - [15/Apr/2025:02:33:23 -0400] "GET /wp-admin/ HTTP/1.1" 302 0 "-" "Mozilla/5.0 (Windows NT 10.0; Win64; x64) AppleWebKit/537.36 (KHTML, like Gecko) Chrome/91.0.4472.124 Safari/537.36"
154.83.103.202 - - [15/Apr/2025:02:33:25 -0400] "GET /wp-login.php?redirect_to=https%3A%2F%2Fshahmeenaindustry.com%2Fwp-admin%2F&reauth=1 HTTP/1.1" 200 1730 "-" "Mozilla/5.0 (Windows NT 10.0; Win64; x64) AppleWebKit/537.36 (KHTML, like Gecko) Chrome/91.0.4472.124 Safari/537.36"
154.83.103.202 - - [15/Apr/2025:02:33:26 -0400] "GET /admin-console HTTP/1.1" 404 13586 "-" "Mozilla/5.0 (Windows NT 10.0; Win64; x64) AppleWebKit/537.36 (KHTML, like Gecko) Chrome/91.0.4472.124 Safari/537.36"
154.83.103.202 - - [15/Apr/2025:02:33:28 -0400] "GET /admin.aspx HTTP/1.1" 404 13586 "-" "Mozilla/5.0 (Windows NT 10.0; Win64; x64) AppleWebKit/537.36 (KHTML, like Gecko) Chrome/91.0.4472.124 Safari/537.36"
154.83.103.202 - - [15/Apr/2025:02:33:29 -0400] "GET /admin.html HTTP/1.1" 404 13585 "-" "Mozilla/5.0 (Windows NT 10.0; Win64; x64) AppleWebKit/537.36 (KHTML, like Gecko) Chrome/91.0.4472.124 Safari/537.36"
154.83.103.202 - - [15/Apr/2025:02:33:32 -0400] "GET /admin.php HTTP/1.1" 404 13585 "-" "Mozilla/5.0 (Windows NT 10.0; Win64; x64) AppleWebKit/537.36 (KHTML, like Gecko) Chrome/91.0.4472.124 Safari/537.36"
154.83.103.202 - - [15/Apr/2025:02:33:34 -0400] "GET /admin/auth HTTP/1.1" 404 13585 "-" "Mozilla/5.0 (Windows NT 10.0; Win64; x64) AppleWebKit/537.36 (KHTML, like Gecko) Chrome/91.0.4472.124 Safari/537.36"
154.83.103.202 - - [15/Apr/2025:02:33:37 -0400] "GET /admin/install HTTP/1.1" 301 0 "-" "Mozilla/5.0 (Windows NT 10.0; Win64; x64) AppleWebKit/537.36 (KHTML, like Gecko) Chrome/91.0.4472.124 Safari/537.36"
154.83.103.202 - - [15/Apr/2025:02:33:39 -0400] "GET /installers-of-windows-in-south-wales/ HTTP/1.1" 200 18219 "-" "Mozilla/5.0 (Windows NT 10.0; Win64; x64) AppleWebKit/537.36 (KHTML, like Gecko) Chrome/91.0.4472.124 Safari/537.36"
154.83.103.202 - - [15/Apr/2025:02:33:41 -0400] "GET /admin/login HTTP/1.1" 404 13585 "-" "Mozilla/5.0 (Windows NT 10.0; Win64; x64) AppleWebKit/537.36 (KHTML, like Gecko) Chrome/91.0.4472.124 Safari/537.36"
198.54.114.83 - - [15/Apr/2025:02:33:45 -0400] "POST /wp-cron.php?doing_wp_cron=1744698824.2478389739990234375000 HTTP/1.1" 200 0 "-" "WordPress/6.7.2; https://shahmeenaindustry.com"
154.83.103.202 - - [15/Apr/2025:02:33:44 -0400] "GET /admin/setup HTTP/1.1" 404 13585 "-" "Mozilla/5.0 (Windows NT 10.0; Win64; x64) AppleWebKit/537.36 (KHTML, like Gecko) Chrome/91.0.4472.124 Safari/537.36"
154.83.103.202 - - [15/Apr/2025:02:33:47 -0400] "GET /admin/upgrade HTTP/1.1" 301 0 "-" "Mozilla/5.0 (Windows NT 10.0; Win64; x64) AppleWebKit/537.36 (KHTML, like Gecko) Chrome/91.0.4472.124 Safari/537.36"
154.83.103.202 - - [15/Apr/2025:02:33:49 -0400] "GET /upgrade-your-conservatory-with-a-solid-conservatory-roof/ HTTP/1.1" 200 17416 "-" "Mozilla/5.0 (Windows NT 10.0; Win64; x64) AppleWebKit/537.36 (KHTML, like Gecko) Chrome/91.0.4472.124 Safari/537.36"
154.83.103.202 - - [15/Apr/2025:02:33:51 -0400] "GET /admin_backup HTTP/1.1" 404 13585 "-" "Mozilla/5.0 (Windows NT 10.0; Win64; x64) AppleWebKit/537.36 (KHTML, like Gecko) Chrome/91.0.4472.124 Safari/537.36"
154.83.103.202 - - [15/Apr/2025:02:33:54 -0400] "GET /admin_console HTTP/1.1" 404 13585 "-" "Mozilla/5.0 (Windows NT 10.0; Win64; x64) AppleWebKit/537.36 (KHTML, like Gecko) Chrome/91.0.4472.124 Safari/537.36"
154.83.103.202 - - [15/Apr/2025:02:33:56 -0400] "GET /admin_panel HTTP/1.1" 404 13586 "-" "Mozilla/5.0 (Windows NT 10.0; Win64; x64) AppleWebKit/537.36 (KHTML, like Gecko) Chrome/91.0.4472.124 Safari/537.36"
154.83.103.202 - - [15/Apr/2025:02:33:59 -0400] "GET /admincp HTTP/1.1" 404 13586 "-" "Mozilla/5.0 (Windows NT 10.0; Win64; x64) AppleWebKit/537.36 (KHTML, like Gecko) Chrome/91.0.4472.124 Safari/537.36"
154.83.103.202 - - [15/Apr/2025:02:34:01 -0400] "GET /adminer HTTP/1.1" 404 13585 "-" "Mozilla/5.0 (Windows NT 10.0; Win64; x64) AppleWebKit/537.36 (KHTML, like Gecko) Chrome/91.0.4472.124 Safari/537.36"
154.83.103.202 - - [15/Apr/2025:02:34:04 -0400] "GET /adminer.php HTTP/1.1" 404 13585 "-" "Mozilla/5.0 (Windows NT 10.0; Win64; x64) AppleWebKit/537.36 (KHTML, like Gecko) Chrome/91.0.4472.124 Safari/537.36"
154.83.103.202 - - [15/Apr/2025:02:34:06 -0400] "GET /administrator HTTP/1.1" 404 13585 "-" "Mozilla/5.0 (Windows NT 10.0; Win64; x64) AppleWebKit/537.36 (KHTML, like Gecko) Chrome/91.0.4472.124 Safari/537.36"
154.83.103.202 - - [15/Apr/2025:02:34:09 -0400] "GET /api/auth HTTP/1.1" 404 13585 "-" "Mozilla/5.0 (Windows NT 10.0; Win64; x64) AppleWebKit/537.36 (KHTML, like Gecko) Chrome/91.0.4472.124 Safari/537.36"
154.83.103.202 - - [15/Apr/2025:02:34:12 -0400] "GET /api/config HTTP/1.1" 404 13585 "-" "Mozilla/5.0 (Windows NT 10.0; Win64; x64) AppleWebKit/537.36 (KHTML, like Gecko) Chrome/91.0.4472.124 Safari/537.36"
154.83.103.202 - - [15/Apr/2025:02:34:16 -0400] "GET /api/credentials HTTP/1.1" 404 13585 "-" "Mozilla/5.0 (Windows NT 10.0; Win64; x64) AppleWebKit/537.36 (KHTML, like Gecko) Chrome/91.0.4472.124 Safari/537.36"
54.36.148.225 - - [15/Apr/2025:02:34:18 -0400] "GET /how-to-transform-your-body-with-a-personal-trainer/ HTTP/1.1" 200 18292 "-" "Mozilla/5.0 (compatible; AhrefsBot/7.0; +http://ahrefs.com/robot/)"
154.83.103.202 - - [15/Apr/2025:02:34:18 -0400] "GET /api/debug HTTP/1.1" 404 13586 "-" "Mozilla/5.0 (Windows NT 10.0; Win64; x64) AppleWebKit/537.36 (KHTML, like Gecko) Chrome/91.0.4472.124 Safari/537.36"
154.83.103.202 - - [15/Apr/2025:02:34:21 -0400] "GET /api/docs HTTP/1.1" 404 13585 "-" "Mozilla/5.0 (Windows NT 10.0; Win64; x64) AppleWebKit/537.36 (KHTML, like Gecko) Chrome/91.0.4472.124 Safari/537.36"
154.83.103.202 - - [15/Apr/2025:02:34:24 -0400] "GET /api/keys HTTP/1.1" 404 13585 "-" "Mozilla/5.0 (Windows NT 10.0; Win64; x64) AppleWebKit/537.36 (KHTML, like Gecko) Chrome/91.0.4472.124 Safari/537.36"
154.83.103.202 - - [15/Apr/2025:02:34:26 -0400] "GET /api/login HTTP/1.1" 404 13586 "-" "Mozilla/5.0 (Windows NT 10.0; Win64; x64) AppleWebKit/537.36 (KHTML, like Gecko) Chrome/91.0.4472.124 Safari/537.36"
154.83.103.202 - - [15/Apr/2025:02:34:30 -0400] "GET /api/register HTTP/1.1" 404 13585 "-" "Mozilla/5.0 (Windows NT 10.0; Win64; x64) AppleWebKit/537.36 (KHTML, like Gecko) Chrome/91.0.4472.124 Safari/537.36"
154.83.103.202 - - [15/Apr/2025:02:34:32 -0400] "GET /api/token HTTP/1.1" 404 13585 "-" "Mozilla/5.0 (Windows NT 10.0; Win64; x64) AppleWebKit/537.36 (KHTML, like Gecko) Chrome/91.0.4472.124 Safari/537.36"
154.83.103.202 - - [15/Apr/2025:02:34:36 -0400] "GET /api/user HTTP/1.1" 404 13586 "-" "Mozilla/5.0 (Windows NT 10.0; Win64; x64) AppleWebKit/537.36 (KHTML, like Gecko) Chrome/91.0.4472.124 Safari/537.36"
154.83.103.202 - - [15/Apr/2025:02:34:38 -0400] "GET /api/.env HTTP/1.1" 403 1242 "-" "Mozilla/5.0 (Windows NT 10.0; Win64; x64) AppleWebKit/537.36 (KHTML, like Gecko) Chrome/91.0.4472.124 Safari/537.36"
154.83.103.202 - - [15/Apr/2025:02:34:40 -0400] "GET /app.js HTTP/1.1" 404 13585 "-" "Mozilla/5.0 (Windows NT 10.0; Win64; x64) AppleWebKit/537.36 (KHTML, like Gecko) Chrome/91.0.4472.124 Safari/537.36"
154.83.103.202 - - [15/Apr/2025:02:34:43 -0400] "GET /app/bootstrap.php HTTP/1.1" 404 13585 "-" "Mozilla/5.0 (Windows NT 10.0; Win64; x64) AppleWebKit/537.36 (KHTML, like Gecko) Chrome/91.0.4472.124 Safari/537.36"
154.83.103.202 - - [15/Apr/2025:02:34:45 -0400] "GET /.env.production HTTP/1.1" 403 1242 "-" "Mozilla/5.0 (Windows NT 10.0; Win64; x64) AppleWebKit/537.36 (KHTML, like Gecko) Chrome/91.0.4472.124 Safari/537.36"
154.83.103.202 - - [15/Apr/2025:02:34:46 -0400] "GET /.env.test HTTP/1.1" 403 1242 "-" "Mozilla/5.0 (Windows NT 10.0; Win64; x64) AppleWebKit/537.36 (KHTML, like Gecko) Chrome/91.0.4472.124 Safari/537.36"
198.54.114.83 - - [15/Apr/2025:02:34:48 -0400] "POST /wp-cron.php?doing_wp_cron=1744698887.9068589210510253906250 HTTP/1.1" 200 0 "-" "WordPress/6.7.2; https://shahmeenaindustry.com"
154.83.103.202 - - [15/Apr/2025:02:34:47 -0400] "GET /.stripe/ HTTP/1.1" 404 13585 "-" "Mozilla/5.0 (Windows NT 10.0; Win64; x64) AppleWebKit/537.36 (KHTML, like Gecko) Chrome/91.0.4472.124 Safari/537.36"
198.54.114.83 - - [15/Apr/2025:02:34:50 -0400] "POST /wp-admin/admin-ajax.php?action=async_litespeed&nonce=cl32OtkrmKcc2s7zRxrSsfVYxknCFd3X&litespeed_type=imgoptm HTTP/1.1" 200 0 "-" "WordPress/6.7.2; https://shahmeenaindustry.com"
154.83.103.202 - - [15/Apr/2025:02:34:51 -0400] "GET /.well-known/stripe.txt HTTP/1.1" 404 13585 "-" "Mozilla/5.0 (Windows NT 10.0; Win64; x64) AppleWebKit/537.36 (KHTML, like Gecko) Chrome/91.0.4472.124 Safari/537.36"
154.83.103.202 - - [15/Apr/2025:02:34:54 -0400] "GET /application.properties HTTP/1.1" 404 13586 "-" "Mozilla/5.0 (Windows NT 10.0; Win64; x64) AppleWebKit/537.36 (KHTML, like Gecko) Chrome/91.0.4472.124 Safari/537.36"
154.83.103.202 - - [15/Apr/2025:02:34:58 -0400] "GET /application.yml HTTP/1.1" 404 13585 "-" "Mozilla/5.0 (Windows NT 10.0; Win64; x64) AppleWebKit/537.36 (KHTML, like Gecko) Chrome/91.0.4472.124 Safari/537.36"
154.83.103.202 - - [15/Apr/2025:02:35:06 -0400] "GET /client/stripe.config.js HTTP/1.1" 404 13586 "-" "Mozilla/5.0 (Windows NT 10.0; Win64; x64) AppleWebKit/537.36 (KHTML, like Gecko) Chrome/91.0.4472.124 Safari/537.36"
47.79.200.89 - - [15/Apr/2025:02:35:09 -0400] "GET / HTTP/1.1" 200 18239 "https://www.google.com/" "Mozilla/5.0 (Linux; Android 10; K) AppleWebKit/537.36 (KHTML, like Gecko) Chrome/132.0.0.0 Mobile Safari/537.36"
154.83.103.202 - - [15/Apr/2025:02:35:12 -0400] "GET /config/services.php HTTP/1.1" 404 13585 "-" "Mozilla/5.0 (Windows NT 10.0; Win64; x64) AppleWebKit/537.36 (KHTML, like Gecko) Chrome/91.0.4472.124 Safari/537.36"
154.83.103.202 - - [15/Apr/2025:02:35:17 -0400] "GET /config/stripe.json HTTP/1.1" 404 13586 "-" "Mozilla/5.0 (Windows NT 10.0; Win64; x64) AppleWebKit/537.36 (KHTML, like Gecko) Chrome/91.0.4472.124 Safari/537.36"
154.83.103.202 - - [15/Apr/2025:02:35:22 -0400] "GET /config/stripe.php HTTP/1.1" 404 13585 "-" "Mozilla/5.0 (Windows NT 10.0; Win64; x64) AppleWebKit/537.36 (KHTML, like Gecko) Chrome/91.0.4472.124 Safari/537.36"
154.83.103.202 - - [15/Apr/2025:02:35:27 -0400] "GET /config/stripe.yaml HTTP/1.1" 404 13586 "-" "Mozilla/5.0 (Windows NT 10.0; Win64; x64) AppleWebKit/537.36 (KHTML, like Gecko) Chrome/91.0.4472.124 Safari/537.36"
154.83.103.202 - - [15/Apr/2025:02:35:31 -0400] "GET /public/stripe.js HTTP/1.1" 404 13585 "-" "Mozilla/5.0 (Windows NT 10.0; Win64; x64) AppleWebKit/537.36 (KHTML, like Gecko) Chrome/91.0.4472.124 Safari/537.36"
198.54.114.83 - - [15/Apr/2025:02:35:34 -0400] "POST /wp-cron.php?doing_wp_cron=1744698932.1301369667053222656250 HTTP/1.1" 200 0 "-" "WordPress/6.7.2; https://shahmeenaindustry.com"
154.83.103.202 - - [15/Apr/2025:02:35:36 -0400] "GET /settings.py HTTP/1.1" 404 13586 "-" "Mozilla/5.0 (Windows NT 10.0; Win64; x64) AppleWebKit/537.36 (KHTML, like Gecko) Chrome/91.0.4472.124 Safari/537.36"
154.83.103.202 - - [15/Apr/2025:02:35:38 -0400] "GET /src/config/stripe.js HTTP/1.1" 404 13586 "-" "Mozilla/5.0 (Windows NT 10.0; Win64; x64) AppleWebKit/537.36 (KHTML, like Gecko) Chrome/91.0.4472.124 Safari/537.36"
154.83.103.202 - - [15/Apr/2025:02:35:41 -0400] "GET /src/config/stripe.ts HTTP/1.1" 404 13585 "-" "Mozilla/5.0 (Windows NT 10.0; Win64; x64) AppleWebKit/537.36 (KHTML, like Gecko) Chrome/91.0.4472.124 Safari/537.36"
154.83.103.202 - - [15/Apr/2025:02:35:43 -0400] "GET /stripe-credentials.json HTTP/1.1" 404 13585 "-" "Mozilla/5.0 (Windows NT 10.0; Win64; x64) AppleWebKit/537.36 (KHTML, like Gecko) Chrome/91.0.4472.124 Safari/537.36"
154.83.103.202 - - [15/Apr/2025:02:35:46 -0400] "GET /stripe-keys.json HTTP/1.1" 404 13586 "-" "Mozilla/5.0 (Windows NT 10.0; Win64; x64) AppleWebKit/537.36 (KHTML, like Gecko) Chrome/91.0.4472.124 Safari/537.36"
154.83.103.202 - - [15/Apr/2025:02:35:50 -0400] "GET /stripe.config.js HTTP/1.1" 404 13585 "-" "Mozilla/5.0 (Windows NT 10.0; Win64; x64) AppleWebKit/537.36 (KHTML, like Gecko) Chrome/91.0.4472.124 Safari/537.36"
154.83.103.202 - - [15/Apr/2025:02:35:53 -0400] "GET /stripe.env HTTP/1.1" 404 13585 "-" "Mozilla/5.0 (Windows NT 10.0; Win64; x64) AppleWebKit/537.36 (KHTML, like Gecko) Chrome/91.0.4472.124 Safari/537.36"
154.83.103.202 - - [15/Apr/2025:02:35:55 -0400] "GET /stripe.json HTTP/1.1" 404 13585 "-" "Mozilla/5.0 (Windows NT 10.0; Win64; x64) AppleWebKit/537.36 (KHTML, like Gecko) Chrome/91.0.4472.124 Safari/537.36"
154.83.103.202 - - [15/Apr/2025:02:35:57 -0400] "GET /stripe.yaml HTTP/1.1" 404 13586 "-" "Mozilla/5.0 (Windows NT 10.0; Win64; x64) AppleWebKit/537.36 (KHTML, like Gecko) Chrome/91.0.4472.124 Safari/537.36"
154.83.103.202 - - [15/Apr/2025:02:36:00 -0400] "GET /app/etc/env.php HTTP/1.1" 404 13585 "-" "Mozilla/5.0 (Windows NT 10.0; Win64; x64) AppleWebKit/537.36 (KHTML, like Gecko) Chrome/91.0.4472.124 Safari/537.36"
154.83.103.202 - - [15/Apr/2025:02:36:01 -0400] "GET /appsettings.json HTTP/1.1" 404 13585 "-" "Mozilla/5.0 (Windows NT 10.0; Win64; x64) AppleWebKit/537.36 (KHTML, like Gecko) Chrome/91.0.4472.124 Safari/537.36"
154.83.103.202 - - [15/Apr/2025:02:36:04 -0400] "GET /auth HTTP/1.1" 404 13585 "-" "Mozilla/5.0 (Windows NT 10.0; Win64; x64) AppleWebKit/537.36 (KHTML, like Gecko) Chrome/91.0.4472.124 Safari/537.36"
154.83.103.202 - - [15/Apr/2025:02:36:06 -0400] "GET /auth.php HTTP/1.1" 404 13586 "-" "Mozilla/5.0 (Windows NT 10.0; Win64; x64) AppleWebKit/537.36 (KHTML, like Gecko) Chrome/91.0.4472.124 Safari/537.36"
154.83.103.202 - - [15/Apr/2025:02:36:08 -0400] "GET /backend HTTP/1.1" 404 13586 "-" "Mozilla/5.0 (Windows NT 10.0; Win64; x64) AppleWebKit/537.36 (KHTML, like Gecko) Chrome/91.0.4472.124 Safari/537.36"
154.83.103.202 - - [15/Apr/2025:02:36:10 -0400] "GET /backup.rar HTTP/1.1" 404 13585 "-" "Mozilla/5.0 (Windows NT 10.0; Win64; x64) AppleWebKit/537.36 (KHTML, like Gecko) Chrome/91.0.4472.124 Safari/537.36"
154.83.103.202 - - [15/Apr/2025:02:36:13 -0400] "GET /backup.sql HTTP/1.1" 404 13585 "-" "Mozilla/5.0 (Windows NT 10.0; Win64; x64) AppleWebKit/537.36 (KHTML, like Gecko) Chrome/91.0.4472.124 Safari/537.36"
154.83.103.202 - - [15/Apr/2025:02:36:17 -0400] "GET /backup.tar HTTP/1.1" 404 13586 "-" "Mozilla/5.0 (Windows NT 10.0; Win64; x64) AppleWebKit/537.36 (KHTML, like Gecko) Chrome/91.0.4472.124 Safari/537.36"
154.83.103.202 - - [15/Apr/2025:02:36:20 -0400] "GET /backup.zip HTTP/1.1" 404 13585 "-" "Mozilla/5.0 (Windows NT 10.0; Win64; x64) AppleWebKit/537.36 (KHTML, like Gecko) Chrome/91.0.4472.124 Safari/537.36"
154.83.103.202 - - [15/Apr/2025:02:36:24 -0400] "GET /bootstrap/cache/ HTTP/1.1" 301 0 "-" "Mozilla/5.0 (Windows NT 10.0; Win64; x64) AppleWebKit/537.36 (KHTML, like Gecko) Chrome/91.0.4472.124 Safari/537.36"
154.83.103.202 - - [15/Apr/2025:02:36:25 -0400] "GET /cache-level-3-and-early-learning-centre/ HTTP/1.1" 200 17391 "-" "Mozilla/5.0 (Windows NT 10.0; Win64; x64) AppleWebKit/537.36 (KHTML, like Gecko) Chrome/91.0.4472.124 Safari/537.36"
154.83.103.202 - - [15/Apr/2025:02:36:28 -0400] "GET /bower_components/ HTTP/1.1" 404 13585 "-" "Mozilla/5.0 (Windows NT 10.0; Win64; x64) AppleWebKit/537.36 (KHTML, like Gecko) Chrome/91.0.4472.124 Safari/537.36"
154.83.103.202 - - [15/Apr/2025:02:36:31 -0400] "GET /build.gradle HTTP/1.1" 404 13585 "-" "Mozilla/5.0 (Windows NT 10.0; Win64; x64) AppleWebKit/537.36 (KHTML, like Gecko) Chrome/91.0.4472.124 Safari/537.36"
154.83.103.202 - - [15/Apr/2025:02:36:33 -0400] "GET /cgi-bin/ HTTP/1.1" 500 77 "-" "Mozilla/5.0 (Windows NT 10.0; Win64; x64) AppleWebKit/537.36 (KHTML, like Gecko) Chrome/91.0.4472.124 Safari/537.36"
154.83.103.202 - - [15/Apr/2025:02:36:34 -0400] "GET /cms-admin HTTP/1.1" 404 13586 "-" "Mozilla/5.0 (Windows NT 10.0; Win64; x64) AppleWebKit/537.36 (KHTML, like Gecko) Chrome/91.0.4472.124 Safari/537.36"
198.54.114.83 - - [15/Apr/2025:02:36:37 -0400] "POST /wp-cron.php?doing_wp_cron=1744698994.6864919662475585937500 HTTP/1.1" 200 0 "-" "WordPress/6.7.2; https://shahmeenaindustry.com"
154.83.103.202 - - [15/Apr/2025:02:36:38 -0400] "GET /composer.lock HTTP/1.1" 403 1242 "-" "Mozilla/5.0 (Windows NT 10.0; Win64; x64) AppleWebKit/537.36 (KHTML, like Gecko) Chrome/91.0.4472.124 Safari/537.36"
154.83.103.202 - - [15/Apr/2025:02:36:41 -0400] "GET /config.bak HTTP/1.1" 404 13585 "-" "Mozilla/5.0 (Windows NT 10.0; Win64; x64) AppleWebKit/537.36 (KHTML, like Gecko) Chrome/91.0.4472.124 Safari/537.36"
154.83.103.202 - - [15/Apr/2025:02:36:43 -0400] "GET /config.ini HTTP/1.1" 404 13585 "-" "Mozilla/5.0 (Windows NT 10.0; Win64; x64) AppleWebKit/537.36 (KHTML, like Gecko) Chrome/91.0.4472.124 Safari/537.36"
154.83.103.202 - - [15/Apr/2025:02:36:46 -0400] "GET /config.json HTTP/1.1" 404 13586 "-" "Mozilla/5.0 (Windows NT 10.0; Win64; x64) AppleWebKit/537.36 (KHTML, like Gecko) Chrome/91.0.4472.124 Safari/537.36"
154.83.103.202 - - [15/Apr/2025:02:36:48 -0400] "GET /config.old HTTP/1.1" 404 13585 "-" "Mozilla/5.0 (Windows NT 10.0; Win64; x64) AppleWebKit/537.36 (KHTML, like Gecko) Chrome/91.0.4472.124 Safari/537.36"
154.83.103.202 - - [15/Apr/2025:02:36:52 -0400] "GET /config.php HTTP/1.1" 404 13585 "-" "Mozilla/5.0 (Windows NT 10.0; Win64; x64) AppleWebKit/537.36 (KHTML, like Gecko) Chrome/91.0.4472.124 Safari/537.36"
154.83.103.202 - - [15/Apr/2025:02:36:55 -0400] "GET /config.php.save HTTP/1.1" 404 13586 "-" "Mozilla/5.0 (Windows NT 10.0; Win64; x64) AppleWebKit/537.36 (KHTML, like Gecko) Chrome/91.0.4472.124 Safari/537.36"
154.83.103.202 - - [15/Apr/2025:02:36:57 -0400] "GET /config.php~ HTTP/1.1" 404 13586 "-" "Mozilla/5.0 (Windows NT 10.0; Win64; x64) AppleWebKit/537.36 (KHTML, like Gecko) Chrome/91.0.4472.124 Safari/537.36"
154.83.103.202 - - [15/Apr/2025:02:37:00 -0400] "GET /config.yaml HTTP/1.1" 404 13586 "-" "Mozilla/5.0 (Windows NT 10.0; Win64; x64) AppleWebKit/537.36 (KHTML, like Gecko) Chrome/91.0.4472.124 Safari/537.36"
154.83.103.202 - - [15/Apr/2025:02:37:02 -0400] "GET /config.yml HTTP/1.1" 404 13586 "-" "Mozilla/5.0 (Windows NT 10.0; Win64; x64) AppleWebKit/537.36 (KHTML, like Gecko) Chrome/91.0.4472.124 Safari/537.36"
154.83.103.202 - - [15/Apr/2025:02:37:04 -0400] "GET /config/app.php HTTP/1.1" 404 13586 "-" "Mozilla/5.0 (Windows NT 10.0; Win64; x64) AppleWebKit/537.36 (KHTML, like Gecko) Chrome/91.0.4472.124 Safari/537.36"
154.83.103.202 - - [15/Apr/2025:02:37:06 -0400] "GET /config/database.php HTTP/1.1" 404 13586 "-" "Mozilla/5.0 (Windows NT 10.0; Win64; x64) AppleWebKit/537.36 (KHTML, like Gecko) Chrome/91.0.4472.124 Safari/537.36"
154.83.103.202 - - [15/Apr/2025:02:37:08 -0400] "GET /config/database.yml HTTP/1.1" 404 13586 "-" "Mozilla/5.0 (Windows NT 10.0; Win64; x64) AppleWebKit/537.36 (KHTML, like Gecko) Chrome/91.0.4472.124 Safari/537.36"
154.83.103.202 - - [15/Apr/2025:02:37:10 -0400] "GET /config/secrets.yml HTTP/1.1" 404 13586 "-" "Mozilla/5.0 (Windows NT 10.0; Win64; x64) AppleWebKit/537.36 (KHTML, like Gecko) Chrome/91.0.4472.124 Safari/537.36"
154.83.103.202 - - [15/Apr/2025:02:37:13 -0400] "GET /console HTTP/1.1" 404 13586 "-" "Mozilla/5.0 (Windows NT 10.0; Win64; x64) AppleWebKit/537.36 (KHTML, like Gecko) Chrome/91.0.4472.124 Safari/537.36"
154.83.103.202 - - [15/Apr/2025:02:37:31 -0400] "GET /consul HTTP/1.1" 500 905 "-" "Mozilla/5.0 (Windows NT 10.0; Win64; x64) AppleWebKit/537.36 (KHTML, like Gecko) Chrome/91.0.4472.124 Safari/537.36"
154.83.103.202 - - [15/Apr/2025:02:37:31 -0400] "GET /controlpanel HTTP/1.1" 301 0 "-" "Mozilla/5.0 (Windows NT 10.0; Win64; x64) AppleWebKit/537.36 (KHTML, like Gecko) Chrome/91.0.4472.124 Safari/537.36"
198.54.114.83 - - [15/Apr/2025:02:37:50 -0400] "POST /wp-cron.php?doing_wp_cron=1744699070.4571690559387207031250 HTTP/1.1" 200 0 "-" "WordPress/6.7.2; https://shahmeenaindustry.com"
198.54.114.83 - - [15/Apr/2025:02:37:51 -0400] "POST /wp-admin/admin-ajax.php?action=async_litespeed&nonce=oPW6LrnH1lFx9oYossuqpN2QueFmp0sF&litespeed_type=imgoptm HTTP/1.1" 200 0 "-" "WordPress/6.7.2; https://shahmeenaindustry.com"
154.83.103.202 - - [15/Apr/2025:02:37:49 -0400] "GET /core/lib/Drupal.php HTTP/1.1" 404 13586 "-" "Mozilla/5.0 (Windows NT 10.0; Win64; x64) AppleWebKit/537.36 (KHTML, like Gecko) Chrome/91.0.4472.124 Safari/537.36"
154.83.103.202 - - [15/Apr/2025:02:37:52 -0400] "GET /cpanel HTTP/1.1" 301 0 "-" "Mozilla/5.0 (Windows NT 10.0; Win64; x64) AppleWebKit/537.36 (KHTML, like Gecko) Chrome/91.0.4472.124 Safari/537.36"
154.83.103.202 - - [15/Apr/2025:02:38:13 -0400] "GET /credentials.json HTTP/1.1" 404 13586 "-" "Mozilla/5.0 (Windows NT 10.0; Win64; x64) AppleWebKit/537.36 (KHTML, like Gecko) Chrome/91.0.4472.124 Safari/537.36"
154.83.103.202 - - [15/Apr/2025:02:38:15 -0400] "GET /dashboard HTTP/1.1" 302 0 "-" "Mozilla/5.0 (Windows NT 10.0; Win64; x64) AppleWebKit/537.36 (KHTML, like Gecko) Chrome/91.0.4472.124 Safari/537.36"
154.83.103.202 - - [15/Apr/2025:02:38:21 -0400] "GET /wp-admin/ HTTP/1.1" 302 0 "-" "Mozilla/5.0 (Windows NT 10.0; Win64; x64) AppleWebKit/537.36 (KHTML, like Gecko) Chrome/91.0.4472.124 Safari/537.36"
154.83.103.202 - - [15/Apr/2025:02:38:25 -0400] "GET /wp-login.php?redirect_to=https%3A%2F%2Fshahmeenaindustry.com%2Fwp-admin%2F&reauth=1 HTTP/1.1" 200 1730 "-" "Mozilla/5.0 (Windows NT 10.0; Win64; x64) AppleWebKit/537.36 (KHTML, like Gecko) Chrome/91.0.4472.124 Safari/537.36"
154.83.103.202 - - [15/Apr/2025:02:38:29 -0400] "GET /dashboard-admin HTTP/1.1" 404 13586 "-" "Mozilla/5.0 (Windows NT 10.0; Win64; x64) AppleWebKit/537.36 (KHTML, like Gecko) Chrome/91.0.4472.124 Safari/537.36"
154.83.103.202 - - [15/Apr/2025:02:38:32 -0400] "GET /database.sql HTTP/1.1" 404 13586 "-" "Mozilla/5.0 (Windows NT 10.0; Win64; x64) AppleWebKit/537.36 (KHTML, like Gecko) Chrome/91.0.4472.124 Safari/537.36"
198.54.114.83 - - [15/Apr/2025:02:38:34 -0400] "POST /wp-cron.php?doing_wp_cron=1744699112.8356709480285644531250 HTTP/1.1" 200 0 "-" "WordPress/6.7.2; https://shahmeenaindustry.com"
154.83.103.202 - - [15/Apr/2025:02:38:36 -0400] "GET /db.bak HTTP/1.1" 404 13586 "-" "Mozilla/5.0 (Windows NT 10.0; Win64; x64) AppleWebKit/537.36 (KHTML, like Gecko) Chrome/91.0.4472.124 Safari/537.36"
154.83.103.202 - - [15/Apr/2025:02:38:38 -0400] "GET /db.old HTTP/1.1" 404 13586 "-" "Mozilla/5.0 (Windows NT 10.0; Win64; x64) AppleWebKit/537.36 (KHTML, like Gecko) Chrome/91.0.4472.124 Safari/537.36"
154.83.103.202 - - [15/Apr/2025:02:38:40 -0400] "GET /db.sql HTTP/1.1" 404 13586 "-" "Mozilla/5.0 (Windows NT 10.0; Win64; x64) AppleWebKit/537.36 (KHTML, like Gecko) Chrome/91.0.4472.124 Safari/537.36"
154.83.103.202 - - [15/Apr/2025:02:38:42 -0400] "GET /dbadmin HTTP/1.1" 404 13586 "-" "Mozilla/5.0 (Windows NT 10.0; Win64; x64) AppleWebKit/537.36 (KHTML, like Gecko) Chrome/91.0.4472.124 Safari/537.36"
154.83.103.202 - - [15/Apr/2025:02:38:45 -0400] "GET /debug HTTP/1.1" 404 13586 "-" "Mozilla/5.0 (Windows NT 10.0; Win64; x64) AppleWebKit/537.36 (KHTML, like Gecko) Chrome/91.0.4472.124 Safari/537.36"
154.83.103.202 - - [15/Apr/2025:02:38:48 -0400] "GET /debug.log HTTP/1.1" 404 13586 "-" "Mozilla/5.0 (Windows NT 10.0; Win64; x64) AppleWebKit/537.36 (KHTML, like Gecko) Chrome/91.0.4472.124 Safari/537.36"
154.83.103.202 - - [15/Apr/2025:02:38:50 -0400] "GET /debug.php HTTP/1.1" 404 13586 "-" "Mozilla/5.0 (Windows NT 10.0; Win64; x64) AppleWebKit/537.36 (KHTML, like Gecko) Chrome/91.0.4472.124 Safari/537.36"
154.83.103.202 - - [15/Apr/2025:02:38:52 -0400] "GET /debug/vars HTTP/1.1" 404 13586 "-" "Mozilla/5.0 (Windows NT 10.0; Win64; x64) AppleWebKit/537.36 (KHTML, like Gecko) Chrome/91.0.4472.124 Safari/537.36"
154.83.103.202 - - [15/Apr/2025:02:38:53 -0400] "GET /default.conf HTTP/1.1" 404 13586 "-" "Mozilla/5.0 (Windows NT 10.0; Win64; x64) AppleWebKit/537.36 (KHTML, like Gecko) Chrome/91.0.4472.124 Safari/537.36"
154.83.103.202 - - [15/Apr/2025:02:38:55 -0400] "GET /dev.js HTTP/1.1" 404 13586 "-" "Mozilla/5.0 (Windows NT 10.0; Win64; x64) AppleWebKit/537.36 (KHTML, like Gecko) Chrome/91.0.4472.124 Safari/537.36"
154.83.103.202 - - [15/Apr/2025:02:38:57 -0400] "GET /dev.php HTTP/1.1" 404 13586 "-" "Mozilla/5.0 (Windows NT 10.0; Win64; x64) AppleWebKit/537.36 (KHTML, like Gecko) Chrome/91.0.4472.124 Safari/537.36"
154.83.103.202 - - [15/Apr/2025:02:38:59 -0400] "GET /drupal/ HTTP/1.1" 404 13586 "-" "Mozilla/5.0 (Windows NT 10.0; Win64; x64) AppleWebKit/537.36 (KHTML, like Gecko) Chrome/91.0.4472.124 Safari/537.36"
154.83.103.202 - - [15/Apr/2025:02:39:02 -0400] "GET /drupal/admin HTTP/1.1" 404 13586 "-" "Mozilla/5.0 (Windows NT 10.0; Win64; x64) AppleWebKit/537.36 (KHTML, like Gecko) Chrome/91.0.4472.124 Safari/537.36"
154.83.103.202 - - [15/Apr/2025:02:39:04 -0400] "GET /drupal/user HTTP/1.1" 404 13586 "-" "Mozilla/5.0 (Windows NT 10.0; Win64; x64) AppleWebKit/537.36 (KHTML, like Gecko) Chrome/91.0.4472.124 Safari/537.36"
154.83.103.202 - - [15/Apr/2025:02:39:06 -0400] "GET /dump.bak HTTP/1.1" 404 13586 "-" "Mozilla/5.0 (Windows NT 10.0; Win64; x64) AppleWebKit/537.36 (KHTML, like Gecko) Chrome/91.0.4472.124 Safari/537.36"
154.83.103.202 - - [15/Apr/2025:02:39:08 -0400] "GET /dump.old HTTP/1.1" 404 13586 "-" "Mozilla/5.0 (Windows NT 10.0; Win64; x64) AppleWebKit/537.36 (KHTML, like Gecko) Chrome/91.0.4472.124 Safari/537.36"
154.83.103.202 - - [15/Apr/2025:02:39:09 -0400] "GET /dump.sql HTTP/1.1" 404 13586 "-" "Mozilla/5.0 (Windows NT 10.0; Win64; x64) AppleWebKit/537.36 (KHTML, like Gecko) Chrome/91.0.4472.124 Safari/537.36"
154.83.103.202 - - [15/Apr/2025:02:39:11 -0400] "GET /dump.tar.gz HTTP/1.1" 404 13586 "-" "Mozilla/5.0 (Windows NT 10.0; Win64; x64) AppleWebKit/537.36 (KHTML, like Gecko) Chrome/91.0.4472.124 Safari/537.36"
154.83.103.202 - - [15/Apr/2025:02:39:13 -0400] "GET /dump.zip HTTP/1.1" 404 13586 "-" "Mozilla/5.0 (Windows NT 10.0; Win64; x64) AppleWebKit/537.36 (KHTML, like Gecko) Chrome/91.0.4472.124 Safari/537.36"
154.83.103.202 - - [15/Apr/2025:02:39:38 -0400] "GET /etc/mysql/my.cnf HTTP/1.1" 404 13586 "-" "Mozilla/5.0 (Windows NT 10.0; Win64; x64) AppleWebKit/537.36 (KHTML, like Gecko) Chrome/91.0.4472.124 Safari/537.36"
154.83.103.202 - - [15/Apr/2025:02:39:41 -0400] "GET /etc/nginx/nginx.conf HTTP/1.1" 404 13586 "-" "Mozilla/5.0 (Windows NT 10.0; Win64; x64) AppleWebKit/537.36 (KHTML, like Gecko) Chrome/91.0.4472.124 Safari/537.36"
154.83.103.202 - - [15/Apr/2025:02:39:43 -0400] "GET /etc/postgresql/14/main/pg_hba.conf HTTP/1.1" 404 13586 "-" "Mozilla/5.0 (Windows NT 10.0; Win64; x64) AppleWebKit/537.36 (KHTML, like Gecko) Chrome/91.0.4472.124 Safari/537.36"
154.83.103.202 - - [15/Apr/2025:02:39:46 -0400] "GET /etc/postgresql/14/main/postgresql.conf HTTP/1.1" 404 13586 "-" "Mozilla/5.0 (Windows NT 10.0; Win64; x64) AppleWebKit/537.36 (KHTML, like Gecko) Chrome/91.0.4472.124 Safari/537.36"
154.83.103.202 - - [15/Apr/2025:02:39:48 -0400] "GET /etcd HTTP/1.1" 404 13586 "-" "Mozilla/5.0 (Windows NT 10.0; Win64; x64) AppleWebKit/537.36 (KHTML, like Gecko) Chrome/91.0.4472.124 Safari/537.36"
154.83.103.202 - - [15/Apr/2025:02:39:50 -0400] "GET /firebase.json HTTP/1.1" 404 13586 "-" "Mozilla/5.0 (Windows NT 10.0; Win64; x64) AppleWebKit/537.36 (KHTML, like Gecko) Chrome/91.0.4472.124 Safari/537.36"
154.83.103.202 - - [15/Apr/2025:02:39:53 -0400] "GET /go.sum HTTP/1.1" 404 13586 "-" "Mozilla/5.0 (Windows NT 10.0; Win64; x64) AppleWebKit/537.36 (KHTML, like Gecko) Chrome/91.0.4472.124 Safari/537.36"
154.83.103.202 - - [15/Apr/2025:02:39:55 -0400] "GET /grafana HTTP/1.1" 404 13586 "-" "Mozilla/5.0 (Windows NT 10.0; Win64; x64) AppleWebKit/537.36 (KHTML, like Gecko) Chrome/91.0.4472.124 Safari/537.36"
154.83.103.202 - - [15/Apr/2025:02:39:57 -0400] "GET /icons/ HTTP/1.1" 404 13586 "-" "Mozilla/5.0 (Windows NT 10.0; Win64; x64) AppleWebKit/537.36 (KHTML, like Gecko) Chrome/91.0.4472.124 Safari/537.36"
154.83.103.202 - - [15/Apr/2025:02:39:58 -0400] "GET /id_rsa HTTP/1.1" 404 13586 "-" "Mozilla/5.0 (Windows NT 10.0; Win64; x64) AppleWebKit/537.36 (KHTML, like Gecko) Chrome/91.0.4472.124 Safari/537.36"
154.83.103.202 - - [15/Apr/2025:02:40:01 -0400] "GET /id_rsa.pub HTTP/1.1" 404 13585 "-" "Mozilla/5.0 (Windows NT 10.0; Win64; x64) AppleWebKit/537.36 (KHTML, like Gecko) Chrome/91.0.4472.124 Safari/537.36"
154.83.103.202 - - [15/Apr/2025:02:40:04 -0400] "GET /index.bak HTTP/1.1" 404 13585 "-" "Mozilla/5.0 (Windows NT 10.0; Win64; x64) AppleWebKit/537.36 (KHTML, like Gecko) Chrome/91.0.4472.124 Safari/537.36"
154.83.103.202 - - [15/Apr/2025:02:40:07 -0400] "GET /index.php.bak HTTP/1.1" 404 13586 "-" "Mozilla/5.0 (Windows NT 10.0; Win64; x64) AppleWebKit/537.36 (KHTML, like Gecko) Chrome/91.0.4472.124 Safari/537.36"
154.83.103.202 - - [15/Apr/2025:02:40:09 -0400] "GET /index.php~ HTTP/1.1" 404 13585 "-" "Mozilla/5.0 (Windows NT 10.0; Win64; x64) AppleWebKit/537.36 (KHTML, like Gecko) Chrome/91.0.4472.124 Safari/537.36"
154.83.103.202 - - [15/Apr/2025:02:40:11 -0400] "GET /info.php HTTP/1.1" 404 13585 "-" "Mozilla/5.0 (Windows NT 10.0; Win64; x64) AppleWebKit/537.36 (KHTML, like Gecko) Chrome/91.0.4472.124 Safari/537.36"
154.83.103.202 - - [15/Apr/2025:02:40:13 -0400] "GET /install.php HTTP/1.1" 404 13585 "-" "Mozilla/5.0 (Windows NT 10.0; Win64; x64) AppleWebKit/537.36 (KHTML, like Gecko) Chrome/91.0.4472.124 Safari/537.36"
154.83.103.202 - - [15/Apr/2025:02:40:14 -0400] "GET /jenkins HTTP/1.1" 404 13585 "-" "Mozilla/5.0 (Windows NT 10.0; Win64; x64) AppleWebKit/537.36 (KHTML, like Gecko) Chrome/91.0.4472.124 Safari/537.36"
154.83.103.202 - - [15/Apr/2025:02:40:17 -0400] "GET /joomla/ HTTP/1.1" 404 13586 "-" "Mozilla/5.0 (Windows NT 10.0; Win64; x64) AppleWebKit/537.36 (KHTML, like Gecko) Chrome/91.0.4472.124 Safari/537.36"
154.83.103.202 - - [15/Apr/2025:02:40:20 -0400] "GET /key.pem HTTP/1.1" 404 13585 "-" "Mozilla/5.0 (Windows NT 10.0; Win64; x64) AppleWebKit/537.36 (KHTML, like Gecko) Chrome/91.0.4472.124 Safari/537.36"
154.83.103.202 - - [15/Apr/2025:02:40:21 -0400] "GET /kibana HTTP/1.1" 404 13585 "-" "Mozilla/5.0 (Windows NT 10.0; Win64; x64) AppleWebKit/537.36 (KHTML, like Gecko) Chrome/91.0.4472.124 Safari/537.36"
154.83.103.202 - - [15/Apr/2025:02:40:23 -0400] "GET /license.txt HTTP/1.1" 200 6870 "-" "Mozilla/5.0 (Windows NT 10.0; Win64; x64) AppleWebKit/537.36 (KHTML, like Gecko) Chrome/91.0.4472.124 Safari/537.36"
154.83.103.202 - - [15/Apr/2025:02:40:24 -0400] "GET /local_settings.py HTTP/1.1" 404 13585 "-" "Mozilla/5.0 (Windows NT 10.0; Win64; x64) AppleWebKit/537.36 (KHTML, like Gecko) Chrome/91.0.4472.124 Safari/537.36"
154.83.103.202 - - [15/Apr/2025:02:40:25 -0400] "GET /login HTTP/1.1" 302 0 "-" "Mozilla/5.0 (Windows NT 10.0; Win64; x64) AppleWebKit/537.36 (KHTML, like Gecko) Chrome/91.0.4472.124 Safari/537.36"
154.83.103.202 - - [15/Apr/2025:02:40:27 -0400] "GET /wp-login.php HTTP/1.1" 200 1730 "-" "Mozilla/5.0 (Windows NT 10.0; Win64; x64) AppleWebKit/537.36 (KHTML, like Gecko) Chrome/91.0.4472.124 Safari/537.36"
154.83.103.202 - - [15/Apr/2025:02:40:28 -0400] "GET /logs/ HTTP/1.1" 404 13586 "-" "Mozilla/5.0 (Windows NT 10.0; Win64; x64) AppleWebKit/537.36 (KHTML, like Gecko) Chrome/91.0.4472.124 Safari/537.36"
154.83.103.202 - - [15/Apr/2025:02:40:29 -0400] "GET /main.old HTTP/1.1" 404 13585 "-" "Mozilla/5.0 (Windows NT 10.0; Win64; x64) AppleWebKit/537.36 (KHTML, like Gecko) Chrome/91.0.4472.124 Safari/537.36"
154.83.103.202 - - [15/Apr/2025:02:40:31 -0400] "GET /manual/ HTTP/1.1" 404 13585 "-" "Mozilla/5.0 (Windows NT 10.0; Win64; x64) AppleWebKit/537.36 (KHTML, like Gecko) Chrome/91.0.4472.124 Safari/537.36"
154.83.103.202 - - [15/Apr/2025:02:40:32 -0400] "GET /metrics HTTP/1.1" 404 13585 "-" "Mozilla/5.0 (Windows NT 10.0; Win64; x64) AppleWebKit/537.36 (KHTML, like Gecko) Chrome/91.0.4472.124 Safari/537.36"
154.83.103.202 - - [15/Apr/2025:02:40:34 -0400] "GET /monitoring HTTP/1.1" 404 13585 "-" "Mozilla/5.0 (Windows NT 10.0; Win64; x64) AppleWebKit/537.36 (KHTML, like Gecko) Chrome/91.0.4472.124 Safari/537.36"
198.54.114.83 - - [15/Apr/2025:02:40:37 -0400] "POST /wp-cron.php?doing_wp_cron=1744699236.4874780178070068359375 HTTP/1.1" 200 0 "-" "WordPress/6.7.2; https://shahmeenaindustry.com"
154.83.103.202 - - [15/Apr/2025:02:40:36 -0400] "GET /mysql.dump HTTP/1.1" 404 13586 "-" "Mozilla/5.0 (Windows NT 10.0; Win64; x64) AppleWebKit/537.36 (KHTML, like Gecko) Chrome/91.0.4472.124 Safari/537.36"
198.54.114.83 - - [15/Apr/2025:02:40:38 -0400] "POST /wp-admin/admin-ajax.php?action=async_litespeed&nonce=cxUr8AihLotSdCTNPIXvL9NUdYLYdaz6&litespeed_type=imgoptm HTTP/1.1" 200 5 "-" "WordPress/6.7.2; https://shahmeenaindustry.com"
154.83.103.202 - - [15/Apr/2025:02:40:38 -0400] "GET /mysql.sql HTTP/1.1" 404 13586 "-" "Mozilla/5.0 (Windows NT 10.0; Win64; x64) AppleWebKit/537.36 (KHTML, like Gecko) Chrome/91.0.4472.124 Safari/537.36"
154.83.103.202 - - [15/Apr/2025:02:40:39 -0400] "GET /netdata HTTP/1.1" 404 13586 "-" "Mozilla/5.0 (Windows NT 10.0; Win64; x64) AppleWebKit/537.36 (KHTML, like Gecko) Chrome/91.0.4472.124 Safari/537.36"
198.54.114.83 - - [15/Apr/2025:02:40:41 -0400] "POST /wp-cron.php?doing_wp_cron=1744699241.0413579940795898437500 HTTP/1.1" 200 0 "-" "WordPress/6.7.2; https://shahmeenaindustry.com"
154.83.103.202 - - [15/Apr/2025:02:40:40 -0400] "GET /next.config.js HTTP/1.1" 404 13585 "-" "Mozilla/5.0 (Windows NT 10.0; Win64; x64) AppleWebKit/537.36 (KHTML, like Gecko) Chrome/91.0.4472.124 Safari/537.36"
154.83.103.202 - - [15/Apr/2025:02:40:43 -0400] "GET /nginx_status HTTP/1.1" 404 13585 "-" "Mozilla/5.0 (Windows NT 10.0; Win64; x64) AppleWebKit/537.36 (KHTML, like Gecko) Chrome/91.0.4472.124 Safari/537.36"
154.83.103.202 - - [15/Apr/2025:02:40:44 -0400] "GET /node_modules/ HTTP/1.1" 404 13585 "-" "Mozilla/5.0 (Windows NT 10.0; Win64; x64) AppleWebKit/537.36 (KHTML, like Gecko) Chrome/91.0.4472.124 Safari/537.36"
154.83.103.202 - - [15/Apr/2025:02:40:46 -0400] "GET /null HTTP/1.1" 404 13585 "-" "Mozilla/5.0 (Windows NT 10.0; Win64; x64) AppleWebKit/537.36 (KHTML, like Gecko) Chrome/91.0.4472.124 Safari/537.36"
154.83.103.202 - - [15/Apr/2025:02:40:47 -0400] "GET /nuxt.config.js HTTP/1.1" 404 13586 "-" "Mozilla/5.0 (Windows NT 10.0; Win64; x64) AppleWebKit/537.36 (KHTML, like Gecko) Chrome/91.0.4472.124 Safari/537.36"
154.83.103.202 - - [15/Apr/2025:02:40:49 -0400] "GET /openapi.json HTTP/1.1" 404 13586 "-" "Mozilla/5.0 (Windows NT 10.0; Win64; x64) AppleWebKit/537.36 (KHTML, like Gecko) Chrome/91.0.4472.124 Safari/537.36"
154.83.103.202 - - [15/Apr/2025:02:40:50 -0400] "GET /package-lock.json HTTP/1.1" 404 13585 "-" "Mozilla/5.0 (Windows NT 10.0; Win64; x64) AppleWebKit/537.36 (KHTML, like Gecko) Chrome/91.0.4472.124 Safari/537.36"
154.83.103.202 - - [15/Apr/2025:02:40:52 -0400] "GET /packages/ HTTP/1.1" 404 13585 "-" "Mozilla/5.0 (Windows NT 10.0; Win64; x64) AppleWebKit/537.36 (KHTML, like Gecko) Chrome/91.0.4472.124 Safari/537.36"
154.83.103.202 - - [15/Apr/2025:02:40:54 -0400] "GET /pgsql.dump HTTP/1.1" 404 13585 "-" "Mozilla/5.0 (Windows NT 10.0; Win64; x64) AppleWebKit/537.36 (KHTML, like Gecko) Chrome/91.0.4472.124 Safari/537.36"
154.83.103.202 - - [15/Apr/2025:02:40:56 -0400] "GET /pgsql.sql HTTP/1.1" 404 13586 "-" "Mozilla/5.0 (Windows NT 10.0; Win64; x64) AppleWebKit/537.36 (KHTML, like Gecko) Chrome/91.0.4472.124 Safari/537.36"
154.83.103.202 - - [15/Apr/2025:02:40:58 -0400] "GET /php.ini HTTP/1.1" 404 13587 "-" "Mozilla/5.0 (Windows NT 10.0; Win64; x64) AppleWebKit/537.36 (KHTML, like Gecko) Chrome/91.0.4472.124 Safari/537.36"
154.83.103.202 - - [15/Apr/2025:02:40:59 -0400] "GET /phpMyAdmin/ HTTP/1.1" 404 13585 "-" "Mozilla/5.0 (Windows NT 10.0; Win64; x64) AppleWebKit/537.36 (KHTML, like Gecko) Chrome/91.0.4472.124 Safari/537.36"
154.83.103.202 - - [15/Apr/2025:02:41:01 -0400] "GET /phpinfo.php HTTP/1.1" 404 13585 "-" "Mozilla/5.0 (Windows NT 10.0; Win64; x64) AppleWebKit/537.36 (KHTML, like Gecko) Chrome/91.0.4472.124 Safari/537.36"
154.83.103.202 - - [15/Apr/2025:02:41:03 -0400] "GET /phpmyadmin HTTP/1.1" 404 13585 "-" "Mozilla/5.0 (Windows NT 10.0; Win64; x64) AppleWebKit/537.36 (KHTML, like Gecko) Chrome/91.0.4472.124 Safari/537.36"
154.83.103.202 - - [15/Apr/2025:02:41:04 -0400] "GET /phpmyadmin/index.php HTTP/1.1" 301 0 "-" "Mozilla/5.0 (Windows NT 10.0; Win64; x64) AppleWebKit/537.36 (KHTML, like Gecko) Chrome/91.0.4472.124 Safari/537.36"
154.83.103.202 - - [15/Apr/2025:02:41:05 -0400] "GET /phpmyadmin/ HTTP/1.1" 404 13585 "-" "Mozilla/5.0 (Windows NT 10.0; Win64; x64) AppleWebKit/537.36 (KHTML, like Gecko) Chrome/91.0.4472.124 Safari/537.36"
154.83.103.202 - - [15/Apr/2025:02:41:07 -0400] "GET /phpmyadmin/scripts/setup.php HTTP/1.1" 404 13586 "-" "Mozilla/5.0 (Windows NT 10.0; Win64; x64) AppleWebKit/537.36 (KHTML, like Gecko) Chrome/91.0.4472.124 Safari/537.36"
154.83.103.202 - - [15/Apr/2025:02:41:09 -0400] "GET /poetry.lock HTTP/1.1" 404 13585 "-" "Mozilla/5.0 (Windows NT 10.0; Win64; x64) AppleWebKit/537.36 (KHTML, like Gecko) Chrome/91.0.4472.124 Safari/537.36"
154.83.103.202 - - [15/Apr/2025:02:41:10 -0400] "GET /pom.xml HTTP/1.1" 404 13585 "-" "Mozilla/5.0 (Windows NT 10.0; Win64; x64) AppleWebKit/537.36 (KHTML, like Gecko) Chrome/91.0.4472.124 Safari/537.36"
54.36.149.33 - - [15/Apr/2025:02:41:10 -0400] "GET /unlocking-wellness-the-essence-of-dubai-osteopathy/ HTTP/1.1" 200 17263 "-" "Mozilla/5.0 (compatible; AhrefsBot/7.0; +http://ahrefs.com/robot/)"
154.83.103.202 - - [15/Apr/2025:02:41:12 -0400] "GET /prestashop/ HTTP/1.1" 404 13585 "-" "Mozilla/5.0 (Windows NT 10.0; Win64; x64) AppleWebKit/537.36 (KHTML, like Gecko) Chrome/91.0.4472.124 Safari/537.36"
154.83.103.202 - - [15/Apr/2025:02:41:14 -0400] "GET /private.key HTTP/1.1" 404 13585 "-" "Mozilla/5.0 (Windows NT 10.0; Win64; x64) AppleWebKit/537.36 (KHTML, like Gecko) Chrome/91.0.4472.124 Safari/537.36"
58.254.68.125 - - [15/Apr/2025:02:41:18 -0400] "GET /omnivoid-is-changing-the-game-in-augmented-and-mixed-realityomnivoid-is-changing-the-game-in-augmented-and-mixed-reality/ HTTP/1.1" 200 17914 "https://shahmeenaindustry.com" "Mozilla/5.0 (Windows NT 10.0; Win64; x64) AppleWebKit/537.36 (KHTML, like Gecko) Chrome/62.0.3202.94 Safari/537.36"
154.83.103.202 - - [15/Apr/2025:02:41:18 -0400] "GET /public/storage/ HTTP/1.1" 404 13586 "-" "Mozilla/5.0 (Windows NT 10.0; Win64; x64) AppleWebKit/537.36 (KHTML, like Gecko) Chrome/91.0.4472.124 Safari/537.36"
154.83.103.202 - - [15/Apr/2025:02:41:20 -0400] "GET /readme.html HTTP/1.1" 200 2656 "-" "Mozilla/5.0 (Windows NT 10.0; Win64; x64) AppleWebKit/537.36 (KHTML, like Gecko) Chrome/91.0.4472.124 Safari/537.36"
154.83.103.202 - - [15/Apr/2025:02:41:21 -0400] "GET /requirements.txt HTTP/1.1" 404 13585 "-" "Mozilla/5.0 (Windows NT 10.0; Win64; x64) AppleWebKit/537.36 (KHTML, like Gecko) Chrome/91.0.4472.124 Safari/537.36"
154.83.103.202 - - [15/Apr/2025:02:41:23 -0400] "GET /robots.txt HTTP/1.1" 304 0 "-" "Mozilla/5.0 (Windows NT 10.0; Win64; x64) AppleWebKit/537.36 (KHTML, like Gecko) Chrome/91.0.4472.124 Safari/537.36"
154.83.103.202 - - [15/Apr/2025:02:41:25 -0400] "GET /routes/api.php HTTP/1.1" 404 13585 "-" "Mozilla/5.0 (Windows NT 10.0; Win64; x64) AppleWebKit/537.36 (KHTML, like Gecko) Chrome/91.0.4472.124 Safari/537.36"
154.83.103.202 - - [15/Apr/2025:02:41:27 -0400] "GET /routes/web.php HTTP/1.1" 404 13586 "-" "Mozilla/5.0 (Windows NT 10.0; Win64; x64) AppleWebKit/537.36 (KHTML, like Gecko) Chrome/91.0.4472.124 Safari/537.36"
58.254.68.125 - - [15/Apr/2025:02:41:27 -0400] "POST /wp-comments-post.php HTTP/1.1" 302 0 "https://shahmeenaindustry.com" "Mozilla/5.0 (Windows NT 10.0; Win64; x64) AppleWebKit/537.36 (KHTML, like Gecko) Chrome/62.0.3202.94 Safari/537.36"
154.83.103.202 - - [15/Apr/2025:02:41:29 -0400] "GET /runtime.txt HTTP/1.1" 404 13585 "-" "Mozilla/5.0 (Windows NT 10.0; Win64; x64) AppleWebKit/537.36 (KHTML, like Gecko) Chrome/91.0.4472.124 Safari/537.36"
198.54.114.83 - - [15/Apr/2025:02:41:31 -0400] "POST /wp-cron.php?doing_wp_cron=1744699291.1032979488372802734375 HTTP/1.1" 200 0 "-" "WordPress/6.7.2; https://shahmeenaindustry.com"
154.83.103.202 - - [15/Apr/2025:02:41:30 -0400] "GET /secrets.json HTTP/1.1" 404 13585 "-" "Mozilla/5.0 (Windows NT 10.0; Win64; x64) AppleWebKit/537.36 (KHTML, like Gecko) Chrome/91.0.4472.124 Safari/537.36"
198.54.114.83 - - [15/Apr/2025:02:41:32 -0400] "POST /wp-admin/admin-ajax.php?action=async_litespeed&nonce=q3lCW2G3zN38HmYr2B7ih4pcDmeukyJZ&litespeed_type=imgoptm HTTP/1.1" 200 5 "-" "WordPress/6.7.2; https://shahmeenaindustry.com"
154.83.103.202 - - [15/Apr/2025:02:41:33 -0400] "GET /server.js HTTP/1.1" 404 13585 "-" "Mozilla/5.0 (Windows NT 10.0; Win64; x64) AppleWebKit/537.36 (KHTML, like Gecko) Chrome/91.0.4472.124 Safari/537.36"
154.83.103.202 - - [15/Apr/2025:02:41:35 -0400] "GET /settings.gradle HTTP/1.1" 404 13585 "-" "Mozilla/5.0 (Windows NT 10.0; Win64; x64) AppleWebKit/537.36 (KHTML, like Gecko) Chrome/91.0.4472.124 Safari/537.36"
154.83.103.202 - - [15/Apr/2025:02:41:38 -0400] "GET /settings.json HTTP/1.1" 404 13586 "-" "Mozilla/5.0 (Windows NT 10.0; Win64; x64) AppleWebKit/537.36 (KHTML, like Gecko) Chrome/91.0.4472.124 Safari/537.36"
154.83.103.202 - - [15/Apr/2025:02:41:39 -0400] "GET /setup.php HTTP/1.1" 404 13586 "-" "Mozilla/5.0 (Windows NT 10.0; Win64; x64) AppleWebKit/537.36 (KHTML, like Gecko) Chrome/91.0.4472.124 Safari/537.36"
198.54.114.83 - - [15/Apr/2025:02:41:41 -0400] "POST /wp-cron.php?doing_wp_cron=1744699300.8071670532226562500000 HTTP/1.1" 200 0 "-" "WordPress/6.7.2; https://shahmeenaindustry.com"
154.83.103.202 - - [15/Apr/2025:02:41:40 -0400] "GET /signin HTTP/1.1" 404 13585 "-" "Mozilla/5.0 (Windows NT 10.0; Win64; x64) AppleWebKit/537.36 (KHTML, like Gecko) Chrome/91.0.4472.124 Safari/537.36"
154.83.103.202 - - [15/Apr/2025:02:41:43 -0400] "GET /site-backup.tar.gz HTTP/1.1" 404 13585 "-" "Mozilla/5.0 (Windows NT 10.0; Win64; x64) AppleWebKit/537.36 (KHTML, like Gecko) Chrome/91.0.4472.124 Safari/537.36"
154.83.103.202 - - [15/Apr/2025:02:41:44 -0400] "GET /sites/default/settings.php HTTP/1.1" 403 1242 "-" "Mozilla/5.0 (Windows NT 10.0; Win64; x64) AppleWebKit/537.36 (KHTML, like Gecko) Chrome/91.0.4472.124 Safari/537.36"
154.83.103.202 - - [15/Apr/2025:02:41:45 -0400] "GET /sql.bak HTTP/1.1" 404 13585 "-" "Mozilla/5.0 (Windows NT 10.0; Win64; x64) AppleWebKit/537.36 (KHTML, like Gecko) Chrome/91.0.4472.124 Safari/537.36"
