198.54.114.83 - - [15/Apr/2025:06:13:31 -0400] "POST /wp-cron.php?doing_wp_cron=1744712011.2146670818328857421875 HTTP/1.1" 200 0 "-" "WordPress/6.7.2; https://shahmeenaindustry.com"
198.54.114.83 - - [15/Apr/2025:06:13:32 -0400] "POST /wp-admin/admin-ajax.php?action=async_litespeed&nonce=ZwM6RH1jvOh0eWnTXIvWynSILS08CpjI&litespeed_type=imgoptm HTTP/1.1" 200 0 "-" "WordPress/6.7.2; https://shahmeenaindustry.com"
66.249.64.103 - - [15/Apr/2025:06:13:28 -0400] "GET /promotional-tote-bags-help-retailers-go-green/ HTTP/1.1" 200 18439 "-" "Mozilla/5.0 (Linux; Android 6.0.1; Nexus 5X Build/MMB29P) AppleWebKit/537.36 (KHTML, like Gecko) Chrome/135.0.7049.84 Mobile Safari/537.36 (compatible; Googlebot/2.1; +http://www.google.com/bot.html)"
198.54.114.83 - - [15/Apr/2025:06:14:18 -0400] "POST /wp-cron.php?doing_wp_cron=1744712057.9974150657653808593750 HTTP/1.1" 200 0 "-" "WordPress/6.7.2; https://shahmeenaindustry.com"
212.8.248.108 - - [15/Apr/2025:06:14:17 -0400] "GET /citations-droles-sur-un-t-shirt-drole HTTP/1.1" 301 0 "-" "Mozilla/5.0 (Windows NT 10.0; Win64; x64) AppleWebKit/537.36 (KHTML, like Gecko) Chrome/118.0.0.0 Safari/537.36"
212.8.248.108 - - [15/Apr/2025:06:14:21 -0400] "GET /les-avantages-dune-pantoufle-de-basket/ HTTP/1.1" 200 17836 "-" "Mozilla/5.0 (Windows NT 10.0; Win64; x64) AppleWebKit/537.36 (KHTML, like Gecko) Chrome/118.0.0.0 Safari/537.36"
198.54.114.83 - - [15/Apr/2025:06:14:51 -0400] "POST /wp-cron.php?doing_wp_cron=1744712090.2852389812469482421875 HTTP/1.1" 200 0 "-" "WordPress/6.7.2; https://shahmeenaindustry.com"
54.36.148.155 - - [15/Apr/2025:06:14:49 -0400] "GET /dental-equipment-suppliers-in-the-uk/ HTTP/1.1" 200 17312 "-" "Mozilla/5.0 (compatible; AhrefsBot/7.0; +http://ahrefs.com/robot/)"
43.154.145.14 - - [15/Apr/2025:06:15:11 -0400] "GET /how-to-turn-group-messaging-on-iphone-off/ HTTP/1.1" 200 20041 "-" "Python/3.10 aiohttp/3.10.5"
198.54.114.83 - - [15/Apr/2025:06:15:54 -0400] "POST /wp-admin/admin-ajax.php?action=async_litespeed&nonce=j7xIY8DpYVytrf4YVwFm526U4KPdsjSI&litespeed_type=imgoptm HTTP/1.1" 200 5 "-" "WordPress/6.7.2; https://shahmeenaindustry.com"
5.102.173.71 - - [15/Apr/2025:06:17:49 -0400] "GET /2021/07/ HTTP/1.1" 301 0 "-" "Mozilla/5.0 (compatible; MojeekBot/0.11; +https://www.mojeek.com/bot.html)"
198.54.114.83 - - [15/Apr/2025:06:18:22 -0400] "POST /wp-cron.php?doing_wp_cron=1744712302.0217859745025634765625 HTTP/1.1" 200 0 "-" "WordPress/6.7.2; https://shahmeenaindustry.com"
54.36.148.250 - - [15/Apr/2025:06:18:15 -0400] "GET /grey-market-peptide-hormones/ HTTP/1.1" 200 18029 "-" "Mozilla/5.0 (compatible; AhrefsBot/7.0; +http://ahrefs.com/robot/)"
198.54.114.83 - - [15/Apr/2025:06:18:23 -0400] "POST /wp-admin/admin-ajax.php?action=async_litespeed&nonce=VIdKjAiDWHWFUoOKPm0BIDltsy0YNnIm&litespeed_type=imgoptm HTTP/1.1" 200 0 "-" "WordPress/6.7.2; https://shahmeenaindustry.com"
5.102.173.71 - - [15/Apr/2025:06:20:14 -0400] "GET /2022/01/ HTTP/1.1" 301 0 "-" "Mozilla/5.0 (compatible; MojeekBot/0.11; +https://www.mojeek.com/bot.html)"
198.54.114.83 - - [15/Apr/2025:06:20:25 -0400] "POST /wp-cron.php?doing_wp_cron=1744712424.9429268836975097656250 HTTP/1.1" 200 0 "-" "WordPress/6.7.2; https://shahmeenaindustry.com"
66.249.64.104 - - [15/Apr/2025:06:20:21 -0400] "GET /umzugsunternehmen-in-luneburg-ihr-partner-fur-einen-stressfreien-umzug/feed/ HTTP/1.1" 200 452 "-" "Mozilla/5.0 (Linux; Android 6.0.1; Nexus 5X Build/MMB29P) AppleWebKit/537.36 (KHTML, like Gecko) Chrome/135.0.7049.84 Mobile Safari/537.36 (compatible; Googlebot/2.1; +http://www.google.com/bot.html)"
198.54.114.83 - - [15/Apr/2025:06:20:26 -0400] "POST /wp-admin/admin-ajax.php?action=async_litespeed&nonce=xMDN5OefulSwbeuLOgiLzFQejtvmhdqr&litespeed_type=imgoptm HTTP/1.1" 200 0 "-" "WordPress/6.7.2; https://shahmeenaindustry.com"
198.54.114.83 - - [15/Apr/2025:06:20:46 -0400] "POST /wp-cron.php?doing_wp_cron=1744712446.4768939018249511718750 HTTP/1.1" 200 0 "-" "WordPress/6.7.2; https://shahmeenaindustry.com"
198.54.114.83 - - [15/Apr/2025:06:20:47 -0400] "POST /wp-admin/admin-ajax.php?action=async_litespeed&nonce=UxdZzV0o07qByOUrFs9R40SceZagoZhN&litespeed_type=imgoptm HTTP/1.1" 200 5 "-" "WordPress/6.7.2; https://shahmeenaindustry.com"
119.28.53.173 - - [15/Apr/2025:06:20:46 -0400] "GET /natural-colors-are-a-safe-alternative-to-synthetic-colors/ HTTP/1.1" 200 17253 "-" "Python/3.10 aiohttp/3.10.5"
66.249.64.102 - - [15/Apr/2025:06:21:13 -0400] "GET /real-estate-videography/feed/ HTTP/1.1" 200 386 "-" "Mozilla/5.0 (Linux; Android 6.0.1; Nexus 5X Build/MMB29P) AppleWebKit/537.36 (KHTML, like Gecko) Chrome/135.0.7049.84 Mobile Safari/537.36 (compatible; Googlebot/2.1; +http://www.google.com/bot.html)"
54.36.148.186 - - [15/Apr/2025:06:21:21 -0400] "GET /how-cpu-cooling-keeps-computers-cool/ HTTP/1.1" 200 17539 "-" "Mozilla/5.0 (compatible; AhrefsBot/7.0; +http://ahrefs.com/robot/)"
5.102.173.71 - - [15/Apr/2025:06:21:28 -0400] "GET /2021/06/ HTTP/1.1" 301 0 "-" "Mozilla/5.0 (compatible; MojeekBot/0.11; +https://www.mojeek.com/bot.html)"
129.226.69.173 - - [15/Apr/2025:06:23:45 -0400] "GET /how-to-implement-training-guidance/ HTTP/1.1" 200 17844 "-" "Python/3.10 aiohttp/3.10.5"
198.54.114.83 - - [15/Apr/2025:06:23:53 -0400] "POST /wp-cron.php?doing_wp_cron=1744712630.6816511154174804687500 HTTP/1.1" 200 0 "-" "WordPress/6.7.2; https://shahmeenaindustry.com"
54.36.148.32 - - [15/Apr/2025:06:24:22 -0400] "GET /how-to-screen-record-iphone-13/feed/ HTTP/1.1" 304 0 "-" "Mozilla/5.0 (compatible; AhrefsBot/7.0; +http://ahrefs.com/robot/)"
5.102.173.71 - - [15/Apr/2025:06:24:47 -0400] "GET /2021/10/ HTTP/1.1" 301 0 "-" "Mozilla/5.0 (compatible; MojeekBot/0.11; +https://www.mojeek.com/bot.html)"
198.54.114.83 - - [15/Apr/2025:06:27:02 -0400] "POST /wp-cron.php?doing_wp_cron=1744712821.8987779617309570312500 HTTP/1.1" 200 0 "-" "WordPress/6.7.2; https://shahmeenaindustry.com"
198.54.114.83 - - [15/Apr/2025:06:27:03 -0400] "POST /wp-admin/admin-ajax.php?action=async_litespeed&nonce=DYWrPDHWRkqd745oF5HVxg4JHBG8N4Yb&litespeed_type=imgoptm HTTP/1.1" 200 0 "-" "WordPress/6.7.2; https://shahmeenaindustry.com"
129.226.53.190 - - [15/Apr/2025:06:26:58 -0400] "GET /michael-kors-satchel-bag/ HTTP/1.1" 200 17761 "-" "Python/3.10 aiohttp/3.10.5"
66.249.64.97 - - [15/Apr/2025:06:27:02 -0400] "GET /tekken-3-game-download-for-pc/ HTTP/1.1" 200 20716 "-" "Mozilla/5.0 (Linux; Android 6.0.1; Nexus 5X Build/MMB29P) AppleWebKit/537.36 (KHTML, like Gecko) Chrome/135.0.7049.84 Mobile Safari/537.36 (compatible; Googlebot/2.1; +http://www.google.com/bot.html)"
198.54.114.83 - - [15/Apr/2025:06:27:35 -0400] "POST /wp-cron.php?doing_wp_cron=1744712855.0595018863677978515625 HTTP/1.1" 200 0 "-" "WordPress/6.7.2; https://shahmeenaindustry.com"
198.54.114.83 - - [15/Apr/2025:06:27:36 -0400] "POST /wp-admin/admin-ajax.php?action=async_litespeed&nonce=23Qa7E3eTANye52ofC0v3SOa9QxJO5wJ&litespeed_type=imgoptm HTTP/1.1" 200 0 "-" "WordPress/6.7.2; https://shahmeenaindustry.com"
54.36.148.182 - - [15/Apr/2025:06:27:34 -0400] "GET /elevate-your-lifestyle-at-the-continuum-thiam-siew/ HTTP/1.1" 200 17309 "-" "Mozilla/5.0 (compatible; AhrefsBot/7.0; +http://ahrefs.com/robot/)"
202.8.41.12 - - [15/Apr/2025:06:27:39 -0400] "GET /wp-content/themes/chromenews/assets/script.js?ver=4.9.3 HTTP/1.1" 304 0 "https://shahmeenaindustry.com/elevate-your-lifestyle-at-the-continuum-thiam-siew/" "Mozilla/5.0 (compatible; AhrefsBot/7.0; +http://ahrefs.com/robot/)"
202.8.41.12 - - [15/Apr/2025:06:27:39 -0400] "GET /wp-content/themes/chromenews/js/skip-link-focus-fix.js?ver=4.9.3 HTTP/1.1" 304 0 "https://shahmeenaindustry.com/elevate-your-lifestyle-at-the-continuum-thiam-siew/" "Mozilla/5.0 (compatible; AhrefsBot/7.0; +http://ahrefs.com/robot/)"
202.8.41.12 - - [15/Apr/2025:06:27:39 -0400] "GET /wp-content/themes/chromenews/assets/sidr/css/jquery.sidr.dark.css?ver=4.9.3 HTTP/1.1" 304 0 "https://shahmeenaindustry.com/elevate-your-lifestyle-at-the-continuum-thiam-siew/" "Mozilla/5.0 (compatible; AhrefsBot/7.0; +http://ahrefs.com/robot/)"
202.8.41.12 - - [15/Apr/2025:06:27:39 -0400] "GET /wp-content/themes/chromenews/js/navigation.js?ver=20151215 HTTP/1.1" 304 0 "https://shahmeenaindustry.com/elevate-your-lifestyle-at-the-continuum-thiam-siew/" "Mozilla/5.0 (compatible; AhrefsBot/7.0; +http://ahrefs.com/robot/)"
202.8.41.12 - - [15/Apr/2025:06:27:39 -0400] "GET /wp-content/themes/chromenews/style.min.css?ver=4.9.3 HTTP/1.1" 304 0 "https://shahmeenaindustry.com/elevate-your-lifestyle-at-the-continuum-thiam-siew/" "Mozilla/5.0 (compatible; AhrefsBot/7.0; +http://ahrefs.com/robot/)"
202.8.41.12 - - [15/Apr/2025:06:27:39 -0400] "GET /wp-includes/css/dist/block-library/style.min.css?ver=6.7.2 HTTP/1.1" 200 14225 "https://shahmeenaindustry.com/elevate-your-lifestyle-at-the-continuum-thiam-siew/" "Mozilla/5.0 (compatible; AhrefsBot/7.0; +http://ahrefs.com/robot/)"
202.8.41.12 - - [15/Apr/2025:06:27:39 -0400] "GET /wp-content/themes/chromenews/assets/jquery.cookie.js?ver=6.7.2 HTTP/1.1" 304 0 "https://shahmeenaindustry.com/elevate-your-lifestyle-at-the-continuum-thiam-siew/" "Mozilla/5.0 (compatible; AhrefsBot/7.0; +http://ahrefs.com/robot/)"
202.8.41.12 - - [15/Apr/2025:06:27:39 -0400] "GET /wp-content/themes/chromenews/assets/sidr/js/jquery.sidr.min.js?ver=4.9.3 HTTP/1.1" 304 0 "https://shahmeenaindustry.com/elevate-your-lifestyle-at-the-continuum-thiam-siew/" "Mozilla/5.0 (compatible; AhrefsBot/7.0; +http://ahrefs.com/robot/)"
202.8.41.12 - - [15/Apr/2025:06:27:39 -0400] "GET /wp-includes/js/jquery/jquery.min.js?ver=3.7.1 HTTP/1.1" 304 0 "https://shahmeenaindustry.com/elevate-your-lifestyle-at-the-continuum-thiam-siew/" "Mozilla/5.0 (compatible; AhrefsBot/7.0; +http://ahrefs.com/robot/)"
202.8.41.12 - - [15/Apr/2025:06:27:39 -0400] "GET /wp-includes/js/jquery/jquery-migrate.min.js?ver=3.4.1 HTTP/1.1" 304 0 "https://shahmeenaindustry.com/elevate-your-lifestyle-at-the-continuum-thiam-siew/" "Mozilla/5.0 (compatible; AhrefsBot/7.0; +http://ahrefs.com/robot/)"
202.8.41.12 - - [15/Apr/2025:06:27:39 -0400] "GET /wp-content/themes/chromenews/assets/toggle-script.js?ver=4.9.3 HTTP/1.1" 304 0 "https://shahmeenaindustry.com/elevate-your-lifestyle-at-the-continuum-thiam-siew/" "Mozilla/5.0 (compatible; AhrefsBot/7.0; +http://ahrefs.com/robot/)"
202.8.41.12 - - [15/Apr/2025:06:27:39 -0400] "GET /wp-includes/js/wp-emoji-release.min.js?ver=6.7.2 HTTP/1.1" 304 0 "https://shahmeenaindustry.com/elevate-your-lifestyle-at-the-continuum-thiam-siew/" "Mozilla/5.0 (compatible; AhrefsBot/7.0; +http://ahrefs.com/robot/)"
202.8.41.12 - - [15/Apr/2025:06:27:39 -0400] "GET /wp-includes/js/comment-reply.min.js?ver=6.7.2 HTTP/1.1" 304 0 "https://shahmeenaindustry.com/elevate-your-lifestyle-at-the-continuum-thiam-siew/" "Mozilla/5.0 (compatible; AhrefsBot/7.0; +http://ahrefs.com/robot/)"
198.54.114.83 - - [15/Apr/2025:06:28:50 -0400] "POST /wp-cron.php?doing_wp_cron=1744712929.9825520515441894531250 HTTP/1.1" 200 0 "-" "WordPress/6.7.2; https://shahmeenaindustry.com"
198.54.114.83 - - [15/Apr/2025:06:28:53 -0400] "POST /wp-admin/admin-ajax.php?action=async_litespeed&nonce=fwLedaSWt9iH7nnTibwJBsCWUBCrgnYD&litespeed_type=imgoptm HTTP/1.1" 200 0 "-" "WordPress/6.7.2; https://shahmeenaindustry.com"
66.249.64.96 - - [15/Apr/2025:06:28:49 -0400] "GET /custom-baseball-socks-with-logo/ HTTP/1.1" 200 17898 "-" "Mozilla/5.0 (Linux; Android 6.0.1; Nexus 5X Build/MMB29P) AppleWebKit/537.36 (KHTML, like Gecko) Chrome/135.0.7049.84 Mobile Safari/537.36 (compatible; Googlebot/2.1; +http://www.google.com/bot.html)"
185.191.171.2 - - [15/Apr/2025:06:31:20 -0400] "GET /robots.txt HTTP/1.1" 200 116 "-" "Mozilla/5.0 (compatible; SemrushBot/7~bl; +http://www.semrush.com/bot.html)"
198.54.114.83 - - [15/Apr/2025:06:31:28 -0400] "POST /wp-cron.php?doing_wp_cron=1744713087.7539470195770263671875 HTTP/1.1" 200 0 "-" "WordPress/6.7.2; https://shahmeenaindustry.com"
198.54.114.83 - - [15/Apr/2025:06:31:29 -0400] "POST /wp-admin/admin-ajax.php?action=async_litespeed&nonce=VboKSZjuv1NnHFDhxiXtqQ6quz1kWjIm&litespeed_type=imgoptm HTTP/1.1" 200 0 "-" "WordPress/6.7.2; https://shahmeenaindustry.com"
185.191.171.19 - - [15/Apr/2025:06:31:21 -0400] "GET /category/activity/page/96/ HTTP/1.1" 200 16692 "-" "Mozilla/5.0 (compatible; SemrushBot/7~bl; +http://www.semrush.com/bot.html)"
198.54.114.83 - - [15/Apr/2025:06:31:36 -0400] "POST /wp-cron.php?doing_wp_cron=1744713095.6180078983306884765625 HTTP/1.1" 200 0 "-" "WordPress/6.7.2; https://shahmeenaindustry.com"
178.151.216.117 - - [15/Apr/2025:06:31:35 -0400] "GET /xmlrpc.php HTTP/1.1" 405 46 "-" "Mozilla/5.0 (iPhone; CPU iPhone OS 15_5 like Mac OS X) AppleWebKit/605.1.15 Version/15.5 Mobile Safari/604.1"
198.54.114.83 - - [15/Apr/2025:06:31:37 -0400] "POST /wp-admin/admin-ajax.php?action=async_litespeed&nonce=8L96Gph1Au3HB4xuMYLpHWwhUlNwWZxW&litespeed_type=imgoptm HTTP/1.1" 200 0 "-" "WordPress/6.7.2; https://shahmeenaindustry.com"
178.151.216.117 - - [15/Apr/2025:06:31:38 -0400] "POST /xmlrpc.php HTTP/1.1" 200 109 "-" "Mozilla/5.0 (iPad; CPU OS 14_4 like Mac OS X) AppleWebKit/605.1.15 Version/14.0 Mobile Safari/604.1"
198.54.114.83 - - [15/Apr/2025:06:31:42 -0400] "POST /wp-cron.php?doing_wp_cron=1744713101.1848530769348144531250 HTTP/1.1" 200 0 "-" "WordPress/6.7.2; https://shahmeenaindustry.com"
178.151.216.117 - - [15/Apr/2025:06:31:40 -0400] "POST /xmlrpc.php HTTP/1.1" 200 595 "-" "Python-xmlrpc/3.12"
178.151.216.117 - - [15/Apr/2025:06:31:43 -0400] "POST /xmlrpc.php HTTP/1.1" 200 186 "-" "Python-xmlrpc/3.12"
198.54.114.83 - - [15/Apr/2025:06:33:15 -0400] "POST /wp-admin/admin-ajax.php?action=async_litespeed&nonce=RoLVRtadPcm72eABYTDGoSlj1BMfDvKV&litespeed_type=imgoptm HTTP/1.1" 200 0 "-" "WordPress/6.7.2; https://shahmeenaindustry.com"
198.54.114.83 - - [15/Apr/2025:06:34:06 -0400] "POST /wp-cron.php?doing_wp_cron=1744713245.3078300952911376953125 HTTP/1.1" 200 0 "-" "WordPress/6.7.2; https://shahmeenaindustry.com"
54.36.149.62 - - [15/Apr/2025:06:34:04 -0400] "GET /cute-shirts/ HTTP/1.1" 200 17803 "-" "Mozilla/5.0 (compatible; AhrefsBot/7.0; +http://ahrefs.com/robot/)"
198.54.114.83 - - [15/Apr/2025:06:35:41 -0400] "POST /wp-cron.php?doing_wp_cron=1744713340.6476809978485107421875 HTTP/1.1" 200 0 "-" "WordPress/6.7.2; https://shahmeenaindustry.com"
198.54.114.83 - - [15/Apr/2025:06:35:42 -0400] "POST /wp-admin/admin-ajax.php?action=async_litespeed&nonce=3uRtKoKzuOOXfKZZMm7pQCcMCvl8SD38&litespeed_type=imgoptm HTTP/1.1" 200 0 "-" "WordPress/6.7.2; https://shahmeenaindustry.com"
43.154.249.136 - - [15/Apr/2025:06:35:36 -0400] "GET /seo-and-content-writing-services-in-your-area/ HTTP/1.1" 200 18447 "-" "Python/3.10 aiohttp/3.10.5"
198.54.114.83 - - [15/Apr/2025:06:36:39 -0400] "POST /wp-cron.php?doing_wp_cron=1744713398.7885739803314208984375 HTTP/1.1" 200 0 "-" "WordPress/6.7.2; https://shahmeenaindustry.com"
198.54.114.83 - - [15/Apr/2025:06:36:40 -0400] "POST /wp-admin/admin-ajax.php?action=async_litespeed&nonce=0gLD3GsefVtO9bj4CVorx5sZwE6CI021&litespeed_type=imgoptm HTTP/1.1" 200 5 "-" "WordPress/6.7.2; https://shahmeenaindustry.com"
119.28.52.118 - - [15/Apr/2025:06:36:38 -0400] "GET /how-much-it-could-cost-to-replace-your-conservatory-roof/ HTTP/1.1" 200 17841 "-" "Python/3.10 aiohttp/3.10.5"
54.36.148.127 - - [15/Apr/2025:06:37:16 -0400] "GET /promoting-your-auto-body-shop-with-a-reference-framework/feed/ HTTP/1.1" 304 0 "-" "Mozilla/5.0 (compatible; AhrefsBot/7.0; +http://ahrefs.com/robot/)"
198.54.114.83 - - [15/Apr/2025:06:37:19 -0400] "POST /wp-cron.php?doing_wp_cron=1744713437.3146450519561767578125 HTTP/1.1" 200 0 "-" "WordPress/6.7.2; https://shahmeenaindustry.com"
198.54.114.83 - - [15/Apr/2025:06:40:24 -0400] "POST /wp-cron.php?doing_wp_cron=1744713624.1055200099945068359375 HTTP/1.1" 200 0 "-" "WordPress/6.7.2; https://shahmeenaindustry.com"
198.54.114.83 - - [15/Apr/2025:06:40:25 -0400] "POST /wp-admin/admin-ajax.php?action=async_litespeed&nonce=2GuLWNJnSuuy2tK3aRap9rHtmFOAx5JB&litespeed_type=imgoptm HTTP/1.1" 200 0 "-" "WordPress/6.7.2; https://shahmeenaindustry.com"
129.226.128.49 - - [15/Apr/2025:06:40:18 -0400] "GET /enjoy-flathead-lake-with-boat-rentals/ HTTP/1.1" 200 17795 "-" "Python/3.10 aiohttp/3.10.5"
198.54.114.83 - - [15/Apr/2025:06:40:44 -0400] "POST /wp-cron.php?doing_wp_cron=1744713644.7524290084838867187500 HTTP/1.1" 200 0 "-" "WordPress/6.7.2; https://shahmeenaindustry.com"
198.54.114.83 - - [15/Apr/2025:06:40:45 -0400] "POST /wp-admin/admin-ajax.php?action=async_litespeed&nonce=SeUuJb9jEC2kFBebB0qWH6jIoX4m8V5Y&litespeed_type=imgoptm HTTP/1.1" 200 0 "-" "WordPress/6.7.2; https://shahmeenaindustry.com"
54.36.148.53 - - [15/Apr/2025:06:40:44 -0400] "GET /stylo-personnalise/ HTTP/1.1" 200 17603 "-" "Mozilla/5.0 (compatible; AhrefsBot/7.0; +http://ahrefs.com/robot/)"
198.54.114.83 - - [15/Apr/2025:06:41:45 -0400] "POST /wp-admin/admin-ajax.php?action=async_litespeed&nonce=fDCNqcUhtk85JzKongtHwu0TGo9gYl5Y&litespeed_type=imgoptm HTTP/1.1" 200 5 "-" "WordPress/6.7.2; https://shahmeenaindustry.com"
198.54.114.83 - - [15/Apr/2025:06:43:54 -0400] "POST /wp-cron.php?doing_wp_cron=1744713833.6713891029357910156250 HTTP/1.1" 200 0 "-" "WordPress/6.7.2; https://shahmeenaindustry.com"
54.36.149.93 - - [15/Apr/2025:06:43:48 -0400] "GET /epaviste-92/feed/ HTTP/1.1" 200 372 "-" "Mozilla/5.0 (compatible; AhrefsBot/7.0; +http://ahrefs.com/robot/)"
198.54.114.83 - - [15/Apr/2025:06:43:54 -0400] "POST /wp-admin/admin-ajax.php?action=async_litespeed&nonce=WwiSSR2DabF4k2sM9MMzphzJAgG3zWHV&litespeed_type=imgoptm HTTP/1.1" 200 0 "-" "WordPress/6.7.2; https://shahmeenaindustry.com"
198.54.114.83 - - [15/Apr/2025:06:46:58 -0400] "POST /wp-cron.php?doing_wp_cron=1744714018.2149779796600341796875 HTTP/1.1" 200 0 "-" "WordPress/6.7.2; https://shahmeenaindustry.com"
54.36.148.178 - - [15/Apr/2025:06:46:55 -0400] "GET /the-digital-gamble-exploring-the-thrills-and-risks-of-online-casinos/feed/ HTTP/1.1" 200 447 "-" "Mozilla/5.0 (compatible; AhrefsBot/7.0; +http://ahrefs.com/robot/)"
198.54.114.83 - - [15/Apr/2025:06:46:59 -0400] "POST /wp-admin/admin-ajax.php?action=async_litespeed&nonce=8WG9xC5atg3xk8VYHSpR6KyTwji6XOVw&litespeed_type=imgoptm HTTP/1.1" 200 0 "-" "WordPress/6.7.2; https://shahmeenaindustry.com"
85.208.96.210 - - [15/Apr/2025:06:46:54 -0400] "GET /category/activity/page/85/ HTTP/1.1" 200 16596 "-" "Mozilla/5.0 (compatible; SemrushBot/7~bl; +http://www.semrush.com/bot.html)"
198.54.114.83 - - [15/Apr/2025:06:47:50 -0400] "POST /wp-cron.php?doing_wp_cron=1744714070.4306919574737548828125 HTTP/1.1" 200 0 "-" "WordPress/6.7.2; https://shahmeenaindustry.com"
198.54.114.83 - - [15/Apr/2025:06:47:52 -0400] "POST /wp-admin/admin-ajax.php?action=async_litespeed&nonce=juyOoPSQELdKucVo7ywAYHLhPoO6bTih&litespeed_type=imgoptm HTTP/1.1" 200 0 "-" "WordPress/6.7.2; https://shahmeenaindustry.com"
66.249.64.98 - - [15/Apr/2025:06:47:50 -0400] "GET /how-to-set-up-face-id-on-your-iphone/ HTTP/1.1" 200 19897 "-" "Mozilla/5.0 (Linux; Android 6.0.1; Nexus 5X Build/MMB29P) AppleWebKit/537.36 (KHTML, like Gecko) Chrome/135.0.7049.84 Mobile Safari/537.36 (compatible; Googlebot/2.1; +http://www.google.com/bot.html)"
198.54.114.83 - - [15/Apr/2025:06:48:37 -0400] "POST /wp-cron.php?doing_wp_cron=1744714116.4224469661712646484375 HTTP/1.1" 200 0 "-" "WordPress/6.7.2; https://shahmeenaindustry.com"
198.54.114.83 - - [15/Apr/2025:06:48:38 -0400] "POST /wp-admin/admin-ajax.php?action=async_litespeed&nonce=0dyYdFLLWU5Hu433nUhrA8gb7Cq0C7R2&litespeed_type=imgoptm HTTP/1.1" 200 5 "-" "WordPress/6.7.2; https://shahmeenaindustry.com"
129.226.49.42 - - [15/Apr/2025:06:48:36 -0400] "GET /how-to-change-the-name-of-my-iphone/ HTTP/1.1" 200 19539 "-" "Python/3.10 aiohttp/3.10.5"
198.54.114.83 - - [15/Apr/2025:06:49:10 -0400] "POST /wp-cron.php?doing_wp_cron=1744714149.8344969749450683593750 HTTP/1.1" 200 0 "-" "WordPress/6.7.2; https://shahmeenaindustry.com"
2a03:2880:f800:18:: - - [15/Apr/2025:06:49:09 -0400] "GET /?p=2956 HTTP/1.1" 301 0 "-" "meta-externalagent/1.1 (+https://developers.facebook.com/docs/sharing/webmasters/crawler)"
198.54.114.83 - - [15/Apr/2025:06:50:26 -0400] "POST /wp-admin/admin-ajax.php?action=async_litespeed&nonce=zxeu3FvLwUcJrD8jd5SgUCGxqZKvvQH8&litespeed_type=imgoptm HTTP/1.1" 200 5 "-" "WordPress/6.7.2; https://shahmeenaindustry.com"
198.54.114.83 - - [15/Apr/2025:06:51:16 -0400] "POST /wp-cron.php?doing_wp_cron=1744714276.1801269054412841796875 HTTP/1.1" 200 0 "-" "WordPress/6.7.2; https://shahmeenaindustry.com"
198.54.114.83 - - [15/Apr/2025:06:51:16 -0400] "POST /wp-admin/admin-ajax.php?action=async_litespeed&nonce=H2cwLskUYOGe0sOprYjr4IQBS1UirVVc&litespeed_type=imgoptm HTTP/1.1" 200 5 "-" "WordPress/6.7.2; https://shahmeenaindustry.com"
66.249.64.98 - - [15/Apr/2025:06:51:15 -0400] "GET /how-to-convert-european-shoes-sizes-to-us/ HTTP/1.1" 200 17171 "-" "Mozilla/5.0 (Linux; Android 6.0.1; Nexus 5X Build/MMB29P) AppleWebKit/537.36 (KHTML, like Gecko) Chrome/135.0.7049.84 Mobile Safari/537.36 (compatible; Googlebot/2.1; +http://www.google.com/bot.html)"
198.54.114.83 - - [15/Apr/2025:06:51:33 -0400] "POST /wp-cron.php?doing_wp_cron=1744714292.1725339889526367187500 HTTP/1.1" 200 0 "-" "WordPress/6.7.2; https://shahmeenaindustry.com"
198.54.114.83 - - [15/Apr/2025:06:51:33 -0400] "POST /wp-admin/admin-ajax.php?action=async_litespeed&nonce=Ml50fKZykGvTI8DPxLqEolLI2Hvu5BUg&litespeed_type=imgoptm HTTP/1.1" 200 0 "-" "WordPress/6.7.2; https://shahmeenaindustry.com"
66.249.64.96 - - [15/Apr/2025:06:51:33 -0400] "GET /effiziente-unternehmensauflosungen-in-luneburg-2/ HTTP/1.1" 200 17463 "-" "Mozilla/5.0 (Linux; Android 6.0.1; Nexus 5X Build/MMB29P) AppleWebKit/537.36 (KHTML, like Gecko) Chrome/135.0.7049.84 Mobile Safari/537.36 (compatible; Googlebot/2.1; +http://www.google.com/bot.html)"
101.32.207.250 - - [15/Apr/2025:06:51:31 -0400] "GET /what-is-mediation-and-how-does-it-work-blj-solicitors-one-of-the-best-solicitors-in-liverpool-ex/ HTTP/1.1" 200 17867 "-" "Python/3.10 aiohttp/3.10.5"
198.54.114.83 - - [15/Apr/2025:06:51:44 -0400] "POST /wp-cron.php?doing_wp_cron=1744714304.3226859569549560546875 HTTP/1.1" 200 0 "-" "WordPress/6.7.2; https://shahmeenaindustry.com"
54.36.148.144 - - [15/Apr/2025:06:51:44 -0400] "GET /3-safety-guidelines-to-store-fresh-food-safely-in-supermarket/feed/ HTTP/1.1" 200 438 "-" "Mozilla/5.0 (compatible; AhrefsBot/7.0; +http://ahrefs.com/robot/)"
198.54.114.83 - - [15/Apr/2025:06:53:44 -0400] "POST /wp-cron.php?doing_wp_cron=1744714422.5734229087829589843750 HTTP/1.1" 200 0 "-" "WordPress/6.7.2; https://shahmeenaindustry.com"
54.36.148.29 - - [15/Apr/2025:06:53:37 -0400] "GET /rhinoplasty-what-you-need-to-know/ HTTP/1.1" 200 17127 "-" "Mozilla/5.0 (compatible; AhrefsBot/7.0; +http://ahrefs.com/robot/)"
198.54.114.83 - - [15/Apr/2025:06:55:50 -0400] "POST /wp-cron.php?doing_wp_cron=1744714548.6722209453582763671875 HTTP/1.1" 200 0 "-" "WordPress/6.7.2; https://shahmeenaindustry.com"
54.36.148.205 - - [15/Apr/2025:06:55:43 -0400] "GET /pinetree-hill-developer-in-ulu-pandan/feed/ HTTP/1.1" 200 406 "-" "Mozilla/5.0 (compatible; AhrefsBot/7.0; +http://ahrefs.com/robot/)"
66.249.64.97 - - [15/Apr/2025:06:55:48 -0400] "GET /wohnungsauflosung-in-luneburg-ein-umfassender-leitfaden/ HTTP/1.1" 200 17489 "-" "Mozilla/5.0 (Linux; Android 6.0.1; Nexus 5X Build/MMB29P) AppleWebKit/537.36 (KHTML, like Gecko) Chrome/135.0.7049.84 Mobile Safari/537.36 (compatible; Googlebot/2.1; +http://www.google.com/bot.html)"
66.249.64.96 - - [15/Apr/2025:06:56:27 -0400] "GET /umzugsunternehmen-in-luneburg-ihr-partner-fur-einen-reibungslosen-umzug/ HTTP/1.1" 200 17598 "-" "Mozilla/5.0 (Linux; Android 6.0.1; Nexus 5X Build/MMB29P) AppleWebKit/537.36 (KHTML, like Gecko) Chrome/135.0.7049.84 Mobile Safari/537.36 (compatible; Googlebot/2.1; +http://www.google.com/bot.html)"
198.54.114.83 - - [15/Apr/2025:06:57:25 -0400] "POST /wp-cron.php?doing_wp_cron=1744714645.5285160541534423828125 HTTP/1.1" 200 0 "-" "WordPress/6.7.2; https://shahmeenaindustry.com"
198.54.114.83 - - [15/Apr/2025:06:57:26 -0400] "POST /wp-admin/admin-ajax.php?action=async_litespeed&nonce=mq471gmadsMOAESZHVfcPMxNHJht0SEu&litespeed_type=imgoptm HTTP/1.1" 200 0 "-" "WordPress/6.7.2; https://shahmeenaindustry.com"
66.249.64.96 - - [15/Apr/2025:06:57:25 -0400] "GET /the-future-of-the-metaverse/ HTTP/1.1" 200 17903 "-" "Mozilla/5.0 (Linux; Android 6.0.1; Nexus 5X Build/MMB29P) AppleWebKit/537.36 (KHTML, like Gecko) Chrome/135.0.7049.84 Mobile Safari/537.36 (compatible; Googlebot/2.1; +http://www.google.com/bot.html)"
66.249.64.98 - - [15/Apr/2025:06:57:29 -0400] "GET /maximizing-benefits-the-strategic-approach-to-part-time-employment/ HTTP/1.1" 200 17253 "-" "Mozilla/5.0 (Linux; Android 6.0.1; Nexus 5X Build/MMB29P) AppleWebKit/537.36 (KHTML, like Gecko) Chrome/135.0.7049.84 Mobile Safari/537.36 (compatible; Googlebot/2.1; +http://www.google.com/bot.html)"
198.54.114.83 - - [15/Apr/2025:06:58:11 -0400] "POST /wp-cron.php?doing_wp_cron=1744714690.7971680164337158203125 HTTP/1.1" 200 0 "-" "WordPress/6.7.2; https://shahmeenaindustry.com"
198.54.114.83 - - [15/Apr/2025:06:58:11 -0400] "POST /wp-admin/admin-ajax.php?action=async_litespeed&nonce=RoeLouByD48QrVHti1S3Pj9EL8pQUDNg&litespeed_type=imgoptm HTTP/1.1" 200 5 "-" "WordPress/6.7.2; https://shahmeenaindustry.com"
66.249.64.98 - - [15/Apr/2025:06:58:10 -0400] "GET /bedeutung-der-rechtsnachhilfe/ HTTP/1.1" 200 17370 "-" "Mozilla/5.0 (Linux; Android 6.0.1; Nexus 5X Build/MMB29P) AppleWebKit/537.36 (KHTML, like Gecko) Chrome/135.0.7049.84 Mobile Safari/537.36 (compatible; Googlebot/2.1; +http://www.google.com/bot.html)"
198.54.114.83 - - [15/Apr/2025:06:59:04 -0400] "POST /wp-admin/admin-ajax.php?action=async_litespeed&nonce=hH0FyvoIXuhzGSJGiS3mdKAUevPqIzhI&litespeed_type=imgoptm HTTP/1.1" 200 5 "-" "WordPress/6.7.2; https://shahmeenaindustry.com"
198.54.114.83 - - [15/Apr/2025:06:59:38 -0400] "POST /wp-cron.php?doing_wp_cron=1744714778.6048290729522705078125 HTTP/1.1" 200 0 "-" "WordPress/6.7.2; https://shahmeenaindustry.com"
198.54.114.83 - - [15/Apr/2025:06:59:39 -0400] "POST /wp-admin/admin-ajax.php?action=async_litespeed&nonce=Fj7NOcNLADoqAMz3S4zbDf9DZWwvCapk&litespeed_type=imgoptm HTTP/1.1" 200 0 "-" "WordPress/6.7.2; https://shahmeenaindustry.com"
54.36.149.100 - - [15/Apr/2025:06:59:37 -0400] "GET /clipping-world-review-jewelry-photo-retouching-service/ HTTP/1.1" 200 17211 "-" "Mozilla/5.0 (compatible; AhrefsBot/7.0; +http://ahrefs.com/robot/)"
198.54.114.83 - - [15/Apr/2025:07:01:46 -0400] "POST /wp-cron.php?doing_wp_cron=1744714905.6962869167327880859375 HTTP/1.1" 200 0 "-" "WordPress/6.7.2; https://shahmeenaindustry.com"
54.36.148.148 - - [15/Apr/2025:07:01:40 -0400] "GET /how-a-business-land-intermediary-can-help-you/feed/ HTTP/1.1" 200 416 "-" "Mozilla/5.0 (compatible; AhrefsBot/7.0; +http://ahrefs.com/robot/)"
198.54.114.83 - - [15/Apr/2025:07:01:47 -0400] "POST /wp-admin/admin-ajax.php?action=async_litespeed&nonce=pAXo4uxqIOQ89oqYVUkUeaE3NKBvK9MB&litespeed_type=imgoptm HTTP/1.1" 200 0 "-" "WordPress/6.7.2; https://shahmeenaindustry.com"
66.249.64.96 - - [15/Apr/2025:07:02:24 -0400] "GET /une-solution-innovante-pour-le-confort-sonore/ HTTP/1.1" 200 17231 "-" "Mozilla/5.0 (Linux; Android 6.0.1; Nexus 5X Build/MMB29P) AppleWebKit/537.36 (KHTML, like Gecko) Chrome/135.0.7049.84 Mobile Safari/537.36 (compatible; Googlebot/2.1; +http://www.google.com/bot.html)"
198.54.114.83 - - [15/Apr/2025:07:04:09 -0400] "POST /wp-cron.php?doing_wp_cron=1744715048.9970259666442871093750 HTTP/1.1" 200 0 "-" "WordPress/6.7.2; https://shahmeenaindustry.com"
198.54.114.83 - - [15/Apr/2025:07:04:09 -0400] "POST /wp-admin/admin-ajax.php?action=async_litespeed&nonce=USIXFUHGhZmYNbyZzkEMYVSZNeu8yKBg&litespeed_type=imgoptm HTTP/1.1" 200 0 "-" "WordPress/6.7.2; https://shahmeenaindustry.com"
66.249.64.96 - - [15/Apr/2025:07:04:05 -0400] "GET /exploring-the-cosmic-adventure-of-game-comets/ HTTP/1.1" 200 17222 "-" "Mozilla/5.0 (Linux; Android 6.0.1; Nexus 5X Build/MMB29P) AppleWebKit/537.36 (KHTML, like Gecko) Chrome/135.0.7049.84 Mobile Safari/537.36 (compatible; Googlebot/2.1; +http://www.google.com/bot.html)"
198.54.114.83 - - [15/Apr/2025:07:05:41 -0400] "POST /wp-cron.php?doing_wp_cron=1744715140.4271039962768554687500 HTTP/1.1" 200 0 "-" "WordPress/6.7.2; https://shahmeenaindustry.com"
198.54.114.83 - - [15/Apr/2025:07:05:41 -0400] "POST /wp-cron.php?doing_wp_cron=1744715140.4275979995727539062500 HTTP/1.1" 200 0 "-" "WordPress/6.7.2; https://shahmeenaindustry.com"
2a03:2880:f800:c:: - - [15/Apr/2025:07:05:37 -0400] "GET /wp-json/wp/v2/posts/2869 HTTP/1.1" 200 10903 "-" "meta-externalagent/1.1 (+https://developers.facebook.com/docs/sharing/webmasters/crawler)"
198.54.114.83 - - [15/Apr/2025:07:05:42 -0400] "POST /wp-admin/admin-ajax.php?action=async_litespeed&nonce=RfOph2Qsx52H3lU9pV7e7IELWeLX7Jw6&litespeed_type=imgoptm HTTP/1.1" 200 0 "-" "WordPress/6.7.2; https://shahmeenaindustry.com"
129.226.135.104 - - [15/Apr/2025:07:05:37 -0400] "GET /grand-dunman-a-prime-location-in-the-heart-of-marina-bay/ HTTP/1.1" 200 17154 "-" "Python/3.10 aiohttp/3.10.5"
54.36.148.199 - - [15/Apr/2025:07:05:47 -0400] "GET /tulum-yacht-party-the-perfect-way-to-celebrate-a-special-occasion/ HTTP/1.1" 200 17884 "-" "Mozilla/5.0 (compatible; AhrefsBot/7.0; +http://ahrefs.com/robot/)"
66.249.64.98 - - [15/Apr/2025:07:06:18 -0400] "GET /professionelle-umzugsunternehmen-in-hamburg-fur-ihren-stressfreien-umzug/ HTTP/1.1" 200 17517 "-" "Mozilla/5.0 (Linux; Android 6.0.1; Nexus 5X Build/MMB29P) AppleWebKit/537.36 (KHTML, like Gecko) Chrome/135.0.7049.84 Mobile Safari/537.36 (compatible; Googlebot/2.1; +http://www.google.com/bot.html)"
198.54.114.83 - - [15/Apr/2025:07:07:38 -0400] "POST /wp-cron.php?doing_wp_cron=1744715258.2244501113891601562500 HTTP/1.1" 200 0 "-" "WordPress/6.7.2; https://shahmeenaindustry.com"
54.36.148.30 - - [15/Apr/2025:07:07:38 -0400] "GET /what-is-a-gaming-keyboard/feed/ HTTP/1.1" 200 397 "-" "Mozilla/5.0 (compatible; AhrefsBot/7.0; +http://ahrefs.com/robot/)"
198.54.114.83 - - [15/Apr/2025:07:07:39 -0400] "POST /wp-admin/admin-ajax.php?action=async_litespeed&nonce=av4CQKi2T1hnZZ7MCHZ0jbUuzuQL9KvK&litespeed_type=imgoptm HTTP/1.1" 200 5 "-" "WordPress/6.7.2; https://shahmeenaindustry.com"
66.249.64.103 - - [15/Apr/2025:07:08:06 -0400] "GET /les-avantages-dune-imprimante-sans-encre/ HTTP/1.1" 200 17712 "-" "Mozilla/5.0 (Linux; Android 6.0.1; Nexus 5X Build/MMB29P) AppleWebKit/537.36 (KHTML, like Gecko) Chrome/135.0.7049.84 Mobile Safari/537.36 (compatible; Googlebot/2.1; +http://www.google.com/bot.html)"
85.208.98.19 - - [15/Apr/2025:07:08:18 -0400] "GET /mumbai-advertising-company/ HTTP/1.1" 200 17268 "-" "Mozilla/5.0 (compatible; SemrushBot-BA; +http://www.semrush.com/bot.html)"
54.36.149.57 - - [15/Apr/2025:07:09:33 -0400] "GET /2023/12/ HTTP/1.1" 301 0 "-" "Mozilla/5.0 (compatible; AhrefsBot/7.0; +http://ahrefs.com/robot/)"
54.36.148.117 - - [15/Apr/2025:07:11:34 -0400] "GET /buy-steam-gift-card-online/feed/ HTTP/1.1" 304 0 "-" "Mozilla/5.0 (compatible; AhrefsBot/7.0; +http://ahrefs.com/robot/)"
198.54.114.83 - - [15/Apr/2025:07:11:43 -0400] "POST /wp-cron.php?doing_wp_cron=1744715500.9611690044403076171875 HTTP/1.1" 200 0 "-" "WordPress/6.7.2; https://shahmeenaindustry.com"
198.54.114.83 - - [15/Apr/2025:07:13:27 -0400] "POST /wp-cron.php?doing_wp_cron=1744715607.1016190052032470703125 HTTP/1.1" 200 0 "-" "WordPress/6.7.2; https://shahmeenaindustry.com"
54.36.148.77 - - [15/Apr/2025:07:13:26 -0400] "GET /best-pc-builder-website/feed/ HTTP/1.1" 304 0 "-" "Mozilla/5.0 (compatible; AhrefsBot/7.0; +http://ahrefs.com/robot/)"
198.54.114.83 - - [15/Apr/2025:07:13:28 -0400] "POST /wp-admin/admin-ajax.php?action=async_litespeed&nonce=4PMjzY7YZPodzw0S00GgX83oy9qoKbyz&litespeed_type=imgoptm HTTP/1.1" 200 0 "-" "WordPress/6.7.2; https://shahmeenaindustry.com"
198.54.114.83 - - [15/Apr/2025:07:14:44 -0400] "POST /wp-cron.php?doing_wp_cron=1744715684.6796989440917968750000 HTTP/1.1" 200 0 "-" "WordPress/6.7.2; https://shahmeenaindustry.com"
198.54.114.83 - - [15/Apr/2025:07:14:45 -0400] "POST /wp-admin/admin-ajax.php?action=async_litespeed&nonce=t7hIkMPOMNsuwkNY2oyAb8AHNyyuhF6k&litespeed_type=imgoptm HTTP/1.1" 200 5 "-" "WordPress/6.7.2; https://shahmeenaindustry.com"
150.109.60.212 - - [15/Apr/2025:07:14:44 -0400] "GET /chicago-locksmith-24-hour/ HTTP/1.1" 200 17417 "-" "Python/3.10 aiohttp/3.10.5"
54.36.148.208 - - [15/Apr/2025:07:15:18 -0400] "GET /author/jorge/ HTTP/1.1" 301 0 "-" "Mozilla/5.0 (compatible; AhrefsBot/7.0; +http://ahrefs.com/robot/)"
185.191.171.18 - - [15/Apr/2025:07:15:25 -0400] "GET /how-electrical-service-works-in-your-home/ HTTP/1.1" 200 17649 "-" "Mozilla/5.0 (compatible; SemrushBot/7~bl; +http://www.semrush.com/bot.html)"
66.249.64.102 - - [15/Apr/2025:07:15:57 -0400] "GET /2025/01/ HTTP/1.1" 301 0 "-" "Mozilla/5.0 (Linux; Android 6.0.1; Nexus 5X Build/MMB29P) AppleWebKit/537.36 (KHTML, like Gecko) Chrome/135.0.7049.84 Mobile Safari/537.36 (compatible; Googlebot/2.1; +http://www.google.com/bot.html)"
66.249.64.104 - - [15/Apr/2025:07:16:00 -0400] "GET /wp-content/themes/chromenews/js/navigation.js?ver=20151215 HTTP/1.1" 200 951 "https://shahmeenaindustry.com/" "Mozilla/5.0 (Linux; Android 6.0.1; Nexus 5X Build/MMB29P) AppleWebKit/537.36 (KHTML, like Gecko) Chrome/134.0.6998.165 Mobile Safari/537.36 (compatible; Googlebot/2.1; +http://www.google.com/bot.html)"
66.249.64.102 - - [15/Apr/2025:07:16:00 -0400] "GET /wp-content/themes/chromenews/assets/sidr/js/jquery.sidr.min.js?ver=4.9.3 HTTP/1.1" 200 2463 "https://shahmeenaindustry.com/" "Mozilla/5.0 (Linux; Android 6.0.1; Nexus 5X Build/MMB29P) AppleWebKit/537.36 (KHTML, like Gecko) Chrome/134.0.6998.165 Mobile Safari/537.36 (compatible; Googlebot/2.1; +http://www.google.com/bot.html)"
66.249.64.102 - - [15/Apr/2025:07:16:01 -0400] "GET /wp-includes/js/jquery/jquery.min.js?ver=3.7.1 HTTP/1.1" 200 29744 "https://shahmeenaindustry.com/" "Mozilla/5.0 (Linux; Android 6.0.1; Nexus 5X Build/MMB29P) AppleWebKit/537.36 (KHTML, like Gecko) Chrome/134.0.6998.165 Mobile Safari/537.36 (compatible; Googlebot/2.1; +http://www.google.com/bot.html)"
66.249.64.102 - - [15/Apr/2025:07:16:02 -0400] "GET /wp-content/themes/chromenews/assets/jquery-match-height/jquery.matchHeight.min.js?ver=4.9.3 HTTP/1.1" 200 1264 "https://shahmeenaindustry.com/" "Mozilla/5.0 (Linux; Android 6.0.1; Nexus 5X Build/MMB29P) AppleWebKit/537.36 (KHTML, like Gecko) Chrome/134.0.6998.165 Mobile Safari/537.36 (compatible; Googlebot/2.1; +http://www.google.com/bot.html)"
66.249.64.102 - - [15/Apr/2025:07:16:02 -0400] "GET /wp-content/themes/chromenews/style.min.css?ver=4.9.3 HTTP/1.1" 200 46907 "https://shahmeenaindustry.com/" "Mozilla/5.0 (Linux; Android 6.0.1; Nexus 5X Build/MMB29P) AppleWebKit/537.36 (KHTML, like Gecko) Chrome/134.0.6998.165 Mobile Safari/537.36 (compatible; Googlebot/2.1; +http://www.google.com/bot.html)"
66.249.64.103 - - [15/Apr/2025:07:16:03 -0400] "GET /wp-content/themes/chromenews/assets/jquery.cookie.js?ver=6.7.2 HTTP/1.1" 200 1238 "https://shahmeenaindustry.com/" "Mozilla/5.0 (Linux; Android 6.0.1; Nexus 5X Build/MMB29P) AppleWebKit/537.36 (KHTML, like Gecko) Chrome/134.0.6998.165 Mobile Safari/537.36 (compatible; Googlebot/2.1; +http://www.google.com/bot.html)"
66.249.64.102 - - [15/Apr/2025:07:16:04 -0400] "GET /wp-content/themes/chromenews/assets/slick/css/slick.min.css?ver=4.9.3 HTTP/1.1" 200 390 "https://shahmeenaindustry.com/" "Mozilla/5.0 (Linux; Android 6.0.1; Nexus 5X Build/MMB29P) AppleWebKit/537.36 (KHTML, like Gecko) Chrome/134.0.6998.165 Mobile Safari/537.36 (compatible; Googlebot/2.1; +http://www.google.com/bot.html)"
66.249.64.102 - - [15/Apr/2025:07:16:05 -0400] "GET /wp-content/themes/chromenews/assets/sidr/css/jquery.sidr.dark.css?ver=4.9.3 HTTP/1.1" 200 350 "https://shahmeenaindustry.com/" "Mozilla/5.0 (Linux; Android 6.0.1; Nexus 5X Build/MMB29P) AppleWebKit/537.36 (KHTML, like Gecko) Chrome/134.0.6998.165 Mobile Safari/537.36 (compatible; Googlebot/2.1; +http://www.google.com/bot.html)"
66.249.64.103 - - [15/Apr/2025:07:16:06 -0400] "GET /wp-content/themes/chromenews/assets/icons/style.css?ver=6.7.2 HTTP/1.1" 200 1070 "https://shahmeenaindustry.com/" "Mozilla/5.0 (Linux; Android 6.0.1; Nexus 5X Build/MMB29P) AppleWebKit/537.36 (KHTML, like Gecko) Chrome/134.0.6998.165 Mobile Safari/537.36 (compatible; Googlebot/2.1; +http://www.google.com/bot.html)"
66.249.64.102 - - [15/Apr/2025:07:16:06 -0400] "GET /wp-content/themes/chromenews/assets/marquee/jquery.marquee.js?ver=4.9.3 HTTP/1.1" 200 4269 "https://shahmeenaindustry.com/" "Mozilla/5.0 (Linux; Android 6.0.1; Nexus 5X Build/MMB29P) AppleWebKit/537.36 (KHTML, like Gecko) Chrome/134.0.6998.165 Mobile Safari/537.36 (compatible; Googlebot/2.1; +http://www.google.com/bot.html)"
66.249.64.102 - - [15/Apr/2025:07:16:07 -0400] "GET /wp-content/themes/chromenews/assets/bootstrap/js/bootstrap.min.js?ver=4.9.3 HTTP/1.1" 200 14736 "https://shahmeenaindustry.com/" "Mozilla/5.0 (Linux; Android 6.0.1; Nexus 5X Build/MMB29P) AppleWebKit/537.36 (KHTML, like Gecko) Chrome/134.0.6998.165 Mobile Safari/537.36 (compatible; Googlebot/2.1; +http://www.google.com/bot.html)"
66.249.64.102 - - [15/Apr/2025:07:16:08 -0400] "GET /wp-includes/js/jquery/jquery-migrate.min.js?ver=3.4.1 HTTP/1.1" 200 4678 "https://shahmeenaindustry.com/" "Mozilla/5.0 (Linux; Android 6.0.1; Nexus 5X Build/MMB29P) AppleWebKit/537.36 (KHTML, like Gecko) Chrome/134.0.6998.165 Mobile Safari/537.36 (compatible; Googlebot/2.1; +http://www.google.com/bot.html)"
66.249.64.102 - - [15/Apr/2025:07:16:08 -0400] "GET /wp-content/themes/chromenews/assets/slick/js/slick.min.js?ver=4.9.3 HTTP/1.1" 200 10103 "https://shahmeenaindustry.com/" "Mozilla/5.0 (Linux; Android 6.0.1; Nexus 5X Build/MMB29P) AppleWebKit/537.36 (KHTML, like Gecko) Chrome/134.0.6998.165 Mobile Safari/537.36 (compatible; Googlebot/2.1; +http://www.google.com/bot.html)"
66.249.66.6 - - [15/Apr/2025:07:16:20 -0400] "GET / HTTP/1.1" 200 18257 "-" "Mozilla/5.0 (compatible; Googlebot/2.1; +http://www.google.com/bot.html)"
66.249.64.102 - - [15/Apr/2025:07:16:21 -0400] "GET / HTTP/1.1" 200 18257 "-" "Mozilla/5.0 (Linux; Android 6.0.1; Nexus 5X Build/MMB29P) AppleWebKit/537.36 (KHTML, like Gecko) Chrome/99.0.4844.84 Mobile Safari/537.36 (compatible; Googlebot/2.1; +http://www.google.com/bot.html)"
66.249.64.102 - - [15/Apr/2025:07:16:23 -0400] "GET /wp-content/themes/chromenews/js/skip-link-focus-fix.js?ver=4.9.3 HTTP/1.1" 200 332 "https://shahmeenaindustry.com/" "Mozilla/5.0 AppleWebKit/537.36 (KHTML, like Gecko; compatible; Googlebot/2.1; +http://www.google.com/bot.html) Chrome/134.0.6998.165 Safari/537.36"
66.249.64.102 - - [15/Apr/2025:07:16:25 -0400] "GET /wp-content/themes/chromenews/assets/script.js?ver=4.9.3 HTTP/1.1" 200 4056 "https://shahmeenaindustry.com/" "Mozilla/5.0 AppleWebKit/537.36 (KHTML, like Gecko; compatible; Googlebot/2.1; +http://www.google.com/bot.html) Chrome/134.0.6998.165 Safari/537.36"
66.249.64.102 - - [15/Apr/2025:07:16:25 -0400] "GET / HTTP/1.1" 200 18257 "-" "Mozilla/5.0 (compatible; Googlebot/2.1; +http://www.google.com/bot.html)"
198.54.114.83 - - [15/Apr/2025:07:16:27 -0400] "POST /wp-admin/admin-ajax.php?action=async_litespeed&nonce=nplvp3M0Tt0gqNUf0nmYObGRigpaonpo&litespeed_type=imgoptm HTTP/1.1" 200 0 "-" "WordPress/6.7.2; https://shahmeenaindustry.com"
198.54.114.83 - - [15/Apr/2025:07:19:21 -0400] "POST /wp-cron.php?doing_wp_cron=1744715960.5967140197753906250000 HTTP/1.1" 200 0 "-" "WordPress/6.7.2; https://shahmeenaindustry.com"
66.249.64.104 - - [15/Apr/2025:07:19:15 -0400] "GET /the-role-of-a-salesforce-recruiter/feed/ HTTP/1.1" 200 403 "-" "Mozilla/5.0 (Linux; Android 6.0.1; Nexus 5X Build/MMB29P) AppleWebKit/537.36 (KHTML, like Gecko) Chrome/135.0.7049.84 Mobile Safari/537.36 (compatible; Googlebot/2.1; +http://www.google.com/bot.html)"
198.54.114.83 - - [15/Apr/2025:07:19:22 -0400] "POST /wp-admin/admin-ajax.php?action=async_litespeed&nonce=6tKITKiXA9egIBiJFeCxpv520ROdFB1Q&litespeed_type=imgoptm HTTP/1.1" 200 0 "-" "WordPress/6.7.2; https://shahmeenaindustry.com"
54.36.149.51 - - [15/Apr/2025:07:19:22 -0400] "GET /volume-pills-do-they-really-work/ HTTP/1.1" 200 17989 "-" "Mozilla/5.0 (compatible; AhrefsBot/7.0; +http://ahrefs.com/robot/)"
198.54.114.83 - - [15/Apr/2025:07:21:40 -0400] "POST /wp-cron.php?doing_wp_cron=1744716099.9482638835906982421875 HTTP/1.1" 200 0 "-" "WordPress/6.7.2; https://shahmeenaindustry.com"
54.36.148.181 - - [15/Apr/2025:07:21:34 -0400] "GET /signs-to-call-emergency-heating-services/ HTTP/1.1" 200 17394 "-" "Mozilla/5.0 (compatible; AhrefsBot/7.0; +http://ahrefs.com/robot/)"
198.54.114.83 - - [15/Apr/2025:07:21:42 -0400] "POST /wp-admin/admin-ajax.php?action=async_litespeed&nonce=5gpTdpF0qEgJcOlSaKECYIf4X6J8TuZO&litespeed_type=imgoptm HTTP/1.1" 200 0 "-" "WordPress/6.7.2; https://shahmeenaindustry.com"
198.54.114.83 - - [15/Apr/2025:07:23:35 -0400] "POST /wp-cron.php?doing_wp_cron=1744716215.1932721138000488281250 HTTP/1.1" 200 0 "-" "WordPress/6.7.2; https://shahmeenaindustry.com"
54.36.148.155 - - [15/Apr/2025:07:23:30 -0400] "GET /the-justification-for-why-individuals-quest-for-web-club-programming-versus-a-gambling-club-name/feed/ HTTP/1.1" 304 0 "-" "Mozilla/5.0 (compatible; AhrefsBot/7.0; +http://ahrefs.com/robot/)"
198.54.114.83 - - [15/Apr/2025:07:23:36 -0400] "POST /wp-admin/admin-ajax.php?action=async_litespeed&nonce=tmk6avBfFFucYiFpkiC5iAqENeUsnP6m&litespeed_type=imgoptm HTTP/1.1" 200 0 "-" "WordPress/6.7.2; https://shahmeenaindustry.com"
54.36.149.6 - - [15/Apr/2025:07:25:33 -0400] "GET /land-effective-money-management-a-fledglings-aide/feed/ HTTP/1.1" 200 431 "-" "Mozilla/5.0 (compatible; AhrefsBot/7.0; +http://ahrefs.com/robot/)"
198.54.114.83 - - [15/Apr/2025:07:27:37 -0400] "POST /wp-cron.php?doing_wp_cron=1744716456.2513849735260009765625 HTTP/1.1" 200 0 "-" "WordPress/6.7.2; https://shahmeenaindustry.com"
54.36.148.181 - - [15/Apr/2025:07:27:33 -0400] "GET /1st-anniversary-gifts-to-help-your-relationship-thrive/feed/ HTTP/1.1" 200 429 "-" "Mozilla/5.0 (compatible; AhrefsBot/7.0; +http://ahrefs.com/robot/)"
198.54.114.83 - - [15/Apr/2025:07:27:38 -0400] "POST /wp-admin/admin-ajax.php?action=async_litespeed&nonce=hccj3T1B5dgzyMDLDQhlvmntVyWzzX4o&litespeed_type=imgoptm HTTP/1.1" 200 0 "-" "WordPress/6.7.2; https://shahmeenaindustry.com"
198.54.114.83 - - [15/Apr/2025:07:30:29 -0400] "POST /wp-cron.php?doing_wp_cron=1744716627.9771909713745117187500 HTTP/1.1" 200 0 "-" "WordPress/6.7.2; https://shahmeenaindustry.com"
66.249.64.98 - - [15/Apr/2025:07:30:23 -0400] "GET /fda-cosmetic-registration-process/ HTTP/1.1" 200 17348 "-" "Mozilla/5.0 (Linux; Android 6.0.1; Nexus 5X Build/MMB29P) AppleWebKit/537.36 (KHTML, like Gecko) Chrome/135.0.7049.84 Mobile Safari/537.36 (compatible; Googlebot/2.1; +http://www.google.com/bot.html)"
198.54.114.83 - - [15/Apr/2025:07:32:13 -0400] "POST /wp-cron.php?doing_wp_cron=1744716732.5772500038146972656250 HTTP/1.1" 200 0 "-" "WordPress/6.7.2; https://shahmeenaindustry.com"
54.36.148.239 - - [15/Apr/2025:07:32:07 -0400] "GET /what-are-youtube-views/ HTTP/1.1" 200 17255 "-" "Mozilla/5.0 (compatible; AhrefsBot/7.0; +http://ahrefs.com/robot/)"
198.54.114.83 - - [15/Apr/2025:07:32:14 -0400] "POST /wp-admin/admin-ajax.php?action=async_litespeed&nonce=DupQDHau5YDSmr6NFsHLY9UJCsnjJW7B&litespeed_type=imgoptm HTTP/1.1" 200 0 "-" "WordPress/6.7.2; https://shahmeenaindustry.com"
198.54.114.83 - - [15/Apr/2025:07:33:00 -0400] "POST /wp-cron.php?doing_wp_cron=1744716779.9017670154571533203125 HTTP/1.1" 200 0 "-" "WordPress/6.7.2; https://shahmeenaindustry.com"
66.249.64.97 - - [15/Apr/2025:07:32:59 -0400] "GET /fda-cosmetic-registration-process-for-manufacturers/ HTTP/1.1" 200 17485 "-" "Mozilla/5.0 (Linux; Android 6.0.1; Nexus 5X Build/MMB29P) AppleWebKit/537.36 (KHTML, like Gecko) Chrome/135.0.7049.84 Mobile Safari/537.36 (compatible; Googlebot/2.1; +http://www.google.com/bot.html)"
198.54.114.83 - - [15/Apr/2025:07:33:01 -0400] "POST /wp-admin/admin-ajax.php?action=async_litespeed&nonce=Jara0Xi4Ynpxrf1y3dMqDJxLh1rtrfKJ&litespeed_type=imgoptm HTTP/1.1" 200 0 "-" "WordPress/6.7.2; https://shahmeenaindustry.com"
198.54.114.83 - - [15/Apr/2025:07:33:47 -0400] "POST /wp-admin/admin-ajax.php?action=async_litespeed&nonce=k3fAhLbFxWweLiV3kNGiXeN99xA6CdH9&litespeed_type=imgoptm HTTP/1.1" 200 5 "-" "WordPress/6.7.2; https://shahmeenaindustry.com"
54.36.148.184 - - [15/Apr/2025:07:34:14 -0400] "GET /watten-house-an-urban-lifestyle-blended-with-natural-splendor/feed/ HTTP/1.1" 304 0 "-" "Mozilla/5.0 (compatible; AhrefsBot/7.0; +http://ahrefs.com/robot/)"
198.54.114.83 - - [15/Apr/2025:07:35:36 -0400] "POST /wp-cron.php?doing_wp_cron=1744716935.8214910030364990234375 HTTP/1.1" 200 0 "-" "WordPress/6.7.2; https://shahmeenaindustry.com"
66.249.64.97 - - [15/Apr/2025:07:35:34 -0400] "GET /hot-post-codes-for-sydney-commercial-property/ HTTP/1.1" 200 17859 "-" "Mozilla/5.0 (Linux; Android 6.0.1; Nexus 5X Build/MMB29P) AppleWebKit/537.36 (KHTML, like Gecko) Chrome/135.0.7049.84 Mobile Safari/537.36 (compatible; Googlebot/2.1; +http://www.google.com/bot.html)"
198.54.114.83 - - [15/Apr/2025:07:35:37 -0400] "POST /wp-admin/admin-ajax.php?action=async_litespeed&nonce=PEkfJes7kAoGQoKipXLScAMbFoLFwWou&litespeed_type=imgoptm HTTP/1.1" 200 0 "-" "WordPress/6.7.2; https://shahmeenaindustry.com"
198.54.114.83 - - [15/Apr/2025:07:35:46 -0400] "POST /wp-cron.php?doing_wp_cron=1744716946.0975360870361328125000 HTTP/1.1" 200 0 "-" "WordPress/6.7.2; https://shahmeenaindustry.com"
119.28.65.64 - - [15/Apr/2025:07:35:45 -0400] "GET /flathead-lake-boat-tours/ HTTP/1.1" 200 18123 "-" "Python/3.10 aiohttp/3.10.5"
66.249.64.97 - - [15/Apr/2025:07:36:12 -0400] "GET /the-benefits-of-house-cleaners/ HTTP/1.1" 200 17792 "-" "Mozilla/5.0 (Linux; Android 6.0.1; Nexus 5X Build/MMB29P) AppleWebKit/537.36 (KHTML, like Gecko) Chrome/135.0.7049.84 Mobile Safari/537.36 (compatible; Googlebot/2.1; +http://www.google.com/bot.html)"
66.249.64.97 - - [15/Apr/2025:07:36:19 -0400] "GET /mastering-personal-finance-strategies-from-an-expert/ HTTP/1.1" 200 17427 "-" "Mozilla/5.0 (Linux; Android 6.0.1; Nexus 5X Build/MMB29P) AppleWebKit/537.36 (KHTML, like Gecko) Chrome/135.0.7049.84 Mobile Safari/537.36 (compatible; Googlebot/2.1; +http://www.google.com/bot.html)"
54.36.149.104 - - [15/Apr/2025:07:36:29 -0400] "GET /newport-residences-enjoy-living-in-the-heart-of-district-2/feed/ HTTP/1.1" 304 0 "-" "Mozilla/5.0 (compatible; AhrefsBot/7.0; +http://ahrefs.com/robot/)"
198.54.114.83 - - [15/Apr/2025:07:37:00 -0400] "POST /wp-cron.php?doing_wp_cron=1744717020.1088190078735351562500 HTTP/1.1" 200 0 "-" "WordPress/6.7.2; https://shahmeenaindustry.com"
2a03:2880:f800:14:: - - [15/Apr/2025:07:36:59 -0400] "GET /wp-json/wp/v2/posts/586 HTTP/1.1" 200 11066 "-" "meta-externalagent/1.1 (+https://developers.facebook.com/docs/sharing/webmasters/crawler)"
198.54.114.83 - - [15/Apr/2025:07:37:02 -0400] "POST /wp-admin/admin-ajax.php?action=async_litespeed&nonce=C5O0AGpCLiBGHh9xX6SfMdTTFnrUaFTA&litespeed_type=imgoptm HTTP/1.1" 200 0 "-" "WordPress/6.7.2; https://shahmeenaindustry.com"
198.54.114.83 - - [15/Apr/2025:07:38:07 -0400] "POST /wp-cron.php?doing_wp_cron=1744717086.5780870914459228515625 HTTP/1.1" 200 0 "-" "WordPress/6.7.2; https://shahmeenaindustry.com"
198.54.114.83 - - [15/Apr/2025:07:38:09 -0400] "POST /wp-admin/admin-ajax.php?action=async_litespeed&nonce=GYCO5ALH4i3zlpIJCRcZq8NxanLmudZV&litespeed_type=imgoptm HTTP/1.1" 200 0 "-" "WordPress/6.7.2; https://shahmeenaindustry.com"
66.249.64.98 - - [15/Apr/2025:07:38:06 -0400] "GET /crafting-comfort-elevating-outdoor-experiences-with-exceptional-chairs/ HTTP/1.1" 200 17425 "-" "Mozilla/5.0 (Linux; Android 6.0.1; Nexus 5X Build/MMB29P) AppleWebKit/537.36 (KHTML, like Gecko) Chrome/135.0.7049.84 Mobile Safari/537.36 (compatible; Googlebot/2.1; +http://www.google.com/bot.html)"
66.249.64.97 - - [15/Apr/2025:07:38:11 -0400] "GET /nourishing-communities-finding-food-donations-near-me/ HTTP/1.1" 200 17285 "-" "Mozilla/5.0 (Linux; Android 6.0.1; Nexus 5X Build/MMB29P) AppleWebKit/537.36 (KHTML, like Gecko) Chrome/135.0.7049.84 Mobile Safari/537.36 (compatible; Googlebot/2.1; +http://www.google.com/bot.html)"
13.250.87.217 - - [15/Apr/2025:07:38:46 -0400] "GET /wp-content/uploads/2023/01/How-to-Set-Up-Face-ID-on-Your-iPhone-768x540.jpg HTTP/1.1" 200 60594 "-" "Mozilla/5.0 (Windows NT 10.0; Win64; x64) AppleWebKit/537.36 (KHTML, like Gecko) Chrome/133.0.0.0 Safari/537.36"
198.54.114.83 - - [15/Apr/2025:07:38:52 -0400] "POST /wp-cron.php?doing_wp_cron=1744717132.3549559116363525390625 HTTP/1.1" 200 0 "-" "WordPress/6.7.2; https://shahmeenaindustry.com"
54.36.148.242 - - [15/Apr/2025:07:38:51 -0400] "GET /lucrative-interests-in-the-housing-market/feed/ HTTP/1.1" 304 0 "-" "Mozilla/5.0 (compatible; AhrefsBot/7.0; +http://ahrefs.com/robot/)"
198.54.114.83 - - [15/Apr/2025:07:38:53 -0400] "POST /wp-admin/admin-ajax.php?action=async_litespeed&nonce=TvfCJv0ipuo7BJGy4kdlAp3xPQJMjamO&litespeed_type=imgoptm HTTP/1.1" 200 5 "-" "WordPress/6.7.2; https://shahmeenaindustry.com"
198.54.114.83 - - [15/Apr/2025:07:40:27 -0400] "POST /wp-cron.php?doing_wp_cron=1744717226.2491610050201416015625 HTTP/1.1" 200 0 "-" "WordPress/6.7.2; https://shahmeenaindustry.com"
2a03:2880:f800:4:: - - [15/Apr/2025:07:40:21 -0400] "GET /wp-json/wp/v2/posts/2956 HTTP/1.1" 200 12763 "-" "meta-externalagent/1.1 (+https://developers.facebook.com/docs/sharing/webmasters/crawler)"
54.36.148.92 - - [15/Apr/2025:07:41:10 -0400] "GET /dometic-refrigerators-how-they-work/feed/ HTTP/1.1" 200 415 "-" "Mozilla/5.0 (compatible; AhrefsBot/7.0; +http://ahrefs.com/robot/)"
119.28.27.236 - - [15/Apr/2025:07:41:17 -0400] "GET /beyond-the-logo-5-design-ideas-for-promotional-bags/ HTTP/1.1" 200 18193 "-" "Python/3.10 aiohttp/3.10.5"
149.126.195.50 - - [15/Apr/2025:07:43:10 -0400] "GET /what-are-peptide-capsules/ HTTP/1.1" 200 17203 "-" "Mozilla/5.0 (Windows NT 10.0; Win64; x64) AppleWebKit/537.36 (KHTML, like Gecko) Chrome/111.0.0.0 Safari/537.36"
