217.113.194.21 - - [16/Apr/2025:08:18:48 -0400] "GET /pilou-pilou-asbaek/ HTTP/1.1" 200 18263 "-" "Mozilla/5.0 (compatible; Barkrowler/0.9; +https://babbar.tech/crawler)"
217.113.194.12 - - [16/Apr/2025:08:19:09 -0400] "GET /the-dynamics-of-buying-youtube-views/ HTTP/1.1" 200 17634 "-" "Mozilla/5.0 (compatible; Barkrowler/0.9; +https://babbar.tech/crawler)"
217.113.194.18 - - [16/Apr/2025:08:19:30 -0400] "GET /the-value-of-vintage-persian-rugs/ HTTP/1.1" 200 18079 "-" "Mozilla/5.0 (compatible; Barkrowler/0.9; +https://babbar.tech/crawler)"
217.113.194.15 - - [16/Apr/2025:08:19:49 -0400] "GET /why-choose-a-retail-marketing-agency/feed/ HTTP/1.1" 200 404 "-" "Mozilla/5.0 (compatible; Barkrowler/0.9; +https://babbar.tech/crawler)"
198.54.114.83 - - [16/Apr/2025:08:19:52 -0400] "POST /wp-cron.php?doing_wp_cron=1744805990.3811058998107910156250 HTTP/1.1" 200 0 "-" "WordPress/6.8; https://shahmeenaindustry.com"
217.113.194.16 - - [16/Apr/2025:08:20:11 -0400] "GET /what-is-a-call-answering-service/ HTTP/1.1" 200 17614 "-" "Mozilla/5.0 (compatible; Barkrowler/0.9; +https://babbar.tech/crawler)"
27.42.99.212 - - [16/Apr/2025:08:20:27 -0400] "GET /how-to-get-the-most-out-of-a-jade-roller/ HTTP/1.1" 200 18151 "https://shahmeenaindustry.com" "Mozilla/5.0 (Windows NT 10.0; Win64; x64) AppleWebKit/537.36 (KHTML, like Gecko) Chrome/62.0.3202.94 Safari/537.36"
217.113.194.21 - - [16/Apr/2025:08:20:33 -0400] "GET /die-verkehrsbetriebe-luneburg/feed/ HTTP/1.1" 200 395 "-" "Mozilla/5.0 (compatible; Barkrowler/0.9; +https://babbar.tech/crawler)"
27.42.99.212 - - [16/Apr/2025:08:20:32 -0400] "POST /wp-comments-post.php HTTP/1.1" 302 0 "https://shahmeenaindustry.com" "Mozilla/5.0 (Windows NT 10.0; Win64; x64) AppleWebKit/537.36 (KHTML, like Gecko) Chrome/62.0.3202.94 Safari/537.36"
217.113.194.15 - - [16/Apr/2025:08:20:54 -0400] "GET /rezept-fur-gurkensandwich/ HTTP/1.1" 200 17610 "-" "Mozilla/5.0 (compatible; Barkrowler/0.9; +https://babbar.tech/crawler)"
198.54.114.83 - - [16/Apr/2025:08:20:57 -0400] "POST /wp-cron.php?doing_wp_cron=1744806055.3473129272460937500000 HTTP/1.1" 200 0 "-" "WordPress/6.8; https://shahmeenaindustry.com"
217.113.194.15 - - [16/Apr/2025:08:21:16 -0400] "GET /rezept-fur-gurkensandwich/feed/ HTTP/1.1" 200 395 "-" "Mozilla/5.0 (compatible; Barkrowler/0.9; +https://babbar.tech/crawler)"
2a03:2880:f800:12:: - - [16/Apr/2025:08:21:21 -0400] "GET /spectacular-bridesmaid-dresses-for-weddings-and-then-some/ HTTP/1.1" 200 18675 "-" "meta-externalagent/1.1 (+https://developers.facebook.com/docs/sharing/webmasters/crawler)"
154.54.249.194 - - [16/Apr/2025:08:21:35 -0400] "GET /why-you-should-buy-youtube-views/feed/ HTTP/1.1" 200 406 "-" "Mozilla/5.0 (compatible; Barkrowler/0.9; +https://babbar.tech/crawler)"
54.36.148.161 - - [16/Apr/2025:08:21:42 -0400] "GET /buy-custom-comments-for-youtube/feed/ HTTP/1.1" 304 0 "-" "Mozilla/5.0 (compatible; AhrefsBot/7.0; +http://ahrefs.com/robot/)"
217.113.194.12 - - [16/Apr/2025:08:21:54 -0400] "GET /the-best-soccer-grip-socks/feed/ HTTP/1.1" 200 396 "-" "Mozilla/5.0 (compatible; Barkrowler/0.9; +https://babbar.tech/crawler)"
198.54.114.83 - - [16/Apr/2025:08:22:15 -0400] "POST /wp-cron.php?doing_wp_cron=1744806134.2859239578247070312500 HTTP/1.1" 200 0 "-" "WordPress/6.8; https://shahmeenaindustry.com"
217.113.194.14 - - [16/Apr/2025:08:22:14 -0400] "GET /the-benefits-of-coworking-space/feed/ HTTP/1.1" 200 395 "-" "Mozilla/5.0 (compatible; Barkrowler/0.9; +https://babbar.tech/crawler)"
217.113.194.21 - - [16/Apr/2025:08:22:33 -0400] "GET /the-benefits-of-pesach-programs/feed/ HTTP/1.1" 200 392 "-" "Mozilla/5.0 (compatible; Barkrowler/0.9; +https://babbar.tech/crawler)"
217.113.194.18 - - [16/Apr/2025:08:22:54 -0400] "GET /the-benefits-of-house-cleaners/ HTTP/1.1" 200 18035 "-" "Mozilla/5.0 (compatible; Barkrowler/0.9; +https://babbar.tech/crawler)"
54.36.148.221 - - [16/Apr/2025:08:23:07 -0400] "GET /agence-medias-payants-paris/feed/ HTTP/1.1" 304 0 "-" "Mozilla/5.0 (compatible; AhrefsBot/7.0; +http://ahrefs.com/robot/)"
217.113.194.20 - - [16/Apr/2025:08:23:13 -0400] "GET /what-does-a-celebrity-bodyguard-do/ HTTP/1.1" 200 17571 "-" "Mozilla/5.0 (compatible; Barkrowler/0.9; +https://babbar.tech/crawler)"
198.54.114.83 - - [16/Apr/2025:08:23:36 -0400] "POST /wp-cron.php?doing_wp_cron=1744806214.3064761161804199218750 HTTP/1.1" 200 0 "-" "WordPress/6.8; https://shahmeenaindustry.com"
154.54.249.194 - - [16/Apr/2025:08:23:33 -0400] "GET /is-an-mba-right-for-you/ HTTP/1.1" 200 17651 "-" "Mozilla/5.0 (compatible; Barkrowler/0.9; +https://babbar.tech/crawler)"
217.113.194.13 - - [16/Apr/2025:08:23:58 -0400] "GET /funko-pop-marvel-2023/feed/ HTTP/1.1" 200 388 "-" "Mozilla/5.0 (compatible; Barkrowler/0.9; +https://babbar.tech/crawler)"
217.113.194.19 - - [16/Apr/2025:08:24:20 -0400] "GET /the-art-of-typing-speed-tests/ HTTP/1.1" 200 17547 "-" "Mozilla/5.0 (compatible; Barkrowler/0.9; +https://babbar.tech/crawler)"
54.36.148.119 - - [16/Apr/2025:08:24:38 -0400] "GET /what-are-accessories/ HTTP/1.1" 200 17458 "-" "Mozilla/5.0 (compatible; AhrefsBot/7.0; +http://ahrefs.com/robot/)"
217.113.194.15 - - [16/Apr/2025:08:24:43 -0400] "GET /identify-the-best-online-gambling-sites/ HTTP/1.1" 200 18131 "-" "Mozilla/5.0 (compatible; Barkrowler/0.9; +https://babbar.tech/crawler)"
217.113.194.16 - - [16/Apr/2025:08:25:07 -0400] "GET /benefits-of-a-flexible-led-screen/feed/ HTTP/1.1" 200 401 "-" "Mozilla/5.0 (compatible; Barkrowler/0.9; +https://babbar.tech/crawler)"
198.54.114.83 - - [16/Apr/2025:08:25:15 -0400] "POST /wp-cron.php?doing_wp_cron=1744806307.8399031162261962890625 HTTP/1.1" 200 0 "-" "WordPress/6.8; https://shahmeenaindustry.com"
2a03:2880:f800:1d:: - - [16/Apr/2025:08:25:20 -0400] "GET /wp-json/wp/v2/posts/2902 HTTP/1.1" 200 11508 "-" "meta-externalagent/1.1 (+https://developers.facebook.com/docs/sharing/webmasters/crawler)"
2a03:2880:f800:e:: - - [16/Apr/2025:08:25:24 -0400] "GET /umzugsunternehmen-in-luneburg-ihr-partner-fur-einen-reibungslosen-umzug/ HTTP/1.1" 200 17835 "-" "meta-externalagent/1.1 (+https://developers.facebook.com/docs/sharing/webmasters/crawler)"
2a03:2880:f800:9:: - - [16/Apr/2025:08:25:25 -0400] "GET /wp-json/wp/v2/posts/2592 HTTP/1.1" 200 10865 "-" "meta-externalagent/1.1 (+https://developers.facebook.com/docs/sharing/webmasters/crawler)"
154.54.249.194 - - [16/Apr/2025:08:25:31 -0400] "GET /instant-boiling-water-tap/ HTTP/1.1" 200 17544 "-" "Mozilla/5.0 (compatible; Barkrowler/0.9; +https://babbar.tech/crawler)"
43.153.36.110 - - [16/Apr/2025:08:25:41 -0400] "GET /2024/07/ HTTP/1.1" 301 0 "-" "Mozilla/5.0 (iPhone; CPU iPhone OS 13_2_3 like Mac OS X) AppleWebKit/605.1.15 (KHTML, like Gecko) Version/13.0.3 Mobile/15E148 Safari/604.1"
43.153.36.110 - - [16/Apr/2025:08:25:48 -0400] "GET / HTTP/1.1" 200 18582 "https://shahmeenaindustry.com/2024/07/" "Mozilla/5.0 (iPhone; CPU iPhone OS 13_2_3 like Mac OS X) AppleWebKit/605.1.15 (KHTML, like Gecko) Version/13.0.3 Mobile/15E148 Safari/604.1"
2a03:2880:f800:: - - [16/Apr/2025:08:25:51 -0400] "GET /?p=2910 HTTP/1.1" 301 0 "-" "meta-externalagent/1.1 (+https://developers.facebook.com/docs/sharing/webmasters/crawler)"
217.113.194.19 - - [16/Apr/2025:08:25:54 -0400] "GET /maid-services-in-indianapolis/feed/ HTTP/1.1" 200 393 "-" "Mozilla/5.0 (compatible; Barkrowler/0.9; +https://babbar.tech/crawler)"
54.36.148.14 - - [16/Apr/2025:08:26:06 -0400] "GET /elevating-corporate-events-the-power-of-unique-entertainment/ HTTP/1.1" 200 17544 "-" "Mozilla/5.0 (compatible; AhrefsBot/7.0; +http://ahrefs.com/robot/)"
217.113.194.19 - - [16/Apr/2025:08:26:18 -0400] "GET /be-a-big-winner-with-online-poker/ HTTP/1.1" 200 18235 "-" "Mozilla/5.0 (compatible; Barkrowler/0.9; +https://babbar.tech/crawler)"
217.113.194.20 - - [16/Apr/2025:08:26:38 -0400] "GET /understanding-electronic-warrants/feed/ HTTP/1.1" 200 391 "-" "Mozilla/5.0 (compatible; Barkrowler/0.9; +https://babbar.tech/crawler)"
198.54.114.83 - - [16/Apr/2025:08:26:44 -0400] "POST /wp-cron.php?doing_wp_cron=1744806399.7243568897247314453125 HTTP/1.1" 200 0 "-" "WordPress/6.8; https://shahmeenaindustry.com"
217.113.194.21 - - [16/Apr/2025:08:27:01 -0400] "GET /intranets-and-social-enterprise-portals/ HTTP/1.1" 200 17732 "-" "Mozilla/5.0 (compatible; Barkrowler/0.9; +https://babbar.tech/crawler)"
217.113.194.13 - - [16/Apr/2025:08:27:25 -0400] "GET /lilo-and-stitch-hoodies/ HTTP/1.1" 200 17743 "-" "Mozilla/5.0 (compatible; Barkrowler/0.9; +https://babbar.tech/crawler)"
198.54.114.83 - - [16/Apr/2025:08:27:41 -0400] "POST /wp-cron.php?doing_wp_cron=1744806460.6442210674285888671875 HTTP/1.1" 200 0 "-" "WordPress/6.8; https://shahmeenaindustry.com"
54.36.148.165 - - [16/Apr/2025:08:27:40 -0400] "GET /bilanz-hattingen-supporting-the-small-business-community/ HTTP/1.1" 200 17830 "-" "Mozilla/5.0 (compatible; AhrefsBot/7.0; +http://ahrefs.com/robot/)"
217.113.194.13 - - [16/Apr/2025:08:27:42 -0400] "GET /michael-kors-bags-in-brown/feed/ HTTP/1.1" 200 394 "-" "Mozilla/5.0 (compatible; Barkrowler/0.9; +https://babbar.tech/crawler)"
217.113.194.15 - - [16/Apr/2025:08:28:01 -0400] "GET /adornments-for-style-and-heart/ HTTP/1.1" 200 18433 "-" "Mozilla/5.0 (compatible; Barkrowler/0.9; +https://babbar.tech/crawler)"
217.113.194.21 - - [16/Apr/2025:08:28:22 -0400] "GET /financial-freedom-with-real-estate/ HTTP/1.1" 200 17859 "-" "Mozilla/5.0 (compatible; Barkrowler/0.9; +https://babbar.tech/crawler)"
217.113.194.13 - - [16/Apr/2025:08:28:43 -0400] "GET /une-solution-pratique-et-delicieuse/ HTTP/1.1" 200 17497 "-" "Mozilla/5.0 (compatible; Barkrowler/0.9; +https://babbar.tech/crawler)"
198.54.114.83 - - [16/Apr/2025:08:28:48 -0400] "POST /wp-cron.php?doing_wp_cron=1744806524.1141560077667236328125 HTTP/1.1" 200 0 "-" "WordPress/6.8; https://shahmeenaindustry.com"
217.113.194.21 - - [16/Apr/2025:08:29:05 -0400] "GET /best-cbd-for-sleep-uk/feed/ HTTP/1.1" 200 389 "-" "Mozilla/5.0 (compatible; Barkrowler/0.9; +https://babbar.tech/crawler)"
54.36.148.24 - - [16/Apr/2025:08:29:09 -0400] "GET /fix-unresponsive-iphone-screen/feed/ HTTP/1.1" 304 0 "-" "Mozilla/5.0 (compatible; AhrefsBot/7.0; +http://ahrefs.com/robot/)"
217.113.194.12 - - [16/Apr/2025:08:29:26 -0400] "GET /shower-renovations-melbourne/feed/ HTTP/1.1" 200 389 "-" "Mozilla/5.0 (compatible; Barkrowler/0.9; +https://babbar.tech/crawler)"
217.113.194.21 - - [16/Apr/2025:08:29:47 -0400] "GET /best-tinting-shop-in-columbus/feed/ HTTP/1.1" 200 398 "-" "Mozilla/5.0 (compatible; Barkrowler/0.9; +https://babbar.tech/crawler)"
217.113.194.19 - - [16/Apr/2025:08:30:07 -0400] "GET /precision-focus-and-skill/ HTTP/1.1" 200 17592 "-" "Mozilla/5.0 (compatible; Barkrowler/0.9; +https://babbar.tech/crawler)"
217.113.194.17 - - [16/Apr/2025:08:30:29 -0400] "GET /rhinoplasty-what-you-need-to-know/ HTTP/1.1" 200 17302 "-" "Mozilla/5.0 (compatible; Barkrowler/0.9; +https://babbar.tech/crawler)"
54.36.148.46 - - [16/Apr/2025:08:30:35 -0400] "GET /how-to-replace-ray-ban-nose-pads/feed/ HTTP/1.1" 200 405 "-" "Mozilla/5.0 (compatible; AhrefsBot/7.0; +http://ahrefs.com/robot/)"
217.113.194.19 - - [16/Apr/2025:08:30:52 -0400] "GET /why-use-natural-skin-care-products/feed/ HTTP/1.1" 200 404 "-" "Mozilla/5.0 (compatible; Barkrowler/0.9; +https://babbar.tech/crawler)"
217.113.194.20 - - [16/Apr/2025:08:31:17 -0400] "GET /microsoft-solutions-for-financial-markets/ HTTP/1.1" 200 17483 "-" "Mozilla/5.0 (compatible; Barkrowler/0.9; +https://babbar.tech/crawler)"
217.113.194.21 - - [16/Apr/2025:08:31:37 -0400] "GET /what-to-look-for-in-baby-strollers/ HTTP/1.1" 200 18067 "-" "Mozilla/5.0 (compatible; Barkrowler/0.9; +https://babbar.tech/crawler)"
217.113.194.17 - - [16/Apr/2025:08:31:58 -0400] "GET /umzugsunternehmen-in-luneburg/ HTTP/1.1" 200 17757 "-" "Mozilla/5.0 (compatible; Barkrowler/0.9; +https://babbar.tech/crawler)"
54.36.148.246 - - [16/Apr/2025:08:31:59 -0400] "GET /chromebook-screen-recording/feed/ HTTP/1.1" 304 0 "-" "Mozilla/5.0 (compatible; AhrefsBot/7.0; +http://ahrefs.com/robot/)"
2a03:2880:f800:16:: - - [16/Apr/2025:08:32:15 -0400] "GET /wp-json/wp/v2/posts/2904 HTTP/1.1" 200 12263 "-" "meta-externalagent/1.1 (+https://developers.facebook.com/docs/sharing/webmasters/crawler)"
217.113.194.21 - - [16/Apr/2025:08:32:18 -0400] "GET /the-importance-of-law-tutoring/ HTTP/1.1" 200 17550 "-" "Mozilla/5.0 (compatible; Barkrowler/0.9; +https://babbar.tech/crawler)"
43.155.195.141 - - [16/Apr/2025:08:32:34 -0400] "GET /2024/04/ HTTP/1.1" 301 0 "-" "Mozilla/5.0 (iPhone; CPU iPhone OS 13_2_3 like Mac OS X) AppleWebKit/605.1.15 (KHTML, like Gecko) Version/13.0.3 Mobile/15E148 Safari/604.1"
217.113.194.20 - - [16/Apr/2025:08:32:41 -0400] "GET /advancements-in-orthodontics/feed/ HTTP/1.1" 200 383 "-" "Mozilla/5.0 (compatible; Barkrowler/0.9; +https://babbar.tech/crawler)"
2a03:2880:f800:1d:: - - [16/Apr/2025:08:32:41 -0400] "GET /wp-json/wp/v2/posts/2491 HTTP/1.1" 200 11085 "-" "meta-externalagent/1.1 (+https://developers.facebook.com/docs/sharing/webmasters/crawler)"
43.155.195.141 - - [16/Apr/2025:08:32:42 -0400] "GET / HTTP/1.1" 200 18582 "https://shahmeenaindustry.com/2024/04/" "Mozilla/5.0 (iPhone; CPU iPhone OS 13_2_3 like Mac OS X) AppleWebKit/605.1.15 (KHTML, like Gecko) Version/13.0.3 Mobile/15E148 Safari/604.1"
217.113.194.14 - - [16/Apr/2025:08:33:00 -0400] "GET /where-to-buy-real-youtube-subscribers/ HTTP/1.1" 200 17543 "-" "Mozilla/5.0 (compatible; Barkrowler/0.9; +https://babbar.tech/crawler)"
217.113.194.20 - - [16/Apr/2025:08:33:20 -0400] "GET /property-management-companies-in-london/ HTTP/1.1" 200 17835 "-" "Mozilla/5.0 (compatible; Barkrowler/0.9; +https://babbar.tech/crawler)"
54.36.148.77 - - [16/Apr/2025:08:33:37 -0400] "GET /why-should-you-prefer-betfair-clone-for-sports-betting-app-development/feed/ HTTP/1.1" 200 442 "-" "Mozilla/5.0 (compatible; AhrefsBot/7.0; +http://ahrefs.com/robot/)"
217.113.194.12 - - [16/Apr/2025:08:33:43 -0400] "GET /exploring-online-games-on-chrome/ HTTP/1.1" 200 17705 "-" "Mozilla/5.0 (compatible; Barkrowler/0.9; +https://babbar.tech/crawler)"
43.128.36.58 - - [16/Apr/2025:08:33:44 -0400] "GET /how-to-do-do-voiceovers/ HTTP/1.1" 200 17575 "-" "Python/3.10 aiohttp/3.10.5"
217.113.194.17 - - [16/Apr/2025:08:34:04 -0400] "GET /exploring-the-dry-shampoo-sofa/feed/ HTTP/1.1" 200 399 "-" "Mozilla/5.0 (compatible; Barkrowler/0.9; +https://babbar.tech/crawler)"
217.113.194.13 - - [16/Apr/2025:08:34:25 -0400] "GET /exploring-the-botany-showflat/feed/ HTTP/1.1" 200 394 "-" "Mozilla/5.0 (compatible; Barkrowler/0.9; +https://babbar.tech/crawler)"
217.113.194.19 - - [16/Apr/2025:08:34:46 -0400] "GET /exploring-the-multicanais-phenomenon/ HTTP/1.1" 200 17486 "-" "Mozilla/5.0 (compatible; Barkrowler/0.9; +https://babbar.tech/crawler)"
217.113.194.21 - - [16/Apr/2025:08:35:10 -0400] "GET /football-kit-shops-for-everyone/feed/ HTTP/1.1" 200 397 "-" "Mozilla/5.0 (compatible; Barkrowler/0.9; +https://babbar.tech/crawler)"
54.36.149.0 - - [16/Apr/2025:08:35:10 -0400] "GET /sports-betting-advice-guaranteed-to-make-you-a-winner/feed/ HTTP/1.1" 200 429 "-" "Mozilla/5.0 (compatible; AhrefsBot/7.0; +http://ahrefs.com/robot/)"
217.113.194.21 - - [16/Apr/2025:08:35:31 -0400] "GET /football-kit-shops-for-everyone/ HTTP/1.1" 200 18078 "-" "Mozilla/5.0 (compatible; Barkrowler/0.9; +https://babbar.tech/crawler)"
217.113.194.13 - - [16/Apr/2025:08:35:52 -0400] "GET /the-power-of-personal-life-coaching/feed/ HTTP/1.1" 200 404 "-" "Mozilla/5.0 (compatible; Barkrowler/0.9; +https://babbar.tech/crawler)"
2a03:2880:f800:18:: - - [16/Apr/2025:08:36:02 -0400] "GET /how-to-screenshot-your-iphone-11/feed/ HTTP/1.1" 200 406 "-" "meta-externalagent/1.1 (+https://developers.facebook.com/docs/sharing/webmasters/crawler)"
20.57.56.244 - - [16/Apr/2025:08:36:10 -0400] "GET /wp-admin/network/about.php HTTP/1.1" 302 0 "-" "-"
217.113.194.13 - - [16/Apr/2025:08:36:12 -0400] "GET /the-power-of-3cx-pbx/feed/ HTTP/1.1" 200 390 "-" "Mozilla/5.0 (compatible; Barkrowler/0.9; +https://babbar.tech/crawler)"
20.57.56.244 - - [16/Apr/2025:08:36:13 -0400] "GET /wp-login.php?redirect_to=https%3A%2F%2Fshahmeenaindustry.com%2Fwp-admin%2Fnetwork%2Fabout.php&reauth=1 HTTP/1.1" 200 1737 "-" "-"
217.113.194.20 - - [16/Apr/2025:08:36:31 -0400] "GET /professional-car-detailing-products/feed/ HTTP/1.1" 200 391 "-" "Mozilla/5.0 (compatible; Barkrowler/0.9; +https://babbar.tech/crawler)"
54.36.149.54 - - [16/Apr/2025:08:36:37 -0400] "GET /nobody-cares-what-you-folded-poker-card-guard-review/feed/ HTTP/1.1" 304 0 "-" "Mozilla/5.0 (compatible; AhrefsBot/7.0; +http://ahrefs.com/robot/)"
52.169.85.31 - - [16/Apr/2025:08:36:38 -0400] "GET /wp-login.php?action=register HTTP/1.1" 302 0 "-" "-"
52.169.85.31 - - [16/Apr/2025:08:36:39 -0400] "GET /wp-login.php?registration=disabled HTTP/1.1" 200 1792 "-" "-"
154.54.249.194 - - [16/Apr/2025:08:36:48 -0400] "GET /volume-pills-do-they-really-work/ HTTP/1.1" 200 18187 "-" "Mozilla/5.0 (compatible; Barkrowler/0.9; +https://babbar.tech/crawler)"
52.169.85.31 - - [16/Apr/2025:08:36:54 -0400] "GET /wp-login.php?action=register HTTP/1.1" 302 0 "-" "-"
52.169.85.31 - - [16/Apr/2025:08:36:55 -0400] "GET /wp-login.php?registration=disabled HTTP/1.1" 200 1792 "-" "-"
198.54.114.83 - - [16/Apr/2025:08:37:00 -0400] "POST /wp-admin/admin-ajax.php?action=async_litespeed&nonce=cz4F52U2L4XeVlPJYukYwXAHrbp0NPAW&litespeed_type=imgoptm HTTP/1.1" 200 0 "-" "WordPress/6.8; https://shahmeenaindustry.com"
2a03:2880:f800:11:: - - [16/Apr/2025:08:37:01 -0400] "GET /wp-json/wp/v2/posts/2879 HTTP/1.1" 200 10644 "-" "meta-externalagent/1.1 (+https://developers.facebook.com/docs/sharing/webmasters/crawler)"
217.113.194.21 - - [16/Apr/2025:08:37:08 -0400] "GET /capital-markets-loan-agency-services/ HTTP/1.1" 200 18322 "-" "Mozilla/5.0 (compatible; Barkrowler/0.9; +https://babbar.tech/crawler)"
2a03:2880:f800:3:: - - [16/Apr/2025:08:37:12 -0400] "GET /human-growth-hormone-in-canada-and-its-popularity/feed/ HTTP/1.1" 200 419 "-" "meta-externalagent/1.1 (+https://developers.facebook.com/docs/sharing/webmasters/crawler)"
217.113.194.13 - - [16/Apr/2025:08:37:29 -0400] "GET /sobha-lake-garden-floor-plan/ HTTP/1.1" 200 17880 "-" "Mozilla/5.0 (compatible; Barkrowler/0.9; +https://babbar.tech/crawler)"
129.226.69.173 - - [16/Apr/2025:08:37:29 -0400] "GET /land-programming/ HTTP/1.1" 200 17801 "-" "Python/3.10 aiohttp/3.10.5"
217.113.194.20 - - [16/Apr/2025:08:37:48 -0400] "GET /top-5-cozy-sweaters-for-fall/feed/ HTTP/1.1" 200 398 "-" "Mozilla/5.0 (compatible; Barkrowler/0.9; +https://babbar.tech/crawler)"
54.36.149.46 - - [16/Apr/2025:08:37:59 -0400] "GET /why-virtual-receptionists-are-essential-for-modern-businesses/feed/ HTTP/1.1" 200 430 "-" "Mozilla/5.0 (compatible; AhrefsBot/7.0; +http://ahrefs.com/robot/)"
154.54.249.194 - - [16/Apr/2025:08:38:07 -0400] "GET /what-are-peoples-biggest-fears/ HTTP/1.1" 200 17990 "-" "Mozilla/5.0 (compatible; Barkrowler/0.9; +https://babbar.tech/crawler)"
20.57.56.244 - - [16/Apr/2025:08:38:12 -0400] "GET /wp-login.php HTTP/1.1" 200 1729 "-" "-"
217.113.194.20 - - [16/Apr/2025:08:38:29 -0400] "GET /what-are-the-components-of-a-cbd/feed/ HTTP/1.1" 200 405 "-" "Mozilla/5.0 (compatible; Barkrowler/0.9; +https://babbar.tech/crawler)"
217.113.194.15 - - [16/Apr/2025:08:38:48 -0400] "GET /extractions-de-dents-de-sagesse/feed/ HTTP/1.1" 200 387 "-" "Mozilla/5.0 (compatible; Barkrowler/0.9; +https://babbar.tech/crawler)"
52.169.85.31 - - [16/Apr/2025:08:39:02 -0400] "GET /wp-login.php HTTP/1.1" 200 1729 "-" "-"
217.113.194.15 - - [16/Apr/2025:08:39:05 -0400] "GET /turn-off-iphone-11-without-screen/ HTTP/1.1" 200 21345 "-" "Mozilla/5.0 (compatible; Barkrowler/0.9; +https://babbar.tech/crawler)"
217.113.194.12 - - [16/Apr/2025:08:39:27 -0400] "GET /finding-a-sex-therapist-san-diego/ HTTP/1.1" 200 17530 "-" "Mozilla/5.0 (compatible; Barkrowler/0.9; +https://babbar.tech/crawler)"
54.36.149.5 - - [16/Apr/2025:08:39:37 -0400] "GET /exploring-the-multicanais-phenomenon/ HTTP/1.1" 200 17486 "-" "Mozilla/5.0 (compatible; AhrefsBot/7.0; +http://ahrefs.com/robot/)"
217.113.194.12 - - [16/Apr/2025:08:39:46 -0400] "GET /homes-for-sale-in-sonoma-ca/feed/ HTTP/1.1" 200 401 "-" "Mozilla/5.0 (compatible; Barkrowler/0.9; +https://babbar.tech/crawler)"
217.113.194.15 - - [16/Apr/2025:08:40:06 -0400] "GET /plastic-bags-how-is-the-production-process/ HTTP/1.1" 200 18580 "-" "Mozilla/5.0 (compatible; Barkrowler/0.9; +https://babbar.tech/crawler)"
217.113.194.13 - - [16/Apr/2025:08:40:32 -0400] "GET /how-to-block-text-messages-on-iphone-11/ HTTP/1.1" 200 19207 "-" "Mozilla/5.0 (compatible; Barkrowler/0.9; +https://babbar.tech/crawler)"
20.57.56.244 - - [16/Apr/2025:08:40:35 -0400] "GET /wp-admin/index.php HTTP/1.1" 302 0 "-" "-"
198.54.114.83 - - [16/Apr/2025:08:40:36 -0400] "POST /wp-cron.php?doing_wp_cron=1744807233.1627869606018066406250 HTTP/1.1" 200 0 "-" "WordPress/6.8; https://shahmeenaindustry.com"
20.57.56.244 - - [16/Apr/2025:08:40:39 -0400] "GET /wp-login.php?redirect_to=https%3A%2F%2Fshahmeenaindustry.com%2Fwp-admin%2Findex.php&reauth=1 HTTP/1.1" 200 1729 "-" "-"
54.36.148.250 - - [16/Apr/2025:08:40:56 -0400] "GET /how-to-use-ice-breaker-questions-to-get-your-team-talking/feed/ HTTP/1.1" 200 438 "-" "Mozilla/5.0 (compatible; AhrefsBot/7.0; +http://ahrefs.com/robot/)"
217.113.194.20 - - [16/Apr/2025:08:40:57 -0400] "GET /how-to-choose-the-best-fertility-clinic/ HTTP/1.1" 200 17280 "-" "Mozilla/5.0 (compatible; Barkrowler/0.9; +https://babbar.tech/crawler)"
13.203.23.111 - - [16/Apr/2025:08:41:12 -0400] "GET /wp-login.php HTTP/1.1" 200 1729 "-" "-"
217.113.194.17 - - [16/Apr/2025:08:41:18 -0400] "GET /how-to-choose-an-industrial-air-purifier/ HTTP/1.1" 200 18116 "-" "Mozilla/5.0 (compatible; Barkrowler/0.9; +https://babbar.tech/crawler)"
217.113.194.16 - - [16/Apr/2025:08:41:39 -0400] "GET /how-to-choose-an-industrial-air-purifier/feed/ HTTP/1.1" 200 407 "-" "Mozilla/5.0 (compatible; Barkrowler/0.9; +https://babbar.tech/crawler)"
2a03:2880:f800:1a:: - - [16/Apr/2025:08:41:53 -0400] "GET /?p=12 HTTP/1.1" 301 0 "-" "meta-externalagent/1.1 (+https://developers.facebook.com/docs/sharing/webmasters/crawler)"
154.54.249.194 - - [16/Apr/2025:08:42:00 -0400] "GET /how-to-get-the-most-out-of-banner-printing/ HTTP/1.1" 200 17654 "-" "Mozilla/5.0 (compatible; Barkrowler/0.9; +https://babbar.tech/crawler)"
217.113.194.15 - - [16/Apr/2025:08:42:23 -0400] "GET /how-to-get-the-most-out-of-the-slots/ HTTP/1.1" 200 18222 "-" "Mozilla/5.0 (compatible; Barkrowler/0.9; +https://babbar.tech/crawler)"
54.36.148.152 - - [16/Apr/2025:08:42:27 -0400] "GET /revolutionizing-computing/ HTTP/1.1" 200 17660 "-" "Mozilla/5.0 (compatible; AhrefsBot/7.0; +http://ahrefs.com/robot/)"
217.113.194.19 - - [16/Apr/2025:08:42:44 -0400] "GET /how-to-get-a-facebook-agency-ad-account/ HTTP/1.1" 200 17491 "-" "Mozilla/5.0 (compatible; Barkrowler/0.9; +https://babbar.tech/crawler)"
2a03:2880:f800:4:: - - [16/Apr/2025:08:42:50 -0400] "GET /introduce-dynamic-fire-security-sprinkler-frameworks/ HTTP/1.1" 200 18375 "-" "meta-externalagent/1.1 (+https://developers.facebook.com/docs/sharing/webmasters/crawler)"
43.131.39.179 - - [16/Apr/2025:08:42:51 -0400] "GET /2023/09/ HTTP/1.1" 301 0 "-" "Mozilla/5.0 (iPhone; CPU iPhone OS 13_2_3 like Mac OS X) AppleWebKit/605.1.15 (KHTML, like Gecko) Version/13.0.3 Mobile/15E148 Safari/604.1"
43.131.39.179 - - [16/Apr/2025:08:42:56 -0400] "GET / HTTP/1.1" 200 18582 "https://shahmeenaindustry.com/2023/09/" "Mozilla/5.0 (iPhone; CPU iPhone OS 13_2_3 like Mac OS X) AppleWebKit/605.1.15 (KHTML, like Gecko) Version/13.0.3 Mobile/15E148 Safari/604.1"
217.113.194.21 - - [16/Apr/2025:08:43:08 -0400] "GET /how-to-write-better-free-ai-prompts/ HTTP/1.1" 200 18237 "-" "Mozilla/5.0 (compatible; Barkrowler/0.9; +https://babbar.tech/crawler)"
2a03:2880:f800:d:: - - [16/Apr/2025:08:43:22 -0400] "GET /umzugsunternehmen-in-luneburg-ihr-partner-fur-einen-stressfreien-umzug/ HTTP/1.1" 200 17503 "-" "meta-externalagent/1.1 (+https://developers.facebook.com/docs/sharing/webmasters/crawler)"
154.54.249.194 - - [16/Apr/2025:08:43:32 -0400] "GET /how-to-play-poker-in-a-poker-casino/ HTTP/1.1" 200 17651 "-" "Mozilla/5.0 (compatible; Barkrowler/0.9; +https://babbar.tech/crawler)"
54.36.148.58 - - [16/Apr/2025:08:43:57 -0400] "GET /5-usual-stereotypes-about-online-slots/feed/ HTTP/1.1" 200 424 "-" "Mozilla/5.0 (compatible; AhrefsBot/7.0; +http://ahrefs.com/robot/)"
217.113.194.12 - - [16/Apr/2025:08:43:59 -0400] "GET /how-to-change-the-name-of-your-airpods/ HTTP/1.1" 200 19750 "-" "Mozilla/5.0 (compatible; Barkrowler/0.9; +https://babbar.tech/crawler)"
217.113.194.20 - - [16/Apr/2025:08:44:19 -0400] "GET /how-to-change-sensitive-content-on-twitter/ HTTP/1.1" 200 19845 "-" "Mozilla/5.0 (compatible; Barkrowler/0.9; +https://babbar.tech/crawler)"
217.113.194.21 - - [16/Apr/2025:08:44:42 -0400] "GET /how-to-find-childminders-near-me/feed/ HTTP/1.1" 200 403 "-" "Mozilla/5.0 (compatible; Barkrowler/0.9; +https://babbar.tech/crawler)"
217.113.194.18 - - [16/Apr/2025:08:45:06 -0400] "GET /how-to-customize-your-diamond-painting-pictures/ HTTP/1.1" 200 18054 "-" "Mozilla/5.0 (compatible; Barkrowler/0.9; +https://babbar.tech/crawler)"
54.36.148.97 - - [16/Apr/2025:08:45:25 -0400] "GET /custom-team-socks/feed/ HTTP/1.1" 200 381 "-" "Mozilla/5.0 (compatible; AhrefsBot/7.0; +http://ahrefs.com/robot/)"
217.113.194.12 - - [16/Apr/2025:08:45:26 -0400] "GET /how-to-find-the-best-personal-injury-attorney/feed/ HTTP/1.1" 200 422 "-" "Mozilla/5.0 (compatible; Barkrowler/0.9; +https://babbar.tech/crawler)"
180.102.110.139 - - [16/Apr/2025:08:45:36 -0400] "GET / HTTP/1.1" 200 18582 "-" "Sogou web spider/4.0(+http://www.sogou.com/docs/help/webmasters.htm#07)"
217.113.194.14 - - [16/Apr/2025:08:45:48 -0400] "GET /the-basics-of-the-yugioh-card-game/feed/ HTTP/1.1" 200 407 "-" "Mozilla/5.0 (compatible; Barkrowler/0.9; +https://babbar.tech/crawler)"
217.113.194.19 - - [16/Apr/2025:08:46:11 -0400] "GET /engaging-entertainment-for-all-ages/feed/ HTTP/1.1" 200 392 "-" "Mozilla/5.0 (compatible; Barkrowler/0.9; +https://babbar.tech/crawler)"
84.54.44.19 - - [16/Apr/2025:08:46:32 -0400] "GET /cbd-shop-uk-review/ HTTP/1.1" 200 19420 "https://shahmeenaindustry.com/cbd-shop-uk-review/#comment-13464/" "Mozilla/5.0 (Windows NT 10.0; Win64; x64) AppleWebKit/537.36 (KHTML, like Gecko) Chrome/131.0.0.0 Safari/537.36 Avast/131.0.0.0"
217.113.194.21 - - [16/Apr/2025:08:46:33 -0400] "GET /a-journey-through-the-pot-of-gold/ HTTP/1.1" 200 17378 "-" "Mozilla/5.0 (compatible; Barkrowler/0.9; +https://babbar.tech/crawler)"
84.54.44.19 - - [16/Apr/2025:08:46:37 -0400] "POST /wp-comments-post.php HTTP/1.1" 302 0 "https://shahmeenaindustry.com/cbd-shop-uk-review/#comment-13464/" "Mozilla/5.0 (Windows NT 10.0; Win64; x64) AppleWebKit/537.36 (KHTML, like Gecko) Chrome/131.0.0.0 Safari/537.36 Avast/131.0.0.0"
84.54.44.19 - - [16/Apr/2025:08:46:43 -0400] "GET /cbd-shop-uk-review/ HTTP/1.1" 200 23828 "https://shahmeenaindustry.com/cbd-shop-uk-review/#comment-30846" "Mozilla/5.0 (Windows NT 10.0; Win64; x64) AppleWebKit/537.36 (KHTML, like Gecko) Chrome/131.0.0.0 Safari/537.36 Avast/131.0.0.0"
217.113.194.19 - - [16/Apr/2025:08:46:57 -0400] "GET /kinds-of-pipe-fitting-components/feed/ HTTP/1.1" 200 398 "-" "Mozilla/5.0 (compatible; Barkrowler/0.9; +https://babbar.tech/crawler)"
54.36.148.3 - - [16/Apr/2025:08:47:01 -0400] "GET /what-you-need-to-know-about-paint-by-number-murals/feed/ HTTP/1.1" 304 0 "-" "Mozilla/5.0 (compatible; AhrefsBot/7.0; +http://ahrefs.com/robot/)"
217.113.194.18 - - [16/Apr/2025:08:47:21 -0400] "GET /the-most-supportive-sandals-for-women/ HTTP/1.1" 200 18269 "-" "Mozilla/5.0 (compatible; Barkrowler/0.9; +https://babbar.tech/crawler)"
154.54.249.194 - - [16/Apr/2025:08:47:49 -0400] "GET /choosing-a-high-precision-balance/feed/ HTTP/1.1" 200 399 "-" "Mozilla/5.0 (compatible; Barkrowler/0.9; +https://babbar.tech/crawler)"
217.113.194.13 - - [16/Apr/2025:08:48:10 -0400] "GET /choosing-the-right-pan-head-screw/feed/ HTTP/1.1" 200 405 "-" "Mozilla/5.0 (compatible; Barkrowler/0.9; +https://babbar.tech/crawler)"
54.36.148.175 - - [16/Apr/2025:08:48:28 -0400] "GET /hanoi-massage/feed/ HTTP/1.1" 200 427 "-" "Mozilla/5.0 (compatible; AhrefsBot/7.0; +http://ahrefs.com/robot/)"
154.54.249.194 - - [16/Apr/2025:08:48:38 -0400] "GET /land-based-gambling-against-online-gambling/ HTTP/1.1" 200 18455 "-" "Mozilla/5.0 (compatible; Barkrowler/0.9; +https://babbar.tech/crawler)"
217.113.194.14 - - [16/Apr/2025:08:49:03 -0400] "GET /rechtliche-expertise-und-verantwortung/ HTTP/1.1" 200 17659 "-" "Mozilla/5.0 (compatible; Barkrowler/0.9; +https://babbar.tech/crawler)"
217.113.194.20 - - [16/Apr/2025:08:49:26 -0400] "GET /the-dynamics-of-buying-youtube-views/feed/ HTTP/1.1" 200 411 "-" "Mozilla/5.0 (compatible; Barkrowler/0.9; +https://babbar.tech/crawler)"
217.113.194.16 - - [16/Apr/2025:08:49:48 -0400] "GET /the-rise-of-online-gambling-platforms/feed/ HTTP/1.1" 200 405 "-" "Mozilla/5.0 (compatible; Barkrowler/0.9; +https://babbar.tech/crawler)"
54.36.149.103 - - [16/Apr/2025:08:49:53 -0400] "GET /what-is-sports-management-software/feed/ HTTP/1.1" 200 389 "-" "Mozilla/5.0 (compatible; AhrefsBot/7.0; +http://ahrefs.com/robot/)"
217.113.194.16 - - [16/Apr/2025:08:50:08 -0400] "GET /why-choose-a-serviced-office-in-qatar/ HTTP/1.1" 200 18042 "-" "Mozilla/5.0 (compatible; Barkrowler/0.9; +https://babbar.tech/crawler)"
212.102.37.196 - - [16/Apr/2025:08:50:09 -0400] "GET /artificial-intelligence-is-transforming-our-world/ HTTP/1.1" 200 108251 "-" "Mozilla/5.0 (Windows NT 10.0; WOW64) AppleWebKit/537.36 (KHTML, like Gecko) Chrome/114.0.0.0 YaBrowser/22.7.0 Yowser/2.5 Safari/537.36"
217.113.194.19 - - [16/Apr/2025:08:50:26 -0400] "GET /buy-youtube-views-in-the-cheapest-price/ HTTP/1.1" 200 17561 "-" "Mozilla/5.0 (compatible; Barkrowler/0.9; +https://babbar.tech/crawler)"
217.113.194.21 - - [16/Apr/2025:08:50:48 -0400] "GET /buy-youtube-views-in-the-cheapest-price/feed/ HTTP/1.1" 200 416 "-" "Mozilla/5.0 (compatible; Barkrowler/0.9; +https://babbar.tech/crawler)"
217.113.194.13 - - [16/Apr/2025:08:51:08 -0400] "GET /star-wars-authorities-and-fans/feed/ HTTP/1.1" 200 398 "-" "Mozilla/5.0 (compatible; Barkrowler/0.9; +https://babbar.tech/crawler)"
20.57.56.244 - - [16/Apr/2025:08:51:18 -0400] "GET /wp-admin/about.php HTTP/1.1" 302 0 "-" "-"
20.57.56.244 - - [16/Apr/2025:08:51:24 -0400] "GET /wp-login.php?redirect_to=https%3A%2F%2Fshahmeenaindustry.com%2Fwp-admin%2Fabout.php&reauth=1 HTTP/1.1" 200 1732 "-" "-"
54.36.148.74 - - [16/Apr/2025:08:51:24 -0400] "GET /lampe-de-chevet/ HTTP/1.1" 200 17887 "-" "Mozilla/5.0 (compatible; AhrefsBot/7.0; +http://ahrefs.com/robot/)"
217.113.194.13 - - [16/Apr/2025:08:51:28 -0400] "GET /business-registration-what-you-need-to-know/ HTTP/1.1" 200 17724 "-" "Mozilla/5.0 (compatible; Barkrowler/0.9; +https://babbar.tech/crawler)"
217.113.194.19 - - [16/Apr/2025:08:51:50 -0400] "GET /business-registration-what-you-need-to-know/feed/ HTTP/1.1" 200 418 "-" "Mozilla/5.0 (compatible; Barkrowler/0.9; +https://babbar.tech/crawler)"
2a03:2880:f800:12:: - - [16/Apr/2025:08:51:57 -0400] "GET /wp-json/wp/v2/posts/11 HTTP/1.1" 200 17474 "-" "meta-externalagent/1.1 (+https://developers.facebook.com/docs/sharing/webmasters/crawler)"
217.113.194.17 - - [16/Apr/2025:08:52:08 -0400] "GET /quest-ce-quun-objet-esoterique/ HTTP/1.1" 200 17786 "-" "Mozilla/5.0 (compatible; Barkrowler/0.9; +https://babbar.tech/crawler)"
217.113.194.16 - - [16/Apr/2025:08:52:28 -0400] "GET /bedeutung-der-rechtsnachhilfe/feed/ HTTP/1.1" 200 390 "-" "Mozilla/5.0 (compatible; Barkrowler/0.9; +https://babbar.tech/crawler)"
217.113.194.18 - - [16/Apr/2025:08:52:49 -0400] "GET /advantages-of-online-gambling/feed/ HTTP/1.1" 200 390 "-" "Mozilla/5.0 (compatible; Barkrowler/0.9; +https://babbar.tech/crawler)"
217.113.194.20 - - [16/Apr/2025:08:53:09 -0400] "GET /navigating-the-world-of-online-prescription-glasses/ HTTP/1.1" 200 17534 "-" "Mozilla/5.0 (compatible; Barkrowler/0.9; +https://babbar.tech/crawler)"
217.113.194.18 - - [16/Apr/2025:08:53:31 -0400] "GET /the-best-cbd-uk-brands/feed/ HTTP/1.1" 200 394 "-" "Mozilla/5.0 (compatible; Barkrowler/0.9; +https://babbar.tech/crawler)"
43.135.145.73 - - [16/Apr/2025:08:53:41 -0400] "GET /2023/06/ HTTP/1.1" 301 0 "-" "Mozilla/5.0 (iPhone; CPU iPhone OS 13_2_3 like Mac OS X) AppleWebKit/605.1.15 (KHTML, like Gecko) Version/13.0.3 Mobile/15E148 Safari/604.1"
43.135.145.73 - - [16/Apr/2025:08:53:48 -0400] "GET / HTTP/1.1" 200 18582 "https://shahmeenaindustry.com/2023/06/" "Mozilla/5.0 (iPhone; CPU iPhone OS 13_2_3 like Mac OS X) AppleWebKit/605.1.15 (KHTML, like Gecko) Version/13.0.3 Mobile/15E148 Safari/604.1"
217.113.194.21 - - [16/Apr/2025:08:53:48 -0400] "GET /the-benefits-of-cbd-vape-uk/ HTTP/1.1" 200 20040 "-" "Mozilla/5.0 (compatible; Barkrowler/0.9; +https://babbar.tech/crawler)"
217.113.194.21 - - [16/Apr/2025:08:54:08 -0400] "GET /the-benefits-of-dog-bandanas/feed/ HTTP/1.1" 200 394 "-" "Mozilla/5.0 (compatible; Barkrowler/0.9; +https://babbar.tech/crawler)"
54.36.149.19 - - [16/Apr/2025:08:54:27 -0400] "GET /buy-youtube-comments-likes/feed/ HTTP/1.1" 200 395 "-" "Mozilla/5.0 (compatible; AhrefsBot/7.0; +http://ahrefs.com/robot/)"
217.113.194.16 - - [16/Apr/2025:08:54:28 -0400] "GET /is-an-mba-right-for-you/feed/ HTTP/1.1" 200 396 "-" "Mozilla/5.0 (compatible; Barkrowler/0.9; +https://babbar.tech/crawler)"
178.233.32.207 - - [16/Apr/2025:08:54:41 -0400] "GET /panneau-acoustique-bois/ HTTP/1.1" 200 17500 "-" "Mozilla/5.0 (Windows NT 10.0; Win64; x64) AppleWebKit/537.36 (KHTML, like Gecko) Chrome/129.0.0.0 Safari/537.36"
217.113.194.16 - - [16/Apr/2025:08:54:47 -0400] "GET /red-light-therapy-how-does-it-work/feed/ HTTP/1.1" 200 418 "-" "Mozilla/5.0 (compatible; Barkrowler/0.9; +https://babbar.tech/crawler)"
217.113.194.14 - - [16/Apr/2025:08:55:06 -0400] "GET /identify-the-best-online-gambling-sites/feed/ HTTP/1.1" 200 409 "-" "Mozilla/5.0 (compatible; Barkrowler/0.9; +https://babbar.tech/crawler)"
20.57.56.244 - - [16/Apr/2025:08:55:21 -0400] "GET /wp-admin/network/plugins.php HTTP/1.1" 302 0 "-" "-"
20.57.56.244 - - [16/Apr/2025:08:55:26 -0400] "GET /wp-login.php?redirect_to=https%3A%2F%2Fshahmeenaindustry.com%2Fwp-admin%2Fnetwork%2Fplugins.php&reauth=1 HTTP/1.1" 200 1736 "-" "-"
217.113.194.21 - - [16/Apr/2025:08:55:26 -0400] "GET /grey-market-peptide-hormones/ HTTP/1.1" 200 18296 "-" "Mozilla/5.0 (compatible; Barkrowler/0.9; +https://babbar.tech/crawler)"
154.54.249.194 - - [16/Apr/2025:08:55:45 -0400] "GET /unlocking-the-power-of-youtube-view/ HTTP/1.1" 200 17700 "-" "Mozilla/5.0 (compatible; Barkrowler/0.9; +https://babbar.tech/crawler)"
54.36.149.39 - - [16/Apr/2025:08:55:52 -0400] "GET /birkenstock-unisex-arizona-essentials-eva-sandals-the-best-waterproof-footwear-for-summers/feed/ HTTP/1.1" 200 468 "-" "Mozilla/5.0 (compatible; AhrefsBot/7.0; +http://ahrefs.com/robot/)"
217.113.194.12 - - [16/Apr/2025:08:56:07 -0400] "GET /unveiling-the-best-silver-cleaner/ HTTP/1.1" 200 17725 "-" "Mozilla/5.0 (compatible; Barkrowler/0.9; +https://babbar.tech/crawler)"
198.54.114.83 - - [16/Apr/2025:08:56:12 -0400] "POST /wp-cron.php?doing_wp_cron=1744808167.5015909671783447265625 HTTP/1.1" 200 0 "-" "WordPress/6.8; https://shahmeenaindustry.com"
217.113.194.13 - - [16/Apr/2025:08:56:29 -0400] "GET /renover-votre-maison-les-etapes-cles/ HTTP/1.1" 200 17473 "-" "Mozilla/5.0 (compatible; Barkrowler/0.9; +https://babbar.tech/crawler)"
217.113.194.15 - - [16/Apr/2025:08:56:48 -0400] "GET /instant-boiling-water-tap/feed/ HTTP/1.1" 200 392 "-" "Mozilla/5.0 (compatible; Barkrowler/0.9; +https://babbar.tech/crawler)"
61.171.113.15 - - [16/Apr/2025:08:56:53 -0400] "GET /wp-json/wp/v2/users/ HTTP/1.1" 200 1573 "-" "Mozilla/5.0 (X11; Linux x86_64) AppleWebKit/537.36 (KHTML, like Gecko) Chrome/135.0.7049.42 Safari/537.36"
217.113.194.13 - - [16/Apr/2025:08:57:08 -0400] "GET /top-wellness-resorts-im-schwarzwald/ HTTP/1.1" 200 18599 "-" "Mozilla/5.0 (compatible; Barkrowler/0.9; +https://babbar.tech/crawler)"
54.36.148.165 - - [16/Apr/2025:08:57:26 -0400] "GET /the-most-supportive-sandals-for-women/feed/ HTTP/1.1" 200 410 "-" "Mozilla/5.0 (compatible; AhrefsBot/7.0; +http://ahrefs.com/robot/)"
217.113.194.21 - - [16/Apr/2025:08:57:27 -0400] "GET /top-choices-in-used-cars-hamilton/ HTTP/1.1" 200 17524 "-" "Mozilla/5.0 (compatible; Barkrowler/0.9; +https://babbar.tech/crawler)"
154.54.249.194 - - [16/Apr/2025:08:57:47 -0400] "GET /be-a-big-winner-with-online-poker/feed/ HTTP/1.1" 200 403 "-" "Mozilla/5.0 (compatible; Barkrowler/0.9; +https://babbar.tech/crawler)"
217.113.194.19 - - [16/Apr/2025:08:58:08 -0400] "GET /adornments-for-style-and-heart/feed/ HTTP/1.1" 200 392 "-" "Mozilla/5.0 (compatible; Barkrowler/0.9; +https://babbar.tech/crawler)"
217.113.194.21 - - [16/Apr/2025:08:58:30 -0400] "GET /precision-focus-and-skill/feed/ HTTP/1.1" 200 391 "-" "Mozilla/5.0 (compatible; Barkrowler/0.9; +https://babbar.tech/crawler)"
217.113.194.14 - - [16/Apr/2025:08:58:50 -0400] "GET /what-to-wear-to-a-lone-ranger-party/ HTTP/1.1" 200 18419 "-" "Mozilla/5.0 (compatible; Barkrowler/0.9; +https://babbar.tech/crawler)"
54.36.149.71 - - [16/Apr/2025:08:58:56 -0400] "GET /how-to-make-a-japanese-katana-sword/feed/ HTTP/1.1" 200 404 "-" "Mozilla/5.0 (compatible; AhrefsBot/7.0; +http://ahrefs.com/robot/)"
217.113.194.19 - - [16/Apr/2025:08:59:10 -0400] "GET /the-importance-of-law-tutoring/feed/ HTTP/1.1" 200 396 "-" "Mozilla/5.0 (compatible; Barkrowler/0.9; +https://babbar.tech/crawler)"
217.113.194.20 - - [16/Apr/2025:08:59:30 -0400] "GET /the-importance-of-a-youtube-subscription/ HTTP/1.1" 200 17699 "-" "Mozilla/5.0 (compatible; Barkrowler/0.9; +https://babbar.tech/crawler)"
217.113.194.21 - - [16/Apr/2025:08:59:52 -0400] "GET /property-management-companies-in-london/feed/ HTTP/1.1" 200 397 "-" "Mozilla/5.0 (compatible; Barkrowler/0.9; +https://babbar.tech/crawler)"
217.113.194.21 - - [16/Apr/2025:09:00:15 -0400] "GET /exploring-the-multicanais-phenomenon/feed/ HTTP/1.1" 200 399 "-" "Mozilla/5.0 (compatible; Barkrowler/0.9; +https://babbar.tech/crawler)"
2a03:2880:f800:1c:: - - [16/Apr/2025:09:00:27 -0400] "GET /the-most-effective-method-to-make-extraordinary-sandwiches/ HTTP/1.1" 200 17795 "-" "meta-externalagent/1.1 (+https://developers.facebook.com/docs/sharing/webmasters/crawler)"
54.36.148.181 - - [16/Apr/2025:09:00:29 -0400] "GET /mumbai-advertising-company/ HTTP/1.1" 200 17549 "-" "Mozilla/5.0 (compatible; AhrefsBot/7.0; +http://ahrefs.com/robot/)"
217.113.194.18 - - [16/Apr/2025:09:00:38 -0400] "GET /lucrative-interests-in-the-housing-market/ HTTP/1.1" 200 18177 "-" "Mozilla/5.0 (compatible; Barkrowler/0.9; +https://babbar.tech/crawler)"
27.42.99.212 - - [16/Apr/2025:09:00:38 -0400] "GET /cheapest-smm-panel/ HTTP/1.1" 200 18047 "https://shahmeenaindustry.com" "Mozilla/5.0 (Windows NT 10.0; Win64; x64) AppleWebKit/537.36 (KHTML, like Gecko) Chrome/62.0.3202.94 Safari/537.36"
27.42.99.212 - - [16/Apr/2025:09:00:47 -0400] "POST /wp-comments-post.php HTTP/1.1" 200 0 "https://shahmeenaindustry.com" "Mozilla/5.0 (Windows NT 10.0; Win64; x64) AppleWebKit/537.36 (KHTML, like Gecko) Chrome/62.0.3202.94 Safari/537.36"
217.113.194.20 - - [16/Apr/2025:09:00:54 -0400] "GET /limportance-de-lassurance-professionnelle/ HTTP/1.1" 200 17417 "-" "Mozilla/5.0 (compatible; Barkrowler/0.9; +https://babbar.tech/crawler)"
78.138.127.62 - - [16/Apr/2025:09:01:27 -0400] "GET /what-types-of-liability-insurance-do-you-need/ HTTP/1.1" 200 18613 "https://shahmeenaindustry.com/" "Mozilla/5.0 (Macintosh; Intel Mac OS X 12_5) AppleWebKit/537.36 (KHTML, like Gecko) Chrome/114.0.0.0 Safari/537.36 OPR/89.0.4447.51"
217.113.194.17 - - [16/Apr/2025:09:01:28 -0400] "GET /limportance-des-nappes-personnalisees/ HTTP/1.1" 200 17606 "-" "Mozilla/5.0 (compatible; Barkrowler/0.9; +https://babbar.tech/crawler)"
78.138.127.62 - - [16/Apr/2025:09:01:44 -0400] "GET /category/sign-up/ HTTP/1.1" 200 14832 "https://shahmeenaindustry.com/" "Mozilla/5.0 (Windows NT 6.3; Win64; x64) AppleWebKit/537.36 (KHTML, like Gecko) Chrome/103.0.0.0 Safari/537.36"
78.138.127.62 - - [16/Apr/2025:09:01:55 -0400] "GET /category/sign-up/ HTTP/1.1" 200 14832 "https://shahmeenaindustry.com/category/sign-up/" "Mozilla/5.0 (Windows NT 6.3; Win64; x64) AppleWebKit/537.36 (KHTML, like Gecko) Chrome/103.0.0.0 Safari/537.36"
217.113.194.13 - - [16/Apr/2025:09:01:56 -0400] "GET /side-effects-of-s489-60-mg/feed/ HTTP/1.1" 200 399 "-" "Mozilla/5.0 (compatible; Barkrowler/0.9; +https://babbar.tech/crawler)"
78.138.127.62 - - [16/Apr/2025:09:02:05 -0400] "GET /what-types-of-liability-insurance-do-you-need/ HTTP/1.1" 200 18613 "https://shahmeenaindustry.com/" "Mozilla/5.0 (Windows NT 6.3; Win64; x64) AppleWebKit/537.36 (KHTML, like Gecko) Chrome/103.0.0.0 Safari/537.36"
54.36.149.43 - - [16/Apr/2025:09:02:12 -0400] "GET /devoiler-lenigme-lillusionniste-extraordinaire/ HTTP/1.1" 200 18472 "-" "Mozilla/5.0 (compatible; AhrefsBot/7.0; +http://ahrefs.com/robot/)"
78.138.127.62 - - [16/Apr/2025:09:02:15 -0400] "POST /wp-comments-post.php HTTP/1.1" 302 0 "https://shahmeenaindustry.com/what-types-of-liability-insurance-do-you-need/" "Mozilla/5.0 (Windows NT 6.3; Win64; x64) AppleWebKit/537.36 (KHTML, like Gecko) Chrome/103.0.0.0 Safari/537.36"
217.113.194.17 - - [16/Apr/2025:09:02:21 -0400] "GET /what-are-peoples-biggest-fears/feed/ HTTP/1.1" 200 409 "-" "Mozilla/5.0 (compatible; Barkrowler/0.9; +https://babbar.tech/crawler)"
78.138.127.62 - - [16/Apr/2025:09:02:25 -0400] "GET /what-types-of-liability-insurance-do-you-need/?unapproved=30848&moderation-hash=f25f6967ce909bb8ec101d6dd5907d8c HTTP/1.1" 200 19301 "https://shahmeenaindustry.com/wp-comments-post.php" "Mozilla/5.0 (Windows NT 6.3; Win64; x64) AppleWebKit/537.36 (KHTML, like Gecko) Chrome/103.0.0.0 Safari/537.36"
78.138.127.62 - - [16/Apr/2025:09:02:34 -0400] "GET /what-types-of-liability-insurance-do-you-need/ HTTP/1.1" 200 18613 "-" "Mozilla/5.0 (Windows NT 6.3; Win64; x64) AppleWebKit/537.36 (KHTML, like Gecko) Chrome/103.0.0.0 Safari/537.36"
217.113.194.12 - - [16/Apr/2025:09:02:43 -0400] "GET /what-are-business-loans-no-credit-check/ HTTP/1.1" 200 17910 "-" "Mozilla/5.0 (compatible; Barkrowler/0.9; +https://babbar.tech/crawler)"
154.54.249.194 - - [16/Apr/2025:09:03:03 -0400] "GET /fenbendazole-an-overview/feed/ HTTP/1.1" 200 386 "-" "Mozilla/5.0 (compatible; Barkrowler/0.9; +https://babbar.tech/crawler)"
20.57.56.244 - - [16/Apr/2025:09:03:03 -0400] "GET /wp-admin/network/admin.php HTTP/1.1" 302 0 "-" "-"
20.57.56.244 - - [16/Apr/2025:09:03:09 -0400] "GET /wp-login.php?redirect_to=https%3A%2F%2Fshahmeenaindustry.com%2Fwp-admin%2Fnetwork%2Fadmin.php&reauth=1 HTTP/1.1" 200 1735 "-" "-"
217.113.194.19 - - [16/Apr/2025:09:03:21 -0400] "GET /ford-bronco-hard-tire-cover/feed/ HTTP/1.1" 200 396 "-" "Mozilla/5.0 (compatible; Barkrowler/0.9; +https://babbar.tech/crawler)"
240e:350:8003:c70e:4ecc:6ad9:aef7:5ca9 - - [16/Apr/2025:09:03:34 -0400] "POST /wp-comments-post.php HTTP/1.1" 302 0 "-" "Mozilla/5.0 (Windows NT 10.0; Win64; x64) AppleWebKit/537.36 (KHTML, like Gecko) Chrome/108.0.0.0 Safari/537.36 Edg/108.0.1462.46"
217.113.194.12 - - [16/Apr/2025:09:03:40 -0400] "GET /tekken-3-game-download-for-pc/ HTTP/1.1" 200 20969 "-" "Mozilla/5.0 (compatible; Barkrowler/0.9; +https://babbar.tech/crawler)"
240e:350:8003:c70e:4ecc:6ad9:aef7:5ca9 - - [16/Apr/2025:09:03:41 -0400] "GET /land-effective-money-management-a-fledglings-aide/?unapproved=30849&moderation-hash=770fdc647a6842e04e008a76de760d19 HTTP/1.1" 200 19321 "-" "Mozilla/5.0 (Windows NT 10.0; Win64; x64) AppleWebKit/537.36 (KHTML, like Gecko) Chrome/108.0.0.0 Safari/537.36 Edg/108.0.1462.46"
54.36.148.248 - - [16/Apr/2025:09:03:48 -0400] "GET /footwear-tend-to-be-available-online/ HTTP/1.1" 200 18063 "-" "Mozilla/5.0 (compatible; AhrefsBot/7.0; +http://ahrefs.com/robot/)"
217.113.194.15 - - [16/Apr/2025:09:04:00 -0400] "GET /how-to-choose-the-best-portable-fire-pump/feed/ HTTP/1.1" 200 419 "-" "Mozilla/5.0 (compatible; Barkrowler/0.9; +https://babbar.tech/crawler)"
170.106.192.3 - - [16/Apr/2025:09:04:06 -0400] "GET /?p=2991 HTTP/1.1" 301 0 "-" "Mozilla/5.0 (iPhone; CPU iPhone OS 13_2_3 like Mac OS X) AppleWebKit/605.1.15 (KHTML, like Gecko) Version/13.0.3 Mobile/15E148 Safari/604.1"
170.106.192.3 - - [16/Apr/2025:09:04:13 -0400] "GET /ai-converter-convert-your-ai-files-for-free-online/ HTTP/1.1" 200 119581 "https://shahmeenaindustry.com/?p=2991" "Mozilla/5.0 (iPhone; CPU iPhone OS 13_2_3 like Mac OS X) AppleWebKit/605.1.15 (KHTML, like Gecko) Version/13.0.3 Mobile/15E148 Safari/604.1"
217.113.194.13 - - [16/Apr/2025:09:04:18 -0400] "GET /how-to-turn-pictures-into-pdf-on-your-iphone/ HTTP/1.1" 200 19414 "-" "Mozilla/5.0 (compatible; Barkrowler/0.9; +https://babbar.tech/crawler)"
217.113.194.12 - - [16/Apr/2025:09:04:36 -0400] "GET /how-to-buy-the-best-pokemon-plush-toys/feed/ HTTP/1.1" 200 414 "-" "Mozilla/5.0 (compatible; Barkrowler/0.9; +https://babbar.tech/crawler)"
78.138.127.62 - - [16/Apr/2025:09:04:52 -0400] "GET /what-types-of-liability-insurance-do-you-need/ HTTP/1.1" 200 18613 "-" "Mozilla/5.0 (Windows NT 10.0; WOW64) AppleWebKit/537.36 (KHTML, like Gecko) Chrome/114.0.0.0 YaBrowser/22.7.0 Yowser/2.5 Safari/537.36"
217.113.194.21 - - [16/Apr/2025:09:04:57 -0400] "GET /how-to-screenshot-your-iphone-11/feed/ HTTP/1.1" 200 406 "-" "Mozilla/5.0 (compatible; Barkrowler/0.9; +https://babbar.tech/crawler)"
217.113.194.19 - - [16/Apr/2025:09:05:16 -0400] "GET /how-to-set-up-face-id-on-your-iphone/ HTTP/1.1" 200 20179 "-" "Mozilla/5.0 (compatible; Barkrowler/0.9; +https://babbar.tech/crawler)"
154.54.249.194 - - [16/Apr/2025:09:05:35 -0400] "GET /how-to-turn-off-the-flashlight-on-iphone-6/ HTTP/1.1" 200 18817 "-" "Mozilla/5.0 (compatible; Barkrowler/0.9; +https://babbar.tech/crawler)"
54.36.148.8 - - [16/Apr/2025:09:05:47 -0400] "GET /step-by-step-instructions-to-securely-play-gambling-clubs-on-the-web/ HTTP/1.1" 200 18581 "-" "Mozilla/5.0 (compatible; AhrefsBot/7.0; +http://ahrefs.com/robot/)"
217.113.194.20 - - [16/Apr/2025:09:05:56 -0400] "GET /how-to-turn-off-screen-time-on-iphone/ HTTP/1.1" 200 19337 "-" "Mozilla/5.0 (compatible; Barkrowler/0.9; +https://babbar.tech/crawler)"
20.57.56.244 - - [16/Apr/2025:09:06:01 -0400] "GET /wp-admin/user/index.php HTTP/1.1" 302 0 "-" "-"
20.57.56.244 - - [16/Apr/2025:09:06:06 -0400] "GET /wp-login.php?redirect_to=https%3A%2F%2Fshahmeenaindustry.com%2Fwp-admin%2Fuser%2Findex.php&reauth=1 HTTP/1.1" 200 1729 "-" "-"
217.113.194.15 - - [16/Apr/2025:09:06:18 -0400] "GET /how-to-find-the-best-cbd-vape-uk/feed/ HTTP/1.1" 200 409 "-" "Mozilla/5.0 (compatible; Barkrowler/0.9; +https://babbar.tech/crawler)"
217.113.194.16 - - [16/Apr/2025:09:06:37 -0400] "GET /the-basics-of-a-straightening-machine/feed/ HTTP/1.1" 200 406 "-" "Mozilla/5.0 (compatible; Barkrowler/0.9; +https://babbar.tech/crawler)"
154.54.249.194 - - [16/Apr/2025:09:06:55 -0400] "GET /why-quality-matters-in-cannabis-extracts/ HTTP/1.1" 200 17437 "-" "Mozilla/5.0 (compatible; Barkrowler/0.9; +https://babbar.tech/crawler)"
217.113.194.16 - - [16/Apr/2025:09:07:13 -0400] "GET /discover-the-elegance-of-botany-showflat/ HTTP/1.1" 200 17325 "-" "Mozilla/5.0 (compatible; Barkrowler/0.9; +https://babbar.tech/crawler)"
54.36.148.23 - - [16/Apr/2025:09:07:31 -0400] "GET /apuestas-deportivas-en-el-reino-unido/feed/ HTTP/1.1" 304 0 "-" "Mozilla/5.0 (compatible; AhrefsBot/7.0; +http://ahrefs.com/robot/)"
154.54.249.194 - - [16/Apr/2025:09:07:32 -0400] "GET /a-glimpse-into-elegant-design/feed/ HTTP/1.1" 200 398 "-" "Mozilla/5.0 (compatible; Barkrowler/0.9; +https://babbar.tech/crawler)"
217.113.194.17 - - [16/Apr/2025:09:07:51 -0400] "GET /a-fusion-of-style-and-function/feed/ HTTP/1.1" 200 399 "-" "Mozilla/5.0 (compatible; Barkrowler/0.9; +https://babbar.tech/crawler)"
217.113.194.17 - - [16/Apr/2025:09:08:09 -0400] "GET /the-most-supportive-sandals-for-women/feed/ HTTP/1.1" 200 410 "-" "Mozilla/5.0 (compatible; Barkrowler/0.9; +https://babbar.tech/crawler)"
217.113.194.16 - - [16/Apr/2025:09:08:24 -0400] "GET /choosing-an-led-screen-manufacturer/feed/ HTTP/1.1" 200 402 "-" "Mozilla/5.0 (compatible; Barkrowler/0.9; +https://babbar.tech/crawler)"
217.113.194.12 - - [16/Apr/2025:09:08:43 -0400] "GET /the-role-of-a-salesforce-recruiter/feed/ HTTP/1.1" 200 401 "-" "Mozilla/5.0 (compatible; Barkrowler/0.9; +https://babbar.tech/crawler)"
198.54.114.83 - - [16/Apr/2025:09:08:47 -0400] "POST /wp-admin/admin-ajax.php?action=async_litespeed&nonce=25xlJZvgKB35G9dKW1vlJ3szSQmMnBxx&litespeed_type=imgoptm HTTP/1.1" 200 0 "-" "WordPress/6.8; https://shahmeenaindustry.com"
217.113.194.14 - - [16/Apr/2025:09:09:00 -0400] "GET /replacement-norcold-refrigerator-parts/ HTTP/1.1" 200 17607 "-" "Mozilla/5.0 (compatible; Barkrowler/0.9; +https://babbar.tech/crawler)"
217.113.194.13 - - [16/Apr/2025:09:09:17 -0400] "GET /bone-conduction-headphones-with-mic/ HTTP/1.1" 200 17814 "-" "Mozilla/5.0 (compatible; Barkrowler/0.9; +https://babbar.tech/crawler)"
54.36.148.121 - - [16/Apr/2025:09:09:20 -0400] "GET /beyond-the-logo-5-design-ideas-for-promotional-bags/feed/ HTTP/1.1" 200 441 "-" "Mozilla/5.0 (compatible; AhrefsBot/7.0; +http://ahrefs.com/robot/)"
198.54.114.83 - - [16/Apr/2025:09:09:34 -0400] "POST /wp-admin/admin-ajax.php?action=async_litespeed&nonce=2IKIXUJLQBcf5IMppeKAAbQ2lCopKziH&litespeed_type=imgoptm HTTP/1.1" 200 0 "-" "WordPress/6.8; https://shahmeenaindustry.com"
217.113.194.14 - - [16/Apr/2025:09:09:35 -0400] "GET /pilou-pilou-danish-actor/ HTTP/1.1" 200 18359 "-" "Mozilla/5.0 (compatible; Barkrowler/0.9; +https://babbar.tech/crawler)"
217.113.194.21 - - [16/Apr/2025:09:09:53 -0400] "GET /the-essential-guide-to-breast-pumps/feed/ HTTP/1.1" 200 399 "-" "Mozilla/5.0 (compatible; Barkrowler/0.9; +https://babbar.tech/crawler)"
217.113.194.15 - - [16/Apr/2025:09:10:12 -0400] "GET /what-is-a-call-answering-service/feed/ HTTP/1.1" 200 401 "-" "Mozilla/5.0 (compatible; Barkrowler/0.9; +https://babbar.tech/crawler)"
