154.83.103.202 - - [15/Apr/2025:02:47:36 -0400] "GET /misc/drupal.js HTTP/1.1" 404 13586 "-" "Mozilla/5.0 (Windows NT 10.0; Win64; x64) AppleWebKit/537.36 (KHTML, like Gecko) Chrome/91.0.4472.124 Safari/537.36"
154.83.103.202 - - [15/Apr/2025:02:47:38 -0400] "GET /sites/all/modules/ HTTP/1.1" 404 13586 "-" "Mozilla/5.0 (Windows NT 10.0; Win64; x64) AppleWebKit/537.36 (KHTML, like Gecko) Chrome/91.0.4472.124 Safari/537.36"
154.83.103.202 - - [15/Apr/2025:02:47:42 -0400] "GET /sites/default/files/ HTTP/1.1" 404 13586 "-" "Mozilla/5.0 (Windows NT 10.0; Win64; x64) AppleWebKit/537.36 (KHTML, like Gecko) Chrome/91.0.4472.124 Safari/537.36"
154.83.103.202 - - [15/Apr/2025:02:47:46 -0400] "GET /sites/default/settings.local.php HTTP/1.1" 404 13586 "-" "Mozilla/5.0 (Windows NT 10.0; Win64; x64) AppleWebKit/537.36 (KHTML, like Gecko) Chrome/91.0.4472.124 Safari/537.36"
154.83.103.202 - - [15/Apr/2025:02:47:49 -0400] "GET /user/login HTTP/1.1" 404 13586 "-" "Mozilla/5.0 (Windows NT 10.0; Win64; x64) AppleWebKit/537.36 (KHTML, like Gecko) Chrome/91.0.4472.124 Safari/537.36"
154.83.103.202 - - [15/Apr/2025:02:47:51 -0400] "GET /user/register HTTP/1.1" 404 13586 "-" "Mozilla/5.0 (Windows NT 10.0; Win64; x64) AppleWebKit/537.36 (KHTML, like Gecko) Chrome/91.0.4472.124 Safari/537.36"
154.83.103.202 - - [15/Apr/2025:02:47:53 -0400] "GET /user/reset HTTP/1.1" 404 13586 "-" "Mozilla/5.0 (Windows NT 10.0; Win64; x64) AppleWebKit/537.36 (KHTML, like Gecko) Chrome/91.0.4472.124 Safari/537.36"
154.83.103.202 - - [15/Apr/2025:02:47:56 -0400] "GET /administrator/ HTTP/1.1" 404 13586 "-" "Mozilla/5.0 (Windows NT 10.0; Win64; x64) AppleWebKit/537.36 (KHTML, like Gecko) Chrome/91.0.4472.124 Safari/537.36"
154.83.103.202 - - [15/Apr/2025:02:47:59 -0400] "GET /components/com_content/ HTTP/1.1" 404 13586 "-" "Mozilla/5.0 (Windows NT 10.0; Win64; x64) AppleWebKit/537.36 (KHTML, like Gecko) Chrome/91.0.4472.124 Safari/537.36"
154.83.103.202 - - [15/Apr/2025:02:48:01 -0400] "GET /components/com_users/ HTTP/1.1" 404 13586 "-" "Mozilla/5.0 (Windows NT 10.0; Win64; x64) AppleWebKit/537.36 (KHTML, like Gecko) Chrome/91.0.4472.124 Safari/537.36"
154.83.103.202 - - [15/Apr/2025:02:48:04 -0400] "GET /configuration.php HTTP/1.1" 404 13587 "-" "Mozilla/5.0 (Windows NT 10.0; Win64; x64) AppleWebKit/537.36 (KHTML, like Gecko) Chrome/91.0.4472.124 Safari/537.36"
54.36.149.78 - - [15/Apr/2025:02:48:06 -0400] "GET /page/97/ HTTP/1.1" 200 16264 "-" "Mozilla/5.0 (compatible; AhrefsBot/7.0; +http://ahrefs.com/robot/)"
154.83.103.202 - - [15/Apr/2025:02:48:07 -0400] "GET /index.php?option=com_content HTTP/1.1" 301 0 "-" "Mozilla/5.0 (Windows NT 10.0; Win64; x64) AppleWebKit/537.36 (KHTML, like Gecko) Chrome/91.0.4472.124 Safari/537.36"
154.83.103.202 - - [15/Apr/2025:02:48:09 -0400] "GET /?option=com_content HTTP/1.1" 200 18230 "-" "Mozilla/5.0 (Windows NT 10.0; Win64; x64) AppleWebKit/537.36 (KHTML, like Gecko) Chrome/91.0.4472.124 Safari/537.36"
154.83.103.202 - - [15/Apr/2025:02:48:14 -0400] "GET /index.php?option=com_users&view=login HTTP/1.1" 301 0 "-" "Mozilla/5.0 (Windows NT 10.0; Win64; x64) AppleWebKit/537.36 (KHTML, like Gecko) Chrome/91.0.4472.124 Safari/537.36"
154.83.103.202 - - [15/Apr/2025:02:48:15 -0400] "GET /?option=com_users&view=login HTTP/1.1" 200 18289 "-" "Mozilla/5.0 (Windows NT 10.0; Win64; x64) AppleWebKit/537.36 (KHTML, like Gecko) Chrome/91.0.4472.124 Safari/537.36"
154.83.103.202 - - [15/Apr/2025:02:48:21 -0400] "GET /installation/ HTTP/1.1" 404 13586 "-" "Mozilla/5.0 (Windows NT 10.0; Win64; x64) AppleWebKit/537.36 (KHTML, like Gecko) Chrome/91.0.4472.124 Safari/537.36"
154.83.103.202 - - [15/Apr/2025:02:48:23 -0400] "GET /language/en-GB/en-GB.ini HTTP/1.1" 404 13586 "-" "Mozilla/5.0 (Windows NT 10.0; Win64; x64) AppleWebKit/537.36 (KHTML, like Gecko) Chrome/91.0.4472.124 Safari/537.36"
154.83.103.202 - - [15/Apr/2025:02:48:25 -0400] "GET /templates/beez3/ HTTP/1.1" 404 13586 "-" "Mozilla/5.0 (Windows NT 10.0; Win64; x64) AppleWebKit/537.36 (KHTML, like Gecko) Chrome/91.0.4472.124 Safari/537.36"
154.83.103.202 - - [15/Apr/2025:02:48:28 -0400] "GET /tmp/ HTTP/1.1" 404 13586 "-" "Mozilla/5.0 (Windows NT 10.0; Win64; x64) AppleWebKit/537.36 (KHTML, like Gecko) Chrome/91.0.4472.124 Safari/537.36"
154.83.103.202 - - [15/Apr/2025:02:48:31 -0400] "GET /admin/ HTTP/1.1" 302 0 "-" "Mozilla/5.0 (Windows NT 10.0; Win64; x64) AppleWebKit/537.36 (KHTML, like Gecko) Chrome/91.0.4472.124 Safari/537.36"
154.83.103.202 - - [15/Apr/2025:02:48:33 -0400] "GET /wp-admin/ HTTP/1.1" 302 0 "-" "Mozilla/5.0 (Windows NT 10.0; Win64; x64) AppleWebKit/537.36 (KHTML, like Gecko) Chrome/91.0.4472.124 Safari/537.36"
198.54.114.83 - - [15/Apr/2025:02:48:36 -0400] "POST /wp-cron.php?doing_wp_cron=1744699713.9675478935241699218750 HTTP/1.1" 200 0 "-" "WordPress/6.7.2; https://shahmeenaindustry.com"
154.83.103.202 - - [15/Apr/2025:02:48:37 -0400] "GET /wp-login.php?redirect_to=https%3A%2F%2Fshahmeenaindustry.com%2Fwp-admin%2F&reauth=1 HTTP/1.1" 200 1730 "-" "Mozilla/5.0 (Windows NT 10.0; Win64; x64) AppleWebKit/537.36 (KHTML, like Gecko) Chrome/91.0.4472.124 Safari/537.36"
154.83.103.202 - - [15/Apr/2025:02:48:39 -0400] "GET /downloader/ HTTP/1.1" 404 13586 "-" "Mozilla/5.0 (Windows NT 10.0; Win64; x64) AppleWebKit/537.36 (KHTML, like Gecko) Chrome/91.0.4472.124 Safari/537.36"
154.83.103.202 - - [15/Apr/2025:02:48:41 -0400] "GET /index.php/admin HTTP/1.1" 301 0 "-" "Mozilla/5.0 (Windows NT 10.0; Win64; x64) AppleWebKit/537.36 (KHTML, like Gecko) Chrome/91.0.4472.124 Safari/537.36"
154.83.103.202 - - [15/Apr/2025:02:48:44 -0400] "GET /admin HTTP/1.1" 302 0 "-" "Mozilla/5.0 (Windows NT 10.0; Win64; x64) AppleWebKit/537.36 (KHTML, like Gecko) Chrome/91.0.4472.124 Safari/537.36"
154.83.103.202 - - [15/Apr/2025:02:48:46 -0400] "GET /wp-admin/ HTTP/1.1" 302 0 "-" "Mozilla/5.0 (Windows NT 10.0; Win64; x64) AppleWebKit/537.36 (KHTML, like Gecko) Chrome/91.0.4472.124 Safari/537.36"
170.39.119.109 - - [15/Apr/2025:02:48:49 -0400] "GET /omnivoid-is-changing-the-game-in-augmented-and-mixed-realityomnivoid-is-changing-the-game-in-augmented-and-mixed-reality/ HTTP/1.1" 200 17914 "-" "Mozilla/5.0 (Windows NT 10.0; Win64; x64) AppleWebKit/537.36 (KHTML, like Gecko) Chrome/114.0.0.0 Safari/537.36 Edg/114.0.1264.71"
154.83.103.202 - - [15/Apr/2025:02:48:49 -0400] "GET /wp-login.php?redirect_to=https%3A%2F%2Fshahmeenaindustry.com%2Fwp-admin%2F&reauth=1 HTTP/1.1" 200 1730 "-" "Mozilla/5.0 (Windows NT 10.0; Win64; x64) AppleWebKit/537.36 (KHTML, like Gecko) Chrome/91.0.4472.124 Safari/537.36"
154.83.103.202 - - [15/Apr/2025:02:48:54 -0400] "GET /index.php/install HTTP/1.1" 301 0 "-" "Mozilla/5.0 (Windows NT 10.0; Win64; x64) AppleWebKit/537.36 (KHTML, like Gecko) Chrome/91.0.4472.124 Safari/537.36"
154.83.103.202 - - [15/Apr/2025:02:48:57 -0400] "GET /installers-of-windows-in-south-wales/ HTTP/1.1" 200 18219 "-" "Mozilla/5.0 (Windows NT 10.0; Win64; x64) AppleWebKit/537.36 (KHTML, like Gecko) Chrome/91.0.4472.124 Safari/537.36"
170.39.119.109 - - [15/Apr/2025:02:48:57 -0400] "GET /category/sign-up/ HTTP/1.1" 200 14599 "https://shahmeenaindustry.com/omnivoid-is-changing-the-game-in-augmented-and-mixed-realityomnivoid-is-changing-the-game-in-augmented-and-mixed-reality/" "Mozilla/5.0 (Windows NT 6.3; Win64; x64) AppleWebKit/537.36 (KHTML, like Gecko) Chrome/103.0.0.0 Safari/537.36"
54.156.248.117 - - [15/Apr/2025:02:48:58 -0400] "GET /relaxation-for-busy-professionals/ HTTP/1.1" 200 17703 "-" "Mozilla/5.0 AppleWebKit/537.36 (KHTML, like Gecko; compatible; Amazonbot/0.1; +https://developer.amazon.com/support/amazonbot) Chrome/119.0.6045.214 Safari/537.36"
154.83.103.202 - - [15/Apr/2025:02:48:58 -0400] "GET /index.php/updater HTTP/1.1" 301 0 "-" "Mozilla/5.0 (Windows NT 10.0; Win64; x64) AppleWebKit/537.36 (KHTML, like Gecko) Chrome/91.0.4472.124 Safari/537.36"
170.39.119.109 - - [15/Apr/2025:02:48:59 -0400] "GET /category/sign-up/ HTTP/1.1" 200 14599 "https://shahmeenaindustry.com/category/sign-up/" "Mozilla/5.0 (Windows NT 6.3; Win64; x64) AppleWebKit/537.36 (KHTML, like Gecko) Chrome/103.0.0.0 Safari/537.36"
154.83.103.202 - - [15/Apr/2025:02:48:59 -0400] "GET /updater HTTP/1.1" 404 13587 "-" "Mozilla/5.0 (Windows NT 10.0; Win64; x64) AppleWebKit/537.36 (KHTML, like Gecko) Chrome/91.0.4472.124 Safari/537.36"
154.83.103.202 - - [15/Apr/2025:02:49:00 -0400] "GET /magento_version HTTP/1.1" 404 13586 "-" "Mozilla/5.0 (Windows NT 10.0; Win64; x64) AppleWebKit/537.36 (KHTML, like Gecko) Chrome/91.0.4472.124 Safari/537.36"
154.83.103.202 - - [15/Apr/2025:02:49:01 -0400] "GET /pub/errors/ HTTP/1.1" 404 13586 "-" "Mozilla/5.0 (Windows NT 10.0; Win64; x64) AppleWebKit/537.36 (KHTML, like Gecko) Chrome/91.0.4472.124 Safari/537.36"
54.157.99.244 - - [15/Apr/2025:02:49:02 -0400] "GET /add-a-towing-administration-to-your-auto-body-fix-establishment/ HTTP/1.1" 200 17930 "-" "Mozilla/5.0 AppleWebKit/537.36 (KHTML, like Gecko; compatible; Amazonbot/0.1; +https://developer.amazon.com/support/amazonbot) Chrome/119.0.6045.214 Safari/537.36"
154.83.103.202 - - [15/Apr/2025:02:49:04 -0400] "GET /pub/media/ HTTP/1.1" 301 0 "-" "Mozilla/5.0 (Windows NT 10.0; Win64; x64) AppleWebKit/537.36 (KHTML, like Gecko) Chrome/91.0.4472.124 Safari/537.36"
154.83.103.202 - - [15/Apr/2025:02:49:06 -0400] "GET /mediation-for-family-law-disputes/ HTTP/1.1" 200 18053 "-" "Mozilla/5.0 (Windows NT 10.0; Win64; x64) AppleWebKit/537.36 (KHTML, like Gecko) Chrome/91.0.4472.124 Safari/537.36"
154.83.103.202 - - [15/Apr/2025:02:49:07 -0400] "GET /pub/static/ HTTP/1.1" 404 13586 "-" "Mozilla/5.0 (Windows NT 10.0; Win64; x64) AppleWebKit/537.36 (KHTML, like Gecko) Chrome/91.0.4472.124 Safari/537.36"
154.83.103.202 - - [15/Apr/2025:02:49:10 -0400] "GET /setup/ HTTP/1.1" 404 13586 "-" "Mozilla/5.0 (Windows NT 10.0; Win64; x64) AppleWebKit/537.36 (KHTML, like Gecko) Chrome/91.0.4472.124 Safari/537.36"
154.83.103.202 - - [15/Apr/2025:02:49:12 -0400] "GET /update/ HTTP/1.1" 404 13586 "-" "Mozilla/5.0 (Windows NT 10.0; Win64; x64) AppleWebKit/537.36 (KHTML, like Gecko) Chrome/91.0.4472.124 Safari/537.36"
154.83.103.202 - - [15/Apr/2025:02:49:13 -0400] "GET /var/log/ HTTP/1.1" 404 13586 "-" "Mozilla/5.0 (Windows NT 10.0; Win64; x64) AppleWebKit/537.36 (KHTML, like Gecko) Chrome/91.0.4472.124 Safari/537.36"
154.83.103.202 - - [15/Apr/2025:02:49:15 -0400] "GET /var/report/ HTTP/1.1" 404 13586 "-" "Mozilla/5.0 (Windows NT 10.0; Win64; x64) AppleWebKit/537.36 (KHTML, like Gecko) Chrome/91.0.4472.124 Safari/537.36"
154.83.103.202 - - [15/Apr/2025:02:49:16 -0400] "GET /admin-dev/ HTTP/1.1" 404 13586 "-" "Mozilla/5.0 (Windows NT 10.0; Win64; x64) AppleWebKit/537.36 (KHTML, like Gecko) Chrome/91.0.4472.124 Safari/537.36"
154.83.103.202 - - [15/Apr/2025:02:49:19 -0400] "GET /app/config/config.yml HTTP/1.1" 403 1242 "-" "Mozilla/5.0 (Windows NT 10.0; Win64; x64) AppleWebKit/537.36 (KHTML, like Gecko) Chrome/91.0.4472.124 Safari/537.36"
154.83.103.202 - - [15/Apr/2025:02:49:19 -0400] "GET /app/config/parameters.php HTTP/1.1" 404 13586 "-" "Mozilla/5.0 (Windows NT 10.0; Win64; x64) AppleWebKit/537.36 (KHTML, like Gecko) Chrome/91.0.4472.124 Safari/537.36"
154.83.103.202 - - [15/Apr/2025:02:49:20 -0400] "GET /config/settings.inc.php HTTP/1.1" 404 13586 "-" "Mozilla/5.0 (Windows NT 10.0; Win64; x64) AppleWebKit/537.36 (KHTML, like Gecko) Chrome/91.0.4472.124 Safari/537.36"
154.83.103.202 - - [15/Apr/2025:02:49:22 -0400] "GET /docs/ HTTP/1.1" 404 13586 "-" "Mozilla/5.0 (Windows NT 10.0; Win64; x64) AppleWebKit/537.36 (KHTML, like Gecko) Chrome/91.0.4472.124 Safari/537.36"
154.83.103.202 - - [15/Apr/2025:02:49:23 -0400] "GET /install-dev/ HTTP/1.1" 404 13586 "-" "Mozilla/5.0 (Windows NT 10.0; Win64; x64) AppleWebKit/537.36 (KHTML, like Gecko) Chrome/91.0.4472.124 Safari/537.36"
154.83.103.202 - - [15/Apr/2025:02:49:26 -0400] "GET /install/ HTTP/1.1" 301 0 "-" "Mozilla/5.0 (Windows NT 10.0; Win64; x64) AppleWebKit/537.36 (KHTML, like Gecko) Chrome/91.0.4472.124 Safari/537.36"
154.83.103.202 - - [15/Apr/2025:02:49:27 -0400] "GET /installers-of-windows-in-south-wales/ HTTP/1.1" 200 18219 "-" "Mozilla/5.0 (Windows NT 10.0; Win64; x64) AppleWebKit/537.36 (KHTML, like Gecko) Chrome/91.0.4472.124 Safari/537.36"
154.83.103.202 - - [15/Apr/2025:02:49:28 -0400] "GET /modules/ HTTP/1.1" 404 13586 "-" "Mozilla/5.0 (Windows NT 10.0; Win64; x64) AppleWebKit/537.36 (KHTML, like Gecko) Chrome/91.0.4472.124 Safari/537.36"
154.83.103.202 - - [15/Apr/2025:02:49:30 -0400] "GET /readme.md HTTP/1.1" 404 13586 "-" "Mozilla/5.0 (Windows NT 10.0; Win64; x64) AppleWebKit/537.36 (KHTML, like Gecko) Chrome/91.0.4472.124 Safari/537.36"
154.83.103.202 - - [15/Apr/2025:02:49:32 -0400] "GET /themes/ HTTP/1.1" 404 13586 "-" "Mozilla/5.0 (Windows NT 10.0; Win64; x64) AppleWebKit/537.36 (KHTML, like Gecko) Chrome/91.0.4472.124 Safari/537.36"
154.83.103.202 - - [15/Apr/2025:02:49:33 -0400] "GET /translations/ HTTP/1.1" 404 13586 "-" "Mozilla/5.0 (Windows NT 10.0; Win64; x64) AppleWebKit/537.36 (KHTML, like Gecko) Chrome/91.0.4472.124 Safari/537.36"
198.54.114.83 - - [15/Apr/2025:02:49:37 -0400] "POST /wp-cron.php?doing_wp_cron=1744699776.4593229293823242187500 HTTP/1.1" 200 0 "-" "WordPress/6.7.2; https://shahmeenaindustry.com"
154.83.103.202 - - [15/Apr/2025:02:49:35 -0400] "GET /var/cache/ HTTP/1.1" 301 0 "-" "Mozilla/5.0 (Windows NT 10.0; Win64; x64) AppleWebKit/537.36 (KHTML, like Gecko) Chrome/91.0.4472.124 Safari/537.36"
154.83.103.202 - - [15/Apr/2025:02:49:39 -0400] "GET /cache-level-3-and-early-learning-centre/ HTTP/1.1" 200 17391 "-" "Mozilla/5.0 (Windows NT 10.0; Win64; x64) AppleWebKit/537.36 (KHTML, like Gecko) Chrome/91.0.4472.124 Safari/537.36"
154.83.103.202 - - [15/Apr/2025:02:49:40 -0400] "GET /var/logs/ HTTP/1.1" 404 13586 "-" "Mozilla/5.0 (Windows NT 10.0; Win64; x64) AppleWebKit/537.36 (KHTML, like Gecko) Chrome/91.0.4472.124 Safari/537.36"
154.83.103.202 - - [15/Apr/2025:02:49:44 -0400] "GET /.babelrc HTTP/1.1" 404 13586 "-" "Mozilla/5.0 (Windows NT 10.0; Win64; x64) AppleWebKit/537.36 (KHTML, like Gecko) Chrome/91.0.4472.124 Safari/537.36"
154.83.103.202 - - [15/Apr/2025:02:49:46 -0400] "GET /.env.sample HTTP/1.1" 403 1242 "-" "Mozilla/5.0 (Windows NT 10.0; Win64; x64) AppleWebKit/537.36 (KHTML, like Gecko) Chrome/91.0.4472.124 Safari/537.36"
154.83.103.202 - - [15/Apr/2025:02:49:47 -0400] "GET /.eslint.js HTTP/1.1" 404 13586 "-" "Mozilla/5.0 (Windows NT 10.0; Win64; x64) AppleWebKit/537.36 (KHTML, like Gecko) Chrome/91.0.4472.124 Safari/537.36"
154.83.103.202 - - [15/Apr/2025:02:49:48 -0400] "GET /.eslintrc.js HTTP/1.1" 404 13586 "-" "Mozilla/5.0 (Windows NT 10.0; Win64; x64) AppleWebKit/537.36 (KHTML, like Gecko) Chrome/91.0.4472.124 Safari/537.36"
154.83.103.202 - - [15/Apr/2025:02:49:52 -0400] "GET /.prettierrc HTTP/1.1" 404 13586 "-" "Mozilla/5.0 (Windows NT 10.0; Win64; x64) AppleWebKit/537.36 (KHTML, like Gecko) Chrome/91.0.4472.124 Safari/537.36"
154.83.103.202 - - [15/Apr/2025:02:49:53 -0400] "GET /.stylelintrc HTTP/1.1" 404 13586 "-" "Mozilla/5.0 (Windows NT 10.0; Win64; x64) AppleWebKit/537.36 (KHTML, like Gecko) Chrome/91.0.4472.124 Safari/537.36"
154.83.103.202 - - [15/Apr/2025:02:49:55 -0400] "GET /babel.config.js HTTP/1.1" 404 13586 "-" "Mozilla/5.0 (Windows NT 10.0; Win64; x64) AppleWebKit/537.36 (KHTML, like Gecko) Chrome/91.0.4472.124 Safari/537.36"
154.83.103.202 - - [15/Apr/2025:02:49:57 -0400] "GET /build/ HTTP/1.1" 301 0 "-" "Mozilla/5.0 (Windows NT 10.0; Win64; x64) AppleWebKit/537.36 (KHTML, like Gecko) Chrome/91.0.4472.124 Safari/537.36"
154.83.103.202 - - [15/Apr/2025:02:49:59 -0400] "GET /building-a-youtube-community-that-shares-your-vision-and-supports-your-success/ HTTP/1.1" 200 17342 "-" "Mozilla/5.0 (Windows NT 10.0; Win64; x64) AppleWebKit/537.36 (KHTML, like Gecko) Chrome/91.0.4472.124 Safari/537.36"
154.83.103.202 - - [15/Apr/2025:02:50:00 -0400] "GET /dist/ HTTP/1.1" 404 13585 "-" "Mozilla/5.0 (Windows NT 10.0; Win64; x64) AppleWebKit/537.36 (KHTML, like Gecko) Chrome/91.0.4472.124 Safari/537.36"
154.83.103.202 - - [15/Apr/2025:02:50:04 -0400] "GET /package.json HTTP/1.1" 404 13585 "-" "Mozilla/5.0 (Windows NT 10.0; Win64; x64) AppleWebKit/537.36 (KHTML, like Gecko) Chrome/91.0.4472.124 Safari/537.36"
154.83.103.202 - - [15/Apr/2025:02:50:05 -0400] "GET /public/manifest.json HTTP/1.1" 404 13585 "-" "Mozilla/5.0 (Windows NT 10.0; Win64; x64) AppleWebKit/537.36 (KHTML, like Gecko) Chrome/91.0.4472.124 Safari/537.36"
154.83.103.202 - - [15/Apr/2025:02:50:09 -0400] "GET /public/service-worker.js HTTP/1.1" 404 13586 "-" "Mozilla/5.0 (Windows NT 10.0; Win64; x64) AppleWebKit/537.36 (KHTML, like Gecko) Chrome/91.0.4472.124 Safari/537.36"
154.83.103.202 - - [15/Apr/2025:02:50:10 -0400] "GET /static/css/ HTTP/1.1" 404 13585 "-" "Mozilla/5.0 (Windows NT 10.0; Win64; x64) AppleWebKit/537.36 (KHTML, like Gecko) Chrome/91.0.4472.124 Safari/537.36"
154.83.103.202 - - [15/Apr/2025:02:50:12 -0400] "GET /static/js/ HTTP/1.1" 404 13585 "-" "Mozilla/5.0 (Windows NT 10.0; Win64; x64) AppleWebKit/537.36 (KHTML, like Gecko) Chrome/91.0.4472.124 Safari/537.36"
154.83.103.202 - - [15/Apr/2025:02:50:14 -0400] "GET /tsconfig.json HTTP/1.1" 404 13585 "-" "Mozilla/5.0 (Windows NT 10.0; Win64; x64) AppleWebKit/537.36 (KHTML, like Gecko) Chrome/91.0.4472.124 Safari/537.36"
154.83.103.202 - - [15/Apr/2025:02:50:15 -0400] "GET /vite.config.js HTTP/1.1" 404 13585 "-" "Mozilla/5.0 (Windows NT 10.0; Win64; x64) AppleWebKit/537.36 (KHTML, like Gecko) Chrome/91.0.4472.124 Safari/537.36"
154.83.103.202 - - [15/Apr/2025:02:50:18 -0400] "GET /webpack.config.js HTTP/1.1" 404 13587 "-" "Mozilla/5.0 (Windows NT 10.0; Win64; x64) AppleWebKit/537.36 (KHTML, like Gecko) Chrome/91.0.4472.124 Safari/537.36"
154.83.103.202 - - [15/Apr/2025:02:50:19 -0400] "GET /angular.json HTTP/1.1" 404 13585 "-" "Mozilla/5.0 (Windows NT 10.0; Win64; x64) AppleWebKit/537.36 (KHTML, like Gecko) Chrome/91.0.4472.124 Safari/537.36"
154.83.103.202 - - [15/Apr/2025:02:50:22 -0400] "GET /karma.conf.js HTTP/1.1" 404 13585 "-" "Mozilla/5.0 (Windows NT 10.0; Win64; x64) AppleWebKit/537.36 (KHTML, like Gecko) Chrome/91.0.4472.124 Safari/537.36"
154.83.103.202 - - [15/Apr/2025:02:50:24 -0400] "GET /protractor.conf.js HTTP/1.1" 404 13585 "-" "Mozilla/5.0 (Windows NT 10.0; Win64; x64) AppleWebKit/537.36 (KHTML, like Gecko) Chrome/91.0.4472.124 Safari/537.36"
154.83.103.202 - - [15/Apr/2025:02:50:26 -0400] "GET /src/assets/ HTTP/1.1" 404 13585 "-" "Mozilla/5.0 (Windows NT 10.0; Win64; x64) AppleWebKit/537.36 (KHTML, like Gecko) Chrome/91.0.4472.124 Safari/537.36"
154.83.103.202 - - [15/Apr/2025:02:50:27 -0400] "GET /src/environments/environment.prod.ts HTTP/1.1" 404 13587 "-" "Mozilla/5.0 (Windows NT 10.0; Win64; x64) AppleWebKit/537.36 (KHTML, like Gecko) Chrome/91.0.4472.124 Safari/537.36"
154.83.103.202 - - [15/Apr/2025:02:50:29 -0400] "GET /src/environments/environment.ts HTTP/1.1" 404 13585 "-" "Mozilla/5.0 (Windows NT 10.0; Win64; x64) AppleWebKit/537.36 (KHTML, like Gecko) Chrome/91.0.4472.124 Safari/537.36"
154.83.103.202 - - [15/Apr/2025:02:50:31 -0400] "GET /src/main.ts HTTP/1.1" 404 13585 "-" "Mozilla/5.0 (Windows NT 10.0; Win64; x64) AppleWebKit/537.36 (KHTML, like Gecko) Chrome/91.0.4472.124 Safari/537.36"
154.83.103.202 - - [15/Apr/2025:02:50:32 -0400] "GET /src/styles.scss HTTP/1.1" 404 13585 "-" "Mozilla/5.0 (Windows NT 10.0; Win64; x64) AppleWebKit/537.36 (KHTML, like Gecko) Chrome/91.0.4472.124 Safari/537.36"
154.83.103.202 - - [15/Apr/2025:02:50:33 -0400] "GET /.next/ HTTP/1.1" 404 13585 "-" "Mozilla/5.0 (Windows NT 10.0; Win64; x64) AppleWebKit/537.36 (KHTML, like Gecko) Chrome/91.0.4472.124 Safari/537.36"
198.54.114.83 - - [15/Apr/2025:02:50:37 -0400] "POST /wp-cron.php?doing_wp_cron=1744699836.8533260822296142578125 HTTP/1.1" 200 0 "-" "WordPress/6.7.2; https://shahmeenaindustry.com"
154.83.103.202 - - [15/Apr/2025:02:50:36 -0400] "GET /.nuxt/ HTTP/1.1" 404 13586 "-" "Mozilla/5.0 (Windows NT 10.0; Win64; x64) AppleWebKit/537.36 (KHTML, like Gecko) Chrome/91.0.4472.124 Safari/537.36"
198.54.114.83 - - [15/Apr/2025:02:50:38 -0400] "POST /wp-admin/admin-ajax.php?action=async_litespeed&nonce=p9LSV4Yk4aS3p56TA2TLOvQ1xAaIxDth&litespeed_type=imgoptm HTTP/1.1" 200 0 "-" "WordPress/6.7.2; https://shahmeenaindustry.com"
154.83.103.202 - - [15/Apr/2025:02:50:38 -0400] "GET /env.local HTTP/1.1" 404 13586 "-" "Mozilla/5.0 (Windows NT 10.0; Win64; x64) AppleWebKit/537.36 (KHTML, like Gecko) Chrome/91.0.4472.124 Safari/537.36"
198.54.114.83 - - [15/Apr/2025:02:50:42 -0400] "POST /wp-cron.php?doing_wp_cron=1744699841.4732809066772460937500 HTTP/1.1" 200 0 "-" "WordPress/6.7.2; https://shahmeenaindustry.com"
154.83.103.202 - - [15/Apr/2025:02:50:41 -0400] "GET /middleware.js HTTP/1.1" 404 13585 "-" "Mozilla/5.0 (Windows NT 10.0; Win64; x64) AppleWebKit/537.36 (KHTML, like Gecko) Chrome/91.0.4472.124 Safari/537.36"
154.83.103.202 - - [15/Apr/2025:02:50:44 -0400] "GET /netlify.toml HTTP/1.1" 404 13585 "-" "Mozilla/5.0 (Windows NT 10.0; Win64; x64) AppleWebKit/537.36 (KHTML, like Gecko) Chrome/91.0.4472.124 Safari/537.36"
154.83.103.202 - - [15/Apr/2025:02:50:45 -0400] "GET /out/ HTTP/1.1" 404 13585 "-" "Mozilla/5.0 (Windows NT 10.0; Win64; x64) AppleWebKit/537.36 (KHTML, like Gecko) Chrome/91.0.4472.124 Safari/537.36"
154.83.103.202 - - [15/Apr/2025:02:50:47 -0400] "GET /pages/api/ HTTP/1.1" 404 13586 "-" "Mozilla/5.0 (Windows NT 10.0; Win64; x64) AppleWebKit/537.36 (KHTML, like Gecko) Chrome/91.0.4472.124 Safari/537.36"
154.83.103.202 - - [15/Apr/2025:02:50:49 -0400] "GET /public/env.json HTTP/1.1" 404 13585 "-" "Mozilla/5.0 (Windows NT 10.0; Win64; x64) AppleWebKit/537.36 (KHTML, like Gecko) Chrome/91.0.4472.124 Safari/537.36"
154.83.103.202 - - [15/Apr/2025:02:50:52 -0400] "GET /static/ HTTP/1.1" 404 13585 "-" "Mozilla/5.0 (Windows NT 10.0; Win64; x64) AppleWebKit/537.36 (KHTML, like Gecko) Chrome/91.0.4472.124 Safari/537.36"
154.83.103.202 - - [15/Apr/2025:02:50:54 -0400] "GET /vercel.json HTTP/1.1" 404 13585 "-" "Mozilla/5.0 (Windows NT 10.0; Win64; x64) AppleWebKit/537.36 (KHTML, like Gecko) Chrome/91.0.4472.124 Safari/537.36"
154.83.103.202 - - [15/Apr/2025:02:50:57 -0400] "GET /.blitz/ HTTP/1.1" 404 13587 "-" "Mozilla/5.0 (Windows NT 10.0; Win64; x64) AppleWebKit/537.36 (KHTML, like Gecko) Chrome/91.0.4472.124 Safari/537.36"
154.83.103.202 - - [15/Apr/2025:02:50:59 -0400] "GET /.cache/ HTTP/1.1" 301 0 "-" "Mozilla/5.0 (Windows NT 10.0; Win64; x64) AppleWebKit/537.36 (KHTML, like Gecko) Chrome/91.0.4472.124 Safari/537.36"
154.83.103.202 - - [15/Apr/2025:02:51:00 -0400] "GET /cache-level-3-and-early-learning-centre/ HTTP/1.1" 200 17391 "-" "Mozilla/5.0 (Windows NT 10.0; Win64; x64) AppleWebKit/537.36 (KHTML, like Gecko) Chrome/91.0.4472.124 Safari/537.36"
154.83.103.202 - - [15/Apr/2025:02:51:01 -0400] "GET /.eleventy.js HTTP/1.1" 404 13585 "-" "Mozilla/5.0 (Windows NT 10.0; Win64; x64) AppleWebKit/537.36 (KHTML, like Gecko) Chrome/91.0.4472.124 Safari/537.36"
154.83.103.202 - - [15/Apr/2025:02:51:03 -0400] "GET /.svelte-kit/ HTTP/1.1" 404 13585 "-" "Mozilla/5.0 (Windows NT 10.0; Win64; x64) AppleWebKit/537.36 (KHTML, like Gecko) Chrome/91.0.4472.124 Safari/537.36"
154.83.103.202 - - [15/Apr/2025:02:51:04 -0400] "GET /_site/ HTTP/1.1" 404 13585 "-" "Mozilla/5.0 (Windows NT 10.0; Win64; x64) AppleWebKit/537.36 (KHTML, like Gecko) Chrome/91.0.4472.124 Safari/537.36"
154.83.103.202 - - [15/Apr/2025:02:51:07 -0400] "GET /app/entry.client.tsx HTTP/1.1" 404 13587 "-" "Mozilla/5.0 (Windows NT 10.0; Win64; x64) AppleWebKit/537.36 (KHTML, like Gecko) Chrome/91.0.4472.124 Safari/537.36"
154.83.103.202 - - [15/Apr/2025:02:51:08 -0400] "GET /app/entry.server.tsx HTTP/1.1" 404 13586 "-" "Mozilla/5.0 (Windows NT 10.0; Win64; x64) AppleWebKit/537.36 (KHTML, like Gecko) Chrome/91.0.4472.124 Safari/537.36"
154.83.103.202 - - [15/Apr/2025:02:51:10 -0400] "GET /app/routes/ HTTP/1.1" 404 13585 "-" "Mozilla/5.0 (Windows NT 10.0; Win64; x64) AppleWebKit/537.36 (KHTML, like Gecko) Chrome/91.0.4472.124 Safari/537.36"
154.83.103.202 - - [15/Apr/2025:02:51:12 -0400] "GET /astro.config.mjs HTTP/1.1" 404 13585 "-" "Mozilla/5.0 (Windows NT 10.0; Win64; x64) AppleWebKit/537.36 (KHTML, like Gecko) Chrome/91.0.4472.124 Safari/537.36"
154.83.103.202 - - [15/Apr/2025:02:51:14 -0400] "GET /blitz.config.js HTTP/1.1" 404 13585 "-" "Mozilla/5.0 (Windows NT 10.0; Win64; x64) AppleWebKit/537.36 (KHTML, like Gecko) Chrome/91.0.4472.124 Safari/537.36"
154.83.103.202 - - [15/Apr/2025:02:51:15 -0400] "GET /db/ HTTP/1.1" 404 13585 "-" "Mozilla/5.0 (Windows NT 10.0; Win64; x64) AppleWebKit/537.36 (KHTML, like Gecko) Chrome/91.0.4472.124 Safari/537.36"
154.83.103.202 - - [15/Apr/2025:02:51:18 -0400] "GET /eleventy.config.js HTTP/1.1" 404 13586 "-" "Mozilla/5.0 (Windows NT 10.0; Win64; x64) AppleWebKit/537.36 (KHTML, like Gecko) Chrome/91.0.4472.124 Safari/537.36"
154.83.103.202 - - [15/Apr/2025:02:51:20 -0400] "GET /gatsby-config.js HTTP/1.1" 404 13585 "-" "Mozilla/5.0 (Windows NT 10.0; Win64; x64) AppleWebKit/537.36 (KHTML, like Gecko) Chrome/91.0.4472.124 Safari/537.36"
85.208.96.210 - - [15/Apr/2025:02:51:21 -0400] "GET /jden-capitaland-modern-living-in-a-vibrant-district/ HTTP/1.1" 200 17942 "-" "Mozilla/5.0 (compatible; SemrushBot/7~bl; +http://www.semrush.com/bot.html)"
154.83.103.202 - - [15/Apr/2025:02:51:22 -0400] "GET /gatsby-node.js HTTP/1.1" 404 13585 "-" "Mozilla/5.0 (Windows NT 10.0; Win64; x64) AppleWebKit/537.36 (KHTML, like Gecko) Chrome/91.0.4472.124 Safari/537.36"
154.83.103.202 - - [15/Apr/2025:02:51:24 -0400] "GET /public/ HTTP/1.1" 404 13585 "-" "Mozilla/5.0 (Windows NT 10.0; Win64; x64) AppleWebKit/537.36 (KHTML, like Gecko) Chrome/91.0.4472.124 Safari/537.36"
154.83.103.202 - - [15/Apr/2025:02:51:26 -0400] "GET /public/build/ HTTP/1.1" 301 0 "-" "Mozilla/5.0 (Windows NT 10.0; Win64; x64) AppleWebKit/537.36 (KHTML, like Gecko) Chrome/91.0.4472.124 Safari/537.36"
154.83.103.202 - - [15/Apr/2025:02:51:28 -0400] "GET /building-a-youtube-community-that-shares-your-vision-and-supports-your-success/ HTTP/1.1" 200 17342 "-" "Mozilla/5.0 (Windows NT 10.0; Win64; x64) AppleWebKit/537.36 (KHTML, like Gecko) Chrome/91.0.4472.124 Safari/537.36"
154.83.103.202 - - [15/Apr/2025:02:51:29 -0400] "GET /public/manifest.webmanifest HTTP/1.1" 404 13585 "-" "Mozilla/5.0 (Windows NT 10.0; Win64; x64) AppleWebKit/537.36 (KHTML, like Gecko) Chrome/91.0.4472.124 Safari/537.36"
154.83.103.202 - - [15/Apr/2025:02:51:33 -0400] "GET /remix.config.js HTTP/1.1" 404 13585 "-" "Mozilla/5.0 (Windows NT 10.0; Win64; x64) AppleWebKit/537.36 (KHTML, like Gecko) Chrome/91.0.4472.124 Safari/537.36"
198.54.114.83 - - [15/Apr/2025:02:51:35 -0400] "POST /wp-cron.php?doing_wp_cron=1744699894.0719680786132812500000 HTTP/1.1" 200 0 "-" "WordPress/6.7.2; https://shahmeenaindustry.com"
154.83.103.202 - - [15/Apr/2025:02:51:36 -0400] "GET /remix.env HTTP/1.1" 404 13586 "-" "Mozilla/5.0 (Windows NT 10.0; Win64; x64) AppleWebKit/537.36 (KHTML, like Gecko) Chrome/91.0.4472.124 Safari/537.36"
154.83.103.202 - - [15/Apr/2025:02:51:38 -0400] "GET /src/ HTTP/1.1" 404 13586 "-" "Mozilla/5.0 (Windows NT 10.0; Win64; x64) AppleWebKit/537.36 (KHTML, like Gecko) Chrome/91.0.4472.124 Safari/537.36"
154.83.103.202 - - [15/Apr/2025:02:51:40 -0400] "GET /src/pages/ HTTP/1.1" 404 13585 "-" "Mozilla/5.0 (Windows NT 10.0; Win64; x64) AppleWebKit/537.36 (KHTML, like Gecko) Chrome/91.0.4472.124 Safari/537.36"
154.83.103.202 - - [15/Apr/2025:02:51:42 -0400] "GET /src/routes/ HTTP/1.1" 404 13585 "-" "Mozilla/5.0 (Windows NT 10.0; Win64; x64) AppleWebKit/537.36 (KHTML, like Gecko) Chrome/91.0.4472.124 Safari/537.36"
154.83.103.202 - - [15/Apr/2025:02:51:44 -0400] "GET /svelte.config.js HTTP/1.1" 404 13585 "-" "Mozilla/5.0 (Windows NT 10.0; Win64; x64) AppleWebKit/537.36 (KHTML, like Gecko) Chrome/91.0.4472.124 Safari/537.36"
154.83.103.202 - - [15/Apr/2025:02:51:46 -0400] "GET /Default.aspx HTTP/1.1" 404 13586 "-" "Mozilla/5.0 (Windows NT 10.0; Win64; x64) AppleWebKit/537.36 (KHTML, like Gecko) Chrome/91.0.4472.124 Safari/537.36"
154.83.103.202 - - [15/Apr/2025:02:51:48 -0400] "GET /akamai/sureroute-test-object.html HTTP/1.1" 404 13586 "-" "Mozilla/5.0 (Windows NT 10.0; Win64; x64) AppleWebKit/537.36 (KHTML, like Gecko) Chrome/91.0.4472.124 Safari/537.36"
154.83.103.202 - - [15/Apr/2025:02:51:49 -0400] "GET /api/transact.dll HTTP/1.1" 404 13585 "-" "Mozilla/5.0 (Windows NT 10.0; Win64; x64) AppleWebKit/537.36 (KHTML, like Gecko) Chrome/91.0.4472.124 Safari/537.36"
154.83.103.202 - - [15/Apr/2025:02:51:51 -0400] "GET /content/robots.txt HTTP/1.1" 404 13585 "-" "Mozilla/5.0 (Windows NT 10.0; Win64; x64) AppleWebKit/537.36 (KHTML, like Gecko) Chrome/91.0.4472.124 Safari/537.36"
154.83.103.202 - - [15/Apr/2025:02:51:53 -0400] "GET /pages/home HTTP/1.1" 301 0 "-" "Mozilla/5.0 (Windows NT 10.0; Win64; x64) AppleWebKit/537.36 (KHTML, like Gecko) Chrome/91.0.4472.124 Safari/537.36"
154.83.103.202 - - [15/Apr/2025:02:51:54 -0400] "GET /homes-for-sale-in-sonoma-ca/ HTTP/1.1" 200 17240 "-" "Mozilla/5.0 (Windows NT 10.0; Win64; x64) AppleWebKit/537.36 (KHTML, like Gecko) Chrome/91.0.4472.124 Safari/537.36"
154.83.103.202 - - [15/Apr/2025:02:51:57 -0400] "GET /cloudfront/signature HTTP/1.1" 404 13587 "-" "Mozilla/5.0 (Windows NT 10.0; Win64; x64) AppleWebKit/537.36 (KHTML, like Gecko) Chrome/91.0.4472.124 Safari/537.36"
154.83.103.202 - - [15/Apr/2025:02:51:59 -0400] "GET /envoy-admin HTTP/1.1" 404 13586 "-" "Mozilla/5.0 (Windows NT 10.0; Win64; x64) AppleWebKit/537.36 (KHTML, like Gecko) Chrome/91.0.4472.124 Safari/537.36"
154.83.103.202 - - [15/Apr/2025:02:52:01 -0400] "GET /fb-pixel.js HTTP/1.1" 404 13585 "-" "Mozilla/5.0 (Windows NT 10.0; Win64; x64) AppleWebKit/537.36 (KHTML, like Gecko) Chrome/91.0.4472.124 Safari/537.36"
154.83.103.202 - - [15/Apr/2025:02:52:03 -0400] "GET /adsbygoogle.js HTTP/1.1" 404 13585 "-" "Mozilla/5.0 (Windows NT 10.0; Win64; x64) AppleWebKit/537.36 (KHTML, like Gecko) Chrome/91.0.4472.124 Safari/537.36"
154.83.103.202 - - [15/Apr/2025:02:52:06 -0400] "GET /analytics.js HTTP/1.1" 404 13586 "-" "Mozilla/5.0 (Windows NT 10.0; Win64; x64) AppleWebKit/537.36 (KHTML, like Gecko) Chrome/91.0.4472.124 Safari/537.36"
154.83.103.202 - - [15/Apr/2025:02:52:07 -0400] "GET /gtag/js HTTP/1.1" 404 13587 "-" "Mozilla/5.0 (Windows NT 10.0; Win64; x64) AppleWebKit/537.36 (KHTML, like Gecko) Chrome/91.0.4472.124 Safari/537.36"
154.83.103.202 - - [15/Apr/2025:02:52:09 -0400] "GET /WEB-INF/web.xml HTTP/1.1" 404 13585 "-" "Mozilla/5.0 (Windows NT 10.0; Win64; x64) AppleWebKit/537.36 (KHTML, like Gecko) Chrome/91.0.4472.124 Safari/537.36"
154.83.103.202 - - [15/Apr/2025:02:52:10 -0400] "GET /login.jsp HTTP/1.1" 404 13585 "-" "Mozilla/5.0 (Windows NT 10.0; Win64; x64) AppleWebKit/537.36 (KHTML, like Gecko) Chrome/91.0.4472.124 Safari/537.36"
154.83.103.202 - - [15/Apr/2025:02:52:13 -0400] "GET /livechat/ HTTP/1.1" 404 13585 "-" "Mozilla/5.0 (Windows NT 10.0; Win64; x64) AppleWebKit/537.36 (KHTML, like Gecko) Chrome/91.0.4472.124 Safari/537.36"
154.83.103.202 - - [15/Apr/2025:02:52:14 -0400] "GET /matomo.php HTTP/1.1" 404 13585 "-" "Mozilla/5.0 (Windows NT 10.0; Win64; x64) AppleWebKit/537.36 (KHTML, like Gecko) Chrome/91.0.4472.124 Safari/537.36"
154.83.103.202 - - [15/Apr/2025:02:52:15 -0400] "GET /piwik.php HTTP/1.1" 404 13585 "-" "Mozilla/5.0 (Windows NT 10.0; Win64; x64) AppleWebKit/537.36 (KHTML, like Gecko) Chrome/91.0.4472.124 Safari/537.36"
154.83.103.202 - - [15/Apr/2025:02:52:17 -0400] "GET /mailchimp/subscribe HTTP/1.1" 404 13587 "-" "Mozilla/5.0 (Windows NT 10.0; Win64; x64) AppleWebKit/537.36 (KHTML, like Gecko) Chrome/91.0.4472.124 Safari/537.36"
154.83.103.202 - - [15/Apr/2025:02:52:18 -0400] "GET /newrelic/ HTTP/1.1" 404 13586 "-" "Mozilla/5.0 (Windows NT 10.0; Win64; x64) AppleWebKit/537.36 (KHTML, like Gecko) Chrome/91.0.4472.124 Safari/537.36"
154.83.103.202 - - [15/Apr/2025:02:52:20 -0400] "GET /lua_status HTTP/1.1" 404 13585 "-" "Mozilla/5.0 (Windows NT 10.0; Win64; x64) AppleWebKit/537.36 (KHTML, like Gecko) Chrome/91.0.4472.124 Safari/537.36"
154.83.103.202 - - [15/Apr/2025:02:52:21 -0400] "GET /paypal/ipn HTTP/1.1" 404 13585 "-" "Mozilla/5.0 (Windows NT 10.0; Win64; x64) AppleWebKit/537.36 (KHTML, like Gecko) Chrome/91.0.4472.124 Safari/537.36"
154.83.103.202 - - [15/Apr/2025:02:52:23 -0400] "GET /login_up.php3 HTTP/1.1" 404 13585 "-" "Mozilla/5.0 (Windows NT 10.0; Win64; x64) AppleWebKit/537.36 (KHTML, like Gecko) Chrome/91.0.4472.124 Safari/537.36"
154.83.103.202 - - [15/Apr/2025:02:52:24 -0400] "GET /plesk-stat/ HTTP/1.1" 404 13585 "-" "Mozilla/5.0 (Windows NT 10.0; Win64; x64) AppleWebKit/537.36 (KHTML, like Gecko) Chrome/91.0.4472.124 Safari/537.36"
154.83.103.202 - - [15/Apr/2025:02:52:25 -0400] "GET /.well-known/shopify/ HTTP/1.1" 404 13585 "-" "Mozilla/5.0 (Windows NT 10.0; Win64; x64) AppleWebKit/537.36 (KHTML, like Gecko) Chrome/91.0.4472.124 Safari/537.36"
154.83.103.202 - - [15/Apr/2025:02:52:26 -0400] "GET /sitemap.xml HTTP/1.1" 301 0 "-" "Mozilla/5.0 (Windows NT 10.0; Win64; x64) AppleWebKit/537.36 (KHTML, like Gecko) Chrome/91.0.4472.124 Safari/537.36"
154.83.103.202 - - [15/Apr/2025:02:52:27 -0400] "GET /sitemap_index.xml HTTP/1.1" 200 276 "-" "Mozilla/5.0 (Windows NT 10.0; Win64; x64) AppleWebKit/537.36 (KHTML, like Gecko) Chrome/91.0.4472.124 Safari/537.36"
154.83.103.202 - - [15/Apr/2025:02:52:28 -0400] "GET /.well-known/stripe/ HTTP/1.1" 404 13586 "-" "Mozilla/5.0 (Windows NT 10.0; Win64; x64) AppleWebKit/537.36 (KHTML, like Gecko) Chrome/91.0.4472.124 Safari/537.36"
154.83.103.202 - - [15/Apr/2025:02:52:29 -0400] "GET /sucuri-firewall/ HTTP/1.1" 404 13585 "-" "Mozilla/5.0 (Windows NT 10.0; Win64; x64) AppleWebKit/537.36 (KHTML, like Gecko) Chrome/91.0.4472.124 Safari/537.36"
154.83.103.202 - - [15/Apr/2025:02:52:30 -0400] "GET /typo3conf/ext/ HTTP/1.1" 301 0 "-" "Mozilla/5.0 (Windows NT 10.0; Win64; x64) AppleWebKit/537.36 (KHTML, like Gecko) Chrome/91.0.4472.124 Safari/537.36"
154.83.103.202 - - [15/Apr/2025:02:52:31 -0400] "GET /extractions-de-dents-de-sagesse/ HTTP/1.1" 200 17555 "-" "Mozilla/5.0 (Windows NT 10.0; Win64; x64) AppleWebKit/537.36 (KHTML, like Gecko) Chrome/91.0.4472.124 Safari/537.36"
154.83.103.202 - - [15/Apr/2025:02:52:33 -0400] "GET /debug/varnish/ HTTP/1.1" 404 13585 "-" "Mozilla/5.0 (Windows NT 10.0; Win64; x64) AppleWebKit/537.36 (KHTML, like Gecko) Chrome/91.0.4472.124 Safari/537.36"
198.54.114.83 - - [15/Apr/2025:02:52:34 -0400] "POST /wp-cron.php?doing_wp_cron=1744699954.4914369583129882812500 HTTP/1.1" 200 0 "-" "WordPress/6.7.2; https://shahmeenaindustry.com"
154.83.103.202 - - [15/Apr/2025:02:52:34 -0400] "GET /_vercel/insights HTTP/1.1" 404 13585 "-" "Mozilla/5.0 (Windows NT 10.0; Win64; x64) AppleWebKit/537.36 (KHTML, like Gecko) Chrome/91.0.4472.124 Safari/537.36"
198.54.114.83 - - [15/Apr/2025:02:52:35 -0400] "POST /wp-admin/admin-ajax.php?action=async_litespeed&nonce=UY22jqSP51i8lM9EN8CpBA9iss6oWIFr&litespeed_type=imgoptm HTTP/1.1" 200 0 "-" "WordPress/6.7.2; https://shahmeenaindustry.com"
154.83.103.202 - - [15/Apr/2025:02:52:36 -0400] "GET /editor/ HTTP/1.1" 404 13586 "-" "Mozilla/5.0 (Windows NT 10.0; Win64; x64) AppleWebKit/537.36 (KHTML, like Gecko) Chrome/91.0.4472.124 Safari/537.36"
154.83.103.202 - - [15/Apr/2025:02:52:37 -0400] "GET /files/theme/ HTTP/1.1" 404 13586 "-" "Mozilla/5.0 (Windows NT 10.0; Win64; x64) AppleWebKit/537.36 (KHTML, like Gecko) Chrome/91.0.4472.124 Safari/537.36"
154.83.103.202 - - [15/Apr/2025:02:52:38 -0400] "GET /wp-content/plugins/woocommerce/ HTTP/1.1" 404 13586 "-" "Mozilla/5.0 (Windows NT 10.0; Win64; x64) AppleWebKit/537.36 (KHTML, like Gecko) Chrome/91.0.4472.124 Safari/537.36"
154.83.103.202 - - [15/Apr/2025:02:52:39 -0400] "GET /wp-json/wc/v3/ HTTP/1.1" 404 114 "-" "Mozilla/5.0 (Windows NT 10.0; Win64; x64) AppleWebKit/537.36 (KHTML, like Gecko) Chrome/91.0.4472.124 Safari/537.36"
198.54.114.83 - - [15/Apr/2025:02:52:41 -0400] "POST /wp-cron.php?doing_wp_cron=1744699961.1338479518890380859375 HTTP/1.1" 200 0 "-" "WordPress/6.7.2; https://shahmeenaindustry.com"
154.83.103.202 - - [15/Apr/2025:02:52:40 -0400] "GET /watch.js HTTP/1.1" 404 13585 "-" "Mozilla/5.0 (Windows NT 10.0; Win64; x64) AppleWebKit/537.36 (KHTML, like Gecko) Chrome/91.0.4472.124 Safari/537.36"
154.83.103.202 - - [15/Apr/2025:02:52:42 -0400] "GET /includes/configure.php HTTP/1.1" 404 13585 "-" "Mozilla/5.0 (Windows NT 10.0; Win64; x64) AppleWebKit/537.36 (KHTML, like Gecko) Chrome/91.0.4472.124 Safari/537.36"
154.83.103.202 - - [15/Apr/2025:02:52:44 -0400] "GET /hc/en-us HTTP/1.1" 404 13585 "-" "Mozilla/5.0 (Windows NT 10.0; Win64; x64) AppleWebKit/537.36 (KHTML, like Gecko) Chrome/91.0.4472.124 Safari/537.36"
154.83.103.202 - - [15/Apr/2025:02:52:46 -0400] "GET /application/configs/application.ini HTTP/1.1" 404 13586 "-" "Mozilla/5.0 (Windows NT 10.0; Win64; x64) AppleWebKit/537.36 (KHTML, like Gecko) Chrome/91.0.4472.124 Safari/537.36"
154.83.103.202 - - [15/Apr/2025:02:52:47 -0400] "GET /adm/index.php HTTP/1.1" 301 0 "-" "Mozilla/5.0 (Windows NT 10.0; Win64; x64) AppleWebKit/537.36 (KHTML, like Gecko) Chrome/91.0.4472.124 Safari/537.36"
154.83.103.202 - - [15/Apr/2025:02:52:48 -0400] "GET /adm/ HTTP/1.1" 404 13586 "-" "Mozilla/5.0 (Windows NT 10.0; Win64; x64) AppleWebKit/537.36 (KHTML, like Gecko) Chrome/91.0.4472.124 Safari/537.36"
154.83.103.202 - - [15/Apr/2025:02:52:49 -0400] "GET /admincp/ HTTP/1.1" 404 13585 "-" "Mozilla/5.0 (Windows NT 10.0; Win64; x64) AppleWebKit/537.36 (KHTML, like Gecko) Chrome/91.0.4472.124 Safari/537.36"
154.83.103.202 - - [15/Apr/2025:02:52:51 -0400] "GET /conf/config.php HTTP/1.1" 404 13585 "-" "Mozilla/5.0 (Windows NT 10.0; Win64; x64) AppleWebKit/537.36 (KHTML, like Gecko) Chrome/91.0.4472.124 Safari/537.36"
154.83.103.202 - - [15/Apr/2025:02:52:52 -0400] "GET /xtAdmin/ HTTP/1.1" 404 13585 "-" "Mozilla/5.0 (Windows NT 10.0; Win64; x64) AppleWebKit/537.36 (KHTML, like Gecko) Chrome/91.0.4472.124 Safari/537.36"
154.83.103.202 - - [15/Apr/2025:02:52:53 -0400] "GET /config/cryptomus.json HTTP/1.1" 404 13585 "-" "Mozilla/5.0 (Windows NT 10.0; Win64; x64) AppleWebKit/537.36 (KHTML, like Gecko) Chrome/91.0.4472.124 Safari/537.36"
154.83.103.202 - - [15/Apr/2025:02:52:54 -0400] "GET /config/cryptomus.php HTTP/1.1" 404 13585 "-" "Mozilla/5.0 (Windows NT 10.0; Win64; x64) AppleWebKit/537.36 (KHTML, like Gecko) Chrome/91.0.4472.124 Safari/537.36"
154.83.103.202 - - [15/Apr/2025:02:52:55 -0400] "GET /config/cryptomus.yaml HTTP/1.1" 404 13585 "-" "Mozilla/5.0 (Windows NT 10.0; Win64; x64) AppleWebKit/537.36 (KHTML, like Gecko) Chrome/91.0.4472.124 Safari/537.36"
154.83.103.202 - - [15/Apr/2025:02:52:56 -0400] "GET /cryptomus-credentials.json HTTP/1.1" 404 13586 "-" "Mozilla/5.0 (Windows NT 10.0; Win64; x64) AppleWebKit/537.36 (KHTML, like Gecko) Chrome/91.0.4472.124 Safari/537.36"
154.83.103.202 - - [15/Apr/2025:02:52:57 -0400] "GET /cryptomus-keys.json HTTP/1.1" 404 13587 "-" "Mozilla/5.0 (Windows NT 10.0; Win64; x64) AppleWebKit/537.36 (KHTML, like Gecko) Chrome/91.0.4472.124 Safari/537.36"
154.83.103.202 - - [15/Apr/2025:02:52:58 -0400] "GET /cryptomus.config.js HTTP/1.1" 404 13586 "-" "Mozilla/5.0 (Windows NT 10.0; Win64; x64) AppleWebKit/537.36 (KHTML, like Gecko) Chrome/91.0.4472.124 Safari/537.36"
154.83.103.202 - - [15/Apr/2025:02:52:59 -0400] "GET /cryptomus.env HTTP/1.1" 404 13586 "-" "Mozilla/5.0 (Windows NT 10.0; Win64; x64) AppleWebKit/537.36 (KHTML, like Gecko) Chrome/91.0.4472.124 Safari/537.36"
154.83.103.202 - - [15/Apr/2025:02:53:00 -0400] "GET /cryptomus.json HTTP/1.1" 404 13585 "-" "Mozilla/5.0 (Windows NT 10.0; Win64; x64) AppleWebKit/537.36 (KHTML, like Gecko) Chrome/91.0.4472.124 Safari/537.36"
154.83.103.202 - - [15/Apr/2025:02:53:01 -0400] "GET /cryptomus.yaml HTTP/1.1" 404 13585 "-" "Mozilla/5.0 (Windows NT 10.0; Win64; x64) AppleWebKit/537.36 (KHTML, like Gecko) Chrome/91.0.4472.124 Safari/537.36"
154.83.103.202 - - [15/Apr/2025:02:53:03 -0400] "GET /src/config/cryptomus.js HTTP/1.1" 404 13585 "-" "Mozilla/5.0 (Windows NT 10.0; Win64; x64) AppleWebKit/537.36 (KHTML, like Gecko) Chrome/91.0.4472.124 Safari/537.36"
154.83.103.202 - - [15/Apr/2025:02:53:05 -0400] "GET /src/config/cryptomus.ts HTTP/1.1" 404 13585 "-" "Mozilla/5.0 (Windows NT 10.0; Win64; x64) AppleWebKit/537.36 (KHTML, like Gecko) Chrome/91.0.4472.124 Safari/537.36"
154.83.103.202 - - [15/Apr/2025:02:53:06 -0400] "GET /.paypal/ HTTP/1.1" 404 13586 "-" "Mozilla/5.0 (Windows NT 10.0; Win64; x64) AppleWebKit/537.36 (KHTML, like Gecko) Chrome/91.0.4472.124 Safari/537.36"
154.83.103.202 - - [15/Apr/2025:02:53:08 -0400] "GET /.well-known/paypal.txt HTTP/1.1" 404 13586 "-" "Mozilla/5.0 (Windows NT 10.0; Win64; x64) AppleWebKit/537.36 (KHTML, like Gecko) Chrome/91.0.4472.124 Safari/537.36"
154.83.103.202 - - [15/Apr/2025:02:53:09 -0400] "GET /config/paypal.json HTTP/1.1" 404 13585 "-" "Mozilla/5.0 (Windows NT 10.0; Win64; x64) AppleWebKit/537.36 (KHTML, like Gecko) Chrome/91.0.4472.124 Safari/537.36"
154.83.103.202 - - [15/Apr/2025:02:53:11 -0400] "GET /config/paypal.php HTTP/1.1" 404 13585 "-" "Mozilla/5.0 (Windows NT 10.0; Win64; x64) AppleWebKit/537.36 (KHTML, like Gecko) Chrome/91.0.4472.124 Safari/537.36"
154.83.103.202 - - [15/Apr/2025:02:53:13 -0400] "GET /config/paypal.yaml HTTP/1.1" 404 13585 "-" "Mozilla/5.0 (Windows NT 10.0; Win64; x64) AppleWebKit/537.36 (KHTML, like Gecko) Chrome/91.0.4472.124 Safari/537.36"
154.83.103.202 - - [15/Apr/2025:02:53:15 -0400] "GET /paypal-credentials.json HTTP/1.1" 404 13585 "-" "Mozilla/5.0 (Windows NT 10.0; Win64; x64) AppleWebKit/537.36 (KHTML, like Gecko) Chrome/91.0.4472.124 Safari/537.36"
154.83.103.202 - - [15/Apr/2025:02:53:17 -0400] "GET /paypal.config.js HTTP/1.1" 404 13586 "-" "Mozilla/5.0 (Windows NT 10.0; Win64; x64) AppleWebKit/537.36 (KHTML, like Gecko) Chrome/91.0.4472.124 Safari/537.36"
154.83.103.202 - - [15/Apr/2025:02:53:18 -0400] "GET /paypal.env HTTP/1.1" 404 13586 "-" "Mozilla/5.0 (Windows NT 10.0; Win64; x64) AppleWebKit/537.36 (KHTML, like Gecko) Chrome/91.0.4472.124 Safari/537.36"
154.83.103.202 - - [15/Apr/2025:02:53:19 -0400] "GET /paypal.json HTTP/1.1" 404 13585 "-" "Mozilla/5.0 (Windows NT 10.0; Win64; x64) AppleWebKit/537.36 (KHTML, like Gecko) Chrome/91.0.4472.124 Safari/537.36"
154.83.103.202 - - [15/Apr/2025:02:53:21 -0400] "GET /src/config/paypal.js HTTP/1.1" 404 13585 "-" "Mozilla/5.0 (Windows NT 10.0; Win64; x64) AppleWebKit/537.36 (KHTML, like Gecko) Chrome/91.0.4472.124 Safari/537.36"
154.83.103.202 - - [15/Apr/2025:02:53:23 -0400] "GET /src/config/paypal.ts HTTP/1.1" 404 13585 "-" "Mozilla/5.0 (Windows NT 10.0; Win64; x64) AppleWebKit/537.36 (KHTML, like Gecko) Chrome/91.0.4472.124 Safari/537.36"
154.83.103.202 - - [15/Apr/2025:02:53:24 -0400] "GET /coinbase-commerce.config.js HTTP/1.1" 404 13585 "-" "Mozilla/5.0 (Windows NT 10.0; Win64; x64) AppleWebKit/537.36 (KHTML, like Gecko) Chrome/91.0.4472.124 Safari/537.36"
154.83.103.202 - - [15/Apr/2025:02:53:25 -0400] "GET /coinbase-commerce.json HTTP/1.1" 404 13585 "-" "Mozilla/5.0 (Windows NT 10.0; Win64; x64) AppleWebKit/537.36 (KHTML, like Gecko) Chrome/91.0.4472.124 Safari/537.36"
154.83.103.202 - - [15/Apr/2025:02:53:28 -0400] "GET /coinbase-commerce.yaml HTTP/1.1" 404 13586 "-" "Mozilla/5.0 (Windows NT 10.0; Win64; x64) AppleWebKit/537.36 (KHTML, like Gecko) Chrome/91.0.4472.124 Safari/537.36"
154.83.103.202 - - [15/Apr/2025:02:53:29 -0400] "GET /coinbase-credentials.json HTTP/1.1" 404 13585 "-" "Mozilla/5.0 (Windows NT 10.0; Win64; x64) AppleWebKit/537.36 (KHTML, like Gecko) Chrome/91.0.4472.124 Safari/537.36"
198.54.114.83 - - [15/Apr/2025:02:53:31 -0400] "POST /wp-cron.php?doing_wp_cron=1744700011.2876279354095458984375 HTTP/1.1" 200 0 "-" "WordPress/6.7.2; https://shahmeenaindustry.com"
198.54.114.83 - - [15/Apr/2025:02:53:32 -0400] "POST /wp-admin/admin-ajax.php?action=async_litespeed&nonce=KsJhpb3CoDa9p3Ry1GSjTLZ6FMyCj3n5&litespeed_type=imgoptm HTTP/1.1" 200 0 "-" "WordPress/6.7.2; https://shahmeenaindustry.com"
154.83.103.202 - - [15/Apr/2025:02:53:31 -0400] "GET /coinbase-keys.json HTTP/1.1" 404 13585 "-" "Mozilla/5.0 (Windows NT 10.0; Win64; x64) AppleWebKit/537.36 (KHTML, like Gecko) Chrome/91.0.4472.124 Safari/537.36"
154.83.103.202 - - [15/Apr/2025:02:53:33 -0400] "GET /coinbase.config.js HTTP/1.1" 404 13585 "-" "Mozilla/5.0 (Windows NT 10.0; Win64; x64) AppleWebKit/537.36 (KHTML, like Gecko) Chrome/91.0.4472.124 Safari/537.36"
154.83.103.202 - - [15/Apr/2025:02:53:36 -0400] "GET /coinbase.env HTTP/1.1" 404 13586 "-" "Mozilla/5.0 (Windows NT 10.0; Win64; x64) AppleWebKit/537.36 (KHTML, like Gecko) Chrome/91.0.4472.124 Safari/537.36"
154.83.103.202 - - [15/Apr/2025:02:53:38 -0400] "GET /config/coinbase.json HTTP/1.1" 404 13586 "-" "Mozilla/5.0 (Windows NT 10.0; Win64; x64) AppleWebKit/537.36 (KHTML, like Gecko) Chrome/91.0.4472.124 Safari/537.36"
198.54.114.83 - - [15/Apr/2025:02:53:41 -0400] "POST /wp-cron.php?doing_wp_cron=1744700020.8510479927062988281250 HTTP/1.1" 200 0 "-" "WordPress/6.7.2; https://shahmeenaindustry.com"
154.83.103.202 - - [15/Apr/2025:02:53:40 -0400] "GET /config/coinbase.php HTTP/1.1" 404 13585 "-" "Mozilla/5.0 (Windows NT 10.0; Win64; x64) AppleWebKit/537.36 (KHTML, like Gecko) Chrome/91.0.4472.124 Safari/537.36"
154.83.103.202 - - [15/Apr/2025:02:53:43 -0400] "GET /src/config/coinbase.js HTTP/1.1" 404 13585 "-" "Mozilla/5.0 (Windows NT 10.0; Win64; x64) AppleWebKit/537.36 (KHTML, like Gecko) Chrome/91.0.4472.124 Safari/537.36"
154.83.103.202 - - [15/Apr/2025:02:53:44 -0400] "GET /src/config/coinbase.ts HTTP/1.1" 404 13585 "-" "Mozilla/5.0 (Windows NT 10.0; Win64; x64) AppleWebKit/537.36 (KHTML, like Gecko) Chrome/91.0.4472.124 Safari/537.36"
154.83.103.202 - - [15/Apr/2025:02:53:45 -0400] "GET /binance-credentials.json HTTP/1.1" 404 13585 "-" "Mozilla/5.0 (Windows NT 10.0; Win64; x64) AppleWebKit/537.36 (KHTML, like Gecko) Chrome/91.0.4472.124 Safari/537.36"
154.83.103.202 - - [15/Apr/2025:02:53:46 -0400] "GET /binance-keys.json HTTP/1.1" 404 13586 "-" "Mozilla/5.0 (Windows NT 10.0; Win64; x64) AppleWebKit/537.36 (KHTML, like Gecko) Chrome/91.0.4472.124 Safari/537.36"
154.83.103.202 - - [15/Apr/2025:02:53:47 -0400] "GET /binance-pay.json HTTP/1.1" 404 13586 "-" "Mozilla/5.0 (Windows NT 10.0; Win64; x64) AppleWebKit/537.36 (KHTML, like Gecko) Chrome/91.0.4472.124 Safari/537.36"
154.83.103.202 - - [15/Apr/2025:02:53:48 -0400] "GET /binance.env HTTP/1.1" 404 13586 "-" "Mozilla/5.0 (Windows NT 10.0; Win64; x64) AppleWebKit/537.36 (KHTML, like Gecko) Chrome/91.0.4472.124 Safari/537.36"
154.83.103.202 - - [15/Apr/2025:02:53:50 -0400] "GET /binancepay.config.js HTTP/1.1" 404 13585 "-" "Mozilla/5.0 (Windows NT 10.0; Win64; x64) AppleWebKit/537.36 (KHTML, like Gecko) Chrome/91.0.4472.124 Safari/537.36"
154.83.103.202 - - [15/Apr/2025:02:53:51 -0400] "GET /binancepay.yaml HTTP/1.1" 404 13585 "-" "Mozilla/5.0 (Windows NT 10.0; Win64; x64) AppleWebKit/537.36 (KHTML, like Gecko) Chrome/91.0.4472.124 Safari/537.36"
154.83.103.202 - - [15/Apr/2025:02:53:52 -0400] "GET /config/binance.php HTTP/1.1" 404 13585 "-" "Mozilla/5.0 (Windows NT 10.0; Win64; x64) AppleWebKit/537.36 (KHTML, like Gecko) Chrome/91.0.4472.124 Safari/537.36"
154.83.103.202 - - [15/Apr/2025:02:53:53 -0400] "GET /config/binancepay.json HTTP/1.1" 404 13585 "-" "Mozilla/5.0 (Windows NT 10.0; Win64; x64) AppleWebKit/537.36 (KHTML, like Gecko) Chrome/91.0.4472.124 Safari/537.36"
154.83.103.202 - - [15/Apr/2025:02:53:55 -0400] "GET /src/config/binance.js HTTP/1.1" 404 13585 "-" "Mozilla/5.0 (Windows NT 10.0; Win64; x64) AppleWebKit/537.36 (KHTML, like Gecko) Chrome/91.0.4472.124 Safari/537.36"
154.83.103.202 - - [15/Apr/2025:02:53:56 -0400] "GET /src/config/binance.ts HTTP/1.1" 404 13585 "-" "Mozilla/5.0 (Windows NT 10.0; Win64; x64) AppleWebKit/537.36 (KHTML, like Gecko) Chrome/91.0.4472.124 Safari/537.36"
154.83.103.202 - - [15/Apr/2025:02:53:56 -0400] "GET /braintree-credentials.json HTTP/1.1" 404 13586 "-" "Mozilla/5.0 (Windows NT 10.0; Win64; x64) AppleWebKit/537.36 (KHTML, like Gecko) Chrome/91.0.4472.124 Safari/537.36"
154.83.103.202 - - [15/Apr/2025:02:53:57 -0400] "GET /braintree-keys.json HTTP/1.1" 404 13586 "-" "Mozilla/5.0 (Windows NT 10.0; Win64; x64) AppleWebKit/537.36 (KHTML, like Gecko) Chrome/91.0.4472.124 Safari/537.36"
154.83.103.202 - - [15/Apr/2025:02:53:59 -0400] "GET /braintree.config.js HTTP/1.1" 404 13585 "-" "Mozilla/5.0 (Windows NT 10.0; Win64; x64) AppleWebKit/537.36 (KHTML, like Gecko) Chrome/91.0.4472.124 Safari/537.36"
154.83.103.202 - - [15/Apr/2025:02:54:00 -0400] "GET /braintree.env HTTP/1.1" 404 13585 "-" "Mozilla/5.0 (Windows NT 10.0; Win64; x64) AppleWebKit/537.36 (KHTML, like Gecko) Chrome/91.0.4472.124 Safari/537.36"
154.83.103.202 - - [15/Apr/2025:02:54:01 -0400] "GET /braintree.json HTTP/1.1" 404 13585 "-" "Mozilla/5.0 (Windows NT 10.0; Win64; x64) AppleWebKit/537.36 (KHTML, like Gecko) Chrome/91.0.4472.124 Safari/537.36"
154.83.103.202 - - [15/Apr/2025:02:54:03 -0400] "GET /braintree.yaml HTTP/1.1" 404 13585 "-" "Mozilla/5.0 (Windows NT 10.0; Win64; x64) AppleWebKit/537.36 (KHTML, like Gecko) Chrome/91.0.4472.124 Safari/537.36"
154.83.103.202 - - [15/Apr/2025:02:54:04 -0400] "GET /config/braintree.json HTTP/1.1" 404 13585 "-" "Mozilla/5.0 (Windows NT 10.0; Win64; x64) AppleWebKit/537.36 (KHTML, like Gecko) Chrome/91.0.4472.124 Safari/537.36"
154.83.103.202 - - [15/Apr/2025:02:54:06 -0400] "GET /config/braintree.php HTTP/1.1" 404 13585 "-" "Mozilla/5.0 (Windows NT 10.0; Win64; x64) AppleWebKit/537.36 (KHTML, like Gecko) Chrome/91.0.4472.124 Safari/537.36"
154.83.103.202 - - [15/Apr/2025:02:54:07 -0400] "GET /src/config/braintree.js HTTP/1.1" 404 13586 "-" "Mozilla/5.0 (Windows NT 10.0; Win64; x64) AppleWebKit/537.36 (KHTML, like Gecko) Chrome/91.0.4472.124 Safari/537.36"
154.83.103.202 - - [15/Apr/2025:02:54:08 -0400] "GET /src/config/braintree.ts HTTP/1.1" 404 13587 "-" "Mozilla/5.0 (Windows NT 10.0; Win64; x64) AppleWebKit/537.36 (KHTML, like Gecko) Chrome/91.0.4472.124 Safari/537.36"
