54.36.148.85 - - [16/Apr/2025:07:27:56 -0400] "GET /exploring-omnigenceam-a-new-frontier-in-knowledge/ HTTP/1.1" 200 17520 "-" "Mozilla/5.0 (compatible; AhrefsBot/7.0; +http://ahrefs.com/robot/)"
217.113.194.17 - - [16/Apr/2025:07:28:14 -0400] "GET /the-benefits-of-coworking-space/ HTTP/1.1" 200 17369 "-" "Mozilla/5.0 (compatible; Barkrowler/0.9; +https://babbar.tech/crawler)"
217.113.194.20 - - [16/Apr/2025:07:28:35 -0400] "GET /benefits-of-a-business-trip-massage/ HTTP/1.1" 200 17797 "-" "Mozilla/5.0 (compatible; Barkrowler/0.9; +https://babbar.tech/crawler)"
217.113.194.12 - - [16/Apr/2025:07:28:55 -0400] "GET /benefits-of-reserve-residences/ HTTP/1.1" 200 17999 "-" "Mozilla/5.0 (compatible; Barkrowler/0.9; +https://babbar.tech/crawler)"
217.113.194.13 - - [16/Apr/2025:07:29:15 -0400] "GET /panneau-acoustique-bois/feed/ HTTP/1.1" 200 385 "-" "Mozilla/5.0 (compatible; Barkrowler/0.9; +https://babbar.tech/crawler)"
198.54.114.83 - - [16/Apr/2025:07:29:17 -0400] "POST /wp-cron.php?doing_wp_cron=1744802955.7599940299987792968750 HTTP/1.1" 200 0 "-" "WordPress/6.8; https://shahmeenaindustry.com"
217.113.194.17 - - [16/Apr/2025:07:29:36 -0400] "GET /maid-services-in-indianapolis/ HTTP/1.1" 200 17531 "-" "Mozilla/5.0 (compatible; Barkrowler/0.9; +https://babbar.tech/crawler)"
217.113.194.20 - - [16/Apr/2025:07:29:56 -0400] "GET /lentor-hills-residences/ HTTP/1.1" 200 17661 "-" "Mozilla/5.0 (compatible; Barkrowler/0.9; +https://babbar.tech/crawler)"
217.113.194.14 - - [16/Apr/2025:07:30:19 -0400] "GET /lentor-hills-residences/feed/ HTTP/1.1" 200 387 "-" "Mozilla/5.0 (compatible; Barkrowler/0.9; +https://babbar.tech/crawler)"
217.113.194.19 - - [16/Apr/2025:07:30:45 -0400] "GET /buying-a-silver-menorah/ HTTP/1.1" 200 17493 "-" "Mozilla/5.0 (compatible; Barkrowler/0.9; +https://babbar.tech/crawler)"
217.113.194.19 - - [16/Apr/2025:07:31:09 -0400] "GET /cultivating-engagement-and-growth/ HTTP/1.1" 200 17797 "-" "Mozilla/5.0 (compatible; Barkrowler/0.9; +https://babbar.tech/crawler)"
217.113.194.12 - - [16/Apr/2025:07:31:32 -0400] "GET /umzuge-luneburg/feed/ HTTP/1.1" 200 384 "-" "Mozilla/5.0 (compatible; Barkrowler/0.9; +https://babbar.tech/crawler)"
54.36.148.24 - - [16/Apr/2025:07:31:37 -0400] "GET /professional-car-detailing-products/ HTTP/1.1" 200 18204 "-" "Mozilla/5.0 (compatible; AhrefsBot/7.0; +http://ahrefs.com/robot/)"
198.54.114.83 - - [16/Apr/2025:07:31:37 -0400] "POST /wp-cron.php?doing_wp_cron=1744803093.0669929981231689453125 HTTP/1.1" 200 0 "-" "WordPress/6.8; https://shahmeenaindustry.com"
217.113.194.21 - - [16/Apr/2025:07:31:55 -0400] "GET /buy-custom-comments-for-youtube/ HTTP/1.1" 200 18250 "-" "Mozilla/5.0 (compatible; Barkrowler/0.9; +https://babbar.tech/crawler)"
217.113.194.18 - - [16/Apr/2025:07:32:16 -0400] "GET /where-to-buy-cheap-game-keys/ HTTP/1.1" 200 17454 "-" "Mozilla/5.0 (compatible; Barkrowler/0.9; +https://babbar.tech/crawler)"
217.113.194.17 - - [16/Apr/2025:07:32:39 -0400] "GET /got-a-youtube-strategy/feed/ HTTP/1.1" 200 392 "-" "Mozilla/5.0 (compatible; Barkrowler/0.9; +https://babbar.tech/crawler)"
198.54.114.83 - - [16/Apr/2025:07:32:42 -0400] "POST /wp-cron.php?doing_wp_cron=1744803159.5252120494842529296875 HTTP/1.1" 200 0 "-" "WordPress/6.8; https://shahmeenaindustry.com"
2a03:2880:f800:9:: - - [16/Apr/2025:07:33:03 -0400] "GET /choosing-a-dentist-that-patients-will-love/feed/ HTTP/1.1" 200 413 "-" "meta-externalagent/1.1 (+https://developers.facebook.com/docs/sharing/webmasters/crawler)"
217.113.194.14 - - [16/Apr/2025:07:33:01 -0400] "GET /exploring-the-world-of-plushies/ HTTP/1.1" 200 17746 "-" "Mozilla/5.0 (compatible; Barkrowler/0.9; +https://babbar.tech/crawler)"
54.36.149.8 - - [16/Apr/2025:07:33:26 -0400] "GET /exploring-the-excitement-of-game-pluto/ HTTP/1.1" 200 17482 "-" "Mozilla/5.0 (compatible; AhrefsBot/7.0; +http://ahrefs.com/robot/)"
217.113.194.16 - - [16/Apr/2025:07:33:28 -0400] "GET /exploring-the-world-of-online-casino/ HTTP/1.1" 200 17312 "-" "Mozilla/5.0 (compatible; Barkrowler/0.9; +https://babbar.tech/crawler)"
198.54.114.83 - - [16/Apr/2025:07:33:52 -0400] "POST /wp-cron.php?doing_wp_cron=1744803231.4941530227661132812500 HTTP/1.1" 200 0 "-" "WordPress/6.8; https://shahmeenaindustry.com"
217.113.194.21 - - [16/Apr/2025:07:33:49 -0400] "GET /exploring-the-world-of-online-casinos/ HTTP/1.1" 200 17514 "-" "Mozilla/5.0 (compatible; Barkrowler/0.9; +https://babbar.tech/crawler)"
198.54.114.83 - - [16/Apr/2025:07:33:56 -0400] "POST /wp-admin/admin-ajax.php?action=async_litespeed&nonce=nJ2bd6j8OUS6XXIqedWGP7Vk3fR7S4Ex&litespeed_type=imgoptm HTTP/1.1" 200 0 "-" "WordPress/6.8; https://shahmeenaindustry.com"
217.113.194.16 - - [16/Apr/2025:07:34:16 -0400] "GET /rent-a-car-in-ohrid/feed/ HTTP/1.1" 200 389 "-" "Mozilla/5.0 (compatible; Barkrowler/0.9; +https://babbar.tech/crawler)"
43.132.221.181 - - [16/Apr/2025:07:34:22 -0400] "GET /how-to-convert-european-shoes-sizes-to-us/ HTTP/1.1" 200 17311 "-" "Python/3.10 aiohttp/3.10.5"
217.113.194.12 - - [16/Apr/2025:07:34:37 -0400] "GET /vine-leaves-wrapped/feed/ HTTP/1.1" 200 384 "-" "Mozilla/5.0 (compatible; Barkrowler/0.9; +https://babbar.tech/crawler)"
198.54.114.83 - - [16/Apr/2025:07:34:41 -0400] "POST /wp-cron.php?doing_wp_cron=1744803277.5530230998992919921875 HTTP/1.1" 200 0 "-" "WordPress/6.8; https://shahmeenaindustry.com"
217.113.194.12 - - [16/Apr/2025:07:34:59 -0400] "GET /victorian-wedding-bands/feed/ HTTP/1.1" 200 388 "-" "Mozilla/5.0 (compatible; Barkrowler/0.9; +https://babbar.tech/crawler)"
217.113.194.16 - - [16/Apr/2025:07:35:21 -0400] "GET /cheapest-smm-panel/feed/ HTTP/1.1" 200 380 "-" "Mozilla/5.0 (compatible; Barkrowler/0.9; +https://babbar.tech/crawler)"
54.36.149.24 - - [16/Apr/2025:07:35:22 -0400] "GET /choosing-the-right-windows-for-your-home/ HTTP/1.1" 200 18935 "-" "Mozilla/5.0 (compatible; AhrefsBot/7.0; +http://ahrefs.com/robot/)"
217.113.194.15 - - [16/Apr/2025:07:35:43 -0400] "GET /vapetape-12k-review/ HTTP/1.1" 200 17584 "-" "Mozilla/5.0 (compatible; Barkrowler/0.9; +https://babbar.tech/crawler)"
198.54.114.83 - - [16/Apr/2025:07:35:46 -0400] "POST /wp-cron.php?doing_wp_cron=1744803343.5633189678192138671875 HTTP/1.1" 200 0 "-" "WordPress/6.8; https://shahmeenaindustry.com"
217.113.194.21 - - [16/Apr/2025:07:36:05 -0400] "GET /cake-disposable-carts/feed/ HTTP/1.1" 200 384 "-" "Mozilla/5.0 (compatible; Barkrowler/0.9; +https://babbar.tech/crawler)"
217.113.194.17 - - [16/Apr/2025:07:36:27 -0400] "GET /a-path-to-natural-healing/ HTTP/1.1" 200 17397 "-" "Mozilla/5.0 (compatible; Barkrowler/0.9; +https://babbar.tech/crawler)"
120.231.182.49 - - [16/Apr/2025:07:36:30 -0400] "GET /pilou-pilou-homme/ HTTP/1.1" 200 17753 "-" "Mozilla/5.0 (Windows NT 10.0; WOW64) AppleWebKit/537.36 (KHTML, like Gecko) Chrome/114.0.0.0 YaBrowser/22.7.0 Yowser/2.5 Safari/537.36"
217.113.194.19 - - [16/Apr/2025:07:36:48 -0400] "GET /photoshop-image-masking-service/ HTTP/1.1" 200 17745 "-" "Mozilla/5.0 (compatible; Barkrowler/0.9; +https://babbar.tech/crawler)"
198.54.114.83 - - [16/Apr/2025:07:36:51 -0400] "POST /wp-cron.php?doing_wp_cron=1744803408.4642519950866699218750 HTTP/1.1" 200 0 "-" "WordPress/6.8; https://shahmeenaindustry.com"
217.113.194.21 - - [16/Apr/2025:07:37:10 -0400] "GET /residential-real-estate-investing/ HTTP/1.1" 200 18809 "-" "Mozilla/5.0 (compatible; Barkrowler/0.9; +https://babbar.tech/crawler)"
54.36.148.157 - - [16/Apr/2025:07:37:23 -0400] "GET /category/activity/page/12/ HTTP/1.1" 200 16424 "-" "Mozilla/5.0 (compatible; AhrefsBot/7.0; +http://ahrefs.com/robot/)"
217.113.194.12 - - [16/Apr/2025:07:37:28 -0400] "GET /top-5-cozy-sweaters-for-fall/ HTTP/1.1" 200 17733 "-" "Mozilla/5.0 (compatible; Barkrowler/0.9; +https://babbar.tech/crawler)"
2a03:2880:f800:1b:: - - [16/Apr/2025:07:37:41 -0400] "GET /?p=2380 HTTP/1.1" 301 0 "-" "meta-externalagent/1.1 (+https://developers.facebook.com/docs/sharing/webmasters/crawler)"
217.113.194.13 - - [16/Apr/2025:07:37:48 -0400] "GET /what-are-face-filters-ai/feed/ HTTP/1.1" 200 396 "-" "Mozilla/5.0 (compatible; Barkrowler/0.9; +https://babbar.tech/crawler)"
217.113.194.14 - - [16/Apr/2025:07:38:07 -0400] "GET /sights-and-attractions-of-madrid/ HTTP/1.1" 200 18733 "-" "Mozilla/5.0 (compatible; Barkrowler/0.9; +https://babbar.tech/crawler)"
198.54.114.83 - - [16/Apr/2025:07:38:12 -0400] "POST /wp-cron.php?doing_wp_cron=1744803487.9325160980224609375000 HTTP/1.1" 200 0 "-" "WordPress/6.8; https://shahmeenaindustry.com"
217.113.194.13 - - [16/Apr/2025:07:38:28 -0400] "GET /custom-grip-socks-with-logos/feed/ HTTP/1.1" 200 402 "-" "Mozilla/5.0 (compatible; Barkrowler/0.9; +https://babbar.tech/crawler)"
217.113.194.12 - - [16/Apr/2025:07:38:46 -0400] "GET /gitarrenunterricht-in-essen/ HTTP/1.1" 200 17751 "-" "Mozilla/5.0 (compatible; Barkrowler/0.9; +https://babbar.tech/crawler)"
217.113.194.21 - - [16/Apr/2025:07:39:09 -0400] "GET /loans-for-small-business-for-women/ HTTP/1.1" 200 17601 "-" "Mozilla/5.0 (compatible; Barkrowler/0.9; +https://babbar.tech/crawler)"
198.54.114.83 - - [16/Apr/2025:07:39:14 -0400] "POST /wp-cron.php?doing_wp_cron=1744803552.1271169185638427734375 HTTP/1.1" 200 0 "-" "WordPress/6.8; https://shahmeenaindustry.com"
54.36.148.74 - - [16/Apr/2025:07:39:11 -0400] "GET /how-to-buy-youtube-views/ HTTP/1.1" 200 18145 "-" "Mozilla/5.0 (compatible; AhrefsBot/7.0; +http://ahrefs.com/robot/)"
217.113.194.13 - - [16/Apr/2025:07:39:29 -0400] "GET /homes-for-sale-in-sonoma-ca/ HTTP/1.1" 200 17460 "-" "Mozilla/5.0 (compatible; Barkrowler/0.9; +https://babbar.tech/crawler)"
2a03:2880:f800:f:: - - [16/Apr/2025:07:39:43 -0400] "GET /?p=2894 HTTP/1.1" 301 0 "-" "meta-externalagent/1.1 (+https://developers.facebook.com/docs/sharing/webmasters/crawler)"
217.113.194.13 - - [16/Apr/2025:07:39:50 -0400] "GET /human-growth-hormone-in-canada/ HTTP/1.1" 200 18015 "-" "Mozilla/5.0 (compatible; Barkrowler/0.9; +https://babbar.tech/crawler)"
217.113.194.15 - - [16/Apr/2025:07:40:13 -0400] "GET /how-to-choose-the-best-massage-gun/feed/ HTTP/1.1" 200 407 "-" "Mozilla/5.0 (compatible; Barkrowler/0.9; +https://babbar.tech/crawler)"
198.54.114.83 - - [16/Apr/2025:07:40:16 -0400] "POST /wp-cron.php?doing_wp_cron=1744803613.7983460426330566406250 HTTP/1.1" 200 0 "-" "WordPress/6.8; https://shahmeenaindustry.com"
217.113.194.20 - - [16/Apr/2025:07:40:34 -0400] "GET /how-to-cut-a-pomegranate/ HTTP/1.1" 200 19181 "-" "Mozilla/5.0 (compatible; Barkrowler/0.9; +https://babbar.tech/crawler)"
2a03:2880:f800:7:: - - [16/Apr/2025:07:40:45 -0400] "GET /wp-json/wp/v2/posts/2398 HTTP/1.1" 200 10713 "-" "meta-externalagent/1.1 (+https://developers.facebook.com/docs/sharing/webmasters/crawler)"
217.113.194.19 - - [16/Apr/2025:07:40:53 -0400] "GET /how-to-cut-a-pomegranate/feed/ HTTP/1.1" 200 388 "-" "Mozilla/5.0 (compatible; Barkrowler/0.9; +https://babbar.tech/crawler)"
54.36.149.51 - - [16/Apr/2025:07:40:54 -0400] "GET /what-is-a-call-answering-service/feed/ HTTP/1.1" 304 0 "-" "Mozilla/5.0 (compatible; AhrefsBot/7.0; +http://ahrefs.com/robot/)"
119.28.204.247 - - [16/Apr/2025:07:40:56 -0400] "GET /bedside-touch-lamps/ HTTP/1.1" 200 17981 "-" "Python/3.10 aiohttp/3.10.5"
217.113.194.21 - - [16/Apr/2025:07:41:13 -0400] "GET /how-to-turn-grid-on-iphone-camera/ HTTP/1.1" 200 18561 "-" "Mozilla/5.0 (compatible; Barkrowler/0.9; +https://babbar.tech/crawler)"
198.54.114.83 - - [16/Apr/2025:07:41:15 -0400] "POST /wp-cron.php?doing_wp_cron=1744803673.9494149684906005859375 HTTP/1.1" 200 0 "-" "WordPress/6.8; https://shahmeenaindustry.com"
217.113.194.20 - - [16/Apr/2025:07:41:33 -0400] "GET /how-to-turn-iphone-camera-flash-on/ HTTP/1.1" 200 19378 "-" "Mozilla/5.0 (compatible; Barkrowler/0.9; +https://babbar.tech/crawler)"
217.113.194.15 - - [16/Apr/2025:07:41:54 -0400] "GET /how-to-screenshot-your-iphone-11/ HTTP/1.1" 200 19266 "-" "Mozilla/5.0 (compatible; Barkrowler/0.9; +https://babbar.tech/crawler)"
217.113.194.20 - - [16/Apr/2025:07:42:15 -0400] "GET /how-to-design-about-for-business-cards/ HTTP/1.1" 200 17465 "-" "Mozilla/5.0 (compatible; Barkrowler/0.9; +https://babbar.tech/crawler)"
198.54.114.83 - - [16/Apr/2025:07:42:20 -0400] "POST /wp-cron.php?doing_wp_cron=1744803736.0495409965515136718750 HTTP/1.1" 200 0 "-" "WordPress/6.8; https://shahmeenaindustry.com"
217.113.194.16 - - [16/Apr/2025:07:42:37 -0400] "GET /how-to-create-diamond-painting-pictures/ HTTP/1.1" 200 18015 "-" "Mozilla/5.0 (compatible; Barkrowler/0.9; +https://babbar.tech/crawler)"
54.36.148.74 - - [16/Apr/2025:07:42:42 -0400] "GET /how-to-select-a-disaster-recovery-service/ HTTP/1.1" 200 18070 "-" "Mozilla/5.0 (compatible; AhrefsBot/7.0; +http://ahrefs.com/robot/)"
217.113.194.18 - - [16/Apr/2025:07:42:56 -0400] "GET /how-to-find-the-best-sport-betting-sites/ HTTP/1.1" 200 17623 "-" "Mozilla/5.0 (compatible; Barkrowler/0.9; +https://babbar.tech/crawler)"
217.113.194.13 - - [16/Apr/2025:07:43:14 -0400] "GET /how-to-get-started-in-diamond-painting/ HTTP/1.1" 200 18189 "-" "Mozilla/5.0 (compatible; Barkrowler/0.9; +https://babbar.tech/crawler)"
217.113.194.21 - - [16/Apr/2025:07:43:34 -0400] "GET /get-iphone-screen-to-rotate/feed/ HTTP/1.1" 200 412 "-" "Mozilla/5.0 (compatible; Barkrowler/0.9; +https://babbar.tech/crawler)"
198.54.114.83 - - [16/Apr/2025:07:43:53 -0400] "POST /wp-cron.php?doing_wp_cron=1744803831.8632440567016601562500 HTTP/1.1" 200 0 "-" "WordPress/6.8; https://shahmeenaindustry.com"
217.113.194.12 - - [16/Apr/2025:07:43:51 -0400] "GET /designer-diaper-bags/feed/ HTTP/1.1" 200 386 "-" "Mozilla/5.0 (compatible; Barkrowler/0.9; +https://babbar.tech/crawler)"
2a03:2880:f800:b:: - - [16/Apr/2025:07:43:59 -0400] "GET /wp-content/uploads/2023/02/meticulousdetailing.mp4?_=1 HTTP/1.1" 200 17310508 "-" "meta-externalagent/1.1 (+https://developers.facebook.com/docs/sharing/webmasters/crawler)"
217.113.194.12 - - [16/Apr/2025:07:44:13 -0400] "GET /relais-sul-lago-di-garda/ HTTP/1.1" 200 17836 "-" "Mozilla/5.0 (compatible; Barkrowler/0.9; +https://babbar.tech/crawler)"
54.36.148.98 - - [16/Apr/2025:07:44:23 -0400] "GET /lab-diamond-engagement-rings-illuminate-torontos-love-stories/feed/ HTTP/1.1" 200 440 "-" "Mozilla/5.0 (compatible; AhrefsBot/7.0; +http://ahrefs.com/robot/)"
154.54.249.194 - - [16/Apr/2025:07:44:34 -0400] "GET /rechtsanwalt-hattingen/feed/ HTTP/1.1" 200 379 "-" "Mozilla/5.0 (compatible; Barkrowler/0.9; +https://babbar.tech/crawler)"
217.113.194.20 - - [16/Apr/2025:07:44:55 -0400] "GET /the-modern-kitchen-cabinet-revolution/ HTTP/1.1" 200 17453 "-" "Mozilla/5.0 (compatible; Barkrowler/0.9; +https://babbar.tech/crawler)"
198.54.114.83 - - [16/Apr/2025:07:44:58 -0400] "POST /wp-cron.php?doing_wp_cron=1744803895.8907830715179443359375 HTTP/1.1" 200 0 "-" "WordPress/6.8; https://shahmeenaindustry.com"
217.113.194.15 - - [16/Apr/2025:07:45:18 -0400] "GET /choosing-the-right-cleaning-products/ HTTP/1.1" 200 17414 "-" "Mozilla/5.0 (compatible; Barkrowler/0.9; +https://babbar.tech/crawler)"
217.113.194.15 - - [16/Apr/2025:07:45:39 -0400] "GET /online-dating-photographer-near-me/ HTTP/1.1" 200 18370 "-" "Mozilla/5.0 (compatible; Barkrowler/0.9; +https://babbar.tech/crawler)"
217.113.194.17 - - [16/Apr/2025:07:46:02 -0400] "GET /how-rv-refrigerators-work/feed/ HTTP/1.1" 200 391 "-" "Mozilla/5.0 (compatible; Barkrowler/0.9; +https://babbar.tech/crawler)"
198.54.114.83 - - [16/Apr/2025:07:46:05 -0400] "POST /wp-cron.php?doing_wp_cron=1744803963.2440199851989746093750 HTTP/1.1" 200 0 "-" "WordPress/6.8; https://shahmeenaindustry.com"
54.36.148.6 - - [16/Apr/2025:07:46:15 -0400] "GET /how-to-build-a-health-fitness-app-with-the-most-unique-advanced-technology/feed/ HTTP/1.1" 200 457 "-" "Mozilla/5.0 (compatible; AhrefsBot/7.0; +http://ahrefs.com/robot/)"
217.113.194.15 - - [16/Apr/2025:07:46:23 -0400] "GET /pick-up-lines-for-flirting/ HTTP/1.1" 200 17374 "-" "Mozilla/5.0 (compatible; Barkrowler/0.9; +https://babbar.tech/crawler)"
217.113.194.13 - - [16/Apr/2025:07:46:43 -0400] "GET /iphone-lock-screen-notifications/feed/ HTTP/1.1" 200 393 "-" "Mozilla/5.0 (compatible; Barkrowler/0.9; +https://babbar.tech/crawler)"
119.28.225.114 - - [16/Apr/2025:07:46:55 -0400] "GET /wholesale-angel-figurines/ HTTP/1.1" 200 18967 "-" "Python/3.10 aiohttp/3.10.5"
217.113.194.14 - - [16/Apr/2025:07:47:03 -0400] "GET /pilou-pilou-homme-2/feed/ HTTP/1.1" 200 380 "-" "Mozilla/5.0 (compatible; Barkrowler/0.9; +https://babbar.tech/crawler)"
217.113.194.12 - - [16/Apr/2025:07:47:22 -0400] "GET /creating-socks-with-logo/ HTTP/1.1" 200 17286 "-" "Mozilla/5.0 (compatible; Barkrowler/0.9; +https://babbar.tech/crawler)"
198.54.114.83 - - [16/Apr/2025:07:47:41 -0400] "POST /wp-cron.php?doing_wp_cron=1744804060.5965158939361572265625 HTTP/1.1" 200 0 "-" "WordPress/6.8; https://shahmeenaindustry.com"
217.113.194.20 - - [16/Apr/2025:07:47:40 -0400] "GET /the-myst-cdl-developer/feed/ HTTP/1.1" 200 385 "-" "Mozilla/5.0 (compatible; Barkrowler/0.9; +https://babbar.tech/crawler)"
198.54.114.83 - - [16/Apr/2025:07:47:43 -0400] "POST /wp-admin/admin-ajax.php?action=async_litespeed&nonce=772RpFEpBcF1koKn8visKP9VdrjsvJJq&litespeed_type=imgoptm HTTP/1.1" 200 0 "-" "WordPress/6.8; https://shahmeenaindustry.com"
217.113.194.17 - - [16/Apr/2025:07:48:01 -0400] "GET /the-evolution-of-entertainment/feed/ HTTP/1.1" 200 387 "-" "Mozilla/5.0 (compatible; Barkrowler/0.9; +https://babbar.tech/crawler)"
54.36.148.183 - - [16/Apr/2025:07:48:02 -0400] "GET /pick-up-lines-for-flirting/feed/ HTTP/1.1" 200 394 "-" "Mozilla/5.0 (compatible; AhrefsBot/7.0; +http://ahrefs.com/robot/)"
217.113.194.15 - - [16/Apr/2025:07:48:21 -0400] "GET /the-arden-in-warwickshire/feed/ HTTP/1.1" 200 392 "-" "Mozilla/5.0 (compatible; Barkrowler/0.9; +https://babbar.tech/crawler)"
217.113.194.12 - - [16/Apr/2025:07:48:40 -0400] "GET /the-rise-of-online-gambling-platforms/ HTTP/1.1" 200 17341 "-" "Mozilla/5.0 (compatible; Barkrowler/0.9; +https://babbar.tech/crawler)"
198.54.114.83 - - [16/Apr/2025:07:49:01 -0400] "POST /wp-cron.php?doing_wp_cron=1744804139.6165740489959716796875 HTTP/1.1" 200 0 "-" "WordPress/6.8; https://shahmeenaindustry.com"
217.113.194.16 - - [16/Apr/2025:07:48:59 -0400] "GET /why-choose-a-retail-marketing-agency/ HTTP/1.1" 200 17312 "-" "Mozilla/5.0 (compatible; Barkrowler/0.9; +https://babbar.tech/crawler)"
217.113.194.19 - - [16/Apr/2025:07:49:20 -0400] "GET /what-is-a-crypto-mixer/feed/ HTTP/1.1" 200 392 "-" "Mozilla/5.0 (compatible; Barkrowler/0.9; +https://babbar.tech/crawler)"
217.113.194.21 - - [16/Apr/2025:07:49:41 -0400] "GET /buy-youtube-views-non-drop/ HTTP/1.1" 200 17623 "-" "Mozilla/5.0 (compatible; Barkrowler/0.9; +https://babbar.tech/crawler)"
217.113.194.17 - - [16/Apr/2025:07:50:04 -0400] "GET /buy-watch-time-hours-youtube/feed/ HTTP/1.1" 200 401 "-" "Mozilla/5.0 (compatible; Barkrowler/0.9; +https://babbar.tech/crawler)"
107.175.149.167 - - [16/Apr/2025:07:50:23 -0400] "GET /cheapest-smm-panel/ HTTP/1.1" 200 18047 "-" "Mozilla/5.0 (Windows NT 10.0; WOW64) AppleWebKit/537.36 (KHTML, like Gecko) Chrome/114.0.0.0 YaBrowser/22.7.0 Yowser/2.5 Safari/537.36"
217.113.194.20 - - [16/Apr/2025:07:50:23 -0400] "GET /star-wars-authorities-and-fans/ HTTP/1.1" 200 18596 "-" "Mozilla/5.0 (compatible; Barkrowler/0.9; +https://babbar.tech/crawler)"
198.54.114.83 - - [16/Apr/2025:07:50:26 -0400] "POST /wp-cron.php?doing_wp_cron=1744804224.2362160682678222656250 HTTP/1.1" 200 0 "-" "WordPress/6.8; https://shahmeenaindustry.com"
124.156.158.34 - - [16/Apr/2025:07:50:41 -0400] "GET /socket-head-bolt/ HTTP/1.1" 200 17475 "-" "Python/3.10 aiohttp/3.10.5"
217.113.194.15 - - [16/Apr/2025:07:50:44 -0400] "GET /quest-ce-quune-agence-web/feed/ HTTP/1.1" 200 407 "-" "Mozilla/5.0 (compatible; Barkrowler/0.9; +https://babbar.tech/crawler)"
217.113.194.19 - - [16/Apr/2025:07:51:04 -0400] "GET /luxurious-design-and-comfort/ HTTP/1.1" 200 17464 "-" "Mozilla/5.0 (compatible; Barkrowler/0.9; +https://babbar.tech/crawler)"
54.36.149.65 - - [16/Apr/2025:07:51:17 -0400] "GET /skiff-rental-how-to-be-a-successful-skiff-rental-business/ HTTP/1.1" 200 17419 "-" "Mozilla/5.0 (compatible; AhrefsBot/7.0; +http://ahrefs.com/robot/)"
217.113.194.17 - - [16/Apr/2025:07:51:25 -0400] "GET /fda-cosmetic-registration-process/ HTTP/1.1" 200 17605 "-" "Mozilla/5.0 (compatible; Barkrowler/0.9; +https://babbar.tech/crawler)"
198.54.114.83 - - [16/Apr/2025:07:51:47 -0400] "POST /wp-cron.php?doing_wp_cron=1744804306.1847290992736816406250 HTTP/1.1" 200 0 "-" "WordPress/6.8; https://shahmeenaindustry.com"
217.113.194.12 - - [16/Apr/2025:07:51:45 -0400] "GET /the-best-cbd-uk-brands/ HTTP/1.1" 200 18441 "-" "Mozilla/5.0 (compatible; Barkrowler/0.9; +https://babbar.tech/crawler)"
217.113.194.20 - - [16/Apr/2025:07:52:06 -0400] "GET /the-benefits-of-dog-bandanas/ HTTP/1.1" 200 17465 "-" "Mozilla/5.0 (compatible; Barkrowler/0.9; +https://babbar.tech/crawler)"
217.113.194.13 - - [16/Apr/2025:07:52:27 -0400] "GET /the-benefits-of-pesach-programs/ HTTP/1.1" 200 17444 "-" "Mozilla/5.0 (compatible; Barkrowler/0.9; +https://babbar.tech/crawler)"
217.113.194.20 - - [16/Apr/2025:07:53:04 -0400] "GET /mushroom-cultivation-supplies/ HTTP/1.1" 200 17622 "-" "Mozilla/5.0 (compatible; Barkrowler/0.9; +https://babbar.tech/crawler)"
198.54.114.83 - - [16/Apr/2025:07:53:08 -0400] "POST /wp-cron.php?doing_wp_cron=1744804385.6859879493713378906250 HTTP/1.1" 200 0 "-" "WordPress/6.8; https://shahmeenaindustry.com"
2a03:2880:f800:1a:: - - [16/Apr/2025:07:53:14 -0400] "GET /?p=2497 HTTP/1.1" 301 0 "-" "meta-externalagent/1.1 (+https://developers.facebook.com/docs/sharing/webmasters/crawler)"
217.113.194.18 - - [16/Apr/2025:07:53:26 -0400] "GET /blumen-und-ihre-schonheit/feed/ HTTP/1.1" 200 397 "-" "Mozilla/5.0 (compatible; Barkrowler/0.9; +https://babbar.tech/crawler)"
217.113.194.16 - - [16/Apr/2025:07:53:46 -0400] "GET /blumen-und-ihre-schonheit/ HTTP/1.1" 200 18613 "-" "Mozilla/5.0 (compatible; Barkrowler/0.9; +https://babbar.tech/crawler)"
2a03:2880:f800:a:: - - [16/Apr/2025:07:54:06 -0400] "GET /unveiling-the-splendor-terrahill-showflat/feed/ HTTP/1.1" 200 409 "-" "meta-externalagent/1.1 (+https://developers.facebook.com/docs/sharing/webmasters/crawler)"
217.113.194.21 - - [16/Apr/2025:07:54:06 -0400] "GET /revolutionizing-casino-dynamics/feed/ HTTP/1.1" 200 391 "-" "Mozilla/5.0 (compatible; Barkrowler/0.9; +https://babbar.tech/crawler)"
198.54.114.83 - - [16/Apr/2025:07:54:12 -0400] "POST /wp-cron.php?doing_wp_cron=1744804447.1798429489135742187500 HTTP/1.1" 200 0 "-" "WordPress/6.8; https://shahmeenaindustry.com"
54.36.149.19 - - [16/Apr/2025:07:54:26 -0400] "GET /what-is-a-martial-art/feed/ HTTP/1.1" 200 392 "-" "Mozilla/5.0 (compatible; AhrefsBot/7.0; +http://ahrefs.com/robot/)"
154.54.249.194 - - [16/Apr/2025:07:54:30 -0400] "GET /benefits-of-a-flexible-led-screen/ HTTP/1.1" 200 18000 "-" "Mozilla/5.0 (compatible; Barkrowler/0.9; +https://babbar.tech/crawler)"
217.113.194.20 - - [16/Apr/2025:07:54:50 -0400] "GET /benefits-of-a-business-trip-massage/feed/ HTTP/1.1" 200 421 "-" "Mozilla/5.0 (compatible; Barkrowler/0.9; +https://babbar.tech/crawler)"
154.54.249.194 - - [16/Apr/2025:07:55:15 -0400] "GET /understanding-electronic-warrants/ HTTP/1.1" 200 17753 "-" "Mozilla/5.0 (compatible; Barkrowler/0.9; +https://babbar.tech/crawler)"
2a03:2880:f800:2:: - - [16/Apr/2025:07:55:17 -0400] "GET /?p=16 HTTP/1.1" 301 0 "-" "meta-externalagent/1.1 (+https://developers.facebook.com/docs/sharing/webmasters/crawler)"
198.54.114.83 - - [16/Apr/2025:07:55:22 -0400] "POST /wp-cron.php?doing_wp_cron=1744804518.4271590709686279296875 HTTP/1.1" 200 0 "-" "WordPress/6.8; https://shahmeenaindustry.com"
217.113.194.12 - - [16/Apr/2025:07:55:34 -0400] "GET /buying-a-silver-menorah/feed/ HTTP/1.1" 200 391 "-" "Mozilla/5.0 (compatible; Barkrowler/0.9; +https://babbar.tech/crawler)"
217.113.194.12 - - [16/Apr/2025:07:55:56 -0400] "GET /mastering-german-in-the-heart-of-london/ HTTP/1.1" 200 17752 "-" "Mozilla/5.0 (compatible; Barkrowler/0.9; +https://babbar.tech/crawler)"
54.36.148.46 - - [16/Apr/2025:07:56:07 -0400] "GET /hidden-tvs-creative-ways-to-hide-your-tv/feed/ HTTP/1.1" 304 0 "-" "Mozilla/5.0 (compatible; AhrefsBot/7.0; +http://ahrefs.com/robot/)"
43.166.129.247 - - [16/Apr/2025:07:56:07 -0400] "GET /credence-cuisine-adhesive-une-solution-pratique-et-esthetique/ HTTP/1.1" 200 17688 "-" "Mozilla/5.0 (iPhone; CPU iPhone OS 13_2_3 like Mac OS X) AppleWebKit/605.1.15 (KHTML, like Gecko) Version/13.0.3 Mobile/15E148 Safari/604.1"
217.113.194.14 - - [16/Apr/2025:07:56:18 -0400] "GET /syndrome-de-legius/feed/ HTTP/1.1" 200 387 "-" "Mozilla/5.0 (compatible; Barkrowler/0.9; +https://babbar.tech/crawler)"
217.113.194.20 - - [16/Apr/2025:07:56:40 -0400] "GET /commercial-locksmith-services-2/ HTTP/1.1" 200 17397 "-" "Mozilla/5.0 (compatible; Barkrowler/0.9; +https://babbar.tech/crawler)"
198.54.114.83 - - [16/Apr/2025:07:56:43 -0400] "POST /wp-cron.php?doing_wp_cron=1744804600.8084590435028076171875 HTTP/1.1" 200 0 "-" "WordPress/6.8; https://shahmeenaindustry.com"
217.113.194.19 - - [16/Apr/2025:07:57:02 -0400] "GET /umzugsunternehmen-in-hamburg/feed/ HTTP/1.1" 200 389 "-" "Mozilla/5.0 (compatible; Barkrowler/0.9; +https://babbar.tech/crawler)"
217.113.194.16 - - [16/Apr/2025:07:57:24 -0400] "GET /umzugsunternehmen-in-hamburg/ HTTP/1.1" 200 17895 "-" "Mozilla/5.0 (compatible; Barkrowler/0.9; +https://babbar.tech/crawler)"
54.36.148.69 - - [16/Apr/2025:07:57:33 -0400] "GET /sights-and-attractions-of-madrid/feed/ HTTP/1.1" 304 0 "-" "Mozilla/5.0 (compatible; AhrefsBot/7.0; +http://ahrefs.com/robot/)"
217.113.194.18 - - [16/Apr/2025:07:57:44 -0400] "GET /the-importance-of-waste-management/ HTTP/1.1" 200 17991 "-" "Mozilla/5.0 (compatible; Barkrowler/0.9; +https://babbar.tech/crawler)"
198.54.114.83 - - [16/Apr/2025:07:57:48 -0400] "POST /wp-cron.php?doing_wp_cron=1744804665.4253818988800048828125 HTTP/1.1" 200 0 "-" "WordPress/6.8; https://shahmeenaindustry.com"
2a03:2880:f800:3:: - - [16/Apr/2025:07:57:49 -0400] "GET /step-by-step-instructions-to-securely-play-gambling-clubs-on-the-web/ HTTP/1.1" 200 18581 "-" "meta-externalagent/1.1 (+https://developers.facebook.com/docs/sharing/webmasters/crawler)"
217.113.194.18 - - [16/Apr/2025:07:58:05 -0400] "GET /customized-socks-with-logo/feed/ HTTP/1.1" 200 394 "-" "Mozilla/5.0 (compatible; Barkrowler/0.9; +https://babbar.tech/crawler)"
154.54.249.194 - - [16/Apr/2025:07:58:25 -0400] "GET /installers-of-windows-in-south-wales/ HTTP/1.1" 200 18434 "-" "Mozilla/5.0 (compatible; Barkrowler/0.9; +https://babbar.tech/crawler)"
217.113.194.21 - - [16/Apr/2025:07:58:48 -0400] "GET /ppr-pipe-manufacturers/feed/ HTTP/1.1" 200 384 "-" "Mozilla/5.0 (compatible; Barkrowler/0.9; +https://babbar.tech/crawler)"
198.54.114.83 - - [16/Apr/2025:07:58:51 -0400] "POST /wp-cron.php?doing_wp_cron=1744804728.9287869930267333984375 HTTP/1.1" 200 0 "-" "WordPress/6.8; https://shahmeenaindustry.com"
54.36.148.150 - - [16/Apr/2025:07:59:08 -0400] "GET /quest-ce-que-lastrologie/feed/ HTTP/1.1" 304 0 "-" "Mozilla/5.0 (compatible; AhrefsBot/7.0; +http://ahrefs.com/robot/)"
217.113.194.14 - - [16/Apr/2025:07:59:09 -0400] "GET /where-to-buy-cheap-game-keys/feed/ HTTP/1.1" 200 402 "-" "Mozilla/5.0 (compatible; Barkrowler/0.9; +https://babbar.tech/crawler)"
89.175.12.245 - - [16/Apr/2025:07:59:25 -0400] "GET /cbd-shop-uk-review/ HTTP/1.1" 200 19420 "https://shahmeenaindustry.com/cbd-shop-uk-review/" "Mozilla/5.0 (Windows NT 10.0; Win64; x64) AppleWebKit/537.36 (KHTML, like Gecko) Chrome/131.0.0.0 Safari/537.36 Avast/131.0.0.0"
89.175.12.245 - - [16/Apr/2025:07:59:29 -0400] "GET /category/sign-up/ HTTP/1.1" 200 14832 "https://shahmeenaindustry.com/category/sign-up/" "Mozilla/5.0 (Windows NT 10.0; Win64; x64) AppleWebKit/537.36 (KHTML, like Gecko) Chrome/131.0.0.0 Safari/537.36 Avast/131.0.0.0"
217.113.194.16 - - [16/Apr/2025:07:59:30 -0400] "GET /what-qualifies-as-dental-emergencies/ HTTP/1.1" 200 18683 "-" "Mozilla/5.0 (compatible; Barkrowler/0.9; +https://babbar.tech/crawler)"
198.54.114.83 - - [16/Apr/2025:07:59:51 -0400] "POST /wp-cron.php?doing_wp_cron=1744804789.3198618888854980468750 HTTP/1.1" 200 0 "-" "WordPress/6.8; https://shahmeenaindustry.com"
98.83.178.66 - - [16/Apr/2025:07:59:49 -0400] "GET /page/55/ HTTP/1.1" 200 16391 "-" "Mozilla/5.0 AppleWebKit/537.36 (KHTML, like Gecko; compatible; Amazonbot/0.1; +https://developer.amazon.com/support/amazonbot) Chrome/119.0.6045.214 Safari/537.36"
217.113.194.12 - - [16/Apr/2025:07:59:52 -0400] "GET /wholesale-angel-figurines/feed/ HTTP/1.1" 200 391 "-" "Mozilla/5.0 (compatible; Barkrowler/0.9; +https://babbar.tech/crawler)"
217.113.194.21 - - [16/Apr/2025:08:00:16 -0400] "GET /relaxation-for-busy-professionals/ HTTP/1.1" 200 17912 "-" "Mozilla/5.0 (compatible; Barkrowler/0.9; +https://babbar.tech/crawler)"
54.36.148.26 - - [16/Apr/2025:08:00:31 -0400] "GET /how-to-create-youtube-videos-that-boost-affiliate-sales/ HTTP/1.1" 200 18719 "-" "Mozilla/5.0 (compatible; AhrefsBot/7.0; +http://ahrefs.com/robot/)"
217.113.194.15 - - [16/Apr/2025:08:00:42 -0400] "GET /exploring-the-dry-shampoo-sofa/ HTTP/1.1" 200 17790 "-" "Mozilla/5.0 (compatible; Barkrowler/0.9; +https://babbar.tech/crawler)"
198.54.114.83 - - [16/Apr/2025:08:01:07 -0400] "POST /wp-cron.php?doing_wp_cron=1744804865.0840671062469482421875 HTTP/1.1" 200 0 "-" "WordPress/6.8; https://shahmeenaindustry.com"
217.113.194.12 - - [16/Apr/2025:08:01:04 -0400] "GET /exploring-the-thrills-of-online-casinos/ HTTP/1.1" 200 17532 "-" "Mozilla/5.0 (compatible; Barkrowler/0.9; +https://babbar.tech/crawler)"
2a03:2880:f800:a:: - - [16/Apr/2025:08:01:25 -0400] "GET /?p=2491 HTTP/1.1" 301 0 "-" "meta-externalagent/1.1 (+https://developers.facebook.com/docs/sharing/webmasters/crawler)"
217.113.194.21 - - [16/Apr/2025:08:01:26 -0400] "GET /exploring-the-world-of-online-casinos/feed/ HTTP/1.1" 200 405 "-" "Mozilla/5.0 (compatible; Barkrowler/0.9; +https://babbar.tech/crawler)"
217.113.194.20 - - [16/Apr/2025:08:01:47 -0400] "GET /the-power-of-large-model-training/ HTTP/1.1" 200 17539 "-" "Mozilla/5.0 (compatible; Barkrowler/0.9; +https://babbar.tech/crawler)"
54.36.148.208 - - [16/Apr/2025:08:02:05 -0400] "GET /is-tretinoin-right-for-you/feed/ HTTP/1.1" 304 0 "-" "Mozilla/5.0 (compatible; AhrefsBot/7.0; +http://ahrefs.com/robot/)"
198.54.114.83 - - [16/Apr/2025:08:02:11 -0400] "POST /wp-cron.php?doing_wp_cron=1744804926.3293159008026123046875 HTTP/1.1" 200 0 "-" "WordPress/6.8; https://shahmeenaindustry.com"
217.113.194.13 - - [16/Apr/2025:08:02:08 -0400] "GET /the-power-of-personal-life-coaching/ HTTP/1.1" 200 17236 "-" "Mozilla/5.0 (compatible; Barkrowler/0.9; +https://babbar.tech/crawler)"
154.54.249.194 - - [16/Apr/2025:08:02:33 -0400] "GET /the-power-of-3cx-pbx/ HTTP/1.1" 200 17777 "-" "Mozilla/5.0 (compatible; Barkrowler/0.9; +https://babbar.tech/crawler)"
217.113.194.16 - - [16/Apr/2025:08:02:53 -0400] "GET /comment-choisir-un-dentiste-geneve/ HTTP/1.1" 200 17851 "-" "Mozilla/5.0 (compatible; Barkrowler/0.9; +https://babbar.tech/crawler)"
198.54.114.83 - - [16/Apr/2025:08:03:15 -0400] "POST /wp-cron.php?doing_wp_cron=1744804993.4759719371795654296875 HTTP/1.1" 200 0 "-" "WordPress/6.8; https://shahmeenaindustry.com"
154.54.249.194 - - [16/Apr/2025:08:03:13 -0400] "GET /so-werden-sie-steuerberater/feed/ HTTP/1.1" 200 387 "-" "Mozilla/5.0 (compatible; Barkrowler/0.9; +https://babbar.tech/crawler)"
27.42.99.212 - - [16/Apr/2025:08:03:23 -0400] "GET /pilou-pilou-homme/ HTTP/1.1" 200 17753 "https://shahmeenaindustry.com" "Mozilla/5.0 (Windows NT 10.0; Win64; x64) AppleWebKit/537.36 (KHTML, like Gecko) Chrome/62.0.3202.94 Safari/537.36"
27.42.99.212 - - [16/Apr/2025:08:03:27 -0400] "POST /wp-comments-post.php HTTP/1.1" 302 0 "https://shahmeenaindustry.com" "Mozilla/5.0 (Windows NT 10.0; Win64; x64) AppleWebKit/537.36 (KHTML, like Gecko) Chrome/62.0.3202.94 Safari/537.36"
54.36.148.72 - - [16/Apr/2025:08:03:35 -0400] "GET /category/sign-up/ HTTP/1.1" 200 14832 "-" "Mozilla/5.0 (compatible; AhrefsBot/7.0; +http://ahrefs.com/robot/)"
217.113.194.15 - - [16/Apr/2025:08:03:35 -0400] "GET /residential-real-estate-investing/feed/ HTTP/1.1" 200 396 "-" "Mozilla/5.0 (compatible; Barkrowler/0.9; +https://babbar.tech/crawler)"
27.42.99.212 - - [16/Apr/2025:08:03:34 -0400] "GET /pilou-pilou-homme/ HTTP/1.1" 200 18539 "https://shahmeenaindustry.com" "Mozilla/4.0 (compatible; MSIE 6.0; Windows NT 5.1; en) Opera 8.50"
43.165.67.57 - - [16/Apr/2025:08:03:45 -0400] "GET /feed/ HTTP/1.1" 200 203825 "-" "Mozilla/5.0 (iPhone; CPU iPhone OS 13_2_3 like Mac OS X) AppleWebKit/605.1.15 (KHTML, like Gecko) Version/13.0.3 Mobile/15E148 Safari/604.1"
154.54.249.194 - - [16/Apr/2025:08:03:55 -0400] "GET /guardians-of-the-multiverse/feed/ HTTP/1.1" 200 389 "-" "Mozilla/5.0 (compatible; Barkrowler/0.9; +https://babbar.tech/crawler)"
2a03:2880:f800:3:: - - [16/Apr/2025:08:04:06 -0400] "GET /trasportare-il-futuro-baby-carriers-con-uova/feed/ HTTP/1.1" 200 416 "-" "meta-externalagent/1.1 (+https://developers.facebook.com/docs/sharing/webmasters/crawler)"
198.54.114.83 - - [16/Apr/2025:08:04:17 -0400] "POST /wp-cron.php?doing_wp_cron=1744805055.8800001144409179687500 HTTP/1.1" 200 0 "-" "WordPress/6.8; https://shahmeenaindustry.com"
217.113.194.21 - - [16/Apr/2025:08:04:15 -0400] "GET /top-5-kratom-for-sale-online/ HTTP/1.1" 200 19163 "-" "Mozilla/5.0 (compatible; Barkrowler/0.9; +https://babbar.tech/crawler)"
217.113.194.14 - - [16/Apr/2025:08:04:39 -0400] "GET /top-5-employee-communication-apps/feed/ HTTP/1.1" 200 394 "-" "Mozilla/5.0 (compatible; Barkrowler/0.9; +https://babbar.tech/crawler)"
2a03:2880:f800:10:: - - [16/Apr/2025:08:04:47 -0400] "GET /?p=2927 HTTP/1.1" 301 0 "-" "meta-externalagent/1.1 (+https://developers.facebook.com/docs/sharing/webmasters/crawler)"
54.36.149.46 - - [16/Apr/2025:08:04:58 -0400] "GET /finding-a-curly-hair-specialist/feed/ HTTP/1.1" 304 0 "-" "Mozilla/5.0 (compatible; AhrefsBot/7.0; +http://ahrefs.com/robot/)"
217.113.194.13 - - [16/Apr/2025:08:05:01 -0400] "GET /what-are-the-components-of-a-cbd/ HTTP/1.1" 200 18133 "-" "Mozilla/5.0 (compatible; Barkrowler/0.9; +https://babbar.tech/crawler)"
91.84.113.162 - - [16/Apr/2025:08:05:14 -0400] "GET /cbd-shop-uk-review/ HTTP/1.1" 200 19420 "https://shahmeenaindustry.com/cbd-shop-uk-review/#comment-30578" "Mozilla/5.0 (Windows NT 10.0; Win64; x64) AppleWebKit/537.36 (KHTML, like Gecko) Chrome/103.0.5060.53 Safari/537.36"
198.54.114.83 - - [16/Apr/2025:08:05:18 -0400] "POST /wp-cron.php?doing_wp_cron=1744805117.4433050155639648437500 HTTP/1.1" 200 0 "-" "WordPress/6.8; https://shahmeenaindustry.com"
91.84.113.162 - - [16/Apr/2025:08:05:16 -0400] "POST /wp-comments-post.php HTTP/1.1" 302 0 "https://shahmeenaindustry.com/cbd-shop-uk-review/#comment-30578" "Mozilla/5.0 (Windows NT 10.0; Win64; x64) AppleWebKit/537.36 (KHTML, like Gecko) Chrome/103.0.5060.53 Safari/537.36"
154.54.249.194 - - [16/Apr/2025:08:05:22 -0400] "GET /fenbendazol-powder/feed/ HTTP/1.1" 200 377 "-" "Mozilla/5.0 (compatible; Barkrowler/0.9; +https://babbar.tech/crawler)"
91.84.113.162 - - [16/Apr/2025:08:05:21 -0400] "GET /cbd-shop-uk-review/ HTTP/1.1" 200 20095 "https://shahmeenaindustry.com/cbd-shop-uk-review/#comment-30842" "Mozilla/5.0 (Windows NT 10.0; Win64; x64) AppleWebKit/537.36 (KHTML, like Gecko) Chrome/103.0.5060.53 Safari/537.36"
217.113.194.21 - - [16/Apr/2025:08:05:44 -0400] "GET /sights-and-attractions-of-madrid/feed/ HTTP/1.1" 200 399 "-" "Mozilla/5.0 (compatible; Barkrowler/0.9; +https://babbar.tech/crawler)"
217.113.194.17 - - [16/Apr/2025:08:06:04 -0400] "GET /extractions-de-dents-de-sagesse/ HTTP/1.1" 200 17764 "-" "Mozilla/5.0 (compatible; Barkrowler/0.9; +https://babbar.tech/crawler)"
2a03:2880:f800:e:: - - [16/Apr/2025:08:06:10 -0400] "GET /?p=2879 HTTP/1.1" 301 0 "-" "meta-externalagent/1.1 (+https://developers.facebook.com/docs/sharing/webmasters/crawler)"
217.113.194.13 - - [16/Apr/2025:08:06:23 -0400] "GET /ford-bronco-hard-tire-cover/ HTTP/1.1" 200 18977 "-" "Mozilla/5.0 (compatible; Barkrowler/0.9; +https://babbar.tech/crawler)"
119.28.52.89 - - [16/Apr/2025:08:06:31 -0400] "GET /property-listing-feed-json-api/ HTTP/1.1" 200 17383 "-" "Python/3.10 aiohttp/3.10.5"
198.54.114.83 - - [16/Apr/2025:08:06:34 -0400] "POST /wp-cron.php?doing_wp_cron=1744805191.8963179588317871093750 HTTP/1.1" 200 0 "-" "WordPress/6.8; https://shahmeenaindustry.com"
217.113.194.20 - - [16/Apr/2025:08:06:42 -0400] "GET /pizza-delivery-in-meadville-pa/feed/ HTTP/1.1" 200 403 "-" "Mozilla/5.0 (compatible; Barkrowler/0.9; +https://babbar.tech/crawler)"
188.130.137.77 - - [16/Apr/2025:08:06:56 -0400] "GET /cbd-shop-uk-review/ HTTP/1.1" 200 20466 "https://shahmeenaindustry.com/cbd-shop-uk-review/#comment-30843" "Mozilla/5.0 (Windows NT 10.0; Win64; x64) AppleWebKit/537.36 (KHTML, like Gecko) Chrome/131.0.0.0 Safari/537.36"
217.113.194.15 - - [16/Apr/2025:08:07:04 -0400] "GET /stehlampen-wohnzimmer/feed/ HTTP/1.1" 200 381 "-" "Mozilla/5.0 (compatible; Barkrowler/0.9; +https://babbar.tech/crawler)"
217.113.194.18 - - [16/Apr/2025:08:07:22 -0400] "GET /gitarrenkurse-fur-anfanger/ HTTP/1.1" 200 18048 "-" "Mozilla/5.0 (compatible; Barkrowler/0.9; +https://babbar.tech/crawler)"
198.54.114.83 - - [16/Apr/2025:08:07:44 -0400] "POST /wp-cron.php?doing_wp_cron=1744805263.0480380058288574218750 HTTP/1.1" 200 0 "-" "WordPress/6.8; https://shahmeenaindustry.com"
217.113.194.21 - - [16/Apr/2025:08:07:42 -0400] "GET /power-105-tennis-racket-review/feed/ HTTP/1.1" 200 398 "-" "Mozilla/5.0 (compatible; Barkrowler/0.9; +https://babbar.tech/crawler)"
18.224.21.26 - - [16/Apr/2025:08:07:49 -0400] "GET /robots.txt HTTP/1.1" 304 0 "-" "Mozilla/5.0 AppleWebKit/537.36 (KHTML, like Gecko; compatible; ClaudeBot/1.0; +claudebot@anthropic.com)"
18.224.21.26 - - [16/Apr/2025:08:07:50 -0400] "GET /2021/06/caxino-betting-further-2021-1-50-free-spins-no-deposit-for-that-a-hundred-free-of-cost-moves HTTP/1.1" 404 13766 "-" "Mozilla/5.0 AppleWebKit/537.36 (KHTML, like Gecko; compatible; ClaudeBot/1.0; +claudebot@anthropic.com)"
217.113.194.18 - - [16/Apr/2025:08:08:02 -0400] "GET /loans-for-small-business-for-women/feed/ HTTP/1.1" 200 401 "-" "Mozilla/5.0 (compatible; Barkrowler/0.9; +https://babbar.tech/crawler)"
54.36.148.119 - - [16/Apr/2025:08:08:19 -0400] "GET /florida-fha-loan-application-should-you-apply-for-an-fha-loan/feed/ HTTP/1.1" 200 445 "-" "Mozilla/5.0 (compatible; AhrefsBot/7.0; +http://ahrefs.com/robot/)"
217.113.194.20 - - [16/Apr/2025:08:08:20 -0400] "GET /engagement-through-interactive-games/feed/ HTTP/1.1" 200 396 "-" "Mozilla/5.0 (compatible; Barkrowler/0.9; +https://babbar.tech/crawler)"
154.54.249.194 - - [16/Apr/2025:08:08:40 -0400] "GET /how-to-choose-the-best-portable-fire-pump/ HTTP/1.1" 200 17463 "-" "Mozilla/5.0 (compatible; Barkrowler/0.9; +https://babbar.tech/crawler)"
198.54.114.83 - - [16/Apr/2025:08:09:00 -0400] "POST /wp-cron.php?doing_wp_cron=1744805340.1834199428558349609375 HTTP/1.1" 200 0 "-" "WordPress/6.8; https://shahmeenaindustry.com"
217.113.194.17 - - [16/Apr/2025:08:08:59 -0400] "GET /how-to-turn-grid-on-iphone-camera/feed/ HTTP/1.1" 200 409 "-" "Mozilla/5.0 (compatible; Barkrowler/0.9; +https://babbar.tech/crawler)"
198.54.114.83 - - [16/Apr/2025:08:09:02 -0400] "POST /wp-admin/admin-ajax.php?action=async_litespeed&nonce=hpoE7GbVaZfp0VotaI2XuNQJKmDnxGsh&litespeed_type=imgoptm HTTP/1.1" 200 0 "-" "WordPress/6.8; https://shahmeenaindustry.com"
217.113.194.20 - - [16/Apr/2025:08:09:21 -0400] "GET /how-to-buy-the-best-pokemon-plush-toys/ HTTP/1.1" 200 18074 "-" "Mozilla/5.0 (compatible; Barkrowler/0.9; +https://babbar.tech/crawler)"
217.113.194.12 - - [16/Apr/2025:08:09:40 -0400] "GET /how-to-zoom-out-on-chromebook/ HTTP/1.1" 200 18821 "-" "Mozilla/5.0 (compatible; Barkrowler/0.9; +https://babbar.tech/crawler)"
198.54.114.83 - - [16/Apr/2025:08:09:46 -0400] "POST /wp-cron.php?doing_wp_cron=1744805386.0050849914550781250000 HTTP/1.1" 200 0 "-" "WordPress/6.8; https://shahmeenaindustry.com"
54.36.148.67 - - [16/Apr/2025:08:09:45 -0400] "GET /stop-smoking-tip-how-to-find-your-own-way-to-quit/feed/ HTTP/1.1" 304 0 "-" "Mozilla/5.0 (compatible; AhrefsBot/7.0; +http://ahrefs.com/robot/)"
198.54.114.83 - - [16/Apr/2025:08:09:48 -0400] "POST /wp-admin/admin-ajax.php?action=async_litespeed&nonce=hu2yru4IhJlcFjxIVInsON8k1PbYkZSA&litespeed_type=imgoptm HTTP/1.1" 200 0 "-" "WordPress/6.8; https://shahmeenaindustry.com"
217.113.194.15 - - [16/Apr/2025:08:10:00 -0400] "GET /how-to-change-the-name-of-my-iphone/feed/ HTTP/1.1" 200 449 "-" "Mozilla/5.0 (compatible; Barkrowler/0.9; +https://babbar.tech/crawler)"
217.113.194.21 - - [16/Apr/2025:08:10:20 -0400] "GET /how-to-find-the-best-personal-injury-attorney/ HTTP/1.1" 200 17554 "-" "Mozilla/5.0 (compatible; Barkrowler/0.9; +https://babbar.tech/crawler)"
217.113.194.13 - - [16/Apr/2025:08:10:42 -0400] "GET /how-to-get-more-youtube-subscribers/feed/ HTTP/1.1" 200 407 "-" "Mozilla/5.0 (compatible; Barkrowler/0.9; +https://babbar.tech/crawler)"
198.54.114.83 - - [16/Apr/2025:08:10:44 -0400] "POST /wp-cron.php?doing_wp_cron=1744805442.8452370166778564453125 HTTP/1.1" 200 0 "-" "WordPress/6.8; https://shahmeenaindustry.com"
217.113.194.16 - - [16/Apr/2025:08:11:03 -0400] "GET /how-to-use-an-ai-image-generator/feed/ HTTP/1.1" 200 403 "-" "Mozilla/5.0 (compatible; Barkrowler/0.9; +https://babbar.tech/crawler)"
54.36.148.113 - - [16/Apr/2025:08:11:16 -0400] "GET /waste-conversion-for-resource-recovery-terminology-infrastructure-regulation-and-standards/feed/ HTTP/1.1" 304 0 "-" "Mozilla/5.0 (compatible; AhrefsBot/7.0; +http://ahrefs.com/robot/)"
217.113.194.15 - - [16/Apr/2025:08:11:22 -0400] "GET /swipe-app-download-for-pc/ HTTP/1.1" 200 22086 "-" "Mozilla/5.0 (compatible; Barkrowler/0.9; +https://babbar.tech/crawler)"
217.113.194.17 - - [16/Apr/2025:08:11:42 -0400] "GET /amazon-prime-twitch-digital-gaming/feed/ HTTP/1.1" 200 400 "-" "Mozilla/5.0 (compatible; Barkrowler/0.9; +https://babbar.tech/crawler)"
198.54.114.83 - - [16/Apr/2025:08:12:03 -0400] "POST /wp-cron.php?doing_wp_cron=1744805522.2747859954833984375000 HTTP/1.1" 200 0 "-" "WordPress/6.8; https://shahmeenaindustry.com"
217.113.194.19 - - [16/Apr/2025:08:12:02 -0400] "GET /the-basics-of-the-yugioh-card-game/ HTTP/1.1" 200 18182 "-" "Mozilla/5.0 (compatible; Barkrowler/0.9; +https://babbar.tech/crawler)"
91.84.100.21 - - [16/Apr/2025:08:12:20 -0400] "GET /cbd-shop-uk-review/ HTTP/1.1" 200 19420 "https://shahmeenaindustry.com/cbd-shop-uk-review/" "Mozilla/5.0 (Windows NT 10.0; Win64; x64) AppleWebKit/537.36 (KHTML, like Gecko) Chrome/130.0.0.0 Safari/537.36"
217.113.194.17 - - [16/Apr/2025:08:12:21 -0400] "GET /engaging-entertainment-for-all-ages/ HTTP/1.1" 200 17314 "-" "Mozilla/5.0 (compatible; Barkrowler/0.9; +https://babbar.tech/crawler)"
91.84.100.21 - - [16/Apr/2025:08:12:23 -0400] "POST /wp-comments-post.php HTTP/1.1" 302 0 "https://shahmeenaindustry.com/cbd-shop-uk-review/" "Mozilla/5.0 (Windows NT 10.0; Win64; x64) AppleWebKit/537.36 (KHTML, like Gecko) Chrome/130.0.0.0 Safari/537.36"
91.84.100.21 - - [16/Apr/2025:08:12:26 -0400] "GET /cbd-shop-uk-review/ HTTP/1.1" 200 20129 "https://shahmeenaindustry.com/cbd-shop-uk-review/#comment-30844" "Mozilla/5.0 (Windows NT 10.0; Win64; x64) AppleWebKit/537.36 (KHTML, like Gecko) Chrome/130.0.0.0 Safari/537.36"
2a03:2880:f800:13:: - - [16/Apr/2025:08:12:31 -0400] "GET /wp-json/wp/v2/posts/2444 HTTP/1.1" 200 10935 "-" "meta-externalagent/1.1 (+https://developers.facebook.com/docs/sharing/webmasters/crawler)"
154.54.249.194 - - [16/Apr/2025:08:12:41 -0400] "GET /importance-de-lisolation-thermique/feed/ HTTP/1.1" 200 401 "-" "Mozilla/5.0 (compatible; Barkrowler/0.9; +https://babbar.tech/crawler)"
54.36.148.132 - - [16/Apr/2025:08:12:43 -0400] "GET /panneau-acoustique-bois/feed/ HTTP/1.1" 304 0 "-" "Mozilla/5.0 (compatible; AhrefsBot/7.0; +http://ahrefs.com/robot/)"
198.54.114.83 - - [16/Apr/2025:08:13:04 -0400] "POST /wp-cron.php?doing_wp_cron=1744805582.5417480468750000000000 HTTP/1.1" 200 0 "-" "WordPress/6.8; https://shahmeenaindustry.com"
154.54.249.194 - - [16/Apr/2025:08:13:02 -0400] "GET /a-journey-through-history-and-memory/ HTTP/1.1" 200 17629 "-" "Mozilla/5.0 (compatible; Barkrowler/0.9; +https://babbar.tech/crawler)"
217.113.194.14 - - [16/Apr/2025:08:13:22 -0400] "GET /a-journey-through-history-and-memory/feed/ HTTP/1.1" 200 404 "-" "Mozilla/5.0 (compatible; Barkrowler/0.9; +https://babbar.tech/crawler)"
217.113.194.15 - - [16/Apr/2025:08:13:42 -0400] "GET /a-green-haven-in-urban-chaos/feed/ HTTP/1.1" 200 403 "-" "Mozilla/5.0 (compatible; Barkrowler/0.9; +https://babbar.tech/crawler)"
198.54.114.83 - - [16/Apr/2025:08:14:06 -0400] "POST /wp-cron.php?doing_wp_cron=1744805644.9281098842620849609375 HTTP/1.1" 200 0 "-" "WordPress/6.8; https://shahmeenaindustry.com"
217.113.194.21 - - [16/Apr/2025:08:14:04 -0400] "GET /a-green-haven-in-urban-chaos/ HTTP/1.1" 200 17605 "-" "Mozilla/5.0 (compatible; Barkrowler/0.9; +https://babbar.tech/crawler)"
54.36.149.70 - - [16/Apr/2025:08:14:15 -0400] "GET /the-gentle-touch-exploring-the-advantages-of-soft-wash-car-wash/feed/ HTTP/1.1" 304 0 "-" "Mozilla/5.0 (compatible; AhrefsBot/7.0; +http://ahrefs.com/robot/)"
217.113.194.19 - - [16/Apr/2025:08:14:26 -0400] "GET /a-natural-path-to-wellness/feed/ HTTP/1.1" 200 392 "-" "Mozilla/5.0 (compatible; Barkrowler/0.9; +https://babbar.tech/crawler)"
43.153.10.13 - - [16/Apr/2025:08:14:30 -0400] "GET /2024/09/ HTTP/1.1" 301 0 "-" "Mozilla/5.0 (iPhone; CPU iPhone OS 13_2_3 like Mac OS X) AppleWebKit/605.1.15 (KHTML, like Gecko) Version/13.0.3 Mobile/15E148 Safari/604.1"
43.153.10.13 - - [16/Apr/2025:08:14:34 -0400] "GET / HTTP/1.1" 200 18582 "https://shahmeenaindustry.com/2024/09/" "Mozilla/5.0 (iPhone; CPU iPhone OS 13_2_3 like Mac OS X) AppleWebKit/605.1.15 (KHTML, like Gecko) Version/13.0.3 Mobile/15E148 Safari/604.1"
217.113.194.15 - - [16/Apr/2025:08:14:45 -0400] "GET /kinds-of-pipe-fitting-components/ HTTP/1.1" 200 18127 "-" "Mozilla/5.0 (compatible; Barkrowler/0.9; +https://babbar.tech/crawler)"
2a03:2880:f800:b:: - - [16/Apr/2025:08:15:03 -0400] "GET /?p=2961 HTTP/1.1" 301 0 "-" "meta-externalagent/1.1 (+https://developers.facebook.com/docs/sharing/webmasters/crawler)"
217.113.194.15 - - [16/Apr/2025:08:15:08 -0400] "GET /choosing-a-high-precision-balance/ HTTP/1.1" 200 17818 "-" "Mozilla/5.0 (compatible; Barkrowler/0.9; +https://babbar.tech/crawler)"
198.54.114.83 - - [16/Apr/2025:08:15:13 -0400] "POST /wp-cron.php?doing_wp_cron=1744805708.5160050392150878906250 HTTP/1.1" 200 0 "-" "WordPress/6.8; https://shahmeenaindustry.com"
217.113.194.13 - - [16/Apr/2025:08:15:31 -0400] "GET /choosing-fire-places-for-your-home/ HTTP/1.1" 200 18334 "-" "Mozilla/5.0 (compatible; Barkrowler/0.9; +https://babbar.tech/crawler)"
54.36.148.235 - - [16/Apr/2025:08:15:44 -0400] "GET /star-wars-authorities-and-fans/ HTTP/1.1" 200 18596 "-" "Mozilla/5.0 (compatible; AhrefsBot/7.0; +http://ahrefs.com/robot/)"
129.226.53.190 - - [16/Apr/2025:08:15:50 -0400] "GET /dental-cost-how-routine-care-can-prevent-costly-problems/ HTTP/1.1" 200 19364 "-" "Python/3.10 aiohttp/3.10.5"
129.226.53.190 - - [16/Apr/2025:08:15:50 -0400] "GET /the-best-calisthenics-leg-exercises/ HTTP/1.1" 200 17623 "-" "Python/3.10 aiohttp/3.10.5"
217.113.194.20 - - [16/Apr/2025:08:15:53 -0400] "GET /choosing-betting-money-sites/feed/ HTTP/1.1" 200 396 "-" "Mozilla/5.0 (compatible; Barkrowler/0.9; +https://babbar.tech/crawler)"
217.113.194.19 - - [16/Apr/2025:08:16:13 -0400] "GET /hiring-a-caregivers-agency/feed/ HTTP/1.1" 200 394 "-" "Mozilla/5.0 (compatible; Barkrowler/0.9; +https://babbar.tech/crawler)"
198.54.114.83 - - [16/Apr/2025:08:16:15 -0400] "POST /wp-cron.php?doing_wp_cron=1744805774.0409159660339355468750 HTTP/1.1" 200 0 "-" "WordPress/6.8; https://shahmeenaindustry.com"
217.113.194.21 - - [16/Apr/2025:08:16:35 -0400] "GET /tmw-maxwell-location-map/ HTTP/1.1" 200 18146 "-" "Mozilla/5.0 (compatible; Barkrowler/0.9; +https://babbar.tech/crawler)"
154.54.249.194 - - [16/Apr/2025:08:16:55 -0400] "GET /tmw-maxwell-location-map/feed/ HTTP/1.1" 200 389 "-" "Mozilla/5.0 (compatible; Barkrowler/0.9; +https://babbar.tech/crawler)"
54.36.148.229 - - [16/Apr/2025:08:17:04 -0400] "GET /cowrie-shell-statement-ring/feed/ HTTP/1.1" 304 0 "-" "Mozilla/5.0 (compatible; AhrefsBot/7.0; +http://ahrefs.com/robot/)"
43.159.201.102 - - [16/Apr/2025:08:17:04 -0400] "GET /3-safety-guidelines-to-store-fresh-food-safely-in-supermarket/ HTTP/1.1" 200 18333 "-" "Python/3.10 aiohttp/3.10.5"
217.113.194.20 - - [16/Apr/2025:08:17:13 -0400] "GET /dental-equipment-suppliers-in-the-uk/ HTTP/1.1" 200 17505 "-" "Mozilla/5.0 (compatible; Barkrowler/0.9; +https://babbar.tech/crawler)"
198.54.114.83 - - [16/Apr/2025:08:17:35 -0400] "POST /wp-cron.php?doing_wp_cron=1744805853.1535480022430419921875 HTTP/1.1" 200 0 "-" "WordPress/6.8; https://shahmeenaindustry.com"
217.113.194.20 - - [16/Apr/2025:08:17:32 -0400] "GET /one-bernam-sabak-bernam/ HTTP/1.1" 200 17439 "-" "Mozilla/5.0 (compatible; Barkrowler/0.9; +https://babbar.tech/crawler)"
217.113.194.18 - - [16/Apr/2025:08:17:52 -0400] "GET /online-dating-photographer-near-me/feed/ HTTP/1.1" 200 401 "-" "Mozilla/5.0 (compatible; Barkrowler/0.9; +https://babbar.tech/crawler)"
217.113.194.15 - - [16/Apr/2025:08:18:10 -0400] "GET /availability-of-used-fire-trucks/feed/ HTTP/1.1" 200 397 "-" "Mozilla/5.0 (compatible; Barkrowler/0.9; +https://babbar.tech/crawler)"
150.109.118.157 - - [16/Apr/2025:08:18:17 -0400] "GET /mma-sparring-gloves/ HTTP/1.1" 200 17644 "-" "Python/3.10 aiohttp/3.10.5"
54.36.148.38 - - [16/Apr/2025:08:18:27 -0400] "GET /what-are-peptide-capsules/feed/ HTTP/1.1" 304 0 "-" "Mozilla/5.0 (compatible; AhrefsBot/7.0; +http://ahrefs.com/robot/)"
217.113.194.16 - - [16/Apr/2025:08:18:29 -0400] "GET /entre-excitation-et-responsabilite/ HTTP/1.1" 200 17434 "-" "Mozilla/5.0 (compatible; Barkrowler/0.9; +https://babbar.tech/crawler)"
198.54.114.83 - - [16/Apr/2025:08:18:50 -0400] "POST /wp-cron.php?doing_wp_cron=1744805928.9685900211334228515625 HTTP/1.1" 200 0 "-" "WordPress/6.8; https://shahmeenaindustry.com"
