49.245.82.91 - - [02/Apr/2025:22:57:16 -0400] "GET /business-loans-for-women-how-to-close-the-gender-gap-in-business-financing/?unapproved=49475&moderation-hash=a4085985e191e7fca520ff9d0b5250c2 HTTP/1.1" 200 15496 "http://the80itspod.com/wp-comments-post.php" "Mozilla/5.0 (X11; Fedora; Linux x86_64; rv:114.0) Gecko/20100101 Firefox/114.0"
85.208.98.23 - - [02/Apr/2025:23:08:09 -0400] "GET /robots.txt HTTP/1.1" 304 0 "-" "Mozilla/5.0 (compatible; SemrushBot-BA; +http://www.semrush.com/bot.html)"
198.54.114.83 - - [02/Apr/2025:23:16:56 -0400] "POST /wp-cron.php?doing_wp_cron=1743650216.2263989448547363281250 HTTP/1.1" 200 0 "-" "WordPress/6.7.2; https://the80itspod.com"
178.176.75.162 - - [02/Apr/2025:23:16:53 -0400] "GET /cbd-uk-what-is-it/ HTTP/1.1" 200 17108 "http://the80itspod.com/cbd-uk-what-is-it/" "Mozilla/5.0 (Windows NT 10.0; Win64; x64) AppleWebKit/537.36 (KHTML, like Gecko) Chrome/130.0.0.0 Safari/537.36 CCleaner/130.0.0.0"
83.11.163.144 - - [02/Apr/2025:23:50:54 -0400] "GET /relx-electronic-cigarette/ HTTP/1.1" 200 14981 "http://the80itspod.com/relx-electronic-cigarette/" "Mozilla/5.0 (Windows NT 10.0; Win64; x64) AppleWebKit/537.36 (KHTML, like Gecko) Chrome/131.0.0.0 Safari/537.36"
198.54.114.83 - - [02/Apr/2025:23:50:59 -0400] "POST /wp-cron.php?doing_wp_cron=1743652259.2846820354461669921875 HTTP/1.1" 200 0 "-" "WordPress/6.7.2; https://the80itspod.com"
83.11.163.144 - - [02/Apr/2025:23:50:55 -0400] "POST /wp-comments-post.php HTTP/1.1" 302 0 "http://the80itspod.com/relx-electronic-cigarette/" "Mozilla/5.0 (Windows NT 10.0; Win64; x64) AppleWebKit/537.36 (KHTML, like Gecko) Chrome/131.0.0.0 Safari/537.36"
112.86.225.205 - - [02/Apr/2025:23:58:24 -0400] "GET /robots.txt HTTP/1.1" 200 126 "-" "Sogou web spider/4.0(+http://www.sogou.com/docs/help/webmasters.htm#07)"
43.134.15.134 - - [03/Apr/2025:00:27:22 -0400] "GET / HTTP/1.1" 200 16759 "https://google.com" "Mozilla/5.0 (Macintosh; Intel Mac OS X 10_15_7) AppleWebKit/537.36 (KHTML, like Gecko) Chrome/119.0.0.0 Safari/537.36"
135.181.74.47 - - [03/Apr/2025:00:46:21 -0400] "GET /relx-electronic-cigarette/ HTTP/1.1" 200 14981 "-" "Mozilla/5.0 (Windows NT 10.0; Win64; x64) AppleWebKit/537.36 (KHTML, like Gecko) Chrome/118.0.0.0 Safari/537.36"
181.214.107.130 - - [03/Apr/2025:00:52:33 -0400] "GET / HTTP/1.1" 200 16759 "-" "Mozilla/5.0 (Windows NT 10.0; Win64; x64) AppleWebKit/537.36 (KHTML, like Gecko) Chrome/58.0.3029.110 Safari/537.3"
45.154.98.74 - - [03/Apr/2025:01:00:46 -0400] "GET / HTTP/1.1" 200 16759 "-" "Mozilla/5.0 (Windows NT 10.0; Win64; x64) AppleWebKit/537.36 (KHTML, like Gecko) Chrome/89.0.4389.114 Safari/537.36"
45.154.98.74 - - [03/Apr/2025:01:00:46 -0400] "GET /?author=1 HTTP/1.1" 404 9430 "-" "Mozilla/5.0 (Windows NT 10.0; Win64; x64) AppleWebKit/537.36 (KHTML, like Gecko) Chrome/89.0.4389.114 Safari/537.36"
45.154.98.74 - - [03/Apr/2025:01:00:48 -0400] "GET /?author=2 HTTP/1.1" 404 9424 "-" "Mozilla/5.0 (Windows NT 10.0; Win64; x64) AppleWebKit/537.36 (KHTML, like Gecko) Chrome/89.0.4389.114 Safari/537.36"
45.154.98.74 - - [03/Apr/2025:01:00:49 -0400] "GET /?author=3 HTTP/1.1" 404 9424 "-" "Mozilla/5.0 (Windows NT 10.0; Win64; x64) AppleWebKit/537.36 (KHTML, like Gecko) Chrome/89.0.4389.114 Safari/537.36"
45.154.98.74 - - [03/Apr/2025:01:00:49 -0400] "GET /wp-json/wp/v2/users/ HTTP/1.1" 401 108 "-" "Mozilla/5.0 (Windows NT 10.0; Win64; x64) AppleWebKit/537.36 (KHTML, like Gecko) Chrome/89.0.4389.114 Safari/537.36"
198.54.114.83 - - [03/Apr/2025:01:00:50 -0400] "POST /wp-cron.php?doing_wp_cron=1743656450.4089460372924804687500 HTTP/1.1" 200 0 "-" "WordPress/6.7.2; https://the80itspod.com"
45.154.98.74 - - [03/Apr/2025:01:00:50 -0400] "GET /wp-json/oembed/1.0/embed?url=http://the80itspod.com HTTP/1.1" 404 73 "-" "Mozilla/5.0 (Windows NT 10.0; Win64; x64) AppleWebKit/537.36 (KHTML, like Gecko) Chrome/89.0.4389.114 Safari/537.36"
49.7.227.204 - - [03/Apr/2025:01:36:26 -0400] "GET / HTTP/1.1" 200 16759 "-" "Mozilla/5.0 (iPhone; CPU iPhone OS 13_2_3 like Mac OS X) AppleWebKit/605.1.15 (KHTML, like Gecko) Version/13.0.3 Mobile/15E148 Safari/604.1"
143.244.135.8 - - [03/Apr/2025:01:41:51 -0400] "GET /wp-admin/css/ HTTP/1.1" 403 1242 "binance.com" "Mozilla/5.0 (Windows NT 10.0; Win64; x64) AppleWebKit/537.36 (KHTML, like Gecko) Chrome/90.0.4430.85 Safari/537.36"
188.130.136.37 - - [03/Apr/2025:02:46:30 -0400] "GET / HTTP/1.1" 200 16759 "-" "Mozilla/5.0 (Windows NT 10.0; Win64; x64) AppleWebKit/537.36 (KHTML, like Gecko) Chrome/114.0.0.0 Safari/537.36 Edg/114.0.1264.71"
172.177.65.56 - - [03/Apr/2025:03:05:13 -0400] "GET /wp-content/plugins/hellopress/wp_filemanager.php HTTP/1.1" 404 9421 "-" "-"
198.54.114.83 - - [03/Apr/2025:03:05:24 -0400] "POST /wp-cron.php?doing_wp_cron=1743663921.9001290798187255859375 HTTP/1.1" 200 0 "-" "WordPress/6.7.2; https://the80itspod.com"
172.177.65.56 - - [03/Apr/2025:03:05:20 -0400] "GET /wp-includes/Text/network.php HTTP/1.1" 404 9421 "-" "-"
172.177.65.56 - - [03/Apr/2025:03:05:27 -0400] "GET /wp-content/upgrade-temp-backup/wp-login.php HTTP/1.1" 404 9422 "-" "-"
172.177.65.56 - - [03/Apr/2025:03:05:31 -0400] "GET /js/fm.php HTTP/1.1" 404 9421 "-" "-"
172.177.65.56 - - [03/Apr/2025:03:05:34 -0400] "GET /wp-content/themes/astra/inc/ki1k.php HTTP/1.1" 404 9422 "-" "-"
172.177.65.56 - - [03/Apr/2025:03:05:39 -0400] "GET /WordPress/wp-admin/includes/zmFM.php HTTP/1.1" 404 9422 "-" "-"
172.177.65.56 - - [03/Apr/2025:03:05:42 -0400] "GET /default.php HTTP/1.1" 404 9421 "-" "-"
172.177.65.56 - - [03/Apr/2025:03:05:46 -0400] "GET /ty.php HTTP/1.1" 404 9422 "-" "-"
172.177.65.56 - - [03/Apr/2025:03:05:49 -0400] "GET /wp-content/themes/cay-van-phong/filemanager.php HTTP/1.1" 404 9422 "-" "-"
172.177.65.56 - - [03/Apr/2025:03:05:51 -0400] "GET /fm.php HTTP/1.1" 404 9422 "-" "-"
172.177.65.56 - - [03/Apr/2025:03:05:54 -0400] "GET /wp-content/plugins/seoplugins/index.php HTTP/1.1" 301 0 "-" "-"
172.177.65.56 - - [03/Apr/2025:03:05:57 -0400] "GET /wp-content/plugins/seoplugins/ HTTP/1.1" 404 9422 "-" "-"
172.177.65.56 - - [03/Apr/2025:03:05:58 -0400] "GET /ini.php HTTP/1.1" 404 9422 "-" "-"
172.177.65.56 - - [03/Apr/2025:03:05:59 -0400] "GET /libraries/legacy/info.php HTTP/1.1" 404 9421 "-" "-"
172.177.65.56 - - [03/Apr/2025:03:06:02 -0400] "GET /wp-content/themes/include.php HTTP/1.1" 404 9421 "-" "-"
172.177.65.56 - - [03/Apr/2025:03:06:03 -0400] "GET /wp-admin/network/about.php HTTP/1.1" 302 0 "-" "-"
172.177.65.56 - - [03/Apr/2025:03:06:09 -0400] "GET /alfa.php HTTP/1.1" 404 9428 "-" "-"
172.177.65.56 - - [03/Apr/2025:03:06:11 -0400] "GET /wp-mail.php/wp-includes/ID3/rk2.php HTTP/1.1" 403 1123 "-" "-"
172.177.65.56 - - [03/Apr/2025:03:06:13 -0400] "GET /assets/images/28c5400b0b.php HTTP/1.1" 404 9421 "-" "-"
172.177.65.56 - - [03/Apr/2025:03:06:16 -0400] "GET /wordpress/wp-includes/wp-config-sample.php HTTP/1.1" 404 9421 "-" "-"
198.54.114.83 - - [03/Apr/2025:03:06:24 -0400] "POST /wp-cron.php?doing_wp_cron=1743663983.1594460010528564453125 HTTP/1.1" 200 0 "-" "WordPress/6.7.2; https://the80itspod.com"
172.177.65.56 - - [03/Apr/2025:03:06:22 -0400] "GET /wp-mail.php/wp-includes/ID3/.info.php HTTP/1.1" 403 1123 "-" "-"
172.177.65.56 - - [03/Apr/2025:03:06:24 -0400] "GET /wp-includes/Text/Diff/Engine/about.php HTTP/1.1" 404 9421 "-" "-"
172.177.65.56 - - [03/Apr/2025:03:06:29 -0400] "GET /wp-includes/js/tinymce/skins/lightgray/img/about.php HTTP/1.1" 404 9421 "-" "-"
172.177.65.56 - - [03/Apr/2025:03:06:34 -0400] "GET /wp-includes/block-supports/autoload_classmap.php HTTP/1.1" 404 9421 "-" "-"
172.177.65.56 - - [03/Apr/2025:03:06:38 -0400] "GET /wp-content/uploads/classwithtostring.php HTTP/1.1" 404 9421 "-" "-"
172.177.65.56 - - [03/Apr/2025:03:06:41 -0400] "GET /wp-admin/images/install.php HTTP/1.1" 404 9421 "-" "-"
172.177.65.56 - - [03/Apr/2025:03:06:43 -0400] "GET /.well-known/link.php HTTP/1.1" 404 9421 "-" "-"
172.177.65.56 - - [03/Apr/2025:03:06:48 -0400] "GET /wp-admin/chosen.php HTTP/1.1" 404 9421 "-" "-"
172.177.65.56 - - [03/Apr/2025:03:06:54 -0400] "GET /info.php HTTP/1.1" 404 9422 "-" "-"
172.177.65.56 - - [03/Apr/2025:03:06:59 -0400] "GET /wp-includes/assets/about.php HTTP/1.1" 404 9422 "-" "-"
172.177.65.56 - - [03/Apr/2025:03:07:03 -0400] "GET /test.php HTTP/1.1" 404 9420 "-" "-"
172.177.65.56 - - [03/Apr/2025:03:07:05 -0400] "GET /wp-admin/css/colors/ectoplasm/wp-login.php HTTP/1.1" 404 9419 "-" "-"
172.177.65.56 - - [03/Apr/2025:03:07:08 -0400] "GET /Assets/item.php HTTP/1.1" 404 9420 "-" "-"
172.177.65.56 - - [03/Apr/2025:03:07:10 -0400] "GET /shop/lock.php HTTP/1.1" 404 9421 "-" "-"
172.177.65.56 - - [03/Apr/2025:03:07:16 -0400] "GET /th/plugins/phpThumb/404.php HTTP/1.1" 404 9421 "-" "-"
198.54.114.83 - - [03/Apr/2025:03:07:22 -0400] "POST /wp-cron.php?doing_wp_cron=1743664040.6147561073303222656250 HTTP/1.1" 200 0 "-" "WordPress/6.7.2; https://the80itspod.com"
172.177.65.56 - - [03/Apr/2025:03:07:19 -0400] "GET /wp-includes/css/dist/preferences/index.php HTTP/1.1" 301 0 "-" "-"
172.177.65.56 - - [03/Apr/2025:03:07:23 -0400] "GET /wp-includes/css/dist/preferences/ HTTP/1.1" 403 1242 "-" "-"
172.177.65.56 - - [03/Apr/2025:03:07:24 -0400] "GET /files/log.php HTTP/1.1" 404 9420 "-" "-"
172.177.65.56 - - [03/Apr/2025:03:07:30 -0400] "GET /wp-includes/html-api/index.php HTTP/1.1" 301 0 "-" "-"
172.177.65.56 - - [03/Apr/2025:03:07:33 -0400] "GET /wp-includes/html-api/ HTTP/1.1" 403 1242 "-" "-"
172.177.65.56 - - [03/Apr/2025:03:07:35 -0400] "GET /x.php HTTP/1.1" 404 9420 "-" "-"
172.177.65.56 - - [03/Apr/2025:03:07:37 -0400] "GET /wp-includes/assets/index.php HTTP/1.1" 301 0 "-" "-"
172.177.65.56 - - [03/Apr/2025:03:07:40 -0400] "GET /wp-includes/assets/ HTTP/1.1" 403 1242 "-" "-"
172.177.65.56 - - [03/Apr/2025:03:07:41 -0400] "GET /wp-includes/block-patterns/vuln.php HTTP/1.1" 404 9420 "-" "-"
172.177.65.56 - - [03/Apr/2025:03:07:44 -0400] "GET /wp-includes/rest-api/fields/index.php HTTP/1.1" 301 0 "-" "-"
172.177.65.56 - - [03/Apr/2025:03:07:49 -0400] "GET /wp-includes/rest-api/fields/ HTTP/1.1" 403 1242 "-" "-"
172.177.65.56 - - [03/Apr/2025:03:07:52 -0400] "GET /wp-includes/images/media/wp-login.php HTTP/1.1" 404 9421 "-" "-"
172.177.65.56 - - [03/Apr/2025:03:07:57 -0400] "GET /wp-content/uploads/autoload_classmap.php HTTP/1.1" 404 9421 "-" "-"
172.177.65.56 - - [03/Apr/2025:03:08:00 -0400] "GET /images/404.php HTTP/1.1" 404 9421 "-" "-"
172.177.65.56 - - [03/Apr/2025:03:08:03 -0400] "GET /wp-content/languages/asus.php HTTP/1.1" 404 9422 "-" "-"
172.177.65.56 - - [03/Apr/2025:03:08:05 -0400] "GET /admin.php HTTP/1.1" 404 9422 "-" "-"
172.177.65.56 - - [03/Apr/2025:03:08:09 -0400] "GET /.well-known/pki-validation/parx.php HTTP/1.1" 404 1251 "-" "-"
172.177.65.56 - - [03/Apr/2025:03:08:12 -0400] "GET /wp-content/plugins/wp-login.php HTTP/1.1" 404 9421 "-" "-"
172.177.65.56 - - [03/Apr/2025:03:08:15 -0400] "GET /12wudscz.php HTTP/1.1" 404 9421 "-" "-"
172.177.65.56 - - [03/Apr/2025:03:08:21 -0400] "GET /wp-content/themes/wp-pridmag/admin.php HTTP/1.1" 404 9421 "-" "-"
198.54.114.83 - - [03/Apr/2025:03:08:24 -0400] "POST /wp-cron.php?doing_wp_cron=1743664101.7901430130004882812500 HTTP/1.1" 200 0 "-" "WordPress/6.7.2; https://the80itspod.com"
172.177.65.56 - - [03/Apr/2025:03:08:25 -0400] "GET /wp-includes/Text/wp-conflg.php HTTP/1.1" 404 9421 "-" "-"
172.177.65.56 - - [03/Apr/2025:03:08:29 -0400] "GET /wp-content/plugins/background-image-cropper/plugins.php HTTP/1.1" 404 9422 "-" "-"
172.177.65.56 - - [03/Apr/2025:03:08:34 -0400] "GET /classwithtostring.php HTTP/1.1" 404 9422 "-" "-"
172.177.65.56 - - [03/Apr/2025:03:08:37 -0400] "GET /wp-includes/Text/Diff/Renderer/wp-login.php HTTP/1.1" 404 9422 "-" "-"
172.177.65.56 - - [03/Apr/2025:03:08:40 -0400] "GET /wp-admin/images/users.php HTTP/1.1" 404 9428 "-" "-"
172.177.65.56 - - [03/Apr/2025:03:08:45 -0400] "GET /wp-includes/rest-api/endpoints/index.php HTTP/1.1" 301 0 "-" "-"
172.177.65.56 - - [03/Apr/2025:03:08:49 -0400] "GET /wp-includes/rest-api/endpoints/ HTTP/1.1" 403 1242 "-" "-"
138.68.180.18 - - [03/Apr/2025:03:08:49 -0400] "GET / HTTP/1.1" 200 16759 "-" "Mozilla/5.0 (Windows NT 10.0; Win64; x64) AppleWebKit/537.36 (KHTML, like Gecko) Chrome/124.0.0.0 Safari/537.36"
172.177.65.56 - - [03/Apr/2025:03:08:49 -0400] "GET /wp-includes/random_compat/about.php HTTP/1.1" 404 9428 "-" "-"
172.177.65.56 - - [03/Apr/2025:03:08:52 -0400] "GET /index/about.php HTTP/1.1" 404 9422 "-" "-"
172.177.65.56 - - [03/Apr/2025:03:08:56 -0400] "GET /manager.php HTTP/1.1" 404 9422 "-" "-"
172.177.65.56 - - [03/Apr/2025:03:09:03 -0400] "GET /.well-known/pki-validation/about.php HTTP/1.1" 404 1251 "-" "-"
172.177.65.56 - - [03/Apr/2025:03:09:04 -0400] "GET /wp-admin/user/content.php HTTP/1.1" 404 9422 "-" "-"
172.177.65.56 - - [03/Apr/2025:03:09:07 -0400] "GET /modules/mod_simplefileuploadv1.3/elements/filemanager.php HTTP/1.1" 404 9422 "-" "-"
172.177.65.56 - - [03/Apr/2025:03:09:11 -0400] "GET /about/function.php HTTP/1.1" 404 9422 "-" "-"
172.177.65.56 - - [03/Apr/2025:03:09:13 -0400] "GET /wp-content/plugins/wp.php HTTP/1.1" 200 0 "-" "-"
198.54.114.83 - - [03/Apr/2025:03:09:25 -0400] "POST /wp-cron.php?doing_wp_cron=1743664164.7300078868865966796875 HTTP/1.1" 200 0 "-" "WordPress/6.7.2; https://the80itspod.com"
43.156.156.96 - - [03/Apr/2025:03:20:52 -0400] "GET / HTTP/1.1" 200 16759 "-" "Mozilla/5.0 (iPhone; CPU iPhone OS 13_2_3 like Mac OS X) AppleWebKit/605.1.15 (KHTML, like Gecko) Version/13.0.3 Mobile/15E148 Safari/604.1"
34.169.116.137 - - [03/Apr/2025:04:17:51 -0400] "GET / HTTP/1.1" 200 16759 "-" "Mozilla/5.0 (Windows NT 10.0; Win64; x64) AppleWebKit/537.36 (KHTML, like Gecko) Chrome/78.0.3904.108 Safari/537.36"
198.54.114.83 - - [03/Apr/2025:04:17:55 -0400] "POST /wp-cron.php?doing_wp_cron=1743668275.5727760791778564453125 HTTP/1.1" 200 0 "-" "WordPress/6.7.2; https://the80itspod.com"
34.169.116.137 - - [03/Apr/2025:04:17:51 -0400] "GET /?author=1 HTTP/1.1" 404 9430 "-" "Mozilla/5.0 (Windows NT 10.0; Win64; x64) AppleWebKit/537.36 (KHTML, like Gecko) Chrome/78.0.3904.108 Safari/537.36"
34.169.116.137 - - [03/Apr/2025:04:17:56 -0400] "GET /?author=2 HTTP/1.1" 404 9431 "-" "Mozilla/5.0 (Windows NT 10.0; Win64; x64) AppleWebKit/537.36 (KHTML, like Gecko) Chrome/78.0.3904.108 Safari/537.36"
34.169.116.137 - - [03/Apr/2025:04:17:57 -0400] "GET /wp-json/wp/v2/users/ HTTP/1.1" 401 108 "-" "Mozilla/5.0 (Windows NT 10.0; Win64; x64) AppleWebKit/537.36 (KHTML, like Gecko) Chrome/78.0.3904.108 Safari/537.36"
34.169.116.137 - - [03/Apr/2025:04:17:59 -0400] "GET /wp-json/oembed/1.0/embed?url=http://the80itspod.com HTTP/1.1" 404 73 "-" "Mozilla/5.0 (Windows NT 10.0; Win64; x64) AppleWebKit/537.36 (KHTML, like Gecko) Chrome/78.0.3904.108 Safari/537.36"
198.54.114.83 - - [03/Apr/2025:04:21:08 -0400] "POST /wp-cron.php?doing_wp_cron=1743668468.6013019084930419921875 HTTP/1.1" 200 0 "-" "WordPress/6.7.2; https://the80itspod.com"
212.102.39.196 - - [03/Apr/2025:04:21:08 -0400] "GET /marvel-comic-characters-at-casinos/ HTTP/1.1" 200 14640 "http://the80itspod.com/marvel-comic-characters-at-casinos/" "Mozilla/5.0 (Windows NT 10.0; Win64; x64) AppleWebKit/537.36 (KHTML, like Gecko) Chrome/129.0.0.0 Safari/537.36"
212.102.39.196 - - [03/Apr/2025:04:21:11 -0400] "POST /wp-comments-post.php HTTP/1.1" 302 0 "http://the80itspod.com/marvel-comic-characters-at-casinos/" "Mozilla/5.0 (Windows NT 10.0; Win64; x64) AppleWebKit/537.36 (KHTML, like Gecko) Chrome/129.0.0.0 Safari/537.36"
157.230.185.203 - - [03/Apr/2025:04:44:51 -0400] "GET /wp-admin/css/ HTTP/1.1" 403 1242 "binance.com" "Mozilla/5.0 (Windows NT 10.0; Win64; x64) AppleWebKit/537.36 (KHTML, like Gecko) Chrome/90.0.4430.85 Safari/537.36"
198.54.114.83 - - [03/Apr/2025:05:06:13 -0400] "POST /wp-cron.php?doing_wp_cron=1743671172.4917171001434326171875 HTTP/1.1" 200 0 "-" "WordPress/6.7.2; https://the80itspod.com"
135.181.74.47 - - [03/Apr/2025:05:06:12 -0400] "GET /marvel-comic-characters-at-casinos/ HTTP/1.1" 200 14647 "-" "Mozilla/5.0 (Windows NT 10.0; Win64; x64) AppleWebKit/537.36 (KHTML, like Gecko) Chrome/118.0.0.0 Safari/537.36"
135.181.74.47 - - [03/Apr/2025:05:27:34 -0400] "GET /dometic-dometic-parts-failures/ HTTP/1.1" 200 13995 "-" "Mozilla/5.0 (Windows NT 10.0; Win64; x64) AppleWebKit/537.36 (KHTML, like Gecko) Chrome/118.0.0.0 Safari/537.36"
178.159.37.55 - - [03/Apr/2025:05:44:33 -0400] "GET /relx-electronic-cigarette/ HTTP/1.1" 200 14981 "http://the80itspod.com/relx-electronic-cigarette/" "Mozilla/5.0 (Windows NT 10.0; Win64; x64) AppleWebKit/537.36 (KHTML, like Gecko) Chrome/130.0.0.0 Safari/537.36 CCleaner/130.0.0.0"
178.159.37.55 - - [03/Apr/2025:05:44:34 -0400] "POST /wp-comments-post.php HTTP/1.1" 302 0 "http://the80itspod.com/relx-electronic-cigarette/" "Mozilla/5.0 (Windows NT 10.0; Win64; x64) AppleWebKit/537.36 (KHTML, like Gecko) Chrome/130.0.0.0 Safari/537.36 CCleaner/130.0.0.0"
198.54.114.83 - - [03/Apr/2025:06:03:56 -0400] "POST /wp-cron.php?doing_wp_cron=1743674636.6985828876495361328125 HTTP/1.1" 200 0 "-" "WordPress/6.7.2; https://the80itspod.com"
85.208.98.23 - - [03/Apr/2025:06:03:56 -0400] "GET /robots.txt HTTP/1.1" 200 126 "-" "Mozilla/5.0 (compatible; SemrushBot-BA; +http://www.semrush.com/bot.html)"
34.122.147.229 - - [03/Apr/2025:07:02:32 -0400] "GET / HTTP/1.1" 200 16759 "-" "Mozilla/5.0 (X11; Linux x86_64) AppleWebKit/537.36 (KHTML, like Gecko) HeadlessChrome/125.0.6422.60 Safari/537.36"
34.122.147.229 - - [03/Apr/2025:07:02:34 -0400] "GET /wp-includes/css/dist/block-library/style.min.css?ver=6.7.2 HTTP/1.1" 200 19532 "http://the80itspod.com/" "Mozilla/5.0 (X11; Linux x86_64) AppleWebKit/537.36 (KHTML, like Gecko) HeadlessChrome/125.0.6422.60 Safari/537.36"
34.122.147.229 - - [03/Apr/2025:07:02:34 -0400] "GET /wp-content/themes/covernews/assets/icons/style.css?ver=6.7.2 HTTP/1.1" 200 1353 "http://the80itspod.com/" "Mozilla/5.0 (X11; Linux x86_64) AppleWebKit/537.36 (KHTML, like Gecko) HeadlessChrome/125.0.6422.60 Safari/537.36"
34.122.147.229 - - [03/Apr/2025:07:02:34 -0400] "GET /wp-content/themes/newsback/style.css?ver=1.0.2 HTTP/1.1" 200 2440 "http://the80itspod.com/" "Mozilla/5.0 (X11; Linux x86_64) AppleWebKit/537.36 (KHTML, like Gecko) HeadlessChrome/125.0.6422.60 Safari/537.36"
34.72.176.129 - - [03/Apr/2025:07:02:34 -0400] "GET /wp-content/themes/covernews/style.css?ver=6.7.2 HTTP/1.1" 200 48609 "http://the80itspod.com/" "Mozilla/5.0 (X11; Linux x86_64) AppleWebKit/537.36 (KHTML, like Gecko) HeadlessChrome/125.0.6422.60 Safari/537.36"
104.197.69.115 - - [03/Apr/2025:07:02:34 -0400] "GET /wp-content/themes/covernews/assets/slick/css/slick.css?ver=1.0.2 HTTP/1.1" 200 611 "http://the80itspod.com/" "Mozilla/5.0 (X11; Linux x86_64) AppleWebKit/537.36 (KHTML, like Gecko) HeadlessChrome/125.0.6422.60 Safari/537.36"
34.122.147.229 - - [03/Apr/2025:07:02:35 -0400] "GET /wp-includes/js/jquery/jquery-migrate.min.js?ver=3.4.1 HTTP/1.1" 200 5342 "http://the80itspod.com/" "Mozilla/5.0 (X11; Linux x86_64) AppleWebKit/537.36 (KHTML, like Gecko) HeadlessChrome/125.0.6422.60 Safari/537.36"
34.122.147.229 - - [03/Apr/2025:07:02:35 -0400] "GET /wp-includes/js/jquery/jquery.min.js?ver=3.7.1 HTTP/1.1" 304 0 "http://the80itspod.com/" "Mozilla/5.0 (X11; Linux x86_64) AppleWebKit/537.36 (KHTML, like Gecko) HeadlessChrome/125.0.6422.60 Safari/537.36"
34.122.147.229 - - [03/Apr/2025:07:02:35 -0400] "GET /wp-content/themes/covernews/js/navigation.js?ver=1.0.2 HTTP/1.1" 200 1179 "http://the80itspod.com/" "Mozilla/5.0 (X11; Linux x86_64) AppleWebKit/537.36 (KHTML, like Gecko) HeadlessChrome/125.0.6422.60 Safari/537.36"
34.72.176.129 - - [03/Apr/2025:07:02:35 -0400] "GET /wp-content/themes/covernews/js/skip-link-focus-fix.js?ver=1.0.2 HTTP/1.1" 200 426 "http://the80itspod.com/" "Mozilla/5.0 (X11; Linux x86_64) AppleWebKit/537.36 (KHTML, like Gecko) HeadlessChrome/125.0.6422.60 Safari/537.36"
34.72.176.129 - - [03/Apr/2025:07:02:35 -0400] "GET /wp-content/themes/covernews/assets/jquery-match-height/jquery.matchHeight.min.js?ver=1.0.2 HTTP/1.1" 200 1470 "http://the80itspod.com/" "Mozilla/5.0 (X11; Linux x86_64) AppleWebKit/537.36 (KHTML, like Gecko) HeadlessChrome/125.0.6422.60 Safari/537.36"
34.122.147.229 - - [03/Apr/2025:07:02:35 -0400] "GET /wp-content/themes/covernews/assets/fixed-header-script.js?ver=1.0.2 HTTP/1.1" 304 0 "http://the80itspod.com/" "Mozilla/5.0 (X11; Linux x86_64) AppleWebKit/537.36 (KHTML, like Gecko) HeadlessChrome/125.0.6422.60 Safari/537.36"
104.197.69.115 - - [03/Apr/2025:07:02:35 -0400] "GET /wp-content/themes/covernews/assets/slick/js/slick.min.js?ver=1.0.2 HTTP/1.1" 200 14359 "http://the80itspod.com/" "Mozilla/5.0 (X11; Linux x86_64) AppleWebKit/537.36 (KHTML, like Gecko) HeadlessChrome/125.0.6422.60 Safari/537.36"
34.122.147.229 - - [03/Apr/2025:07:02:35 -0400] "GET /wp-content/themes/covernews/assets/bootstrap/js/bootstrap.min.js?ver=1.0.2 HTTP/1.1" 200 18928 "http://the80itspod.com/" "Mozilla/5.0 (X11; Linux x86_64) AppleWebKit/537.36 (KHTML, like Gecko) HeadlessChrome/125.0.6422.60 Safari/537.36"
34.72.176.129 - - [03/Apr/2025:07:02:35 -0400] "GET /wp-content/themes/covernews/assets/script.js?ver=1.0.2 HTTP/1.1" 200 3529 "http://the80itspod.com/" "Mozilla/5.0 (X11; Linux x86_64) AppleWebKit/537.36 (KHTML, like Gecko) HeadlessChrome/125.0.6422.60 Safari/537.36"
34.122.147.229 - - [03/Apr/2025:07:02:35 -0400] "GET /wp-content/themes/covernews/assets/marquee/jquery.marquee.js?ver=1.0.2 HTTP/1.1" 200 5475 "http://the80itspod.com/" "Mozilla/5.0 (X11; Linux x86_64) AppleWebKit/537.36 (KHTML, like Gecko) HeadlessChrome/125.0.6422.60 Safari/537.36"
34.72.176.129 - - [03/Apr/2025:07:02:35 -0400] "GET /wp-content/themes/newsback/assets/img/default-header-image.jpeg HTTP/1.1" 200 297284 "http://the80itspod.com/" "Mozilla/5.0 (X11; Linux x86_64) AppleWebKit/537.36 (KHTML, like Gecko) HeadlessChrome/125.0.6422.60 Safari/537.36"
34.122.147.229 - - [03/Apr/2025:07:02:35 -0400] "GET /wp-content/themes/covernews/assets/icons/fonts/aft-icons.ttf?kiv2u2 HTTP/1.1" 200 19272 "http://the80itspod.com/wp-content/themes/covernews/assets/icons/style.css?ver=6.7.2" "Mozilla/5.0 (X11; Linux x86_64) AppleWebKit/537.36 (KHTML, like Gecko) HeadlessChrome/125.0.6422.60 Safari/537.36"
34.122.147.229 - - [03/Apr/2025:07:02:35 -0400] "GET /wp-includes/js/wp-emoji-release.min.js?ver=6.7.2 HTTP/1.1" 200 5857 "http://the80itspod.com/" "Mozilla/5.0 (X11; Linux x86_64) AppleWebKit/537.36 (KHTML, like Gecko) HeadlessChrome/125.0.6422.60 Safari/537.36"
45.144.212.171 - - [03/Apr/2025:07:22:13 -0400] "GET /app/etc/local.xml HTTP/1.1" 403 1242 "-" "Mozilla/5.0 (X11; Ubuntu; Linux i686; rv:28.0) Gecko/20100101 Firefox/72.0"
45.144.212.171 - - [03/Apr/2025:07:22:13 -0400] "GET /api/index.php/v1/config/application?public=true HTTP/1.1" 301 0 "-" "Mozilla/5.0 (X11; Ubuntu; Linux i686; rv:28.0) Gecko/20100101 Firefox/72.0"
45.144.212.171 - - [03/Apr/2025:07:22:14 -0400] "GET /api/v1/config/application?public=true HTTP/1.1" 404 9422 "-" "Mozilla/5.0 (X11; Ubuntu; Linux i686; rv:28.0) Gecko/20100101 Firefox/72.0"
45.144.212.171 - - [03/Apr/2025:07:22:16 -0400] "GET /env HTTP/1.1" 404 9428 "-" "Mozilla/5.0 (X11; Ubuntu; Linux i686; rv:28.0) Gecko/20100101 Firefox/72.0"
45.144.212.171 - - [03/Apr/2025:07:22:18 -0400] "GET /blog/.env HTTP/1.1" 403 1242 "-" "Mozilla/5.0 (X11; Ubuntu; Linux i686; rv:28.0) Gecko/20100101 Firefox/72.0"
45.144.212.171 - - [03/Apr/2025:07:22:18 -0400] "GET /admin/.env HTTP/1.1" 403 1242 "-" "Mozilla/5.0 (X11; Ubuntu; Linux i686; rv:28.0) Gecko/20100101 Firefox/72.0"
45.144.212.171 - - [03/Apr/2025:07:22:20 -0400] "GET /laravel/.env HTTP/1.1" 403 1242 "-" "Mozilla/5.0 (X11; Ubuntu; Linux i686; rv:28.0) Gecko/20100101 Firefox/72.0"
45.144.212.171 - - [03/Apr/2025:07:22:20 -0400] "GET /services/.env HTTP/1.1" 403 1242 "-" "Mozilla/5.0 (X11; Ubuntu; Linux i686; rv:28.0) Gecko/20100101 Firefox/72.0"
45.144.212.171 - - [03/Apr/2025:07:22:21 -0400] "GET /config/.env HTTP/1.1" 403 1242 "-" "Mozilla/5.0 (X11; Ubuntu; Linux i686; rv:28.0) Gecko/20100101 Firefox/72.0"
45.144.212.171 - - [03/Apr/2025:07:22:21 -0400] "GET /service/.env HTTP/1.1" 403 1242 "-" "Mozilla/5.0 (X11; Ubuntu; Linux i686; rv:28.0) Gecko/20100101 Firefox/72.0"
45.144.212.171 - - [03/Apr/2025:07:22:22 -0400] "GET /test/.env HTTP/1.1" 403 1242 "-" "Mozilla/5.0 (X11; Ubuntu; Linux i686; rv:28.0) Gecko/20100101 Firefox/72.0"
45.144.212.171 - - [03/Apr/2025:07:22:22 -0400] "GET /demo/.env HTTP/1.1" 403 1242 "-" "Mozilla/5.0 (X11; Ubuntu; Linux i686; rv:28.0) Gecko/20100101 Firefox/72.0"
45.144.212.171 - - [03/Apr/2025:07:22:23 -0400] "GET /env.txt HTTP/1.1" 404 9421 "-" "Mozilla/5.0 (X11; Ubuntu; Linux i686; rv:28.0) Gecko/20100101 Firefox/72.0"
45.144.212.171 - - [03/Apr/2025:07:22:25 -0400] "GET /local/.env HTTP/1.1" 403 1242 "-" "Mozilla/5.0 (X11; Ubuntu; Linux i686; rv:28.0) Gecko/20100101 Firefox/72.0"
45.144.212.171 - - [03/Apr/2025:07:22:26 -0400] "GET /system/.env HTTP/1.1" 403 1242 "-" "Mozilla/5.0 (X11; Ubuntu; Linux i686; rv:28.0) Gecko/20100101 Firefox/72.0"
45.144.212.171 - - [03/Apr/2025:07:22:26 -0400] "GET /shop/.env HTTP/1.1" 403 1242 "-" "Mozilla/5.0 (X11; Ubuntu; Linux i686; rv:28.0) Gecko/20100101 Firefox/72.0"
45.144.212.171 - - [03/Apr/2025:07:22:26 -0400] "GET /blog1/.env HTTP/1.1" 403 1242 "-" "Mozilla/5.0 (X11; Ubuntu; Linux i686; rv:28.0) Gecko/20100101 Firefox/72.0"
45.144.212.171 - - [03/Apr/2025:07:22:27 -0400] "GET /site/.env HTTP/1.1" 404 9421 "-" "Mozilla/5.0 (X11; Ubuntu; Linux i686; rv:28.0) Gecko/20100101 Firefox/72.0"
45.144.212.171 - - [03/Apr/2025:07:22:28 -0400] "GET /.env.dev HTTP/1.1" 403 1242 "-" "Mozilla/5.0 (X11; Ubuntu; Linux i686; rv:28.0) Gecko/20100101 Firefox/72.0"
45.144.212.171 - - [03/Apr/2025:07:22:29 -0400] "GET /home/.env HTTP/1.1" 403 1242 "-" "Mozilla/5.0 (X11; Ubuntu; Linux i686; rv:28.0) Gecko/20100101 Firefox/72.0"
45.144.212.171 - - [03/Apr/2025:07:22:29 -0400] "GET /web/.env HTTP/1.1" 404 9422 "-" "Mozilla/5.0 (X11; Ubuntu; Linux i686; rv:28.0) Gecko/20100101 Firefox/72.0"
45.144.212.171 - - [03/Apr/2025:07:22:31 -0400] "GET /.env1 HTTP/1.1" 403 1242 "-" "Mozilla/5.0 (X11; Ubuntu; Linux i686; rv:28.0) Gecko/20100101 Firefox/72.0"
45.144.212.171 - - [03/Apr/2025:07:22:31 -0400] "GET /website/.env HTTP/1.1" 403 1242 "-" "Mozilla/5.0 (X11; Ubuntu; Linux i686; rv:28.0) Gecko/20100101 Firefox/72.0"
2a01:4f9:c010:5da2::1 - - [03/Apr/2025:07:54:57 -0400] "GET /marvel-comic-characters-at-casinos/ HTTP/1.1" 200 14647 "http://the80itspod.com/marvel-comic-characters-at-casinos/" "Mozilla/5.0 (Windows NT 10.0; Win64; x64) AppleWebKit/537.36 (KHTML, like Gecko) Chrome/130.0.0.0 Safari/537.36 CCleaner/130.0.0.0"
2a01:4f9:c010:5da2::1 - - [03/Apr/2025:07:54:59 -0400] "POST /wp-comments-post.php HTTP/1.1" 302 0 "http://the80itspod.com/marvel-comic-characters-at-casinos/" "Mozilla/5.0 (Windows NT 10.0; Win64; x64) AppleWebKit/537.36 (KHTML, like Gecko) Chrome/130.0.0.0 Safari/537.36 CCleaner/130.0.0.0"
212.102.39.211 - - [03/Apr/2025:08:46:42 -0400] "GET /marvel-comic-characters-at-casinos/ HTTP/1.1" 200 14647 "http://the80itspod.com/marvel-comic-characters-at-casinos/" "Mozilla/5.0 (Windows NT 10.0; Win64; x64) AppleWebKit/537.36 (KHTML, like Gecko) Chrome/130.0.0.0 Safari/537.36"
198.54.114.83 - - [03/Apr/2025:08:46:43 -0400] "POST /wp-cron.php?doing_wp_cron=1743684403.2367470264434814453125 HTTP/1.1" 200 0 "-" "WordPress/6.7.2; https://the80itspod.com"
212.102.39.211 - - [03/Apr/2025:08:46:42 -0400] "POST /wp-comments-post.php HTTP/1.1" 302 0 "http://the80itspod.com/marvel-comic-characters-at-casinos/" "Mozilla/5.0 (Windows NT 10.0; Win64; x64) AppleWebKit/537.36 (KHTML, like Gecko) Chrome/130.0.0.0 Safari/537.36"
195.47.238.92 - - [03/Apr/2025:08:53:00 -0400] "GET / HTTP/1.1" 200 16759 "the80itspod.com" "Mozilla/5.0 (Windows NT 5.1) AppleWebKit/537.36 (KHTML, like Gecko) Chrome/49.0.2623.47 Safari/537.36"
196.251.89.173 - - [03/Apr/2025:08:59:22 -0400] "GET / HTTP/1.1" 200 16759 "-" "Mozilla/5.0 (Windows NT 10.0; Win64; x64) AppleWebKit/537.36 (KHTML, like Gecko) Chrome/89.0.4389.114 Safari/537.36"
196.251.89.173 - - [03/Apr/2025:08:59:23 -0400] "GET /?author=1 HTTP/1.1" 404 9430 "-" "Mozilla/5.0 (Windows NT 10.0; Win64; x64) AppleWebKit/537.36 (KHTML, like Gecko) Chrome/89.0.4389.114 Safari/537.36"
196.251.89.173 - - [03/Apr/2025:08:59:24 -0400] "GET /?author=2 HTTP/1.1" 404 9425 "-" "Mozilla/5.0 (Windows NT 10.0; Win64; x64) AppleWebKit/537.36 (KHTML, like Gecko) Chrome/89.0.4389.114 Safari/537.36"
196.251.89.173 - - [03/Apr/2025:08:59:25 -0400] "GET /?author=3 HTTP/1.1" 404 9424 "-" "Mozilla/5.0 (Windows NT 10.0; Win64; x64) AppleWebKit/537.36 (KHTML, like Gecko) Chrome/89.0.4389.114 Safari/537.36"
196.251.89.173 - - [03/Apr/2025:08:59:26 -0400] "GET /wp-json/wp/v2/users/ HTTP/1.1" 401 108 "-" "Mozilla/5.0 (Windows NT 10.0; Win64; x64) AppleWebKit/537.36 (KHTML, like Gecko) Chrome/89.0.4389.114 Safari/537.36"
196.251.89.173 - - [03/Apr/2025:08:59:27 -0400] "GET /wp-json/oembed/1.0/embed?url=http://the80itspod.com HTTP/1.1" 404 73 "-" "Mozilla/5.0 (Windows NT 10.0; Win64; x64) AppleWebKit/537.36 (KHTML, like Gecko) Chrome/89.0.4389.114 Safari/537.36"
198.54.114.83 - - [03/Apr/2025:09:24:45 -0400] "POST /wp-cron.php?doing_wp_cron=1743686685.6990699768066406250000 HTTP/1.1" 200 0 "-" "WordPress/6.7.2; https://the80itspod.com"
18.188.242.255 - - [03/Apr/2025:09:24:42 -0400] "HEAD /?rest_route=/wp/v2/users HTTP/1.1" 401 0 "https://www.google.com/" "Mozilla/5.0 (Linux; Android 10; Pixel 4) AppleWebKit/537.36 (KHTML, like Gecko) Chrome/91.0.4472.124 Mobile Safari/537.36"
18.188.242.255 - - [03/Apr/2025:09:24:47 -0400] "HEAD /wordpress/?rest_route=/wp/v2/users HTTP/1.1" 401 0 "https://www.google.com/" "Mozilla/5.0 (Linux; Android 7.0; SM-G892A Build/NRD90M; wv) AppleWebKit/537.36 (KHTML, like Gecko) Version/4.0 Chrome/60.0.3112.107 Mobile Safari/537.36"
18.188.242.255 - - [03/Apr/2025:09:24:49 -0400] "HEAD /wp/?rest_route=/wp/v2/users HTTP/1.1" 401 0 "https://www.google.com/" "Mozilla/5.0 (Linux; Android 7.0; SM-G892A Build/NRD90M; wv) AppleWebKit/537.36 (KHTML, like Gecko) Version/4.0 Chrome/60.0.3112.107 Mobile Safari/537.36"
18.188.242.255 - - [03/Apr/2025:09:24:50 -0400] "HEAD /blog/?rest_route=/wp/v2/users HTTP/1.1" 401 0 "https://www.google.com/" "Mozilla/5.0 (Windows NT 10.0; Win64; x64) AppleWebKit/537.36 (KHTML, like Gecko) Chrome/91.0.4472.124 Safari/537.36 Edg/91.0.864.64"
18.188.242.255 - - [03/Apr/2025:09:24:51 -0400] "HEAD /test/?rest_route=/wp/v2/users HTTP/1.1" 401 0 "https://www.google.com/" "Mozilla/5.0 (Windows NT 10.0; Win64; x64) AppleWebKit/537.36 (KHTML, like Gecko) Chrome/91.0.4472.124 Safari/537.36"
18.188.242.255 - - [03/Apr/2025:09:24:52 -0400] "HEAD /test1/?rest_route=/wp/v2/users HTTP/1.1" 401 0 "https://www.google.com/" "Mozilla/5.0 (Linux; Android 7.0; SM-G892A Build/NRD90M; wv) AppleWebKit/537.36 (KHTML, like Gecko) Version/4.0 Chrome/60.0.3112.107 Mobile Safari/537.36"
18.188.242.255 - - [03/Apr/2025:09:24:53 -0400] "HEAD /WP/?rest_route=/wp/v2/users HTTP/1.1" 401 0 "https://www.google.com/" "Mozilla/5.0 (Macintosh; Intel Mac OS X 10_15_7) AppleWebKit/605.1.15 (KHTML, like Gecko) Version/14.0 Safari/605.1.15"
18.188.242.255 - - [03/Apr/2025:09:24:54 -0400] "HEAD /2025/?rest_route=/wp/v2/users HTTP/1.1" 401 0 "https://www.google.com/" "Mozilla/5.0 (X11; Linux x86_64; rv:114.0) Gecko/20100101 Firefox/114.0"
43.156.168.214 - - [03/Apr/2025:09:37:32 -0400] "GET / HTTP/1.1" 200 16759 "-" "Mozilla/5.0 (iPhone; CPU iPhone OS 13_2_3 like Mac OS X) AppleWebKit/605.1.15 (KHTML, like Gecko) Version/13.0.3 Mobile/15E148 Safari/604.1"
198.54.114.83 - - [03/Apr/2025:09:45:45 -0400] "POST /wp-cron.php?doing_wp_cron=1743687945.0576078891754150390625 HTTP/1.1" 200 0 "-" "WordPress/6.7.2; https://the80itspod.com"
197.11.70.170 - - [03/Apr/2025:09:45:44 -0400] "GET /wp-login.php HTTP/1.1" 302 0 "-" "Mozilla/5.0 (Windows NT 10.0; Win64; x64) AppleWebKit/537.36 (KHTML, like Gecko) Chrome/91.0.4472.124 Safari/537.36"
2a00:f940:2:4:2::4a60 - - [03/Apr/2025:09:47:44 -0400] "GET / HTTP/1.1" 200 16759 "-" "Mozilla/5.0 (Windows NT 10.0; Win64; x64; rv:60.0) Gecko/20100101 Firefox/60.0"
85.208.98.23 - - [03/Apr/2025:10:07:56 -0400] "GET /robots.txt HTTP/1.1" 304 0 "-" "Mozilla/5.0 (compatible; SemrushBot-BA; +http://www.semrush.com/bot.html)"
138.197.28.246 - - [03/Apr/2025:10:13:48 -0400] "GET / HTTP/1.1" 200 16759 "-" "Mozilla/5.0 (Windows NT 10.0; Win64; x64) AppleWebKit/537.36 (KHTML, like Gecko) Chrome/95.0.4638.69 Safari/537.36"
138.197.28.246 - - [03/Apr/2025:10:13:48 -0400] "GET /wp-includes/ID3/license.txt HTTP/1.1" 200 501 "-" "Mozilla/5.0 (Windows NT 10.0; Win64; x64) AppleWebKit/537.36 (KHTML, like Gecko) Chrome/95.0.4638.69 Safari/537.36"
198.54.114.83 - - [03/Apr/2025:10:13:49 -0400] "POST /wp-cron.php?doing_wp_cron=1743689629.5427520275115966796875 HTTP/1.1" 200 0 "-" "WordPress/6.7.2; https://the80itspod.com"
138.197.28.246 - - [03/Apr/2025:10:13:49 -0400] "GET /feed/ HTTP/1.1" 200 172648 "-" "Mozilla/5.0 (Windows NT 10.0; Win64; x64) AppleWebKit/537.36 (KHTML, like Gecko) Chrome/95.0.4638.69 Safari/537.36"
138.197.28.246 - - [03/Apr/2025:10:13:50 -0400] "GET /?author=1 HTTP/1.1" 404 9430 "-" "Mozilla/5.0 (Windows NT 10.0; Win64; x64) AppleWebKit/537.36 (KHTML, like Gecko) Chrome/95.0.4638.69 Safari/537.36"
138.197.28.246 - - [03/Apr/2025:10:13:51 -0400] "GET /wp-json/wp/v2/users/ HTTP/1.1" 401 108 "-" "Mozilla/5.0 (Windows NT 10.0; Win64; x64) AppleWebKit/537.36 (KHTML, like Gecko) Chrome/95.0.4638.69 Safari/537.36"
138.197.28.246 - - [03/Apr/2025:10:13:51 -0400] "GET /wp-json/oembed/1.0/embed?url=http://the80itspod.com HTTP/1.1" 404 73 "-" "Mozilla/5.0 (Windows NT 10.0; Win64; x64) AppleWebKit/537.36 (KHTML, like Gecko) Chrome/95.0.4638.69 Safari/537.36"
198.54.114.83 - - [03/Apr/2025:10:30:02 -0400] "POST /wp-cron.php?doing_wp_cron=1743690601.9159939289093017578125 HTTP/1.1" 200 0 "-" "WordPress/6.7.2; https://the80itspod.com"
193.32.126.224 - - [03/Apr/2025:10:30:01 -0400] "POST /wp-login.php HTTP/1.1" 302 0 "http://the80itspod.com/wp-admin/" "Mozilla/5.0 (Windows NT 10.0; Win64; x64) AppleWebKit/537.36 (KHTML, like Gecko) Chrome/90.0.4430.85 Safari/537.36"
198.54.114.83 - - [03/Apr/2025:10:32:24 -0400] "POST /wp-cron.php?doing_wp_cron=1743690744.0615489482879638671875 HTTP/1.1" 200 0 "-" "WordPress/6.7.2; https://the80itspod.com"
103.24.219.137 - - [03/Apr/2025:10:32:22 -0400] "GET /static/common/user/uedit/php/controller.php?action=catchimage HTTP/1.1" 404 9428 "-" "Mozilla/5.0 (Windows NT 10.0; WOW64; rv:48.0) Gecko/20100101 Firefox/48.0"
198.54.114.83 - - [03/Apr/2025:10:37:00 -0400] "POST /wp-cron.php?doing_wp_cron=1743691019.8519120216369628906250 HTTP/1.1" 200 0 "-" "WordPress/6.7.2; https://the80itspod.com"
165.227.83.226 - - [03/Apr/2025:10:36:58 -0400] "POST /wp-login.php HTTP/1.1" 302 0 "http://the80itspod.com/wp-admin/" "Mozilla/5.0 (Windows NT 10.0; Win64; x64) AppleWebKit/537.36 (KHTML, like Gecko) Chrome/90.0.4430.85 Safari/537.36"
165.227.83.226 - - [03/Apr/2025:10:37:01 -0400] "GET /wp-admin/ HTTP/1.1" 302 0 "www.google.com" "Mozilla/5.0 (Windows NT 10.0; Win64; x64) AppleWebKit/537.36 (KHTML, like Gecko) Chrome/90.0.4430.85 Safari/537.36"
178.159.37.98 - - [03/Apr/2025:10:57:27 -0400] "GET /relx-electronic-cigarette/ HTTP/1.1" 200 14981 "http://the80itspod.com/relx-electronic-cigarette/" "Mozilla/5.0 (Windows NT 10.0; Win64; x64) AppleWebKit/537.36 (KHTML, like Gecko) Chrome/131.0.0.0 Safari/537.36 Avast/131.0.0.0"
178.159.37.98 - - [03/Apr/2025:10:57:28 -0400] "POST /wp-comments-post.php HTTP/1.1" 302 0 "http://the80itspod.com/relx-electronic-cigarette/" "Mozilla/5.0 (Windows NT 10.0; Win64; x64) AppleWebKit/537.36 (KHTML, like Gecko) Chrome/131.0.0.0 Safari/537.36 Avast/131.0.0.0"
212.102.39.196 - - [03/Apr/2025:11:06:42 -0400] "GET /marvel-comic-characters-at-casinos/ HTTP/1.1" 200 14647 "http://the80itspod.com/marvel-comic-characters-at-casinos/" "Mozilla/5.0 (Windows NT 10.0; Win64; x64) AppleWebKit/537.36 (KHTML, like Gecko) Chrome/131.0.0.0 Safari/537.36"
198.54.114.83 - - [03/Apr/2025:11:06:44 -0400] "POST /wp-cron.php?doing_wp_cron=1743692803.9232950210571289062500 HTTP/1.1" 200 0 "-" "WordPress/6.7.2; https://the80itspod.com"
212.102.39.196 - - [03/Apr/2025:11:06:43 -0400] "POST /wp-comments-post.php HTTP/1.1" 302 0 "http://the80itspod.com/marvel-comic-characters-at-casinos/" "Mozilla/5.0 (Windows NT 10.0; Win64; x64) AppleWebKit/537.36 (KHTML, like Gecko) Chrome/131.0.0.0 Safari/537.36"
34.222.211.100 - - [03/Apr/2025:11:12:54 -0400] "GET / HTTP/1.1" 200 16759 "-" "Mozilla/5.0 (Windows NT 10.0; Win64; x64) AppleWebKit/537.36 (KHTML, like Gecko) Chrome/90.0.4430.85 Safari/537.36"
198.54.114.83 - - [03/Apr/2025:11:12:55 -0400] "POST /wp-cron.php?doing_wp_cron=1743693174.8993620872497558593750 HTTP/1.1" 200 0 "-" "WordPress/6.7.2; https://the80itspod.com"
34.222.211.100 - - [03/Apr/2025:11:12:54 -0400] "GET /?author=1 HTTP/1.1" 404 9430 "-" "Mozilla/5.0 (Windows NT 10.0; Win64; x64) AppleWebKit/537.36 (KHTML, like Gecko) Chrome/90.0.4430.85 Safari/537.36"
34.222.211.100 - - [03/Apr/2025:11:12:55 -0400] "GET /?author=2 HTTP/1.1" 404 9424 "-" "Mozilla/5.0 (Windows NT 10.0; Win64; x64) AppleWebKit/537.36 (KHTML, like Gecko) Chrome/90.0.4430.85 Safari/537.36"
34.222.211.100 - - [03/Apr/2025:11:12:56 -0400] "GET /wp-json/wp/v2/users/ HTTP/1.1" 401 108 "-" "Mozilla/5.0 (Windows NT 10.0; Win64; x64) AppleWebKit/537.36 (KHTML, like Gecko) Chrome/90.0.4430.85 Safari/537.36"
34.222.211.100 - - [03/Apr/2025:11:12:56 -0400] "GET /wp-json/oembed/1.0/embed?url=http://the80itspod.com HTTP/1.1" 404 73 "-" "Mozilla/5.0 (Windows NT 10.0; Win64; x64) AppleWebKit/537.36 (KHTML, like Gecko) Chrome/90.0.4430.85 Safari/537.36"
111.172.249.49 - - [03/Apr/2025:11:20:30 -0400] "GET / HTTP/1.1" 200 16759 "-" "Mozilla/5.0 (iPhone; CPU iPhone OS 13_2_3 like Mac OS X) AppleWebKit/605.1.15 (KHTML, like Gecko) Version/13.0.3 Mobile/15E148 Safari/604.1"
161.35.47.151 - - [03/Apr/2025:11:29:00 -0400] "GET /chosen.php?p= HTTP/1.1" 301 0 "-" "Mozilla/5.0 (Linux; Android 7.0; SM-G892A Build/NRD90M; wv) AppleWebKit/537.36 (KHTML, like Gecko) Version/4.0 Chrome/60.0.3112.107 Mobile Safari/537.36"
161.35.47.151 - - [03/Apr/2025:11:29:01 -0400] "GET /chosen.php HTTP/1.1" 404 9421 "-" "Mozilla/5.0 (Linux; Android 7.0; SM-G892A Build/NRD90M; wv) AppleWebKit/537.36 (KHTML, like Gecko) Version/4.0 Chrome/60.0.3112.107 Mobile Safari/537.36"
154.83.103.11 - - [03/Apr/2025:11:34:43 -0400] "GET /.git/HEAD HTTP/1.1" 403 1242 "-" "-"
198.54.114.83 - - [03/Apr/2025:11:34:49 -0400] "POST /wp-cron.php?doing_wp_cron=1743694489.3760619163513183593750 HTTP/1.1" 200 0 "-" "WordPress/6.7.2; https://the80itspod.com"
154.83.103.11 - - [03/Apr/2025:11:34:48 -0400] "GET /.circleci/configs/development.yml HTTP/1.1" 404 9421 "-" "Mozilla/5.0 (Windows NT 10.0; Win64; x64) AppleWebKit/537.36 (KHTML, like Gecko) Chrome/91.0.4472.124 Safari/537.36"
154.83.103.11 - - [03/Apr/2025:11:34:50 -0400] "GET / HTTP/1.1" 200 16759 "-" "Mozilla/5.0 (Windows NT 10.0; Win64; x64) AppleWebKit/537.36 (KHTML, like Gecko) Chrome/91.0.4472.124 Safari/537.36"
154.83.103.11 - - [03/Apr/2025:11:34:50 -0400] "GET /.AWS_/credentials HTTP/1.1" 404 9421 "-" "Mozilla/5.0 (Windows NT 10.0; Win64; x64) AppleWebKit/537.36 (KHTML, like Gecko) Chrome/91.0.4472.124 Safari/537.36"
154.83.103.11 - - [03/Apr/2025:11:34:52 -0400] "GET /.aws/config HTTP/1.1" 404 9421 "-" "Mozilla/5.0 (Windows NT 10.0; Win64; x64) AppleWebKit/537.36 (KHTML, like Gecko) Chrome/91.0.4472.124 Safari/537.36"
154.83.103.11 - - [03/Apr/2025:11:34:54 -0400] "GET /.aws/credentials HTTP/1.1" 404 9421 "-" "Mozilla/5.0 (Windows NT 10.0; Win64; x64) AppleWebKit/537.36 (KHTML, like Gecko) Chrome/91.0.4472.124 Safari/537.36"
154.83.103.11 - - [03/Apr/2025:11:34:55 -0400] "GET /.env HTTP/1.1" 403 1242 "-" "Mozilla/5.0 (Windows NT 10.0; Win64; x64) AppleWebKit/537.36 (KHTML, like Gecko) Chrome/91.0.4472.124 Safari/537.36"
154.83.103.11 - - [03/Apr/2025:11:34:55 -0400] "GET /.env.bak HTTP/1.1" 403 1242 "-" "Mozilla/5.0 (Windows NT 10.0; Win64; x64) AppleWebKit/537.36 (KHTML, like Gecko) Chrome/91.0.4472.124 Safari/537.36"
154.83.103.11 - - [03/Apr/2025:11:34:56 -0400] "GET /.env.example HTTP/1.1" 403 1242 "-" "Mozilla/5.0 (Windows NT 10.0; Win64; x64) AppleWebKit/537.36 (KHTML, like Gecko) Chrome/91.0.4472.124 Safari/537.36"
154.83.103.11 - - [03/Apr/2025:11:34:56 -0400] "GET /.env.local HTTP/1.1" 403 1242 "-" "Mozilla/5.0 (Windows NT 10.0; Win64; x64) AppleWebKit/537.36 (KHTML, like Gecko) Chrome/91.0.4472.124 Safari/537.36"
154.83.103.11 - - [03/Apr/2025:11:34:56 -0400] "GET /.env.old HTTP/1.1" 403 1242 "-" "Mozilla/5.0 (Windows NT 10.0; Win64; x64) AppleWebKit/537.36 (KHTML, like Gecko) Chrome/91.0.4472.124 Safari/537.36"
154.83.103.11 - - [03/Apr/2025:11:35:06 -0400] "GET /.env.prod HTTP/1.1" 403 1242 "-" "Mozilla/5.0 (Windows NT 10.0; Win64; x64) AppleWebKit/537.36 (KHTML, like Gecko) Chrome/91.0.4472.124 Safari/537.36"
154.83.103.11 - - [03/Apr/2025:11:35:07 -0400] "GET /.env.production.local HTTP/1.1" 403 1242 "-" "Mozilla/5.0 (Windows NT 10.0; Win64; x64) AppleWebKit/537.36 (KHTML, like Gecko) Chrome/91.0.4472.124 Safari/537.36"
154.83.103.11 - - [03/Apr/2025:11:35:08 -0400] "GET /.env.stage HTTP/1.1" 403 1242 "-" "Mozilla/5.0 (Windows NT 10.0; Win64; x64) AppleWebKit/537.36 (KHTML, like Gecko) Chrome/91.0.4472.124 Safari/537.36"
154.83.103.11 - - [03/Apr/2025:11:35:09 -0400] "GET /.env_sample HTTP/1.1" 403 1242 "-" "Mozilla/5.0 (Windows NT 10.0; Win64; x64) AppleWebKit/537.36 (KHTML, like Gecko) Chrome/91.0.4472.124 Safari/537.36"
154.83.103.11 - - [03/Apr/2025:11:35:12 -0400] "GET /.git/ HTTP/1.1" 403 1242 "-" "Mozilla/5.0 (Windows NT 10.0; Win64; x64) AppleWebKit/537.36 (KHTML, like Gecko) Chrome/91.0.4472.124 Safari/537.36"
154.83.103.11 - - [03/Apr/2025:11:35:13 -0400] "GET /.git/COMMIT_EDITMSG HTTP/1.1" 403 1242 "-" "Mozilla/5.0 (Windows NT 10.0; Win64; x64) AppleWebKit/537.36 (KHTML, like Gecko) Chrome/91.0.4472.124 Safari/537.36"
154.83.103.11 - - [03/Apr/2025:11:35:15 -0400] "GET /.git/FETCH_HEAD HTTP/1.1" 403 1242 "-" "Mozilla/5.0 (Windows NT 10.0; Win64; x64) AppleWebKit/537.36 (KHTML, like Gecko) Chrome/91.0.4472.124 Safari/537.36"
154.83.103.11 - - [03/Apr/2025:11:35:17 -0400] "GET /.git/HEAD HTTP/1.1" 403 1242 "-" "Mozilla/5.0 (Windows NT 10.0; Win64; x64) AppleWebKit/537.36 (KHTML, like Gecko) Chrome/91.0.4472.124 Safari/537.36"
154.83.103.11 - - [03/Apr/2025:11:35:23 -0400] "GET /.git/ORIG_HEAD HTTP/1.1" 403 1242 "-" "Mozilla/5.0 (Windows NT 10.0; Win64; x64) AppleWebKit/537.36 (KHTML, like Gecko) Chrome/91.0.4472.124 Safari/537.36"
154.83.103.11 - - [03/Apr/2025:11:35:24 -0400] "GET /.git/config HTTP/1.1" 403 1242 "-" "Mozilla/5.0 (Windows NT 10.0; Win64; x64) AppleWebKit/537.36 (KHTML, like Gecko) Chrome/91.0.4472.124 Safari/537.36"
154.83.103.11 - - [03/Apr/2025:11:35:24 -0400] "GET /.git/description HTTP/1.1" 403 1242 "-" "Mozilla/5.0 (Windows NT 10.0; Win64; x64) AppleWebKit/537.36 (KHTML, like Gecko) Chrome/91.0.4472.124 Safari/537.36"
154.83.103.11 - - [03/Apr/2025:11:35:29 -0400] "GET /.git/hooks/post-commit HTTP/1.1" 403 1242 "-" "Mozilla/5.0 (Windows NT 10.0; Win64; x64) AppleWebKit/537.36 (KHTML, like Gecko) Chrome/91.0.4472.124 Safari/537.36"
154.83.103.11 - - [03/Apr/2025:11:35:36 -0400] "GET /.git/hooks/pre-commit HTTP/1.1" 403 1242 "-" "Mozilla/5.0 (Windows NT 10.0; Win64; x64) AppleWebKit/537.36 (KHTML, like Gecko) Chrome/91.0.4472.124 Safari/537.36"
154.83.103.11 - - [03/Apr/2025:11:35:36 -0400] "GET /.git/hooks/pre-push HTTP/1.1" 403 1242 "-" "Mozilla/5.0 (Windows NT 10.0; Win64; x64) AppleWebKit/537.36 (KHTML, like Gecko) Chrome/91.0.4472.124 Safari/537.36"
154.83.103.11 - - [03/Apr/2025:11:35:38 -0400] "GET /.git/index HTTP/1.1" 403 1242 "-" "Mozilla/5.0 (Windows NT 10.0; Win64; x64) AppleWebKit/537.36 (KHTML, like Gecko) Chrome/91.0.4472.124 Safari/537.36"
154.83.103.11 - - [03/Apr/2025:11:35:38 -0400] "GET /.git/info/exclude HTTP/1.1" 403 1242 "-" "Mozilla/5.0 (Windows NT 10.0; Win64; x64) AppleWebKit/537.36 (KHTML, like Gecko) Chrome/91.0.4472.124 Safari/537.36"
154.83.103.11 - - [03/Apr/2025:11:35:39 -0400] "GET /.git/logs/HEAD HTTP/1.1" 403 1242 "-" "Mozilla/5.0 (Windows NT 10.0; Win64; x64) AppleWebKit/537.36 (KHTML, like Gecko) Chrome/91.0.4472.124 Safari/537.36"
154.83.103.11 - - [03/Apr/2025:11:35:39 -0400] "GET /.git/logs/refs/heads/master HTTP/1.1" 403 1242 "-" "Mozilla/5.0 (Windows NT 10.0; Win64; x64) AppleWebKit/537.36 (KHTML, like Gecko) Chrome/91.0.4472.124 Safari/537.36"
154.83.103.11 - - [03/Apr/2025:11:35:44 -0400] "GET /.git/logs/refs/remotes/origin/HEAD HTTP/1.1" 403 1242 "-" "Mozilla/5.0 (Windows NT 10.0; Win64; x64) AppleWebKit/537.36 (KHTML, like Gecko) Chrome/91.0.4472.124 Safari/537.36"
154.83.103.11 - - [03/Apr/2025:11:35:44 -0400] "GET /.git/objects/ HTTP/1.1" 403 1242 "-" "Mozilla/5.0 (Windows NT 10.0; Win64; x64) AppleWebKit/537.36 (KHTML, like Gecko) Chrome/91.0.4472.124 Safari/537.36"
154.83.103.11 - - [03/Apr/2025:11:35:45 -0400] "GET /.git/packed-refs HTTP/1.1" 403 1242 "-" "Mozilla/5.0 (Windows NT 10.0; Win64; x64) AppleWebKit/537.36 (KHTML, like Gecko) Chrome/91.0.4472.124 Safari/537.36"
154.83.103.11 - - [03/Apr/2025:11:35:47 -0400] "GET /.git/refs/ HTTP/1.1" 403 1242 "-" "Mozilla/5.0 (Windows NT 10.0; Win64; x64) AppleWebKit/537.36 (KHTML, like Gecko) Chrome/91.0.4472.124 Safari/537.36"
154.83.103.11 - - [03/Apr/2025:11:35:47 -0400] "GET /.git/refs/heads/ HTTP/1.1" 403 1242 "-" "Mozilla/5.0 (Windows NT 10.0; Win64; x64) AppleWebKit/537.36 (KHTML, like Gecko) Chrome/91.0.4472.124 Safari/537.36"
154.83.103.11 - - [03/Apr/2025:11:35:48 -0400] "GET /.git/refs/remotes/ HTTP/1.1" 403 1242 "-" "Mozilla/5.0 (Windows NT 10.0; Win64; x64) AppleWebKit/537.36 (KHTML, like Gecko) Chrome/91.0.4472.124 Safari/537.36"
154.83.103.11 - - [03/Apr/2025:11:35:49 -0400] "GET /.git/refs/stash HTTP/1.1" 403 1242 "-" "Mozilla/5.0 (Windows NT 10.0; Win64; x64) AppleWebKit/537.36 (KHTML, like Gecko) Chrome/91.0.4472.124 Safari/537.36"
154.83.103.11 - - [03/Apr/2025:11:35:50 -0400] "GET /.git/refs/tags/ HTTP/1.1" 403 1242 "-" "Mozilla/5.0 (Windows NT 10.0; Win64; x64) AppleWebKit/537.36 (KHTML, like Gecko) Chrome/91.0.4472.124 Safari/537.36"
154.83.103.11 - - [03/Apr/2025:11:35:51 -0400] "GET /.gitattributes HTTP/1.1" 404 9422 "-" "Mozilla/5.0 (Windows NT 10.0; Win64; x64) AppleWebKit/537.36 (KHTML, like Gecko) Chrome/91.0.4472.124 Safari/537.36"
154.83.103.11 - - [03/Apr/2025:11:35:53 -0400] "GET /.gitignore HTTP/1.1" 403 1242 "-" "Mozilla/5.0 (Windows NT 10.0; Win64; x64) AppleWebKit/537.36 (KHTML, like Gecko) Chrome/91.0.4472.124 Safari/537.36"
154.83.103.11 - - [03/Apr/2025:11:35:53 -0400] "GET /.gitkeep HTTP/1.1" 404 9422 "-" "Mozilla/5.0 (Windows NT 10.0; Win64; x64) AppleWebKit/537.36 (KHTML, like Gecko) Chrome/91.0.4472.124 Safari/537.36"
154.83.103.11 - - [03/Apr/2025:11:35:55 -0400] "GET /.gitmodules HTTP/1.1" 404 9422 "-" "Mozilla/5.0 (Windows NT 10.0; Win64; x64) AppleWebKit/537.36 (KHTML, like Gecko) Chrome/91.0.4472.124 Safari/537.36"
154.83.103.11 - - [03/Apr/2025:11:35:56 -0400] "GET /.travis.yml HTTP/1.1" 404 9422 "-" "Mozilla/5.0 (Windows NT 10.0; Win64; x64) AppleWebKit/537.36 (KHTML, like Gecko) Chrome/91.0.4472.124 Safari/537.36"
154.83.103.11 - - [03/Apr/2025:11:35:58 -0400] "GET /.vscode/.env HTTP/1.1" 403 1242 "-" "Mozilla/5.0 (Windows NT 10.0; Win64; x64) AppleWebKit/537.36 (KHTML, like Gecko) Chrome/91.0.4472.124 Safari/537.36"
154.83.103.11 - - [03/Apr/2025:11:35:58 -0400] "GET /?phpinfo=1 HTTP/1.1" 200 16822 "-" "Mozilla/5.0 (Windows NT 10.0; Win64; x64) AppleWebKit/537.36 (KHTML, like Gecko) Chrome/91.0.4472.124 Safari/537.36"
154.83.103.11 - - [03/Apr/2025:11:35:59 -0400] "GET /_phpinfo.php HTTP/1.1" 404 9421 "-" "Mozilla/5.0 (Windows NT 10.0; Win64; x64) AppleWebKit/537.36 (KHTML, like Gecko) Chrome/91.0.4472.124 Safari/537.36"
154.83.103.11 - - [03/Apr/2025:11:36:00 -0400] "GET /_profiler/phpinfo HTTP/1.1" 404 9421 "-" "Mozilla/5.0 (Windows NT 10.0; Win64; x64) AppleWebKit/537.36 (KHTML, like Gecko) Chrome/91.0.4472.124 Safari/537.36"
154.83.103.11 - - [03/Apr/2025:11:36:02 -0400] "GET /_profiler/phpinfo/info.php HTTP/1.1" 404 9421 "-" "Mozilla/5.0 (Windows NT 10.0; Win64; x64) AppleWebKit/537.36 (KHTML, like Gecko) Chrome/91.0.4472.124 Safari/537.36"
154.83.103.11 - - [03/Apr/2025:11:36:03 -0400] "GET /_profiler/phpinfo/phpinfo.php HTTP/1.1" 404 9422 "-" "Mozilla/5.0 (Windows NT 10.0; Win64; x64) AppleWebKit/537.36 (KHTML, like Gecko) Chrome/91.0.4472.124 Safari/537.36"
154.83.103.11 - - [03/Apr/2025:11:36:05 -0400] "GET /admin/.env HTTP/1.1" 403 1242 "-" "Mozilla/5.0 (Windows NT 10.0; Win64; x64) AppleWebKit/537.36 (KHTML, like Gecko) Chrome/91.0.4472.124 Safari/537.36"
154.83.103.11 - - [03/Apr/2025:11:36:06 -0400] "GET /admin/config HTTP/1.1" 404 9421 "-" "Mozilla/5.0 (Windows NT 10.0; Win64; x64) AppleWebKit/537.36 (KHTML, like Gecko) Chrome/91.0.4472.124 Safari/537.36"
154.83.103.11 - - [03/Apr/2025:11:36:15 -0400] "GET /admin/controllers/merchant.js HTTP/1.1" 404 9421 "-" "Mozilla/5.0 (Windows NT 10.0; Win64; x64) AppleWebKit/537.36 (KHTML, like Gecko) Chrome/91.0.4472.124 Safari/537.36"
154.83.103.11 - - [03/Apr/2025:11:36:16 -0400] "GET /admin/controllers/partner.js HTTP/1.1" 404 9428 "-" "Mozilla/5.0 (Windows NT 10.0; Win64; x64) AppleWebKit/537.36 (KHTML, like Gecko) Chrome/91.0.4472.124 Safari/537.36"
154.83.103.11 - - [03/Apr/2025:11:36:17 -0400] "GET /admin/internal/api HTTP/1.1" 404 9421 "-" "Mozilla/5.0 (Windows NT 10.0; Win64; x64) AppleWebKit/537.36 (KHTML, like Gecko) Chrome/91.0.4472.124 Safari/537.36"
154.83.103.11 - - [03/Apr/2025:11:36:18 -0400] "GET /admin/proxy HTTP/1.1" 404 9422 "-" "Mozilla/5.0 (Windows NT 10.0; Win64; x64) AppleWebKit/537.36 (KHTML, like Gecko) Chrome/91.0.4472.124 Safari/537.36"
154.83.103.11 - - [03/Apr/2025:11:36:19 -0400] "GET /admin/server_info.php HTTP/1.1" 404 9421 "-" "Mozilla/5.0 (Windows NT 10.0; Win64; x64) AppleWebKit/537.36 (KHTML, like Gecko) Chrome/91.0.4472.124 Safari/537.36"
