43.129.38.128 - - [01/Apr/2025:19:59:24 -0400] "GET / HTTP/1.1" 200 16759 "-" "Mozilla/5.0 (iPhone; CPU iPhone OS 13_2_3 like Mac OS X) AppleWebKit/605.1.15 (KHTML, like Gecko) Version/13.0.3 Mobile/15E148 Safari/604.1"
113.219.218.197 - - [01/Apr/2025:20:35:17 -0400] "GET / HTTP/1.1" 200 16759 "-" "Mozilla/5.0 (iPhone; CPU iPhone OS 13_2_3 like Mac OS X) AppleWebKit/605.1.15 (KHTML, like Gecko) Version/13.0.3 Mobile/15E148 Safari/604.1"
198.54.114.83 - - [01/Apr/2025:20:37:25 -0400] "POST /wp-cron.php?doing_wp_cron=1743554244.8592290878295898437500 HTTP/1.1" 200 0 "-" "WordPress/6.7.2; https://the80itspod.com"
13.229.78.155 - - [01/Apr/2025:20:37:24 -0400] "GET /wp-admin/install.php?step=1 HTTP/1.1" 200 521 "-" "Mozilla/5.0 (X11; Linux x86_64; rv:52.0) Gecko/20100101 Firefox/52.0"
13.229.78.155 - - [01/Apr/2025:20:37:25 -0400] "GET /wp-admin/setup-config.php HTTP/1.1" 409 1222 "-" "Mozilla/5.0 (X11; Linux x86_64; rv:52.0) Gecko/20100101 Firefox/52.0"
13.229.78.155 - - [01/Apr/2025:20:37:26 -0400] "GET /new/wp-admin/install.php?step=1 HTTP/1.1" 403 7161 "-" "Mozilla/5.0 (X11; Linux x86_64; rv:52.0) Gecko/20100101 Firefox/52.0"
198.54.114.83 - - [01/Apr/2025:20:37:28 -0400] "POST /wp-cron.php?doing_wp_cron=1743554248.5743389129638671875000 HTTP/1.1" 200 0 "-" "WordPress/6.7.2; https://the80itspod.com"
13.229.78.155 - - [01/Apr/2025:20:37:27 -0400] "GET /new/wp-admin/setup-config.php HTTP/1.1" 404 9428 "-" "Mozilla/5.0 (X11; Linux x86_64; rv:52.0) Gecko/20100101 Firefox/52.0"
13.229.78.155 - - [01/Apr/2025:20:37:31 -0400] "GET /blog/wp-admin/install.php?step=1 HTTP/1.1" 403 7161 "-" "Mozilla/5.0 (X11; Linux x86_64; rv:52.0) Gecko/20100101 Firefox/52.0"
13.229.78.155 - - [01/Apr/2025:20:37:34 -0400] "GET /blog/wp-admin/setup-config.php HTTP/1.1" 404 9428 "-" "Mozilla/5.0 (X11; Linux x86_64; rv:52.0) Gecko/20100101 Firefox/52.0"
13.229.78.155 - - [01/Apr/2025:20:37:35 -0400] "GET /blogs/wp-admin/install.php?step=1 HTTP/1.1" 403 7161 "-" "Mozilla/5.0 (X11; Linux x86_64; rv:52.0) Gecko/20100101 Firefox/52.0"
13.229.78.155 - - [01/Apr/2025:20:37:35 -0400] "GET /blogs/wp-admin/setup-config.php HTTP/1.1" 404 9421 "-" "Mozilla/5.0 (X11; Linux x86_64; rv:52.0) Gecko/20100101 Firefox/52.0"
13.229.78.155 - - [01/Apr/2025:20:37:36 -0400] "GET /demo/wp-admin/install.php?step=1 HTTP/1.1" 403 7162 "-" "Mozilla/5.0 (X11; Linux x86_64; rv:52.0) Gecko/20100101 Firefox/52.0"
13.229.78.155 - - [01/Apr/2025:20:37:37 -0400] "GET /demo/wp-admin/setup-config.php HTTP/1.1" 404 9421 "-" "Mozilla/5.0 (X11; Linux x86_64; rv:52.0) Gecko/20100101 Firefox/52.0"
13.229.78.155 - - [01/Apr/2025:20:37:38 -0400] "GET /wp/wp-admin/install.php?step=1 HTTP/1.1" 403 7161 "-" "Mozilla/5.0 (X11; Linux x86_64; rv:52.0) Gecko/20100101 Firefox/52.0"
13.229.78.155 - - [01/Apr/2025:20:37:39 -0400] "GET /wp/wp-admin/setup-config.php HTTP/1.1" 404 9428 "-" "Mozilla/5.0 (X11; Linux x86_64; rv:52.0) Gecko/20100101 Firefox/52.0"
13.229.78.155 - - [01/Apr/2025:20:37:41 -0400] "GET /wordpress/wp-admin/install.php?step=1 HTTP/1.1" 403 7161 "-" "Mozilla/5.0 (X11; Linux x86_64; rv:52.0) Gecko/20100101 Firefox/52.0"
13.229.78.155 - - [01/Apr/2025:20:37:41 -0400] "GET /wordpress/wp-admin/setup-config.php HTTP/1.1" 404 9428 "-" "Mozilla/5.0 (X11; Linux x86_64; rv:52.0) Gecko/20100101 Firefox/52.0"
13.229.78.155 - - [01/Apr/2025:20:37:43 -0400] "GET /tes/wp-admin/install.php?step=1 HTTP/1.1" 403 7161 "-" "Mozilla/5.0 (X11; Linux x86_64; rv:52.0) Gecko/20100101 Firefox/52.0"
13.229.78.155 - - [01/Apr/2025:20:37:44 -0400] "GET /tes/wp-admin/setup-config.php HTTP/1.1" 404 9428 "-" "Mozilla/5.0 (X11; Linux x86_64; rv:52.0) Gecko/20100101 Firefox/52.0"
13.229.78.155 - - [01/Apr/2025:20:37:45 -0400] "GET /test/wp-admin/install.php?step=1 HTTP/1.1" 403 7161 "-" "Mozilla/5.0 (X11; Linux x86_64; rv:52.0) Gecko/20100101 Firefox/52.0"
13.229.78.155 - - [01/Apr/2025:20:37:45 -0400] "GET /test/wp-admin/setup-config.php HTTP/1.1" 404 9421 "-" "Mozilla/5.0 (X11; Linux x86_64; rv:52.0) Gecko/20100101 Firefox/52.0"
13.229.78.155 - - [01/Apr/2025:20:37:48 -0400] "GET /web/wp-admin/install.php?step=1 HTTP/1.1" 403 7161 "-" "Mozilla/5.0 (X11; Linux x86_64; rv:52.0) Gecko/20100101 Firefox/52.0"
13.229.78.155 - - [01/Apr/2025:20:37:49 -0400] "GET /web/wp-admin/setup-config.php HTTP/1.1" 404 9421 "-" "Mozilla/5.0 (X11; Linux x86_64; rv:52.0) Gecko/20100101 Firefox/52.0"
13.229.78.155 - - [01/Apr/2025:20:37:52 -0400] "GET /cms/wp-admin/install.php?step=1 HTTP/1.1" 403 7161 "-" "Mozilla/5.0 (X11; Linux x86_64; rv:52.0) Gecko/20100101 Firefox/52.0"
13.229.78.155 - - [01/Apr/2025:20:37:53 -0400] "GET /cms/wp-admin/setup-config.php HTTP/1.1" 404 9421 "-" "Mozilla/5.0 (X11; Linux x86_64; rv:52.0) Gecko/20100101 Firefox/52.0"
13.229.78.155 - - [01/Apr/2025:20:37:55 -0400] "POST /wp-admin/admin-ajax.php HTTP/1.1" 403 7162 "-" "Mozilla/5.0 (X11; Linux x86_64; rv:52.0) Gecko/20100101 Firefox/52.0"
13.229.78.155 - - [01/Apr/2025:20:37:56 -0400] "GET /wp-admin/ HTTP/1.1" 302 0 "-" "Mozilla/5.0 (X11; Linux x86_64; rv:52.0) Gecko/20100101 Firefox/52.0"
43.165.69.68 - - [01/Apr/2025:20:47:35 -0400] "GET / HTTP/1.1" 200 16759 "-" "Mozilla/5.0 (iPhone; CPU iPhone OS 13_2_3 like Mac OS X) AppleWebKit/605.1.15 (KHTML, like Gecko) Version/13.0.3 Mobile/15E148 Safari/604.1"
212.102.39.196 - - [01/Apr/2025:20:51:37 -0400] "GET /marvel-comic-characters-at-casinos/ HTTP/1.1" 200 14647 "http://the80itspod.com/marvel-comic-characters-at-casinos/" "Mozilla/5.0 (Windows NT 10.0; Win64; x64) AppleWebKit/537.36 (KHTML, like Gecko) Chrome/130.0.0.0 Safari/537.36 CCleaner/130.0.0.0"
198.54.114.83 - - [01/Apr/2025:20:51:39 -0400] "POST /wp-cron.php?doing_wp_cron=1743555098.9451730251312255859375 HTTP/1.1" 200 0 "-" "WordPress/6.7.2; https://the80itspod.com"
212.102.39.196 - - [01/Apr/2025:20:51:38 -0400] "POST /wp-comments-post.php HTTP/1.1" 302 0 "http://the80itspod.com/marvel-comic-characters-at-casinos/" "Mozilla/5.0 (Windows NT 10.0; Win64; x64) AppleWebKit/537.36 (KHTML, like Gecko) Chrome/130.0.0.0 Safari/537.36 CCleaner/130.0.0.0"
87.140.54.88 - - [01/Apr/2025:22:11:23 -0400] "GET / HTTP/1.1" 200 16759 "-" "Mozilla/5.0 (Windows NT 10.0; Win64; x64) AppleWebKit/537.36 (KHTML, like Gecko) Chrome/89.0.4389.114 Safari/537.36"
198.54.114.83 - - [01/Apr/2025:22:11:24 -0400] "POST /wp-cron.php?doing_wp_cron=1743559884.3270599842071533203125 HTTP/1.1" 200 0 "-" "WordPress/6.7.2; https://the80itspod.com"
87.140.54.88 - - [01/Apr/2025:22:11:24 -0400] "GET /wp-login.php HTTP/1.1" 302 0 "-" "Mozilla/5.0 (Windows NT 10.0; Win64; x64) AppleWebKit/537.36 (KHTML, like Gecko) Chrome/89.0.4389.114 Safari/537.36"
159.223.92.110 - - [01/Apr/2025:22:31:19 -0400] "GET / HTTP/1.1" 200 16759 "-" "Mozilla/5.0 (Windows NT 10.0; Win64; x64) AppleWebKit/537.36 (KHTML, like Gecko) Chrome/78.0.3904.108 Safari/537.36"
198.54.114.83 - - [01/Apr/2025:22:31:20 -0400] "POST /wp-cron.php?doing_wp_cron=1743561080.3599910736083984375000 HTTP/1.1" 200 0 "-" "WordPress/6.7.2; https://the80itspod.com"
159.223.92.110 - - [01/Apr/2025:22:31:19 -0400] "GET /?author=1 HTTP/1.1" 404 9424 "-" "Mozilla/5.0 (Windows NT 10.0; Win64; x64) AppleWebKit/537.36 (KHTML, like Gecko) Chrome/78.0.3904.108 Safari/537.36"
159.223.92.110 - - [01/Apr/2025:22:31:26 -0400] "GET /?author=2 HTTP/1.1" 404 9424 "-" "Mozilla/5.0 (Windows NT 10.0; Win64; x64) AppleWebKit/537.36 (KHTML, like Gecko) Chrome/78.0.3904.108 Safari/537.36"
159.223.92.110 - - [01/Apr/2025:22:31:28 -0400] "GET /wp-json/wp/v2/users/ HTTP/1.1" 401 108 "-" "Mozilla/5.0 (Windows NT 10.0; Win64; x64) AppleWebKit/537.36 (KHTML, like Gecko) Chrome/78.0.3904.108 Safari/537.36"
159.223.92.110 - - [01/Apr/2025:22:31:29 -0400] "GET /wp-json/oembed/1.0/embed?url=http://the80itspod.com HTTP/1.1" 404 73 "-" "Mozilla/5.0 (Windows NT 10.0; Win64; x64) AppleWebKit/537.36 (KHTML, like Gecko) Chrome/78.0.3904.108 Safari/537.36"
159.223.92.110 - - [01/Apr/2025:22:31:30 -0400] "POST /xmlrpc.php HTTP/1.1" 503 7937 "-" "Mozilla/5.0 (Windows NT 10.0; Win64; x64) AppleWebKit/537.36 (KHTML, like Gecko) Chrome/78.0.3904.108 Safari/537.36"
54.174.207.121 - - [01/Apr/2025:22:36:32 -0400] "GET /robots.txt HTTP/1.1" 304 0 "-" "Mozilla/5.0 (Macintosh; Intel Mac OS X 10_15_7) AppleWebKit/537.36 (KHTML, like Gecko) Chrome/108.0.0.0 Safari/537.36"
54.174.207.121 - - [01/Apr/2025:22:45:11 -0400] "GET / HTTP/1.1" 200 16759 "-" "Mozilla/5.0 (Macintosh; Intel Mac OS X 10_15_7) AppleWebKit/537.36 (KHTML, like Gecko) Chrome/108.0.0.0 Safari/537.36"
38.242.30.25 - - [01/Apr/2025:23:30:19 -0400] "GET / HTTP/1.1" 200 16759 "-" "Mozilla/5.0 (Windows NT 10.0; WOW64) AppleWebKit/537.36 (KHTML, like Gecko) Chrome/20.0.1132.57 Safari/537.36"
80.64.30.32 - - [01/Apr/2025:23:37:18 -0400] "GET /wp-login.php?wp_lang=en_US HTTP/1.1" 302 0 "http://the80itspod.com/wp-login.php" "Mozilla/5.0 (Windows NT 10.0; Win64; x64) AppleWebKit/537.36 (KHTML, like Gecko) Chrome/134.0.0.0 Safari/537.36"
80.64.30.32 - - [01/Apr/2025:23:37:28 -0400] "POST /wp-login.php?wp_lang=en_US HTTP/1.1" 302 0 "http://the80itspod.com/wp-login.php" "Mozilla/5.0 (Windows NT 10.0; Win64; x64) AppleWebKit/537.36 (KHTML, like Gecko) Chrome/134.0.0.0 Safari/537.36"
198.54.114.83 - - [02/Apr/2025:00:12:25 -0400] "POST /wp-cron.php?doing_wp_cron=1743567144.2047519683837890625000 HTTP/1.1" 200 0 "-" "WordPress/6.7.2; https://the80itspod.com"
146.70.14.24 - - [02/Apr/2025:00:12:20 -0400] "POST /wp-login.php HTTP/1.1" 302 0 "http://the80itspod.com/wp-admin/" "Mozilla/5.0 (Windows NT 10.0; Win64; x64) AppleWebKit/537.36 (KHTML, like Gecko) Chrome/90.0.4430.85 Safari/537.36"
40.88.21.235 - - [02/Apr/2025:00:19:37 -0400] "GET / HTTP/1.1" 200 16759 "http://the80itspod.com/" "DuckDuckBot/1.1; (+http://duckduckgo.com/duckduckbot.html)"
40.88.21.235 - - [02/Apr/2025:00:19:38 -0400] "GET /favicon.ico HTTP/1.1" 404 1251 "http://the80itspod.com/favicon.ico" "DuckDuckBot/1.1; (+http://duckduckgo.com/duckduckbot.html)"
2607:5300:60:7e27::1 - - [02/Apr/2025:00:35:34 -0400] "GET / HTTP/1.1" 200 16759 "-" "Mozilla/5.0 (Windows NT 10.0; WOW64) AppleWebKit/537.36 (KHTML, like Gecko) Chrome/118.0.0.0 Safari/537.36"
43.134.77.29 - - [02/Apr/2025:00:49:07 -0400] "GET / HTTP/1.1" 200 16759 "https://google.com" "Mozilla/5.0 (Windows NT 10.0; WOW64) AppleWebKit/537.36 (KHTML, like Gecko) Chrome/121.0.6167 Safari/537.36"
78.108.80.125 - - [02/Apr/2025:02:32:39 -0400] "GET /relx-electronic-cigarette/ HTTP/1.1" 200 14981 "http://the80itspod.com/relx-electronic-cigarette/" "Mozilla/5.0 (Windows NT 10.0; Win64; x64) AppleWebKit/537.36 (KHTML, like Gecko) Chrome/131.0.0.0 Safari/537.36 Avast/131.0.0.0"
198.54.114.83 - - [02/Apr/2025:02:38:09 -0400] "POST /wp-cron.php?doing_wp_cron=1743575889.1501269340515136718750 HTTP/1.1" 200 0 "-" "WordPress/6.7.2; https://the80itspod.com"
167.99.57.60 - - [02/Apr/2025:02:38:05 -0400] "GET /wp-content/plugins/hellopress/wp_filemanager.php HTTP/1.1" 404 9428 "-" "-"
167.99.57.60 - - [02/Apr/2025:02:38:11 -0400] "GET /wp-2019.php HTTP/1.1" 404 9428 "-" "-"
167.99.57.60 - - [02/Apr/2025:02:38:12 -0400] "GET /atomlib.php HTTP/1.1" 404 9421 "-" "-"
167.99.57.60 - - [02/Apr/2025:02:38:13 -0400] "GET /css.php HTTP/1.1" 404 9421 "-" "-"
167.99.57.60 - - [02/Apr/2025:02:38:14 -0400] "GET /log.php HTTP/1.1" 404 9422 "-" "-"
167.99.57.60 - - [02/Apr/2025:02:38:15 -0400] "GET /index.php HTTP/1.1" 301 0 "-" "-"
167.99.57.60 - - [02/Apr/2025:02:38:16 -0400] "GET / HTTP/1.1" 200 16759 "-" "-"
167.99.57.60 - - [02/Apr/2025:02:38:17 -0400] "GET /mail.php HTTP/1.1" 404 9428 "-" "-"
198.54.114.83 - - [02/Apr/2025:02:38:18 -0400] "POST /wp-cron.php?doing_wp_cron=1743575898.2373259067535400390625 HTTP/1.1" 200 0 "-" "WordPress/6.7.2; https://the80itspod.com"
167.99.57.60 - - [02/Apr/2025:02:38:17 -0400] "GET /lufix.php HTTP/1.1" 404 9428 "-" "-"
167.99.57.60 - - [02/Apr/2025:02:38:19 -0400] "GET /doc.php HTTP/1.1" 404 9428 "-" "-"
167.99.57.60 - - [02/Apr/2025:02:38:20 -0400] "GET /bak.php HTTP/1.1" 404 9421 "-" "-"
167.99.57.60 - - [02/Apr/2025:02:38:21 -0400] "GET /content.php HTTP/1.1" 404 9428 "-" "-"
167.99.57.60 - - [02/Apr/2025:02:38:22 -0400] "GET /upfile.php HTTP/1.1" 404 9428 "-" "-"
167.99.57.60 - - [02/Apr/2025:02:38:24 -0400] "GET /wp-conflg.php HTTP/1.1" 404 9428 "-" "-"
167.99.57.60 - - [02/Apr/2025:02:38:26 -0400] "GET /bypass.php HTTP/1.1" 404 9428 "-" "-"
167.99.57.60 - - [02/Apr/2025:02:38:28 -0400] "GET /wp-activate.php HTTP/1.1" 302 0 "-" "-"
47.79.4.28 - - [02/Apr/2025:02:54:07 -0400] "GET /wp-includes/css/dist/block-library/style.min.css HTTP/1.1" 200 19532 "-" "Mozilla/5.0 (Windows NT 10.0; Win64; x64) AppleWebKit/537.36 (KHTML, like Gecko) Chrome/114.0.0.0 Safari/537.36 Edg/114.0.1823.43"
47.82.9.106 - - [02/Apr/2025:02:55:25 -0400] "GET /wp-content/themes/covernews/assets/icons/style.css HTTP/1.1" 200 1353 "-" "Mozilla/5.0 (Windows NT 10.0; Win64; x64) AppleWebKit/537.36 (KHTML, like Gecko) Chrome/114.0.0.0 Safari/537.36 Edg/114.0.1823.43"
47.82.9.10 - - [02/Apr/2025:03:04:21 -0400] "GET /wp-content/themes/covernews/style.css HTTP/1.1" 200 48609 "-" "Mozilla/5.0 (Windows NT 10.0; Win64; x64) AppleWebKit/537.36 (KHTML, like Gecko) Chrome/114.0.0.0 Safari/537.36 Edg/114.0.1823.43"
47.82.10.124 - - [02/Apr/2025:03:05:17 -0400] "GET /wp-content/themes/newsback/style.css HTTP/1.1" 200 2440 "-" "Mozilla/5.0 (Windows NT 10.0; Win64; x64) AppleWebKit/537.36 (KHTML, like Gecko) Chrome/114.0.0.0 Safari/537.36 Edg/114.0.1823.43"
47.82.10.32 - - [02/Apr/2025:03:05:59 -0400] "GET /wp-content/themes/covernews/assets/bootstrap/css/bootstrap.min.css HTTP/1.1" 200 25140 "-" "Mozilla/5.0 (Windows NT 10.0; Win64; x64) AppleWebKit/537.36 (KHTML, like Gecko) Chrome/114.0.0.0 Safari/537.36 Edg/114.0.1823.43"
47.79.121.52 - - [02/Apr/2025:03:06:26 -0400] "GET /wp-content/themes/covernews/assets/slick/css/slick.css HTTP/1.1" 200 611 "-" "Mozilla/5.0 (Windows NT 10.0; Win64; x64) AppleWebKit/537.36 (KHTML, like Gecko) Chrome/114.0.0.0 Safari/537.36 Edg/114.0.1823.43"
97.74.88.186 - - [02/Apr/2025:03:53:50 -0400] "GET /relx-electronic-cigarette/ HTTP/1.1" 200 0 "http://the80itspod.com/relx-electronic-cigarette/" "Mozilla/5.0 (Windows NT 10.0; Win64; x64) AppleWebKit/537.36 (KHTML, like Gecko) Chrome/129.0.0.0 Safari/537.36"
2001:41d0:a:4e4b:: - - [02/Apr/2025:04:09:51 -0400] "GET /wp-login.php HTTP/1.1" 302 0 "-" "Mozilla/5.0 (Windows NT 10.0; Win64; x64; rv:100.0) Gecko/20100101 Firefox/100.0"
198.54.114.83 - - [02/Apr/2025:04:10:37 -0400] "POST /wp-cron.php?doing_wp_cron=1743581437.1605811119079589843750 HTTP/1.1" 200 0 "-" "WordPress/6.7.2; https://the80itspod.com"
105.72.0.121 - - [02/Apr/2025:04:10:36 -0400] "GET /wp-login.php HTTP/1.1" 302 0 "-" "python-requests/2.32.3"
105.72.0.121 - - [02/Apr/2025:04:10:39 -0400] "POST /wp-login.php HTTP/1.1" 302 0 "-" "Mozilla/5.0 (X11; Linux x86_64) AppleWebKit/537.36 (KHTML, like Gecko) Chrome/87.0.4280.66 Safari/537.36"
165.154.227.243 - - [02/Apr/2025:04:11:35 -0400] "GET / HTTP/1.1" 200 16759 "-" "Embarcadero URI Client/1.0"
195.47.194.143 - - [02/Apr/2025:04:29:46 -0400] "GET /relx-electronic-cigarette/ HTTP/1.1" 200 14981 "http://the80itspod.com/relx-electronic-cigarette/" "Mozilla/5.0 (Windows NT 10.0; Win64; x64) AppleWebKit/537.36 (KHTML, like Gecko) Chrome/130.0.0.0 Safari/537.36"
195.47.194.143 - - [02/Apr/2025:04:29:48 -0400] "POST /wp-comments-post.php HTTP/1.1" 302 0 "http://the80itspod.com/relx-electronic-cigarette/" "Mozilla/5.0 (Windows NT 10.0; Win64; x64) AppleWebKit/537.36 (KHTML, like Gecko) Chrome/130.0.0.0 Safari/537.36"
198.54.114.83 - - [02/Apr/2025:05:07:45 -0400] "POST /wp-cron.php?doing_wp_cron=1743584864.5994598865509033203125 HTTP/1.1" 200 0 "-" "WordPress/6.7.2; https://the80itspod.com"
139.59.100.51 - - [02/Apr/2025:05:07:43 -0400] "GET /wp-content/plugins/pwnd/pwnd.php HTTP/1.1" 404 9422 "-" "Mozilla/5.0 (Linux; Android 7.0; SM-G892A Build/NRD90M; wv) AppleWebKit/537.36 (KHTML, like Gecko) Version/4.0 Chrome/60.0.3112.107 Mobile Safari/537.36"
139.59.100.51 - - [02/Apr/2025:05:07:50 -0400] "GET /wp-content/plugins/pwnd-1/pwnd.php HTTP/1.1" 404 9422 "-" "Mozilla/5.0 (Linux; Android 7.0; SM-G892A Build/NRD90M; wv) AppleWebKit/537.36 (KHTML, like Gecko) Version/4.0 Chrome/60.0.3112.107 Mobile Safari/537.36"
198.54.114.83 - - [02/Apr/2025:05:09:11 -0400] "POST /wp-cron.php?doing_wp_cron=1743584950.3986361026763916015625 HTTP/1.1" 200 0 "-" "WordPress/6.7.2; https://the80itspod.com"
139.59.100.51 - - [02/Apr/2025:05:09:09 -0400] "GET /wp-content/plugins/pwnd-2/pwnd.php HTTP/1.1" 404 9421 "-" "Mozilla/5.0 (Linux; Android 7.0; SM-G892A Build/NRD90M; wv) AppleWebKit/537.36 (KHTML, like Gecko) Version/4.0 Chrome/60.0.3112.107 Mobile Safari/537.36"
198.54.114.83 - - [02/Apr/2025:05:09:35 -0400] "POST /wp-cron.php?doing_wp_cron=1743584974.8434650897979736328125 HTTP/1.1" 200 0 "-" "WordPress/6.7.2; https://the80itspod.com"
139.59.100.51 - - [02/Apr/2025:05:09:34 -0400] "GET /wp-content/plugins/fix/up.php HTTP/1.1" 404 9421 "-" "Mozilla/5.0 (Linux; Android 7.0; SM-G892A Build/NRD90M; wv) AppleWebKit/537.36 (KHTML, like Gecko) Version/4.0 Chrome/60.0.3112.107 Mobile Safari/537.36"
198.54.114.83 - - [02/Apr/2025:05:13:51 -0400] "POST /wp-cron.php?doing_wp_cron=1743585230.7380449771881103515625 HTTP/1.1" 200 0 "-" "WordPress/6.7.2; https://the80itspod.com"
177.22.178.168 - - [02/Apr/2025:05:13:44 -0400] "POST /xmlrpc.php HTTP/1.1" 200 212 "-" "Mozilla/5.0 (Windows NT 10.0; Win64; x64) AppleWebKit/537.36 (KHTML, like Gecko) Chrome/97.0.4692.99 Safari/537.36"
84.54.76.244 - - [02/Apr/2025:05:13:55 -0400] "POST /xmlrpc.php HTTP/1.1" 200 212 "-" "Mozilla/5.0 (Macintosh; Intel Mac OS X 10_15_7) AppleWebKit/605.1.15 (KHTML, like Gecko) Version/15.1 Safari/605.1.15"
38.255.33.216 - - [02/Apr/2025:05:16:31 -0400] "GET / HTTP/1.1" 200 16759 "-" "Mozilla/5.0 (Macintosh; Intel Mac OS X 12.5; rv:114.0) Gecko/20100101 Firefox/114.0"
157.230.237.134 - - [02/Apr/2025:05:29:05 -0400] "GET /wp-admin/css/ HTTP/1.1" 403 1242 "binance.com" "Mozilla/5.0 (Windows NT 10.0; Win64; x64) AppleWebKit/537.36 (KHTML, like Gecko) Chrome/90.0.4430.85 Safari/537.36"
43.130.57.76 - - [02/Apr/2025:05:38:43 -0400] "GET / HTTP/1.1" 200 16759 "-" "Mozilla/5.0 (iPhone; CPU iPhone OS 13_2_3 like Mac OS X) AppleWebKit/605.1.15 (KHTML, like Gecko) Version/13.0.3 Mobile/15E148 Safari/604.1"
85.208.98.23 - - [02/Apr/2025:05:57:22 -0400] "GET /robots.txt HTTP/1.1" 304 0 "-" "Mozilla/5.0 (compatible; SemrushBot-BA; +http://www.semrush.com/bot.html)"
198.54.114.83 - - [02/Apr/2025:06:09:43 -0400] "POST /wp-cron.php?doing_wp_cron=1743588583.4529750347137451171875 HTTP/1.1" 200 0 "-" "WordPress/6.7.2; https://the80itspod.com"
45.186.84.52 - - [02/Apr/2025:06:09:38 -0400] "POST /xmlrpc.php HTTP/1.1" 200 212 "-" "Mozilla/5.0 (X11; Linux x86_64) AppleWebKit/537.36 (KHTML, like Gecko) Chrome/91.0.4472.114 Safari/537.36"
198.54.114.83 - - [02/Apr/2025:06:09:46 -0400] "POST /wp-cron.php?doing_wp_cron=1743588586.5284249782562255859375 HTTP/1.1" 200 0 "-" "WordPress/6.7.2; https://the80itspod.com"
103.154.109.30 - - [02/Apr/2025:06:09:45 -0400] "POST /xmlrpc.php HTTP/1.1" 200 212 "-" "Mozilla/5.0 (Macintosh; Intel Mac OS X 10_15_7) AppleWebKit/605.1.15 (KHTML, like Gecko) Version/15.1 Safari/605.1.15"
182.44.2.148 - - [02/Apr/2025:06:23:30 -0400] "GET / HTTP/1.1" 200 16759 "-" "Mozilla/5.0 (iPhone; CPU iPhone OS 13_2_3 like Mac OS X) AppleWebKit/605.1.15 (KHTML, like Gecko) Version/13.0.3 Mobile/15E148 Safari/604.1"
43.134.75.217 - - [02/Apr/2025:06:57:28 -0400] "GET / HTTP/1.1" 200 16759 "https://google.com" "Mozilla/5.0 (X11; Linux i686) AppleWebKit/537.36 (KHTML, like Gecko) Chrome/111.0.5563 Safari/537.36"
91.184.245.84 - - [02/Apr/2025:07:11:56 -0400] "GET /relx-electronic-cigarette/ HTTP/1.1" 200 14981 "-" "Mozilla/5.0 (Windows NT 6.3; Win64; x64) AppleWebKit/537.36 (KHTML, like Gecko) Chrome/75.0.3770.100 Safari/537.36"
43.156.69.138 - - [02/Apr/2025:07:43:35 -0400] "GET //wp-content/plugins/fix/up.php HTTP/1.1" 200 0 "-" "Mozilla/5.0 (Windows NT 10.0; Win64; x64) AppleWebKit/537.36 (KHTML, like Gecko) Chrome/85.0.4183.102 Safari/537.36"
198.54.114.83 - - [02/Apr/2025:07:43:42 -0400] "POST /wp-cron.php?doing_wp_cron=1743594221.7332050800323486328125 HTTP/1.1" 200 0 "-" "WordPress/6.7.2; https://the80itspod.com"
85.208.98.23 - - [02/Apr/2025:08:28:21 -0400] "GET /robots.txt HTTP/1.1" 304 0 "-" "Mozilla/5.0 (compatible; SemrushBot-BA; +http://www.semrush.com/bot.html)"
159.223.118.172 - - [02/Apr/2025:08:58:39 -0400] "GET /?rest_route=/wp/v2/users HTTP/1.1" 403 7164 "www.google.com" "Mozlila/5.0 (Linux; Android 7.0; SM-G892A Bulid/NRD90M; wv) AppleWebKit/537.36 (KHTML, like Gecko) Version/4.0 Chrome/60.0.3112.107 Moblie Safari/537.36"
137.184.169.103 - - [02/Apr/2025:09:28:04 -0400] "GET / HTTP/1.1" 200 16759 "-" "Mozilla/5.0 (compatible)"
137.184.169.103 - - [02/Apr/2025:09:28:05 -0400] "GET /favicon.ico HTTP/1.1" 404 1251 "http://the80itspod.com/" "Mozilla/5.0 (compatible)"
161.35.11.214 - - [02/Apr/2025:09:40:26 -0400] "GET /wp-content/plugins/shell/about.php HTTP/1.1" 403 7163 "www.google.com" "Mozlila/5.0 (Linux; Android 7.0; SM-G892A Bulid/NRD90M; wv) AppleWebKit/537.36 (KHTML, like Gecko) Version/4.0 Chrome/60.0.3112.107 Moblie Safari/537.36"
161.35.11.214 - - [02/Apr/2025:09:40:43 -0400] "GET /wp-content/plugins/fix/up.php HTTP/1.1" 403 7162 "www.google.com" "Mozlila/5.0 (Linux; Android 7.0; SM-G892A Bulid/NRD90M; wv) AppleWebKit/537.36 (KHTML, like Gecko) Version/4.0 Chrome/60.0.3112.107 Moblie Safari/537.36"
161.35.11.214 - - [02/Apr/2025:09:41:10 -0400] "GET /wp-content/plugins/wp-help/mini.php HTTP/1.1" 403 7162 "www.google.com" "Mozlila/5.0 (Linux; Android 7.0; SM-G892A Bulid/NRD90M; wv) AppleWebKit/537.36 (KHTML, like Gecko) Version/4.0 Chrome/60.0.3112.107 Moblie Safari/537.36"
91.201.113.132 - - [02/Apr/2025:10:15:30 -0400] "GET /relx-electronic-cigarette/ HTTP/1.1" 200 14981 "http://the80itspod.com/relx-electronic-cigarette/" "Mozilla/5.0 (Windows NT 10.0; Win64; x64) AppleWebKit/537.36 (KHTML, like Gecko) Chrome/129.0.0.0 Safari/537.36"
198.54.114.83 - - [02/Apr/2025:10:15:33 -0400] "POST /wp-cron.php?doing_wp_cron=1743603333.6327989101409912109375 HTTP/1.1" 200 0 "-" "WordPress/6.7.2; https://the80itspod.com"
91.201.113.132 - - [02/Apr/2025:10:15:31 -0400] "POST /wp-comments-post.php HTTP/1.1" 302 0 "http://the80itspod.com/relx-electronic-cigarette/" "Mozilla/5.0 (Windows NT 10.0; Win64; x64) AppleWebKit/537.36 (KHTML, like Gecko) Chrome/129.0.0.0 Safari/537.36"
45.55.35.120 - - [02/Apr/2025:10:55:19 -0400] "GET /wp-admin/css/ HTTP/1.1" 403 1242 "binance.com" "Mozilla/5.0 (Windows NT 10.0; Win64; x64) AppleWebKit/537.36 (KHTML, like Gecko) Chrome/90.0.4430.85 Safari/537.36"
194.127.173.102 - - [02/Apr/2025:11:22:30 -0400] "GET /cbd-uk-what-is-it/ HTTP/1.1" 200 17108 "http://the80itspod.com/cbd-uk-what-is-it/" "Mozilla/5.0 (Windows NT 10.0; Win64; x64) AppleWebKit/537.36 (KHTML, like Gecko) Chrome/129.0.0.0 Safari/537.36"
198.54.114.83 - - [02/Apr/2025:11:22:33 -0400] "POST /wp-cron.php?doing_wp_cron=1743607352.0234289169311523437500 HTTP/1.1" 200 0 "-" "WordPress/6.7.2; https://the80itspod.com"
194.127.173.102 - - [02/Apr/2025:11:22:31 -0400] "POST /wp-comments-post.php HTTP/1.1" 302 0 "http://the80itspod.com/cbd-uk-what-is-it/" "Mozilla/5.0 (Windows NT 10.0; Win64; x64) AppleWebKit/537.36 (KHTML, like Gecko) Chrome/129.0.0.0 Safari/537.36"
140.245.125.46 - - [02/Apr/2025:11:42:45 -0400] "GET / HTTP/1.1" 200 16759 "-" "Mozilla/5.0 (Windows NT 10.0; Win64; x64) AppleWebKit/537.36 (KHTML, like Gecko) Chrome/78.0.3904.108 Safari/537.36"
198.54.114.83 - - [02/Apr/2025:11:42:55 -0400] "POST /wp-cron.php?doing_wp_cron=1743608574.0939550399780273437500 HTTP/1.1" 200 0 "-" "WordPress/6.7.2; https://the80itspod.com"
140.245.125.46 - - [02/Apr/2025:11:42:47 -0400] "GET /wp-login.php HTTP/1.1" 302 0 "-" "Mozilla/5.0 (Windows NT 10.0; Win64; x64) AppleWebKit/537.36 (KHTML, like Gecko) Chrome/78.0.3904.108 Safari/537.36"
2607:ff68:12:5::b897:4a21 - - [02/Apr/2025:11:49:37 -0400] "GET / HTTP/1.1" 200 16759 "-" "Mozilla/5.0 (Windows NT 10.0; Win64; x64) AppleWebKit/537.36 (KHTML, like Gecko) Chrome/79.0.3945.79 Safari/537.36"
43.133.62.111 - - [02/Apr/2025:12:24:23 -0400] "GET / HTTP/1.1" 200 16759 "-" "Mozilla/5.0 (X11; Linux i686 on x86_64) AppleWebKit/537.36 (KHTML, like Gecko) Chrome/102.0.5005 Safari/537.36"
92.119.193.49 - - [02/Apr/2025:12:27:28 -0400] "GET /relx-electronic-cigarette/ HTTP/1.1" 200 14981 "http://the80itspod.com/relx-electronic-cigarette/" "Mozilla/5.0 (Windows NT 10.0; Win64; x64) AppleWebKit/537.36 (KHTML, like Gecko) Chrome/130.0.0.0 Safari/537.36 CCleaner/130.0.0.0"
92.119.193.49 - - [02/Apr/2025:12:28:29 -0400] "GET /relx-electronic-cigarette/ HTTP/1.1" 200 14981 "http://the80itspod.com/relx-electronic-cigarette/" "Mozilla/5.0 (Windows NT 10.0; Win64; x64) AppleWebKit/537.36 (KHTML, like Gecko) Chrome/130.0.0.0 Safari/537.36 CCleaner/130.0.0.0"
104.197.69.115 - - [02/Apr/2025:12:30:38 -0400] "GET / HTTP/1.1" 200 16759 "-" "Mozilla/5.0 (Windows NT 10.0; Win64; x64) AppleWebKit/537.36 (KHTML, like Gecko) Chrome/125.0.6422.60 Safari/537.36 Edge/12.246"
104.197.69.115 - - [02/Apr/2025:12:30:42 -0400] "GET /wp-content/themes/covernews/assets/bootstrap/css/bootstrap.min.css?ver=6.7.2 HTTP/1.1" 200 25140 "http://the80itspod.com/" "Mozilla/5.0 (Windows NT 10.0; Win64; x64) AppleWebKit/537.36 (KHTML, like Gecko) Chrome/125.0.6422.60 Safari/537.36 Edge/12.246"
34.122.147.229 - - [02/Apr/2025:12:30:42 -0400] "GET /wp-content/themes/newsback/style.css?ver=1.0.2 HTTP/1.1" 200 2440 "http://the80itspod.com/" "Mozilla/5.0 (Windows NT 10.0; Win64; x64) AppleWebKit/537.36 (KHTML, like Gecko) Chrome/125.0.6422.60 Safari/537.36 Edge/12.246"
104.197.69.115 - - [02/Apr/2025:12:30:42 -0400] "GET /wp-includes/css/dist/block-library/style.min.css?ver=6.7.2 HTTP/1.1" 200 19532 "http://the80itspod.com/" "Mozilla/5.0 (Windows NT 10.0; Win64; x64) AppleWebKit/537.36 (KHTML, like Gecko) Chrome/125.0.6422.60 Safari/537.36 Edge/12.246"
34.123.170.104 - - [02/Apr/2025:12:30:42 -0400] "GET /wp-content/themes/covernews/style.css?ver=6.7.2 HTTP/1.1" 200 48609 "http://the80itspod.com/" "Mozilla/5.0 (Windows NT 10.0; Win64; x64) AppleWebKit/537.36 (KHTML, like Gecko) Chrome/125.0.6422.60 Safari/537.36 Edge/12.246"
104.197.69.115 - - [02/Apr/2025:12:30:42 -0400] "GET /wp-content/themes/covernews/assets/icons/style.css?ver=6.7.2 HTTP/1.1" 200 1353 "http://the80itspod.com/" "Mozilla/5.0 (Windows NT 10.0; Win64; x64) AppleWebKit/537.36 (KHTML, like Gecko) Chrome/125.0.6422.60 Safari/537.36 Edge/12.246"
34.72.176.129 - - [02/Apr/2025:12:30:42 -0400] "GET /wp-content/themes/covernews/assets/slick/css/slick.css?ver=1.0.2 HTTP/1.1" 200 611 "http://the80itspod.com/" "Mozilla/5.0 (Windows NT 10.0; Win64; x64) AppleWebKit/537.36 (KHTML, like Gecko) Chrome/125.0.6422.60 Safari/537.36 Edge/12.246"
104.197.69.115 - - [02/Apr/2025:12:30:43 -0400] "GET /wp-includes/js/jquery/jquery.min.js?ver=3.7.1 HTTP/1.1" 200 35438 "http://the80itspod.com/" "Mozilla/5.0 (Windows NT 10.0; Win64; x64) AppleWebKit/537.36 (KHTML, like Gecko) Chrome/125.0.6422.60 Safari/537.36 Edge/12.246"
104.197.69.115 - - [02/Apr/2025:12:30:43 -0400] "GET /wp-includes/js/jquery/jquery-migrate.min.js?ver=3.4.1 HTTP/1.1" 200 5342 "http://the80itspod.com/" "Mozilla/5.0 (Windows NT 10.0; Win64; x64) AppleWebKit/537.36 (KHTML, like Gecko) Chrome/125.0.6422.60 Safari/537.36 Edge/12.246"
34.123.170.104 - - [02/Apr/2025:12:30:43 -0400] "GET /wp-content/themes/covernews/assets/jquery-match-height/jquery.matchHeight.min.js?ver=1.0.2 HTTP/1.1" 200 1470 "http://the80itspod.com/" "Mozilla/5.0 (Windows NT 10.0; Win64; x64) AppleWebKit/537.36 (KHTML, like Gecko) Chrome/125.0.6422.60 Safari/537.36 Edge/12.246"
34.72.176.129 - - [02/Apr/2025:12:30:43 -0400] "GET /wp-content/themes/covernews/js/skip-link-focus-fix.js?ver=1.0.2 HTTP/1.1" 200 426 "http://the80itspod.com/" "Mozilla/5.0 (Windows NT 10.0; Win64; x64) AppleWebKit/537.36 (KHTML, like Gecko) Chrome/125.0.6422.60 Safari/537.36 Edge/12.246"
104.197.69.115 - - [02/Apr/2025:12:30:43 -0400] "GET /wp-content/themes/covernews/js/navigation.js?ver=1.0.2 HTTP/1.1" 200 1179 "http://the80itspod.com/" "Mozilla/5.0 (Windows NT 10.0; Win64; x64) AppleWebKit/537.36 (KHTML, like Gecko) Chrome/125.0.6422.60 Safari/537.36 Edge/12.246"
104.197.69.115 - - [02/Apr/2025:12:30:43 -0400] "GET /wp-content/themes/covernews/assets/fixed-header-script.js?ver=1.0.2 HTTP/1.1" 200 868 "http://the80itspod.com/" "Mozilla/5.0 (Windows NT 10.0; Win64; x64) AppleWebKit/537.36 (KHTML, like Gecko) Chrome/125.0.6422.60 Safari/537.36 Edge/12.246"
104.197.69.115 - - [02/Apr/2025:12:30:44 -0400] "GET /wp-content/themes/covernews/assets/bootstrap/js/bootstrap.min.js?ver=1.0.2 HTTP/1.1" 200 18928 "http://the80itspod.com/" "Mozilla/5.0 (Windows NT 10.0; Win64; x64) AppleWebKit/537.36 (KHTML, like Gecko) Chrome/125.0.6422.60 Safari/537.36 Edge/12.246"
104.197.69.115 - - [02/Apr/2025:12:30:44 -0400] "GET /wp-content/themes/covernews/assets/slick/js/slick.min.js?ver=1.0.2 HTTP/1.1" 200 14359 "http://the80itspod.com/" "Mozilla/5.0 (Windows NT 10.0; Win64; x64) AppleWebKit/537.36 (KHTML, like Gecko) Chrome/125.0.6422.60 Safari/537.36 Edge/12.246"
34.72.176.129 - - [02/Apr/2025:12:30:44 -0400] "GET /wp-content/themes/covernews/assets/marquee/jquery.marquee.js?ver=1.0.2 HTTP/1.1" 200 5475 "http://the80itspod.com/" "Mozilla/5.0 (Windows NT 10.0; Win64; x64) AppleWebKit/537.36 (KHTML, like Gecko) Chrome/125.0.6422.60 Safari/537.36 Edge/12.246"
104.197.69.115 - - [02/Apr/2025:12:30:44 -0400] "GET /wp-content/themes/covernews/assets/script.js?ver=1.0.2 HTTP/1.1" 200 3529 "http://the80itspod.com/" "Mozilla/5.0 (Windows NT 10.0; Win64; x64) AppleWebKit/537.36 (KHTML, like Gecko) Chrome/125.0.6422.60 Safari/537.36 Edge/12.246"
104.197.69.115 - - [02/Apr/2025:12:30:49 -0400] "GET /wp-content/themes/covernews/assets/icons/fonts/aft-icons.ttf?kiv2u2 HTTP/1.1" 200 19272 "http://the80itspod.com/wp-content/themes/covernews/assets/icons/style.css?ver=6.7.2" "Mozilla/5.0 (Windows NT 10.0; Win64; x64) AppleWebKit/537.36 (KHTML, like Gecko) Chrome/125.0.6422.60 Safari/537.36 Edge/12.246"
34.123.170.104 - - [02/Apr/2025:12:30:49 -0400] "GET /wp-includes/js/wp-emoji-release.min.js?ver=6.7.2 HTTP/1.1" 200 5857 "http://the80itspod.com/" "Mozilla/5.0 (Windows NT 10.0; Win64; x64) AppleWebKit/537.36 (KHTML, like Gecko) Chrome/125.0.6422.60 Safari/537.36 Edge/12.246"
205.169.39.7 - - [02/Apr/2025:12:30:51 -0400] "GET /wp-content/themes/covernews/assets/jquery-match-height/jquery.matchHeight.min.js?ver=1.0.2 HTTP/1.1" 200 1470 "-" "Mozilla/5.0 (Windows NT 10.0) AppleWebKit/537.36 (KHTML, like Gecko) Chrome/106.0.0.0 Safari/537.36"
34.122.147.229 - - [02/Apr/2025:12:31:26 -0400] "GET / HTTP/1.1" 200 16759 "-" "Mozilla/5.0 (Windows NT 10.0; Win64; x64) AppleWebKit/537.36 (KHTML, like Gecko) Chrome/125.0.6422.60 Safari/537.36 Edge/12.246"
34.72.176.129 - - [02/Apr/2025:12:31:27 -0400] "GET /wp-content/themes/newsback/style.css?ver=1.0.2 HTTP/1.1" 200 2440 "http://the80itspod.com/" "Mozilla/5.0 (Windows NT 10.0; Win64; x64) AppleWebKit/537.36 (KHTML, like Gecko) Chrome/125.0.6422.60 Safari/537.36 Edge/12.246"
104.197.69.115 - - [02/Apr/2025:12:31:27 -0400] "GET /wp-content/themes/covernews/assets/slick/css/slick.css?ver=1.0.2 HTTP/1.1" 200 611 "http://the80itspod.com/" "Mozilla/5.0 (Windows NT 10.0; Win64; x64) AppleWebKit/537.36 (KHTML, like Gecko) Chrome/125.0.6422.60 Safari/537.36 Edge/12.246"
34.122.147.229 - - [02/Apr/2025:12:31:27 -0400] "GET /wp-includes/js/jquery/jquery.min.js?ver=3.7.1 HTTP/1.1" 200 35438 "http://the80itspod.com/" "Mozilla/5.0 (Windows NT 10.0; Win64; x64) AppleWebKit/537.36 (KHTML, like Gecko) Chrome/125.0.6422.60 Safari/537.36 Edge/12.246"
104.197.69.115 - - [02/Apr/2025:12:31:27 -0400] "GET /wp-includes/js/jquery/jquery-migrate.min.js?ver=3.4.1 HTTP/1.1" 304 0 "http://the80itspod.com/" "Mozilla/5.0 (Windows NT 10.0; Win64; x64) AppleWebKit/537.36 (KHTML, like Gecko) Chrome/125.0.6422.60 Safari/537.36 Edge/12.246"
34.123.170.104 - - [02/Apr/2025:12:31:27 -0400] "GET /wp-content/themes/covernews/assets/jquery-match-height/jquery.matchHeight.min.js?ver=1.0.2 HTTP/1.1" 200 1470 "http://the80itspod.com/" "Mozilla/5.0 (Windows NT 10.0; Win64; x64) AppleWebKit/537.36 (KHTML, like Gecko) Chrome/125.0.6422.60 Safari/537.36 Edge/12.246"
104.197.69.115 - - [02/Apr/2025:12:31:28 -0400] "GET /wp-content/themes/covernews/assets/fixed-header-script.js?ver=1.0.2 HTTP/1.1" 304 0 "http://the80itspod.com/" "Mozilla/5.0 (Windows NT 10.0; Win64; x64) AppleWebKit/537.36 (KHTML, like Gecko) Chrome/125.0.6422.60 Safari/537.36 Edge/12.246"
104.197.69.115 - - [02/Apr/2025:12:31:28 -0400] "GET /wp-content/themes/covernews/assets/bootstrap/js/bootstrap.min.js?ver=1.0.2 HTTP/1.1" 200 18928 "http://the80itspod.com/" "Mozilla/5.0 (Windows NT 10.0; Win64; x64) AppleWebKit/537.36 (KHTML, like Gecko) Chrome/125.0.6422.60 Safari/537.36 Edge/12.246"
34.72.176.129 - - [02/Apr/2025:12:31:28 -0400] "GET /wp-content/themes/covernews/style.css?ver=6.7.2 HTTP/1.1" 200 48609 "http://the80itspod.com/" "Mozilla/5.0 (Windows NT 10.0; Win64; x64) AppleWebKit/537.36 (KHTML, like Gecko) Chrome/125.0.6422.60 Safari/537.36 Edge/12.246"
104.197.69.115 - - [02/Apr/2025:12:31:28 -0400] "GET /wp-content/themes/newsback/assets/img/default-header-image.jpeg HTTP/1.1" 200 297284 "http://the80itspod.com/" "Mozilla/5.0 (Windows NT 10.0; Win64; x64) AppleWebKit/537.36 (KHTML, like Gecko) Chrome/125.0.6422.60 Safari/537.36 Edge/12.246"
34.72.176.129 - - [02/Apr/2025:12:31:29 -0400] "GET /wp-includes/js/wp-emoji-release.min.js?ver=6.7.2 HTTP/1.1" 200 5857 "http://the80itspod.com/" "Mozilla/5.0 (Windows NT 10.0; Win64; x64) AppleWebKit/537.36 (KHTML, like Gecko) Chrome/125.0.6422.60 Safari/537.36 Edge/12.246"
205.169.39.4 - - [02/Apr/2025:12:32:56 -0400] "GET / HTTP/1.1" 200 16759 "-" "Mozilla/5.0 (Windows NT 10.0; Win64; x64) AppleWebKit/537.36 (KHTML, like Gecko) Chrome/117.0.5938.132 Safari/537.36"
205.169.39.4 - - [02/Apr/2025:12:32:58 -0400] "GET /wp-content/themes/covernews/assets/icons/style.css?ver=6.7.2 HTTP/1.1" 200 1353 "http://the80itspod.com/" "Mozilla/5.0 (Windows NT 10.0; Win64; x64) AppleWebKit/537.36 (KHTML, like Gecko) Chrome/117.0.5938.132 Safari/537.36"
205.169.39.4 - - [02/Apr/2025:12:32:58 -0400] "GET /wp-content/themes/newsback/style.css?ver=1.0.2 HTTP/1.1" 200 2440 "http://the80itspod.com/" "Mozilla/5.0 (Windows NT 10.0; Win64; x64) AppleWebKit/537.36 (KHTML, like Gecko) Chrome/117.0.5938.132 Safari/537.36"
205.169.39.4 - - [02/Apr/2025:12:32:58 -0400] "GET /wp-content/themes/covernews/style.css?ver=6.7.2 HTTP/1.1" 200 48609 "http://the80itspod.com/" "Mozilla/5.0 (Windows NT 10.0; Win64; x64) AppleWebKit/537.36 (KHTML, like Gecko) Chrome/117.0.5938.132 Safari/537.36"
205.169.39.4 - - [02/Apr/2025:12:32:58 -0400] "GET /wp-includes/css/dist/block-library/style.min.css?ver=6.7.2 HTTP/1.1" 200 19532 "http://the80itspod.com/" "Mozilla/5.0 (Windows NT 10.0; Win64; x64) AppleWebKit/537.36 (KHTML, like Gecko) Chrome/117.0.5938.132 Safari/537.36"
205.169.39.4 - - [02/Apr/2025:12:32:58 -0400] "GET /wp-content/themes/covernews/assets/bootstrap/css/bootstrap.min.css?ver=6.7.2 HTTP/1.1" 200 25140 "http://the80itspod.com/" "Mozilla/5.0 (Windows NT 10.0; Win64; x64) AppleWebKit/537.36 (KHTML, like Gecko) Chrome/117.0.5938.132 Safari/537.36"
205.169.39.4 - - [02/Apr/2025:12:32:58 -0400] "GET /wp-content/themes/covernews/assets/slick/css/slick.css?ver=1.0.2 HTTP/1.1" 200 611 "http://the80itspod.com/" "Mozilla/5.0 (Windows NT 10.0; Win64; x64) AppleWebKit/537.36 (KHTML, like Gecko) Chrome/117.0.5938.132 Safari/537.36"
205.169.39.4 - - [02/Apr/2025:12:32:58 -0400] "GET /wp-includes/js/jquery/jquery.min.js?ver=3.7.1 HTTP/1.1" 200 35438 "http://the80itspod.com/" "Mozilla/5.0 (Windows NT 10.0; Win64; x64) AppleWebKit/537.36 (KHTML, like Gecko) Chrome/117.0.5938.132 Safari/537.36"
205.169.39.4 - - [02/Apr/2025:12:32:58 -0400] "GET /wp-includes/js/jquery/jquery-migrate.min.js?ver=3.4.1 HTTP/1.1" 200 5342 "http://the80itspod.com/" "Mozilla/5.0 (Windows NT 10.0; Win64; x64) AppleWebKit/537.36 (KHTML, like Gecko) Chrome/117.0.5938.132 Safari/537.36"
205.169.39.4 - - [02/Apr/2025:12:32:59 -0400] "GET /wp-content/themes/covernews/js/skip-link-focus-fix.js?ver=1.0.2 HTTP/1.1" 200 426 "http://the80itspod.com/" "Mozilla/5.0 (Windows NT 10.0; Win64; x64) AppleWebKit/537.36 (KHTML, like Gecko) Chrome/117.0.5938.132 Safari/537.36"
205.169.39.4 - - [02/Apr/2025:12:32:59 -0400] "GET /wp-content/themes/covernews/js/navigation.js?ver=1.0.2 HTTP/1.1" 200 1179 "http://the80itspod.com/" "Mozilla/5.0 (Windows NT 10.0; Win64; x64) AppleWebKit/537.36 (KHTML, like Gecko) Chrome/117.0.5938.132 Safari/537.36"
205.169.39.4 - - [02/Apr/2025:12:32:59 -0400] "GET /wp-content/themes/covernews/assets/jquery-match-height/jquery.matchHeight.min.js?ver=1.0.2 HTTP/1.1" 200 1470 "http://the80itspod.com/" "Mozilla/5.0 (Windows NT 10.0; Win64; x64) AppleWebKit/537.36 (KHTML, like Gecko) Chrome/117.0.5938.132 Safari/537.36"
205.169.39.4 - - [02/Apr/2025:12:32:59 -0400] "GET /wp-content/themes/covernews/assets/fixed-header-script.js?ver=1.0.2 HTTP/1.1" 200 868 "http://the80itspod.com/" "Mozilla/5.0 (Windows NT 10.0; Win64; x64) AppleWebKit/537.36 (KHTML, like Gecko) Chrome/117.0.5938.132 Safari/537.36"
205.169.39.4 - - [02/Apr/2025:12:32:59 -0400] "GET /wp-content/themes/covernews/assets/slick/js/slick.min.js?ver=1.0.2 HTTP/1.1" 200 14359 "http://the80itspod.com/" "Mozilla/5.0 (Windows NT 10.0; Win64; x64) AppleWebKit/537.36 (KHTML, like Gecko) Chrome/117.0.5938.132 Safari/537.36"
205.169.39.4 - - [02/Apr/2025:12:32:59 -0400] "GET /wp-content/themes/covernews/assets/icons/fonts/aft-icons.ttf?kiv2u2 HTTP/1.1" 200 19272 "http://the80itspod.com/wp-content/themes/covernews/assets/icons/style.css?ver=6.7.2" "Mozilla/5.0 (Windows NT 10.0; Win64; x64) AppleWebKit/537.36 (KHTML, like Gecko) Chrome/117.0.5938.132 Safari/537.36"
205.169.39.4 - - [02/Apr/2025:12:32:59 -0400] "GET /wp-content/themes/covernews/assets/script.js?ver=1.0.2 HTTP/1.1" 200 3529 "http://the80itspod.com/" "Mozilla/5.0 (Windows NT 10.0; Win64; x64) AppleWebKit/537.36 (KHTML, like Gecko) Chrome/117.0.5938.132 Safari/537.36"
205.169.39.4 - - [02/Apr/2025:12:32:59 -0400] "GET /wp-content/themes/covernews/assets/bootstrap/js/bootstrap.min.js?ver=1.0.2 HTTP/1.1" 200 18928 "http://the80itspod.com/" "Mozilla/5.0 (Windows NT 10.0; Win64; x64) AppleWebKit/537.36 (KHTML, like Gecko) Chrome/117.0.5938.132 Safari/537.36"
205.169.39.4 - - [02/Apr/2025:12:32:59 -0400] "GET /wp-content/themes/covernews/assets/marquee/jquery.marquee.js?ver=1.0.2 HTTP/1.1" 200 5475 "http://the80itspod.com/" "Mozilla/5.0 (Windows NT 10.0; Win64; x64) AppleWebKit/537.36 (KHTML, like Gecko) Chrome/117.0.5938.132 Safari/537.36"
205.169.39.4 - - [02/Apr/2025:12:32:59 -0400] "GET /wp-content/themes/newsback/assets/img/default-header-image.jpeg HTTP/1.1" 200 297284 "http://the80itspod.com/" "Mozilla/5.0 (Windows NT 10.0; Win64; x64) AppleWebKit/537.36 (KHTML, like Gecko) Chrome/117.0.5938.132 Safari/537.36"
205.169.39.4 - - [02/Apr/2025:12:33:01 -0400] "GET /wp-includes/js/wp-emoji-release.min.js?ver=6.7.2 HTTP/1.1" 200 5857 "http://the80itspod.com/" "Mozilla/5.0 (Windows NT 10.0; Win64; x64) AppleWebKit/537.36 (KHTML, like Gecko) Chrome/117.0.5938.132 Safari/537.36"
198.54.114.83 - - [02/Apr/2025:12:44:59 -0400] "POST /wp-cron.php?doing_wp_cron=1743612298.1432418823242187500000 HTTP/1.1" 200 0 "-" "WordPress/6.7.2; https://the80itspod.com"
40.88.25.216 - - [02/Apr/2025:12:44:52 -0400] "HEAD /wordpress HTTP/1.1" 404 0 "-" "Mozilla/5.0 (Windows NT 10.0; Win64; x64) AppleWebKit/537.36 (KHTML, like Gecko) Chrome/74.0.3729.169 Safari/537.36"
40.88.25.216 - - [02/Apr/2025:12:45:00 -0400] "HEAD / HTTP/1.1" 200 0 "-" "Mozilla/5.0 (Windows NT 10.0; Win64; x64) AppleWebKit/537.36 (KHTML, like Gecko) Chrome/74.0.3729.169 Safari/537.36"
40.88.25.216 - - [02/Apr/2025:12:45:01 -0400] "HEAD /wp HTTP/1.1" 404 0 "-" "Mozilla/5.0 (Windows NT 10.0; Win64; x64) AppleWebKit/537.36 (KHTML, like Gecko) Chrome/74.0.3729.169 Safari/537.36"
40.88.25.216 - - [02/Apr/2025:12:45:04 -0400] "HEAD /bc HTTP/1.1" 404 0 "-" "Mozilla/5.0 (Windows NT 10.0; Win64; x64) AppleWebKit/537.36 (KHTML, like Gecko) Chrome/74.0.3729.169 Safari/537.36"
40.88.25.216 - - [02/Apr/2025:12:45:06 -0400] "HEAD /bk HTTP/1.1" 404 0 "-" "Mozilla/5.0 (Windows NT 10.0; Win64; x64) AppleWebKit/537.36 (KHTML, like Gecko) Chrome/74.0.3729.169 Safari/537.36"
40.88.25.216 - - [02/Apr/2025:12:45:10 -0400] "HEAD /backup HTTP/1.1" 404 0 "-" "Mozilla/5.0 (Windows NT 10.0; Win64; x64) AppleWebKit/537.36 (KHTML, like Gecko) Chrome/74.0.3729.169 Safari/537.36"
40.88.25.216 - - [02/Apr/2025:12:45:13 -0400] "HEAD /old HTTP/1.1" 404 0 "-" "Mozilla/5.0 (Windows NT 10.0; Win64; x64) AppleWebKit/537.36 (KHTML, like Gecko) Chrome/74.0.3729.169 Safari/537.36"
40.88.25.216 - - [02/Apr/2025:12:45:16 -0400] "HEAD /new HTTP/1.1" 301 0 "-" "Mozilla/5.0 (Windows NT 10.0; Win64; x64) AppleWebKit/537.36 (KHTML, like Gecko) Chrome/74.0.3729.169 Safari/537.36"
198.54.114.83 - - [02/Apr/2025:12:45:23 -0400] "POST /wp-cron.php?doing_wp_cron=1743612322.6664218902587890625000 HTTP/1.1" 200 0 "-" "WordPress/6.7.2; https://the80itspod.com"
40.88.25.216 - - [02/Apr/2025:12:45:22 -0400] "HEAD /main HTTP/1.1" 404 0 "-" "Mozilla/5.0 (Windows NT 10.0; Win64; x64) AppleWebKit/537.36 (KHTML, like Gecko) Chrome/74.0.3729.169 Safari/537.36"
40.88.25.216 - - [02/Apr/2025:12:45:25 -0400] "HEAD /home HTTP/1.1" 301 0 "-" "Mozilla/5.0 (Windows NT 10.0; Win64; x64) AppleWebKit/537.36 (KHTML, like Gecko) Chrome/74.0.3729.169 Safari/537.36"
167.99.57.60 - - [02/Apr/2025:12:51:16 -0400] "GET /wp-admin/css/ HTTP/1.1" 403 1242 "binance.com" "Mozilla/5.0 (Windows NT 10.0; Win64; x64) AppleWebKit/537.36 (KHTML, like Gecko) Chrome/90.0.4430.85 Safari/537.36"
62.171.152.219 - - [02/Apr/2025:13:03:06 -0400] "GET /.env HTTP/1.1" 403 1242 "-" "Mozilla/5.0 (X11; Linux x86_64) AppleWebKit/537.36 (KHTML, like Gecko) Chrome/81.0.4044.129 Safari/537.36"
62.171.152.219 - - [02/Apr/2025:13:03:07 -0400] "POST / HTTP/1.1" 200 0 "-" "Mozilla/5.0 (X11; Linux x86_64) AppleWebKit/537.36 (KHTML, like Gecko) Chrome/81.0.4044.129 Safari/537.36"
198.54.114.83 - - [02/Apr/2025:13:03:15 -0400] "POST /wp-cron.php?doing_wp_cron=1743613394.2580170631408691406250 HTTP/1.1" 200 0 "-" "WordPress/6.7.2; https://the80itspod.com"
43.130.106.18 - - [02/Apr/2025:13:05:44 -0400] "GET / HTTP/1.1" 200 16759 "-" "Mozilla/5.0 (iPhone; CPU iPhone OS 13_2_3 like Mac OS X) AppleWebKit/605.1.15 (KHTML, like Gecko) Version/13.0.3 Mobile/15E148 Safari/604.1"
198.54.114.83 - - [02/Apr/2025:13:21:07 -0400] "POST /wp-cron.php?doing_wp_cron=1743614466.5560140609741210937500 HTTP/1.1" 200 0 "-" "WordPress/6.7.2; https://the80itspod.com"
192.99.228.118 - - [02/Apr/2025:13:21:01 -0400] "GET /wp-login.php HTTP/1.1" 302 0 "-" "Mozilla/5.0 (Windows NT 10.0; Win64; x64; rv:96.0) Gecko/20100101 Firefox/96.0"
85.208.98.23 - - [02/Apr/2025:13:34:00 -0400] "GET /robots.txt HTTP/1.1" 200 126 "-" "Mozilla/5.0 (compatible; SemrushBot-BA; +http://www.semrush.com/bot.html)"
205.169.39.240 - - [02/Apr/2025:13:45:11 -0400] "GET / HTTP/1.1" 200 16759 "-" "Mozilla/5.0 (Windows NT 6.1; Win64; x64) AppleWebKit/537.36 (KHTML, like Gecko) Chrome/83.0.4103.61 Safari/537.36"
205.169.39.240 - - [02/Apr/2025:13:45:30 -0400] "GET /wp-includes/js/jquery/jquery.min.js?ver=3.7.1 HTTP/1.1" 200 35438 "http://the80itspod.com/" "Mozilla/5.0 (Windows NT 6.1; Win64; x64) AppleWebKit/537.36 (KHTML, like Gecko) Chrome/83.0.4103.61 Safari/537.36"
205.169.39.240 - - [02/Apr/2025:13:45:42 -0400] "GET /wp-includes/js/jquery/jquery-migrate.min.js?ver=3.4.1 HTTP/1.1" 200 5342 "http://the80itspod.com/" "Mozilla/5.0 (Windows NT 6.1; Win64; x64) AppleWebKit/537.36 (KHTML, like Gecko) Chrome/83.0.4103.61 Safari/537.36"
205.169.39.240 - - [02/Apr/2025:13:45:51 -0400] "GET /wp-content/themes/covernews/js/navigation.js?ver=1.0.2 HTTP/1.1" 200 1179 "http://the80itspod.com/" "Mozilla/5.0 (Windows NT 6.1; Win64; x64) AppleWebKit/537.36 (KHTML, like Gecko) Chrome/83.0.4103.61 Safari/537.36"
205.169.39.240 - - [02/Apr/2025:13:45:52 -0400] "GET /wp-content/themes/covernews/js/skip-link-focus-fix.js?ver=1.0.2 HTTP/1.1" 200 426 "http://the80itspod.com/" "Mozilla/5.0 (Windows NT 6.1; Win64; x64) AppleWebKit/537.36 (KHTML, like Gecko) Chrome/83.0.4103.61 Safari/537.36"
217.114.43.161 - - [02/Apr/2025:13:56:42 -0400] "GET /phpinfo HTTP/1.1" 200 0 "-" "Mozilla/5.0 (Macintosh; Intel Mac OS X 10_15_7) AppleWebKit/537.36 (KHTML, like Gecko) Chrome/91.0.4472.124 Safari/537.36"
198.54.114.83 - - [02/Apr/2025:13:56:55 -0400] "POST /wp-cron.php?doing_wp_cron=1743616610.0207231044769287109375 HTTP/1.1" 200 0 "-" "WordPress/6.7.2; https://the80itspod.com"
217.114.43.161 - - [02/Apr/2025:13:56:54 -0400] "GET /phpinfo.php HTTP/1.1" 404 9421 "-" "Mozilla/5.0 (Windows NT 10.0; Win64; x64) AppleWebKit/537.36 (KHTML, like Gecko) Chrome/91.0.4472.124 Safari/537.36"
217.114.43.161 - - [02/Apr/2025:13:56:59 -0400] "GET /test.php HTTP/1.1" 404 9422 "-" "Mozilla/5.0 (Macintosh; Intel Mac OS X 10_15_7) AppleWebKit/537.36 (KHTML, like Gecko) Chrome/91.0.4472.124 Safari/537.36"
217.114.43.161 - - [02/Apr/2025:13:57:03 -0400] "GET /_profiler/phpinfo HTTP/1.1" 404 9422 "-" "Mozilla/5.0 (Macintosh; Intel Mac OS X 10_15_7) AppleWebKit/537.36 (KHTML, like Gecko) Chrome/91.0.4472.124 Safari/537.36"
217.114.43.161 - - [02/Apr/2025:13:57:10 -0400] "GET /info.php HTTP/1.1" 404 9422 "-" "Mozilla/5.0 (X11; Linux x86_64) AppleWebKit/537.36 (KHTML, like Gecko) Chrome/91.0.4472.124 Safari/537.36"
217.114.43.161 - - [02/Apr/2025:13:57:15 -0400] "GET /php.php HTTP/1.1" 404 9422 "-" "Mozilla/5.0 (Macintosh; Intel Mac OS X 10_15_7) AppleWebKit/537.36 (KHTML, like Gecko) Chrome/91.0.4472.124 Safari/537.36"
217.114.43.161 - - [02/Apr/2025:13:57:18 -0400] "GET /i.php HTTP/1.1" 404 9422 "-" "Mozilla/5.0 (Macintosh; Intel Mac OS X 10_15_7) AppleWebKit/537.36 (KHTML, like Gecko) Chrome/91.0.4472.124 Safari/537.36"
217.114.43.161 - - [02/Apr/2025:13:57:23 -0400] "GET /pi.php HTTP/1.1" 404 9422 "-" "Mozilla/5.0 (Macintosh; Intel Mac OS X 10_15_7) AppleWebKit/537.36 (KHTML, like Gecko) Chrome/91.0.4472.124 Safari/537.36"
217.114.43.161 - - [02/Apr/2025:13:57:27 -0400] "GET /phpinfo1.php HTTP/1.1" 404 9422 "-" "Mozilla/5.0 (Macintosh; Intel Mac OS X 10_15_7) AppleWebKit/537.36 (KHTML, like Gecko) Chrome/91.0.4472.124 Safari/537.36"
217.114.43.161 - - [02/Apr/2025:13:57:31 -0400] "GET /.aws/credentials HTTP/1.1" 404 9422 "-" "Mozilla/5.0 (X11; Linux x86_64) AppleWebKit/537.36 (KHTML, like Gecko) Chrome/91.0.4472.124 Safari/537.36"
217.114.43.161 - - [02/Apr/2025:13:57:33 -0400] "GET /p.php HTTP/1.1" 404 9422 "-" "Mozilla/5.0 (Macintosh; Intel Mac OS X 10_15_7) AppleWebKit/537.36 (KHTML, like Gecko) Chrome/91.0.4472.124 Safari/537.36"
217.114.43.161 - - [02/Apr/2025:13:57:37 -0400] "GET /1.php HTTP/1.1" 404 9422 "-" "Mozilla/5.0 (Macintosh; Intel Mac OS X 10_15_7) AppleWebKit/537.36 (KHTML, like Gecko) Chrome/91.0.4472.124 Safari/537.36"
198.54.114.83 - - [02/Apr/2025:14:28:32 -0400] "POST /wp-cron.php?doing_wp_cron=1743618511.0370340347290039062500 HTTP/1.1" 200 0 "-" "WordPress/6.7.2; https://the80itspod.com"
13.67.167.41 - - [02/Apr/2025:14:28:28 -0400] "GET /wp-admin/includes/nav.php HTTP/1.1" 404 9422 "-" "-"
13.67.167.41 - - [02/Apr/2025:14:28:45 -0400] "GET /wp-includes/sodium_compat/src/Core32/Curve25519/Ge/Core32.php HTTP/1.1" 404 9422 "-" "-"
13.67.167.41 - - [02/Apr/2025:14:28:52 -0400] "GET /.well-known/acme-challenge/zmFM.php HTTP/1.1" 404 9422 "-" "-"
13.67.167.41 - - [02/Apr/2025:14:28:57 -0400] "GET /wp-includes/sitemaps/providers/zmFM.php HTTP/1.1" 404 9428 "-" "-"
13.67.167.41 - - [02/Apr/2025:14:29:01 -0400] "GET /wp-includes/pomo/zmFM.php HTTP/1.1" 404 9422 "-" "-"
13.67.167.41 - - [02/Apr/2025:14:29:04 -0400] "GET /wp-admin/css/colors/ectoplasm/zmFM.php HTTP/1.1" 404 9422 "-" "-"
13.67.167.41 - - [02/Apr/2025:14:29:07 -0400] "GET /wp-includes/PHPMailer//zmFM.php HTTP/1.1" 301 0 "-" "-"
13.67.167.41 - - [02/Apr/2025:14:29:11 -0400] "GET /wp-includes/PHPMailer/zmFM.php HTTP/1.1" 404 9422 "-" "-"
13.67.167.41 - - [02/Apr/2025:14:29:12 -0400] "GET /wp-includes/customize/zmFM.php HTTP/1.1" 404 9422 "-" "-"
13.67.167.41 - - [02/Apr/2025:14:29:14 -0400] "GET /wp-includes/certificates/zmFM.php HTTP/1.1" 404 9422 "-" "-"
13.67.167.41 - - [02/Apr/2025:14:29:19 -0400] "GET /wp-includes/theme-compat/zmFM.php HTTP/1.1" 404 9422 "-" "-"
13.67.167.41 - - [02/Apr/2025:14:29:21 -0400] "GET /heh.php HTTP/1.1" 404 9422 "-" "-"
13.67.167.41 - - [02/Apr/2025:14:29:24 -0400] "GET /NewFile.php HTTP/1.1" 404 9422 "-" "-"
13.67.167.41 - - [02/Apr/2025:14:29:26 -0400] "GET /wp-content/plugins/view-more/ioxi.php HTTP/1.1" 404 9422 "-" "-"
13.67.167.41 - - [02/Apr/2025:14:29:28 -0400] "GET /wp-content/plugins/erinyani/baxa1.php7 HTTP/1.1" 404 9422 "-" "-"
198.54.114.83 - - [02/Apr/2025:14:29:33 -0400] "POST /wp-cron.php?doing_wp_cron=1743618571.8000020980834960937500 HTTP/1.1" 200 0 "-" "WordPress/6.7.2; https://the80itspod.com"
13.67.167.41 - - [02/Apr/2025:14:29:30 -0400] "GET /baxa1.php7 HTTP/1.1" 404 9422 "-" "-"
13.67.167.41 - - [02/Apr/2025:14:29:34 -0400] "GET /wp-content/plugins/erinyani/baxa1.php HTTP/1.1" 404 9422 "-" "-"
13.67.167.41 - - [02/Apr/2025:14:29:36 -0400] "GET /baxa1.php HTTP/1.1" 404 9422 "-" "-"
13.67.167.41 - - [02/Apr/2025:14:29:38 -0400] "GET /wp-content/plugins/seoxx/randkeyword.php HTTP/1.1" 404 9428 "-" "-"
13.67.167.41 - - [02/Apr/2025:14:29:40 -0400] "GET /wp-content/plugins/index.php HTTP/1.1" 200 0 "-" "-"
13.67.167.41 - - [02/Apr/2025:14:29:41 -0400] "GET /403.php HTTP/1.1" 404 9422 "-" "-"
13.67.167.41 - - [02/Apr/2025:14:29:43 -0400] "GET /content.php HTTP/1.1" 404 9428 "-" "-"
13.67.167.41 - - [02/Apr/2025:14:29:45 -0400] "GET /wp-content/plugins/not/includes/about.php HTTP/1.1" 404 9422 "-" "-"
13.67.167.41 - - [02/Apr/2025:14:29:47 -0400] "GET /wp-content/plugins/simple/simple.php HTTP/1.1" 404 9422 "-" "-"
