13.79.37.19 - - [30/Mar/2025:00:07:35 -0400] "GET /manager.php HTTP/1.1" 404 9421 "-" "-"
13.79.37.19 - - [30/Mar/2025:00:07:36 -0400] "GET /max.php HTTP/1.1" 404 9428 "-" "-"
13.79.37.19 - - [30/Mar/2025:00:07:36 -0400] "GET /wp-content/plugins/WordPressCore/include.php HTTP/1.1" 404 9421 "-" "-"
13.79.37.19 - - [30/Mar/2025:00:07:36 -0400] "GET /images.php HTTP/1.1" 404 9422 "-" "-"
13.79.37.19 - - [30/Mar/2025:00:07:37 -0400] "GET /admin.php HTTP/1.1" 404 9428 "-" "-"
13.79.37.19 - - [30/Mar/2025:00:07:37 -0400] "GET /packed.php HTTP/1.1" 404 9427 "-" "-"
13.79.37.19 - - [30/Mar/2025:00:07:37 -0400] "GET /wp-2019.php HTTP/1.1" 404 9421 "-" "-"
13.79.37.19 - - [30/Mar/2025:00:07:38 -0400] "GET /wp-content/plugins/index.php HTTP/1.1" 200 0 "-" "-"
13.79.37.19 - - [30/Mar/2025:00:07:38 -0400] "GET /s.php HTTP/1.1" 404 9428 "-" "-"
13.79.37.19 - - [30/Mar/2025:00:07:39 -0400] "GET /filemanager.php HTTP/1.1" 404 9419 "-" "-"
13.79.37.19 - - [30/Mar/2025:00:07:39 -0400] "GET /shell.php HTTP/1.1" 404 9427 "-" "-"
13.79.37.19 - - [30/Mar/2025:00:07:39 -0400] "GET /wp-admin/css/colors/blue/index.php HTTP/1.1" 301 0 "-" "-"
13.79.37.19 - - [30/Mar/2025:00:07:39 -0400] "GET /wp-admin/css/colors/blue/ HTTP/1.1" 403 1242 "-" "-"
13.79.37.19 - - [30/Mar/2025:00:07:40 -0400] "GET /wp-includes/js/jcrop/Jcrop.php HTTP/1.1" 404 9422 "-" "-"
13.79.37.19 - - [30/Mar/2025:00:07:40 -0400] "GET /wp-admin/css/colors/blue/.well-known/pki-validation/xmrlpc.php HTTP/1.1" 404 9428 "-" "-"
13.79.37.19 - - [30/Mar/2025:00:07:41 -0400] "GET /wp-config-premigrate.php HTTP/1.1" 404 9421 "-" "-"
13.79.37.19 - - [30/Mar/2025:00:07:41 -0400] "GET /wso.php HTTP/1.1" 404 9428 "-" "-"
13.79.37.19 - - [30/Mar/2025:00:07:42 -0400] "GET /doc.php HTTP/1.1" 404 9428 "-" "-"
13.79.37.19 - - [30/Mar/2025:00:07:42 -0400] "GET /wp-settings.php HTTP/1.1" 500 0 "-" "-"
13.79.37.19 - - [30/Mar/2025:00:07:43 -0400] "GET /wp-admin/install.php HTTP/1.1" 200 521 "-" "-"
13.79.37.19 - - [30/Mar/2025:00:07:43 -0400] "GET /moon.php HTTP/1.1" 404 9427 "-" "-"
13.79.37.19 - - [30/Mar/2025:00:07:43 -0400] "GET /wp-admin/images/atomlib.php HTTP/1.1" 404 9421 "-" "-"
13.79.37.19 - - [30/Mar/2025:00:07:44 -0400] "GET /hehehehe.php HTTP/1.1" 404 9421 "-" "-"
13.79.37.19 - - [30/Mar/2025:00:07:45 -0400] "GET /configure.php HTTP/1.1" 404 9428 "-" "-"
13.79.37.19 - - [30/Mar/2025:00:07:45 -0400] "GET /wp-includes/fonts/index.php HTTP/1.1" 301 0 "-" "-"
13.79.37.19 - - [30/Mar/2025:00:07:46 -0400] "GET /wp-includes/fonts/ HTTP/1.1" 403 1242 "-" "-"
13.79.37.19 - - [30/Mar/2025:00:07:46 -0400] "GET /wp-admin/css/colors/blue/admin.php HTTP/1.1" 404 9421 "-" "-"
13.79.37.19 - - [30/Mar/2025:00:07:46 -0400] "GET /index/function.php HTTP/1.1" 404 9428 "-" "-"
13.79.37.19 - - [30/Mar/2025:00:07:47 -0400] "GET /wp-admin/classwithtostring.php HTTP/1.1" 404 9427 "-" "-"
13.79.37.19 - - [30/Mar/2025:00:07:47 -0400] "GET /buy.php HTTP/1.1" 404 9428 "-" "-"
13.79.37.19 - - [30/Mar/2025:00:07:47 -0400] "GET /wp-includes/SimplePie/index.php HTTP/1.1" 301 0 "-" "-"
13.79.37.19 - - [30/Mar/2025:00:07:48 -0400] "GET /wp-includes/SimplePie/ HTTP/1.1" 403 1242 "-" "-"
13.79.37.19 - - [30/Mar/2025:00:07:48 -0400] "GET /item.php HTTP/1.1" 404 9421 "-" "-"
13.79.37.19 - - [30/Mar/2025:00:07:48 -0400] "GET /wp-content/x/index.php HTTP/1.1" 301 0 "-" "-"
13.79.37.19 - - [30/Mar/2025:00:07:48 -0400] "GET /wp-content/x/ HTTP/1.1" 404 9422 "-" "-"
13.79.37.19 - - [30/Mar/2025:00:07:49 -0400] "GET /wp-content/plugins/ubh/1.php HTTP/1.1" 404 9422 "-" "-"
13.79.37.19 - - [30/Mar/2025:00:07:50 -0400] "GET /1.php HTTP/1.1" 404 9421 "-" "-"
13.79.37.19 - - [30/Mar/2025:00:07:50 -0400] "GET /bootstrap.php HTTP/1.1" 404 9422 "-" "-"
13.79.37.19 - - [30/Mar/2025:00:07:50 -0400] "GET /settings.php HTTP/1.1" 404 9422 "-" "-"
13.79.37.19 - - [30/Mar/2025:00:07:51 -0400] "GET /goods.php HTTP/1.1" 404 9422 "-" "-"
13.79.37.19 - - [30/Mar/2025:00:07:51 -0400] "GET /wp-includes/certificates/wp-login.php HTTP/1.1" 404 9427 "-" "-"
13.79.37.19 - - [30/Mar/2025:00:07:52 -0400] "GET /wp-blog-header.php HTTP/1.1" 404 0 "-" "-"
13.79.37.19 - - [30/Mar/2025:00:07:52 -0400] "GET /used HTTP/1.1" 301 0 "-" "-"
13.79.37.19 - - [30/Mar/2025:00:07:54 -0400] "GET /ova.php HTTP/1.1" 404 9428 "-" "-"
13.79.37.19 - - [30/Mar/2025:00:07:55 -0400] "GET /wp-admin/js/autoload_classmap.php HTTP/1.1" 404 9428 "-" "-"
13.79.37.19 - - [30/Mar/2025:00:07:55 -0400] "GET /wp-content/upgrade/about.php HTTP/1.1" 404 9428 "-" "-"
13.79.37.19 - - [30/Mar/2025:00:07:56 -0400] "GET /temp.php HTTP/1.1" 404 9422 "-" "-"
13.79.37.19 - - [30/Mar/2025:00:07:56 -0400] "GET /mar.php HTTP/1.1" 404 9422 "-" "-"
13.79.37.19 - - [30/Mar/2025:00:07:57 -0400] "GET /wp-admin/maint/admin.php HTTP/1.1" 404 9422 "-" "-"
13.79.37.19 - - [30/Mar/2025:00:07:57 -0400] "GET /admin/function.php HTTP/1.1" 404 9421 "-" "-"
13.79.37.19 - - [30/Mar/2025:00:07:58 -0400] "GET /0x.php HTTP/1.1" 404 9421 "-" "-"
13.79.37.19 - - [30/Mar/2025:00:07:58 -0400] "GET /wp-seo.php HTTP/1.1" 404 9428 "-" "-"
13.79.37.19 - - [30/Mar/2025:00:07:58 -0400] "GET /wp-admin/css/colors/coffee/xmrlpc.php HTTP/1.1" 404 9421 "-" "-"
13.79.37.19 - - [30/Mar/2025:00:07:59 -0400] "GET /back.php HTTP/1.1" 404 9428 "-" "-"
13.79.37.19 - - [30/Mar/2025:00:08:00 -0400] "GET /info.php HTTP/1.1" 404 9421 "-" "-"
13.79.37.19 - - [30/Mar/2025:00:08:00 -0400] "GET /config.php HTTP/1.1" 404 9427 "-" "-"
13.79.37.19 - - [30/Mar/2025:00:08:00 -0400] "GET /inputs.php HTTP/1.1" 404 9422 "-" "-"
13.79.37.19 - - [30/Mar/2025:00:08:00 -0400] "GET /wp-includes/css/about.php HTTP/1.1" 404 9428 "-" "-"
13.79.37.19 - - [30/Mar/2025:00:08:00 -0400] "GET /jquery.php HTTP/1.1" 404 9428 "-" "-"
13.79.37.19 - - [30/Mar/2025:00:08:01 -0400] "GET /wp-includes/ID3/index.php HTTP/1.1" 301 0 "-" "-"
13.79.37.19 - - [30/Mar/2025:00:08:02 -0400] "GET /wp-includes/ID3/ HTTP/1.1" 403 1242 "-" "-"
13.79.37.19 - - [30/Mar/2025:00:08:02 -0400] "GET /lock.php HTTP/1.1" 404 9428 "-" "-"
13.79.37.19 - - [30/Mar/2025:00:08:02 -0400] "GET /wp-admin/css/admin.php HTTP/1.1" 404 9428 "-" "-"
13.79.37.19 - - [30/Mar/2025:00:08:03 -0400] "GET /403.php HTTP/1.1" 404 9428 "-" "-"
13.79.37.19 - - [30/Mar/2025:00:08:03 -0400] "GET /wp-content/admin.php HTTP/1.1" 404 9422 "-" "-"
13.79.37.19 - - [30/Mar/2025:00:08:03 -0400] "GET /hehe.php HTTP/1.1" 404 9428 "-" "-"
13.79.37.19 - - [30/Mar/2025:00:08:03 -0400] "GET /wp-content/ HTTP/1.1" 200 0 "-" "-"
13.79.37.19 - - [30/Mar/2025:00:08:04 -0400] "GET /wp-admin/css/colors/light/about.php HTTP/1.1" 404 9428 "-" "-"
13.79.37.19 - - [30/Mar/2025:00:08:04 -0400] "GET //user.php HTTP/1.1" 301 0 "-" "-"
13.79.37.19 - - [30/Mar/2025:00:08:05 -0400] "GET /user.php HTTP/1.1" 404 9419 "-" "-"
13.79.37.19 - - [30/Mar/2025:00:08:05 -0400] "GET /.well-known/text.php HTTP/1.1" 404 9422 "-" "-"
13.79.37.19 - - [30/Mar/2025:00:08:06 -0400] "GET /wp-admin/images/chosen.php HTTP/1.1" 404 9428 "-" "-"
13.79.37.19 - - [30/Mar/2025:00:08:06 -0400] "GET /update.php HTTP/1.1" 404 9422 "-" "-"
13.79.37.19 - - [30/Mar/2025:00:08:07 -0400] "GET /wp-admin/js/index.php HTTP/1.1" 301 0 "-" "-"
13.79.37.19 - - [30/Mar/2025:00:08:07 -0400] "GET /wp-admin/js/ HTTP/1.1" 403 1242 "-" "-"
13.79.37.19 - - [30/Mar/2025:00:08:07 -0400] "GET /wp-content/upgrade/wp-login.php HTTP/1.1" 404 9421 "-" "-"
13.79.37.19 - - [30/Mar/2025:00:08:08 -0400] "GET /wp-content/themes/wp-pridmag/init.php HTTP/1.1" 404 9427 "-" "-"
13.79.37.19 - - [30/Mar/2025:00:08:08 -0400] "GET /file_browser.php HTTP/1.1" 404 9428 "-" "-"
13.79.37.19 - - [30/Mar/2025:00:08:09 -0400] "GET /wp-content/plugins/wp-help/admin/wp-fclass.php HTTP/1.1" 404 9428 "-" "-"
13.79.37.19 - - [30/Mar/2025:00:08:10 -0400] "GET /wp-admin/maint/index.php HTTP/1.1" 301 0 "-" "-"
13.79.37.19 - - [30/Mar/2025:00:08:10 -0400] "GET /wp-admin/maint/ HTTP/1.1" 403 1242 "-" "-"
13.79.37.19 - - [30/Mar/2025:00:08:10 -0400] "GET /wp-content/plugins/dummyyummy/wp-signup.php HTTP/1.1" 404 9421 "-" "-"
13.79.37.19 - - [30/Mar/2025:00:08:10 -0400] "GET /wp-load.php HTTP/1.1" 200 0 "-" "-"
13.79.37.19 - - [30/Mar/2025:00:08:11 -0400] "GET /13.php HTTP/1.1" 404 9421 "-" "-"
13.79.37.19 - - [30/Mar/2025:00:08:11 -0400] "GET /mah/function.php HTTP/1.1" 404 9421 "-" "-"
13.79.37.19 - - [30/Mar/2025:00:08:11 -0400] "GET /wp-cron.php HTTP/1.1" 200 0 "-" "-"
13.79.37.19 - - [30/Mar/2025:00:08:12 -0400] "GET /header.php HTTP/1.1" 404 9421 "-" "-"
13.79.37.19 - - [30/Mar/2025:00:08:12 -0400] "GET /credits.php HTTP/1.1" 404 9421 "-" "-"
13.79.37.19 - - [30/Mar/2025:00:08:13 -0400] "GET /wp-content/plugins/simple/simple.php HTTP/1.1" 404 9428 "-" "-"
13.79.37.19 - - [30/Mar/2025:00:08:14 -0400] "GET /used: HTTP/1.1" 301 0 "-" "-"
13.79.37.19 - - [30/Mar/2025:00:08:15 -0400] "GET /1.php HTTP/1.1" 404 9421 "-" "-"
13.79.37.19 - - [30/Mar/2025:00:08:16 -0400] "GET /cjfuns.php HTTP/1.1" 404 9421 "-" "-"
13.79.37.19 - - [30/Mar/2025:00:08:16 -0400] "GET /wp-includes/Text/autoload_classmap.php HTTP/1.1" 404 9422 "-" "-"
13.79.37.19 - - [30/Mar/2025:00:08:17 -0400] "GET /wp.php HTTP/1.1" 404 9428 "-" "-"
13.79.37.19 - - [30/Mar/2025:00:08:17 -0400] "GET /wp-links.php HTTP/1.1" 404 9427 "-" "-"
13.79.37.19 - - [30/Mar/2025:00:08:17 -0400] "GET /alfa.php HTTP/1.1" 404 9428 "-" "-"
198.54.114.83 - - [30/Mar/2025:00:08:18 -0400] "POST /wp-cron.php?doing_wp_cron=1743307698.1077880859375000000000 HTTP/1.1" 200 0 "-" "WordPress/6.7.2; https://the80itspod.com"
13.79.37.19 - - [30/Mar/2025:00:08:17 -0400] "GET /google.php HTTP/1.1" 404 9422 "-" "-"
13.79.37.19 - - [30/Mar/2025:00:08:18 -0400] "GET /wp-admin/maint/wp-login.php HTTP/1.1" 404 9421 "-" "-"
13.79.37.19 - - [30/Mar/2025:00:08:18 -0400] "GET /wp-content/cache/index.php HTTP/1.1" 301 0 "-" "-"
13.79.37.19 - - [30/Mar/2025:00:08:19 -0400] "GET /wp-content/cache/ HTTP/1.1" 301 0 "-" "-"
13.79.37.19 - - [30/Mar/2025:00:08:20 -0400] "GET /wp-admin/js/ HTTP/1.1" 403 1242 "-" "-"
13.79.37.19 - - [30/Mar/2025:00:08:20 -0400] "GET /.well-known/pki-validation/xmrlpc.php HTTP/1.1" 404 1251 "-" "-"
13.79.37.19 - - [30/Mar/2025:00:08:20 -0400] "GET /wp-content/themes/twentytwenty/404.php HTTP/1.1" 404 9428 "-" "-"
196.251.69.226 - - [30/Mar/2025:00:24:28 -0400] "GET /wp-content/themes/wp-pridmag/up.php HTTP/1.1" 404 9421 "www.google.com" "Mozlila/5.0 (Linux; Android 7.0; SM-G892A Bulid/NRD90M; wv) AppleWebKit/537.36 (KHTML, like Gecko) Version/4.0 Chrome/60.0.3112.107 Moblie Safari/537.36"
43.134.73.181 - - [30/Mar/2025:00:25:43 -0400] "GET / HTTP/1.1" 200 16760 "https://google.com" "Mozilla/5.0 (Windows NT 10.0; Win64; x64) AppleWebKit/537.36 (KHTML, like Gecko) Chrome/104.0.0.0 Safari/537.36"
198.54.114.83 - - [30/Mar/2025:00:25:48 -0400] "POST /wp-cron.php?doing_wp_cron=1743308748.5836369991302490234375 HTTP/1.1" 200 0 "-" "WordPress/6.7.2; https://the80itspod.com"
46.101.204.165 - - [30/Mar/2025:00:25:45 -0400] "POST /wp-login.php HTTP/1.1" 302 0 "http://the80itspod.com/wp-admin/" "Mozilla/5.0 (Windows NT 10.0; Win64; x64) AppleWebKit/537.36 (KHTML, like Gecko) Chrome/90.0.4430.85 Safari/537.36"
198.54.114.83 - - [30/Mar/2025:00:32:05 -0400] "POST /wp-cron.php?doing_wp_cron=1743309125.2210750579833984375000 HTTP/1.1" 200 0 "-" "WordPress/6.7.2; https://the80itspod.com"
139.59.100.51 - - [30/Mar/2025:00:32:02 -0400] "GET /wp-content/plugins/pwnd/pwnd.php HTTP/1.1" 404 9428 "-" "Mozilla/5.0 (Linux; Android 7.0; SM-G892A Build/NRD90M; wv) AppleWebKit/537.36 (KHTML, like Gecko) Version/4.0 Chrome/60.0.3112.107 Mobile Safari/537.36"
139.59.100.51 - - [30/Mar/2025:00:32:10 -0400] "GET /wp-content/plugins/pwnd-1/pwnd.php HTTP/1.1" 404 9428 "-" "Mozilla/5.0 (Linux; Android 7.0; SM-G892A Build/NRD90M; wv) AppleWebKit/537.36 (KHTML, like Gecko) Version/4.0 Chrome/60.0.3112.107 Mobile Safari/537.36"
198.54.114.83 - - [30/Mar/2025:00:32:21 -0400] "POST /wp-cron.php?doing_wp_cron=1743309141.3195478916168212890625 HTTP/1.1" 200 0 "-" "WordPress/6.7.2; https://the80itspod.com"
139.59.100.51 - - [30/Mar/2025:00:32:21 -0400] "GET /wp-content/plugins/pwnd-2/pwnd.php HTTP/1.1" 404 9428 "-" "Mozilla/5.0 (Linux; Android 7.0; SM-G892A Build/NRD90M; wv) AppleWebKit/537.36 (KHTML, like Gecko) Version/4.0 Chrome/60.0.3112.107 Mobile Safari/537.36"
139.59.100.51 - - [30/Mar/2025:00:33:05 -0400] "GET /wp-content/plugins/fix/up.php HTTP/1.1" 404 9428 "-" "Mozilla/5.0 (Linux; Android 7.0; SM-G892A Build/NRD90M; wv) AppleWebKit/537.36 (KHTML, like Gecko) Version/4.0 Chrome/60.0.3112.107 Mobile Safari/537.36"
120.71.59.24 - - [30/Mar/2025:01:11:54 -0400] "GET / HTTP/1.1" 200 16760 "-" "Mozilla/5.0 (iPhone; CPU iPhone OS 13_2_3 like Mac OS X) AppleWebKit/605.1.15 (KHTML, like Gecko) Version/13.0.3 Mobile/15E148 Safari/604.1"
164.92.95.50 - - [30/Mar/2025:01:14:42 -0400] "GET /geju.php HTTP/1.1" 403 7165 "-" "Mozilla/5.0 (Windows NT 10.0; WOW64; rv:45.0) Gecko/20100101 Firefox/45.0"
164.92.95.50 - - [30/Mar/2025:01:14:43 -0400] "GET /wp-content/plugins/about.php HTTP/1.1" 403 7165 "-" "Mozilla/5.0 (Windows NT 10.0; WOW64; rv:45.0) Gecko/20100101 Firefox/45.0"
164.92.95.50 - - [30/Mar/2025:01:14:43 -0400] "GET /wp.php HTTP/1.1" 403 7165 "-" "Mozilla/5.0 (Windows NT 10.0; WOW64; rv:45.0) Gecko/20100101 Firefox/45.0"
164.92.95.50 - - [30/Mar/2025:01:14:44 -0400] "GET /hoot.php HTTP/1.1" 403 7165 "-" "Mozilla/5.0 (Windows NT 10.0; WOW64; rv:45.0) Gecko/20100101 Firefox/45.0"
164.92.95.50 - - [30/Mar/2025:01:14:44 -0400] "GET /about.php HTTP/1.1" 403 7165 "-" "Mozilla/5.0 (Windows NT 10.0; WOW64; rv:45.0) Gecko/20100101 Firefox/45.0"
164.92.95.50 - - [30/Mar/2025:01:14:45 -0400] "GET /admin.php HTTP/1.1" 403 7165 "-" "Mozilla/5.0 (Windows NT 10.0; WOW64; rv:45.0) Gecko/20100101 Firefox/45.0"
164.92.95.50 - - [30/Mar/2025:01:14:46 -0400] "GET /login.php HTTP/1.1" 403 7165 "-" "Mozilla/5.0 (Windows NT 10.0; WOW64; rv:45.0) Gecko/20100101 Firefox/45.0"
164.92.95.50 - - [30/Mar/2025:01:14:46 -0400] "GET /config.php HTTP/1.1" 403 7165 "-" "Mozilla/5.0 (Windows NT 10.0; WOW64; rv:45.0) Gecko/20100101 Firefox/45.0"
164.92.95.50 - - [30/Mar/2025:01:14:48 -0400] "GET /includes/admin.php HTTP/1.1" 403 7164 "-" "Mozilla/5.0 (Windows NT 10.0; WOW64; rv:45.0) Gecko/20100101 Firefox/45.0"
196.251.69.226 - - [30/Mar/2025:01:47:15 -0400] "POST /wp-content/plugins/about.php HTTP/1.1" 403 1242 "http://the80itspod.com" "Mozilla/5.0 (Windows NT 10.0; Win64; x64) AppleWebKit/537.36 (KHTML, like Gecko) Chrome/91.0.4472.124 Safari/537.36"
196.251.69.226 - - [30/Mar/2025:01:47:15 -0400] "GET /wp-content/about.php HTTP/1.1" 404 9428 "http://the80itspod.com" "Mozilla/5.0 (Windows NT 10.0; Win64; x64) AppleWebKit/537.36 (KHTML, like Gecko) Chrome/91.0.4472.124 Safari/537.36"
196.251.69.226 - - [30/Mar/2025:01:47:17 -0400] "POST /wp-content/plugins/about.php HTTP/1.1" 403 1242 "http://the80itspod.com" "Mozilla/5.0 (Windows NT 10.0; Win64; x64) AppleWebKit/537.36 (KHTML, like Gecko) Chrome/91.0.4472.124 Safari/537.36"
196.251.69.226 - - [30/Mar/2025:01:47:17 -0400] "GET /wp-content/about.php HTTP/1.1" 404 9428 "http://the80itspod.com" "Mozilla/5.0 (Windows NT 10.0; Win64; x64) AppleWebKit/537.36 (KHTML, like Gecko) Chrome/91.0.4472.124 Safari/537.36"
196.251.69.226 - - [30/Mar/2025:01:47:19 -0400] "POST /wp-content/plugins/about.php HTTP/1.1" 403 1242 "http://the80itspod.com" "Mozilla/5.0 (Windows NT 10.0; Win64; x64) AppleWebKit/537.36 (KHTML, like Gecko) Chrome/91.0.4472.124 Safari/537.36"
196.251.69.226 - - [30/Mar/2025:01:47:26 -0400] "GET /wp-content/about.php HTTP/1.1" 404 9428 "http://the80itspod.com" "Mozilla/5.0 (Windows NT 10.0; Win64; x64) AppleWebKit/537.36 (KHTML, like Gecko) Chrome/91.0.4472.124 Safari/537.36"
196.251.69.226 - - [30/Mar/2025:01:47:28 -0400] "POST /wp.php HTTP/1.1" 403 1242 "http://the80itspod.com" "Mozilla/5.0 (Windows NT 10.0; Win64; x64) AppleWebKit/537.36 (KHTML, like Gecko) Chrome/91.0.4472.124 Safari/537.36"
196.251.69.226 - - [30/Mar/2025:01:47:28 -0400] "GET /about.php HTTP/1.1" 404 9428 "http://the80itspod.com" "Mozilla/5.0 (Windows NT 10.0; Win64; x64) AppleWebKit/537.36 (KHTML, like Gecko) Chrome/91.0.4472.124 Safari/537.36"
196.251.71.229 - - [30/Mar/2025:01:58:00 -0400] "GET / HTTP/1.1" 200 16760 "-" "Mozlila/5.0 (Linux; Android 7.0; SM-G892A Bulid/NRD90M; wv) AppleWebKit/537.36 (KHTML, like Gecko) Version/4.0 Chrome/60.0.3112.107 Moblie Safari/537.36"
196.251.71.229 - - [30/Mar/2025:01:58:00 -0400] "GET /wp-content/themes/seotheme/db.php?u HTTP/1.1" 403 7165 "www.google.com" "Mozlila/5.0 (Linux; Android 7.0; SM-G892A Bulid/NRD90M; wv) AppleWebKit/537.36 (KHTML, like Gecko) Version/4.0 Chrome/60.0.3112.107 Moblie Safari/537.36"
196.251.71.229 - - [30/Mar/2025:01:58:00 -0400] "POST /ALFA_DATA/alfacgiapi/perl.alfa HTTP/1.1" 403 7165 "www.google.com" "Mozlila/5.0 (Linux; Android 7.0; SM-G892A Bulid/NRD90M; wv) AppleWebKit/537.36 (KHTML, like Gecko) Version/4.0 Chrome/60.0.3112.107 Moblie Safari/537.36"
196.251.71.229 - - [30/Mar/2025:01:58:01 -0400] "GET /wp-content/plugins/apikey/apikey.php?test=hello HTTP/1.1" 403 7165 "-" "Mozlila/5.0 (Linux; Android 7.0; SM-G892A Bulid/NRD90M; wv) AppleWebKit/537.36 (KHTML, like Gecko) Version/4.0 Chrome/60.0.3112.107 Moblie Safari/537.36"
198.54.114.83 - - [30/Mar/2025:01:58:01 -0400] "POST /wp-cron.php?doing_wp_cron=1743314281.3720719814300537109375 HTTP/1.1" 200 0 "-" "WordPress/6.7.2; https://the80itspod.com"
196.251.71.229 - - [30/Mar/2025:01:58:01 -0400] "POST /alfacgiapi/perl.alfa HTTP/1.1" 403 7165 "www.google.com" "Mozlila/5.0 (Linux; Android 7.0; SM-G892A Bulid/NRD90M; wv) AppleWebKit/537.36 (KHTML, like Gecko) Version/4.0 Chrome/60.0.3112.107 Moblie Safari/537.36"
196.251.71.229 - - [30/Mar/2025:01:58:02 -0400] "GET /plugins/content/apismtp/apismtp.php?test=hello HTTP/1.1" 403 7165 "-" "Mozlila/5.0 (Linux; Android 7.0; SM-G892A Bulid/NRD90M; wv) AppleWebKit/537.36 (KHTML, like Gecko) Version/4.0 Chrome/60.0.3112.107 Moblie Safari/537.36"
196.251.71.229 - - [30/Mar/2025:01:58:02 -0400] "GET /wp-content/plugins/apikey/apikey.php.suspected?test=hello HTTP/1.1" 403 7165 "-" "Mozlila/5.0 (Linux; Android 7.0; SM-G892A Bulid/NRD90M; wv) AppleWebKit/537.36 (KHTML, like Gecko) Version/4.0 Chrome/60.0.3112.107 Moblie Safari/537.36"
196.251.71.229 - - [30/Mar/2025:01:58:00 -0400] "GET /wp-content/plugins/fix/up.php HTTP/1.1" 404 9428 "-" "Mozilla/5.0 (Windows NT 10.0; Win64; x64) AppleWebKit/537.36 (KHTML, like Gecko) Chrome/85.0.4183.102 Safari/537.36"
196.251.71.229 - - [30/Mar/2025:01:58:00 -0400] "POST /wp-plain.php HTTP/1.1" 404 9378 "www.google.com" "Mozilla/5.0 (Linux; Android 7.0; SM-G892A Bulid/NRD90M; wv) AppleWebKit/537.36 (KHTML, like Gecko) Version/4.0 Chrome/60.0.3112.107 Moblie Safari/537.36"
196.251.71.229 - - [30/Mar/2025:01:58:02 -0400] "GET /plugins/content/apismtp/apismtp.php.suspected?test=hello HTTP/1.1" 403 7165 "-" "Mozlila/5.0 (Linux; Android 7.0; SM-G892A Bulid/NRD90M; wv) AppleWebKit/537.36 (KHTML, like Gecko) Version/4.0 Chrome/60.0.3112.107 Moblie Safari/537.36"
196.251.71.229 - - [30/Mar/2025:01:58:03 -0400] "GET /wujbnbif.php?Fox=d3wL7 HTTP/1.1" 404 9428 "www.google.com" "Mozilla/5.0 (Linux; Android 7.0; SM-G892A Bulid/NRD90M; wv) AppleWebKit/537.36 (KHTML, like Gecko) Version/4.0 Chrome/60.0.3112.107 Moblie Safari/537.36"
85.208.98.23 - - [30/Mar/2025:02:07:00 -0400] "GET /robots.txt HTTP/1.1" 304 0 "-" "Mozilla/5.0 (compatible; SemrushBot-BA; +http://www.semrush.com/bot.html)"
146.190.89.71 - - [30/Mar/2025:02:38:25 -0400] "GET /wp-includes/js/jcrop/Jcrop.php HTTP/1.1" 403 7164 "-" "Mozlila/5.0 (Linux; Android 7.0; SM-G892A Bulid/NRD90M; wv) AppleWebKit/537.36 (KHTML, like Gecko) Version/4.0 Chrome/60.0.3112.107 Moblie Safari/537.36"
146.190.89.71 - - [30/Mar/2025:02:38:34 -0400] "GET /wp-content/plugins/index.php HTTP/1.1" 200 0 "-" "Mozlila/5.0 (Linux; Android 7.0; SM-G892A Bulid/NRD90M; wv) AppleWebKit/537.36 (KHTML, like Gecko) Version/4.0 Chrome/60.0.3112.107 Moblie Safari/537.36"
146.190.89.71 - - [30/Mar/2025:02:38:41 -0400] "GET /wp-admin/images/index.php HTTP/1.1" 403 7164 "-" "Mozlila/5.0 (Linux; Android 7.0; SM-G892A Bulid/NRD90M; wv) AppleWebKit/537.36 (KHTML, like Gecko) Version/4.0 Chrome/60.0.3112.107 Moblie Safari/537.36"
146.190.89.71 - - [30/Mar/2025:02:38:46 -0400] "GET /index/function.php HTTP/1.1" 403 7164 "-" "Mozlila/5.0 (Linux; Android 7.0; SM-G892A Bulid/NRD90M; wv) AppleWebKit/537.36 (KHTML, like Gecko) Version/4.0 Chrome/60.0.3112.107 Moblie Safari/537.36"
146.190.89.71 - - [30/Mar/2025:02:38:49 -0400] "GET /wp-admin/network/index.php HTTP/1.1" 403 7164 "-" "Mozlila/5.0 (Linux; Android 7.0; SM-G892A Bulid/NRD90M; wv) AppleWebKit/537.36 (KHTML, like Gecko) Version/4.0 Chrome/60.0.3112.107 Moblie Safari/537.36"
146.190.89.71 - - [30/Mar/2025:02:38:52 -0400] "GET /wp-includes/fonts/about.php HTTP/1.1" 403 7164 "-" "Mozlila/5.0 (Linux; Android 7.0; SM-G892A Bulid/NRD90M; wv) AppleWebKit/537.36 (KHTML, like Gecko) Version/4.0 Chrome/60.0.3112.107 Moblie Safari/537.36"
43.156.97.155 - - [30/Mar/2025:02:39:44 -0400] "GET //wp-content/plugins/fix/up.php HTTP/1.1" 200 0 "-" "Mozilla/5.0 (Windows NT 10.0; Win64; x64) AppleWebKit/537.36 (KHTML, like Gecko) Chrome/85.0.4183.102 Safari/537.36"
198.54.114.83 - - [30/Mar/2025:02:39:48 -0400] "POST /wp-cron.php?doing_wp_cron=1743316788.2368400096893310546875 HTTP/1.1" 200 0 "-" "WordPress/6.7.2; https://the80itspod.com"
198.54.114.83 - - [30/Mar/2025:03:10:57 -0400] "POST /wp-cron.php?doing_wp_cron=1743318657.3554470539093017578125 HTTP/1.1" 200 0 "-" "WordPress/6.7.2; https://the80itspod.com"
203.161.63.215 - - [30/Mar/2025:03:10:52 -0400] "POST /xmlrpc.php HTTP/1.1" 503 7940 "http://the80itspod.com" "Mozilla/5.0 (Macintosh; Intel Mac OS X 13.3; rv:126.0) Gecko/20100101 Firefox/126.0"
198.54.114.83 - - [30/Mar/2025:03:20:35 -0400] "POST /wp-cron.php?doing_wp_cron=1743319235.5321280956268310546875 HTTP/1.1" 200 0 "-" "WordPress/6.7.2; https://the80itspod.com"
188.164.195.65 - - [30/Mar/2025:03:20:29 -0400] "POST /xmlrpc.php HTTP/1.1" 503 7946 "http://the80itspod.com" "Mozilla/5.0 (Windows NT 10.0; Win64; x64) AppleWebKit/537.36 (KHTML, like Gecko) Chrome/126.0.0.0 Safari/537.36 Edg/126.0.0.0"
120.77.84.25 - - [30/Mar/2025:03:21:51 -0400] "POST /xmlrpc.php HTTP/1.1" 503 7946 "-" "Mozilla/5.0 (X11; Fedora; Linux x86_64; rv:94.0) Gecko/20100101 Firefox/95.0"
2001:8d8:1800:2ef::1 - - [30/Mar/2025:03:39:51 -0400] "POST /xmlrpc.php HTTP/1.1" 503 7940 "http://the80itspod.com" "Mozilla/5.0 (Windows NT 11.0; Win64; x64; rv:126.0) Gecko/20100101 Firefox/126.0"
198.54.114.83 - - [30/Mar/2025:03:49:42 -0400] "POST /wp-cron.php?doing_wp_cron=1743320981.9529089927673339843750 HTTP/1.1" 200 0 "-" "WordPress/6.7.2; https://the80itspod.com"
139.99.68.31 - - [30/Mar/2025:03:49:36 -0400] "GET /wp-content/uploads/2017-------/09/wp-console.php HTTP/1.1" 404 9428 "-" "Mozilla/5.0 (Linux; Android 11; M2010J19SI) AppleWebKit/537.36 (KHTML, like Gecko) Chrome/109.0.0.0 Mobile Safari/537.36"
139.99.68.31 - - [30/Mar/2025:03:49:44 -0400] "GET /wp-includes/js/crop/uword.php HTTP/1.1" 404 9422 "-" "Mozilla/5.0 (Linux; Android 11; M2010J19SI) AppleWebKit/537.36 (KHTML, like Gecko) Chrome/109.0.0.0 Mobile Safari/537.36"
139.99.68.31 - - [30/Mar/2025:03:49:46 -0400] "GET /wp-content/themes/bltm/wp-login.php HTTP/1.1" 404 9422 "-" "Mozilla/5.0 (Linux; Android 11; M2010J19SI) AppleWebKit/537.36 (KHTML, like Gecko) Chrome/109.0.0.0 Mobile Safari/537.36"
139.99.68.31 - - [30/Mar/2025:03:49:48 -0400] "GET /autoload_classmap.php HTTP/1.1" 404 9421 "-" "Mozilla/5.0 (Linux; Android 11; M2010J19SI) AppleWebKit/537.36 (KHTML, like Gecko) Chrome/109.0.0.0 Mobile Safari/537.36"
139.99.68.31 - - [30/Mar/2025:03:49:51 -0400] "GET /wp-content/uploads/2014/07/olx.php HTTP/1.1" 404 9422 "-" "Mozilla/5.0 (Linux; Android 11; M2010J19SI) AppleWebKit/537.36 (KHTML, like Gecko) Chrome/109.0.0.0 Mobile Safari/537.36"
139.99.68.31 - - [30/Mar/2025:03:49:56 -0400] "GET /wp-admin/css/colors/midnight/index.php HTTP/1.1" 301 0 "-" "Mozilla/5.0 (Linux; Android 11; M2010J19SI) AppleWebKit/537.36 (KHTML, like Gecko) Chrome/109.0.0.0 Mobile Safari/537.36"
139.99.68.31 - - [30/Mar/2025:03:49:58 -0400] "GET /wp-admin/css/colors/midnight/ HTTP/1.1" 403 1242 "-" "Mozilla/5.0 (Linux; Android 11; M2010J19SI) AppleWebKit/537.36 (KHTML, like Gecko) Chrome/109.0.0.0 Mobile Safari/537.36"
139.99.68.31 - - [30/Mar/2025:03:50:01 -0400] "GET /wp-content/uploads/2020/wp-couldent.php.suspected HTTP/1.1" 404 9422 "-" "Mozilla/5.0 (Linux; Android 11; M2010J19SI) AppleWebKit/537.36 (KHTML, like Gecko) Chrome/109.0.0.0 Mobile Safari/537.36"
139.99.68.31 - - [30/Mar/2025:03:50:03 -0400] "GET /wp-content/plugins/523453244/ninja.php HTTP/1.1" 404 9422 "-" "Mozilla/5.0 (Linux; Android 11; M2010J19SI) AppleWebKit/537.36 (KHTML, like Gecko) Chrome/109.0.0.0 Mobile Safari/537.36"
139.99.68.31 - - [30/Mar/2025:03:50:09 -0400] "GET /wp-includes/js/imgareaselect/index.php HTTP/1.1" 301 0 "-" "Mozilla/5.0 (Linux; Android 11; M2010J19SI) AppleWebKit/537.36 (KHTML, like Gecko) Chrome/109.0.0.0 Mobile Safari/537.36"
139.99.68.31 - - [30/Mar/2025:03:50:12 -0400] "GET /wp-includes/js/imgareaselect/ HTTP/1.1" 403 1242 "-" "Mozilla/5.0 (Linux; Android 11; M2010J19SI) AppleWebKit/537.36 (KHTML, like Gecko) Chrome/109.0.0.0 Mobile Safari/537.36"
139.99.68.31 - - [30/Mar/2025:03:50:13 -0400] "GET /wp-includes/PHPMailer/load.php HTTP/1.1" 404 9422 "-" "Mozilla/5.0 (Linux; Android 11; M2010J19SI) AppleWebKit/537.36 (KHTML, like Gecko) Chrome/109.0.0.0 Mobile Safari/537.36"
198.54.114.83 - - [30/Mar/2025:03:50:20 -0400] "POST /wp-cron.php?doing_wp_cron=1743321019.9682180881500244140625 HTTP/1.1" 200 0 "-" "WordPress/6.7.2; https://the80itspod.com"
139.99.68.31 - - [30/Mar/2025:03:50:20 -0400] "GET /wp-links.php HTTP/1.1" 404 9422 "-" "Mozilla/5.0 (Linux; Android 11; M2010J19SI) AppleWebKit/537.36 (KHTML, like Gecko) Chrome/109.0.0.0 Mobile Safari/537.36"
198.54.114.59 - - [30/Mar/2025:03:50:19 -0400] "POST /xmlrpc.php HTTP/1.1" 503 7939 "http://the80itspod.com" "Mozilla/5.0 (Windows NT 10.0; Win64; x64; rv:129.0) Gecko/20100101 Firefox/129.0"
139.99.68.31 - - [30/Mar/2025:03:50:24 -0400] "GET /wp-aa.php HTTP/1.1" 404 9422 "-" "Mozilla/5.0 (Linux; Android 11; M2010J19SI) AppleWebKit/537.36 (KHTML, like Gecko) Chrome/109.0.0.0 Mobile Safari/537.36"
139.99.68.31 - - [30/Mar/2025:03:50:26 -0400] "GET /wp-content/themes/travelscape/json.php HTTP/1.1" 404 9422 "-" "Mozilla/5.0 (Linux; Android 11; M2010J19SI) AppleWebKit/537.36 (KHTML, like Gecko) Chrome/109.0.0.0 Mobile Safari/537.36"
139.99.68.31 - - [30/Mar/2025:03:50:34 -0400] "GET /wp-content/themes/travel/issue.php HTTP/1.1" 404 9422 "-" "Mozilla/5.0 (Linux; Android 11; M2010J19SI) AppleWebKit/537.36 (KHTML, like Gecko) Chrome/109.0.0.0 Mobile Safari/537.36"
139.99.68.31 - - [30/Mar/2025:03:50:37 -0400] "GET /about.php HTTP/1.1" 404 9422 "-" "Mozilla/5.0 (Linux; Android 11; M2010J19SI) AppleWebKit/537.36 (KHTML, like Gecko) Chrome/109.0.0.0 Mobile Safari/537.36"
139.99.68.31 - - [30/Mar/2025:03:50:39 -0400] "GET /xx.php HTTP/1.1" 404 9422 "-" "Mozilla/5.0 (Linux; Android 11; M2010J19SI) AppleWebKit/537.36 (KHTML, like Gecko) Chrome/109.0.0.0 Mobile Safari/537.36"
139.99.68.31 - - [30/Mar/2025:03:50:41 -0400] "GET /wp-content/themes/digital-download/new.php HTTP/1.1" 404 9422 "-" "Mozilla/5.0 (Linux; Android 11; M2010J19SI) AppleWebKit/537.36 (KHTML, like Gecko) Chrome/109.0.0.0 Mobile Safari/537.36"
139.99.68.31 - - [30/Mar/2025:03:50:45 -0400] "GET /epinyins.php HTTP/1.1" 404 9422 "-" "Mozilla/5.0 (Linux; Android 11; M2010J19SI) AppleWebKit/537.36 (KHTML, like Gecko) Chrome/109.0.0.0 Mobile Safari/537.36"
139.99.68.31 - - [30/Mar/2025:03:50:47 -0400] "GET /wp-admin/dropdown.php HTTP/1.1" 404 9422 "-" "Mozilla/5.0 (Linux; Android 11; M2010J19SI) AppleWebKit/537.36 (KHTML, like Gecko) Chrome/109.0.0.0 Mobile Safari/537.36"
139.99.68.31 - - [30/Mar/2025:03:50:49 -0400] "GET /dropdown.php HTTP/1.1" 404 9421 "-" "Mozilla/5.0 (Linux; Android 11; M2010J19SI) AppleWebKit/537.36 (KHTML, like Gecko) Chrome/109.0.0.0 Mobile Safari/537.36"
139.99.68.31 - - [30/Mar/2025:03:50:51 -0400] "GET /wp-admin/css/index.php HTTP/1.1" 301 0 "-" "Mozilla/5.0 (Linux; Android 11; M2010J19SI) AppleWebKit/537.36 (KHTML, like Gecko) Chrome/109.0.0.0 Mobile Safari/537.36"
139.99.68.31 - - [30/Mar/2025:03:50:52 -0400] "GET /wp-admin/css/ HTTP/1.1" 403 1242 "-" "Mozilla/5.0 (Linux; Android 11; M2010J19SI) AppleWebKit/537.36 (KHTML, like Gecko) Chrome/109.0.0.0 Mobile Safari/537.36"
139.99.68.31 - - [30/Mar/2025:03:50:52 -0400] "GET /wp-content/mah.php HTTP/1.1" 404 9422 "-" "Mozilla/5.0 (Linux; Android 11; M2010J19SI) AppleWebKit/537.36 (KHTML, like Gecko) Chrome/109.0.0.0 Mobile Safari/537.36"
139.99.68.31 - - [30/Mar/2025:03:50:53 -0400] "GET /wp-content/item.php HTTP/1.1" 404 9428 "-" "Mozilla/5.0 (Linux; Android 11; M2010J19SI) AppleWebKit/537.36 (KHTML, like Gecko) Chrome/109.0.0.0 Mobile Safari/537.36"
139.99.68.31 - - [30/Mar/2025:03:50:55 -0400] "GET /wp-content/plugins/shell/about.php HTTP/1.1" 404 9422 "-" "Mozilla/5.0 (Linux; Android 11; M2010J19SI) AppleWebKit/537.36 (KHTML, like Gecko) Chrome/109.0.0.0 Mobile Safari/537.36"
139.99.68.31 - - [30/Mar/2025:03:50:56 -0400] "GET /wp-content/plugins/pwnd/pwnd.php HTTP/1.1" 404 9422 "-" "Mozilla/5.0 (Linux; Android 11; M2010J19SI) AppleWebKit/537.36 (KHTML, like Gecko) Chrome/109.0.0.0 Mobile Safari/537.36"
139.99.68.31 - - [30/Mar/2025:03:50:58 -0400] "GET /wp-content/plugins/fix/up.php HTTP/1.1" 404 9422 "-" "Mozilla/5.0 (Linux; Android 11; M2010J19SI) AppleWebKit/537.36 (KHTML, like Gecko) Chrome/109.0.0.0 Mobile Safari/537.36"
139.99.68.31 - - [30/Mar/2025:03:51:10 -0400] "GET /wp-content/plugins/ph-file-manager/wp-file.php HTTP/1.1" 404 9422 "-" "Mozilla/5.0 (Linux; Android 11; M2010J19SI) AppleWebKit/537.36 (KHTML, like Gecko) Chrome/109.0.0.0 Mobile Safari/537.36"
139.99.68.31 - - [30/Mar/2025:03:51:15 -0400] "GET /wp-content/plugins/root-file-manager/wp-file.php HTTP/1.1" 404 9422 "-" "Mozilla/5.0 (Linux; Android 11; M2010J19SI) AppleWebKit/537.36 (KHTML, like Gecko) Chrome/109.0.0.0 Mobile Safari/537.36"
139.99.68.31 - - [30/Mar/2025:03:51:17 -0400] "GET /wp-content/plugins/wp-help/mini.php HTTP/1.1" 404 9422 "-" "Mozilla/5.0 (Linux; Android 11; M2010J19SI) AppleWebKit/537.36 (KHTML, like Gecko) Chrome/109.0.0.0 Mobile Safari/537.36"
139.99.68.31 - - [30/Mar/2025:03:51:19 -0400] "GET /wp-content/themes/travel/issue.php HTTP/1.1" 404 9422 "-" "Mozilla/5.0 (Linux; Android 11; M2010J19SI) AppleWebKit/537.36 (KHTML, like Gecko) Chrome/109.0.0.0 Mobile Safari/537.36"
139.99.68.31 - - [30/Mar/2025:03:51:20 -0400] "GET /wp-content/themes/jaida/lang.php HTTP/1.1" 404 9422 "-" "Mozilla/5.0 (Linux; Android 11; M2010J19SI) AppleWebKit/537.36 (KHTML, like Gecko) Chrome/109.0.0.0 Mobile Safari/537.36"
139.99.68.31 - - [30/Mar/2025:03:51:22 -0400] "GET /wp-l0gin.php HTTP/1.1" 404 9422 "-" "Mozilla/5.0 (Linux; Android 11; M2010J19SI) AppleWebKit/537.36 (KHTML, like Gecko) Chrome/109.0.0.0 Mobile Safari/537.36"
198.54.114.83 - - [30/Mar/2025:03:51:24 -0400] "POST /wp-cron.php?doing_wp_cron=1743321084.1865599155426025390625 HTTP/1.1" 200 0 "-" "WordPress/6.7.2; https://the80itspod.com"
139.99.68.31 - - [30/Mar/2025:03:51:23 -0400] "GET /ext.php HTTP/1.1" 404 9422 "-" "Mozilla/5.0 (Linux; Android 11; M2010J19SI) AppleWebKit/537.36 (KHTML, like Gecko) Chrome/109.0.0.0 Mobile Safari/537.36"
139.99.68.31 - - [30/Mar/2025:03:51:26 -0400] "GET /wp-l0gin.php HTTP/1.1" 404 9422 "-" "Mozilla/5.0 (Linux; Android 11; M2010J19SI) AppleWebKit/537.36 (KHTML, like Gecko) Chrome/109.0.0.0 Mobile Safari/537.36"
198.54.114.83 - - [30/Mar/2025:03:57:13 -0400] "POST /wp-cron.php?doing_wp_cron=1743321432.2985579967498779296875 HTTP/1.1" 200 0 "-" "WordPress/6.7.2; https://the80itspod.com"
138.99.37.4 - - [30/Mar/2025:03:57:05 -0400] "GET /relx-electronic-cigarette/ HTTP/1.1" 200 14981 "http://the80itspod.com/relx-electronic-cigarette/" "Mozilla/5.0 (Windows NT 10.0; Win64; x64) AppleWebKit/537.36 (KHTML, like Gecko) Chrome/130.0.0.0 Safari/537.36 CCleaner/130.0.0.0"
138.99.37.4 - - [30/Mar/2025:03:57:17 -0400] "POST /wp-comments-post.php HTTP/1.1" 302 0 "http://the80itspod.com/relx-electronic-cigarette/" "Mozilla/5.0 (Windows NT 10.0; Win64; x64) AppleWebKit/537.36 (KHTML, like Gecko) Chrome/130.0.0.0 Safari/537.36 CCleaner/130.0.0.0"
198.54.114.83 - - [30/Mar/2025:04:00:51 -0400] "POST /wp-cron.php?doing_wp_cron=1743321651.4835710525512695312500 HTTP/1.1" 200 0 "-" "WordPress/6.7.2; https://the80itspod.com"
54.36.209.164 - - [30/Mar/2025:04:00:44 -0400] "POST /xmlrpc.php HTTP/1.1" 503 7940 "http://the80itspod.com" "Mozilla/5.0 (Macintosh; Intel Mac OS X 13.3; rv:126.0) Gecko/20100101 Firefox/126.0"
198.54.114.83 - - [30/Mar/2025:04:04:46 -0400] "POST /wp-cron.php?doing_wp_cron=1743321885.6994171142578125000000 HTTP/1.1" 200 0 "-" "WordPress/6.7.2; https://the80itspod.com"
43.157.201.184 - - [30/Mar/2025:04:04:44 -0400] "GET / HTTP/1.1" 200 16759 "-" "Mozilla/5.0 (iPhone; CPU iPhone OS 13_2_3 like Mac OS X) AppleWebKit/605.1.15 (KHTML, like Gecko) Version/13.0.3 Mobile/15E148 Safari/604.1"
162.0.232.160 - - [30/Mar/2025:04:11:24 -0400] "POST /xmlrpc.php HTTP/1.1" 503 7939 "http://the80itspod.com" "Mozilla/5.0 (Macintosh; Intel Mac OS X 14.5) AppleWebKit/618.3.5 (KHTML, like Gecko) Version/17.4 Safari/618.3.5"
198.54.114.83 - - [30/Mar/2025:04:17:30 -0400] "POST /wp-cron.php?doing_wp_cron=1743322650.0416519641876220703125 HTTP/1.1" 200 0 "-" "WordPress/6.7.2; https://the80itspod.com"
2001:b90:a:14:250:56ff:fe9c:8d12 - - [30/Mar/2025:04:17:29 -0400] "POST /xmlrpc.php HTTP/1.1" 503 7940 "-" "Mozilla/5.0 (X11; Fedora; Linux x86_64; rv:94.0) Gecko/20100101 Firefox/95.0"
198.54.114.83 - - [30/Mar/2025:04:22:04 -0400] "POST /wp-cron.php?doing_wp_cron=1743322924.4184579849243164062500 HTTP/1.1" 200 0 "-" "WordPress/6.7.2; https://the80itspod.com"
66.29.153.28 - - [30/Mar/2025:04:22:04 -0400] "POST /xmlrpc.php HTTP/1.1" 503 7946 "http://the80itspod.com" "Mozilla/5.0 (Windows NT 10.0; Win64; x64) AppleWebKit/537.36 (KHTML, like Gecko) Chrome/126.0.0.0 Safari/537.36"
198.54.114.83 - - [30/Mar/2025:04:22:11 -0400] "POST /wp-cron.php?doing_wp_cron=1743322931.6617341041564941406250 HTTP/1.1" 200 0 "-" "WordPress/6.7.2; https://the80itspod.com"
216.244.66.235 - - [30/Mar/2025:04:22:11 -0400] "GET /robots.txt HTTP/1.1" 200 126 "-" "Mozilla/5.0 (compatible; DotBot/1.2; +https://opensiteexplorer.org/dotbot; help@moz.com)"
216.244.66.235 - - [30/Mar/2025:04:26:04 -0400] "GET /revolutionizing-comfort-and-style-in-sock-fashion/ HTTP/1.1" 200 15081 "-" "Mozilla/5.0 (compatible; DotBot/1.2; +https://opensiteexplorer.org/dotbot; help@moz.com)"
20.191.45.212 - - [30/Mar/2025:04:27:17 -0400] "GET / HTTP/1.1" 200 16759 "http://the80itspod.com/" "DuckDuckBot/1.1; (+http://duckduckgo.com/duckduckbot.html)"
20.191.45.212 - - [30/Mar/2025:04:27:17 -0400] "GET /favicon.ico HTTP/1.1" 404 1251 "http://the80itspod.com/favicon.ico" "DuckDuckBot/1.1; (+http://duckduckgo.com/duckduckbot.html)"
103.124.95.168 - - [30/Mar/2025:04:32:46 -0400] "POST /xmlrpc.php HTTP/1.1" 503 7940 "http://the80itspod.com" "Mozilla/5.0 (Macintosh; Intel Mac OS X 10_15_7; rv:126.0) Gecko/20100101 Firefox/126.0"
198.54.114.83 - - [30/Mar/2025:04:53:25 -0400] "POST /wp-cron.php?doing_wp_cron=1743324805.4576649665832519531250 HTTP/1.1" 200 0 "-" "WordPress/6.7.2; https://the80itspod.com"
139.99.68.31 - - [30/Mar/2025:04:53:25 -0400] "GET /wp-content/uploads/2017-------/09/wp-console.php HTTP/1.1" 404 9429 "-" "Mozilla/5.0 (Linux; Android 11; M2010J19SI) AppleWebKit/537.36 (KHTML, like Gecko) Chrome/109.0.0.0 Mobile Safari/537.36"
139.99.68.31 - - [30/Mar/2025:04:53:26 -0400] "GET /wp-includes/js/crop/uword.php HTTP/1.1" 404 9428 "-" "Mozilla/5.0 (Linux; Android 11; M2010J19SI) AppleWebKit/537.36 (KHTML, like Gecko) Chrome/109.0.0.0 Mobile Safari/537.36"
139.99.68.31 - - [30/Mar/2025:04:53:27 -0400] "GET /wp-content/themes/bltm/wp-login.php HTTP/1.1" 404 9422 "-" "Mozilla/5.0 (Linux; Android 11; M2010J19SI) AppleWebKit/537.36 (KHTML, like Gecko) Chrome/109.0.0.0 Mobile Safari/537.36"
139.99.68.31 - - [30/Mar/2025:04:53:28 -0400] "GET /autoload_classmap.php HTTP/1.1" 404 9422 "-" "Mozilla/5.0 (Linux; Android 11; M2010J19SI) AppleWebKit/537.36 (KHTML, like Gecko) Chrome/109.0.0.0 Mobile Safari/537.36"
139.99.68.31 - - [30/Mar/2025:04:53:35 -0400] "GET /wp-content/uploads/2014/07/olx.php HTTP/1.1" 404 9428 "-" "Mozilla/5.0 (Linux; Android 11; M2010J19SI) AppleWebKit/537.36 (KHTML, like Gecko) Chrome/109.0.0.0 Mobile Safari/537.36"
139.99.68.31 - - [30/Mar/2025:04:53:36 -0400] "GET /wp-admin/css/colors/midnight/index.php HTTP/1.1" 301 0 "-" "Mozilla/5.0 (Linux; Android 11; M2010J19SI) AppleWebKit/537.36 (KHTML, like Gecko) Chrome/109.0.0.0 Mobile Safari/537.36"
139.99.68.31 - - [30/Mar/2025:04:53:36 -0400] "GET /wp-admin/css/colors/midnight/ HTTP/1.1" 403 1242 "-" "Mozilla/5.0 (Linux; Android 11; M2010J19SI) AppleWebKit/537.36 (KHTML, like Gecko) Chrome/109.0.0.0 Mobile Safari/537.36"
139.99.68.31 - - [30/Mar/2025:04:53:37 -0400] "GET /wp-content/uploads/2020/wp-couldent.php.suspected HTTP/1.1" 404 9422 "-" "Mozilla/5.0 (Linux; Android 11; M2010J19SI) AppleWebKit/537.36 (KHTML, like Gecko) Chrome/109.0.0.0 Mobile Safari/537.36"
139.99.68.31 - - [30/Mar/2025:04:53:38 -0400] "GET /wp-content/plugins/523453244/ninja.php HTTP/1.1" 404 9428 "-" "Mozilla/5.0 (Linux; Android 11; M2010J19SI) AppleWebKit/537.36 (KHTML, like Gecko) Chrome/109.0.0.0 Mobile Safari/537.36"
139.99.68.31 - - [30/Mar/2025:04:53:39 -0400] "GET /wp-includes/js/imgareaselect/index.php HTTP/1.1" 301 0 "-" "Mozilla/5.0 (Linux; Android 11; M2010J19SI) AppleWebKit/537.36 (KHTML, like Gecko) Chrome/109.0.0.0 Mobile Safari/537.36"
139.99.68.31 - - [30/Mar/2025:04:53:39 -0400] "GET /wp-includes/js/imgareaselect/ HTTP/1.1" 403 1242 "-" "Mozilla/5.0 (Linux; Android 11; M2010J19SI) AppleWebKit/537.36 (KHTML, like Gecko) Chrome/109.0.0.0 Mobile Safari/537.36"
139.99.68.31 - - [30/Mar/2025:04:53:40 -0400] "GET /wp-includes/PHPMailer/load.php HTTP/1.1" 404 9428 "-" "Mozilla/5.0 (Linux; Android 11; M2010J19SI) AppleWebKit/537.36 (KHTML, like Gecko) Chrome/109.0.0.0 Mobile Safari/537.36"
139.99.68.31 - - [30/Mar/2025:04:53:41 -0400] "GET /wp-links.php HTTP/1.1" 404 9428 "-" "Mozilla/5.0 (Linux; Android 11; M2010J19SI) AppleWebKit/537.36 (KHTML, like Gecko) Chrome/109.0.0.0 Mobile Safari/537.36"
139.99.68.31 - - [30/Mar/2025:04:53:41 -0400] "GET /wp-aa.php HTTP/1.1" 404 9422 "-" "Mozilla/5.0 (Linux; Android 11; M2010J19SI) AppleWebKit/537.36 (KHTML, like Gecko) Chrome/109.0.0.0 Mobile Safari/537.36"
139.99.68.31 - - [30/Mar/2025:04:53:42 -0400] "GET /wp-content/themes/travelscape/json.php HTTP/1.1" 404 9428 "-" "Mozilla/5.0 (Linux; Android 11; M2010J19SI) AppleWebKit/537.36 (KHTML, like Gecko) Chrome/109.0.0.0 Mobile Safari/537.36"
139.99.68.31 - - [30/Mar/2025:04:53:43 -0400] "GET /wp-content/themes/travel/issue.php HTTP/1.1" 404 9422 "-" "Mozilla/5.0 (Linux; Android 11; M2010J19SI) AppleWebKit/537.36 (KHTML, like Gecko) Chrome/109.0.0.0 Mobile Safari/537.36"
139.99.68.31 - - [30/Mar/2025:04:53:43 -0400] "GET /about.php HTTP/1.1" 404 9428 "-" "Mozilla/5.0 (Linux; Android 11; M2010J19SI) AppleWebKit/537.36 (KHTML, like Gecko) Chrome/109.0.0.0 Mobile Safari/537.36"
139.99.68.31 - - [30/Mar/2025:04:53:44 -0400] "GET /xx.php HTTP/1.1" 404 9422 "-" "Mozilla/5.0 (Linux; Android 11; M2010J19SI) AppleWebKit/537.36 (KHTML, like Gecko) Chrome/109.0.0.0 Mobile Safari/537.36"
139.99.68.31 - - [30/Mar/2025:04:53:45 -0400] "GET /wp-content/themes/digital-download/new.php HTTP/1.1" 404 9428 "-" "Mozilla/5.0 (Linux; Android 11; M2010J19SI) AppleWebKit/537.36 (KHTML, like Gecko) Chrome/109.0.0.0 Mobile Safari/537.36"
139.99.68.31 - - [30/Mar/2025:04:53:46 -0400] "GET /epinyins.php HTTP/1.1" 404 9428 "-" "Mozilla/5.0 (Linux; Android 11; M2010J19SI) AppleWebKit/537.36 (KHTML, like Gecko) Chrome/109.0.0.0 Mobile Safari/537.36"
139.99.68.31 - - [30/Mar/2025:04:53:46 -0400] "GET /wp-admin/dropdown.php HTTP/1.1" 404 9428 "-" "Mozilla/5.0 (Linux; Android 11; M2010J19SI) AppleWebKit/537.36 (KHTML, like Gecko) Chrome/109.0.0.0 Mobile Safari/537.36"
139.99.68.31 - - [30/Mar/2025:04:53:47 -0400] "GET /dropdown.php HTTP/1.1" 404 9428 "-" "Mozilla/5.0 (Linux; Android 11; M2010J19SI) AppleWebKit/537.36 (KHTML, like Gecko) Chrome/109.0.0.0 Mobile Safari/537.36"
139.99.68.31 - - [30/Mar/2025:04:53:48 -0400] "GET /wp-admin/css/index.php HTTP/1.1" 301 0 "-" "Mozilla/5.0 (Linux; Android 11; M2010J19SI) AppleWebKit/537.36 (KHTML, like Gecko) Chrome/109.0.0.0 Mobile Safari/537.36"
139.99.68.31 - - [30/Mar/2025:04:53:48 -0400] "GET /wp-admin/css/ HTTP/1.1" 403 1242 "-" "Mozilla/5.0 (Linux; Android 11; M2010J19SI) AppleWebKit/537.36 (KHTML, like Gecko) Chrome/109.0.0.0 Mobile Safari/537.36"
139.99.68.31 - - [30/Mar/2025:04:53:49 -0400] "GET /wp-content/mah.php HTTP/1.1" 404 9422 "-" "Mozilla/5.0 (Linux; Android 11; M2010J19SI) AppleWebKit/537.36 (KHTML, like Gecko) Chrome/109.0.0.0 Mobile Safari/537.36"
139.99.68.31 - - [30/Mar/2025:04:53:49 -0400] "GET /wp-content/item.php HTTP/1.1" 404 9428 "-" "Mozilla/5.0 (Linux; Android 11; M2010J19SI) AppleWebKit/537.36 (KHTML, like Gecko) Chrome/109.0.0.0 Mobile Safari/537.36"
139.99.68.31 - - [30/Mar/2025:04:53:50 -0400] "GET /wp-content/plugins/shell/about.php HTTP/1.1" 404 9422 "-" "Mozilla/5.0 (Linux; Android 11; M2010J19SI) AppleWebKit/537.36 (KHTML, like Gecko) Chrome/109.0.0.0 Mobile Safari/537.36"
139.99.68.31 - - [30/Mar/2025:04:53:51 -0400] "GET /wp-content/plugins/pwnd/pwnd.php HTTP/1.1" 404 9428 "-" "Mozilla/5.0 (Linux; Android 11; M2010J19SI) AppleWebKit/537.36 (KHTML, like Gecko) Chrome/109.0.0.0 Mobile Safari/537.36"
139.99.68.31 - - [30/Mar/2025:04:53:52 -0400] "GET /wp-content/plugins/fix/up.php HTTP/1.1" 404 9428 "-" "Mozilla/5.0 (Linux; Android 11; M2010J19SI) AppleWebKit/537.36 (KHTML, like Gecko) Chrome/109.0.0.0 Mobile Safari/537.36"
139.99.68.31 - - [30/Mar/2025:04:53:53 -0400] "GET /wp-content/plugins/ph-file-manager/wp-file.php HTTP/1.1" 404 9427 "-" "Mozilla/5.0 (Linux; Android 11; M2010J19SI) AppleWebKit/537.36 (KHTML, like Gecko) Chrome/109.0.0.0 Mobile Safari/537.36"
139.99.68.31 - - [30/Mar/2025:04:53:53 -0400] "GET /wp-content/plugins/root-file-manager/wp-file.php HTTP/1.1" 404 9422 "-" "Mozilla/5.0 (Linux; Android 11; M2010J19SI) AppleWebKit/537.36 (KHTML, like Gecko) Chrome/109.0.0.0 Mobile Safari/537.36"
139.99.68.31 - - [30/Mar/2025:04:53:54 -0400] "GET /wp-content/plugins/wp-help/mini.php HTTP/1.1" 404 9422 "-" "Mozilla/5.0 (Linux; Android 11; M2010J19SI) AppleWebKit/537.36 (KHTML, like Gecko) Chrome/109.0.0.0 Mobile Safari/537.36"
139.99.68.31 - - [30/Mar/2025:04:53:55 -0400] "GET /wp-content/themes/travel/issue.php HTTP/1.1" 404 9422 "-" "Mozilla/5.0 (Linux; Android 11; M2010J19SI) AppleWebKit/537.36 (KHTML, like Gecko) Chrome/109.0.0.0 Mobile Safari/537.36"
139.99.68.31 - - [30/Mar/2025:04:53:56 -0400] "GET /wp-content/themes/jaida/lang.php HTTP/1.1" 404 9428 "-" "Mozilla/5.0 (Linux; Android 11; M2010J19SI) AppleWebKit/537.36 (KHTML, like Gecko) Chrome/109.0.0.0 Mobile Safari/537.36"
139.99.68.31 - - [30/Mar/2025:04:53:57 -0400] "GET /wp-l0gin.php HTTP/1.1" 404 9422 "-" "Mozilla/5.0 (Linux; Android 11; M2010J19SI) AppleWebKit/537.36 (KHTML, like Gecko) Chrome/109.0.0.0 Mobile Safari/537.36"
139.99.68.31 - - [30/Mar/2025:04:53:58 -0400] "GET /ext.php HTTP/1.1" 404 9428 "-" "Mozilla/5.0 (Linux; Android 11; M2010J19SI) AppleWebKit/537.36 (KHTML, like Gecko) Chrome/109.0.0.0 Mobile Safari/537.36"
139.99.68.31 - - [30/Mar/2025:04:53:59 -0400] "GET /wp-l0gin.php HTTP/1.1" 404 9422 "-" "Mozilla/5.0 (Linux; Android 11; M2010J19SI) AppleWebKit/537.36 (KHTML, like Gecko) Chrome/109.0.0.0 Mobile Safari/537.36"
198.54.114.83 - - [30/Mar/2025:04:54:20 -0400] "POST /wp-cron.php?doing_wp_cron=1743324860.7370989322662353515625 HTTP/1.1" 200 0 "-" "WordPress/6.7.2; https://the80itspod.com"
4.240.72.125 - - [30/Mar/2025:04:54:20 -0400] "POST /xmlrpc.php HTTP/1.1" 503 7946 "http://the80itspod.com" "Mozilla/5.0 (Windows NT 10.0; Win64; x64) AppleWebKit/537.36 (KHTML, like Gecko) Chrome/126.0.0.0 Safari/537.36 Edg/126.0.0.0"
198.54.114.83 - - [30/Mar/2025:05:04:58 -0400] "POST /wp-cron.php?doing_wp_cron=1743325498.1365599632263183593750 HTTP/1.1" 200 0 "-" "WordPress/6.7.2; https://the80itspod.com"
194.163.174.55 - - [30/Mar/2025:05:04:53 -0400] "POST /xmlrpc.php HTTP/1.1" 503 7940 "http://the80itspod.com" "Mozilla/5.0 (Windows NT 10.0; Win64; x64) AppleWebKit/537.36 (KHTML, like Gecko) Chrome/114.0.5735.199 Safari/537.36 Edg/114.0.1823.67"
196.251.71.229 - - [30/Mar/2025:05:10:41 -0400] "GET / HTTP/1.1" 200 16759 "-" "Mozlila/5.0 (Linux; Android 7.0; SM-G892A Bulid/NRD90M; wv) AppleWebKit/537.36 (KHTML, like Gecko) Version/4.0 Chrome/60.0.3112.107 Moblie Safari/537.36"
196.251.71.229 - - [30/Mar/2025:05:10:41 -0400] "GET /wp-content/plugins/fix/up.php HTTP/1.1" 404 9428 "-" "Mozilla/5.0 (Windows NT 10.0; Win64; x64) AppleWebKit/537.36 (KHTML, like Gecko) Chrome/85.0.4183.102 Safari/537.36"
196.251.71.229 - - [30/Mar/2025:05:10:41 -0400] "POST /ALFA_DATA/alfacgiapi/perl.alfa HTTP/1.1" 403 7164 "www.google.com" "Mozlila/5.0 (Linux; Android 7.0; SM-G892A Bulid/NRD90M; wv) AppleWebKit/537.36 (KHTML, like Gecko) Version/4.0 Chrome/60.0.3112.107 Moblie Safari/537.36"
196.251.71.229 - - [30/Mar/2025:05:10:41 -0400] "GET /wp-content/plugins/apikey/apikey.php?test=hello HTTP/1.1" 403 7164 "-" "Mozlila/5.0 (Linux; Android 7.0; SM-G892A Bulid/NRD90M; wv) AppleWebKit/537.36 (KHTML, like Gecko) Version/4.0 Chrome/60.0.3112.107 Moblie Safari/537.36"
196.251.71.229 - - [30/Mar/2025:05:10:41 -0400] "GET /wp-content/themes/seotheme/db.php?u HTTP/1.1" 403 7164 "www.google.com" "Mozlila/5.0 (Linux; Android 7.0; SM-G892A Bulid/NRD90M; wv) AppleWebKit/537.36 (KHTML, like Gecko) Version/4.0 Chrome/60.0.3112.107 Moblie Safari/537.36"
196.251.71.229 - - [30/Mar/2025:05:10:43 -0400] "GET /plugins/content/apismtp/apismtp.php?test=hello HTTP/1.1" 403 7164 "-" "Mozlila/5.0 (Linux; Android 7.0; SM-G892A Bulid/NRD90M; wv) AppleWebKit/537.36 (KHTML, like Gecko) Version/4.0 Chrome/60.0.3112.107 Moblie Safari/537.36"
196.251.71.229 - - [30/Mar/2025:05:10:43 -0400] "POST /alfacgiapi/perl.alfa HTTP/1.1" 403 7164 "www.google.com" "Mozlila/5.0 (Linux; Android 7.0; SM-G892A Bulid/NRD90M; wv) AppleWebKit/537.36 (KHTML, like Gecko) Version/4.0 Chrome/60.0.3112.107 Moblie Safari/537.36"
196.251.71.229 - - [30/Mar/2025:05:10:45 -0400] "GET /wp-content/plugins/apikey/apikey.php.suspected?test=hello HTTP/1.1" 403 7164 "-" "Mozlila/5.0 (Linux; Android 7.0; SM-G892A Bulid/NRD90M; wv) AppleWebKit/537.36 (KHTML, like Gecko) Version/4.0 Chrome/60.0.3112.107 Moblie Safari/537.36"
196.251.71.229 - - [30/Mar/2025:05:10:46 -0400] "GET /plugins/content/apismtp/apismtp.php.suspected?test=hello HTTP/1.1" 403 7164 "-" "Mozlila/5.0 (Linux; Android 7.0; SM-G892A Bulid/NRD90M; wv) AppleWebKit/537.36 (KHTML, like Gecko) Version/4.0 Chrome/60.0.3112.107 Moblie Safari/537.36"
198.54.114.83 - - [30/Mar/2025:05:10:46 -0400] "POST /wp-cron.php?doing_wp_cron=1743325846.3201119899749755859375 HTTP/1.1" 200 0 "-" "WordPress/6.7.2; https://the80itspod.com"
196.251.71.229 - - [30/Mar/2025:05:10:41 -0400] "POST /wp-plain.php HTTP/1.1" 404 9371 "www.google.com" "Mozilla/5.0 (Linux; Android 7.0; SM-G892A Bulid/NRD90M; wv) AppleWebKit/537.36 (KHTML, like Gecko) Version/4.0 Chrome/60.0.3112.107 Moblie Safari/537.36"
196.251.71.229 - - [30/Mar/2025:05:10:48 -0400] "GET /okiuuckc.php?Fox=d3wL7 HTTP/1.1" 404 9422 "www.google.com" "Mozilla/5.0 (Linux; Android 7.0; SM-G892A Bulid/NRD90M; wv) AppleWebKit/537.36 (KHTML, like Gecko) Version/4.0 Chrome/60.0.3112.107 Moblie Safari/537.36"
198.54.114.83 - - [30/Mar/2025:05:15:34 -0400] "POST /wp-cron.php?doing_wp_cron=1743326134.1040019989013671875000 HTTP/1.1" 200 0 "-" "WordPress/6.7.2; https://the80itspod.com"
149.255.58.142 - - [30/Mar/2025:05:15:30 -0400] "POST /xmlrpc.php HTTP/1.1" 503 7947 "http://the80itspod.com" "Mozilla/5.0 (Windows NT 10.0; Win64; x64) AppleWebKit/537.36 (KHTML, like Gecko) Chrome/114.0.5735.199 Safari/537.36 Edg/114.0.1823.67"
198.54.114.83 - - [30/Mar/2025:05:22:24 -0400] "POST /wp-cron.php?doing_wp_cron=1743326544.6784160137176513671875 HTTP/1.1" 200 0 "-" "WordPress/6.7.2; https://the80itspod.com"
69.10.52.140 - - [30/Mar/2025:05:22:24 -0400] "POST /xmlrpc.php HTTP/1.1" 503 7946 "-" "Mozilla/5.0 (X11; Fedora; Linux x86_64; rv:94.0) Gecko/20100101 Firefox/95.0"
196.251.69.226 - - [30/Mar/2025:05:25:53 -0400] "POST /wp-content/plugins/about.php HTTP/1.1" 403 1242 "http://the80itspod.com" "Mozilla/5.0 (Windows NT 10.0; Win64; x64) AppleWebKit/537.36 (KHTML, like Gecko) Chrome/91.0.4472.124 Safari/537.36"
196.251.69.226 - - [30/Mar/2025:05:25:54 -0400] "GET /wp-content/about.php HTTP/1.1" 404 9428 "http://the80itspod.com" "Mozilla/5.0 (Windows NT 10.0; Win64; x64) AppleWebKit/537.36 (KHTML, like Gecko) Chrome/91.0.4472.124 Safari/537.36"
196.251.69.226 - - [30/Mar/2025:05:25:55 -0400] "POST /wp-content/plugins/about.php HTTP/1.1" 403 1242 "http://the80itspod.com" "Mozilla/5.0 (Windows NT 10.0; Win64; x64) AppleWebKit/537.36 (KHTML, like Gecko) Chrome/91.0.4472.124 Safari/537.36"
196.251.69.226 - - [30/Mar/2025:05:25:56 -0400] "GET /wp-content/about.php HTTP/1.1" 404 9428 "http://the80itspod.com" "Mozilla/5.0 (Windows NT 10.0; Win64; x64) AppleWebKit/537.36 (KHTML, like Gecko) Chrome/91.0.4472.124 Safari/537.36"
196.251.69.226 - - [30/Mar/2025:05:25:57 -0400] "POST /wp-content/plugins/about.php HTTP/1.1" 403 1242 "http://the80itspod.com" "Mozilla/5.0 (Windows NT 10.0; Win64; x64) AppleWebKit/537.36 (KHTML, like Gecko) Chrome/91.0.4472.124 Safari/537.36"
196.251.69.226 - - [30/Mar/2025:05:25:57 -0400] "GET /wp-content/about.php HTTP/1.1" 404 9428 "http://the80itspod.com" "Mozilla/5.0 (Windows NT 10.0; Win64; x64) AppleWebKit/537.36 (KHTML, like Gecko) Chrome/91.0.4472.124 Safari/537.36"
