206.189.39.21 - - [31/Mar/2025:10:58:40 -0400] "GET /wp-content/plugins/seoplugins/mar.php HTTP/1.1" 404 9428 "-" "Mozilla/5.0 (Linux; Android 11; M2010J19SI) AppleWebKit/537.36 (KHTML, like Gecko) Chrome/109.0.0.0 Mobile Safari/537.36"
206.189.39.21 - - [31/Mar/2025:10:58:44 -0400] "GET /wp-links.php HTTP/1.1" 404 9428 "-" "Mozilla/5.0 (Linux; Android 11; M2010J19SI) AppleWebKit/537.36 (KHTML, like Gecko) Chrome/109.0.0.0 Mobile Safari/537.36"
206.189.39.21 - - [31/Mar/2025:10:58:47 -0400] "GET /wp-aa.php HTTP/1.1" 404 9422 "-" "Mozilla/5.0 (Linux; Android 11; M2010J19SI) AppleWebKit/537.36 (KHTML, like Gecko) Chrome/109.0.0.0 Mobile Safari/537.36"
206.189.39.21 - - [31/Mar/2025:10:58:49 -0400] "GET /wp-content/themes/travelscape/json.php HTTP/1.1" 404 9428 "-" "Mozilla/5.0 (Linux; Android 11; M2010J19SI) AppleWebKit/537.36 (KHTML, like Gecko) Chrome/109.0.0.0 Mobile Safari/537.36"
206.189.39.21 - - [31/Mar/2025:10:58:53 -0400] "GET /wp-content/themes/travel/issue.php HTTP/1.1" 404 9428 "-" "Mozilla/5.0 (Linux; Android 11; M2010J19SI) AppleWebKit/537.36 (KHTML, like Gecko) Chrome/109.0.0.0 Mobile Safari/537.36"
206.189.39.21 - - [31/Mar/2025:10:58:59 -0400] "GET /about.php HTTP/1.1" 404 9422 "-" "Mozilla/5.0 (Linux; Android 11; M2010J19SI) AppleWebKit/537.36 (KHTML, like Gecko) Chrome/109.0.0.0 Mobile Safari/537.36"
206.189.39.21 - - [31/Mar/2025:10:59:05 -0400] "GET /xx.php HTTP/1.1" 404 9428 "-" "Mozilla/5.0 (Linux; Android 11; M2010J19SI) AppleWebKit/537.36 (KHTML, like Gecko) Chrome/109.0.0.0 Mobile Safari/537.36"
206.189.39.21 - - [31/Mar/2025:10:59:13 -0400] "GET /wp-content/themes/digital-download/new.php HTTP/1.1" 404 9428 "-" "Mozilla/5.0 (Linux; Android 11; M2010J19SI) AppleWebKit/537.36 (KHTML, like Gecko) Chrome/109.0.0.0 Mobile Safari/537.36"
206.189.39.21 - - [31/Mar/2025:10:59:14 -0400] "GET /epinyins.php HTTP/1.1" 404 9428 "-" "Mozilla/5.0 (Linux; Android 11; M2010J19SI) AppleWebKit/537.36 (KHTML, like Gecko) Chrome/109.0.0.0 Mobile Safari/537.36"
198.54.114.83 - - [31/Mar/2025:10:59:21 -0400] "POST /wp-cron.php?doing_wp_cron=1743433161.2419440746307373046875 HTTP/1.1" 200 0 "-" "WordPress/6.7.2; https://the80itspod.com"
206.189.39.21 - - [31/Mar/2025:10:59:21 -0400] "GET /wp-admin/dropdown.php HTTP/1.1" 404 9422 "-" "Mozilla/5.0 (Linux; Android 11; M2010J19SI) AppleWebKit/537.36 (KHTML, like Gecko) Chrome/109.0.0.0 Mobile Safari/537.36"
206.189.39.21 - - [31/Mar/2025:10:59:25 -0400] "GET /dropdown.php HTTP/1.1" 404 9429 "-" "Mozilla/5.0 (Linux; Android 11; M2010J19SI) AppleWebKit/537.36 (KHTML, like Gecko) Chrome/109.0.0.0 Mobile Safari/537.36"
206.189.39.21 - - [31/Mar/2025:10:59:36 -0400] "GET /wp-admin/css/index.php HTTP/1.1" 301 0 "-" "Mozilla/5.0 (Linux; Android 11; M2010J19SI) AppleWebKit/537.36 (KHTML, like Gecko) Chrome/109.0.0.0 Mobile Safari/537.36"
206.189.39.21 - - [31/Mar/2025:10:59:37 -0400] "GET /wp-admin/css/ HTTP/1.1" 403 1242 "-" "Mozilla/5.0 (Linux; Android 11; M2010J19SI) AppleWebKit/537.36 (KHTML, like Gecko) Chrome/109.0.0.0 Mobile Safari/537.36"
206.189.39.21 - - [31/Mar/2025:10:59:39 -0400] "GET /wp-content/mah.php HTTP/1.1" 404 9428 "-" "Mozilla/5.0 (Linux; Android 11; M2010J19SI) AppleWebKit/537.36 (KHTML, like Gecko) Chrome/109.0.0.0 Mobile Safari/537.36"
206.189.39.21 - - [31/Mar/2025:10:59:47 -0400] "GET /wp-content/item.php HTTP/1.1" 404 9428 "-" "Mozilla/5.0 (Linux; Android 11; M2010J19SI) AppleWebKit/537.36 (KHTML, like Gecko) Chrome/109.0.0.0 Mobile Safari/537.36"
206.189.39.21 - - [31/Mar/2025:10:59:56 -0400] "GET /wp-content/plugins/shell/about.php HTTP/1.1" 404 9422 "-" "Mozilla/5.0 (Linux; Android 11; M2010J19SI) AppleWebKit/537.36 (KHTML, like Gecko) Chrome/109.0.0.0 Mobile Safari/537.36"
206.189.39.21 - - [31/Mar/2025:11:00:00 -0400] "GET /wp-content/plugins/pwnd/pwnd.php HTTP/1.1" 404 9420 "-" "Mozilla/5.0 (Linux; Android 11; M2010J19SI) AppleWebKit/537.36 (KHTML, like Gecko) Chrome/109.0.0.0 Mobile Safari/537.36"
206.189.39.21 - - [31/Mar/2025:11:00:06 -0400] "GET /wp-content/plugins/fix/up.php HTTP/1.1" 404 9422 "-" "Mozilla/5.0 (Linux; Android 11; M2010J19SI) AppleWebKit/537.36 (KHTML, like Gecko) Chrome/109.0.0.0 Mobile Safari/537.36"
206.189.39.21 - - [31/Mar/2025:11:00:15 -0400] "GET /wp-content/plugins/ph-file-manager/wp-file.php HTTP/1.1" 404 9421 "-" "Mozilla/5.0 (Linux; Android 11; M2010J19SI) AppleWebKit/537.36 (KHTML, like Gecko) Chrome/109.0.0.0 Mobile Safari/537.36"
206.189.39.21 - - [31/Mar/2025:11:00:22 -0400] "GET /.well-known/pki-validation/wp-login.php HTTP/1.1" 404 1251 "-" "Mozilla/5.0 (Linux; Android 11; M2010J19SI) AppleWebKit/537.36 (KHTML, like Gecko) Chrome/109.0.0.0 Mobile Safari/537.36"
198.54.114.83 - - [31/Mar/2025:11:00:36 -0400] "POST /wp-cron.php?doing_wp_cron=1743433236.5217509269714355468750 HTTP/1.1" 200 0 "-" "WordPress/6.7.2; https://the80itspod.com"
206.189.39.21 - - [31/Mar/2025:11:00:36 -0400] "GET /wp-content/plugins/root-file-manager/wp-file.php HTTP/1.1" 404 9421 "-" "Mozilla/5.0 (Linux; Android 11; M2010J19SI) AppleWebKit/537.36 (KHTML, like Gecko) Chrome/109.0.0.0 Mobile Safari/537.36"
206.189.39.21 - - [31/Mar/2025:11:00:45 -0400] "GET /wp-content/plugins/wp-help/mini.php HTTP/1.1" 404 9428 "-" "Mozilla/5.0 (Linux; Android 11; M2010J19SI) AppleWebKit/537.36 (KHTML, like Gecko) Chrome/109.0.0.0 Mobile Safari/537.36"
206.189.39.21 - - [31/Mar/2025:11:00:47 -0400] "GET /wp-content/themes/travel/issue.php HTTP/1.1" 404 9428 "-" "Mozilla/5.0 (Linux; Android 11; M2010J19SI) AppleWebKit/537.36 (KHTML, like Gecko) Chrome/109.0.0.0 Mobile Safari/537.36"
198.54.114.83 - - [31/Mar/2025:11:00:50 -0400] "POST /wp-cron.php?doing_wp_cron=1743433250.0249550342559814453125 HTTP/1.1" 200 0 "-" "WordPress/6.7.2; https://the80itspod.com"
206.189.39.21 - - [31/Mar/2025:11:00:49 -0400] "GET /wp-content/themes/jaida/lang.php HTTP/1.1" 404 9421 "-" "Mozilla/5.0 (Linux; Android 11; M2010J19SI) AppleWebKit/537.36 (KHTML, like Gecko) Chrome/109.0.0.0 Mobile Safari/537.36"
206.189.39.21 - - [31/Mar/2025:11:00:53 -0400] "GET /wp-l0gin.php HTTP/1.1" 404 9421 "-" "Mozilla/5.0 (Linux; Android 11; M2010J19SI) AppleWebKit/537.36 (KHTML, like Gecko) Chrome/109.0.0.0 Mobile Safari/537.36"
206.189.39.21 - - [31/Mar/2025:11:00:57 -0400] "GET /wp-content/plugins/index.php HTTP/1.1" 200 0 "-" "Mozilla/5.0 (Linux; Android 11; M2010J19SI) AppleWebKit/537.36 (KHTML, like Gecko) Chrome/109.0.0.0 Mobile Safari/537.36"
206.189.39.21 - - [31/Mar/2025:11:01:03 -0400] "GET /wp-content/plugins/index.php HTTP/1.1" 200 0 "-" "Mozilla/5.0 (Linux; Android 11; M2010J19SI) AppleWebKit/537.36 (KHTML, like Gecko) Chrome/109.0.0.0 Mobile Safari/537.36"
85.208.98.23 - - [31/Mar/2025:11:25:48 -0400] "GET /robots.txt HTTP/1.1" 200 126 "-" "Mozilla/5.0 (compatible; SemrushBot-BA; +http://www.semrush.com/bot.html)"
196.251.89.80 - - [31/Mar/2025:12:05:53 -0400] "GET / HTTP/1.1" 200 16759 "-" "Mozilla/5.0 (Windows NT 10.0; Win64; x64) AppleWebKit/537.36 (KHTML, like Gecko) Chrome/89.0.4389.114 Safari/537.36"
198.54.114.83 - - [31/Mar/2025:12:05:58 -0400] "POST /wp-cron.php?doing_wp_cron=1743437158.1780970096588134765625 HTTP/1.1" 200 0 "-" "WordPress/6.7.2; https://the80itspod.com"
196.251.89.80 - - [31/Mar/2025:12:05:54 -0400] "GET /?author=1 HTTP/1.1" 404 9430 "-" "Mozilla/5.0 (Windows NT 10.0; Win64; x64) AppleWebKit/537.36 (KHTML, like Gecko) Chrome/89.0.4389.114 Safari/537.36"
196.251.89.80 - - [31/Mar/2025:12:05:59 -0400] "GET /?author=2 HTTP/1.1" 404 9431 "-" "Mozilla/5.0 (Windows NT 10.0; Win64; x64) AppleWebKit/537.36 (KHTML, like Gecko) Chrome/89.0.4389.114 Safari/537.36"
196.251.89.80 - - [31/Mar/2025:12:06:00 -0400] "GET /?author=3 HTTP/1.1" 404 9423 "-" "Mozilla/5.0 (Windows NT 10.0; Win64; x64) AppleWebKit/537.36 (KHTML, like Gecko) Chrome/89.0.4389.114 Safari/537.36"
196.251.89.80 - - [31/Mar/2025:12:06:01 -0400] "GET /wp-json/wp/v2/users/ HTTP/1.1" 401 108 "-" "Mozilla/5.0 (Windows NT 10.0; Win64; x64) AppleWebKit/537.36 (KHTML, like Gecko) Chrome/89.0.4389.114 Safari/537.36"
196.251.89.80 - - [31/Mar/2025:12:06:02 -0400] "GET /wp-json/oembed/1.0/embed?url=http://the80itspod.com HTTP/1.1" 404 73 "-" "Mozilla/5.0 (Windows NT 10.0; Win64; x64) AppleWebKit/537.36 (KHTML, like Gecko) Chrome/89.0.4389.114 Safari/537.36"
196.251.89.80 - - [31/Mar/2025:12:06:03 -0400] "POST /xmlrpc.php HTTP/1.1" 200 212 "-" "Mozilla/5.0 (Windows NT 10.0; Win64; x64) AppleWebKit/537.36 (KHTML, like Gecko) Chrome/89.0.4389.114 Safari/537.36"
196.251.89.80 - - [31/Mar/2025:12:06:04 -0400] "POST /xmlrpc.php HTTP/1.1" 200 212 "-" "Mozilla/5.0 (Windows NT 10.0; Win64; x64) AppleWebKit/537.36 (KHTML, like Gecko) Chrome/89.0.4389.114 Safari/537.36"
196.251.89.80 - - [31/Mar/2025:12:06:05 -0400] "POST /xmlrpc.php HTTP/1.1" 503 7943 "-" "Mozilla/5.0 (Windows NT 10.0; Win64; x64) AppleWebKit/537.36 (KHTML, like Gecko) Chrome/89.0.4389.114 Safari/537.36"
198.54.114.83 - - [31/Mar/2025:12:09:28 -0400] "POST /wp-cron.php?doing_wp_cron=1743437367.8677980899810791015625 HTTP/1.1" 200 0 "-" "WordPress/6.7.2; https://the80itspod.com"
101.44.187.17 - - [31/Mar/2025:12:09:24 -0400] "GET /how-are-youtube-views-calculated HTTP/1.1" 301 0 "http://the80itspod.com/how-are-youtube-views-calculated" "Mozilla/5.0 (Windows NT 10.0; Win64; x64) AppleWebKit/537.36 (KHTML, like Gecko) Chrome/110.0.0.0 Safari/537.36"
101.44.187.17 - - [31/Mar/2025:12:09:30 -0400] "GET /how-are-youtube-views-calculated/ HTTP/1.1" 200 13915 "-" "Mozilla/5.0 (Windows NT 10.0; Win64; x64) AppleWebKit/537.36 (KHTML, like Gecko) Chrome/110.0.0.0 Safari/537.36"
198.54.114.83 - - [31/Mar/2025:12:40:35 -0400] "POST /wp-cron.php?doing_wp_cron=1743439235.5174388885498046875000 HTTP/1.1" 200 0 "-" "WordPress/6.7.2; https://the80itspod.com"
188.130.136.54 - - [31/Mar/2025:12:40:28 -0400] "GET /wp-content/plugins/wp-automatic/changelog HTTP/1.1" 404 9421 "-" "Mozilla/5.0 (compatible; Googlebot/2.1; +http://www.google.com/bot.html)"
198.54.114.83 - - [31/Mar/2025:12:47:29 -0400] "POST /wp-cron.php?doing_wp_cron=1743439649.0323181152343750000000 HTTP/1.1" 200 0 "-" "WordPress/6.7.2; https://the80itspod.com"
198.54.114.83 - - [31/Mar/2025:12:47:29 -0400] "POST /wp-cron.php?doing_wp_cron=1743439649.0323970317840576171875 HTTP/1.1" 200 0 "-" "WordPress/6.7.2; https://the80itspod.com"
140.99.197.86 - - [31/Mar/2025:12:47:24 -0400] "POST /xmlrpc.php HTTP/1.1" 200 212 "-" "Mozilla/5.0 (Macintosh; Intel Mac OS X 10_15_8) AppleWebKit/536.33 (KHTML, like Gecko111) Chrome/98.6 Safari/535.38"
168.199.166.39 - - [31/Mar/2025:12:47:25 -0400] "POST /xmlrpc.php HTTP/1.1" 200 212 "-" "Mozilla/5.0 (Macintosh; Intel Mac OS X 10_15_8) AppleWebKit/535.34 (KHTML, like Gecko111) Chrome/99.2 Safari/534.31"
185.246.188.73 - - [31/Mar/2025:12:52:18 -0400] "GET / HTTP/1.1" 200 16759 "-" "Mozilla/5.0 (compatible; MSIE 10.0; Windows NT 6.1; Trident/6.0)"
198.54.114.83 - - [31/Mar/2025:12:52:31 -0400] "POST /wp-cron.php?doing_wp_cron=1743439950.9091670513153076171875 HTTP/1.1" 200 0 "-" "WordPress/6.7.2; https://the80itspod.com"
109.70.100.3 - - [31/Mar/2025:12:52:27 -0400] "GET /wp-admin/ HTTP/1.1" 302 0 "-" "Mozilla/5.0 (compatible; MSIE 10.0; Windows NT 6.1; Trident/6.0)"
43.134.73.181 - - [31/Mar/2025:13:03:37 -0400] "GET / HTTP/1.1" 200 16759 "-" "Mozilla/5.0 (Windows NT 10.0; Win64; x64) AppleWebKit/537.36 (KHTML, like Gecko) Chrome/99.0.4844.51 Safari/537.36"
43.156.228.27 - - [31/Mar/2025:13:14:27 -0400] "GET / HTTP/1.1" 200 16759 "-" "Mozilla/5.0 (iPhone; CPU iPhone OS 13_2_3 like Mac OS X) AppleWebKit/605.1.15 (KHTML, like Gecko) Version/13.0.3 Mobile/15E148 Safari/604.1"
216.244.66.235 - - [31/Mar/2025:13:28:28 -0400] "GET /robots.txt HTTP/1.1" 200 126 "-" "Mozilla/5.0 (compatible; DotBot/1.2; +https://opensiteexplorer.org/dotbot; help@moz.com)"
198.54.114.83 - - [31/Mar/2025:13:34:00 -0400] "POST /wp-cron.php?doing_wp_cron=1743442439.4525630474090576171875 HTTP/1.1" 200 0 "-" "WordPress/6.7.2; https://the80itspod.com"
216.244.66.235 - - [31/Mar/2025:13:33:54 -0400] "GET /limportanza-della-gestione-dei-rilasci/ HTTP/1.1" 200 14123 "-" "Mozilla/5.0 (compatible; DotBot/1.2; +https://opensiteexplorer.org/dotbot; help@moz.com)"
94.103.90.150 - - [31/Mar/2025:13:43:40 -0400] "GET /relx-electronic-cigarette/ HTTP/1.1" 200 14981 "http://the80itspod.com/relx-electronic-cigarette/" "Mozilla/5.0 (Windows NT 10.0; Win64; x64) AppleWebKit/537.36 (KHTML, like Gecko) Chrome/130.0.0.0 Safari/537.36 CCleaner/130.0.0.0"
94.103.90.150 - - [31/Mar/2025:13:43:41 -0400] "POST /wp-comments-post.php HTTP/1.1" 302 0 "http://the80itspod.com/relx-electronic-cigarette/" "Mozilla/5.0 (Windows NT 10.0; Win64; x64) AppleWebKit/537.36 (KHTML, like Gecko) Chrome/130.0.0.0 Safari/537.36 CCleaner/130.0.0.0"
185.174.156.124 - - [31/Mar/2025:15:25:21 -0400] "GET /cbd-uk-what-is-it/ HTTP/1.1" 200 17108 "http://the80itspod.com/cbd-uk-what-is-it/" "Mozilla/5.0 (Windows NT 10.0; Win64; x64) AppleWebKit/537.36 (KHTML, like Gecko) Chrome/129.0.0.0 Safari/537.36"
185.174.156.124 - - [31/Mar/2025:15:25:22 -0400] "POST /wp-comments-post.php HTTP/1.1" 302 0 "http://the80itspod.com/cbd-uk-what-is-it/" "Mozilla/5.0 (Windows NT 10.0; Win64; x64) AppleWebKit/537.36 (KHTML, like Gecko) Chrome/129.0.0.0 Safari/537.36"
182.42.105.144 - - [31/Mar/2025:15:41:23 -0400] "GET / HTTP/1.1" 200 16759 "-" "Mozilla/5.0 (iPhone; CPU iPhone OS 13_2_3 like Mac OS X) AppleWebKit/605.1.15 (KHTML, like Gecko) Version/13.0.3 Mobile/15E148 Safari/604.1"
181.188.173.106 - - [31/Mar/2025:15:49:26 -0400] "GET /wp-login.php HTTP/1.1" 302 0 "-" "Mozilla/5.0 (Windows NT 10.0; Win64; x64; rv:94.0) Gecko/20100101 Firefox/94.0"
173.245.207.242 - - [31/Mar/2025:16:10:52 -0400] "GET /cbd-uk-what-is-it/ HTTP/1.1" 200 17108 "http://the80itspod.com/cbd-uk-what-is-it/" "Mozilla/5.0 (Windows NT 10.0; Win64; x64) AppleWebKit/537.36 (KHTML, like Gecko) Chrome/129.0.0.0 Safari/537.36"
173.245.207.242 - - [31/Mar/2025:16:10:53 -0400] "POST /wp-comments-post.php HTTP/1.1" 302 0 "http://the80itspod.com/cbd-uk-what-is-it/" "Mozilla/5.0 (Windows NT 10.0; Win64; x64) AppleWebKit/537.36 (KHTML, like Gecko) Chrome/129.0.0.0 Safari/537.36"
38.255.33.143 - - [31/Mar/2025:16:33:31 -0400] "GET / HTTP/1.1" 200 16759 "-" "Mozilla/5.0 (X11; Ubuntu; Linux x86_64; rv:114.0) Gecko/20100101 Firefox/114.0"
176.97.122.93 - - [31/Mar/2025:16:40:56 -0400] "GET / HTTP/1.1" 200 16759 "-" "Mozilla/5.0 (X11; U; Linux i686; en-US; rv:0.9.3) Gecko/20010801"
85.208.98.18 - - [31/Mar/2025:16:52:36 -0400] "GET /robots.txt HTTP/1.1" 304 0 "-" "Mozilla/5.0 (compatible; SemrushBot; +http://www.semrush.com/bot.html)"
94.103.90.150 - - [31/Mar/2025:17:34:42 -0400] "GET /relx-electronic-cigarette/ HTTP/1.1" 200 14981 "http://the80itspod.com/relx-electronic-cigarette/" "Mozilla/5.0 (Windows NT 10.0; Win64; x64) AppleWebKit/537.36 (KHTML, like Gecko) Chrome/131.0.0.0 Safari/537.36 Avast/131.0.0.0"
94.103.90.150 - - [31/Mar/2025:17:34:54 -0400] "POST /wp-comments-post.php HTTP/1.1" 302 0 "http://the80itspod.com/relx-electronic-cigarette/" "Mozilla/5.0 (Windows NT 10.0; Win64; x64) AppleWebKit/537.36 (KHTML, like Gecko) Chrome/131.0.0.0 Safari/537.36 Avast/131.0.0.0"
5.253.117.131 - - [31/Mar/2025:17:36:13 -0400] "GET /relx-electronic-cigarette/ HTTP/1.1" 200 14981 "-" "Mozilla/5.0 (Macintosh; Intel Mac OS X 12_5) AppleWebKit/605.1.15 (KHTML, like Gecko) Version/15.4 Safari/605.1.15"
167.99.57.60 - - [31/Mar/2025:18:22:28 -0400] "GET / HTTP/1.1" 200 16759 "-" "Mozilla/5.0 (Windows NT 10.0; Win64; x64) AppleWebKit/537.36 (KHTML, like Gecko) Chrome/80.0.3987.149 Safari/537.36"
167.99.57.60 - - [31/Mar/2025:18:22:28 -0400] "GET /?author=1 HTTP/1.1" 404 9429 "-" "Mozilla/5.0 (Windows NT 10.0; Win64; x64) AppleWebKit/537.36 (KHTML, like Gecko) Chrome/80.0.3987.149 Safari/537.36"
167.99.57.60 - - [31/Mar/2025:18:22:30 -0400] "GET /?author=2 HTTP/1.1" 404 9423 "-" "Mozilla/5.0 (Windows NT 10.0; Win64; x64) AppleWebKit/537.36 (KHTML, like Gecko) Chrome/80.0.3987.149 Safari/537.36"
167.99.57.60 - - [31/Mar/2025:18:22:31 -0400] "GET /wp-json/wp/v2/users/ HTTP/1.1" 401 108 "-" "Mozilla/5.0 (Windows NT 10.0; Win64; x64) AppleWebKit/537.36 (KHTML, like Gecko) Chrome/80.0.3987.149 Safari/537.36"
167.99.57.60 - - [31/Mar/2025:18:22:33 -0400] "GET /wp-json/oembed/1.0/embed?url=http://the80itspod.com HTTP/1.1" 404 73 "-" "Mozilla/5.0 (Windows NT 10.0; Win64; x64) AppleWebKit/537.36 (KHTML, like Gecko) Chrome/80.0.3987.149 Safari/537.36"
43.156.29.120 - - [31/Mar/2025:18:29:07 -0400] "GET / HTTP/1.1" 200 16759 "-" "Mozilla/5.0 (Macintosh; Intel Mac OS X 10_15_7) AppleWebKit/537.36 (KHTML, like Gecko) Chrome/120.0.0.0 Safari/537.36"
43.130.102.7 - - [31/Mar/2025:19:16:00 -0400] "GET / HTTP/1.1" 200 16759 "-" "Mozilla/5.0 (iPhone; CPU iPhone OS 13_2_3 like Mac OS X) AppleWebKit/605.1.15 (KHTML, like Gecko) Version/13.0.3 Mobile/15E148 Safari/604.1"
196.251.86.86 - - [31/Mar/2025:19:43:23 -0400] "GET / HTTP/1.1" 200 16759 "-" "-"
198.54.114.83 - - [31/Mar/2025:19:43:28 -0400] "POST /wp-cron.php?doing_wp_cron=1743464608.3849830627441406250000 HTTP/1.1" 200 0 "-" "WordPress/6.7.2; https://the80itspod.com"
196.251.86.86 - - [31/Mar/2025:19:43:23 -0400] "GET /wordpress HTTP/1.1" 200 0 "-" "-"
196.251.86.86 - - [31/Mar/2025:19:43:29 -0400] "GET /wordpress HTTP/1.1" 404 9422 "-" "-"
196.251.86.86 - - [31/Mar/2025:19:43:31 -0400] "GET /wp-admin/setup-config.php HTTP/1.1" 409 1222 "-" "-"
196.251.86.86 - - [31/Mar/2025:19:43:31 -0400] "GET /wp-admin/install.php HTTP/1.1" 200 521 "-" "-"
196.251.86.86 - - [31/Mar/2025:19:43:34 -0400] "GET /wp HTTP/1.1" 404 9421 "-" "-"
196.251.86.86 - - [31/Mar/2025:19:43:35 -0400] "GET /blog HTTP/1.1" 404 9421 "-" "-"
196.251.86.86 - - [31/Mar/2025:19:43:36 -0400] "GET /new HTTP/1.1" 301 0 "-" "-"
196.251.86.86 - - [31/Mar/2025:19:43:43 -0400] "GET /old HTTP/1.1" 404 9427 "-" "-"
196.251.86.86 - - [31/Mar/2025:19:43:45 -0400] "GET /newsite HTTP/1.1" 404 9420 "-" "-"
196.251.86.86 - - [31/Mar/2025:19:43:46 -0400] "GET /test HTTP/1.1" 404 9420 "-" "-"
196.251.86.86 - - [31/Mar/2025:19:43:47 -0400] "GET /main HTTP/1.1" 404 9420 "-" "-"
196.251.86.86 - - [31/Mar/2025:19:43:49 -0400] "GET /testing HTTP/1.1" 404 9421 "-" "-"
196.251.86.86 - - [31/Mar/2025:19:43:50 -0400] "GET /site HTTP/1.1" 404 9428 "-" "-"
196.251.86.86 - - [31/Mar/2025:19:43:52 -0400] "GET /backup HTTP/1.1" 404 9421 "-" "-"
196.251.86.86 - - [31/Mar/2025:19:43:53 -0400] "GET /demo HTTP/1.1" 404 9428 "-" "-"
196.251.86.86 - - [31/Mar/2025:19:43:55 -0400] "GET /home HTTP/1.1" 301 0 "-" "-"
196.251.86.86 - - [31/Mar/2025:19:43:57 -0400] "GET /tmp HTTP/1.1" 404 9421 "-" "-"
196.251.86.86 - - [31/Mar/2025:19:43:58 -0400] "GET /dev HTTP/1.1" 301 0 "-" "-"
196.251.86.86 - - [31/Mar/2025:19:44:03 -0400] "GET /cms HTTP/1.1" 404 9422 "-" "-"
196.251.86.86 - - [31/Mar/2025:19:44:06 -0400] "GET /portal HTTP/1.1" 404 9421 "-" "-"
196.251.86.86 - - [31/Mar/2025:19:44:07 -0400] "GET /web HTTP/1.1" 404 9428 "-" "-"
85.208.98.23 - - [31/Mar/2025:20:03:35 -0400] "GET /robots.txt HTTP/1.1" 304 0 "-" "Mozilla/5.0 (compatible; SemrushBot-BA; +http://www.semrush.com/bot.html)"
146.70.194.252 - - [31/Mar/2025:20:32:13 -0400] "GET / HTTP/1.1" 200 16759 "-" "Mozilla/5.0 (Windows NT 10.0; Win64; x64) AppleWebKit/537.36 (KHTML, like Gecko) Chrome/78.0.3904.108 Safari/537.36"
198.54.114.83 - - [31/Mar/2025:20:32:16 -0400] "POST /wp-cron.php?doing_wp_cron=1743467536.7929511070251464843750 HTTP/1.1" 200 0 "-" "WordPress/6.7.2; https://the80itspod.com"
146.70.194.252 - - [31/Mar/2025:20:32:13 -0400] "GET /?author=1 HTTP/1.1" 404 9430 "-" "Mozilla/5.0 (Windows NT 10.0; Win64; x64) AppleWebKit/537.36 (KHTML, like Gecko) Chrome/78.0.3904.108 Safari/537.36"
146.70.194.252 - - [31/Mar/2025:20:32:18 -0400] "GET /?author=2 HTTP/1.1" 404 9430 "-" "Mozilla/5.0 (Windows NT 10.0; Win64; x64) AppleWebKit/537.36 (KHTML, like Gecko) Chrome/78.0.3904.108 Safari/537.36"
198.54.114.83 - - [31/Mar/2025:20:32:18 -0400] "POST /wp-cron.php?doing_wp_cron=1743467538.7537550926208496093750 HTTP/1.1" 200 0 "-" "WordPress/6.7.2; https://the80itspod.com"
146.70.194.252 - - [31/Mar/2025:20:32:18 -0400] "GET /wp-json/wp/v2/users/ HTTP/1.1" 401 108 "-" "Mozilla/5.0 (Windows NT 10.0; Win64; x64) AppleWebKit/537.36 (KHTML, like Gecko) Chrome/78.0.3904.108 Safari/537.36"
146.70.194.252 - - [31/Mar/2025:20:32:19 -0400] "GET /wp-json/oembed/1.0/embed?url=http://the80itspod.com HTTP/1.1" 404 73 "-" "Mozilla/5.0 (Windows NT 10.0; Win64; x64) AppleWebKit/537.36 (KHTML, like Gecko) Chrome/78.0.3904.108 Safari/537.36"
167.71.93.105 - - [31/Mar/2025:20:41:10 -0400] "GET / HTTP/1.1" 200 16759 "-" "Mozilla/5.0 (Windows NT 10.0; Win64; x64) AppleWebKit/537.36 (KHTML, like Gecko) Chrome/95.0.4638.69 Safari/537.36"
167.71.93.105 - - [31/Mar/2025:20:41:12 -0400] "GET /wp-includes/ID3/license.txt HTTP/1.1" 200 501 "-" "Mozilla/5.0 (Windows NT 10.0; Win64; x64) AppleWebKit/537.36 (KHTML, like Gecko) Chrome/95.0.4638.69 Safari/537.36"
198.54.114.83 - - [31/Mar/2025:20:41:18 -0400] "POST /wp-cron.php?doing_wp_cron=1743468077.4423429965972900390625 HTTP/1.1" 200 0 "-" "WordPress/6.7.2; https://the80itspod.com"
167.71.93.105 - - [31/Mar/2025:20:41:12 -0400] "GET /feed/ HTTP/1.1" 200 172107 "-" "Mozilla/5.0 (Windows NT 10.0; Win64; x64) AppleWebKit/537.36 (KHTML, like Gecko) Chrome/95.0.4638.69 Safari/537.36"
167.71.93.105 - - [31/Mar/2025:20:41:21 -0400] "GET /wp-login.php HTTP/1.1" 302 0 "-" "Mozilla/5.0 (Windows NT 10.0; Win64; x64) AppleWebKit/537.36 (KHTML, like Gecko) Chrome/95.0.4638.69 Safari/537.36"
193.43.135.245 - - [31/Mar/2025:21:06:23 -0400] "GET / HTTP/1.1" 200 16759 "-" "Mozilla/5.0 (Windows; U; Windows NT 6.0; en-US; rv:1.9.0.3) Gecko/2008092417 Firefox/3.0.3"
198.54.114.83 - - [31/Mar/2025:21:18:47 -0400] "POST /wp-cron.php?doing_wp_cron=1743470326.8958580493927001953125 HTTP/1.1" 200 0 "-" "WordPress/6.7.2; https://the80itspod.com"
1.14.96.114 - - [31/Mar/2025:21:18:46 -0400] "GET /wp-login.php HTTP/1.1" 302 0 "-" "Apache-HttpClient/4.5.2 (Java/1.8.0_151)"
1.14.96.114 - - [31/Mar/2025:21:18:50 -0400] "GET /?author=1 HTTP/1.1" 404 9430 "-" "Apache-HttpClient/4.5.2 (Java/1.8.0_151)"
1.14.96.114 - - [31/Mar/2025:21:18:52 -0400] "GET /?author=2 HTTP/1.1" 404 9424 "-" "Apache-HttpClient/4.5.2 (Java/1.8.0_151)"
1.14.96.114 - - [31/Mar/2025:21:18:53 -0400] "GET /?author=3 HTTP/1.1" 404 9424 "-" "Apache-HttpClient/4.5.2 (Java/1.8.0_151)"
1.14.96.114 - - [31/Mar/2025:21:18:54 -0400] "GET /?author=4 HTTP/1.1" 404 9424 "-" "Apache-HttpClient/4.5.2 (Java/1.8.0_151)"
1.14.96.114 - - [31/Mar/2025:21:18:55 -0400] "GET /?author=5 HTTP/1.1" 404 9430 "-" "Apache-HttpClient/4.5.2 (Java/1.8.0_151)"
1.14.96.114 - - [31/Mar/2025:21:18:57 -0400] "GET /?author=6 HTTP/1.1" 404 9424 "-" "Apache-HttpClient/4.5.2 (Java/1.8.0_151)"
1.14.96.114 - - [31/Mar/2025:21:18:58 -0400] "GET /?author=7 HTTP/1.1" 404 9424 "-" "Apache-HttpClient/4.5.2 (Java/1.8.0_151)"
1.14.96.114 - - [31/Mar/2025:21:18:59 -0400] "GET /?author=8 HTTP/1.1" 404 9430 "-" "Apache-HttpClient/4.5.2 (Java/1.8.0_151)"
1.14.96.114 - - [31/Mar/2025:21:19:00 -0400] "GET /?author=9 HTTP/1.1" 404 9430 "-" "Apache-HttpClient/4.5.2 (Java/1.8.0_151)"
1.14.96.114 - - [31/Mar/2025:21:19:01 -0400] "GET /?author=10 HTTP/1.1" 404 9424 "-" "Apache-HttpClient/4.5.2 (Java/1.8.0_151)"
1.14.96.114 - - [31/Mar/2025:21:19:03 -0400] "GET /?author=11 HTTP/1.1" 404 9430 "-" "Apache-HttpClient/4.5.2 (Java/1.8.0_151)"
1.14.96.114 - - [31/Mar/2025:21:19:04 -0400] "GET /?author=12 HTTP/1.1" 404 9425 "-" "Apache-HttpClient/4.5.2 (Java/1.8.0_151)"
1.14.96.114 - - [31/Mar/2025:21:19:05 -0400] "GET /?author=13 HTTP/1.1" 404 9424 "-" "Apache-HttpClient/4.5.2 (Java/1.8.0_151)"
1.14.96.114 - - [31/Mar/2025:21:19:07 -0400] "GET /?author=14 HTTP/1.1" 404 9424 "-" "Apache-HttpClient/4.5.2 (Java/1.8.0_151)"
1.14.96.114 - - [31/Mar/2025:21:19:07 -0400] "GET /?author=15 HTTP/1.1" 404 9424 "-" "Apache-HttpClient/4.5.2 (Java/1.8.0_151)"
1.14.96.114 - - [31/Mar/2025:21:19:09 -0400] "GET /?author=16 HTTP/1.1" 404 9424 "-" "Apache-HttpClient/4.5.2 (Java/1.8.0_151)"
1.14.96.114 - - [31/Mar/2025:21:19:09 -0400] "GET /?author=17 HTTP/1.1" 404 9430 "-" "Apache-HttpClient/4.5.2 (Java/1.8.0_151)"
1.14.96.114 - - [31/Mar/2025:21:19:10 -0400] "GET /?author=18 HTTP/1.1" 404 9430 "-" "Apache-HttpClient/4.5.2 (Java/1.8.0_151)"
1.14.96.114 - - [31/Mar/2025:21:19:11 -0400] "GET /?author=19 HTTP/1.1" 404 9430 "-" "Apache-HttpClient/4.5.2 (Java/1.8.0_151)"
1.14.96.114 - - [31/Mar/2025:21:19:12 -0400] "GET /?author=20 HTTP/1.1" 404 9424 "-" "Apache-HttpClient/4.5.2 (Java/1.8.0_151)"
35.94.93.47 - - [31/Mar/2025:23:09:28 -0400] "GET / HTTP/1.1" 200 16759 "-" "Mozilla/5.0 (Windows NT 10.0; Win64; x64) AppleWebKit/537.36 (KHTML, like Gecko) Chrome/131.0.0.0 Safari/537.36 AtContent/95.5.5462.5"
198.54.114.83 - - [31/Mar/2025:23:57:32 -0400] "POST /wp-cron.php?doing_wp_cron=1743479852.8114318847656250000000 HTTP/1.1" 200 0 "-" "WordPress/6.7.2; https://the80itspod.com"
196.93.212.97 - - [31/Mar/2025:23:57:30 -0400] "GET /wp-login.php HTTP/1.1" 302 0 "-" "python-requests/2.32.3"
196.93.212.97 - - [31/Mar/2025:23:57:37 -0400] "POST /wp-login.php HTTP/1.1" 302 0 "-" "Mozilla/5.0 (X11; Linux x86_64) AppleWebKit/537.36 (KHTML, like Gecko) Chrome/87.0.4280.66 Safari/537.36"
85.208.98.23 - - [01/Apr/2025:00:11:21 -0400] "GET /robots.txt HTTP/1.1" 304 0 "-" "Mozilla/5.0 (compatible; SemrushBot-BA; +http://www.semrush.com/bot.html)"
54.91.119.195 - - [01/Apr/2025:00:15:04 -0400] "GET //the80itspod.com/wp-content/themes/covernews/assets/fixed-header-script.js HTTP/1.1" 301 0 "-" "Mozilla/5.0 (Linux; Android 9; moto g(7) power) AppleWebKit/537.36 (KHTML, like Gecko) Chrome/76.0.3809.89 Mobile Safari/537.36"
54.91.119.195 - - [01/Apr/2025:00:15:04 -0400] "GET //the80itspod.com/wp-includes/js/jquery/jquery-migrate.min.js HTTP/1.1" 301 0 "-" "Mozilla/5.0 (Macintosh; Intel Mac OS X 10_13_6) AppleWebKit/537.36 (KHTML, like Gecko) Chrome/78.0.3880.4 Safari/537.36"
54.91.119.195 - - [01/Apr/2025:00:15:04 -0400] "GET //the80itspod.com/wp-content/themes/covernews/js/navigation.js HTTP/1.1" 301 0 "-" "Mozilla/5.0 (X11; U; Linux i686; rv:19.0) Gecko/20100101 Slackware/13 Firefox/19.0"
54.91.119.195 - - [01/Apr/2025:00:15:04 -0400] "GET //the80itspod.com/wp-content/themes/covernews/assets/marquee/jquery.marquee.js HTTP/1.1" 301 0 "-" "Mozilla/5.0 (Windows NT 6.1; Win64; x64) AppleWebKit/537.36 (KHTML, like Gecko) Chrome/70.0.3538.110 Safari/537.36"
54.91.119.195 - - [01/Apr/2025:00:15:04 -0400] "GET //the80itspod.com/wp-content/themes/covernews/assets/slick/js/slick.min.js HTTP/1.1" 301 0 "-" "Mozilla/5.0 (Linux; Android 8.0.0; LDN-L21) AppleWebKit/537.36 (KHTML, like Gecko) Chrome/76.0.3809.111 Mobile Safari/537.36"
54.91.119.195 - - [01/Apr/2025:00:15:04 -0400] "GET //the80itspod.com/wp-content/themes/covernews/assets/bootstrap/js/bootstrap.min.js HTTP/1.1" 301 0 "-" "Mozilla/5.0 (X11; Linux x86_64) AppleWebKit/537.36 (KHTML, like Gecko) Chrome/75.0.3770.100 Safari/537.36"
54.91.119.195 - - [01/Apr/2025:00:15:04 -0400] "GET //the80itspod.com/wp-content/themes/covernews/assets/script.js HTTP/1.1" 301 0 "-" "Mozilla/5.0 (Linux; Android 9; moto g(6)) AppleWebKit/537.36 (KHTML, like Gecko) Chrome/76.0.3809.89 Mobile Safari/537.36"
54.91.119.195 - - [01/Apr/2025:00:15:04 -0400] "GET /wp-emoji-release.min.js HTTP/1.1" 404 9421 "-" "Mozilla/5.0 (Macintosh; Intel Mac OS X 10_12_6) AppleWebKit/537.36 (KHTML, like Gecko) Chrome/65.0.3312.0 Safari/537.36"
54.91.119.195 - - [01/Apr/2025:00:15:04 -0400] "GET //the80itspod.com/wp-content/themes/covernews/assets/jquery-match-height/jquery.matchHeight.min.js HTTP/1.1" 301 0 "-" "Mozilla/5.0 (Macintosh; Intel Mac OS X 10_11_5) AppleWebKit/537.36 (KHTML, like Gecko) Chrome/76.0.3809.100 Safari/537.36"
54.91.119.195 - - [01/Apr/2025:00:16:35 -0400] "GET /wp-emoji-release.min.js HTTP/1.1" 404 9421 "-" "Mozilla/5.0 (iPhone; CPU iPhone OS 12_3 like Mac OS X) AppleWebKit/605.1.15 (KHTML, like Gecko) CriOS/71.0.3578.89 Mobile/15E148 Safari/605.1"
54.91.119.195 - - [01/Apr/2025:00:16:35 -0400] "GET //the80itspod.com/wp-content/themes/covernews/assets/slick/js/slick.min.js HTTP/1.1" 301 0 "-" "Mozilla/5.0 (Linux; Android 9; SM-G950U1) AppleWebKit/537.36 (KHTML, like Gecko) Chrome/76.0.3809.111 Mobile Safari/537.36"
54.91.119.195 - - [01/Apr/2025:00:16:35 -0400] "GET //the80itspod.com/wp-content/themes/covernews/js/skip-link-focus-fix.js HTTP/1.1" 301 0 "-" "Mozilla/5.0 (Linux; Android 5.0.1; SCH-R970 Build/LRX22C) AppleWebKit/537.36 (KHTML, like Gecko) Chrome/45.0.2454.84 Mobile Safari/537.36"
54.91.119.195 - - [01/Apr/2025:00:16:35 -0400] "GET //the80itspod.com/wp-includes/js/jquery/jquery.min.js HTTP/1.1" 301 0 "-" "Mozilla/5.0 (X11; U; Linux i686; it; rv:1.9.2.3) Gecko/20100406 Firefox/3.6.3 (Swiftfox)"
54.91.119.195 - - [01/Apr/2025:00:16:35 -0400] "GET //the80itspod.com/wp-content/themes/covernews/assets/marquee/jquery.marquee.js HTTP/1.1" 301 0 "-" "Mozilla/5.0 (Macintosh; Intel Mac OS X 10_13_6) AppleWebKit/605.1.15 (KHTML, like Gecko) Version/12.0.2 Safari/605.1.15"
54.91.119.195 - - [01/Apr/2025:00:16:35 -0400] "GET //the80itspod.com/wp-content/themes/covernews/assets/bootstrap/js/bootstrap.min.js HTTP/1.1" 301 0 "-" "Mozilla/5.0 (X11; Linux i686; rv:40.0) Gecko/20100101 Firefox/40.0"
54.91.119.195 - - [01/Apr/2025:00:16:35 -0400] "GET //the80itspod.com/wp-content/themes/covernews/assets/fixed-header-script.js HTTP/1.1" 301 0 "-" "Mozilla/5.0 (Windows NT 6.0; rv:14.0) Gecko/20100101 Firefox/14.0.1"
54.91.119.195 - - [01/Apr/2025:00:16:35 -0400] "GET //the80itspod.com/wp-content/themes/covernews/assets/script.js HTTP/1.1" 301 0 "-" "Mozilla/5.0 (Macintosh; Intel Mac OS X 10_14_3) AppleWebKit/537.36 (KHTML, like Gecko) Chrome/77.0.3865.35 Safari/537.36"
54.91.119.195 - - [01/Apr/2025:00:16:35 -0400] "GET //the80itspod.com/wp-content/themes/covernews/assets/jquery-match-height/jquery.matchHeight.min.js HTTP/1.1" 301 0 "-" "Mozilla/5.0 (Linux; U; Android 1.5; de-de; Galaxy Build/CUPCAKE) AppleWebKit/528.5 (KHTML, like Gecko) Version/3.1.2 Mobile Safari/525.20.1"
54.91.119.195 - - [01/Apr/2025:00:16:35 -0400] "GET //the80itspod.com/wp-includes/js/jquery/jquery-migrate.min.js HTTP/1.1" 301 0 "-" "Mozilla/5.0 (Linux; Android 7.0; LG-H820) AppleWebKit/537.36 (KHTML, like Gecko) Chrome/76.0.3809.111 Mobile Safari/537.36"
54.91.119.195 - - [01/Apr/2025:00:16:35 -0400] "GET //the80itspod.com/wp-content/themes/covernews/js/navigation.js HTTP/1.1" 301 0 "-" "Mozilla/5.0 (Macintosh; Intel Mac OS X 10_11_6) AppleWebKit/537.36 (KHTML, like Gecko) Chrome/75.0.3770.142 Safari/537.36"
167.71.92.63 - - [01/Apr/2025:00:21:18 -0400] "GET / HTTP/1.1" 200 16759 "-" "Mozilla/5.0 (Windows NT 10.0; Win64; x64) AppleWebKit/537.36 (KHTML, like Gecko) Chrome/95.0.4638.69 Safari/537.36"
167.71.92.63 - - [01/Apr/2025:00:21:18 -0400] "GET /wp-includes/ID3/license.txt HTTP/1.1" 200 501 "-" "Mozilla/5.0 (Windows NT 10.0; Win64; x64) AppleWebKit/537.36 (KHTML, like Gecko) Chrome/95.0.4638.69 Safari/537.36"
167.71.92.63 - - [01/Apr/2025:00:21:18 -0400] "GET /feed/ HTTP/1.1" 200 172107 "-" "Mozilla/5.0 (Windows NT 10.0; Win64; x64) AppleWebKit/537.36 (KHTML, like Gecko) Chrome/95.0.4638.69 Safari/537.36"
198.54.114.83 - - [01/Apr/2025:00:21:20 -0400] "POST /wp-cron.php?doing_wp_cron=1743481280.3765320777893066406250 HTTP/1.1" 200 0 "-" "WordPress/6.7.2; https://the80itspod.com"
167.71.92.63 - - [01/Apr/2025:00:21:19 -0400] "GET /wp-login.php HTTP/1.1" 302 0 "-" "Mozilla/5.0 (Windows NT 10.0; Win64; x64) AppleWebKit/537.36 (KHTML, like Gecko) Chrome/95.0.4638.69 Safari/537.36"
43.159.37.213 - - [01/Apr/2025:00:28:03 -0400] "GET / HTTP/1.1" 200 16759 "-" "Mozilla/5.0 (X11; Linux i686) AppleWebKit/537.36 (KHTML, like Gecko) Chrome/110.0.5481 Safari/537.36"
185.141.57.94 - - [01/Apr/2025:00:46:27 -0400] "GET /cbd-uk-what-is-it/ HTTP/1.1" 200 17108 "http://the80itspod.com/cbd-uk-what-is-it/" "Mozilla/5.0 (Windows NT 10.0; Win64; x64) AppleWebKit/537.36 (KHTML, like Gecko) Chrome/131.0.0.0 Safari/537.36 Avast/131.0.0.0"
198.54.114.83 - - [01/Apr/2025:00:46:29 -0400] "POST /wp-cron.php?doing_wp_cron=1743482788.5454120635986328125000 HTTP/1.1" 200 0 "-" "WordPress/6.7.2; https://the80itspod.com"
185.141.57.94 - - [01/Apr/2025:00:46:27 -0400] "POST /wp-comments-post.php HTTP/1.1" 302 0 "http://the80itspod.com/cbd-uk-what-is-it/" "Mozilla/5.0 (Windows NT 10.0; Win64; x64) AppleWebKit/537.36 (KHTML, like Gecko) Chrome/131.0.0.0 Safari/537.36 Avast/131.0.0.0"
2a0b:21c0:a003:54b::3 - - [01/Apr/2025:01:10:17 -0400] "GET / HTTP/1.1" 200 16759 "-" "Mozilla/5.0 (Windows NT 10.0; WOW64) AppleWebKit/537.36 (KHTML, like Gecko) Chrome/66.0.3359.117 Safari/537.36"
2a0b:21c0:a003:54b::3 - - [01/Apr/2025:01:10:21 -0400] "GET / HTTP/1.1" 200 16759 "-" "Mozilla/5.0 (Windows NT 10.0; WOW64) AppleWebKit/537.36 (KHTML, like Gecko) Chrome/66.0.3359.117 Safari/537.36"
113.141.91.58 - - [01/Apr/2025:01:11:55 -0400] "GET / HTTP/1.1" 200 16759 "-" "Mozilla/5.0 (iPhone; CPU iPhone OS 13_2_3 like Mac OS X) AppleWebKit/605.1.15 (KHTML, like Gecko) Version/13.0.3 Mobile/15E148 Safari/604.1"
216.244.66.235 - - [01/Apr/2025:02:13:53 -0400] "GET /robots.txt HTTP/1.1" 304 0 "-" "Mozilla/5.0 (compatible; DotBot/1.2; +https://opensiteexplorer.org/dotbot; help@moz.com)"
85.208.98.18 - - [01/Apr/2025:02:15:21 -0400] "GET /robots.txt HTTP/1.1" 304 0 "-" "Mozilla/5.0 (compatible; SemrushBot; +http://www.semrush.com/bot.html)"
216.244.66.235 - - [01/Apr/2025:02:17:07 -0400] "GET / HTTP/1.1" 200 16759 "-" "Mozilla/5.0 (compatible; DotBot/1.2; +https://opensiteexplorer.org/dotbot; help@moz.com)"
94.103.90.150 - - [01/Apr/2025:02:39:06 -0400] "GET /relx-electronic-cigarette/ HTTP/1.1" 200 14981 "http://the80itspod.com/relx-electronic-cigarette/" "Mozilla/5.0 (Windows NT 10.0; Win64; x64) AppleWebKit/537.36 (KHTML, like Gecko) Chrome/129.0.0.0 Safari/537.36"
94.103.90.150 - - [01/Apr/2025:02:39:07 -0400] "POST /wp-comments-post.php HTTP/1.1" 302 0 "http://the80itspod.com/relx-electronic-cigarette/" "Mozilla/5.0 (Windows NT 10.0; Win64; x64) AppleWebKit/537.36 (KHTML, like Gecko) Chrome/129.0.0.0 Safari/537.36"
216.131.105.249 - - [01/Apr/2025:02:55:15 -0400] "GET /cbd-uk-what-is-it/ HTTP/1.1" 200 17108 "http://the80itspod.com/cbd-uk-what-is-it/" "Mozilla/5.0 (Windows NT 10.0; Win64; x64) AppleWebKit/537.36 (KHTML, like Gecko) Chrome/131.0.0.0 Safari/537.36 Avast/131.0.0.0"
198.54.114.83 - - [01/Apr/2025:02:55:19 -0400] "POST /wp-cron.php?doing_wp_cron=1743490519.8586890697479248046875 HTTP/1.1" 200 0 "-" "WordPress/6.7.2; https://the80itspod.com"
216.131.105.249 - - [01/Apr/2025:02:55:16 -0400] "POST /wp-comments-post.php HTTP/1.1" 302 0 "http://the80itspod.com/cbd-uk-what-is-it/" "Mozilla/5.0 (Windows NT 10.0; Win64; x64) AppleWebKit/537.36 (KHTML, like Gecko) Chrome/131.0.0.0 Safari/537.36 Avast/131.0.0.0"
94.103.90.150 - - [01/Apr/2025:03:08:39 -0400] "GET /relx-electronic-cigarette/ HTTP/1.1" 200 14981 "http://the80itspod.com/relx-electronic-cigarette/" "Mozilla/5.0 (Windows NT 10.0; Win64; x64) AppleWebKit/537.36 (KHTML, like Gecko) Chrome/130.0.0.0 Safari/537.36 CCleaner/130.0.0.0"
198.54.114.83 - - [01/Apr/2025:03:08:47 -0400] "POST /wp-cron.php?doing_wp_cron=1743491326.7445430755615234375000 HTTP/1.1" 200 0 "-" "WordPress/6.7.2; https://the80itspod.com"
94.103.90.150 - - [01/Apr/2025:03:08:40 -0400] "POST /wp-comments-post.php HTTP/1.1" 302 0 "http://the80itspod.com/relx-electronic-cigarette/" "Mozilla/5.0 (Windows NT 10.0; Win64; x64) AppleWebKit/537.36 (KHTML, like Gecko) Chrome/130.0.0.0 Safari/537.36 CCleaner/130.0.0.0"
216.131.109.245 - - [01/Apr/2025:04:21:14 -0400] "GET /cbd-uk-what-is-it/ HTTP/1.1" 200 17108 "http://the80itspod.com/cbd-uk-what-is-it/" "Mozilla/5.0 (Windows NT 10.0; Win64; x64) AppleWebKit/537.36 (KHTML, like Gecko) Chrome/130.0.0.0 Safari/537.36"
216.131.109.245 - - [01/Apr/2025:04:21:15 -0400] "POST /wp-comments-post.php HTTP/1.1" 302 0 "http://the80itspod.com/cbd-uk-what-is-it/" "Mozilla/5.0 (Windows NT 10.0; Win64; x64) AppleWebKit/537.36 (KHTML, like Gecko) Chrome/130.0.0.0 Safari/537.36"
216.244.66.235 - - [01/Apr/2025:04:26:39 -0400] "GET /robots.txt HTTP/1.1" 304 0 "-" "Mozilla/5.0 (compatible; DotBot/1.2; +https://opensiteexplorer.org/dotbot; help@moz.com)"
216.244.66.235 - - [01/Apr/2025:04:29:38 -0400] "GET /how-dental-costs-work/ HTTP/1.1" 200 15758 "-" "Mozilla/5.0 (compatible; DotBot/1.2; +https://opensiteexplorer.org/dotbot; help@moz.com)"
198.54.114.83 - - [01/Apr/2025:06:07:45 -0400] "POST /wp-cron.php?doing_wp_cron=1743502064.4321930408477783203125 HTTP/1.1" 200 0 "-" "WordPress/6.7.2; https://the80itspod.com"
102.157.122.249 - - [01/Apr/2025:06:07:37 -0400] "POST /wp-login.php HTTP/1.1" 302 0 "http://the80itspod.com/wp-admin/" "Mozilla/5.0 (Windows NT 10.0; Win64; x64) AppleWebKit/537.36 (KHTML, like Gecko) Chrome/90.0.4430.85 Safari/537.36"
205.210.31.80 - - [01/Apr/2025:06:19:30 -0400] "GET / HTTP/1.1" 200 16759 "-" "Expanse, a Palo Alto Networks company, searches across the global IPv4 space multiple times per day to identify customers' presences on the Internet. If you would like to be excluded from our scans, please send IP addresses/domains to: scaninfo@paloaltonetworks.com"
150.109.17.45 - - [01/Apr/2025:06:25:47 -0400] "GET / HTTP/1.1" 200 16759 "-" "Mozilla/5.0 (Windows NT 10.0; Win64; x64) AppleWebKit/537.36 (KHTML, like Gecko) Chrome/99.0.4844.51 Safari/537.36"
217.142.191.67 - - [01/Apr/2025:07:10:14 -0400] "GET / HTTP/1.1" 200 16759 "-" "Go-http-client/1.1"
198.54.114.83 - - [01/Apr/2025:07:10:22 -0400] "POST /wp-cron.php?doing_wp_cron=1743505821.6742091178894042968750 HTTP/1.1" 200 0 "-" "WordPress/6.7.2; https://the80itspod.com"
217.142.191.67 - - [01/Apr/2025:07:10:15 -0400] "GET //woh.php HTTP/1.1" 301 0 "-" "Go-http-client/1.1"
217.142.191.67 - - [01/Apr/2025:07:10:23 -0400] "GET /woh.php HTTP/1.1" 404 9421 "http://the80itspod.com//woh.php" "Go-http-client/1.1"
217.142.191.67 - - [01/Apr/2025:07:10:28 -0400] "GET //classwithtostring.php HTTP/1.1" 301 0 "-" "Go-http-client/1.1"
217.142.191.67 - - [01/Apr/2025:07:10:30 -0400] "GET /classwithtostring.php HTTP/1.1" 404 9421 "http://the80itspod.com//classwithtostring.php" "Go-http-client/1.1"
217.142.191.67 - - [01/Apr/2025:07:10:32 -0400] "GET //simple.php HTTP/1.1" 301 0 "-" "Go-http-client/1.1"
217.142.191.67 - - [01/Apr/2025:07:10:33 -0400] "GET /simple.php HTTP/1.1" 404 9421 "http://the80itspod.com//simple.php" "Go-http-client/1.1"
217.142.191.67 - - [01/Apr/2025:07:10:35 -0400] "GET //zero.php HTTP/1.1" 301 0 "-" "Go-http-client/1.1"
217.142.191.67 - - [01/Apr/2025:07:10:37 -0400] "GET /zero.php HTTP/1.1" 404 9421 "http://the80itspod.com//zero.php" "Go-http-client/1.1"
217.142.191.67 - - [01/Apr/2025:07:10:39 -0400] "GET //wp-content/plugins/include.php HTTP/1.1" 301 0 "-" "Go-http-client/1.1"
217.142.191.67 - - [01/Apr/2025:07:10:40 -0400] "GET /wp-content/plugins/include.php HTTP/1.1" 404 9421 "http://the80itspod.com//wp-content/plugins/include.php#admin" "Go-http-client/1.1"
217.142.191.67 - - [01/Apr/2025:07:10:41 -0400] "GET //phpmailer.lang-sv.php HTTP/1.1" 301 0 "-" "Go-http-client/1.1"
217.142.191.67 - - [01/Apr/2025:07:10:42 -0400] "GET /phpmailer.lang-sv.php HTTP/1.1" 404 9421 "http://the80itspod.com//phpmailer.lang-sv.php" "Go-http-client/1.1"
217.142.191.67 - - [01/Apr/2025:07:10:43 -0400] "GET //wp-content/themes/sketch/404.php HTTP/1.1" 301 0 "-" "Go-http-client/1.1"
217.142.191.67 - - [01/Apr/2025:07:10:44 -0400] "GET /wp-content/themes/sketch/404.php HTTP/1.1" 404 9428 "http://the80itspod.com//wp-content/themes/sketch/404.php#admin" "Go-http-client/1.1"
217.142.191.67 - - [01/Apr/2025:07:10:45 -0400] "GET //wp-admin/css/colors/ectoplasm/load-styles.php HTTP/1.1" 301 0 "-" "Go-http-client/1.1"
217.142.191.67 - - [01/Apr/2025:07:10:46 -0400] "GET /wp-admin/css/colors/ectoplasm/load-styles.php HTTP/1.1" 404 9421 "http://the80itspod.com//wp-admin/css/colors/ectoplasm/load-styles.php" "Go-http-client/1.1"
217.142.191.67 - - [01/Apr/2025:07:10:47 -0400] "GET //wp-content/plugins/wp-help/admin/wp-fclass.php HTTP/1.1" 301 0 "-" "Go-http-client/1.1"
217.142.191.67 - - [01/Apr/2025:07:10:48 -0400] "GET /wp-content/plugins/wp-help/admin/wp-fclass.php HTTP/1.1" 404 9421 "http://the80itspod.com//wp-content/plugins/wp-help/admin/wp-fclass.php" "Go-http-client/1.1"
217.142.191.67 - - [01/Apr/2025:07:10:50 -0400] "GET //wp-content/plugins/wp-help/index.php HTTP/1.1" 301 0 "-" "Go-http-client/1.1"
217.142.191.67 - - [01/Apr/2025:07:10:50 -0400] "GET /wp-content/plugins/wp-help/ HTTP/1.1" 404 9421 "http://the80itspod.com//wp-content/plugins/wp-help/index.php" "Go-http-client/1.1"
217.142.191.67 - - [01/Apr/2025:07:10:52 -0400] "GET //cgi-bin/class_api.php HTTP/1.1" 301 0 "-" "Go-http-client/1.1"
217.142.191.67 - - [01/Apr/2025:07:10:52 -0400] "GET /cgi-bin/class_api.php HTTP/1.1" 404 9421 "http://the80itspod.com//cgi-bin/class_api.php#888xyz999" "Go-http-client/1.1"
217.142.191.67 - - [01/Apr/2025:07:10:54 -0400] "GET //wp-admin/images/class.api.php HTTP/1.1" 301 0 "-" "Go-http-client/1.1"
217.142.191.67 - - [01/Apr/2025:07:10:56 -0400] "GET /wp-admin/images/class.api.php HTTP/1.1" 404 9428 "http://the80itspod.com//wp-admin/images/class.api.php#888xyz999" "Go-http-client/1.1"
217.142.191.67 - - [01/Apr/2025:07:10:57 -0400] "GET //wp-admin/js/widgets/class.api.php HTTP/1.1" 301 0 "-" "Go-http-client/1.1"
217.142.191.67 - - [01/Apr/2025:07:10:58 -0400] "GET /wp-admin/js/widgets/class.api.php HTTP/1.1" 404 9427 "http://the80itspod.com//wp-admin/js/widgets/class.api.php#888xyz999" "Go-http-client/1.1"
217.142.191.67 - - [01/Apr/2025:07:11:00 -0400] "GET //.well-known/pki-validation/class_api.php HTTP/1.1" 301 0 "-" "Go-http-client/1.1"
217.142.191.67 - - [01/Apr/2025:07:11:01 -0400] "GET /.well-known/pki-validation/class_api.php HTTP/1.1" 404 1251 "http://the80itspod.com//.well-known/pki-validation/class_api.php#888xyz999" "Go-http-client/1.1"
217.142.191.67 - - [01/Apr/2025:07:11:02 -0400] "GET //class_api.php HTTP/1.1" 301 0 "-" "Go-http-client/1.1"
217.142.191.67 - - [01/Apr/2025:07:11:03 -0400] "GET /class_api.php HTTP/1.1" 404 9427 "http://the80itspod.com//class_api.php#888xyz999" "Go-http-client/1.1"
217.142.191.67 - - [01/Apr/2025:07:11:04 -0400] "GET //class.api.php HTTP/1.1" 301 0 "-" "Go-http-client/1.1"
217.142.191.67 - - [01/Apr/2025:07:11:05 -0400] "GET /class.api.php HTTP/1.1" 404 9420 "http://the80itspod.com//class.api.php#888xyz999" "Go-http-client/1.1"
217.142.191.67 - - [01/Apr/2025:07:11:07 -0400] "GET //wp-content/themes/tflow/up.php HTTP/1.1" 301 0 "-" "Go-http-client/1.1"
217.142.191.67 - - [01/Apr/2025:07:11:09 -0400] "GET /wp-content/themes/tflow/up.php HTTP/1.1" 404 9420 "http://the80itspod.com//wp-content/themes/tflow/up.php" "Go-http-client/1.1"
217.142.191.67 - - [01/Apr/2025:07:11:10 -0400] "GET //wp-content/themes/wp-pridmag/up.php HTTP/1.1" 301 0 "-" "Go-http-client/1.1"
217.142.191.67 - - [01/Apr/2025:07:11:11 -0400] "GET /wp-content/themes/wp-pridmag/up.php HTTP/1.1" 404 9419 "http://the80itspod.com//wp-content/themes/wp-pridmag/up.php" "Go-http-client/1.1"
217.142.191.67 - - [01/Apr/2025:07:11:12 -0400] "GET //.well-known/acme-challenge/atomlib.php HTTP/1.1" 301 0 "-" "Go-http-client/1.1"
217.142.191.67 - - [01/Apr/2025:07:11:13 -0400] "GET /.well-known/acme-challenge/atomlib.php HTTP/1.1" 404 9420 "http://the80itspod.com//.well-known/acme-challenge/atomlib.php" "Go-http-client/1.1"
217.142.191.67 - - [01/Apr/2025:07:11:15 -0400] "GET //.well-known/pki-validation/atomlib.php HTTP/1.1" 301 0 "-" "Go-http-client/1.1"
217.142.191.67 - - [01/Apr/2025:07:11:15 -0400] "GET /.well-known/pki-validation/atomlib.php HTTP/1.1" 404 1251 "http://the80itspod.com//.well-known/pki-validation/atomlib.php" "Go-http-client/1.1"
217.142.191.67 - - [01/Apr/2025:07:11:16 -0400] "GET //images/atomlib.php HTTP/1.1" 301 0 "-" "Go-http-client/1.1"
198.54.114.83 - - [01/Apr/2025:07:11:18 -0400] "POST /wp-cron.php?doing_wp_cron=1743505878.0315299034118652343750 HTTP/1.1" 200 0 "-" "WordPress/6.7.2; https://the80itspod.com"
217.142.191.67 - - [01/Apr/2025:07:11:17 -0400] "GET /images/atomlib.php HTTP/1.1" 404 9426 "http://the80itspod.com//images/atomlib.php" "Go-http-client/1.1"
217.142.191.67 - - [01/Apr/2025:07:11:20 -0400] "GET //wp-admin/css/atomlib.php HTTP/1.1" 301 0 "-" "Go-http-client/1.1"
217.142.191.67 - - [01/Apr/2025:07:11:22 -0400] "GET /wp-admin/css/atomlib.php HTTP/1.1" 404 9427 "http://the80itspod.com//wp-admin/css/atomlib.php" "Go-http-client/1.1"
217.142.191.67 - - [01/Apr/2025:07:11:23 -0400] "GET //wp-admin/css/colors/blue/atomlib.php HTTP/1.1" 301 0 "-" "Go-http-client/1.1"
217.142.191.67 - - [01/Apr/2025:07:11:24 -0400] "GET /wp-admin/css/colors/blue/atomlib.php HTTP/1.1" 404 9427 "http://the80itspod.com//wp-admin/css/colors/blue/atomlib.php" "Go-http-client/1.1"
217.142.191.67 - - [01/Apr/2025:07:11:25 -0400] "GET //wp-admin/includes/atomlib.php HTTP/1.1" 301 0 "-" "Go-http-client/1.1"
217.142.191.67 - - [01/Apr/2025:07:11:26 -0400] "GET /wp-admin/includes/atomlib.php HTTP/1.1" 404 9420 "http://the80itspod.com//wp-admin/includes/atomlib.php" "Go-http-client/1.1"
217.142.191.67 - - [01/Apr/2025:07:11:27 -0400] "GET //wp-admin/maint/atomlib.php HTTP/1.1" 301 0 "-" "Go-http-client/1.1"
217.142.191.67 - - [01/Apr/2025:07:11:28 -0400] "GET /wp-admin/maint/atomlib.php HTTP/1.1" 404 9421 "http://the80itspod.com//wp-admin/maint/atomlib.php" "Go-http-client/1.1"
217.142.191.67 - - [01/Apr/2025:07:11:29 -0400] "GET //wp-content/languages/themes/atomlib.php HTTP/1.1" 301 0 "-" "Go-http-client/1.1"
217.142.191.67 - - [01/Apr/2025:07:11:30 -0400] "GET /wp-content/languages/themes/atomlib.php HTTP/1.1" 404 9420 "http://the80itspod.com//wp-content/languages/themes/atomlib.php" "Go-http-client/1.1"
217.142.191.67 - - [01/Apr/2025:07:11:31 -0400] "GET //wp-content/themes/atomlib.php HTTP/1.1" 301 0 "-" "Go-http-client/1.1"
217.142.191.67 - - [01/Apr/2025:07:11:32 -0400] "GET /wp-content/themes/atomlib.php HTTP/1.1" 404 9427 "http://the80itspod.com//wp-content/themes/atomlib.php" "Go-http-client/1.1"
217.142.191.67 - - [01/Apr/2025:07:11:33 -0400] "GET //wp-admin/images/moon.php HTTP/1.1" 301 0 "-" "Go-http-client/1.1"
217.142.191.67 - - [01/Apr/2025:07:11:35 -0400] "GET /wp-admin/images/moon.php HTTP/1.1" 404 9420 "http://the80itspod.com//wp-admin/images/moon.php" "Go-http-client/1.1"
217.142.191.67 - - [01/Apr/2025:07:11:36 -0400] "GET //.tmb/moon.php HTTP/1.1" 301 0 "-" "Go-http-client/1.1"
217.142.191.67 - - [01/Apr/2025:07:11:37 -0400] "GET /.tmb/moon.php HTTP/1.1" 404 9420 "http://the80itspod.com//.tmb/moon.php" "Go-http-client/1.1"
217.142.191.67 - - [01/Apr/2025:07:11:38 -0400] "GET //.well-known/acme-challenge/moon.php HTTP/1.1" 301 0 "-" "Go-http-client/1.1"
217.142.191.67 - - [01/Apr/2025:07:11:39 -0400] "GET /.well-known/acme-challenge/moon.php HTTP/1.1" 404 9420 "http://the80itspod.com//.well-known/acme-challenge/moon.php" "Go-http-client/1.1"
217.142.191.67 - - [01/Apr/2025:07:11:40 -0400] "GET //cgi-bin/moon.php HTTP/1.1" 301 0 "-" "Go-http-client/1.1"
217.142.191.67 - - [01/Apr/2025:07:11:41 -0400] "GET /cgi-bin/moon.php HTTP/1.1" 404 9420 "http://the80itspod.com//cgi-bin/moon.php" "Go-http-client/1.1"
217.142.191.67 - - [01/Apr/2025:07:11:43 -0400] "GET //wp-admin/user/moon.php HTTP/1.1" 301 0 "-" "Go-http-client/1.1"
217.142.191.67 - - [01/Apr/2025:07:11:44 -0400] "GET /wp-admin/user/moon.php HTTP/1.1" 404 9420 "http://the80itspod.com//wp-admin/user/moon.php" "Go-http-client/1.1"
217.142.191.67 - - [01/Apr/2025:07:11:46 -0400] "GET //wp-content/upgrade/moon.php HTTP/1.1" 301 0 "-" "Go-http-client/1.1"
217.142.191.67 - - [01/Apr/2025:07:11:47 -0400] "GET /wp-content/upgrade/moon.php HTTP/1.1" 404 9420 "http://the80itspod.com//wp-content/upgrade/moon.php" "Go-http-client/1.1"
217.142.191.67 - - [01/Apr/2025:07:11:49 -0400] "GET //wp-admin/js/widgets/moon.php HTTP/1.1" 301 0 "-" "Go-http-client/1.1"
217.142.191.67 - - [01/Apr/2025:07:11:50 -0400] "GET /wp-admin/js/widgets/moon.php HTTP/1.1" 404 9420 "http://the80itspod.com//wp-admin/js/widgets/moon.php" "Go-http-client/1.1"
217.142.191.67 - - [01/Apr/2025:07:11:51 -0400] "GET //wp-admin/maint/moon.php HTTP/1.1" 301 0 "-" "Go-http-client/1.1"
217.142.191.67 - - [01/Apr/2025:07:11:52 -0400] "GET /wp-admin/maint/moon.php HTTP/1.1" 404 9420 "http://the80itspod.com//wp-admin/maint/moon.php" "Go-http-client/1.1"
217.142.191.67 - - [01/Apr/2025:07:11:53 -0400] "GET //wp-includes/ID3/moon.php HTTP/1.1" 301 0 "-" "Go-http-client/1.1"
217.142.191.67 - - [01/Apr/2025:07:11:54 -0400] "GET /wp-includes/ID3/moon.php HTTP/1.1" 404 9420 "http://the80itspod.com//wp-includes/ID3/moon.php" "Go-http-client/1.1"
217.142.191.67 - - [01/Apr/2025:07:11:57 -0400] "GET //wp-includes/certificates/moon.php HTTP/1.1" 301 0 "-" "Go-http-client/1.1"
217.142.191.67 - - [01/Apr/2025:07:11:58 -0400] "GET /wp-includes/certificates/moon.php HTTP/1.1" 404 9421 "http://the80itspod.com//wp-includes/certificates/moon.php" "Go-http-client/1.1"
217.142.191.67 - - [01/Apr/2025:07:12:01 -0400] "GET //wp-admin/includes/moon.php HTTP/1.1" 301 0 "-" "Go-http-client/1.1"
217.142.191.67 - - [01/Apr/2025:07:12:02 -0400] "GET /wp-admin/includes/moon.php HTTP/1.1" 404 9421 "http://the80itspod.com//wp-admin/includes/moon.php" "Go-http-client/1.1"
217.142.191.67 - - [01/Apr/2025:07:12:04 -0400] "GET //wp-includes/IXR/moon.php HTTP/1.1" 301 0 "-" "Go-http-client/1.1"
217.142.191.67 - - [01/Apr/2025:07:12:05 -0400] "GET /wp-includes/IXR/moon.php HTTP/1.1" 404 9421 "http://the80itspod.com//wp-includes/IXR/moon.php" "Go-http-client/1.1"
217.142.191.67 - - [01/Apr/2025:07:12:08 -0400] "GET //cjfuns.php HTTP/1.1" 301 0 "-" "Go-http-client/1.1"
217.142.191.67 - - [01/Apr/2025:07:12:10 -0400] "GET /cjfuns.php HTTP/1.1" 404 9421 "http://the80itspod.com//cjfuns.php" "Go-http-client/1.1"
217.142.191.67 - - [01/Apr/2025:07:12:11 -0400] "GET //classfuns.php HTTP/1.1" 301 0 "-" "Go-http-client/1.1"
217.142.191.67 - - [01/Apr/2025:07:12:12 -0400] "GET /classfuns.php HTTP/1.1" 404 9421 "http://the80itspod.com//classfuns.php" "Go-http-client/1.1"
