13.67.175.80 - - [03/Apr/2025:18:25:12 -0400] "GET /wp-admin/includes/nav.php HTTP/1.1" 404 9421 "-" "-"
13.67.175.80 - - [03/Apr/2025:18:25:14 -0400] "GET /wp-includes/sodium_compat/src/Core32/Curve25519/Ge/Core32.php HTTP/1.1" 404 9421 "-" "-"
13.67.175.80 - - [03/Apr/2025:18:25:14 -0400] "GET /.well-known/acme-challenge/zmFM.php HTTP/1.1" 404 9422 "-" "-"
13.67.175.80 - - [03/Apr/2025:18:25:15 -0400] "GET /wp-includes/sitemaps/providers/zmFM.php HTTP/1.1" 404 9422 "-" "-"
13.67.175.80 - - [03/Apr/2025:18:25:15 -0400] "GET /wp-includes/pomo/zmFM.php HTTP/1.1" 404 9428 "-" "-"
13.67.175.80 - - [03/Apr/2025:18:25:16 -0400] "GET /wp-admin/css/colors/ectoplasm/zmFM.php HTTP/1.1" 404 9421 "-" "-"
13.67.175.80 - - [03/Apr/2025:18:25:16 -0400] "GET /wp-includes/PHPMailer//zmFM.php HTTP/1.1" 301 0 "-" "-"
13.67.175.80 - - [03/Apr/2025:18:25:17 -0400] "GET /wp-includes/PHPMailer/zmFM.php HTTP/1.1" 404 9421 "-" "-"
13.67.175.80 - - [03/Apr/2025:18:25:17 -0400] "GET /wp-includes/customize/zmFM.php HTTP/1.1" 404 9421 "-" "-"
13.67.175.80 - - [03/Apr/2025:18:25:18 -0400] "GET /wp-includes/certificates/zmFM.php HTTP/1.1" 404 9428 "-" "-"
13.67.175.80 - - [03/Apr/2025:18:25:18 -0400] "GET /wp-includes/theme-compat/zmFM.php HTTP/1.1" 404 9422 "-" "-"
13.67.175.80 - - [03/Apr/2025:18:25:19 -0400] "GET /heh.php HTTP/1.1" 404 9422 "-" "-"
13.67.175.80 - - [03/Apr/2025:18:25:19 -0400] "GET /NewFile.php HTTP/1.1" 404 9428 "-" "-"
13.67.175.80 - - [03/Apr/2025:18:25:19 -0400] "GET /wp-content/plugins/view-more/ioxi.php HTTP/1.1" 404 9421 "-" "-"
13.67.175.80 - - [03/Apr/2025:18:25:20 -0400] "GET /wp-content/plugins/erinyani/baxa1.php7 HTTP/1.1" 404 9428 "-" "-"
13.67.175.80 - - [03/Apr/2025:18:25:20 -0400] "GET /baxa1.php7 HTTP/1.1" 404 9421 "-" "-"
13.67.175.80 - - [03/Apr/2025:18:25:20 -0400] "GET /wp-content/plugins/erinyani/baxa1.php HTTP/1.1" 404 9421 "-" "-"
13.67.175.80 - - [03/Apr/2025:18:25:21 -0400] "GET /baxa1.php HTTP/1.1" 404 9421 "-" "-"
13.67.175.80 - - [03/Apr/2025:18:25:21 -0400] "GET /wp-content/plugins/seoxx/randkeyword.php HTTP/1.1" 404 9428 "-" "-"
13.67.175.80 - - [03/Apr/2025:18:25:21 -0400] "GET /403.php HTTP/1.1" 404 9428 "-" "-"
13.67.175.80 - - [03/Apr/2025:18:25:22 -0400] "GET /content.php HTTP/1.1" 404 9421 "-" "-"
13.67.175.80 - - [03/Apr/2025:18:25:22 -0400] "GET /wp-content/plugins/not/includes/about.php HTTP/1.1" 404 9428 "-" "-"
13.67.175.80 - - [03/Apr/2025:18:25:22 -0400] "GET /wp-content/plugins/simple/simple.php HTTP/1.1" 404 9421 "-" "-"
13.67.175.80 - - [03/Apr/2025:18:25:23 -0400] "GET /wp-content/plugins/wp-theme-editor/include.php HTTP/1.1" 404 9428 "-" "-"
13.67.175.80 - - [03/Apr/2025:18:25:23 -0400] "GET /wp-content/themes/aahana/json.php HTTP/1.1" 404 9428 "-" "-"
13.67.175.80 - - [03/Apr/2025:18:25:24 -0400] "GET /wp-content/plugins/awesome-coming-soon/come.php HTTP/1.1" 404 9428 "-" "-"
13.67.175.80 - - [03/Apr/2025:18:25:24 -0400] "GET /wp-content/plugins/wp-conflg.php HTTP/1.1" 404 9428 "-" "-"
13.67.175.80 - - [03/Apr/2025:18:25:25 -0400] "GET /berlin.php HTTP/1.1" 404 9427 "-" "-"
13.67.175.80 - - [03/Apr/2025:18:25:25 -0400] "GET /wp-includes/Requests/about.php HTTP/1.1" 404 9421 "-" "-"
13.67.175.80 - - [03/Apr/2025:18:25:26 -0400] "GET /wp-includes/style-engine/about.php HTTP/1.1" 404 9421 "-" "-"
13.67.175.80 - - [03/Apr/2025:18:25:27 -0400] "GET /wp-includes/rest-api/about.php HTTP/1.1" 404 9421 "-" "-"
13.67.175.80 - - [03/Apr/2025:18:25:27 -0400] "GET /wp-includes/SimplePie/about.php HTTP/1.1" 404 9421 "-" "-"
13.67.175.80 - - [03/Apr/2025:18:25:28 -0400] "GET /wp-content/banners/about.php HTTP/1.1" 404 9428 "-" "-"
13.67.175.80 - - [03/Apr/2025:18:25:28 -0400] "GET /wp-content/about.php HTTP/1.1" 404 9422 "-" "-"
13.67.175.80 - - [03/Apr/2025:18:25:29 -0400] "GET /.well-known/about.php HTTP/1.1" 404 9422 "-" "-"
13.67.175.80 - - [03/Apr/2025:18:25:30 -0400] "GET /wp-includes/Text/about.php HTTP/1.1" 404 9422 "-" "-"
13.67.175.80 - - [03/Apr/2025:18:25:30 -0400] "GET /wp-includes/ID3/about.php HTTP/1.1" 404 9421 "-" "-"
13.67.175.80 - - [03/Apr/2025:18:25:31 -0400] "GET /img/about.php HTTP/1.1" 404 9421 "-" "-"
13.67.175.80 - - [03/Apr/2025:18:25:31 -0400] "GET /wp-content/languages/about.php HTTP/1.1" 404 9421 "-" "-"
13.67.175.80 - - [03/Apr/2025:18:25:32 -0400] "GET /wp-includes/customize/about.php HTTP/1.1" 404 9421 "-" "-"
13.67.175.80 - - [03/Apr/2025:18:25:33 -0400] "GET /wp-includes.bak/html-api/about.php HTTP/1.1" 404 9421 "-" "-"
13.67.175.80 - - [03/Apr/2025:18:25:33 -0400] "GET /wp-includes/widgets/about.php HTTP/1.1" 404 9421 "-" "-"
13.67.175.80 - - [03/Apr/2025:18:25:34 -0400] "GET /wp-includes/IXR/about.php HTTP/1.1" 404 9428 "-" "-"
13.67.175.80 - - [03/Apr/2025:18:25:35 -0400] "GET /wp-admin/js/about.php HTTP/1.1" 404 9421 "-" "-"
13.67.175.80 - - [03/Apr/2025:18:25:36 -0400] "GET /.well-known/pki-validation/about.php HTTP/1.1" 404 1251 "-" "-"
13.67.175.80 - - [03/Apr/2025:18:25:36 -0400] "GET /wp-includes/pomo/about.php HTTP/1.1" 404 9428 "-" "-"
13.67.175.80 - - [03/Apr/2025:18:25:36 -0400] "GET /wp-includes/block-patterns/about.php HTTP/1.1" 404 9421 "-" "-"
13.67.175.80 - - [03/Apr/2025:18:25:37 -0400] "GET /wp-content/updraft/about.php HTTP/1.1" 404 9421 "-" "-"
13.67.175.80 - - [03/Apr/2025:18:25:38 -0400] "GET /wp-content/upgrade-temp-backup/about.php HTTP/1.1" 404 9422 "-" "-"
13.67.175.80 - - [03/Apr/2025:18:25:39 -0400] "GET /wp-content/themes/about.php HTTP/1.1" 404 9422 "-" "-"
13.67.175.80 - - [03/Apr/2025:18:25:40 -0400] "GET /wp-admin/includes/about.php HTTP/1.1" 404 9421 "-" "-"
13.67.175.80 - - [03/Apr/2025:18:25:40 -0400] "GET /images/about.php HTTP/1.1" 404 9421 "-" "-"
13.67.175.80 - - [03/Apr/2025:18:25:41 -0400] "GET /wp-content/blogs.dir/about.php HTTP/1.1" 404 9421 "-" "-"
198.54.114.83 - - [03/Apr/2025:18:25:42 -0400] "POST /wp-cron.php?doing_wp_cron=1743719142.6110661029815673828125 HTTP/1.1" 200 0 "-" "WordPress/6.7.2; https://the80itspod.com"
13.67.175.80 - - [03/Apr/2025:18:25:42 -0400] "GET /wp-includes/images/about.php HTTP/1.1" 404 9428 "-" "-"
13.67.175.80 - - [03/Apr/2025:18:25:43 -0400] "GET /wp-includes/about.php HTTP/1.1" 404 9421 "-" "-"
13.67.175.80 - - [03/Apr/2025:18:25:44 -0400] "GET /cgi-bin/about.php HTTP/1.1" 404 9428 "-" "-"
13.67.175.80 - - [03/Apr/2025:18:25:44 -0400] "GET /wp-content/gallery/about.php HTTP/1.1" 404 9428 "-" "-"
13.67.175.80 - - [03/Apr/2025:18:25:45 -0400] "GET /wp-includes/blocks/about.php HTTP/1.1" 404 9421 "-" "-"
13.67.175.80 - - [03/Apr/2025:18:25:45 -0400] "GET /wp-admin/css/about.php HTTP/1.1" 404 9421 "-" "-"
13.67.175.80 - - [03/Apr/2025:18:25:46 -0400] "GET /wp-admin/images/about.php HTTP/1.1" 404 9421 "-" "-"
13.67.175.80 - - [03/Apr/2025:18:25:48 -0400] "GET /.well-known/pki-validation/cloud.php HTTP/1.1" 404 1251 "-" "-"
13.67.175.80 - - [03/Apr/2025:18:25:48 -0400] "GET /.well-known/acme-challenge/cloud.php HTTP/1.1" 404 9428 "-" "-"
13.67.175.80 - - [03/Apr/2025:18:25:49 -0400] "GET /wp-admin/network/cloud.php HTTP/1.1" 404 9421 "-" "-"
13.67.175.80 - - [03/Apr/2025:18:25:50 -0400] "GET /cloud.php HTTP/1.1" 404 9421 "-" "-"
13.67.175.80 - - [03/Apr/2025:18:25:51 -0400] "GET /cgi-bin/cloud.php HTTP/1.1" 404 9428 "-" "-"
13.67.175.80 - - [03/Apr/2025:18:25:51 -0400] "GET /wp-content/updates.php HTTP/1.1" 404 9428 "-" "-"
13.67.175.80 - - [03/Apr/2025:18:25:52 -0400] "GET /css/cloud.php HTTP/1.1" 404 9428 "-" "-"
13.67.175.80 - - [03/Apr/2025:18:25:52 -0400] "GET /wp-admin/user/cloud.php HTTP/1.1" 404 9421 "-" "-"
13.67.175.80 - - [03/Apr/2025:18:25:53 -0400] "GET /img/cloud.php HTTP/1.1" 404 9428 "-" "-"
13.67.175.80 - - [03/Apr/2025:18:25:54 -0400] "GET /wp-admin/css/colors/coffee/cloud.php HTTP/1.1" 404 9421 "-" "-"
13.67.175.80 - - [03/Apr/2025:18:25:54 -0400] "GET /wp-admin/images/cloud.php HTTP/1.1" 404 9422 "-" "-"
13.67.175.80 - - [03/Apr/2025:18:25:55 -0400] "GET /avaa.php HTTP/1.1" 404 9428 "-" "-"
13.67.175.80 - - [03/Apr/2025:18:25:55 -0400] "GET /images/cloud.php HTTP/1.1" 404 9428 "-" "-"
13.67.175.80 - - [03/Apr/2025:18:25:56 -0400] "GET /wp-admin/js/widgets/cloud.php HTTP/1.1" 404 9421 "-" "-"
13.67.175.80 - - [03/Apr/2025:18:25:56 -0400] "GET /wp-includes/Requests/Text/admin.php HTTP/1.1" 404 9422 "-" "-"
13.67.175.80 - - [03/Apr/2025:18:25:57 -0400] "GET /wp-admin/css/colors/cloud.php HTTP/1.1" 404 9422 "-" "-"
13.67.175.80 - - [03/Apr/2025:18:25:57 -0400] "GET /wp-admin/includes/cloud.php HTTP/1.1" 404 9428 "-" "-"
13.67.175.80 - - [03/Apr/2025:18:25:58 -0400] "GET /wp-admin/css/colors/blue/cloud.php HTTP/1.1" 404 9428 "-" "-"
13.67.175.80 - - [03/Apr/2025:18:25:58 -0400] "GET /wp-admin/cloud.php HTTP/1.1" 404 9422 "-" "-"
13.67.175.80 - - [03/Apr/2025:18:25:59 -0400] "GET /updates.php HTTP/1.1" 404 9422 "-" "-"
13.67.175.80 - - [03/Apr/2025:18:25:59 -0400] "GET /libraries/legacy/updates.php HTTP/1.1" 404 9428 "-" "-"
13.67.175.80 - - [03/Apr/2025:18:25:59 -0400] "GET /libraries/phpmailer/updates.php HTTP/1.1" 404 9421 "-" "-"
13.67.175.80 - - [03/Apr/2025:18:26:00 -0400] "GET /libraries/vendor/updates.php HTTP/1.1" 404 9421 "-" "-"
13.67.175.80 - - [03/Apr/2025:18:26:00 -0400] "GET /alfa-rex.php7 HTTP/1.1" 404 9428 "-" "-"
13.67.175.80 - - [03/Apr/2025:18:26:31 -0400] "GET /plugins.php HTTP/1.1" 404 9421 "-" "-"
13.67.175.80 - - [03/Apr/2025:18:26:31 -0400] "GET /post.php HTTP/1.1" 404 9428 "-" "-"
13.67.175.80 - - [03/Apr/2025:18:26:32 -0400] "GET /wp-2019.php HTTP/1.1" 404 9428 "-" "-"
13.67.175.80 - - [03/Apr/2025:18:26:33 -0400] "GET /geju.php HTTP/1.1" 404 9428 "-" "-"
13.67.175.80 - - [03/Apr/2025:18:26:33 -0400] "GET /wp.php HTTP/1.1" 404 9421 "-" "-"
13.67.175.80 - - [03/Apr/2025:18:26:34 -0400] "GET /hoot.php HTTP/1.1" 404 9428 "-" "-"
13.67.175.80 - - [03/Apr/2025:18:26:34 -0400] "GET /css.php HTTP/1.1" 404 9428 "-" "-"
13.67.175.80 - - [03/Apr/2025:18:26:35 -0400] "GET /log.php HTTP/1.1" 404 9428 "-" "-"
13.67.175.80 - - [03/Apr/2025:18:26:35 -0400] "GET /mail.php HTTP/1.1" 404 9421 "-" "-"
13.67.175.80 - - [03/Apr/2025:18:26:35 -0400] "GET /bak.php HTTP/1.1" 404 9421 "-" "-"
13.67.175.80 - - [03/Apr/2025:18:26:36 -0400] "GET /upfile.php HTTP/1.1" 404 9428 "-" "-"
13.67.175.80 - - [03/Apr/2025:18:26:36 -0400] "GET /wp-conflg.php HTTP/1.1" 404 9428 "-" "-"
13.67.175.80 - - [03/Apr/2025:18:26:37 -0400] "GET /bypass.php HTTP/1.1" 404 9428 "-" "-"
13.67.175.80 - - [03/Apr/2025:18:26:37 -0400] "GET /404.php HTTP/1.1" 404 9421 "-" "-"
13.67.175.80 - - [03/Apr/2025:18:26:38 -0400] "GET /xmrlpc.php HTTP/1.1" 404 9421 "-" "-"
13.67.175.80 - - [03/Apr/2025:18:26:38 -0400] "GET /ae.php HTTP/1.1" 404 9421 "-" "-"
13.67.175.80 - - [03/Apr/2025:18:26:38 -0400] "GET /moon.php HTTP/1.1" 404 9421 "-" "-"
13.67.175.80 - - [03/Apr/2025:18:26:39 -0400] "GET /blog.php HTTP/1.1" 404 9428 "-" "-"
13.67.175.80 - - [03/Apr/2025:18:26:39 -0400] "GET /ini.php HTTP/1.1" 404 9428 "-" "-"
13.67.175.80 - - [03/Apr/2025:18:26:40 -0400] "GET /as.php HTTP/1.1" 404 9421 "-" "-"
13.67.175.80 - - [03/Apr/2025:18:26:40 -0400] "GET /shell.php HTTP/1.1" 404 9421 "-" "-"
13.67.175.80 - - [03/Apr/2025:18:26:41 -0400] "GET /ws.php HTTP/1.1" 404 9421 "-" "-"
198.54.114.83 - - [03/Apr/2025:18:26:42 -0400] "POST /wp-cron.php?doing_wp_cron=1743719202.0046980381011962890625 HTTP/1.1" 200 0 "-" "WordPress/6.7.2; https://the80itspod.com"
13.67.175.80 - - [03/Apr/2025:18:26:41 -0400] "GET /alfanew2.php7 HTTP/1.1" 404 9428 "-" "-"
13.67.175.80 - - [03/Apr/2025:18:26:42 -0400] "GET /alfa-rex2.php7 HTTP/1.1" 404 9421 "-" "-"
13.67.175.80 - - [03/Apr/2025:18:26:42 -0400] "GET /wp-admin/images/index.php HTTP/1.1" 301 0 "-" "-"
13.67.175.80 - - [03/Apr/2025:18:26:43 -0400] "GET /wp-admin/images/ HTTP/1.1" 403 1242 "-" "-"
13.67.175.80 - - [03/Apr/2025:18:26:43 -0400] "GET /wp-admin/css/colors/index.php HTTP/1.1" 301 0 "-" "-"
13.67.175.80 - - [03/Apr/2025:18:26:43 -0400] "GET /wp-admin/css/colors/ HTTP/1.1" 403 1242 "-" "-"
13.67.175.80 - - [03/Apr/2025:18:26:43 -0400] "GET /wp-content/themes/pridmag/db.php?u HTTP/1.1" 404 9428 "-" "-"
13.67.175.80 - - [03/Apr/2025:18:26:44 -0400] "GET /wp-content/themes/seotheme/mar.php HTTP/1.1" 404 9428 "-" "-"
13.67.175.80 - - [03/Apr/2025:18:26:44 -0400] "GET /wp-content/plugins/linkpreview/db.php?u HTTP/1.1" 404 9421 "-" "-"
13.67.175.80 - - [03/Apr/2025:18:26:44 -0400] "GET /wp-content/themes/seotheme/db.php?u HTTP/1.1" 404 9428 "-" "-"
13.67.175.80 - - [03/Apr/2025:18:26:44 -0400] "GET /wp-content/plugins/seoplugins/db.php?u HTTP/1.1" 404 9421 "-" "-"
13.67.175.80 - - [03/Apr/2025:18:26:45 -0400] "GET /wp-content/plugins/seoplugins/mar.php HTTP/1.1" 404 9428 "-" "-"
13.67.175.80 - - [03/Apr/2025:18:26:45 -0400] "GET /.well-known/pki-validation/xmrlpc.php?p= HTTP/1.1" 404 1251 "-" "-"
13.67.175.80 - - [03/Apr/2025:18:26:46 -0400] "GET /.well-known/acme-challenge/xmrlpc.php?p= HTTP/1.1" 301 0 "-" "-"
13.67.175.80 - - [03/Apr/2025:18:26:46 -0400] "GET /.well-known/acme-challenge/xmrlpc.php HTTP/1.1" 404 9421 "-" "-"
13.67.175.80 - - [03/Apr/2025:18:26:47 -0400] "GET /wp-admin/network/xmrlpc.php?p= HTTP/1.1" 301 0 "-" "-"
13.67.175.80 - - [03/Apr/2025:18:26:47 -0400] "GET /wp-admin/network/xmrlpc.php HTTP/1.1" 404 9428 "-" "-"
13.67.175.80 - - [03/Apr/2025:18:26:47 -0400] "GET /xmrlpc.php?p= HTTP/1.1" 301 0 "-" "-"
13.67.175.80 - - [03/Apr/2025:18:26:01 -0400] "GET /alfanew.php HTTP/1.1" 404 9428 "-" "-"
13.67.175.80 - - [03/Apr/2025:18:26:01 -0400] "GET /wp-content/plugins/Cache/Cache.php HTTP/1.1" 404 9421 "-" "-"
13.67.175.80 - - [03/Apr/2025:18:26:01 -0400] "GET /wp-admin/js/widgets/about.php7 HTTP/1.1" 404 9428 "-" "-"
13.67.175.80 - - [03/Apr/2025:18:26:02 -0400] "GET /wp-p.php7 HTTP/1.1" 404 9428 "-" "-"
13.67.175.80 - - [03/Apr/2025:18:26:02 -0400] "GET /wp-admin/repeater.php HTTP/1.1" 404 9428 "-" "-"
13.67.175.80 - - [03/Apr/2025:18:26:03 -0400] "GET /wp-includes/repeater.php HTTP/1.1" 404 9427 "-" "-"
13.67.175.80 - - [03/Apr/2025:18:26:03 -0400] "GET /wp-content/repeater.php HTTP/1.1" 404 9428 "-" "-"
13.67.175.80 - - [03/Apr/2025:18:26:04 -0400] "GET /wsoyanz.php HTTP/1.1" 404 9422 "-" "-"
13.67.175.80 - - [03/Apr/2025:18:26:04 -0400] "GET /yanz.php HTTP/1.1" 404 9421 "-" "-"
13.67.175.80 - - [03/Apr/2025:18:26:05 -0400] "GET /wp-content/plugins/seoo/wsoyanz.php HTTP/1.1" 404 9428 "-" "-"
13.67.175.80 - - [03/Apr/2025:18:26:05 -0400] "GET /wp-content/plugins/seoo/wsoyanz1.php HTTP/1.1" 404 9421 "-" "-"
13.67.175.80 - - [03/Apr/2025:18:26:06 -0400] "GET /cache-compat.php HTTP/1.1" 404 9428 "-" "-"
13.67.175.80 - - [03/Apr/2025:18:26:06 -0400] "GET /ajax-actions.php HTTP/1.1" 404 9421 "-" "-"
13.67.175.80 - - [03/Apr/2025:18:26:07 -0400] "GET /wp-admin/ajax-actions.php HTTP/1.1" 404 9421 "-" "-"
13.67.175.80 - - [03/Apr/2025:18:26:07 -0400] "GET /wp-consar.php HTTP/1.1" 404 9428 "-" "-"
13.67.175.80 - - [03/Apr/2025:18:26:08 -0400] "GET /repeater.php HTTP/1.1" 404 9421 "-" "-"
13.67.175.80 - - [03/Apr/2025:18:26:09 -0400] "GET /admin-post.php HTTP/1.1" 404 9421 "-" "-"
13.67.175.80 - - [03/Apr/2025:18:26:09 -0400] "GET /wp-admin/maint/maint/ajax-actions.php HTTP/1.1" 404 9428 "-" "-"
13.67.175.80 - - [03/Apr/2025:18:26:10 -0400] "GET /wp-admin/dropdown.php HTTP/1.1" 404 9421 "-" "-"
13.67.175.80 - - [03/Apr/2025:18:26:11 -0400] "GET /about.php7 HTTP/1.1" 404 9421 "-" "-"
13.67.175.80 - - [03/Apr/2025:18:26:12 -0400] "GET /alfanew.php7 HTTP/1.1" 404 9421 "-" "-"
13.67.175.80 - - [03/Apr/2025:18:26:13 -0400] "GET /adminfuns.php7 HTTP/1.1" 404 9428 "-" "-"
13.67.175.80 - - [03/Apr/2025:18:26:14 -0400] "GET /ebs.php7 HTTP/1.1" 404 9428 "-" "-"
13.67.175.80 - - [03/Apr/2025:18:26:15 -0400] "GET /ws.php7 HTTP/1.1" 404 9421 "-" "-"
13.67.175.80 - - [03/Apr/2025:18:26:16 -0400] "GET /makeasmtp.php HTTP/1.1" 404 9421 "-" "-"
13.67.175.80 - - [03/Apr/2025:18:26:17 -0400] "GET /wp-sigunq.php HTTP/1.1" 404 9421 "-" "-"
13.67.175.80 - - [03/Apr/2025:18:26:18 -0400] "GET /wso112233.php HTTP/1.1" 404 9428 "-" "-"
13.67.175.80 - - [03/Apr/2025:18:26:18 -0400] "GET /fw.php HTTP/1.1" 404 9421 "-" "-"
13.67.175.80 - - [03/Apr/2025:18:26:19 -0400] "GET /install.php HTTP/1.1" 404 9421 "-" "-"
13.67.175.80 - - [03/Apr/2025:18:26:20 -0400] "GET /wp-login.php HTTP/1.1" 302 0 "-" "-"
13.67.175.80 - - [03/Apr/2025:18:26:21 -0400] "GET /chosen.php HTTP/1.1" 404 9421 "-" "-"
13.67.175.80 - - [03/Apr/2025:18:26:22 -0400] "GET /simple.php HTTP/1.1" 404 9421 "-" "-"
13.67.175.80 - - [03/Apr/2025:18:26:22 -0400] "GET /inputs.php HTTP/1.1" 404 9421 "-" "-"
13.67.175.80 - - [03/Apr/2025:18:26:23 -0400] "GET /classsmtps.php HTTP/1.1" 404 9421 "-" "-"
13.67.175.80 - - [03/Apr/2025:18:26:24 -0400] "GET /wp-blog-header.php HTTP/1.1" 404 0 "-" "-"
13.67.175.80 - - [03/Apr/2025:18:26:25 -0400] "GET /wp-trackback.php HTTP/1.1" 404 130 "-" "-"
13.67.175.80 - - [03/Apr/2025:18:26:25 -0400] "GET /wp-signup.php HTTP/1.1" 302 0 "-" "-"
13.67.175.80 - - [03/Apr/2025:18:26:27 -0400] "GET /wp-comments-post.php HTTP/1.1" 405 0 "-" "-"
13.67.175.80 - - [03/Apr/2025:18:26:27 -0400] "GET /wp-cron.php HTTP/1.1" 200 0 "-" "-"
13.67.175.80 - - [03/Apr/2025:18:26:27 -0400] "GET /wp-load.php HTTP/1.1" 200 0 "-" "-"
13.67.175.80 - - [03/Apr/2025:18:26:28 -0400] "GET /wp-mail.php HTTP/1.1" 403 1123 "-" "-"
13.67.175.80 - - [03/Apr/2025:18:26:29 -0400] "GET /wp-activate.php HTTP/1.1" 302 0 "-" "-"
13.67.175.80 - - [03/Apr/2025:18:26:48 -0400] "GET /xmrlpc.php HTTP/1.1" 404 9421 "-" "-"
13.67.175.80 - - [03/Apr/2025:18:26:48 -0400] "GET /cgi-bin/xmrlpc.php?p= HTTP/1.1" 301 0 "-" "-"
13.67.175.80 - - [03/Apr/2025:18:26:48 -0400] "GET /cgi-bin/xmrlpc.php HTTP/1.1" 404 9428 "-" "-"
13.67.175.80 - - [03/Apr/2025:18:26:48 -0400] "GET /css/xmrlpc.php?p= HTTP/1.1" 301 0 "-" "-"
13.67.175.80 - - [03/Apr/2025:18:26:48 -0400] "GET /css/xmrlpc.php HTTP/1.1" 404 9428 "-" "-"
13.67.175.80 - - [03/Apr/2025:18:26:49 -0400] "GET /wp-admin/user/xmrlpc.php?p= HTTP/1.1" 301 0 "-" "-"
13.67.175.80 - - [03/Apr/2025:18:26:49 -0400] "GET /wp-admin/user/xmrlpc.php HTTP/1.1" 404 9428 "-" "-"
13.67.175.80 - - [03/Apr/2025:18:26:49 -0400] "GET /img/xmrlpc.php?p= HTTP/1.1" 301 0 "-" "-"
13.67.175.80 - - [03/Apr/2025:18:26:50 -0400] "GET /img/xmrlpc.php HTTP/1.1" 404 9428 "-" "-"
13.67.175.80 - - [03/Apr/2025:18:26:50 -0400] "GET /wp-admin/css/colors/coffee/xmrlpc.php?p= HTTP/1.1" 301 0 "-" "-"
13.67.175.80 - - [03/Apr/2025:18:26:50 -0400] "GET /wp-admin/css/colors/coffee/xmrlpc.php HTTP/1.1" 404 9428 "-" "-"
13.67.175.80 - - [03/Apr/2025:18:26:51 -0400] "GET /wp-admin/images/xmrlpc.php?p= HTTP/1.1" 301 0 "-" "-"
13.67.175.80 - - [03/Apr/2025:18:26:51 -0400] "GET /wp-admin/images/xmrlpc.php HTTP/1.1" 404 9421 "-" "-"
13.67.175.80 - - [03/Apr/2025:18:26:52 -0400] "GET /images/xmrlpc.php?p= HTTP/1.1" 301 0 "-" "-"
13.67.175.80 - - [03/Apr/2025:18:26:52 -0400] "GET /images/xmrlpc.php HTTP/1.1" 404 9428 "-" "-"
13.67.175.80 - - [03/Apr/2025:18:26:52 -0400] "GET /wp-admin/js/widgets/xmrlpc.php?p= HTTP/1.1" 301 0 "-" "-"
13.67.175.80 - - [03/Apr/2025:18:26:53 -0400] "GET /wp-admin/js/widgets/xmrlpc.php HTTP/1.1" 404 9428 "-" "-"
13.67.175.80 - - [03/Apr/2025:18:26:53 -0400] "GET /wp-admin/css/colors/xmrlpc.php?p= HTTP/1.1" 301 0 "-" "-"
13.67.175.80 - - [03/Apr/2025:18:26:53 -0400] "GET /wp-admin/css/colors/xmrlpc.php HTTP/1.1" 404 9428 "-" "-"
13.67.175.80 - - [03/Apr/2025:18:26:54 -0400] "GET /wp-admin/includes/xmrlpc.php?p= HTTP/1.1" 301 0 "-" "-"
13.67.175.80 - - [03/Apr/2025:18:26:54 -0400] "GET /wp-admin/includes/xmrlpc.php HTTP/1.1" 404 9428 "-" "-"
13.67.175.80 - - [03/Apr/2025:18:26:55 -0400] "GET /wp-admin/css/colors/blue/xmrlpc.php?p= HTTP/1.1" 301 0 "-" "-"
13.67.175.80 - - [03/Apr/2025:18:26:55 -0400] "GET /wp-admin/css/colors/blue/xmrlpc.php HTTP/1.1" 404 9421 "-" "-"
13.67.175.80 - - [03/Apr/2025:18:26:56 -0400] "GET /wp-admin/xmrlpc.php?p= HTTP/1.1" 301 0 "-" "-"
13.67.175.80 - - [03/Apr/2025:18:26:57 -0400] "GET /wp-admin/xmrlpc.php HTTP/1.1" 404 9421 "-" "-"
85.208.98.23 - - [03/Apr/2025:18:49:20 -0400] "GET /robots.txt HTTP/1.1" 304 0 "-" "Mozilla/5.0 (compatible; SemrushBot-BA; +http://www.semrush.com/bot.html)"
182.43.77.197 - - [03/Apr/2025:18:56:18 -0400] "GET /wp-login.php HTTP/1.1" 302 0 "-" "Apache-HttpClient/4.5.2 (Java/1.8.0_161)"
182.43.77.197 - - [03/Apr/2025:18:56:21 -0400] "GET /?author=1 HTTP/1.1" 404 9430 "-" "Apache-HttpClient/4.5.2 (Java/1.8.0_161)"
182.43.77.197 - - [03/Apr/2025:18:56:23 -0400] "GET /?author=2 HTTP/1.1" 404 9430 "-" "Apache-HttpClient/4.5.2 (Java/1.8.0_161)"
182.43.77.197 - - [03/Apr/2025:18:56:24 -0400] "GET /?author=3 HTTP/1.1" 404 9430 "-" "Apache-HttpClient/4.5.2 (Java/1.8.0_161)"
182.43.77.197 - - [03/Apr/2025:18:56:26 -0400] "GET /?author=4 HTTP/1.1" 404 9424 "-" "Apache-HttpClient/4.5.2 (Java/1.8.0_161)"
182.43.77.197 - - [03/Apr/2025:18:56:28 -0400] "GET /?author=5 HTTP/1.1" 404 9430 "-" "Apache-HttpClient/4.5.2 (Java/1.8.0_161)"
182.43.77.197 - - [03/Apr/2025:18:56:30 -0400] "GET /?author=6 HTTP/1.1" 404 9424 "-" "Apache-HttpClient/4.5.2 (Java/1.8.0_161)"
182.43.77.197 - - [03/Apr/2025:18:56:31 -0400] "GET /?author=7 HTTP/1.1" 404 9430 "-" "Apache-HttpClient/4.5.2 (Java/1.8.0_161)"
182.43.77.197 - - [03/Apr/2025:18:56:33 -0400] "GET /?author=8 HTTP/1.1" 404 9430 "-" "Apache-HttpClient/4.5.2 (Java/1.8.0_161)"
182.43.77.197 - - [03/Apr/2025:18:56:35 -0400] "GET /?author=9 HTTP/1.1" 404 9430 "-" "Apache-HttpClient/4.5.2 (Java/1.8.0_161)"
182.43.77.197 - - [03/Apr/2025:18:56:36 -0400] "GET /?author=10 HTTP/1.1" 404 9424 "-" "Apache-HttpClient/4.5.2 (Java/1.8.0_161)"
182.43.77.197 - - [03/Apr/2025:18:56:37 -0400] "GET /?author=11 HTTP/1.1" 404 9424 "-" "Apache-HttpClient/4.5.2 (Java/1.8.0_161)"
182.43.77.197 - - [03/Apr/2025:18:56:39 -0400] "GET /?author=12 HTTP/1.1" 404 9430 "-" "Apache-HttpClient/4.5.2 (Java/1.8.0_161)"
182.43.77.197 - - [03/Apr/2025:18:56:40 -0400] "GET /?author=13 HTTP/1.1" 404 9424 "-" "Apache-HttpClient/4.5.2 (Java/1.8.0_161)"
198.54.114.83 - - [03/Apr/2025:18:56:43 -0400] "POST /wp-cron.php?doing_wp_cron=1743721002.5828800201416015625000 HTTP/1.1" 200 0 "-" "WordPress/6.7.2; https://the80itspod.com"
182.43.77.197 - - [03/Apr/2025:18:56:42 -0400] "GET /?author=14 HTTP/1.1" 404 9430 "-" "Apache-HttpClient/4.5.2 (Java/1.8.0_161)"
182.43.77.197 - - [03/Apr/2025:18:56:44 -0400] "GET /?author=15 HTTP/1.1" 404 9430 "-" "Apache-HttpClient/4.5.2 (Java/1.8.0_161)"
182.43.77.197 - - [03/Apr/2025:18:56:44 -0400] "GET /?author=16 HTTP/1.1" 404 9424 "-" "Apache-HttpClient/4.5.2 (Java/1.8.0_161)"
182.43.77.197 - - [03/Apr/2025:18:56:45 -0400] "GET /?author=17 HTTP/1.1" 404 9424 "-" "Apache-HttpClient/4.5.2 (Java/1.8.0_161)"
182.43.77.197 - - [03/Apr/2025:18:56:46 -0400] "GET /?author=18 HTTP/1.1" 404 9424 "-" "Apache-HttpClient/4.5.2 (Java/1.8.0_161)"
182.43.77.197 - - [03/Apr/2025:18:56:48 -0400] "GET /?author=19 HTTP/1.1" 404 9430 "-" "Apache-HttpClient/4.5.2 (Java/1.8.0_161)"
182.43.77.197 - - [03/Apr/2025:18:56:49 -0400] "GET /?author=20 HTTP/1.1" 404 9430 "-" "Apache-HttpClient/4.5.2 (Java/1.8.0_161)"
2.58.56.193 - - [03/Apr/2025:19:07:56 -0400] "GET /zwso.php HTTP/1.1" 403 7161 "www.google.com" "Mozlila/5.0 (Linux; Android 7.0; SM-G892A Bulid/NRD90M; wv) AppleWebKit/537.36 (KHTML, like Gecko) Version/4.0 Chrome/60.0.3112.107 Moblie Safari/537.36"
45.148.10.80 - - [03/Apr/2025:19:33:37 -0400] "GET /.git/config HTTP/1.1" 403 1242 "-" "Mozilla/5.0 (ZZ; Linux i686; rv:128.0) Gecko/20100101 Firefox/128.0"
156.59.172.72 - - [03/Apr/2025:19:51:05 -0400] "GET / HTTP/1.1" 200 16759 "-" "Mozilla/5.0 (Windows NT 10.0; Win64; x64; rv:126.0) Gecko/20100101 Firefox/126.0"
51.91.131.222 - - [03/Apr/2025:19:55:47 -0400] "GET / HTTP/1.1" 200 16759 "-" "Mozilla/5.0 (Windows NT 10.0; Win64; x64; rv:92.0) Gecko/20100101 Firefox/92.0"
198.54.114.83 - - [03/Apr/2025:19:55:49 -0400] "POST /wp-cron.php?doing_wp_cron=1743724548.7947039604187011718750 HTTP/1.1" 200 0 "-" "WordPress/6.7.2; https://the80itspod.com"
51.91.131.222 - - [03/Apr/2025:19:55:47 -0400] "POST /xmlrpc.php HTTP/1.1" 503 7940 "-" "Mozilla/5.0 (Windows NT 10.0; Win64; x64; rv:92.0) Gecko/20100101 Firefox/92.0"
161.35.47.151 - - [03/Apr/2025:20:40:26 -0400] "GET /modules/mod_araticlws/mod_araticlws.php HTTP/1.1" 404 9421 "-" "Mozilla/5.0 (Linux; Android 7.0; SM-G892A Build/NRD90M; wv) AppleWebKit/537.36 (KHTML, like Gecko) Version/4.0 Chrome/60.0.3112.107 Mobile Safari/537.36"
161.35.47.151 - - [03/Apr/2025:20:40:27 -0400] "GET /modules/mod_ariimageslidersa/mod_ariimageslidersa.php HTTP/1.1" 404 9421 "-" "Mozilla/5.0 (Linux; Android 7.0; SM-G892A Build/NRD90M; wv) AppleWebKit/537.36 (KHTML, like Gecko) Version/4.0 Chrome/60.0.3112.107 Mobile Safari/537.36"
161.35.47.151 - - [03/Apr/2025:20:44:28 -0400] "GET /administrator/templates/bluestork/error.php HTTP/1.1" 404 9421 "-" "Mozilla/5.0 (Linux; Android 7.0; SM-G892A Build/NRD90M; wv) AppleWebKit/537.36 (KHTML, like Gecko) Version/4.0 Chrome/60.0.3112.107 Mobile Safari/537.36"
161.35.47.151 - - [03/Apr/2025:20:44:29 -0400] "GET /templates/atomic/error.php HTTP/1.1" 404 9421 "-" "Mozilla/5.0 (Linux; Android 7.0; SM-G892A Build/NRD90M; wv) AppleWebKit/537.36 (KHTML, like Gecko) Version/4.0 Chrome/60.0.3112.107 Mobile Safari/537.36"
161.35.47.151 - - [03/Apr/2025:20:44:30 -0400] "GET /templates/beez/index.php HTTP/1.1" 301 0 "-" "Mozilla/5.0 (Linux; Android 7.0; SM-G892A Build/NRD90M; wv) AppleWebKit/537.36 (KHTML, like Gecko) Version/4.0 Chrome/60.0.3112.107 Mobile Safari/537.36"
161.35.47.151 - - [03/Apr/2025:20:44:31 -0400] "GET /templates/beez/ HTTP/1.1" 404 9420 "-" "Mozilla/5.0 (Linux; Android 7.0; SM-G892A Build/NRD90M; wv) AppleWebKit/537.36 (KHTML, like Gecko) Version/4.0 Chrome/60.0.3112.107 Mobile Safari/537.36"
18.232.142.49 - - [03/Apr/2025:21:11:05 -0400] "GET / HTTP/1.1" 200 16759 "-" "Mozilla/5.0 (Windows NT 10.0; Win64; x64) AppleWebKit/537.36 (KHTML, like Gecko) Chrome/90.0.4430.85 Safari/537.36"
18.232.142.49 - - [03/Apr/2025:21:11:05 -0400] "GET /?author=1 HTTP/1.1" 404 9423 "-" "Mozilla/5.0 (Windows NT 10.0; Win64; x64) AppleWebKit/537.36 (KHTML, like Gecko) Chrome/90.0.4430.85 Safari/537.36"
18.232.142.49 - - [03/Apr/2025:21:11:06 -0400] "GET /?author=2 HTTP/1.1" 404 9423 "-" "Mozilla/5.0 (Windows NT 10.0; Win64; x64) AppleWebKit/537.36 (KHTML, like Gecko) Chrome/90.0.4430.85 Safari/537.36"
18.232.142.49 - - [03/Apr/2025:21:11:07 -0400] "GET /wp-json/wp/v2/users/ HTTP/1.1" 401 108 "-" "Mozilla/5.0 (Windows NT 10.0; Win64; x64) AppleWebKit/537.36 (KHTML, like Gecko) Chrome/90.0.4430.85 Safari/537.36"
18.232.142.49 - - [03/Apr/2025:21:11:08 -0400] "GET /wp-json/oembed/1.0/embed?url=http://the80itspod.com HTTP/1.1" 404 73 "-" "Mozilla/5.0 (Windows NT 10.0; Win64; x64) AppleWebKit/537.36 (KHTML, like Gecko) Chrome/90.0.4430.85 Safari/537.36"
18.232.142.49 - - [03/Apr/2025:21:11:08 -0400] "POST /xmlrpc.php HTTP/1.1" 200 236 "-" "Mozilla/5.0 (Windows NT 10.0; Win64; x64) AppleWebKit/537.36 (KHTML, like Gecko) Chrome/90.0.4430.85 Safari/537.36"
18.232.142.49 - - [03/Apr/2025:21:11:10 -0400] "POST /xmlrpc.php HTTP/1.1" 503 7937 "-" "Mozilla/5.0 (Windows NT 10.0; Win64; x64) AppleWebKit/537.36 (KHTML, like Gecko) Chrome/90.0.4430.85 Safari/537.36"
85.208.98.23 - - [03/Apr/2025:21:21:44 -0400] "GET /robots.txt HTTP/1.1" 304 0 "-" "Mozilla/5.0 (compatible; SemrushBot-BA; +http://www.semrush.com/bot.html)"
85.208.98.23 - - [03/Apr/2025:22:21:40 -0400] "GET /robots.txt HTTP/1.1" 304 0 "-" "Mozilla/5.0 (compatible; SemrushBot-BA; +http://www.semrush.com/bot.html)"
43.130.67.33 - - [03/Apr/2025:22:27:38 -0400] "GET / HTTP/1.1" 200 16759 "-" "Mozilla/5.0 (iPhone; CPU iPhone OS 13_2_3 like Mac OS X) AppleWebKit/605.1.15 (KHTML, like Gecko) Version/13.0.3 Mobile/15E148 Safari/604.1"
65.109.189.6 - - [03/Apr/2025:22:28:30 -0400] "GET /relx-electronic-cigarette/ HTTP/1.1" 200 14981 "http://the80itspod.com/relx-electronic-cigarette/" "Mozilla/5.0 (Windows NT 10.0; Win64; x64) AppleWebKit/537.36 (KHTML, like Gecko) Chrome/131.0.0.0 Safari/537.36"
65.109.189.6 - - [03/Apr/2025:22:28:32 -0400] "POST /wp-comments-post.php HTTP/1.1" 302 0 "http://the80itspod.com/relx-electronic-cigarette/" "Mozilla/5.0 (Windows NT 10.0; Win64; x64) AppleWebKit/537.36 (KHTML, like Gecko) Chrome/131.0.0.0 Safari/537.36"
198.54.114.83 - - [04/Apr/2025:01:59:44 -0400] "POST /wp-cron.php?doing_wp_cron=1743746384.4067389965057373046875 HTTP/1.1" 200 0 "-" "WordPress/6.7.2; https://the80itspod.com"
161.97.113.8 - - [04/Apr/2025:01:59:42 -0400] "GET /wp-includes/js/index.php HTTP/1.1" 301 0 "-" "Mozilla/5.0 (Macintosh; Intel Mac OS X 10_15_7) AppleWebKit/537.36 (KHTML, like Gecko) Chrome/91.0.4472.114 Safari/537.36"
161.97.113.8 - - [04/Apr/2025:01:59:52 -0400] "GET /atomlib.php HTTP/1.1" 404 9427 "-" "Mozilla/5.0 (Macintosh; Intel Mac OS X 10_15_7) AppleWebKit/537.36 (KHTML, like Gecko) Chrome/91.0.4472.114 Safari/537.36"
161.97.113.8 - - [04/Apr/2025:02:00:09 -0400] "GET /backdoor.php HTTP/1.1" 404 9421 "-" "Mozilla/5.0 (Macintosh; Intel Mac OS X 10_15_7) AppleWebKit/537.36 (KHTML, like Gecko) Chrome/91.0.4472.114 Safari/537.36"
161.97.113.8 - - [04/Apr/2025:02:00:29 -0400] "GET /json.php HTTP/1.1" 404 9421 "-" "Mozilla/5.0 (Macintosh; Intel Mac OS X 10_15_7) AppleWebKit/537.36 (KHTML, like Gecko) Chrome/91.0.4472.114 Safari/537.36"
198.54.114.83 - - [04/Apr/2025:02:00:55 -0400] "POST /wp-cron.php?doing_wp_cron=1743746455.7615640163421630859375 HTTP/1.1" 200 0 "-" "WordPress/6.7.2; https://the80itspod.com"
161.97.113.8 - - [04/Apr/2025:02:00:55 -0400] "GET /doc/function.php HTTP/1.1" 404 9421 "-" "Mozilla/5.0 (Macintosh; Intel Mac OS X 10_15_7) AppleWebKit/537.36 (KHTML, like Gecko) Chrome/91.0.4472.114 Safari/537.36"
161.97.113.8 - - [04/Apr/2025:02:01:29 -0400] "GET /mah/function.php HTTP/1.1" 404 9421 "-" "Mozilla/5.0 (Macintosh; Intel Mac OS X 10_15_7) AppleWebKit/537.36 (KHTML, like Gecko) Chrome/91.0.4472.114 Safari/537.36"
161.97.113.8 - - [04/Apr/2025:02:01:36 -0400] "GET /bk/index.php HTTP/1.1" 301 0 "-" "Mozilla/5.0 (Macintosh; Intel Mac OS X 10_15_7) AppleWebKit/537.36 (KHTML, like Gecko) Chrome/91.0.4472.114 Safari/537.36"
198.54.114.83 - - [04/Apr/2025:02:01:43 -0400] "POST /wp-cron.php?doing_wp_cron=1743746503.3568971157073974609375 HTTP/1.1" 200 0 "-" "WordPress/6.7.2; https://the80itspod.com"
161.97.113.8 - - [04/Apr/2025:02:01:43 -0400] "GET /wp-content/plugins/bk/index.php HTTP/1.1" 301 0 "-" "Mozilla/5.0 (Macintosh; Intel Mac OS X 10_15_7) AppleWebKit/537.36 (KHTML, like Gecko) Chrome/91.0.4472.114 Safari/537.36"
161.97.113.8 - - [04/Apr/2025:02:02:05 -0400] "GET /erin1.PhP7 HTTP/1.1" 404 9427 "-" "Mozilla/5.0 (Macintosh; Intel Mac OS X 10_15_7) AppleWebKit/537.36 (KHTML, like Gecko) Chrome/91.0.4472.114 Safari/537.36"
161.97.113.8 - - [04/Apr/2025:02:02:14 -0400] "GET /wp-includes/Requests/Auth/index.php HTTP/1.1" 301 0 "-" "Mozilla/5.0 (Macintosh; Intel Mac OS X 10_15_7) AppleWebKit/537.36 (KHTML, like Gecko) Chrome/91.0.4472.114 Safari/537.36"
161.97.113.8 - - [04/Apr/2025:02:02:27 -0400] "GET /index.php HTTP/1.1" 301 0 "-" "Mozilla/5.0 (Macintosh; Intel Mac OS X 10_15_7) AppleWebKit/537.36 (KHTML, like Gecko) Chrome/91.0.4472.114 Safari/537.36"
85.208.98.23 - - [04/Apr/2025:02:02:47 -0400] "GET /robots.txt HTTP/1.1" 304 0 "-" "Mozilla/5.0 (compatible; SemrushBot-BA; +http://www.semrush.com/bot.html)"
198.54.114.83 - - [04/Apr/2025:02:02:51 -0400] "POST /wp-cron.php?doing_wp_cron=1743746570.9994781017303466796875 HTTP/1.1" 200 0 "-" "WordPress/6.7.2; https://the80itspod.com"
161.97.113.8 - - [04/Apr/2025:02:02:50 -0400] "GET /wp-admin/images/index.php HTTP/1.1" 301 0 "-" "Mozilla/5.0 (Macintosh; Intel Mac OS X 10_15_7) AppleWebKit/537.36 (KHTML, like Gecko) Chrome/91.0.4472.114 Safari/537.36"
161.97.113.8 - - [04/Apr/2025:02:03:11 -0400] "GET /evil-backdoor.php HTTP/1.1" 404 9420 "-" "Mozilla/5.0 (Macintosh; Intel Mac OS X 10_15_7) AppleWebKit/537.36 (KHTML, like Gecko) Chrome/91.0.4472.114 Safari/537.36"
161.97.113.8 - - [04/Apr/2025:02:03:24 -0400] "GET /spam.php HTTP/1.1" 404 9421 "-" "Mozilla/5.0 (Macintosh; Intel Mac OS X 10_15_7) AppleWebKit/537.36 (KHTML, like Gecko) Chrome/91.0.4472.114 Safari/537.36"
161.97.113.8 - - [04/Apr/2025:02:03:42 -0400] "GET /wp-content/plugins/index.php HTTP/1.1" 200 0 "-" "Mozilla/5.0 (Macintosh; Intel Mac OS X 10_15_7) AppleWebKit/537.36 (KHTML, like Gecko) Chrome/91.0.4472.114 Safari/537.36"
198.54.114.83 - - [04/Apr/2025:02:04:01 -0400] "POST /wp-cron.php?doing_wp_cron=1743746641.8005180358886718750000 HTTP/1.1" 200 0 "-" "WordPress/6.7.2; https://the80itspod.com"
161.97.113.8 - - [04/Apr/2025:02:04:01 -0400] "GET /go.php HTTP/1.1" 404 9427 "-" "Mozilla/5.0 (Macintosh; Intel Mac OS X 10_15_7) AppleWebKit/537.36 (KHTML, like Gecko) Chrome/91.0.4472.114 Safari/537.36"
161.97.113.8 - - [04/Apr/2025:02:04:04 -0400] "GET /index/function.php HTTP/1.1" 404 9427 "-" "Mozilla/5.0 (Macintosh; Intel Mac OS X 10_15_7) AppleWebKit/537.36 (KHTML, like Gecko) Chrome/91.0.4472.114 Safari/537.36"
161.97.113.8 - - [04/Apr/2025:02:04:07 -0400] "GET /wp-login.php HTTP/1.1" 302 0 "-" "Mozilla/5.0 (Macintosh; Intel Mac OS X 10_15_7) AppleWebKit/537.36 (KHTML, like Gecko) Chrome/91.0.4472.114 Safari/537.36"
161.97.113.8 - - [04/Apr/2025:02:04:23 -0400] "GET /admin/function.php HTTP/1.1" 404 9420 "-" "Mozilla/5.0 (Macintosh; Intel Mac OS X 10_15_7) AppleWebKit/537.36 (KHTML, like Gecko) Chrome/91.0.4472.114 Safari/537.36"
161.97.113.8 - - [04/Apr/2025:02:04:32 -0400] "GET /goat.php HTTP/1.1" 404 9420 "-" "Mozilla/5.0 (Macintosh; Intel Mac OS X 10_15_7) AppleWebKit/537.36 (KHTML, like Gecko) Chrome/91.0.4472.114 Safari/537.36"
198.54.114.83 - - [04/Apr/2025:02:04:44 -0400] "POST /wp-cron.php?doing_wp_cron=1743746684.0778110027313232421875 HTTP/1.1" 200 0 "-" "WordPress/6.7.2; https://the80itspod.com"
161.97.113.8 - - [04/Apr/2025:02:04:43 -0400] "GET /dropdown.php HTTP/1.1" 404 9420 "-" "Mozilla/5.0 (Macintosh; Intel Mac OS X 10_15_7) AppleWebKit/537.36 (KHTML, like Gecko) Chrome/91.0.4472.114 Safari/537.36"
161.97.113.8 - - [04/Apr/2025:02:04:52 -0400] "GET /wp-signup.php HTTP/1.1" 302 0 "-" "Mozilla/5.0 (Macintosh; Intel Mac OS X 10_15_7) AppleWebKit/537.36 (KHTML, like Gecko) Chrome/91.0.4472.114 Safari/537.36"
161.97.113.8 - - [04/Apr/2025:02:05:13 -0400] "GET /wp-content/uploads/bk/index.php HTTP/1.1" 301 0 "-" "Mozilla/5.0 (Macintosh; Intel Mac OS X 10_15_7) AppleWebKit/537.36 (KHTML, like Gecko) Chrome/91.0.4472.114 Safari/537.36"
161.97.113.8 - - [04/Apr/2025:02:05:15 -0400] "GET /wp-content/themes/index.php HTTP/1.1" 200 0 "-" "Mozilla/5.0 (Macintosh; Intel Mac OS X 10_15_7) AppleWebKit/537.36 (KHTML, like Gecko) Chrome/91.0.4472.114 Safari/537.36"
161.97.113.8 - - [04/Apr/2025:02:05:33 -0400] "GET /as/function HTTP/1.1" 404 9421 "-" "Mozilla/5.0 (Macintosh; Intel Mac OS X 10_15_7) AppleWebKit/537.36 (KHTML, like Gecko) Chrome/91.0.4472.114 Safari/537.36"
198.54.114.83 - - [04/Apr/2025:02:05:51 -0400] "POST /wp-cron.php?doing_wp_cron=1743746751.0737390518188476562500 HTTP/1.1" 200 0 "-" "WordPress/6.7.2; https://the80itspod.com"
161.97.113.8 - - [04/Apr/2025:02:05:50 -0400] "GET /wp-includes/SimplePie/Content/Type/index.php HTTP/1.1" 301 0 "-" "Mozilla/5.0 (Macintosh; Intel Mac OS X 10_15_7) AppleWebKit/537.36 (KHTML, like Gecko) Chrome/91.0.4472.114 Safari/537.36"
161.97.113.8 - - [04/Apr/2025:02:06:06 -0400] "GET /ynz.PhP7 HTTP/1.1" 404 9418 "-" "Mozilla/5.0 (Macintosh; Intel Mac OS X 10_15_7) AppleWebKit/537.36 (KHTML, like Gecko) Chrome/91.0.4472.114 Safari/537.36"
161.97.113.8 - - [04/Apr/2025:02:06:12 -0400] "GET /wp-admin/bk/index.php HTTP/1.1" 301 0 "-" "Mozilla/5.0 (Macintosh; Intel Mac OS X 10_15_7) AppleWebKit/537.36 (KHTML, like Gecko) Chrome/91.0.4472.114 Safari/537.36"
198.54.114.83 - - [04/Apr/2025:02:06:43 -0400] "POST /wp-cron.php?doing_wp_cron=1743746803.2201249599456787109375 HTTP/1.1" 200 0 "-" "WordPress/6.7.2; https://the80itspod.com"
161.97.113.8 - - [04/Apr/2025:02:06:42 -0400] "GET /ioxi002.php HTTP/1.1" 404 9419 "-" "Mozilla/5.0 (Macintosh; Intel Mac OS X 10_15_7) AppleWebKit/537.36 (KHTML, like Gecko) Chrome/91.0.4472.114 Safari/537.36"
43.153.113.65 - - [04/Apr/2025:02:34:49 -0400] "GET /what-you-should-know-about-credit-fixing-services/ HTTP/1.1" 200 14566 "-" "Mozilla/5.0 (Macintosh; Intel Mac OS X 12_5) AppleWebKit/537.36 (KHTML, like Gecko) Chrome/114.0.0.0 Safari/537.36 Edg/114.0.1264.71"
178.34.163.195 - - [04/Apr/2025:03:12:56 -0400] "GET /relx-electronic-cigarette/ HTTP/1.1" 200 14981 "http://the80itspod.com/relx-electronic-cigarette/" "Mozilla/5.0 (Windows NT 10.0; Win64; x64) AppleWebKit/537.36 (KHTML, like Gecko) Chrome/129.0.0.0 Safari/537.36"
198.54.114.83 - - [04/Apr/2025:03:12:59 -0400] "POST /wp-cron.php?doing_wp_cron=1743750779.1008279323577880859375 HTTP/1.1" 200 0 "-" "WordPress/6.7.2; https://the80itspod.com"
178.34.163.195 - - [04/Apr/2025:03:12:58 -0400] "POST /wp-comments-post.php HTTP/1.1" 302 0 "http://the80itspod.com/relx-electronic-cigarette/" "Mozilla/5.0 (Windows NT 10.0; Win64; x64) AppleWebKit/537.36 (KHTML, like Gecko) Chrome/129.0.0.0 Safari/537.36"
13.43.218.202 - - [04/Apr/2025:03:33:45 -0400] "GET /zwso.php HTTP/1.1" 403 7168 "www.google.com" "Mozlila/5.0 (Linux; Android 7.0; SM-G892A Bulid/NRD90M; wv) AppleWebKit/537.36 (KHTML, like Gecko) Version/4.0 Chrome/60.0.3112.107 Moblie Safari/537.36"
2.57.170.48 - - [04/Apr/2025:04:07:21 -0400] "GET /.env HTTP/1.1" 403 1242 "-" "Mozilla/5.0 (Macintosh; Intel Mac OS X 10.15; rv:77.0) Gecko/20100101 Firefox/77.0"
2.57.170.41 - - [04/Apr/2025:04:07:21 -0400] "GET /wp-content/ HTTP/1.1" 200 0 "-" "Mozilla/5.0 (Macintosh; Intel Mac OS X 10.15; rv:77.0) Gecko/20100101 Firefox/77.0"
85.208.98.23 - - [04/Apr/2025:04:07:58 -0400] "GET /robots.txt HTTP/1.1" 200 126 "-" "Mozilla/5.0 (compatible; SemrushBot-BA; +http://www.semrush.com/bot.html)"
85.208.98.23 - - [04/Apr/2025:04:24:34 -0400] "GET /robots.txt HTTP/1.1" 200 126 "-" "Mozilla/5.0 (compatible; SemrushBot-BA; +http://www.semrush.com/bot.html)"
74.225.162.36 - - [04/Apr/2025:04:42:33 -0400] "GET /wp-admin/css/ HTTP/1.1" 403 1242 "binance.com" "Mozilla/5.0 (Windows NT 10.0; Win64; x64) AppleWebKit/537.36 (KHTML, like Gecko) Chrome/90.0.4430.85 Safari/537.36"
43.157.95.239 - - [04/Apr/2025:04:54:16 -0400] "GET / HTTP/1.1" 200 16758 "-" "Mozilla/5.0 (iPhone; CPU iPhone OS 13_2_3 like Mac OS X) AppleWebKit/605.1.15 (KHTML, like Gecko) Version/13.0.3 Mobile/15E148 Safari/604.1"
134.122.119.129 - - [04/Apr/2025:04:54:52 -0400] "GET /wp-admin/css/ HTTP/1.1" 403 1242 "binance.com" "Mozilla/5.0 (Windows NT 10.0; Win64; x64) AppleWebKit/537.36 (KHTML, like Gecko) Chrome/90.0.4430.85 Safari/537.36"
103.24.219.153 - - [04/Apr/2025:04:57:34 -0400] "GET /static/images/nopic.png HTTP/1.1" 404 9421 "-" "Mozilla/5.0 (Windows NT 10.0; WOW64; rv:48.0) Gecko/20100101 Firefox/48.0"
85.208.98.23 - - [04/Apr/2025:06:17:21 -0400] "GET /robots.txt HTTP/1.1" 304 0 "-" "Mozilla/5.0 (compatible; SemrushBot-BA; +http://www.semrush.com/bot.html)"
180.110.203.108 - - [04/Apr/2025:06:21:51 -0400] "GET / HTTP/1.1" 200 16758 "-" "Mozilla/5.0 (iPhone; CPU iPhone OS 13_2_3 like Mac OS X) AppleWebKit/605.1.15 (KHTML, like Gecko) Version/13.0.3 Mobile/15E148 Safari/604.1"
43.134.119.86 - - [04/Apr/2025:06:23:53 -0400] "GET / HTTP/1.1" 200 16758 "https://google.com" "Mozilla/5.0 (Windows NT 10.0; Win64; x64) AppleWebKit/537.36 (KHTML, like Gecko) Chrome/104.0.0.0 Safari/537.36"
159.203.184.92 - - [04/Apr/2025:08:06:07 -0400] "GET / HTTP/1.1" 200 16758 "-" "Mozilla/5.0 (compatible)"
159.203.184.92 - - [04/Apr/2025:08:06:08 -0400] "GET /favicon.ico HTTP/1.1" 404 1251 "http://the80itspod.com/" "Mozilla/5.0 (compatible)"
43.130.56.110 - - [04/Apr/2025:09:39:14 -0400] "GET /obsession-spell/ HTTP/1.1" 200 13738 "-" "Mozilla/5.0 (Windows NT 10.0) AppleWebKit/537.36 (KHTML, like Gecko) Chrome/114.0.0.0 Safari/537.36"
43.130.56.110 - - [04/Apr/2025:09:39:19 -0400] "POST /wp-comments-post.php HTTP/1.1" 302 0 "https://the80itspod.com/obsession-spell/" "Mozilla/5.0 (Windows NT 10.0) AppleWebKit/537.36 (KHTML, like Gecko) Chrome/114.0.0.0 Safari/537.36"
85.208.98.23 - - [04/Apr/2025:09:53:16 -0400] "GET /robots.txt HTTP/1.1" 304 0 "-" "Mozilla/5.0 (compatible; SemrushBot-BA; +http://www.semrush.com/bot.html)"
43.135.144.126 - - [04/Apr/2025:10:35:37 -0400] "GET / HTTP/1.1" 200 16758 "-" "Mozilla/5.0 (iPhone; CPU iPhone OS 13_2_3 like Mac OS X) AppleWebKit/605.1.15 (KHTML, like Gecko) Version/13.0.3 Mobile/15E148 Safari/604.1"
64.225.2.234 - - [04/Apr/2025:11:53:35 -0400] "GET / HTTP/1.1" 200 16758 "-" "Mozilla/5.0 (compatible)"
64.225.2.234 - - [04/Apr/2025:11:53:35 -0400] "GET /favicon.ico HTTP/1.1" 404 1251 "http://the80itspod.com/" "Mozilla/5.0 (compatible)"
64.225.2.234 - - [04/Apr/2025:11:53:35 -0400] "GET /ads.txt HTTP/1.1" 404 9427 "-" "Mozilla/5.0 (compatible)"
5.35.71.58 - - [04/Apr/2025:12:03:35 -0400] "GET /relx-electronic-cigarette/ HTTP/1.1" 200 14980 "http://the80itspod.com/relx-electronic-cigarette/" "Mozilla/5.0 (Windows NT 10.0; Win64; x64) AppleWebKit/537.36 (KHTML, like Gecko) Chrome/131.0.0.0 Safari/537.36"
5.35.71.58 - - [04/Apr/2025:12:03:38 -0400] "POST /wp-comments-post.php HTTP/1.1" 302 0 "http://the80itspod.com/relx-electronic-cigarette/" "Mozilla/5.0 (Windows NT 10.0; Win64; x64) AppleWebKit/537.36 (KHTML, like Gecko) Chrome/131.0.0.0 Safari/537.36"
42.193.17.124 - - [04/Apr/2025:12:13:29 -0400] "GET /wp-login.php HTTP/1.1" 302 0 "-" "Apache-HttpClient/4.5.2 (Java/1.8.0_321)"
42.193.17.124 - - [04/Apr/2025:12:13:36 -0400] "GET /?author=1 HTTP/1.1" 404 9423 "-" "Apache-HttpClient/4.5.2 (Java/1.8.0_321)"
198.54.114.83 - - [04/Apr/2025:12:13:43 -0400] "POST /wp-cron.php?doing_wp_cron=1743783222.0106439590454101562500 HTTP/1.1" 200 0 "-" "WordPress/6.7.2; https://the80itspod.com"
42.193.17.124 - - [04/Apr/2025:12:13:40 -0400] "GET /?author=2 HTTP/1.1" 404 9423 "-" "Apache-HttpClient/4.5.2 (Java/1.8.0_321)"
42.193.17.124 - - [04/Apr/2025:12:13:56 -0400] "GET /?author=3 HTTP/1.1" 404 9423 "-" "Apache-HttpClient/4.5.2 (Java/1.8.0_321)"
42.193.17.124 - - [04/Apr/2025:12:13:58 -0400] "GET /?author=4 HTTP/1.1" 404 9423 "-" "Apache-HttpClient/4.5.2 (Java/1.8.0_321)"
42.193.17.124 - - [04/Apr/2025:12:14:01 -0400] "GET /?author=5 HTTP/1.1" 404 9423 "-" "Apache-HttpClient/4.5.2 (Java/1.8.0_321)"
42.193.17.124 - - [04/Apr/2025:12:14:04 -0400] "GET /?author=6 HTTP/1.1" 404 9423 "-" "Apache-HttpClient/4.5.2 (Java/1.8.0_321)"
42.193.17.124 - - [04/Apr/2025:12:14:06 -0400] "GET /?author=7 HTTP/1.1" 404 9423 "-" "Apache-HttpClient/4.5.2 (Java/1.8.0_321)"
42.193.17.124 - - [04/Apr/2025:12:14:09 -0400] "GET /?author=8 HTTP/1.1" 404 9423 "-" "Apache-HttpClient/4.5.2 (Java/1.8.0_321)"
42.193.17.124 - - [04/Apr/2025:12:14:12 -0400] "GET /?author=9 HTTP/1.1" 404 9423 "-" "Apache-HttpClient/4.5.2 (Java/1.8.0_321)"
42.193.17.124 - - [04/Apr/2025:12:14:13 -0400] "GET /?author=10 HTTP/1.1" 404 9422 "-" "Apache-HttpClient/4.5.2 (Java/1.8.0_321)"
42.193.17.124 - - [04/Apr/2025:12:14:15 -0400] "GET /?author=11 HTTP/1.1" 404 9423 "-" "Apache-HttpClient/4.5.2 (Java/1.8.0_321)"
42.193.17.124 - - [04/Apr/2025:12:14:18 -0400] "GET /?author=12 HTTP/1.1" 404 9423 "-" "Apache-HttpClient/4.5.2 (Java/1.8.0_321)"
42.193.17.124 - - [04/Apr/2025:12:14:20 -0400] "GET /?author=13 HTTP/1.1" 404 9423 "-" "Apache-HttpClient/4.5.2 (Java/1.8.0_321)"
42.193.17.124 - - [04/Apr/2025:12:14:23 -0400] "GET /?author=14 HTTP/1.1" 404 9423 "-" "Apache-HttpClient/4.5.2 (Java/1.8.0_321)"
42.193.17.124 - - [04/Apr/2025:12:14:25 -0400] "GET /?author=15 HTTP/1.1" 404 9423 "-" "Apache-HttpClient/4.5.2 (Java/1.8.0_321)"
42.193.17.124 - - [04/Apr/2025:12:14:27 -0400] "GET /?author=16 HTTP/1.1" 404 9423 "-" "Apache-HttpClient/4.5.2 (Java/1.8.0_321)"
42.193.17.124 - - [04/Apr/2025:12:14:29 -0400] "GET /?author=17 HTTP/1.1" 404 9424 "-" "Apache-HttpClient/4.5.2 (Java/1.8.0_321)"
42.193.17.124 - - [04/Apr/2025:12:14:33 -0400] "GET /?author=18 HTTP/1.1" 404 9423 "-" "Apache-HttpClient/4.5.2 (Java/1.8.0_321)"
42.193.17.124 - - [04/Apr/2025:12:14:38 -0400] "GET /?author=19 HTTP/1.1" 404 9423 "-" "Apache-HttpClient/4.5.2 (Java/1.8.0_321)"
198.54.114.83 - - [04/Apr/2025:12:14:43 -0400] "POST /wp-cron.php?doing_wp_cron=1743783283.2990820407867431640625 HTTP/1.1" 200 0 "-" "WordPress/6.7.2; https://the80itspod.com"
42.193.17.124 - - [04/Apr/2025:12:14:42 -0400] "GET /?author=20 HTTP/1.1" 404 9423 "-" "Apache-HttpClient/4.5.2 (Java/1.8.0_321)"
43.134.119.86 - - [04/Apr/2025:12:22:04 -0400] "GET / HTTP/1.1" 200 16758 "-" "Mozilla/5.0 (Macintosh; Intel Mac OS X 10_15_7) AppleWebKit/537.36 (KHTML, like Gecko) Chrome/119.0.0.0 Safari/537.36"
167.172.130.206 - - [04/Apr/2025:12:25:28 -0400] "GET /zwso.php HTTP/1.1" 403 7162 "www.google.com" "Mozlila/5.0 (Linux; Android 7.0; SM-G892A Bulid/NRD90M; wv) AppleWebKit/537.36 (KHTML, like Gecko) Version/4.0 Chrome/60.0.3112.107 Moblie Safari/537.36"
157.230.52.52 - - [04/Apr/2025:12:29:39 -0400] "GET /?rest_route=/wp/v2/users HTTP/1.1" 403 7162 "www.google.com" "Mozlila/5.0 (Linux; Android 7.0; SM-G892A Bulid/NRD90M; wv) AppleWebKit/537.36 (KHTML, like Gecko) Version/4.0 Chrome/60.0.3112.107 Moblie Safari/537.36"
85.208.98.23 - - [04/Apr/2025:13:21:20 -0400] "GET /robots.txt HTTP/1.1" 304 0 "-" "Mozilla/5.0 (compatible; SemrushBot-BA; +http://www.semrush.com/bot.html)"
198.54.114.83 - - [04/Apr/2025:16:02:23 -0400] "POST /wp-cron.php?doing_wp_cron=1743796942.7143759727478027343750 HTTP/1.1" 200 0 "-" "WordPress/6.7.2; https://the80itspod.com"
120.138.21.14 - - [04/Apr/2025:16:02:14 -0400] "POST /xmlrpc.php HTTP/1.1" 503 7938 "-" "Mozilla/5.0 (Windows NT 10.0; Win64; x64; rv:51.0) Gecko/20100101 Firefox/51.0"
198.54.114.83 - - [04/Apr/2025:16:10:42 -0400] "POST /wp-cron.php?doing_wp_cron=1743797442.2413449287414550781250 HTTP/1.1" 200 0 "-" "WordPress/6.7.2; https://the80itspod.com"
91.121.133.168 - - [04/Apr/2025:16:10:41 -0400] "POST /xmlrpc.php HTTP/1.1" 503 7945 "-" "Mozilla/5.0 (Windows NT 10.0; Win64; x64; rv:90.0) Gecko/20100101 Firefox/90.0"
198.54.114.83 - - [04/Apr/2025:16:11:43 -0400] "POST /wp-cron.php?doing_wp_cron=1743797502.4592700004577636718750 HTTP/1.1" 200 0 "-" "WordPress/6.7.2; https://the80itspod.com"
151.80.117.61 - - [04/Apr/2025:16:11:41 -0400] "POST /xmlrpc.php HTTP/1.1" 503 7938 "-" "Mozilla/5.0 (Windows NT 10.0; Win64; x64; rv:98.0) Gecko/20100101 Firefox/98.0"
198.54.114.83 - - [04/Apr/2025:16:13:51 -0400] "POST /wp-cron.php?doing_wp_cron=1743797630.6795060634613037109375 HTTP/1.1" 200 0 "-" "WordPress/6.7.2; https://the80itspod.com"
40.114.246.150 - - [04/Apr/2025:16:13:49 -0400] "POST /xmlrpc.php HTTP/1.1" 503 7938 "-" "Mozilla/5.0 (Windows NT 10.0; Win64; x64; rv:87.0) Gecko/20100101 Firefox/87.0"
14.215.163.132 - - [04/Apr/2025:16:14:06 -0400] "GET / HTTP/1.1" 200 16758 "-" "Mozilla/5.0 (iPhone; CPU iPhone OS 13_2_3 like Mac OS X) AppleWebKit/605.1.15 (KHTML, like Gecko) Version/13.0.3 Mobile/15E148 Safari/604.1"
34.151.198.67 - - [04/Apr/2025:16:16:11 -0400] "POST /xmlrpc.php HTTP/1.1" 503 7938 "-" "Mozilla/5.0 (Windows NT 10.0; Win64; x64; rv:90.0) Gecko/20100101 Firefox/90.0"
2402:1f00:8000:800::306c - - [04/Apr/2025:16:18:42 -0400] "POST /xmlrpc.php HTTP/1.1" 200 212 "-" "Mozilla/5.0 (Windows NT 10.0; Win64; x64; rv:85.0) Gecko/20100101 Firefox/85.0"
198.54.114.83 - - [04/Apr/2025:16:20:09 -0400] "POST /wp-cron.php?doing_wp_cron=1743798008.8517789840698242187500 HTTP/1.1" 200 0 "-" "WordPress/6.7.2; https://the80itspod.com"
54.254.137.198 - - [04/Apr/2025:16:20:09 -0400] "GET /wp-cli.php HTTP/1.1" 403 7160 "www.google.com" "Mozlila/5.0 (Linux; Android 7.0; SM-G892A Bulid/NRD90M; wv) AppleWebKit/537.36 (KHTML, like Gecko) Version/4.0 Chrome/60.0.3112.107 Moblie Safari/537.36"
54.37.76.193 - - [04/Apr/2025:16:20:02 -0400] "POST /xmlrpc.php HTTP/1.1" 503 7938 "-" "Mozilla/5.0 (Windows NT 10.0; Win64; x64; rv:70.0) Gecko/20100101 Firefox/70.0"
198.54.114.83 - - [04/Apr/2025:16:20:42 -0400] "POST /wp-cron.php?doing_wp_cron=1743798042.0147190093994140625000 HTTP/1.1" 200 0 "-" "WordPress/6.7.2; https://the80itspod.com"
146.190.51.156 - - [04/Apr/2025:16:20:40 -0400] "POST /xmlrpc.php HTTP/1.1" 200 212 "-" "Mozilla/5.0 (Windows NT 10.0; Win64; x64; rv:49.0) Gecko/20100101 Firefox/49.0"
143.110.157.4 - - [04/Apr/2025:16:21:26 -0400] "POST /xmlrpc.php HTTP/1.1" 503 7938 "-" "Mozilla/5.0 (Windows NT 10.0; Win64; x64; rv:79.0) Gecko/20100101 Firefox/79.0"
54.254.137.198 - - [04/Apr/2025:16:21:49 -0400] "GET /plugins/function.php HTTP/1.1" 403 7161 "-" "Mozlila/5.0 (Linux; Android 7.0; SM-G892A Bulid/NRD90M; wv) AppleWebKit/537.36 (KHTML, like Gecko) Version/4.0 Chrome/60.0.3112.107 Moblie Safari/537.36"
54.254.137.198 - - [04/Apr/2025:16:21:52 -0400] "GET /file/function.php HTTP/1.1" 403 7161 "-" "Mozlila/5.0 (Linux; Android 7.0; SM-G892A Bulid/NRD90M; wv) AppleWebKit/537.36 (KHTML, like Gecko) Version/4.0 Chrome/60.0.3112.107 Moblie Safari/537.36"
54.254.137.198 - - [04/Apr/2025:16:21:55 -0400] "GET /as/function HTTP/1.1" 403 7162 "-" "Mozlila/5.0 (Linux; Android 7.0; SM-G892A Bulid/NRD90M; wv) AppleWebKit/537.36 (KHTML, like Gecko) Version/4.0 Chrome/60.0.3112.107 Moblie Safari/537.36"
54.254.137.198 - - [04/Apr/2025:16:21:58 -0400] "GET /mah/function.php HTTP/1.1" 403 7161 "-" "Mozlila/5.0 (Linux; Android 7.0; SM-G892A Bulid/NRD90M; wv) AppleWebKit/537.36 (KHTML, like Gecko) Version/4.0 Chrome/60.0.3112.107 Moblie Safari/537.36"
54.254.137.198 - - [04/Apr/2025:16:22:00 -0400] "GET /admin/function.php HTTP/1.1" 403 7161 "-" "Mozlila/5.0 (Linux; Android 7.0; SM-G892A Bulid/NRD90M; wv) AppleWebKit/537.36 (KHTML, like Gecko) Version/4.0 Chrome/60.0.3112.107 Moblie Safari/537.36"
54.254.137.198 - - [04/Apr/2025:16:22:04 -0400] "GET /doc/function.php HTTP/1.1" 403 7161 "-" "Mozlila/5.0 (Linux; Android 7.0; SM-G892A Bulid/NRD90M; wv) AppleWebKit/537.36 (KHTML, like Gecko) Version/4.0 Chrome/60.0.3112.107 Moblie Safari/537.36"
54.254.137.198 - - [04/Apr/2025:16:22:10 -0400] "GET /about/function.php HTTP/1.1" 403 7161 "-" "Mozlila/5.0 (Linux; Android 7.0; SM-G892A Bulid/NRD90M; wv) AppleWebKit/537.36 (KHTML, like Gecko) Version/4.0 Chrome/60.0.3112.107 Moblie Safari/537.36"
