146.70.160.254 - - [06/Apr/2025:01:55:05 -0400] "GET /phpinfo HTTP/1.1" 404 9421 "-" "Mozilla/5.0 (Windows NT 10.0; Win64; x64) AppleWebKit/537.36 (KHTML, like Gecko) Chrome/58.0.3029.110 Safari/537.3"
146.70.160.254 - - [06/Apr/2025:01:55:08 -0400] "GET /php_info.php HTTP/1.1" 404 9422 "-" "Mozilla/5.0 (Windows NT 10.0; Win64; x64) AppleWebKit/537.36 (KHTML, like Gecko) Chrome/58.0.3029.110 Safari/537.3"
146.70.160.254 - - [06/Apr/2025:01:55:10 -0400] "GET /test.php HTTP/1.1" 404 9422 "-" "Mozilla/5.0 (Windows NT 10.0; Win64; x64) AppleWebKit/537.36 (KHTML, like Gecko) Chrome/58.0.3029.110 Safari/537.3"
146.70.160.254 - - [06/Apr/2025:01:55:14 -0400] "GET /_profiler/phpinfo HTTP/1.1" 404 9422 "-" "Mozilla/5.0 (Windows NT 10.0; Win64; x64) AppleWebKit/537.36 (KHTML, like Gecko) Chrome/58.0.3029.110 Safari/537.3"
146.70.160.254 - - [06/Apr/2025:01:55:17 -0400] "GET /.env HTTP/1.1" 403 1242 "-" "Mozilla/5.0 (Windows NT 10.0; Win64; x64) AppleWebKit/537.36 (KHTML, like Gecko) Chrome/58.0.3029.110 Safari/537.3"
146.70.160.254 - - [06/Apr/2025:01:55:18 -0400] "GET /config/.env HTTP/1.1" 403 1242 "-" "Mozilla/5.0 (Windows NT 10.0; Win64; x64) AppleWebKit/537.36 (KHTML, like Gecko) Chrome/58.0.3029.110 Safari/537.3"
146.70.160.254 - - [06/Apr/2025:01:55:20 -0400] "GET /.env.production HTTP/1.1" 403 1242 "-" "Mozilla/5.0 (Windows NT 10.0; Win64; x64) AppleWebKit/537.36 (KHTML, like Gecko) Chrome/58.0.3029.110 Safari/537.3"
146.70.160.254 - - [06/Apr/2025:01:55:22 -0400] "GET /.env.local HTTP/1.1" 403 1242 "-" "Mozilla/5.0 (Windows NT 10.0; Win64; x64) AppleWebKit/537.36 (KHTML, like Gecko) Chrome/58.0.3029.110 Safari/537.3"
198.54.114.83 - - [06/Apr/2025:01:55:23 -0400] "POST /wp-cron.php?doing_wp_cron=1743918923.7043170928955078125000 HTTP/1.1" 200 0 "-" "WordPress/6.7.2; https://the80itspod.com"
146.70.160.254 - - [06/Apr/2025:01:55:23 -0400] "GET /api/shared/config/config.env HTTP/1.1" 404 9422 "-" "Mozilla/5.0 (Windows NT 10.0; Win64; x64) AppleWebKit/537.36 (KHTML, like Gecko) Chrome/58.0.3029.110 Safari/537.3"
146.70.160.254 - - [06/Apr/2025:01:55:25 -0400] "GET /api/.env HTTP/1.1" 403 1242 "-" "Mozilla/5.0 (Windows NT 10.0; Win64; x64) AppleWebKit/537.36 (KHTML, like Gecko) Chrome/58.0.3029.110 Safari/537.3"
146.70.160.254 - - [06/Apr/2025:01:55:26 -0400] "GET / HTTP/1.1" 200 16758 "-" "Mozilla/5.0 (Windows NT 10.0; Win64; x64) AppleWebKit/537.36 (KHTML, like Gecko) Chrome/58.0.3029.110 Safari/537.3"
146.70.160.254 - - [06/Apr/2025:01:55:27 -0400] "GET /register/ HTTP/1.1" 404 9422 "-" "Mozilla/5.0 (Windows NT 10.0; Win64; x64) AppleWebKit/537.36 (KHTML, like Gecko) Chrome/58.0.3029.110 Safari/537.3"
146.70.160.254 - - [06/Apr/2025:01:55:28 -0400] "GET /contact/ HTTP/1.1" 404 9422 "-" "Mozilla/5.0 (Windows NT 10.0; Win64; x64) AppleWebKit/537.36 (KHTML, like Gecko) Chrome/58.0.3029.110 Safari/537.3"
146.70.160.254 - - [06/Apr/2025:01:55:30 -0400] "GET /.AWS_/credentials HTTP/1.1" 404 9428 "-" "Mozilla/5.0 (Windows NT 10.0; Win64; x64) AppleWebKit/537.36 (KHTML, like Gecko) Chrome/58.0.3029.110 Safari/537.3"
146.70.160.254 - - [06/Apr/2025:01:55:32 -0400] "GET /karma.conf.json HTTP/1.1" 404 9422 "-" "Mozilla/5.0 (Windows NT 10.0; Win64; x64) AppleWebKit/537.36 (KHTML, like Gecko) Chrome/58.0.3029.110 Safari/537.3"
146.70.160.254 - - [06/Apr/2025:01:55:34 -0400] "GET /index.php HTTP/1.1" 301 0 "-" "Mozilla/5.0 (Windows NT 10.0; Win64; x64) AppleWebKit/537.36 (KHTML, like Gecko) Chrome/58.0.3029.110 Safari/537.3"
146.70.160.254 - - [06/Apr/2025:01:55:34 -0400] "GET / HTTP/1.1" 200 16758 "-" "Mozilla/5.0 (Windows NT 10.0; Win64; x64) AppleWebKit/537.36 (KHTML, like Gecko) Chrome/58.0.3029.110 Safari/537.3"
146.70.160.254 - - [06/Apr/2025:01:55:36 -0400] "GET /.aws/credentials HTTP/1.1" 404 9428 "-" "Mozilla/5.0 (Windows NT 10.0; Win64; x64) AppleWebKit/537.36 (KHTML, like Gecko) Chrome/58.0.3029.110 Safari/537.3"
198.54.114.83 - - [06/Apr/2025:01:57:09 -0400] "POST /wp-cron.php?doing_wp_cron=1743919029.5428299903869628906250 HTTP/1.1" 200 0 "-" "WordPress/6.7.2; https://the80itspod.com"
137.184.230.10 - - [06/Apr/2025:01:57:05 -0400] "POST /xmlrpc.php HTTP/1.1" 503 7946 "-" "Mozilla/5.0 (Windows NT 10.0; Win64; x64; rv:85.0) Gecko/20100101 Firefox/85.0"
198.54.114.83 - - [06/Apr/2025:01:58:59 -0400] "POST /wp-cron.php?doing_wp_cron=1743919139.0753018856048583984375 HTTP/1.1" 200 0 "-" "WordPress/6.7.2; https://the80itspod.com"
147.182.196.72 - - [06/Apr/2025:01:58:58 -0400] "POST /xmlrpc.php HTTP/1.1" 503 7939 "-" "Mozilla/5.0 (Windows NT 10.0; Win64; x64; rv:76.0) Gecko/20100101 Firefox/76.0"
124.156.159.53 - - [06/Apr/2025:02:01:07 -0400] "GET //wp-content/plugins/fix/up.php HTTP/1.1" 301 0 "-" "Mozilla/5.0 (Windows NT 10.0; Win64; x64) AppleWebKit/537.36 (KHTML, like Gecko) Chrome/85.0.4183.102 Safari/537.36"
124.156.159.53 - - [06/Apr/2025:02:01:08 -0400] "GET /wp-content/plugins/fix/up.php HTTP/1.1" 404 9421 "-" "Mozilla/5.0 (Windows NT 10.0; Win64; x64) AppleWebKit/537.36 (KHTML, like Gecko) Chrome/85.0.4183.102 Safari/537.36"
85.186.88.250 - - [06/Apr/2025:02:01:20 -0400] "POST /xmlrpc.php HTTP/1.1" 503 7940 "-" "Mozilla/5.0 (Windows NT 10.0; Win64; x64; rv:75.0) Gecko/20100101 Firefox/75.0"
198.54.114.83 - - [06/Apr/2025:02:01:44 -0400] "POST /wp-cron.php?doing_wp_cron=1743919304.3108789920806884765625 HTTP/1.1" 200 0 "-" "WordPress/6.7.2; https://the80itspod.com"
2600:1f18:f9b:9c00:d11c:51ff:2c74:616 - - [06/Apr/2025:02:01:43 -0400] "POST /xmlrpc.php HTTP/1.1" 200 212 "-" "Mozilla/5.0 (Windows NT 10.0; Win64; x64; rv:85.0) Gecko/20100101 Firefox/85.0"
91.121.133.168 - - [06/Apr/2025:02:01:48 -0400] "POST /xmlrpc.php HTTP/1.1" 503 7947 "-" "Mozilla/5.0 (Windows NT 10.0; Win64; x64; rv:76.0) Gecko/20100101 Firefox/76.0"
198.54.114.83 - - [06/Apr/2025:02:01:56 -0400] "POST /wp-cron.php?doing_wp_cron=1743919316.4450058937072753906250 HTTP/1.1" 200 0 "-" "WordPress/6.7.2; https://the80itspod.com"
85.128.143.195 - - [06/Apr/2025:02:01:56 -0400] "POST /xmlrpc.php HTTP/1.1" 503 7940 "-" "Mozilla/5.0 (Windows NT 10.0; Win64; x64; rv:62.0) Gecko/20100101 Firefox/62.0"
66.29.138.31 - - [06/Apr/2025:02:02:04 -0400] "POST /xmlrpc.php HTTP/1.1" 200 212 "-" "Mozilla/5.0 (Windows NT 10.0; Win64; x64; rv:86.0) Gecko/20100101 Firefox/86.0"
35.83.159.219 - - [06/Apr/2025:02:02:22 -0400] "POST /xmlrpc.php HTTP/1.1" 503 7946 "-" "Mozilla/5.0 (Windows NT 10.0; Win64; x64; rv:69.0) Gecko/20100101 Firefox/69.0"
198.54.114.83 - - [06/Apr/2025:02:02:29 -0400] "POST /wp-cron.php?doing_wp_cron=1743919349.3257660865783691406250 HTTP/1.1" 200 0 "-" "WordPress/6.7.2; https://the80itspod.com"
2407:3640:2080:8887::1 - - [06/Apr/2025:02:02:28 -0400] "POST /xmlrpc.php HTTP/1.1" 503 7947 "-" "Mozilla/5.0 (Windows NT 10.0; Win64; x64; rv:81.0) Gecko/20100101 Firefox/81.0"
2a01:4f9:3080:19ca::2 - - [06/Apr/2025:02:02:31 -0400] "POST /xmlrpc.php HTTP/1.1" 503 7939 "-" "Mozilla/5.0 (Windows NT 10.0; Win64; x64; rv:90.0) Gecko/20100101 Firefox/90.0"
104.248.92.5 - - [06/Apr/2025:02:02:35 -0400] "POST /xmlrpc.php HTTP/1.1" 503 7947 "-" "Mozilla/5.0 (Windows NT 10.0; Win64; x64; rv:86.0) Gecko/20100101 Firefox/86.0"
198.54.114.83 - - [06/Apr/2025:02:02:48 -0400] "POST /wp-cron.php?doing_wp_cron=1743919367.9430029392242431640625 HTTP/1.1" 200 0 "-" "WordPress/6.7.2; https://the80itspod.com"
2a02:247a:243:400:1::1 - - [06/Apr/2025:02:02:47 -0400] "POST /xmlrpc.php HTTP/1.1" 503 7941 "-" "Mozilla/5.0 (Windows NT 10.0; Win64; x64; rv:92.0) Gecko/20100101 Firefox/92.0"
2600:3c00::f03c:94ff:fe76:1b5e - - [06/Apr/2025:02:02:51 -0400] "POST /xmlrpc.php HTTP/1.1" 503 7940 "-" "Mozilla/5.0 (Windows NT 10.0; Win64; x64; rv:48.0) Gecko/20100101 Firefox/48.0"
198.54.114.83 - - [06/Apr/2025:02:03:07 -0400] "POST /wp-cron.php?doing_wp_cron=1743919386.7581729888916015625000 HTTP/1.1" 200 0 "-" "WordPress/6.7.2; https://the80itspod.com"
2001:41d0:305:1000::351e - - [06/Apr/2025:02:03:05 -0400] "POST /xmlrpc.php HTTP/1.1" 503 7940 "-" "Mozilla/5.0 (Windows NT 10.0; Win64; x64; rv:41.0) Gecko/20100101 Firefox/41.0"
75.119.145.42 - - [06/Apr/2025:02:03:26 -0400] "POST /xmlrpc.php HTTP/1.1" 503 7946 "-" "Mozilla/5.0 (Windows NT 10.0; Win64; x64; rv:78.0) Gecko/20100101 Firefox/78.0"
185.238.87.7 - - [06/Apr/2025:02:04:07 -0400] "POST /xmlrpc.php HTTP/1.1" 503 7946 "-" "Mozilla/5.0 (Windows NT 10.0; Win64; x64; rv:51.0) Gecko/20100101 Firefox/51.0"
167.99.234.222 - - [06/Apr/2025:02:04:16 -0400] "POST /xmlrpc.php HTTP/1.1" 503 7940 "-" "Mozilla/5.0 (Windows NT 10.0; Win64; x64; rv:44.0) Gecko/20100101 Firefox/44.0"
5.44.106.127 - - [06/Apr/2025:02:04:28 -0400] "POST /xmlrpc.php HTTP/1.1" 503 7940 "-" "Mozilla/5.0 (Windows NT 10.0; Win64; x64; rv:94.0) Gecko/20100101 Firefox/94.0"
198.54.114.83 - - [06/Apr/2025:02:04:46 -0400] "POST /wp-cron.php?doing_wp_cron=1743919486.0868759155273437500000 HTTP/1.1" 200 0 "-" "WordPress/6.7.2; https://the80itspod.com"
2001:41d0:2:ebd8::1 - - [06/Apr/2025:02:04:45 -0400] "POST /xmlrpc.php HTTP/1.1" 503 7946 "-" "Mozilla/5.0 (Windows NT 10.0; Win64; x64; rv:42.0) Gecko/20100101 Firefox/42.0"
198.54.114.83 - - [06/Apr/2025:02:05:35 -0400] "POST /wp-cron.php?doing_wp_cron=1743919534.8692369461059570312500 HTTP/1.1" 200 0 "-" "WordPress/6.7.2; https://the80itspod.com"
51.91.131.222 - - [06/Apr/2025:02:05:34 -0400] "POST /xmlrpc.php HTTP/1.1" 503 7947 "-" "Mozilla/5.0 (Windows NT 10.0; Win64; x64; rv:91.0) Gecko/20100101 Firefox/91.0"
198.54.114.83 - - [06/Apr/2025:02:05:56 -0400] "POST /wp-cron.php?doing_wp_cron=1743919556.3452908992767333984375 HTTP/1.1" 200 0 "-" "WordPress/6.7.2; https://the80itspod.com"
164.92.175.159 - - [06/Apr/2025:02:05:55 -0400] "POST /xmlrpc.php HTTP/1.1" 503 7946 "http://the80itspod.com" "Mozilla/5.0 (Macintosh; Intel Mac OS X 10_15_7) AppleWebKit/537.36 (KHTML, like Gecko) Chrome/115.0.5790.102 Safari/537.36"
2600:3c00::f03c:91ff:fe7e:747a - - [06/Apr/2025:02:05:58 -0400] "POST /xmlrpc.php HTTP/1.1" 503 7940 "-" "Mozilla/5.0 (Windows NT 10.0; Win64; x64; rv:75.0) Gecko/20100101 Firefox/75.0"
13.215.214.254 - - [06/Apr/2025:02:06:26 -0400] "POST /xmlrpc.php HTTP/1.1" 503 7940 "-" "Mozilla/5.0 (Windows NT 10.0; Win64; x64; rv:95.0) Gecko/20100101 Firefox/95.0"
198.54.114.83 - - [06/Apr/2025:02:07:47 -0400] "POST /wp-cron.php?doing_wp_cron=1743919666.4333839416503906250000 HTTP/1.1" 200 0 "-" "WordPress/6.7.2; https://the80itspod.com"
217.76.158.107 - - [06/Apr/2025:02:07:44 -0400] "POST /xmlrpc.php HTTP/1.1" 503 7945 "-" "Mozilla/5.0 (Windows NT 10.0; Win64; x64; rv:71.0) Gecko/20100101 Firefox/71.0"
173.249.34.96 - - [06/Apr/2025:02:09:35 -0400] "GET / HTTP/1.1" 200 16758 "-" "Mozilla/5.0 (compatible; t3versionsBot/1.0; +https://www.t3versions.com/bot)"
198.54.114.83 - - [06/Apr/2025:02:10:40 -0400] "POST /wp-cron.php?doing_wp_cron=1743919839.9771881103515625000000 HTTP/1.1" 200 0 "-" "WordPress/6.7.2; https://the80itspod.com"
2a00:1bd0:0:9209:213:132:222:53 - - [06/Apr/2025:02:10:34 -0400] "POST /xmlrpc.php HTTP/1.1" 503 7940 "-" "Mozilla/5.0 (Windows NT 10.0; Win64; x64; rv:91.0) Gecko/20100101 Firefox/91.0"
198.54.114.83 - - [06/Apr/2025:02:12:32 -0400] "POST /wp-cron.php?doing_wp_cron=1743919952.7777979373931884765625 HTTP/1.1" 200 0 "-" "WordPress/6.7.2; https://the80itspod.com"
66.23.228.146 - - [06/Apr/2025:02:12:32 -0400] "POST /xmlrpc.php HTTP/1.1" 200 212 "-" "Mozilla/5.0 (Windows NT 10.0; Win64; x64; rv:69.0) Gecko/20100101 Firefox/69.0"
167.99.234.222 - - [06/Apr/2025:02:13:54 -0400] "POST /xmlrpc.php HTTP/1.1" 503 7692 "-" "Mozilla/5.0 (Windows NT 10.0; Win64; x64; rv:59.0) Gecko/20100101 Firefox/59.0"
198.54.114.83 - - [06/Apr/2025:02:15:25 -0400] "POST /wp-cron.php?doing_wp_cron=1743920125.5569949150085449218750 HTTP/1.1" 200 0 "-" "WordPress/6.7.2; https://the80itspod.com"
212.125.4.212 - - [06/Apr/2025:02:15:25 -0400] "POST /xmlrpc.php HTTP/1.1" 503 7940 "-" "Mozilla/5.0 (Windows NT 10.0; Win64; x64; rv:51.0) Gecko/20100101 Firefox/51.0"
51.68.153.131 - - [06/Apr/2025:02:18:56 -0400] "POST /xmlrpc.php HTTP/1.1" 503 7940 "-" "Mozilla/5.0 (Windows NT 10.0; Win64; x64; rv:83.0) Gecko/20100101 Firefox/83.0"
199.188.207.168 - - [06/Apr/2025:02:19:41 -0400] "POST /xmlrpc.php HTTP/1.1" 503 7946 "http://the80itspod.com" "Mozilla/5.0 (Macintosh; Intel Mac OS X 10_15_7; rv:126.0) Gecko/20100101 Firefox/126.0"
198.54.114.83 - - [06/Apr/2025:02:20:38 -0400] "POST /wp-cron.php?doing_wp_cron=1743920438.3320560455322265625000 HTTP/1.1" 200 0 "-" "WordPress/6.7.2; https://the80itspod.com"
212.98.84.140 - - [06/Apr/2025:02:20:37 -0400] "POST /xmlrpc.php HTTP/1.1" 503 7946 "-" "Mozilla/5.0 (Windows NT 10.0; Win64; x64; rv:57.0) Gecko/20100101 Firefox/57.0"
149.202.92.141 - - [06/Apr/2025:02:21:37 -0400] "POST /xmlrpc.php HTTP/1.1" 503 7946 "-" "Mozilla/5.0 (Windows NT 10.0; Win64; x64; rv:72.0) Gecko/20100101 Firefox/72.0"
198.54.114.83 - - [06/Apr/2025:02:25:21 -0400] "POST /wp-cron.php?doing_wp_cron=1743920721.1625840663909912109375 HTTP/1.1" 200 0 "-" "WordPress/6.7.2; https://the80itspod.com"
195.7.7.75 - - [06/Apr/2025:02:25:20 -0400] "POST /xmlrpc.php HTTP/1.1" 503 7939 "-" "Mozilla/5.0 (Windows NT 10.0; Win64; x64; rv:89.0) Gecko/20100101 Firefox/89.0"
89.248.168.95 - - [06/Apr/2025:02:26:10 -0400] "GET /marvel-comic-characters-at-casinos/ HTTP/1.1" 200 14647 "http://the80itspod.com/marvel-comic-characters-at-casinos/" "Mozilla/5.0 (Windows NT 10.0; Win64; x64) AppleWebKit/537.36 (KHTML, like Gecko) Chrome/130.0.0.0 Safari/537.36"
198.54.114.83 - - [06/Apr/2025:02:26:13 -0400] "POST /wp-cron.php?doing_wp_cron=1743920773.4010119438171386718750 HTTP/1.1" 200 0 "-" "WordPress/6.7.2; https://the80itspod.com"
89.248.168.95 - - [06/Apr/2025:02:26:12 -0400] "POST /wp-comments-post.php HTTP/1.1" 302 0 "http://the80itspod.com/marvel-comic-characters-at-casinos/" "Mozilla/5.0 (Windows NT 10.0; Win64; x64) AppleWebKit/537.36 (KHTML, like Gecko) Chrome/130.0.0.0 Safari/537.36"
198.54.114.83 - - [06/Apr/2025:02:27:53 -0400] "POST /wp-cron.php?doing_wp_cron=1743920873.6977770328521728515625 HTTP/1.1" 200 0 "-" "WordPress/6.7.2; https://the80itspod.com"
5.135.142.201 - - [06/Apr/2025:02:27:53 -0400] "POST /xmlrpc.php HTTP/1.1" 503 7946 "-" "Mozilla/5.0 (Windows NT 10.0; Win64; x64; rv:68.0) Gecko/20100101 Firefox/68.0"
198.54.114.83 - - [06/Apr/2025:02:29:43 -0400] "POST /wp-cron.php?doing_wp_cron=1743920983.5151960849761962890625 HTTP/1.1" 200 0 "-" "WordPress/6.7.2; https://the80itspod.com"
2a01:4f8:13a:106c::2 - - [06/Apr/2025:02:29:38 -0400] "POST /xmlrpc.php HTTP/1.1" 503 7946 "-" "Mozilla/5.0 (Windows NT 10.0; Win64; x64; rv:49.0) Gecko/20100101 Firefox/49.0"
198.54.114.83 - - [06/Apr/2025:02:30:14 -0400] "POST /wp-cron.php?doing_wp_cron=1743921014.3447809219360351562500 HTTP/1.1" 200 0 "-" "WordPress/6.7.2; https://the80itspod.com"
157.230.186.214 - - [06/Apr/2025:02:30:14 -0400] "POST /xmlrpc.php HTTP/1.1" 503 7940 "-" "Mozilla/5.0 (Windows NT 10.0; Win64; x64; rv:99.0) Gecko/20100101 Firefox/99.0"
2600:1f18:f9b:9c00:d11c:51ff:2c74:616 - - [06/Apr/2025:02:31:34 -0400] "POST /xmlrpc.php HTTP/1.1" 503 7941 "-" "Mozilla/5.0 (Windows NT 10.0; Win64; x64; rv:52.0) Gecko/20100101 Firefox/52.0"
198.54.114.83 - - [06/Apr/2025:02:31:47 -0400] "POST /wp-cron.php?doing_wp_cron=1743921107.2077779769897460937500 HTTP/1.1" 200 0 "-" "WordPress/6.7.2; https://the80itspod.com"
141.95.52.122 - - [06/Apr/2025:02:31:46 -0400] "POST /xmlrpc.php HTTP/1.1" 503 7940 "-" "Mozilla/5.0 (Windows NT 10.0; Win64; x64; rv:73.0) Gecko/20100101 Firefox/73.0"
185.216.203.205 - - [06/Apr/2025:02:31:50 -0400] "POST /xmlrpc.php HTTP/1.1" 503 7946 "-" "Mozilla/5.0 (Windows NT 10.0; Win64; x64; rv:89.0) Gecko/20100101 Firefox/89.0"
207.180.192.43 - - [06/Apr/2025:02:31:51 -0400] "POST /xmlrpc.php HTTP/1.1" 503 7940 "-" "Mozilla/5.0 (Windows NT 10.0; Win64; x64; rv:95.0) Gecko/20100101 Firefox/95.0"
80.73.89.123 - - [06/Apr/2025:02:31:54 -0400] "POST /xmlrpc.php HTTP/1.1" 503 7941 "-" "Mozilla/5.0 (Windows NT 10.0; Win64; x64; rv:70.0) Gecko/20100101 Firefox/70.0"
207.154.197.201 - - [06/Apr/2025:02:32:04 -0400] "POST /xmlrpc.php HTTP/1.1" 503 7940 "-" "Mozilla/5.0 (Windows NT 10.0; Win64; x64; rv:94.0) Gecko/20100101 Firefox/94.0"
198.54.114.83 - - [06/Apr/2025:02:32:05 -0400] "POST /wp-cron.php?doing_wp_cron=1743921125.5296099185943603515625 HTTP/1.1" 200 0 "-" "WordPress/6.7.2; https://the80itspod.com"
137.184.230.10 - - [06/Apr/2025:02:32:04 -0400] "POST /xmlrpc.php HTTP/1.1" 503 7939 "-" "Mozilla/5.0 (Windows NT 10.0; Win64; x64; rv:53.0) Gecko/20100101 Firefox/53.0"
95.183.9.30 - - [06/Apr/2025:02:32:05 -0400] "POST /xmlrpc.php HTTP/1.1" 503 7946 "-" "Mozilla/5.0 (Windows NT 10.0; Win64; x64; rv:80.0) Gecko/20100101 Firefox/80.0"
195.182.25.122 - - [06/Apr/2025:02:32:28 -0400] "GET /.git/config HTTP/1.1" 403 1242 "-" "iTunes/4.2 (Macintosh; U; PPC Mac OS X 10.2)"
198.54.114.83 - - [06/Apr/2025:02:32:43 -0400] "POST /wp-cron.php?doing_wp_cron=1743921162.8689420223236083984375 HTTP/1.1" 200 0 "-" "WordPress/6.7.2; https://the80itspod.com"
208.113.239.67 - - [06/Apr/2025:02:32:42 -0400] "POST /xmlrpc.php HTTP/1.1" 503 7940 "-" "Mozilla/5.0 (Windows NT 10.0; Win64; x64; rv:82.0) Gecko/20100101 Firefox/82.0"
66.94.102.10 - - [06/Apr/2025:02:32:47 -0400] "POST /xmlrpc.php HTTP/1.1" 503 7939 "-" "Mozilla/5.0 (Windows NT 10.0; Win64; x64; rv:91.0) Gecko/20100101 Firefox/91.0"
91.204.161.79 - - [06/Apr/2025:02:32:54 -0400] "POST /xmlrpc.php HTTP/1.1" 503 7941 "-" "Mozilla/5.0 (Windows NT 10.0; Win64; x64; rv:77.0) Gecko/20100101 Firefox/77.0"
2a00:f940:2:4:2::1e6b - - [06/Apr/2025:02:32:58 -0400] "POST /xmlrpc.php HTTP/1.1" 503 7946 "-" "Mozilla/5.0 (Windows NT 10.0; Win64; x64; rv:74.0) Gecko/20100101 Firefox/74.0"
178.128.250.184 - - [06/Apr/2025:02:33:04 -0400] "POST /xmlrpc.php HTTP/1.1" 503 7940 "-" "Mozilla/5.0 (Windows NT 10.0; Win64; x64; rv:47.0) Gecko/20100101 Firefox/47.0"
162.213.255.38 - - [06/Apr/2025:02:33:04 -0400] "POST /xmlrpc.php HTTP/1.1" 503 7940 "http://the80itspod.com" "Mozilla/5.0 (Macintosh; Intel Mac OS X 10_15_7; rv:127.0) Gecko/20100101 Firefox/127.0"
147.182.250.143 - - [06/Apr/2025:02:33:15 -0400] "POST /xmlrpc.php HTTP/1.1" 503 7946 "-" "Mozilla/5.0 (Windows NT 10.0; Win64; x64; rv:99.0) Gecko/20100101 Firefox/99.0"
2a01:4f8:c0c:4d1c::1 - - [06/Apr/2025:02:33:34 -0400] "POST /xmlrpc.php HTTP/1.1" 503 7940 "-" "Mozilla/5.0 (Windows NT 10.0; Win64; x64; rv:97.0) Gecko/20100101 Firefox/97.0"
198.54.114.83 - - [06/Apr/2025:02:33:58 -0400] "POST /wp-cron.php?doing_wp_cron=1743921238.2430720329284667968750 HTTP/1.1" 200 0 "-" "WordPress/6.7.2; https://the80itspod.com"
2600:3c02::f03c:93ff:fe1f:33c5 - - [06/Apr/2025:02:33:57 -0400] "POST /xmlrpc.php HTTP/1.1" 200 212 "-" "Mozilla/5.0 (Windows NT 10.0; Win64; x64; rv:49.0) Gecko/20100101 Firefox/49.0"
198.54.114.83 - - [06/Apr/2025:02:34:06 -0400] "POST /wp-cron.php?doing_wp_cron=1743921246.0355548858642578125000 HTTP/1.1" 200 0 "-" "WordPress/6.7.2; https://the80itspod.com"
128.199.173.212 - - [06/Apr/2025:02:34:05 -0400] "POST /xmlrpc.php HTTP/1.1" 503 7946 "-" "Mozilla/5.0 (Windows NT 10.0; Win64; x64; rv:69.0) Gecko/20100101 Firefox/69.0"
107.180.240.99 - - [06/Apr/2025:02:34:31 -0400] "POST /xmlrpc.php HTTP/1.1" 503 7946 "-" "Mozilla/5.0 (Windows NT 10.0; Win64; x64; rv:53.0) Gecko/20100101 Firefox/53.0"
198.54.114.83 - - [06/Apr/2025:02:34:45 -0400] "POST /wp-cron.php?doing_wp_cron=1743921285.0216219425201416015625 HTTP/1.1" 200 0 "-" "WordPress/6.7.2; https://the80itspod.com"
193.70.45.71 - - [06/Apr/2025:02:34:44 -0400] "POST /xmlrpc.php HTTP/1.1" 503 7940 "-" "Mozilla/5.0 (Windows NT 10.0; Win64; x64; rv:72.0) Gecko/20100101 Firefox/72.0"
51.210.123.31 - - [06/Apr/2025:02:34:52 -0400] "POST /xmlrpc.php HTTP/1.1" 503 7946 "-" "Mozilla/5.0 (Windows NT 10.0; Win64; x64; rv:50.0) Gecko/20100101 Firefox/50.0"
198.54.114.83 - - [06/Apr/2025:02:35:42 -0400] "POST /wp-cron.php?doing_wp_cron=1743921342.4437799453735351562500 HTTP/1.1" 200 0 "-" "WordPress/6.7.2; https://the80itspod.com"
2a00:d680:20:50::dadd - - [06/Apr/2025:02:35:41 -0400] "POST /xmlrpc.php HTTP/1.1" 503 7940 "-" "Mozilla/5.0 (Windows NT 10.0; Win64; x64; rv:99.0) Gecko/20100101 Firefox/99.0"
178.128.255.38 - - [06/Apr/2025:02:36:18 -0400] "POST /xmlrpc.php HTTP/1.1" 503 7940 "-" "Mozilla/5.0 (Windows NT 10.0; Win64; x64; rv:86.0) Gecko/20100101 Firefox/86.0"
198.54.114.83 - - [06/Apr/2025:02:37:22 -0400] "POST /wp-cron.php?doing_wp_cron=1743921442.7008368968963623046875 HTTP/1.1" 200 0 "-" "WordPress/6.7.2; https://the80itspod.com"
91.121.133.168 - - [06/Apr/2025:02:37:22 -0400] "POST /xmlrpc.php HTTP/1.1" 503 7940 "-" "Mozilla/5.0 (Windows NT 10.0; Win64; x64; rv:44.0) Gecko/20100101 Firefox/44.0"
147.182.250.143 - - [06/Apr/2025:02:38:18 -0400] "POST /xmlrpc.php HTTP/1.1" 503 7690 "-" "Mozilla/5.0 (Windows NT 10.0; Win64; x64; rv:45.0) Gecko/20100101 Firefox/45.0"
198.54.114.83 - - [06/Apr/2025:02:40:45 -0400] "POST /wp-cron.php?doing_wp_cron=1743921645.5834670066833496093750 HTTP/1.1" 200 0 "-" "WordPress/6.7.2; https://the80itspod.com"
3.0.88.205 - - [06/Apr/2025:02:40:36 -0400] "POST /xmlrpc.php HTTP/1.1" 503 7940 "-" "Mozilla/5.0 (Windows NT 10.0; Win64; x64; rv:45.0) Gecko/20100101 Firefox/45.0"
198.54.114.83 - - [06/Apr/2025:02:41:53 -0400] "POST /wp-cron.php?doing_wp_cron=1743921713.3910260200500488281250 HTTP/1.1" 200 0 "-" "WordPress/6.7.2; https://the80itspod.com"
82.223.39.181 - - [06/Apr/2025:02:41:52 -0400] "POST /xmlrpc.php HTTP/1.1" 503 7946 "-" "Mozilla/5.0 (Windows NT 10.0; Win64; x64; rv:79.0) Gecko/20100101 Firefox/79.0"
178.63.94.212 - - [06/Apr/2025:02:44:39 -0400] "POST /xmlrpc.php HTTP/1.1" 503 7943 "-" "Mozilla/5.0 (Windows NT 10.0; Win64; x64; rv:68.0) Gecko/20100101 Firefox/68.0"
2001:41d0:2:5530:: - - [06/Apr/2025:02:46:18 -0400] "POST /xmlrpc.php HTTP/1.1" 503 7940 "-" "Mozilla/5.0 (Windows NT 10.0; Win64; x64; rv:62.0) Gecko/20100101 Firefox/62.0"
188.164.195.65 - - [06/Apr/2025:02:46:29 -0400] "POST /xmlrpc.php HTTP/1.1" 503 7940 "http://the80itspod.com" "Mozilla/5.0 (Windows NT 10.0; Win64; x64) AppleWebKit/537.36 (KHTML, like Gecko) Chrome/126.0.0.0 Safari/537.36 Edg/126.0.0.0"
198.54.114.83 - - [06/Apr/2025:02:48:28 -0400] "POST /wp-cron.php?doing_wp_cron=1743922108.8818120956420898437500 HTTP/1.1" 200 0 "-" "WordPress/6.7.2; https://the80itspod.com"
198.251.66.188 - - [06/Apr/2025:02:48:23 -0400] "POST /xmlrpc.php HTTP/1.1" 503 7940 "-" "Mozilla/5.0 (Windows NT 10.0; Win64; x64; rv:73.0) Gecko/20100101 Firefox/73.0"
167.99.234.222 - - [06/Apr/2025:02:50:16 -0400] "POST /xmlrpc.php HTTP/1.1" 503 7946 "-" "Mozilla/5.0 (Windows NT 10.0; Win64; x64; rv:57.0) Gecko/20100101 Firefox/57.0"
198.54.114.83 - - [06/Apr/2025:02:54:17 -0400] "POST /wp-cron.php?doing_wp_cron=1743922457.7265400886535644531250 HTTP/1.1" 200 0 "-" "WordPress/6.7.2; https://the80itspod.com"
195.7.7.75 - - [06/Apr/2025:02:54:16 -0400] "POST /xmlrpc.php HTTP/1.1" 503 7946 "-" "Mozilla/5.0 (Windows NT 10.0; Win64; x64; rv:75.0) Gecko/20100101 Firefox/75.0"
198.54.114.83 - - [06/Apr/2025:02:56:20 -0400] "POST /wp-cron.php?doing_wp_cron=1743922580.4074819087982177734375 HTTP/1.1" 200 0 "-" "WordPress/6.7.2; https://the80itspod.com"
2604:2dc0:101:200::407 - - [06/Apr/2025:02:56:19 -0400] "POST /xmlrpc.php HTTP/1.1" 503 7946 "-" "Mozilla/5.0 (Windows NT 10.0; Win64; x64; rv:71.0) Gecko/20100101 Firefox/71.0"
198.54.114.83 - - [06/Apr/2025:02:58:46 -0400] "POST /wp-cron.php?doing_wp_cron=1743922726.4851789474487304687500 HTTP/1.1" 200 0 "-" "WordPress/6.7.2; https://the80itspod.com"
159.89.91.236 - - [06/Apr/2025:02:58:41 -0400] "POST /xmlrpc.php HTTP/1.1" 503 7940 "-" "Mozilla/5.0 (Windows NT 10.0; Win64; x64; rv:54.0) Gecko/20100101 Firefox/54.0"
198.54.114.83 - - [06/Apr/2025:03:00:09 -0400] "POST /wp-cron.php?doing_wp_cron=1743922807.7387030124664306640625 HTTP/1.1" 200 0 "-" "WordPress/6.7.2; https://the80itspod.com"
162.213.251.71 - - [06/Apr/2025:03:00:07 -0400] "POST /xmlrpc.php HTTP/1.1" 503 7940 "http://the80itspod.com" "Mozilla/5.0 (Macintosh; Intel Mac OS X 14.3) AppleWebKit/614.31.14 (KHTML, like Gecko) Version/17.0.96 Safari/614.31.14"
82.223.39.181 - - [06/Apr/2025:03:00:16 -0400] "POST /xmlrpc.php HTTP/1.1" 200 212 "-" "Mozilla/5.0 (Windows NT 10.0; Win64; x64; rv:41.0) Gecko/20100101 Firefox/41.0"
198.54.114.83 - - [06/Apr/2025:03:01:53 -0400] "POST /wp-cron.php?doing_wp_cron=1743922913.7140579223632812500000 HTTP/1.1" 200 0 "-" "WordPress/6.7.2; https://the80itspod.com"
208.113.139.173 - - [06/Apr/2025:03:01:53 -0400] "POST /xmlrpc.php HTTP/1.1" 503 7940 "-" "Mozilla/5.0 (Windows NT 10.0; Win64; x64; rv:70.0) Gecko/20100101 Firefox/70.0"
181.188.173.106 - - [06/Apr/2025:03:02:12 -0400] "POST /xmlrpc.php HTTP/1.1" 200 212 "-" "Mozilla/5.0 (Windows NT 10.0; Win64; x64; rv:96.0) Gecko/20100101 Firefox/96.0"
13.215.214.254 - - [06/Apr/2025:03:02:17 -0400] "POST /xmlrpc.php HTTP/1.1" 503 7940 "-" "Mozilla/5.0 (Windows NT 10.0; Win64; x64; rv:94.0) Gecko/20100101 Firefox/94.0"
51.210.123.31 - - [06/Apr/2025:03:02:33 -0400] "POST /xmlrpc.php HTTP/1.1" 503 7940 "-" "Mozilla/5.0 (Windows NT 10.0; Win64; x64; rv:99.0) Gecko/20100101 Firefox/99.0"
198.54.114.83 - - [06/Apr/2025:03:02:42 -0400] "POST /wp-cron.php?doing_wp_cron=1743922962.0354099273681640625000 HTTP/1.1" 200 0 "-" "WordPress/6.7.2; https://the80itspod.com"
134.122.6.46 - - [06/Apr/2025:03:02:41 -0400] "POST /xmlrpc.php HTTP/1.1" 503 7946 "-" "Mozilla/5.0 (Windows NT 10.0; Win64; x64; rv:90.0) Gecko/20100101 Firefox/90.0"
198.54.114.83 - - [06/Apr/2025:03:02:43 -0400] "POST /wp-cron.php?doing_wp_cron=1743922963.6688859462738037109375 HTTP/1.1" 200 0 "-" "WordPress/6.7.2; https://the80itspod.com"
2a02:4780:12:f308::1 - - [06/Apr/2025:03:02:43 -0400] "POST /xmlrpc.php HTTP/1.1" 503 7946 "-" "Mozilla/5.0 (Windows NT 10.0; Win64; x64; rv:75.0) Gecko/20100101 Firefox/75.0"
34.151.198.67 - - [06/Apr/2025:03:02:51 -0400] "POST /xmlrpc.php HTTP/1.1" 503 7940 "-" "Mozilla/5.0 (Windows NT 10.0; Win64; x64; rv:63.0) Gecko/20100101 Firefox/63.0"
208.113.239.67 - - [06/Apr/2025:03:02:53 -0400] "POST /xmlrpc.php HTTP/1.1" 503 7940 "-" "Mozilla/5.0 (Windows NT 10.0; Win64; x64; rv:57.0) Gecko/20100101 Firefox/57.0"
2401:c080:2000:2fba:5400:4ff:feff:53d5 - - [06/Apr/2025:03:02:55 -0400] "POST /xmlrpc.php HTTP/1.1" 503 7940 "-" "Mozilla/5.0 (Windows NT 10.0; Win64; x64; rv:46.0) Gecko/20100101 Firefox/46.0"
193.70.64.67 - - [06/Apr/2025:03:03:10 -0400] "POST /xmlrpc.php HTTP/1.1" 503 7940 "-" "Mozilla/5.0 (Windows NT 10.0; Win64; x64; rv:62.0) Gecko/20100101 Firefox/62.0"
198.54.114.83 - - [06/Apr/2025:03:03:18 -0400] "POST /wp-cron.php?doing_wp_cron=1743922998.0000910758972167968750 HTTP/1.1" 200 0 "-" "WordPress/6.7.2; https://the80itspod.com"
64.227.24.123 - - [06/Apr/2025:03:03:17 -0400] "POST /xmlrpc.php HTTP/1.1" 503 7946 "-" "Mozilla/5.0 (Windows NT 10.0; Win64; x64; rv:68.0) Gecko/20100101 Firefox/68.0"
95.83.148.86 - - [06/Apr/2025:03:03:33 -0400] "POST /xmlrpc.php HTTP/1.1" 503 7940 "-" "Mozilla/5.0 (Windows NT 10.0; Win64; x64; rv:54.0) Gecko/20100101 Firefox/54.0"
198.54.114.83 - - [06/Apr/2025:03:03:55 -0400] "POST /wp-cron.php?doing_wp_cron=1743923034.9189128875732421875000 HTTP/1.1" 200 0 "-" "WordPress/6.7.2; https://the80itspod.com"
188.165.255.23 - - [06/Apr/2025:03:03:54 -0400] "POST /xmlrpc.php HTTP/1.1" 503 7941 "-" "Mozilla/5.0 (Windows NT 10.0; Win64; x64; rv:55.0) Gecko/20100101 Firefox/55.0"
66.23.228.146 - - [06/Apr/2025:03:04:01 -0400] "POST /xmlrpc.php HTTP/1.1" 503 7940 "-" "Mozilla/5.0 (Windows NT 10.0; Win64; x64; rv:79.0) Gecko/20100101 Firefox/79.0"
198.54.114.83 - - [06/Apr/2025:03:04:58 -0400] "POST /wp-cron.php?doing_wp_cron=1743923098.4163150787353515625000 HTTP/1.1" 200 0 "-" "WordPress/6.7.2; https://the80itspod.com"
162.19.25.160 - - [06/Apr/2025:03:04:57 -0400] "POST /xmlrpc.php HTTP/1.1" 503 7940 "-" "Mozilla/5.0 (Windows NT 10.0; Win64; x64; rv:94.0) Gecko/20100101 Firefox/94.0"
146.59.130.131 - - [06/Apr/2025:03:05:09 -0400] "POST /xmlrpc.php HTTP/1.1" 503 7940 "-" "Mozilla/5.0 (Windows NT 10.0; Win64; x64; rv:90.0) Gecko/20100101 Firefox/90.0"
141.95.52.122 - - [06/Apr/2025:03:05:15 -0400] "POST /xmlrpc.php HTTP/1.1" 503 7946 "-" "Mozilla/5.0 (Windows NT 10.0; Win64; x64; rv:44.0) Gecko/20100101 Firefox/44.0"
157.245.154.48 - - [06/Apr/2025:03:05:38 -0400] "POST /xmlrpc.php HTTP/1.1" 503 7940 "-" "Mozilla/5.0 (Windows NT 10.0; Win64; x64; rv:69.0) Gecko/20100101 Firefox/69.0"
2607:5300:20d:5100:: - - [06/Apr/2025:03:06:18 -0400] "POST /xmlrpc.php HTTP/1.1" 200 212 "-" "Mozilla/5.0 (Windows NT 10.0; Win64; x64; rv:50.0) Gecko/20100101 Firefox/50.0"
198.54.114.83 - - [06/Apr/2025:03:07:00 -0400] "POST /wp-cron.php?doing_wp_cron=1743923220.0430579185485839843750 HTTP/1.1" 200 0 "-" "WordPress/6.7.2; https://the80itspod.com"
128.199.112.13 - - [06/Apr/2025:03:06:58 -0400] "POST /xmlrpc.php HTTP/1.1" 503 7938 "-" "Mozilla/5.0 (Windows NT 10.0; Win64; x64; rv:55.0) Gecko/20100101 Firefox/55.0"
87.121.94.236 - - [06/Apr/2025:03:09:30 -0400] "POST /xmlrpc.php HTTP/1.1" 503 7940 "-" "Mozilla/5.0 (Windows NT 10.0; Win64; x64; rv:57.0) Gecko/20100101 Firefox/57.0"
198.54.114.83 - - [06/Apr/2025:03:11:14 -0400] "POST /wp-cron.php?doing_wp_cron=1743923473.7171640396118164062500 HTTP/1.1" 200 0 "-" "WordPress/6.7.2; https://the80itspod.com"
159.203.177.184 - - [06/Apr/2025:03:11:09 -0400] "POST /xmlrpc.php HTTP/1.1" 503 7940 "-" "Mozilla/5.0 (Windows NT 10.0; Win64; x64; rv:53.0) Gecko/20100101 Firefox/53.0"
38.242.195.184 - - [06/Apr/2025:03:13:32 -0400] "POST /xmlrpc.php HTTP/1.1" 503 7940 "http://the80itspod.com" "Mozilla/5.0 (Windows NT 11.0; Win64; x64) AppleWebKit/537.36 (KHTML, like Gecko) Chrome/126.0.0.0 Safari/537.36"
198.54.114.83 - - [06/Apr/2025:03:13:59 -0400] "POST /wp-cron.php?doing_wp_cron=1743923639.1756589412689208984375 HTTP/1.1" 200 0 "-" "WordPress/6.7.2; https://the80itspod.com"
167.99.234.222 - - [06/Apr/2025:03:13:58 -0400] "POST /xmlrpc.php HTTP/1.1" 503 7946 "-" "Mozilla/5.0 (Windows NT 10.0; Win64; x64; rv:97.0) Gecko/20100101 Firefox/97.0"
198.54.114.83 - - [06/Apr/2025:03:15:46 -0400] "POST /wp-cron.php?doing_wp_cron=1743923746.3257920742034912109375 HTTP/1.1" 200 0 "-" "WordPress/6.7.2; https://the80itspod.com"
67.205.146.222 - - [06/Apr/2025:03:15:40 -0400] "POST /xmlrpc.php HTTP/1.1" 503 7940 "-" "Mozilla/5.0 (Windows NT 10.0; Win64; x64; rv:85.0) Gecko/20100101 Firefox/85.0"
198.54.114.83 - - [06/Apr/2025:03:17:34 -0400] "POST /wp-cron.php?doing_wp_cron=1743923854.1550190448760986328125 HTTP/1.1" 200 0 "-" "WordPress/6.7.2; https://the80itspod.com"
134.122.56.153 - - [06/Apr/2025:03:17:30 -0400] "POST /xmlrpc.php HTTP/1.1" 503 7947 "-" "Mozilla/5.0 (Windows NT 10.0; Win64; x64; rv:55.0) Gecko/20100101 Firefox/55.0"
198.54.114.83 - - [06/Apr/2025:03:19:56 -0400] "POST /wp-cron.php?doing_wp_cron=1743923996.5345420837402343750000 HTTP/1.1" 200 0 "-" "WordPress/6.7.2; https://the80itspod.com"
159.223.226.118 - - [06/Apr/2025:03:19:56 -0400] "POST /xmlrpc.php HTTP/1.1" 503 7940 "-" "Mozilla/5.0 (Windows NT 10.0; Win64; x64; rv:75.0) Gecko/20100101 Firefox/75.0"
216.244.66.235 - - [06/Apr/2025:03:20:36 -0400] "GET /robots.txt HTTP/1.1" 200 126 "-" "Mozilla/5.0 (compatible; DotBot/1.2; +https://opensiteexplorer.org/dotbot; help@moz.com)"
198.54.114.83 - - [06/Apr/2025:03:21:13 -0400] "POST /wp-cron.php?doing_wp_cron=1743924072.9802999496459960937500 HTTP/1.1" 200 0 "-" "WordPress/6.7.2; https://the80itspod.com"
147.182.250.143 - - [06/Apr/2025:03:21:12 -0400] "POST /xmlrpc.php HTTP/1.1" 503 7946 "-" "Mozilla/5.0 (Windows NT 10.0; Win64; x64; rv:72.0) Gecko/20100101 Firefox/72.0"
198.54.114.83 - - [06/Apr/2025:03:23:50 -0400] "POST /wp-cron.php?doing_wp_cron=1743924230.4824728965759277343750 HTTP/1.1" 200 0 "-" "WordPress/6.7.2; https://the80itspod.com"
51.91.131.222 - - [06/Apr/2025:03:23:50 -0400] "POST /xmlrpc.php HTTP/1.1" 503 7940 "-" "Mozilla/5.0 (Windows NT 10.0; Win64; x64; rv:75.0) Gecko/20100101 Firefox/75.0"
198.54.114.83 - - [06/Apr/2025:03:25:12 -0400] "POST /wp-cron.php?doing_wp_cron=1743924312.1579930782318115234375 HTTP/1.1" 200 0 "-" "WordPress/6.7.2; https://the80itspod.com"
185.238.87.7 - - [06/Apr/2025:03:25:11 -0400] "POST /xmlrpc.php HTTP/1.1" 503 7946 "-" "Mozilla/5.0 (Windows NT 10.0; Win64; x64; rv:86.0) Gecko/20100101 Firefox/86.0"
198.54.114.83 - - [06/Apr/2025:03:27:07 -0400] "POST /wp-cron.php?doing_wp_cron=1743924427.0718789100646972656250 HTTP/1.1" 200 0 "-" "WordPress/6.7.2; https://the80itspod.com"
217.182.177.123 - - [06/Apr/2025:03:27:06 -0400] "POST /xmlrpc.php HTTP/1.1" 503 7946 "-" "Mozilla/5.0 (Windows NT 10.0; Win64; x64; rv:91.0) Gecko/20100101 Firefox/91.0"
198.54.114.83 - - [06/Apr/2025:03:27:18 -0400] "POST /wp-cron.php?doing_wp_cron=1743924437.9968800544738769531250 HTTP/1.1" 200 0 "-" "WordPress/6.7.2; https://the80itspod.com"
185.199.236.107 - - [06/Apr/2025:03:27:17 -0400] "POST /xmlrpc.php HTTP/1.1" 503 7946 "http://the80itspod.com" "Mozilla/5.0 (Macintosh; Intel Mac OS X 14.3) AppleWebKit/614.31.14 (KHTML, like Gecko) Version/17.0.96 Safari/614.31.14"
40.69.202.88 - - [06/Apr/2025:03:27:31 -0400] "GET /wp-content/uploads/ HTTP/1.1" 403 1242 "-" "-"
40.69.202.88 - - [06/Apr/2025:03:27:31 -0400] "GET /wp-includes/ HTTP/1.1" 403 1242 "-" "-"
40.69.202.88 - - [06/Apr/2025:03:27:32 -0400] "GET /wp-includes/css/ HTTP/1.1" 403 1242 "-" "-"
40.69.202.88 - - [06/Apr/2025:03:27:32 -0400] "GET /wp-includes/ID3/ HTTP/1.1" 403 1242 "-" "-"
40.69.202.88 - - [06/Apr/2025:03:27:32 -0400] "GET /wp-includes/IXR/ HTTP/1.1" 403 1242 "-" "-"
40.69.202.88 - - [06/Apr/2025:03:27:32 -0400] "GET /wp-includes/Requests/ HTTP/1.1" 403 1242 "-" "-"
40.69.202.88 - - [06/Apr/2025:03:27:32 -0400] "GET /wp-includes/SimplePie/ HTTP/1.1" 403 1242 "-" "-"
40.69.202.88 - - [06/Apr/2025:03:27:33 -0400] "GET /wp-includes/Text/ HTTP/1.1" 403 1242 "-" "-"
40.69.202.88 - - [06/Apr/2025:03:27:33 -0400] "GET /wp-content/mu-plugins-old/ HTTP/1.1" 404 9421 "-" "-"
40.69.202.88 - - [06/Apr/2025:03:27:34 -0400] "GET /wp-content/themes/classic/inc/ HTTP/1.1" 404 9428 "-" "-"
40.69.202.88 - - [06/Apr/2025:03:27:35 -0400] "GET /wp-content/plugins/ninja-forms/ HTTP/1.1" 404 9428 "-" "-"
40.69.202.88 - - [06/Apr/2025:03:27:35 -0400] "GET /wp-content/mu-plugins/ HTTP/1.1" 404 9428 "-" "-"
40.69.202.88 - - [06/Apr/2025:03:27:35 -0400] "GET /wp-includes/Text/Diff/Renderer/ HTTP/1.1" 403 1242 "-" "-"
40.69.202.88 - - [06/Apr/2025:03:27:36 -0400] "GET /wp-includes/blocks/ HTTP/1.1" 200 22 "-" "-"
40.69.202.88 - - [06/Apr/2025:03:27:36 -0400] "GET /wp-includes/certificates/ HTTP/1.1" 403 1242 "-" "-"
40.69.202.88 - - [06/Apr/2025:03:27:36 -0400] "GET /wp-includes/customize/ HTTP/1.1" 403 1242 "-" "-"
40.69.202.88 - - [06/Apr/2025:03:27:36 -0400] "GET /wp-includes/fonts/ HTTP/1.1" 403 1242 "-" "-"
40.69.202.88 - - [06/Apr/2025:03:27:36 -0400] "GET /wp-includes/images/ HTTP/1.1" 403 1242 "-" "-"
198.54.114.83 - - [06/Apr/2025:03:27:37 -0400] "POST /wp-cron.php?doing_wp_cron=1743924457.2706038951873779296875 HTTP/1.1" 200 0 "-" "WordPress/6.7.2; https://the80itspod.com"
40.69.202.88 - - [06/Apr/2025:03:27:37 -0400] "GET /.well-known/ HTTP/1.1" 404 9422 "-" "-"
40.69.202.88 - - [06/Apr/2025:03:27:37 -0400] "GET /ALFA_DATA/ HTTP/1.1" 404 9422 "-" "-"
40.69.202.88 - - [06/Apr/2025:03:27:38 -0400] "GET /.well-known/old/ HTTP/1.1" 404 9422 "-" "-"
40.69.202.88 - - [06/Apr/2025:03:27:39 -0400] "GET /.well-known/acme-challenge/ HTTP/1.1" 404 9422 "-" "-"
40.69.202.88 - - [06/Apr/2025:03:27:40 -0400] "GET /.well-known/ HTTP/1.1" 404 9422 "-" "-"
40.69.202.88 - - [06/Apr/2025:03:27:40 -0400] "GET /cgi-bin/ HTTP/1.1" 403 1242 "-" "-"
40.69.202.88 - - [06/Apr/2025:03:27:40 -0400] "GET /ALFA_DATA/ HTTP/1.1" 404 9422 "-" "-"
40.69.202.88 - - [06/Apr/2025:03:27:40 -0400] "GET /.well-knownold/ HTTP/1.1" 404 9428 "-" "-"
40.69.202.88 - - [06/Apr/2025:03:27:41 -0400] "GET /.well-known/acme-challenge/ HTTP/1.1" 404 9422 "-" "-"
40.69.202.88 - - [06/Apr/2025:03:27:41 -0400] "GET /.well-known/ HTTP/1.1" 404 9422 "-" "-"
198.54.114.83 - - [06/Apr/2025:03:27:42 -0400] "POST /wp-cron.php?doing_wp_cron=1743924462.1369590759277343750000 HTTP/1.1" 200 0 "-" "WordPress/6.7.2; https://the80itspod.com"
40.69.202.88 - - [06/Apr/2025:03:27:41 -0400] "GET /uploads/ HTTP/1.1" 404 9428 "-" "-"
40.69.202.88 - - [06/Apr/2025:03:27:43 -0400] "GET /upload/ HTTP/1.1" 404 9421 "-" "-"
40.69.202.88 - - [06/Apr/2025:03:27:43 -0400] "GET /admin/uploads/ HTTP/1.1" 404 9428 "-" "-"
40.69.202.88 - - [06/Apr/2025:03:27:44 -0400] "GET /Admin/uploads/ HTTP/1.1" 404 9422 "-" "-"
40.69.202.88 - - [06/Apr/2025:03:27:45 -0400] "GET /admin/ HTTP/1.1" 302 0 "-" "-"
40.69.202.88 - - [06/Apr/2025:03:27:48 -0400] "GET /images/ HTTP/1.1" 404 9428 "-" "-"
40.69.202.88 - - [06/Apr/2025:03:27:48 -0400] "GET /assets/ HTTP/1.1" 404 9428 "-" "-"
40.69.202.88 - - [06/Apr/2025:03:27:49 -0400] "GET /vendor/phpunit/phpunit/src/Util/PHP/ HTTP/1.1" 404 9422 "-" "-"
40.69.202.88 - - [06/Apr/2025:03:27:50 -0400] "GET /upload/image/ HTTP/1.1" 404 9422 "-" "-"
40.69.202.88 - - [06/Apr/2025:03:27:50 -0400] "GET /assets/images/ HTTP/1.1" 404 9428 "-" "-"
40.69.202.88 - - [06/Apr/2025:03:27:51 -0400] "GET /Public/ HTTP/1.1" 404 9422 "-" "-"
40.69.202.88 - - [06/Apr/2025:03:27:51 -0400] "GET /vendor/ HTTP/1.1" 404 9422 "-" "-"
40.69.202.88 - - [06/Apr/2025:03:27:52 -0400] "GET /local/ HTTP/1.1" 404 9428 "-" "-"
40.69.202.88 - - [06/Apr/2025:03:27:52 -0400] "GET /modules/ HTTP/1.1" 404 9422 "-" "-"
40.69.202.88 - - [06/Apr/2025:03:27:53 -0400] "GET /Site/ HTTP/1.1" 404 9422 "-" "-"
40.69.202.88 - - [06/Apr/2025:03:27:54 -0400] "GET /system/ HTTP/1.1" 404 9428 "-" "-"
40.69.202.88 - - [06/Apr/2025:03:27:54 -0400] "GET /template/ HTTP/1.1" 404 9422 "-" "-"
40.69.202.88 - - [06/Apr/2025:03:27:55 -0400] "GET /shop/ HTTP/1.1" 301 0 "-" "-"
40.69.202.88 - - [06/Apr/2025:03:27:56 -0400] "GET /files/ HTTP/1.1" 404 9422 "-" "-"
40.69.202.88 - - [06/Apr/2025:03:27:57 -0400] "GET /admin/editor/ HTTP/1.1" 404 9422 "-" "-"
40.69.202.88 - - [06/Apr/2025:03:27:58 -0400] "GET /include/ HTTP/1.1" 404 9422 "-" "-"
40.69.202.88 - - [06/Apr/2025:03:27:58 -0400] "GET /Assets/ HTTP/1.1" 404 9428 "-" "-"
40.69.202.88 - - [06/Apr/2025:03:27:59 -0400] "GET /images/stories/ HTTP/1.1" 404 9422 "-" "-"
40.69.202.88 - - [06/Apr/2025:03:27:59 -0400] "GET /plugins/ HTTP/1.1" 404 9421 "-" "-"
40.69.202.88 - - [06/Apr/2025:03:28:00 -0400] "GET /php/ HTTP/1.1" 404 9428 "-" "-"
40.69.202.88 - - [06/Apr/2025:03:28:00 -0400] "GET /wp-includes/assets/ HTTP/1.1" 403 1242 "-" "-"
40.69.202.88 - - [06/Apr/2025:03:28:00 -0400] "GET /wp-includes/Text/Diff/Engine/ HTTP/1.1" 403 1242 "-" "-"
40.69.202.88 - - [06/Apr/2025:03:28:01 -0400] "GET /wp-includes/block-patterns/ HTTP/1.1" 403 1242 "-" "-"
40.69.202.88 - - [06/Apr/2025:03:28:01 -0400] "GET /wp-includes/Text/Diff/ HTTP/1.1" 403 1242 "-" "-"
40.69.202.88 - - [06/Apr/2025:03:28:01 -0400] "GET /wp-includes/block-supports/ HTTP/1.1" 403 1242 "-" "-"
40.69.202.88 - - [06/Apr/2025:03:28:01 -0400] "GET /wp-includes/blocks/ HTTP/1.1" 200 22 "-" "-"
40.69.202.88 - - [06/Apr/2025:03:28:01 -0400] "GET /wp-includes/certificates/ HTTP/1.1" 403 1242 "-" "-"
40.69.202.88 - - [06/Apr/2025:03:28:02 -0400] "GET /wp-includes/SimplePie/Cache/ HTTP/1.1" 404 9428 "-" "-"
40.69.202.88 - - [06/Apr/2025:03:28:02 -0400] "GET /wp-includes/SimplePie/Content/Type/ HTTP/1.1" 404 9428 "-" "-"
40.69.202.88 - - [06/Apr/2025:03:28:04 -0400] "GET /wp-includes/css/ HTTP/1.1" 403 1242 "-" "-"
40.69.202.88 - - [06/Apr/2025:03:28:04 -0400] "GET /wp-includes/SimplePie/Content/ HTTP/1.1" 404 9428 "-" "-"
40.69.202.88 - - [06/Apr/2025:03:28:05 -0400] "GET /wp-includes/rest-api/endpoints/ HTTP/1.1" 403 1242 "-" "-"
40.69.202.88 - - [06/Apr/2025:03:28:05 -0400] "GET /wp-includes/rest-api/fields/ HTTP/1.1" 403 1242 "-" "-"
40.69.202.88 - - [06/Apr/2025:03:28:05 -0400] "GET /wp-includes/Requests/Cookie/ HTTP/1.1" 404 9421 "-" "-"
198.54.114.83 - - [06/Apr/2025:03:28:08 -0400] "POST /wp-cron.php?doing_wp_cron=1743924487.0032858848571777343750 HTTP/1.1" 200 0 "-" "WordPress/6.7.2; https://the80itspod.com"
40.69.202.88 - - [06/Apr/2025:03:28:06 -0400] "GET /wp-includes/Requests/Proxy/ HTTP/1.1" 404 9422 "-" "-"
40.69.202.88 - - [06/Apr/2025:03:28:09 -0400] "GET /wp-includes/Requests/Response/ HTTP/1.1" 404 9422 "-" "-"
40.69.202.88 - - [06/Apr/2025:03:28:10 -0400] "GET /wp-includes/Requests/Transport/ HTTP/1.1" 404 9421 "-" "-"
40.69.202.88 - - [06/Apr/2025:03:28:11 -0400] "GET /wp-includes/Requests/Utility/ HTTP/1.1" 404 9421 "-" "-"
40.69.202.88 - - [06/Apr/2025:03:28:13 -0400] "GET /wp-includes/js/codemirror/ HTTP/1.1" 403 1242 "-" "-"
40.69.202.88 - - [06/Apr/2025:03:28:13 -0400] "GET /wp-includes/Requests/Exception/HTTP/ HTTP/1.1" 404 9421 "-" "-"
40.69.202.88 - - [06/Apr/2025:03:28:14 -0400] "GET /wp-includes/js/crop/ HTTP/1.1" 403 1242 "-" "-"
40.69.202.88 - - [06/Apr/2025:03:28:14 -0400] "GET /wp-includes/images/crystal/ HTTP/1.1" 403 1242 "-" "-"
40.69.202.88 - - [06/Apr/2025:03:28:14 -0400] "GET /wp-includes/images/media/ HTTP/1.1" 403 1242 "-" "-"
40.69.202.88 - - [06/Apr/2025:03:28:15 -0400] "GET /wp-includes/images/smilies/ HTTP/1.1" 403 1242 "-" "-"
40.69.202.88 - - [06/Apr/2025:03:28:15 -0400] "GET /wp-includes/images/wlw/ HTTP/1.1" 404 9421 "-" "-"
40.69.202.88 - - [06/Apr/2025:03:28:16 -0400] "GET /wp-includes/rest-api/search/ HTTP/1.1" 403 1242 "-" "-"
40.69.202.88 - - [06/Apr/2025:03:28:16 -0400] "GET /wp-includes/Requests/Exception/ HTTP/1.1" 404 9422 "-" "-"
40.69.202.88 - - [06/Apr/2025:03:28:17 -0400] "GET /wp-includes/Requests/Auth/ HTTP/1.1" 404 9428 "-" "-"
40.69.202.88 - - [06/Apr/2025:03:28:18 -0400] "GET /wp-includes/sodium_compat/src/ HTTP/1.1" 403 1242 "-" "-"
40.69.202.88 - - [06/Apr/2025:03:28:18 -0400] "GET /wp-includes/sitemaps/providers/ HTTP/1.1" 403 1242 "-" "-"
40.69.202.88 - - [06/Apr/2025:03:28:18 -0400] "GET /wp-includes/Text/Diff/Engine/Engine/ HTTP/1.1" 404 9422 "-" "-"
40.69.202.88 - - [06/Apr/2025:03:28:19 -0400] "GET /wp-includes/customize/ HTTP/1.1" 403 1242 "-" "-"
40.69.202.88 - - [06/Apr/2025:03:28:19 -0400] "GET /wp-includes/fonts/ HTTP/1.1" 403 1242 "-" "-"
40.69.202.88 - - [06/Apr/2025:03:28:19 -0400] "GET /wp-includes/html-api/ HTTP/1.1" 403 1242 "-" "-"
40.69.202.88 - - [06/Apr/2025:03:28:20 -0400] "GET /wp-includes/ID3/ HTTP/1.1" 403 1242 "-" "-"
40.69.202.88 - - [06/Apr/2025:03:28:20 -0400] "GET /wp-includes/images/ HTTP/1.1" 403 1242 "-" "-"
40.69.202.88 - - [06/Apr/2025:03:28:20 -0400] "GET /wp-includes/IXR/ HTTP/1.1" 403 1242 "-" "-"
40.69.202.88 - - [06/Apr/2025:03:28:20 -0400] "GET /wp-includes/js/ HTTP/1.1" 403 1242 "-" "-"
40.69.202.88 - - [06/Apr/2025:03:28:20 -0400] "GET /wp-includes/php-compat/ HTTP/1.1" 403 1242 "-" "-"
40.69.202.88 - - [06/Apr/2025:03:28:21 -0400] "GET /wp-includes/PHPMailer/ HTTP/1.1" 403 1242 "-" "-"
40.69.202.88 - - [06/Apr/2025:03:28:21 -0400] "GET /wp-includes/pomo/ HTTP/1.1" 403 1242 "-" "-"
40.69.202.88 - - [06/Apr/2025:03:28:22 -0400] "GET /wp-includes/random_compat/ HTTP/1.1" 404 9421 "-" "-"
40.69.202.88 - - [06/Apr/2025:03:28:22 -0400] "GET /wp-includes/Requests/ HTTP/1.1" 403 1242 "-" "-"
40.69.202.88 - - [06/Apr/2025:03:28:23 -0400] "GET /wp-includes/rest-api/ HTTP/1.1" 403 1242 "-" "-"
40.69.202.88 - - [06/Apr/2025:03:28:23 -0400] "GET /wp-includes/SimplePie/ HTTP/1.1" 403 1242 "-" "-"
40.69.202.88 - - [06/Apr/2025:03:28:23 -0400] "GET /wp-includes/sitemaps/ HTTP/1.1" 403 1242 "-" "-"
40.69.202.88 - - [06/Apr/2025:03:28:23 -0400] "GET /wp-includes/sodium_compat/ HTTP/1.1" 403 1242 "-" "-"
40.69.202.88 - - [06/Apr/2025:03:28:24 -0400] "GET /wp-includes/style-engine/ HTTP/1.1" 403 1242 "-" "-"
40.69.202.88 - - [06/Apr/2025:03:28:24 -0400] "GET /wp-includes/Text/ HTTP/1.1" 403 1242 "-" "-"
40.69.202.88 - - [06/Apr/2025:03:28:24 -0400] "GET /wp-includes/theme-compat/ HTTP/1.1" 403 1242 "-" "-"
40.69.202.88 - - [06/Apr/2025:03:28:24 -0400] "GET /wp-includes/widgets/ HTTP/1.1" 403 1242 "-" "-"
40.69.202.88 - - [06/Apr/2025:03:28:24 -0400] "GET /wp-admin/css/colors/ectoplasm/ HTTP/1.1" 403 1242 "-" "-"
40.69.202.88 - - [06/Apr/2025:03:28:25 -0400] "GET /wp-admin/css/colors/ HTTP/1.1" 403 1242 "-" "-"
40.69.202.88 - - [06/Apr/2025:03:28:25 -0400] "GET /admin/images/slider/ HTTP/1.1" 404 9422 "-" "-"
40.69.202.88 - - [06/Apr/2025:03:28:25 -0400] "GET /admin/fckeditor/editor/filemanager/ HTTP/1.1" 404 9428 "-" "-"
40.69.202.88 - - [06/Apr/2025:03:28:26 -0400] "GET /sites/default/files/ HTTP/1.1" 404 9422 "-" "-"
40.69.202.88 - - [06/Apr/2025:03:28:27 -0400] "GET /admin/controller/extension/extension/ HTTP/1.1" 404 9428 "-" "-"
40.69.202.88 - - [06/Apr/2025:03:28:27 -0400] "GET /modules/mod_simplefileuploadv1.3/elements/ HTTP/1.1" 404 9421 "-" "-"
40.69.202.88 - - [06/Apr/2025:03:28:28 -0400] "GET /components/ HTTP/1.1" 404 9422 "-" "-"
40.69.202.88 - - [06/Apr/2025:03:28:29 -0400] "GET /admin/uploads/images/ HTTP/1.1" 404 9422 "-" "-"
40.69.202.88 - - [06/Apr/2025:03:28:29 -0400] "GET /wp-includes/js/ HTTP/1.1" 403 1242 "-" "-"
40.69.202.88 - - [06/Apr/2025:03:28:29 -0400] "GET /wp-includes/pomo/ HTTP/1.1" 403 1242 "-" "-"
40.69.202.88 - - [06/Apr/2025:03:28:30 -0400] "GET /wp-includes/rest-api/ HTTP/1.1" 403 1242 "-" "-"
40.69.202.88 - - [06/Apr/2025:03:28:30 -0400] "GET /wp-includes/widgets/ HTTP/1.1" 403 1242 "-" "-"
40.69.202.88 - - [06/Apr/2025:03:28:30 -0400] "GET /wp-admin/css/ HTTP/1.1" 403 1242 "-" "-"
40.69.202.88 - - [06/Apr/2025:03:28:30 -0400] "GET /wp-admin/images/ HTTP/1.1" 403 1242 "-" "-"
40.69.202.88 - - [06/Apr/2025:03:28:30 -0400] "GET /wp-admin/maint/ HTTP/1.1" 403 1242 "-" "-"
40.69.202.88 - - [06/Apr/2025:03:28:31 -0400] "GET /wp-admin/meta/ HTTP/1.1" 404 9428 "-" "-"
40.69.202.88 - - [06/Apr/2025:03:28:32 -0400] "GET /wp-admin/network/ HTTP/1.1" 302 0 "-" "-"
40.69.202.88 - - [06/Apr/2025:03:28:33 -0400] "GET /wp-admin/user/ HTTP/1.1" 302 0 "-" "-"
40.69.202.88 - - [06/Apr/2025:03:28:35 -0400] "GET /wp-content/ HTTP/1.1" 200 0 "-" "-"
40.69.202.88 - - [06/Apr/2025:03:28:36 -0400] "GET /wp-content/plugins/ HTTP/1.1" 200 0 "-" "-"
40.69.202.88 - - [06/Apr/2025:03:28:36 -0400] "GET /wp-content/themes/ HTTP/1.1" 200 0 "-" "-"
40.69.202.88 - - [06/Apr/2025:03:28:36 -0400] "GET /wp-admin/includes/ HTTP/1.1" 403 1242 "-" "-"
40.69.202.88 - - [06/Apr/2025:03:28:36 -0400] "GET /wp-admin/ HTTP/1.1" 302 0 "-" "-"
40.69.202.88 - - [06/Apr/2025:03:28:39 -0400] "GET /wp-content/upgrade/ HTTP/1.1" 403 1242 "-" "-"
198.54.114.83 - - [06/Apr/2025:03:30:26 -0400] "POST /wp-cron.php?doing_wp_cron=1743924626.1121659278869628906250 HTTP/1.1" 200 0 "-" "WordPress/6.7.2; https://the80itspod.com"
188.166.98.92 - - [06/Apr/2025:03:30:20 -0400] "POST /xmlrpc.php HTTP/1.1" 503 7940 "-" "Mozilla/5.0 (Windows NT 10.0; Win64; x64; rv:69.0) Gecko/20100101 Firefox/69.0"
198.54.114.83 - - [06/Apr/2025:03:31:50 -0400] "POST /wp-cron.php?doing_wp_cron=1743924710.5752580165863037109375 HTTP/1.1" 200 0 "-" "WordPress/6.7.2; https://the80itspod.com"
67.205.176.134 - - [06/Apr/2025:03:31:50 -0400] "POST /xmlrpc.php HTTP/1.1" 503 7940 "-" "Mozilla/5.0 (Windows NT 10.0; Win64; x64; rv:98.0) Gecko/20100101 Firefox/98.0"
178.33.133.82 - - [06/Apr/2025:03:31:50 -0400] "POST /xmlrpc.php HTTP/1.1" 503 7946 "-" "Mozilla/5.0 (Windows NT 10.0; Win64; x64; rv:90.0) Gecko/20100101 Firefox/90.0"
198.54.114.83 - - [06/Apr/2025:03:31:53 -0400] "POST /wp-cron.php?doing_wp_cron=1743924713.2838649749755859375000 HTTP/1.1" 200 0 "-" "WordPress/6.7.2; https://the80itspod.com"
51.210.123.31 - - [06/Apr/2025:03:31:52 -0400] "POST /xmlrpc.php HTTP/1.1" 503 7940 "-" "Mozilla/5.0 (Windows NT 10.0; Win64; x64; rv:70.0) Gecko/20100101 Firefox/70.0"
45.55.60.243 - - [06/Apr/2025:03:31:58 -0400] "POST /xmlrpc.php HTTP/1.1" 503 7939 "-" "Mozilla/5.0 (Windows NT 10.0; Win64; x64; rv:46.0) Gecko/20100101 Firefox/46.0"
143.110.157.4 - - [06/Apr/2025:03:32:14 -0400] "POST /xmlrpc.php HTTP/1.1" 503 7946 "-" "Mozilla/5.0 (Windows NT 10.0; Win64; x64; rv:47.0) Gecko/20100101 Firefox/47.0"
2a03:b0c0:0:1010::c0:3001 - - [06/Apr/2025:03:32:20 -0400] "POST /xmlrpc.php HTTP/1.1" 503 7946 "-" "Mozilla/5.0 (Windows NT 10.0; Win64; x64; rv:50.0) Gecko/20100101 Firefox/50.0"
198.54.114.83 - - [06/Apr/2025:03:32:22 -0400] "POST /wp-cron.php?doing_wp_cron=1743924741.9070448875427246093750 HTTP/1.1" 200 0 "-" "WordPress/6.7.2; https://the80itspod.com"
139.59.37.240 - - [06/Apr/2025:03:32:21 -0400] "POST /xmlrpc.php HTTP/1.1" 503 7946 "-" "Mozilla/5.0 (Windows NT 10.0; Win64; x64; rv:75.0) Gecko/20100101 Firefox/75.0"
198.54.114.83 - - [06/Apr/2025:03:32:49 -0400] "POST /wp-cron.php?doing_wp_cron=1743924769.5709760189056396484375 HTTP/1.1" 200 0 "-" "WordPress/6.7.2; https://the80itspod.com"
66.23.228.146 - - [06/Apr/2025:03:32:48 -0400] "POST /xmlrpc.php HTTP/1.1" 503 7946 "-" "Mozilla/5.0 (Windows NT 10.0; Win64; x64; rv:93.0) Gecko/20100101 Firefox/93.0"
198.54.114.83 - - [06/Apr/2025:03:32:56 -0400] "POST /wp-cron.php?doing_wp_cron=1743924775.7196660041809082031250 HTTP/1.1" 200 0 "-" "WordPress/6.7.2; https://the80itspod.com"
2a03:b0c0:2:f0::904:7001 - - [06/Apr/2025:03:32:55 -0400] "POST /xmlrpc.php HTTP/1.1" 200 212 "-" "Mozilla/5.0 (Windows NT 10.0; Win64; x64; rv:69.0) Gecko/20100101 Firefox/69.0"
20.25.11.23 - - [06/Apr/2025:03:32:58 -0400] "POST /xmlrpc.php HTTP/1.1" 503 7939 "-" "Mozilla/5.0 (Windows NT 10.0; Win64; x64; rv:99.0) Gecko/20100101 Firefox/99.0"
134.209.21.205 - - [06/Apr/2025:03:33:12 -0400] "POST /xmlrpc.php HTTP/1.1" 503 7940 "-" "Mozilla/5.0 (Windows NT 10.0; Win64; x64; rv:42.0) Gecko/20100101 Firefox/42.0"
198.54.114.83 - - [06/Apr/2025:03:33:30 -0400] "POST /wp-cron.php?doing_wp_cron=1743924810.0991508960723876953125 HTTP/1.1" 200 0 "-" "WordPress/6.7.2; https://the80itspod.com"
79.172.203.13 - - [06/Apr/2025:03:33:29 -0400] "POST /xmlrpc.php HTTP/1.1" 200 212 "-" "Mozilla/5.0 (Windows NT 10.0; Win64; x64; rv:72.0) Gecko/20100101 Firefox/72.0"
198.54.114.83 - - [06/Apr/2025:03:33:48 -0400] "POST /wp-cron.php?doing_wp_cron=1743924828.7648799419403076171875 HTTP/1.1" 200 0 "-" "WordPress/6.7.2; https://the80itspod.com"
