93.183.93.19 - - [31/Mar/2025:09:12:43 -0400] "GET /cbd-for-anxiety-uk-what-you-need-to-know/ HTTP/1.1" 404 1251 "https://theswadeshbazzar.com/cbd-for-anxiety-uk-what-you-need-to-know/" "Mozilla/5.0 (Windows NT 10.0; Win64; x64) AppleWebKit/537.36 (KHTML, like Gecko) Chrome/129.0.0.0 Safari/537.36"
93.183.93.19 - - [31/Mar/2025:09:12:51 -0400] "GET / HTTP/1.1" 200 156077 "https://theswadeshbazzar.com/" "Mozilla/5.0 (Windows NT 10.0; Win64; x64) AppleWebKit/537.36 (KHTML, like Gecko) Chrome/129.0.0.0 Safari/537.36"
93.183.93.19 - - [31/Mar/2025:09:13:01 -0400] "GET /cbd-for-anxiety-uk-what-you-need-to-know/ HTTP/1.1" 404 1251 "https://theswadeshbazzar.com/cbd-for-anxiety-uk-what-you-need-to-know/" "Mozilla/5.0 (Windows NT 10.0; Win64; x64) AppleWebKit/537.36 (KHTML, like Gecko) Chrome/130.0.0.0 Safari/537.36"
93.183.93.19 - - [31/Mar/2025:09:13:21 -0400] "GET / HTTP/1.1" 200 156077 "https://theswadeshbazzar.com/" "Mozilla/5.0 (Windows NT 10.0; Win64; x64) AppleWebKit/537.36 (KHTML, like Gecko) Chrome/130.0.0.0 Safari/537.36"
111.225.149.95 - - [31/Mar/2025:09:38:50 -0400] "GET /where-to-buy-tretinoin/ HTTP/1.1" 404 1251 "-" "Mozilla/5.0 (Linux; Android 5.0) AppleWebKit/537.36 (KHTML, like Gecko) Mobile Safari/537.36 (compatible; Bytespider; https://zhanzhang.toutiao.com/)"
91.84.98.204 - - [31/Mar/2025:09:44:17 -0400] "GET /cbd-for-anxiety-uk-what-you-need-to-know/ HTTP/1.1" 404 1251 "https://theswadeshbazzar.com/cbd-for-anxiety-uk-what-you-need-to-know/" "Mozilla/5.0 (Windows NT 10.0; Win64; x64) AppleWebKit/537.36 (KHTML, like Gecko) Chrome/130.0.0.0 Safari/537.36 CCleaner/130.0.0.0"
91.84.98.204 - - [31/Mar/2025:09:44:17 -0400] "GET / HTTP/1.1" 200 156077 "https://theswadeshbazzar.com/" "Mozilla/5.0 (Windows NT 10.0; Win64; x64) AppleWebKit/537.36 (KHTML, like Gecko) Chrome/130.0.0.0 Safari/537.36 CCleaner/130.0.0.0"
66.249.75.169 - - [31/Mar/2025:09:44:17 -0400] "GET /category/maintenance/ HTTP/1.1" 404 1251 "-" "Mozilla/5.0 (Linux; Android 6.0.1; Nexus 5X Build/MMB29P) AppleWebKit/537.36 (KHTML, like Gecko) Chrome/134.0.6998.165 Mobile Safari/537.36 (compatible; Googlebot/2.1; +http://www.google.com/bot.html)"
66.249.75.170 - - [31/Mar/2025:09:44:47 -0400] "GET /effiziente-umzugsdienste-in-luneburg/feed/ HTTP/1.1" 404 1251 "-" "Mozilla/5.0 (Linux; Android 6.0.1; Nexus 5X Build/MMB29P) AppleWebKit/537.36 (KHTML, like Gecko) Chrome/134.0.6998.165 Mobile Safari/537.36 (compatible; Googlebot/2.1; +http://www.google.com/bot.html)"
193.202.87.91 - - [31/Mar/2025:09:48:59 -0400] "GET /wp-login.php HTTP/1.1" 200 1887 "-" "Mozilla/5.0 (Windows NT 10.0; Win64; x64) AppleWebKit/537.36 (KHTML, like Gecko) Chrome/130.0.0.0 YaBrowser/24.12.0.0 Safari/537.36"
193.202.87.91 - - [31/Mar/2025:09:49:01 -0400] "GET /wp-login.php HTTP/1.1" 200 1887 "-" "Mozilla/5.0 (Windows NT 10.0; Win64; x64) AppleWebKit/537.36 (KHTML, like Gecko) Chrome/130.0.0.0 YaBrowser/24.12.0.0 Safari/537.36"
193.202.87.91 - - [31/Mar/2025:09:49:02 -0400] "GET /wp-login.php HTTP/1.1" 200 1887 "-" "Mozilla/5.0 (Windows NT 10.0; Win64; x64) AppleWebKit/537.36 (KHTML, like Gecko) Chrome/130.0.0.0 YaBrowser/24.12.0.0 Safari/537.36"
193.202.87.91 - - [31/Mar/2025:09:49:02 -0400] "GET /wp-login.php HTTP/1.1" 200 1887 "-" "Mozilla/5.0 (Windows NT 10.0; Win64; x64) AppleWebKit/537.36 (KHTML, like Gecko) Chrome/130.0.0.0 YaBrowser/24.12.0.0 Safari/537.36"
198.54.114.83 - - [31/Mar/2025:09:49:05 -0400] "POST /wp-cron.php?doing_wp_cron=1743428945.7140080928802490234375 HTTP/1.1" 200 0 "-" "WordPress/6.7.2; https://theswadeshbazzar.com"
193.202.87.91 - - [31/Mar/2025:09:49:03 -0400] "POST /wp-login.php HTTP/1.1" 200 2012 "-" "Mozilla/5.0 (Windows NT 10.0; Win64; x64) AppleWebKit/537.36 (KHTML, like Gecko) Chrome/130.0.0.0 YaBrowser/24.12.0.0 Safari/537.36"
198.54.114.83 - - [31/Mar/2025:09:49:06 -0400] "POST /wp-admin/admin-ajax.php?action=async_litespeed&nonce=0iBgZD53A07KiGDLkTVQN8avCDZH1h08&litespeed_type=imgoptm HTTP/1.1" 200 5 "-" "WordPress/6.7.2; https://theswadeshbazzar.com"
43.155.157.59 - - [31/Mar/2025:09:49:29 -0400] "GET /caregiver-jobs-in-toronto/ HTTP/1.1" 404 1251 "https://theswadeshbazzar.com" "Mozilla/5.0 (Windows NT 10.0; Win64; x64) AppleWebKit/537.36 (KHTML, like Gecko) Chrome/62.0.3202.94 Safari/537.36"
43.155.157.59 - - [31/Mar/2025:09:49:29 -0400] "GET /caregiver-jobs-in-toronto/ HTTP/1.1" 404 1251 "https://theswadeshbazzar.com" "Mozilla/5.0 (Windows NT 10.0; Win64; x64) AppleWebKit/537.36 (KHTML, like Gecko) Chrome/62.0.3202.94 Safari/537.36"
43.155.157.59 - - [31/Mar/2025:09:49:31 -0400] "GET /caregiver-jobs-in-toronto/ HTTP/1.1" 404 1251 "https://theswadeshbazzar.com" "Mozilla/5.0 (Windows NT 10.0; Win64; x64) AppleWebKit/537.36 (KHTML, like Gecko) Chrome/62.0.3202.94 Safari/537.36"
43.155.157.59 - - [31/Mar/2025:09:49:32 -0400] "GET /caregiver-jobs-in-toronto/ HTTP/1.1" 404 1251 "https://theswadeshbazzar.com" "Mozilla/5.0 (Windows NT 10.0; Win64; x64) AppleWebKit/537.36 (KHTML, like Gecko) Chrome/62.0.3202.94 Safari/537.36"
198.54.114.83 - - [31/Mar/2025:09:51:47 -0400] "POST /wp-admin/admin-ajax.php?action=async_litespeed&nonce=1fLzS4Fmzjg60oxUWnAmIVxNHlGOB4mz&litespeed_type=imgoptm HTTP/1.1" 200 5 "-" "WordPress/6.7.2; https://theswadeshbazzar.com"
104.207.60.183 - - [31/Mar/2025:09:51:48 -0400] "GET /wp-login.php HTTP/1.1" 200 1887 "-" "Mozilla/5.0 (Windows NT 10.0; Win64; x64) AppleWebKit/537.36 (KHTML, like Gecko) Chrome/106.0.0.0 Safari/537.36"
156.231.84.112 - - [31/Mar/2025:09:54:24 -0400] "GET /brand/girnar-ayurvedic-pharmacy-pvt-ltd/ HTTP/1.1" 404 1251 "-" "Mozilla/5.0 (Macintosh; Intel Mac OS X 10_15_7) AppleWebKit/537.36 (KHTML, like Gecko) Chrome/125.0.0.0 Safari/537.36"
185.157.212.157 - - [31/Mar/2025:09:57:27 -0400] "GET /cbd-for-anxiety-uk-what-you-need-to-know/ HTTP/1.1" 404 1251 "https://theswadeshbazzar.com/cbd-for-anxiety-uk-what-you-need-to-know/" "Mozilla/5.0 (Windows NT 10.0; Win64; x64) AppleWebKit/537.36 (KHTML, like Gecko) Chrome/129.0.0.0 Safari/537.36"
185.157.212.157 - - [31/Mar/2025:09:57:47 -0400] "GET / HTTP/1.1" 200 156077 "https://theswadeshbazzar.com/" "Mozilla/5.0 (Windows NT 10.0; Win64; x64) AppleWebKit/537.36 (KHTML, like Gecko) Chrome/129.0.0.0 Safari/537.36"
85.208.98.20 - - [31/Mar/2025:10:04:51 -0400] "GET /health-benefits-of-annatto/ HTTP/1.1" 404 1251 "-" "Mozilla/5.0 (compatible; SemrushBot-BA; +http://www.semrush.com/bot.html)"
198.54.114.83 - - [31/Mar/2025:10:09:01 -0400] "POST /wp-admin/admin-ajax.php?action=async_litespeed&nonce=JTkzc62XKe3pNJEOiqAIKr8NfNWctrjo&litespeed_type=imgoptm HTTP/1.1" 200 5 "-" "WordPress/6.7.2; https://theswadeshbazzar.com"
54.85.239.163 - - [31/Mar/2025:10:10:32 -0400] "GET /polson-boat-rentals-flathead-lake-vacations/ HTTP/1.1" 404 1251 "-" "Grammarly/1.0 (http://www.grammarly.com)"
109.172.87.122 - - [31/Mar/2025:10:15:42 -0400] "GET /cbd-for-anxiety-uk-what-you-need-to-know/ HTTP/1.1" 404 1251 "https://theswadeshbazzar.com/cbd-for-anxiety-uk-what-you-need-to-know/" "Mozilla/5.0 (Windows NT 10.0; Win64; x64) AppleWebKit/537.36 (KHTML, like Gecko) Chrome/130.0.0.0 Safari/537.36 CCleaner/130.0.0.0"
109.172.87.122 - - [31/Mar/2025:10:16:02 -0400] "GET / HTTP/1.1" 200 166297 "https://theswadeshbazzar.com/" "Mozilla/5.0 (Windows NT 10.0; Win64; x64) AppleWebKit/537.36 (KHTML, like Gecko) Chrome/130.0.0.0 Safari/537.36 CCleaner/130.0.0.0"
185.157.212.157 - - [31/Mar/2025:10:16:50 -0400] "GET /cbd-for-anxiety-uk-what-you-need-to-know/ HTTP/1.1" 404 1251 "https://theswadeshbazzar.com/cbd-for-anxiety-uk-what-you-need-to-know/" "Mozilla/5.0 (Windows NT 10.0; Win64; x64) AppleWebKit/537.36 (KHTML, like Gecko) Chrome/130.0.0.0 Safari/537.36"
185.157.212.157 - - [31/Mar/2025:10:16:52 -0400] "GET / HTTP/1.1" 200 156077 "https://theswadeshbazzar.com/" "Mozilla/5.0 (Windows NT 10.0; Win64; x64) AppleWebKit/537.36 (KHTML, like Gecko) Chrome/130.0.0.0 Safari/537.36"
112.92.70.120 - - [31/Mar/2025:10:21:10 -0400] "GET /zahnimplantate-kunstliche-zahne-konnen-ihre-perspektive-verandern/ HTTP/1.1" 404 1251 "https://theswadeshbazzar.com" "Mozilla/5.0 (Windows NT 10.0; Win64; x64) AppleWebKit/537.36 (KHTML, like Gecko) Chrome/62.0.3202.94 Safari/537.36"
112.92.70.120 - - [31/Mar/2025:10:21:12 -0400] "GET /zahnimplantate-kunstliche-zahne-konnen-ihre-perspektive-verandern/ HTTP/1.1" 404 1251 "https://theswadeshbazzar.com" "Mozilla/5.0 (Windows NT 10.0; Win64; x64) AppleWebKit/537.36 (KHTML, like Gecko) Chrome/62.0.3202.94 Safari/537.36"
112.92.70.120 - - [31/Mar/2025:10:21:13 -0400] "GET /zahnimplantate-kunstliche-zahne-konnen-ihre-perspektive-verandern/ HTTP/1.1" 404 1251 "https://theswadeshbazzar.com" "Mozilla/5.0 (Windows NT 10.0; Win64; x64) AppleWebKit/537.36 (KHTML, like Gecko) Chrome/62.0.3202.94 Safari/537.36"
112.92.70.120 - - [31/Mar/2025:10:21:22 -0400] "GET /zahnimplantate-kunstliche-zahne-konnen-ihre-perspektive-verandern/ HTTP/1.1" 404 1251 "https://theswadeshbazzar.com" "Mozilla/5.0 (Windows NT 10.0; Win64; x64) AppleWebKit/537.36 (KHTML, like Gecko) Chrome/62.0.3202.94 Safari/537.36"
23.108.93.50 - - [31/Mar/2025:10:36:05 -0400] "GET /cbd-for-anxiety-uk-what-you-need-to-know/ HTTP/1.1" 404 1251 "-" "Mozilla/5.0 (Windows NT 10.0; Win64; x64) AppleWebKit/537.36 (KHTML, like Gecko) Chrome/114.0.0.0 Safari/537.36 OPR/89.0.4447.51"
23.108.93.50 - - [31/Mar/2025:10:36:05 -0400] "GET / HTTP/1.1" 200 156077 "-" "Mozilla/5.0 (Windows NT 10.0; Win64; x64) AppleWebKit/537.36 (KHTML, like Gecko) Chrome/114.0.0.0 Safari/537.36 OPR/89.0.4447.51"
18.218.181.138 - - [31/Mar/2025:10:37:37 -0400] "GET /robots.txt HTTP/1.1" 304 0 "-" "Mozilla/5.0 AppleWebKit/537.36 (KHTML, like Gecko; compatible; ClaudeBot/1.0; +claudebot@anthropic.com)"
18.218.181.138 - - [31/Mar/2025:10:37:38 -0400] "GET /1st-anniversary-gifts-beyond-the-traditional HTTP/1.1" 404 1251 "-" "Mozilla/5.0 AppleWebKit/537.36 (KHTML, like Gecko; compatible; ClaudeBot/1.0; +claudebot@anthropic.com)"
112.92.70.120 - - [31/Mar/2025:10:47:40 -0400] "GET /why-choose-composite-doors-for-your-cardiff-home/ HTTP/1.1" 404 1251 "https://theswadeshbazzar.com" "Mozilla/5.0 (Windows NT 10.0; Win64; x64) AppleWebKit/537.36 (KHTML, like Gecko) Chrome/62.0.3202.94 Safari/537.36"
112.92.70.120 - - [31/Mar/2025:10:47:42 -0400] "GET /why-choose-composite-doors-for-your-cardiff-home/ HTTP/1.1" 404 1251 "https://theswadeshbazzar.com" "Mozilla/5.0 (Windows NT 10.0; Win64; x64) AppleWebKit/537.36 (KHTML, like Gecko) Chrome/62.0.3202.94 Safari/537.36"
112.92.70.120 - - [31/Mar/2025:10:47:46 -0400] "GET /why-choose-composite-doors-for-your-cardiff-home/ HTTP/1.1" 404 1251 "https://theswadeshbazzar.com" "Mozilla/5.0 (Windows NT 10.0; Win64; x64) AppleWebKit/537.36 (KHTML, like Gecko) Chrome/62.0.3202.94 Safari/537.36"
112.92.70.120 - - [31/Mar/2025:10:47:49 -0400] "GET /why-choose-composite-doors-for-your-cardiff-home/ HTTP/1.1" 404 1251 "https://theswadeshbazzar.com" "Mozilla/5.0 (Windows NT 10.0; Win64; x64) AppleWebKit/537.36 (KHTML, like Gecko) Chrome/62.0.3202.94 Safari/537.36"
58.254.68.93 - - [31/Mar/2025:10:58:46 -0400] "GET /how-to-find-tutors-near-me/ HTTP/1.1" 404 1251 "https://theswadeshbazzar.com" "Mozilla/5.0 (Windows NT 10.0; Win64; x64) AppleWebKit/537.36 (KHTML, like Gecko) Chrome/62.0.3202.94 Safari/537.36"
58.254.68.93 - - [31/Mar/2025:10:58:49 -0400] "GET /how-to-find-tutors-near-me/ HTTP/1.1" 404 1251 "https://theswadeshbazzar.com" "Mozilla/5.0 (Windows NT 10.0; Win64; x64) AppleWebKit/537.36 (KHTML, like Gecko) Chrome/62.0.3202.94 Safari/537.36"
58.254.68.93 - - [31/Mar/2025:10:58:58 -0400] "GET /how-to-find-tutors-near-me/ HTTP/1.1" 404 1251 "https://theswadeshbazzar.com" "Mozilla/5.0 (Windows NT 10.0; Win64; x64) AppleWebKit/537.36 (KHTML, like Gecko) Chrome/62.0.3202.94 Safari/537.36"
58.254.68.93 - - [31/Mar/2025:10:59:01 -0400] "GET /how-to-find-tutors-near-me/ HTTP/1.1" 404 1251 "https://theswadeshbazzar.com" "Mozilla/5.0 (Windows NT 10.0; Win64; x64) AppleWebKit/537.36 (KHTML, like Gecko) Chrome/62.0.3202.94 Safari/537.36"
44.217.146.197 - - [31/Mar/2025:11:00:42 -0400] "GET /hiring-a-digital-marketing-agency/ HTTP/1.1" 404 1251 "-" "Grammarly/1.0 (http://www.grammarly.com)"
4.227.36.15 - - [31/Mar/2025:11:01:28 -0400] "GET /robots.txt HTTP/1.1" 200 23 "-" "Mozilla/5.0 AppleWebKit/537.36 (KHTML, like Gecko; compatible; GPTBot/1.2; +https://openai.com/gptbot)"
66.249.75.171 - - [31/Mar/2025:11:14:18 -0400] "GET /plongez-dans-lunivers-infini-dun-serveur-minecraft/ HTTP/1.1" 404 1251 "-" "Mozilla/5.0 (Linux; Android 6.0.1; Nexus 5X Build/MMB29P) AppleWebKit/537.36 (KHTML, like Gecko) Chrome/134.0.6998.165 Mobile Safari/537.36 (compatible; Googlebot/2.1; +http://www.google.com/bot.html)"
112.92.70.120 - - [31/Mar/2025:11:15:59 -0400] "GET /how-to-find-tutors-near-me/ HTTP/1.1" 404 1251 "https://theswadeshbazzar.com" "Mozilla/5.0 (Windows NT 10.0; Win64; x64) AppleWebKit/537.36 (KHTML, like Gecko) Chrome/62.0.3202.94 Safari/537.36"
112.92.70.120 - - [31/Mar/2025:11:16:01 -0400] "GET /how-to-find-tutors-near-me/ HTTP/1.1" 404 1251 "https://theswadeshbazzar.com" "Mozilla/5.0 (Windows NT 10.0; Win64; x64) AppleWebKit/537.36 (KHTML, like Gecko) Chrome/62.0.3202.94 Safari/537.36"
139.59.18.154 - - [31/Mar/2025:11:19:46 -0400] "GET /wp-content/plugins/WordPressCore/include.php HTTP/1.1" 404 1251 "-" "ShellBot 2.0"
139.59.18.154 - - [31/Mar/2025:11:19:47 -0400] "GET /wp-content/plugins/WordPressCore-1/include.php/wp-content/themes/include.php HTTP/1.1" 404 1251 "-" "ShellBot 2.0"
139.59.18.154 - - [31/Mar/2025:11:19:48 -0400] "GET /wp-content/plugins/include.php HTTP/1.1" 404 1251 "-" "ShellBot 2.0"
139.59.18.154 - - [31/Mar/2025:11:19:49 -0400] "GET /wp-content/plugins/core-plugin/include.php HTTP/1.1" 404 1251 "-" "ShellBot 2.0"
139.59.18.154 - - [31/Mar/2025:11:19:49 -0400] "GET /wp-includes/images/include.php HTTP/1.1" 404 1251 "-" "ShellBot 2.0"
139.59.18.154 - - [31/Mar/2025:11:19:49 -0400] "GET /wp-includes/widgets/include.php HTTP/1.1" 404 1251 "-" "ShellBot 2.0"
58.254.68.93 - - [31/Mar/2025:11:29:40 -0400] "GET /how-to-find-tutors-near-me/ HTTP/1.1" 404 1251 "https://theswadeshbazzar.com" "Mozilla/5.0 (Windows NT 10.0; Win64; x64) AppleWebKit/537.36 (KHTML, like Gecko) Chrome/62.0.3202.94 Safari/537.36"
58.254.68.93 - - [31/Mar/2025:11:29:48 -0400] "GET /how-to-find-tutors-near-me/ HTTP/1.1" 404 1251 "https://theswadeshbazzar.com" "Mozilla/5.0 (Windows NT 10.0; Win64; x64) AppleWebKit/537.36 (KHTML, like Gecko) Chrome/62.0.3202.94 Safari/537.36"
58.254.68.93 - - [31/Mar/2025:11:29:51 -0400] "GET /how-to-find-tutors-near-me/ HTTP/1.1" 404 1251 "https://theswadeshbazzar.com" "Mozilla/5.0 (Windows NT 10.0; Win64; x64) AppleWebKit/537.36 (KHTML, like Gecko) Chrome/62.0.3202.94 Safari/537.36"
58.254.68.93 - - [31/Mar/2025:11:29:56 -0400] "GET /how-to-find-tutors-near-me/ HTTP/1.1" 404 1251 "https://theswadeshbazzar.com" "Mozilla/5.0 (Windows NT 10.0; Win64; x64) AppleWebKit/537.36 (KHTML, like Gecko) Chrome/62.0.3202.94 Safari/537.36"
91.84.98.204 - - [31/Mar/2025:11:31:42 -0400] "GET /cbd-for-anxiety-uk-what-you-need-to-know/ HTTP/1.1" 404 1251 "https://theswadeshbazzar.com/cbd-for-anxiety-uk-what-you-need-to-know/" "Mozilla/5.0 (Windows NT 10.0; Win64; x64) AppleWebKit/537.36 (KHTML, like Gecko) Chrome/129.0.0.0 Safari/537.36"
91.84.98.204 - - [31/Mar/2025:11:31:46 -0400] "GET / HTTP/1.1" 200 156077 "https://theswadeshbazzar.com/" "Mozilla/5.0 (Windows NT 10.0; Win64; x64) AppleWebKit/537.36 (KHTML, like Gecko) Chrome/129.0.0.0 Safari/537.36"
104.239.78.210 - - [31/Mar/2025:11:32:54 -0400] "GET /cbd-for-anxiety-uk-what-you-need-to-know/ HTTP/1.1" 404 1251 "-" "Mozilla/5.0 (X11; Fedora; Linux x86_64; rv:114.0) Gecko/20100101 Firefox/114.0"
104.239.78.210 - - [31/Mar/2025:11:32:56 -0400] "GET / HTTP/1.1" 200 156077 "-" "Mozilla/5.0 (X11; Fedora; Linux x86_64; rv:114.0) Gecko/20100101 Firefox/114.0"
101.35.239.216 - - [31/Mar/2025:11:33:22 -0400] "GET / HTTP/1.1" 200 156077 "-" "Mozilla/5.0 (Linux; Android 10; LIO-AN00 Build/HUAWEILIO-AN00; wv) MicroMessenger Weixin QQ AppleWebKit/537.36 (KHTML, like Gecko) Version/4.0 Chrome/78.0.3904.62 XWEB/2692 MMWEBSDK/200901 Mobile Safari/537.36"
101.35.239.216 - - [31/Mar/2025:11:33:42 -0400] "GET / HTTP/1.1" 200 156077 "-" "Mozilla/5.0 (Linux; Android 10; LIO-AN00 Build/HUAWEILIO-AN00; wv) MicroMessenger Weixin QQ AppleWebKit/537.36 (KHTML, like Gecko) Version/4.0 Chrome/78.0.3904.62 XWEB/2692 MMWEBSDK/200901 Mobile Safari/537.36"
58.253.86.32 - - [31/Mar/2025:11:33:46 -0400] "GET /how-to-troubleshoot-a-dometic-rv-fridge HTTP/1.1" 404 1251 "-" "Java/17.0.14"
101.35.239.216 - - [31/Mar/2025:11:34:05 -0400] "GET / HTTP/1.1" 200 156077 "-" "Mozilla/5.0 (Linux; Android 10; LIO-AN00 Build/HUAWEILIO-AN00; wv) MicroMessenger Weixin QQ AppleWebKit/537.36 (KHTML, like Gecko) Version/4.0 Chrome/78.0.3904.62 XWEB/2692 MMWEBSDK/200901 Mobile Safari/537.36"
85.208.98.19 - - [31/Mar/2025:11:36:10 -0400] "GET /author/tsbadmin/?add-to-cart=3822 HTTP/1.1" 404 1251 "-" "Mozilla/5.0 (compatible; SemrushBot-BA; +http://www.semrush.com/bot.html)"
85.208.98.24 - - [31/Mar/2025:11:36:55 -0400] "GET /coupon-for-lg-phones-give-10/ HTTP/1.1" 404 1251 "-" "Mozilla/5.0 (compatible; SemrushBot-BA; +http://www.semrush.com/bot.html)"
85.208.98.20 - - [31/Mar/2025:11:37:24 -0400] "GET /author/tsbadmin/?add-to-cart=3741 HTTP/1.1" 404 1251 "-" "Mozilla/5.0 (compatible; SemrushBot-BA; +http://www.semrush.com/bot.html)"
51.8.102.129 - - [31/Mar/2025:11:37:29 -0400] "GET /robots.txt HTTP/1.1" 304 0 "-" "Mozilla/5.0 (Macintosh; Intel Mac OS X 10_15_7) AppleWebKit/537.36 (KHTML, like Gecko) Chrome/131.0.0.0 Safari/537.36; compatible; OAI-SearchBot/1.0; +https://openai.com/searchbot"
85.208.98.29 - - [31/Mar/2025:11:37:33 -0400] "GET /deal-and-coupon-grid/ HTTP/1.1" 404 1251 "-" "Mozilla/5.0 (compatible; SemrushBot-BA; +http://www.semrush.com/bot.html)"
85.208.98.20 - - [31/Mar/2025:11:38:05 -0400] "GET /author/tsbadmin/?add-to-cart=3658 HTTP/1.1" 404 1251 "-" "Mozilla/5.0 (compatible; SemrushBot-BA; +http://www.semrush.com/bot.html)"
85.208.98.31 - - [31/Mar/2025:11:38:28 -0400] "GET /author/tsbadmin/?add-to-cart=3230 HTTP/1.1" 404 1251 "-" "Mozilla/5.0 (compatible; SemrushBot-BA; +http://www.semrush.com/bot.html)"
104.167.30.102 - - [31/Mar/2025:11:39:03 -0400] "GET /wp-json/wp/v2/users HTTP/1.1" 404 1251 "https://www.google.com" "Mozilla/5.0 (X11; Linux x86_64) AppleWebKit/537.36 (KHTML, like Gecko) Chrome/119.0.0.0 Safari/537.36"
104.167.30.102 - - [31/Mar/2025:11:39:04 -0400] "GET /?author=1 HTTP/1.1" 200 156077 "https://www.google.com" "Mozilla/5.0 (X11; Linux x86_64) AppleWebKit/537.36 (KHTML, like Gecko) Chrome/119.0.0.0 Safari/537.36"
104.167.30.102 - - [31/Mar/2025:11:39:06 -0400] "GET /wp-login.php HTTP/1.1" 200 1887 "https://www.google.com" "Mozilla/5.0 (X11; Linux x86_64) AppleWebKit/537.36 (KHTML, like Gecko) Chrome/119.0.0.0 Safari/537.36"
198.54.114.83 - - [31/Mar/2025:11:39:11 -0400] "POST /wp-cron.php?doing_wp_cron=1743435550.5982720851898193359375 HTTP/1.1" 200 0 "-" "WordPress/6.7.2; https://theswadeshbazzar.com"
104.167.30.102 - - [31/Mar/2025:11:39:07 -0400] "POST /wp-login.php HTTP/1.1" 200 2012 "https://theswadeshbazzar.com/wp-login.php" "Mozilla/5.0 (X11; Linux x86_64) AppleWebKit/537.36 (KHTML, like Gecko) Chrome/119.0.0.0 Safari/537.36"
198.54.114.83 - - [31/Mar/2025:11:39:11 -0400] "POST /wp-admin/admin-ajax.php?action=async_litespeed&nonce=m00l8K4VfKuCyGmQCJiFNhY5tlpxBgQ2&litespeed_type=imgoptm HTTP/1.1" 200 5 "-" "WordPress/6.7.2; https://theswadeshbazzar.com"
104.167.30.102 - - [31/Mar/2025:11:39:12 -0400] "GET /wp-admin/ HTTP/1.1" 302 0 "https://theswadeshbazzar.com/wp-login.php" "Mozilla/5.0 (X11; Linux x86_64) AppleWebKit/537.36 (KHTML, like Gecko) Chrome/119.0.0.0 Safari/537.36"
104.167.30.102 - - [31/Mar/2025:11:39:13 -0400] "GET /wp-login.php?redirect_to=https%3A%2F%2Ftheswadeshbazzar.com%2Fwp-admin%2F&reauth=1 HTTP/1.1" 200 1886 "https://theswadeshbazzar.com/wp-login.php" "Mozilla/5.0 (X11; Linux x86_64) AppleWebKit/537.36 (KHTML, like Gecko) Chrome/119.0.0.0 Safari/537.36"
104.167.30.102 - - [31/Mar/2025:11:39:14 -0400] "GET /wp-login.php HTTP/1.1" 200 1887 "https://www.google.com" "Mozilla/5.0 (X11; Linux x86_64) AppleWebKit/537.36 (KHTML, like Gecko) Chrome/119.0.0.0 Safari/537.36"
104.167.30.102 - - [31/Mar/2025:11:39:15 -0400] "GET /admin HTTP/1.1" 404 1251 "https://www.google.com" "Mozilla/5.0 (X11; Linux x86_64) AppleWebKit/537.36 (KHTML, like Gecko) Chrome/119.0.0.0 Safari/537.36"
104.167.30.102 - - [31/Mar/2025:11:39:16 -0400] "GET /wp-login.php/ HTTP/1.1" 200 1886 "https://www.google.com" "Mozilla/5.0 (X11; Linux x86_64) AppleWebKit/537.36 (KHTML, like Gecko) Chrome/119.0.0.0 Safari/537.36"
104.167.30.102 - - [31/Mar/2025:11:39:17 -0400] "GET /admin/ HTTP/1.1" 404 1251 "https://www.google.com" "Mozilla/5.0 (X11; Linux x86_64) AppleWebKit/537.36 (KHTML, like Gecko) Chrome/119.0.0.0 Safari/537.36"
104.167.30.102 - - [31/Mar/2025:11:39:18 -0400] "GET /wp-login.php HTTP/1.1" 200 1887 "https://www.google.com" "Mozilla/5.0 (X11; Linux x86_64) AppleWebKit/537.36 (KHTML, like Gecko) Chrome/119.0.0.0 Safari/537.36"
104.167.30.102 - - [31/Mar/2025:11:39:20 -0400] "GET /administrator HTTP/1.1" 404 1251 "https://www.google.com" "Mozilla/5.0 (X11; Linux x86_64) AppleWebKit/537.36 (KHTML, like Gecko) Chrome/119.0.0.0 Safari/537.36"
104.167.30.102 - - [31/Mar/2025:11:39:20 -0400] "GET /wp-login.php HTTP/1.1" 200 1887 "https://www.google.com" "Mozilla/5.0 (X11; Linux x86_64) AppleWebKit/537.36 (KHTML, like Gecko) Chrome/119.0.0.0 Safari/537.36"
104.167.30.102 - - [31/Mar/2025:11:39:21 -0400] "GET /admin HTTP/1.1" 404 1251 "https://www.google.com" "Mozilla/5.0 (X11; Linux x86_64) AppleWebKit/537.36 (KHTML, like Gecko) Chrome/119.0.0.0 Safari/537.36"
85.208.98.20 - - [31/Mar/2025:11:39:25 -0400] "GET /author/tsbadmin/?add-to-cart=3805 HTTP/1.1" 404 1251 "-" "Mozilla/5.0 (compatible; SemrushBot-BA; +http://www.semrush.com/bot.html)"
85.208.98.20 - - [31/Mar/2025:11:39:35 -0400] "GET /author/tsbadmin/?add-to-cart=3820 HTTP/1.1" 404 1251 "-" "Mozilla/5.0 (compatible; SemrushBot-BA; +http://www.semrush.com/bot.html)"
85.208.98.22 - - [31/Mar/2025:11:40:10 -0400] "GET /win-100-cashback-every-hour-on-delhi-metro-card-recharge/ HTTP/1.1" 404 1251 "-" "Mozilla/5.0 (compatible; SemrushBot-BA; +http://www.semrush.com/bot.html)"
178.217.98.213 - - [31/Mar/2025:11:40:32 -0400] "GET /cbd-for-anxiety-uk-what-you-need-to-know/ HTTP/1.1" 404 1251 "https://theswadeshbazzar.com/cbd-for-anxiety-uk-what-you-need-to-know/" "Mozilla/5.0 (Windows NT 10.0; Win64; x64) AppleWebKit/537.36 (KHTML, like Gecko) Chrome/131.0.0.0 Safari/537.36"
178.217.98.213 - - [31/Mar/2025:11:40:33 -0400] "GET / HTTP/1.1" 200 156077 "https://theswadeshbazzar.com/" "Mozilla/5.0 (Windows NT 10.0; Win64; x64) AppleWebKit/537.36 (KHTML, like Gecko) Chrome/131.0.0.0 Safari/537.36"
85.208.98.22 - - [31/Mar/2025:11:42:14 -0400] "GET /author/tsbadmin/?add-to-cart=3652 HTTP/1.1" 404 1251 "-" "Mozilla/5.0 (compatible; SemrushBot-BA; +http://www.semrush.com/bot.html)"
66.249.75.164 - - [31/Mar/2025:11:42:24 -0400] "GET /innovative-beleuchtung-moderne-hangelampen-fur-ihr-zuhause/ HTTP/1.1" 404 1251 "-" "Mozilla/5.0 (Linux; Android 6.0.1; Nexus 5X Build/MMB29P) AppleWebKit/537.36 (KHTML, like Gecko) Chrome/134.0.6998.165 Mobile Safari/537.36 (compatible; Googlebot/2.1; +http://www.google.com/bot.html)"
85.208.98.29 - - [31/Mar/2025:11:44:06 -0400] "GET /big-blog-items/ HTTP/1.1" 404 1251 "-" "Mozilla/5.0 (compatible; SemrushBot-BA; +http://www.semrush.com/bot.html)"
66.249.75.165 - - [31/Mar/2025:11:44:58 -0400] "GET /maximizing-space-creative-solutions-for-small-bathroom-renovations/ HTTP/1.1" 404 1251 "-" "Mozilla/5.0 (Linux; Android 6.0.1; Nexus 5X Build/MMB29P) AppleWebKit/537.36 (KHTML, like Gecko) Chrome/134.0.6998.165 Mobile Safari/537.36 (compatible; Googlebot/2.1; +http://www.google.com/bot.html)"
85.208.98.19 - - [31/Mar/2025:11:45:21 -0400] "GET /author/tsbadmin/?add-to-cart=3253 HTTP/1.1" 404 1251 "-" "Mozilla/5.0 (compatible; SemrushBot-BA; +http://www.semrush.com/bot.html)"
85.208.98.19 - - [31/Mar/2025:11:46:15 -0400] "GET /coupon-list/ HTTP/1.1" 404 1251 "-" "Mozilla/5.0 (compatible; SemrushBot-BA; +http://www.semrush.com/bot.html)"
85.208.98.31 - - [31/Mar/2025:11:46:52 -0400] "GET /feature-area-and-sections/ HTTP/1.1" 404 1251 "-" "Mozilla/5.0 (compatible; SemrushBot-BA; +http://www.semrush.com/bot.html)"
85.208.98.22 - - [31/Mar/2025:11:47:23 -0400] "GET /author/tsbadmin/?add-to-cart=3831 HTTP/1.1" 404 1251 "-" "Mozilla/5.0 (compatible; SemrushBot-BA; +http://www.semrush.com/bot.html)"
85.208.98.29 - - [31/Mar/2025:11:47:52 -0400] "GET /author/tsbadmin/?add-to-cart=3233 HTTP/1.1" 404 1251 "-" "Mozilla/5.0 (compatible; SemrushBot-BA; +http://www.semrush.com/bot.html)"
85.208.98.20 - - [31/Mar/2025:11:48:18 -0400] "GET /author/tsbadmin/?add-to-cart=3767 HTTP/1.1" 404 1251 "-" "Mozilla/5.0 (compatible; SemrushBot-BA; +http://www.semrush.com/bot.html)"
85.208.98.16 - - [31/Mar/2025:11:48:47 -0400] "GET /author/tsbadmin/?add-to-cart=3465 HTTP/1.1" 404 1251 "-" "Mozilla/5.0 (compatible; SemrushBot-BA; +http://www.semrush.com/bot.html)"
85.208.98.19 - - [31/Mar/2025:11:49:14 -0400] "GET /author/tsbadmin/?add-to-cart=3467 HTTP/1.1" 404 1251 "-" "Mozilla/5.0 (compatible; SemrushBot-BA; +http://www.semrush.com/bot.html)"
85.208.98.20 - - [31/Mar/2025:11:49:39 -0400] "GET /posts-masonry/ HTTP/1.1" 404 1251 "-" "Mozilla/5.0 (compatible; SemrushBot-BA; +http://www.semrush.com/bot.html)"
85.208.98.20 - - [31/Mar/2025:11:50:05 -0400] "GET /category/coupons-and-deals/ HTTP/1.1" 404 1251 "-" "Mozilla/5.0 (compatible; SemrushBot-BA; +http://www.semrush.com/bot.html)"
2a01:4f8:202:21d7::2 - - [31/Mar/2025:11:50:16 -0400] "GET /enjoying-rc-boats-with-your-family/ HTTP/1.1" 404 1251 "-" "Mozilla/5.0 (Macintosh; Intel Mac OS X 10.15; rv:108.0) Gecko/20100101 Firefox/108.0"
2a01:4f8:202:21d7::2 - - [31/Mar/2025:11:50:17 -0400] "GET /the-kite-or-kite-flying/ HTTP/1.1" 404 1251 "-" "Mozilla/5.0 (Windows NT 10.0; Win64; x64) AppleWebKit/537.36 (KHTML, like Gecko) Chrome/108.0.0.0 Safari/537.36 Edg/108.0.1462.54"
2a01:4f8:202:21d7::2 - - [31/Mar/2025:11:50:20 -0400] "GET /lets-talk-about-distance-learning-mba/ HTTP/1.1" 404 1251 "-" "Mozilla/5.0 (Windows NT 10.0; rv:109.0) Gecko/20100101 Firefox/109.0"
2a01:4f8:202:21d7::2 - - [31/Mar/2025:11:50:21 -0400] "GET /best-spa-hotels-and-resorts-drive-away-your-blues-in-style/ HTTP/1.1" 404 1251 "-" "Mozilla/5.0 (Windows NT 10.0; Win64; x64; rv:109.0) Gecko/20100101 Firefox/110.0"
2a01:4f8:202:21d7::2 - - [31/Mar/2025:11:50:23 -0400] "GET /sports-betting-basics-to-remember/ HTTP/1.1" 404 1251 "-" "Mozilla/5.0 (Macintosh; Intel Mac OS X 10.15; rv:102.0) Gecko/20100101 Firefox/102.0"
66.249.75.170 - - [31/Mar/2025:11:50:24 -0400] "GET /rechtsberatung-fur-individuelle-anliegen/feed/ HTTP/1.1" 404 1251 "-" "Mozilla/5.0 (Linux; Android 6.0.1; Nexus 5X Build/MMB29P) AppleWebKit/537.36 (KHTML, like Gecko) Chrome/134.0.6998.165 Mobile Safari/537.36 (compatible; Googlebot/2.1; +http://www.google.com/bot.html)"
85.208.98.24 - - [31/Mar/2025:11:50:28 -0400] "GET /author/tsbadmin/?add-to-cart=3266 HTTP/1.1" 404 1251 "-" "Mozilla/5.0 (compatible; SemrushBot-BA; +http://www.semrush.com/bot.html)"
66.249.75.169 - - [31/Mar/2025:11:50:47 -0400] "GET /the-voice-of-byzantine-feminism/feed/ HTTP/1.1" 404 1251 "-" "Mozilla/5.0 (Linux; Android 6.0.1; Nexus 5X Build/MMB29P) AppleWebKit/537.36 (KHTML, like Gecko) Chrome/134.0.6998.165 Mobile Safari/537.36 (compatible; Googlebot/2.1; +http://www.google.com/bot.html)"
66.249.75.169 - - [31/Mar/2025:11:50:48 -0400] "GET /creative-renovation-ideas/feed/ HTTP/1.1" 404 1251 "-" "Mozilla/5.0 (Linux; Android 6.0.1; Nexus 5X Build/MMB29P) AppleWebKit/537.36 (KHTML, like Gecko) Chrome/134.0.6998.165 Mobile Safari/537.36 (compatible; Googlebot/2.1; +http://www.google.com/bot.html)"
85.208.98.20 - - [31/Mar/2025:11:50:51 -0400] "GET /community-directory-list/ HTTP/1.1" 404 1251 "-" "Mozilla/5.0 (compatible; SemrushBot-BA; +http://www.semrush.com/bot.html)"
2a01:4f8:202:21d7::2 - - [31/Mar/2025:11:50:58 -0400] "GET /diabkil-capsules-review-helps-you-in-choosing-the-right-diabetes-herbal-treatment/ HTTP/1.1" 404 1251 "-" "Mozilla/5.0 (Macintosh; Intel Mac OS X 10.15; rv:102.0) Gecko/20100101 Firefox/102.0"
2a01:4f8:202:21d7::2 - - [31/Mar/2025:11:50:58 -0400] "GET /the-secret-of-a-photoshop-edit-picture/ HTTP/1.1" 404 1251 "-" "Mozilla/5.0 (Windows NT 6.1; Win64; x64) AppleWebKit/537.36 (KHTML, like Gecko) Chrome/108.0.0.0 Safari/537.36"
2a01:4f8:202:21d7::2 - - [31/Mar/2025:11:51:31 -0400] "GET /lg-best-split-ac-for-this-summers/ HTTP/1.1" 404 1251 "-" "Mozilla/5.0 (Windows NT 10.0; WOW64) AppleWebKit/537.36 (KHTML, like Gecko) Chrome/108.0.0.0 Safari/537.36"
2a01:4f8:202:21d7::2 - - [31/Mar/2025:11:51:34 -0400] "GET /revised-rbi-guidelines-for-housing-finance-companies/ HTTP/1.1" 404 1251 "-" "Mozilla/5.0 (Windows NT 10.0; Win64; x64) AppleWebKit/537.36 (KHTML, like Gecko) Chrome/106.0.0.0 Safari/537.36"
2a01:4f8:202:21d7::2 - - [31/Mar/2025:11:51:40 -0400] "GET /5-key-factors-for-top-offshore-software-development-services/ HTTP/1.1" 404 1251 "-" "Mozilla/5.0 (Windows NT 10.0; Win64; x64) AppleWebKit/537.36 (KHTML, like Gecko) Chrome/108.0.0.0 Safari/537.36 OPR/94.0.0.0"
2a01:4f8:202:21d7::2 - - [31/Mar/2025:11:51:55 -0400] "GET /up-the-creek-pontoon-boats-for-fisherman/ HTTP/1.1" 404 1251 "-" "Mozilla/5.0 (Macintosh; Intel Mac OS X 10_15_7) AppleWebKit/537.36 (KHTML, like Gecko) Chrome/108.0.0.0 Safari/537.36"
2a01:4f8:202:21d7::2 - - [31/Mar/2025:11:51:59 -0400] "GET /colon-ca-and-pain-in-colon/ HTTP/1.1" 404 1251 "-" "Mozilla/5.0 (Windows NT 10.0; Win64; x64) AppleWebKit/537.36 (KHTML, like Gecko) Chrome/106.0.0.0 YaBrowser/22.11.5.715 Yowser/2.5 Safari/537.36"
2a01:4f8:202:21d7::2 - - [31/Mar/2025:11:52:00 -0400] "GET /online-photography-courses-for-you/ HTTP/1.1" 404 1251 "-" "Mozilla/5.0 (Macintosh; Intel Mac OS X 10_15_7) AppleWebKit/605.1.15 (KHTML, like Gecko) Version/16.1 Safari/605.1.15"
2a01:4f8:202:21d7::2 - - [31/Mar/2025:11:52:16 -0400] "GET /hawaiian-socks-a-luau-for-your-feet/ HTTP/1.1" 404 1251 "-" "Mozilla/5.0 (Windows NT 10.0; Win64; x64) AppleWebKit/537.36 (KHTML, like Gecko) Chrome/99.0.4844.51 Safari/537.36"
52.45.47.38 - - [31/Mar/2025:11:54:18 -0400] "GET /hiring-a-digital-marketing-agency/ HTTP/1.1" 404 1251 "-" "Grammarly/1.0 (http://www.grammarly.com)"
112.92.70.120 - - [31/Mar/2025:11:54:35 -0400] "GET /zahnimplantate-kunstliche-zahne-konnen-ihre-perspektive-verandern/ HTTP/1.1" 404 1251 "https://theswadeshbazzar.com" "Mozilla/5.0 (Windows NT 10.0; Win64; x64) AppleWebKit/537.36 (KHTML, like Gecko) Chrome/62.0.3202.94 Safari/537.36"
66.249.75.170 - - [31/Mar/2025:11:56:16 -0400] "GET /exploring-asamulin-for-gout-and-cholesterol-management/ HTTP/1.1" 404 1251 "-" "Mozilla/5.0 (Linux; Android 6.0.1; Nexus 5X Build/MMB29P) AppleWebKit/537.36 (KHTML, like Gecko) Chrome/134.0.6998.165 Mobile Safari/537.36 (compatible; Googlebot/2.1; +http://www.google.com/bot.html)"
2a01:4f8:202:21d7::2 - - [31/Mar/2025:11:56:30 -0400] "GET /whirlpool-service-center-hyderabad-040-27840126/ HTTP/1.1" 404 1251 "-" "Mozilla/5.0 (Windows NT 10.0; Win64; x64; rv:102.0) Gecko/20100101 Firefox/102.0"
2a01:4f8:202:21d7::2 - - [31/Mar/2025:11:56:31 -0400] "GET /positive-hollywood-guitar-center-in-los-angeles-customer-reviews/ HTTP/1.1" 404 1251 "-" "Mozilla/5.0 (Windows NT 10.0; Win64; x64) AppleWebKit/537.36 (KHTML, like Gecko) Chrome/107.0.0.0 Safari/537.36 OPR/93.0.0.0"
2a01:4f8:202:21d7::2 - - [31/Mar/2025:11:56:43 -0400] "GET /uploading-your-videos-to-youtube/ HTTP/1.1" 404 1251 "-" "Mozilla/5.0 (Windows NT 10.0; Win64; x64; rv:109.0) Gecko/20100101 Firefox/109.0"
2a01:4f8:202:21d7::2 - - [31/Mar/2025:11:56:43 -0400] "GET /play-wheel-of-fortune-in-online-casinos/ HTTP/1.1" 404 1251 "-" "Mozilla/5.0 (X11; Ubuntu; Linux x86_64; rv:109.0) Gecko/20100101 Firefox/109.0"
2a01:4f8:202:21d7::2 - - [31/Mar/2025:11:56:49 -0400] "GET /profession-of-locksmith-better-know-the-dangers-beforehand/ HTTP/1.1" 404 1251 "-" "Mozilla/5.0 (Windows NT 10.0; Win64; x64; rv:107.0) Gecko/20100101 Firefox/107.0"
198.54.114.83 - - [31/Mar/2025:11:58:30 -0400] "POST /wp-admin/admin-ajax.php?action=async_litespeed&nonce=R0B1GbmEMX17rqo0C6z4sVPOOJDdpBth&litespeed_type=imgoptm HTTP/1.1" 200 5 "-" "WordPress/6.7.2; https://theswadeshbazzar.com"
213.136.81.226 - - [31/Mar/2025:11:58:30 -0400] "GET /wp-admin/ HTTP/1.1" 302 0 "-" "Mozlila/5.0 (Linux; Android 7.0; SM-G892A Bulid/NRD90M; wv) AppleWebKit/537.36 (KHTML, like Gecko) Version/4.0 Chrome/60.0.3112.107 Moblie Safari/537.36"
213.136.81.226 - - [31/Mar/2025:11:58:31 -0400] "GET /wp-login.php?redirect_to=https%3A%2F%2Ftheswadeshbazzar.com%2Fwp-admin%2F&reauth=1 HTTP/1.1" 200 1886 "-" "Mozlila/5.0 (Linux; Android 7.0; SM-G892A Bulid/NRD90M; wv) AppleWebKit/537.36 (KHTML, like Gecko) Version/4.0 Chrome/60.0.3112.107 Moblie Safari/537.36"
2a01:4f8:202:21d7::2 - - [31/Mar/2025:11:59:14 -0400] "GET /how-to-maintain-the-carburetor-and-fuel-system-4/ HTTP/1.1" 404 1251 "-" "Mozilla/5.0 (Macintosh; Intel Mac OS X 10.15; rv:108.0) Gecko/20100101 Firefox/108.0"
2a01:4f8:202:21d7::2 - - [31/Mar/2025:11:59:48 -0400] "GET /15-things-you-didnt-know-about-thailand/ HTTP/1.1" 404 1251 "-" "Mozilla/5.0 (Macintosh; Intel Mac OS X 10_15_7) AppleWebKit/537.36 (KHTML, like Gecko) Chrome/107.0.0.0 Safari/537.36"
2a01:4f8:202:21d7::2 - - [31/Mar/2025:11:59:57 -0400] "GET /sports-supplement/ HTTP/1.1" 404 1251 "-" "Mozilla/5.0 (Windows NT 6.1; Win64; x64) AppleWebKit/537.36 (KHTML, like Gecko) Chrome/109.0.0.0 Safari/537.36"
2a01:4f8:202:21d7::2 - - [31/Mar/2025:12:00:05 -0400] "GET /great-plains-consultant-newsflash-reading-dynamics-set-file/ HTTP/1.1" 404 1251 "-" "Mozilla/5.0 (X11; Linux x86_64) AppleWebKit/537.36 (KHTML, like Gecko) Chrome/109.0.0.0 Safari/537.36"
2a01:4f8:202:21d7::2 - - [31/Mar/2025:12:00:20 -0400] "GET /checking-your-credit-report/ HTTP/1.1" 404 1251 "-" "Mozilla/5.0 (Macintosh; Intel Mac OS X 10_15_7) AppleWebKit/537.36 (KHTML, like Gecko) Chrome/108.0.0.0 Safari/537.36"
2a01:4f8:202:21d7::2 - - [31/Mar/2025:12:00:20 -0400] "GET /can-mediation-work-for-you-in-lieu-of-divorce/ HTTP/1.1" 404 1251 "-" "Mozilla/5.0 (Windows NT 10.0; rv:109.0) Gecko/20100101 Firefox/109.0"
66.249.75.170 - - [31/Mar/2025:12:00:27 -0400] "GET /effizienter-umzug-mit-einem-professionellen-umzugsunternehmen-in-hamburg/ HTTP/1.1" 404 1251 "-" "Mozilla/5.0 (Linux; Android 6.0.1; Nexus 5X Build/MMB29P) AppleWebKit/537.36 (KHTML, like Gecko) Chrome/134.0.6998.165 Mobile Safari/537.36 (compatible; Googlebot/2.1; +http://www.google.com/bot.html)"
2a01:4f8:202:21d7::2 - - [31/Mar/2025:12:01:06 -0400] "GET /restoriation-of-a-metal-roof/ HTTP/1.1" 404 1251 "-" "Mozilla/5.0 (X11; Linux x86_64; rv:109.0) Gecko/20100101 Firefox/109.0"
58.254.68.93 - - [31/Mar/2025:12:01:18 -0400] "GET /how-to-find-tutors-near-me/ HTTP/1.1" 404 1251 "https://theswadeshbazzar.com" "Mozilla/5.0 (Windows NT 10.0; Win64; x64) AppleWebKit/537.36 (KHTML, like Gecko) Chrome/62.0.3202.94 Safari/537.36"
58.254.68.93 - - [31/Mar/2025:12:01:21 -0400] "GET /how-to-find-tutors-near-me/ HTTP/1.1" 404 1251 "https://theswadeshbazzar.com" "Mozilla/5.0 (Windows NT 10.0; Win64; x64) AppleWebKit/537.36 (KHTML, like Gecko) Chrome/62.0.3202.94 Safari/537.36"
109.172.87.122 - - [31/Mar/2025:12:01:56 -0400] "GET /cbd-for-anxiety-uk-what-you-need-to-know/ HTTP/1.1" 404 1251 "https://theswadeshbazzar.com/cbd-for-anxiety-uk-what-you-need-to-know/" "Mozilla/5.0 (Windows NT 10.0; Win64; x64) AppleWebKit/537.36 (KHTML, like Gecko) Chrome/130.0.0.0 Safari/537.36 CCleaner/130.0.0.0"
109.172.87.122 - - [31/Mar/2025:12:01:56 -0400] "GET / HTTP/1.1" 200 156077 "https://theswadeshbazzar.com/" "Mozilla/5.0 (Windows NT 10.0; Win64; x64) AppleWebKit/537.36 (KHTML, like Gecko) Chrome/130.0.0.0 Safari/537.36 CCleaner/130.0.0.0"
103.153.202.99 - - [31/Mar/2025:12:02:02 -0400] "GET / HTTP/1.1" 200 156077 "https://theswadeshbazzar.com" "Mozilla/4.0 (compatible; MSIE 9.0; Windows NT 6.1)"
66.249.75.163 - - [31/Mar/2025:12:05:24 -0400] "GET /gitarre-lernen-in-dusseldorf-fur-alle-level/ HTTP/1.1" 404 1251 "-" "Mozilla/5.0 (Linux; Android 6.0.1; Nexus 5X Build/MMB29P) AppleWebKit/537.36 (KHTML, like Gecko) Chrome/134.0.6998.165 Mobile Safari/537.36 (compatible; Googlebot/2.1; +http://www.google.com/bot.html)"
66.249.75.164 - - [31/Mar/2025:12:06:58 -0400] "GET /fda-otc-regulations-and-their-importance-in-consumer-safety/ HTTP/1.1" 404 1251 "-" "Mozilla/5.0 (Linux; Android 6.0.1; Nexus 5X Build/MMB29P) AppleWebKit/537.36 (KHTML, like Gecko) Chrome/134.0.6998.165 Mobile Safari/537.36 (compatible; Googlebot/2.1; +http://www.google.com/bot.html)"
198.54.114.83 - - [31/Mar/2025:12:08:54 -0400] "POST /wp-cron.php?doing_wp_cron=1743437334.0257840156555175781250 HTTP/1.1" 200 0 "-" "WordPress/6.7.2; https://theswadeshbazzar.com"
13.229.78.155 - - [31/Mar/2025:12:08:51 -0400] "POST /wp-login.php HTTP/1.1" 200 2012 "-" "Mozlila/5.0 (Linux; Android 7.0; SM-G892A Bulid/NRD90M; wv) AppleWebKit/537.36 (KHTML, like Gecko) Version/4.0 Chrome/60.0.3112.107 Moblie Safari/537.36"
13.229.78.155 - - [31/Mar/2025:12:08:54 -0400] "GET /wp-admin/plugin-install.php?tab=upload HTTP/1.1" 302 0 "-" "Mozlila/5.0 (Linux; Android 7.0; SM-G892A Bulid/NRD90M; wv) AppleWebKit/537.36 (KHTML, like Gecko) Version/4.0 Chrome/60.0.3112.107 Moblie Safari/537.36"
198.54.114.83 - - [31/Mar/2025:12:08:54 -0400] "POST /wp-admin/admin-ajax.php?action=async_litespeed&nonce=B6SIw6Obsj9NIfDnXl1CdCvicj05BQGW&litespeed_type=imgoptm HTTP/1.1" 200 5 "-" "WordPress/6.7.2; https://theswadeshbazzar.com"
13.229.78.155 - - [31/Mar/2025:12:08:55 -0400] "GET /wp-login.php?redirect_to=https%3A%2F%2Ftheswadeshbazzar.com%2Fwp-admin%2Fplugin-install.php%3Ftab%3Dupload&reauth=1 HTTP/1.1" 200 1905 "-" "Mozlila/5.0 (Linux; Android 7.0; SM-G892A Bulid/NRD90M; wv) AppleWebKit/537.36 (KHTML, like Gecko) Version/4.0 Chrome/60.0.3112.107 Moblie Safari/537.36"
66.249.75.163 - - [31/Mar/2025:12:09:00 -0400] "GET /usb-headsets/ HTTP/1.1" 404 1251 "-" "Mozilla/5.0 (Linux; Android 6.0.1; Nexus 5X Build/MMB29P) AppleWebKit/537.36 (KHTML, like Gecko) Chrome/134.0.6998.165 Mobile Safari/537.36 (compatible; Googlebot/2.1; +http://www.google.com/bot.html)"
66.249.75.164 - - [31/Mar/2025:12:09:02 -0400] "GET /laptop-keyboard-troubleshooting/ HTTP/1.1" 404 1251 "-" "Mozilla/5.0 (Linux; Android 6.0.1; Nexus 5X Build/MMB29P) AppleWebKit/537.36 (KHTML, like Gecko) Chrome/134.0.6998.165 Mobile Safari/537.36 (compatible; Googlebot/2.1; +http://www.google.com/bot.html)"
66.249.75.165 - - [31/Mar/2025:12:10:18 -0400] "GET /laptop-fan-maintenance/ HTTP/1.1" 404 1251 "-" "Mozilla/5.0 (Linux; Android 6.0.1; Nexus 5X Build/MMB29P) AppleWebKit/537.36 (KHTML, like Gecko) Chrome/134.0.6998.165 Mobile Safari/537.36 (compatible; Googlebot/2.1; +http://www.google.com/bot.html)"
3.230.114.103 - - [31/Mar/2025:12:11:05 -0400] "GET /the-health-benefits-of-cold-water-therapy/ HTTP/1.1" 404 1251 "-" "Grammarly/1.0 (http://www.grammarly.com)"
111.119.234.114 - - [31/Mar/2025:12:12:46 -0400] "GET /exploring-the-pixelated-world-of-minecraft-pickup-lines/ HTTP/1.1" 404 1251 "https://theswadeshbazzar.com/exploring-the-pixelated-world-of-minecraft-pickup-lines/" "Mozilla/5.0 (Windows NT 10.0; Win64; x64) AppleWebKit/537.36 (KHTML, like Gecko) Chrome/104.0.0.0 Safari/537.36"
66.249.75.160 - - [31/Mar/2025:12:13:10 -0400] "GET /revolutionizing-casino-revenue-the-innovative-solution-distribution/ HTTP/1.1" 404 1251 "-" "Mozilla/5.0 (Linux; Android 6.0.1; Nexus 5X Build/MMB29P) AppleWebKit/537.36 (KHTML, like Gecko) Chrome/134.0.6998.165 Mobile Safari/537.36 (compatible; Googlebot/2.1; +http://www.google.com/bot.html)"
66.249.75.174 - - [31/Mar/2025:12:13:21 -0400] "GET /how-to-change-time-on-apple-watch/ HTTP/1.1" 404 1251 "-" "Mozilla/5.0 (Linux; Android 6.0.1; Nexus 5X Build/MMB29P) AppleWebKit/537.36 (KHTML, like Gecko) Chrome/134.0.6998.165 Mobile Safari/537.36 (compatible; Googlebot/2.1; +http://www.google.com/bot.html)"
66.249.75.173 - - [31/Mar/2025:12:15:01 -0400] "GET /la-solution-pour-les-entreprises-modernes/ HTTP/1.1" 404 1251 "-" "Mozilla/5.0 (Linux; Android 6.0.1; Nexus 5X Build/MMB29P) AppleWebKit/537.36 (KHTML, like Gecko) Chrome/134.0.6998.165 Mobile Safari/537.36 (compatible; Googlebot/2.1; +http://www.google.com/bot.html)"
66.249.75.164 - - [31/Mar/2025:12:20:19 -0400] "GET /creative-renovation-ideas/ HTTP/1.1" 404 1251 "-" "Mozilla/5.0 (Linux; Android 6.0.1; Nexus 5X Build/MMB29P) AppleWebKit/537.36 (KHTML, like Gecko) Chrome/134.0.6998.165 Mobile Safari/537.36 (compatible; Googlebot/2.1; +http://www.google.com/bot.html)"
34.205.170.13 - - [31/Mar/2025:12:20:51 -0400] "GET /brighten-iphone-screen-enhance-visibility/ HTTP/1.1" 404 1251 "-" "Mozilla/5.0 AppleWebKit/537.36 (KHTML, like Gecko; compatible; Amazonbot/0.1; +https://developer.amazon.com/support/amazonbot) Chrome/119.0.6045.214 Safari/537.36"
54.84.169.196 - - [31/Mar/2025:12:27:07 -0400] "GET /une-mini-imprimante-est-un-excellent-cadeau-pour-une-occasion-speciale-ou-simplement-parce-que/ HTTP/1.1" 404 1251 "-" "Mozilla/5.0 AppleWebKit/537.36 (KHTML, like Gecko; compatible; Amazonbot/0.1; +https://developer.amazon.com/support/amazonbot) Chrome/119.0.6045.214 Safari/537.36"
58.254.68.93 - - [31/Mar/2025:12:27:48 -0400] "GET /zahnimplantate-kunstliche-zahne-konnen-ihre-perspektive-verandern/ HTTP/1.1" 404 1251 "https://theswadeshbazzar.com" "Mozilla/5.0 (Windows NT 10.0; Win64; x64) AppleWebKit/537.36 (KHTML, like Gecko) Chrome/62.0.3202.94 Safari/537.36"
58.254.68.93 - - [31/Mar/2025:12:27:52 -0400] "GET /zahnimplantate-kunstliche-zahne-konnen-ihre-perspektive-verandern/ HTTP/1.1" 404 1251 "https://theswadeshbazzar.com" "Mozilla/5.0 (Windows NT 10.0; Win64; x64) AppleWebKit/537.36 (KHTML, like Gecko) Chrome/62.0.3202.94 Safari/537.36"
58.254.68.93 - - [31/Mar/2025:12:27:54 -0400] "GET /zahnimplantate-kunstliche-zahne-konnen-ihre-perspektive-verandern/ HTTP/1.1" 404 1251 "https://theswadeshbazzar.com" "Mozilla/5.0 (Windows NT 10.0; Win64; x64) AppleWebKit/537.36 (KHTML, like Gecko) Chrome/62.0.3202.94 Safari/537.36"
58.254.68.93 - - [31/Mar/2025:12:27:58 -0400] "GET /zahnimplantate-kunstliche-zahne-konnen-ihre-perspektive-verandern/ HTTP/1.1" 404 1251 "https://theswadeshbazzar.com" "Mozilla/5.0 (Windows NT 10.0; Win64; x64) AppleWebKit/537.36 (KHTML, like Gecko) Chrome/62.0.3202.94 Safari/537.36"
3.232.39.98 - - [31/Mar/2025:12:29:43 -0400] "GET /maximizing-online-marketing-for-small-businesses/ HTTP/1.1" 404 1251 "-" "Mozilla/5.0 AppleWebKit/537.36 (KHTML, like Gecko; compatible; Amazonbot/0.1; +https://developer.amazon.com/support/amazonbot) Chrome/119.0.6045.214 Safari/537.36"
66.249.75.168 - - [31/Mar/2025:12:30:18 -0400] "GET /discover-the-sora-showflat-a-modern-haven/ HTTP/1.1" 404 1251 "-" "Mozilla/5.0 (Linux; Android 6.0.1; Nexus 5X Build/MMB29P) AppleWebKit/537.36 (KHTML, like Gecko) Chrome/134.0.6998.165 Mobile Safari/537.36 (compatible; Googlebot/2.1; +http://www.google.com/bot.html)"
146.70.189.132 - - [31/Mar/2025:12:32:22 -0400] "GET / HTTP/1.1" 200 156077 "-" "Mozilla/5.0 (Macintosh; Intel Mac OS X 12_5) AppleWebKit/537.36 (KHTML, like Gecko) Chrome/114.0.0.0 Safari/537.36 OPR/89.0.4447.51"
146.70.189.132 - - [31/Mar/2025:12:32:23 -0400] "GET /%22%20+%20t.href%20+%20%22 HTTP/1.1" 404 1251 "https://theswadeshbazzar.com" "Mozilla/5.0 (Macintosh; Intel Mac OS X 12_5) AppleWebKit/537.36 (KHTML, like Gecko) Chrome/114.0.0.0 Safari/537.36 OPR/89.0.4447.51"
146.70.189.132 - - [31/Mar/2025:12:32:24 -0400] "GET /%3C HTTP/1.1" 404 1251 "https://theswadeshbazzar.com" "Mozilla/5.0 (Macintosh; Intel Mac OS X 12_5) AppleWebKit/537.36 (KHTML, like Gecko) Chrome/114.0.0.0 Safari/537.36 OPR/89.0.4447.51"
146.70.189.132 - - [31/Mar/2025:12:32:25 -0400] "GET /amazonfresh HTTP/1.1" 404 1251 "https://theswadeshbazzar.com" "Mozilla/5.0 (Macintosh; Intel Mac OS X 12_5) AppleWebKit/537.36 (KHTML, like Gecko) Chrome/114.0.0.0 Safari/537.36 OPR/89.0.4447.51"
146.70.189.132 - - [31/Mar/2025:12:32:26 -0400] "GET /kindle-dbs/ku/ku-central?ref_=nav_AccountFlyout_ku HTTP/1.1" 404 1251 "https://theswadeshbazzar.com" "Mozilla/5.0 (Macintosh; Intel Mac OS X 12_5) AppleWebKit/537.36 (KHTML, like Gecko) Chrome/114.0.0.0 Safari/537.36 OPR/89.0.4447.51"
146.70.189.132 - - [31/Mar/2025:12:32:26 -0400] "GET /gp/prime?ref_=nav_prime_btn_fb HTTP/1.1" 404 1251 "https://theswadeshbazzar.com" "Mozilla/5.0 (Macintosh; Intel Mac OS X 12_5) AppleWebKit/537.36 (KHTML, like Gecko) Chrome/114.0.0.0 Safari/537.36 OPR/89.0.4447.51"
146.70.189.132 - - [31/Mar/2025:12:32:27 -0400] "GET /photos?ref_=nav_AccountFlyout_photos HTTP/1.1" 404 1251 "https://theswadeshbazzar.com" "Mozilla/5.0 (Macintosh; Intel Mac OS X 12_5) AppleWebKit/537.36 (KHTML, like Gecko) Chrome/114.0.0.0 Safari/537.36 OPR/89.0.4447.51"
146.70.189.132 - - [31/Mar/2025:12:32:30 -0400] "GET /gp/registry/wishlist/ HTTP/1.1" 404 1251 "https://theswadeshbazzar.com" "Mozilla/5.0 (Macintosh; Intel Mac OS X 12_5) AppleWebKit/537.36 (KHTML, like Gecko) Chrome/114.0.0.0 Safari/537.36 OPR/89.0.4447.51"
146.70.189.132 - - [31/Mar/2025:12:32:30 -0400] "GET /gp/video/ssoredirect?pvp=/ref%3D_apv&ref_=nav_AccountFlyout__apv HTTP/1.1" 404 1251 "https://theswadeshbazzar.com" "Mozilla/5.0 (Macintosh; Intel Mac OS X 12_5) AppleWebKit/537.36 (KHTML, like Gecko) Chrome/114.0.0.0 Safari/537.36 OPR/89.0.4447.51"
146.70.189.132 - - [31/Mar/2025:12:32:33 -0400] "GET /Amazon/b/ref=bl_dp_s_web_7940963051?ie=UTF8&node=7940963051&field-lbr_brands_browse-bin=Amazon HTTP/1.1" 404 1251 "https://theswadeshbazzar.com" "Mozilla/5.0 (Macintosh; Intel Mac OS X 12_5) AppleWebKit/537.36 (KHTML, like Gecko) Chrome/114.0.0.0 Safari/537.36 OPR/89.0.4447.51"
146.70.189.132 - - [31/Mar/2025:12:32:36 -0400] "GET /gp/mas/your-account/myapps?ref_=nav_AccountFlyout_aad HTTP/1.1" 404 1251 "https://theswadeshbazzar.com" "Mozilla/5.0 (Macintosh; Intel Mac OS X 12_5) AppleWebKit/537.36 (KHTML, like Gecko) Chrome/114.0.0.0 Safari/537.36 OPR/89.0.4447.51"
146.70.189.132 - - [31/Mar/2025:12:32:38 -0400] "GET /dp/B09WXH9BH7?ref=MarsFS_AUCC_ch HTTP/1.1" 404 1251 "https://theswadeshbazzar.com" "Mozilla/5.0 (Macintosh; Intel Mac OS X 12_5) AppleWebKit/537.36 (KHTML, like Gecko) Chrome/114.0.0.0 Safari/537.36 OPR/89.0.4447.51"
146.70.189.132 - - [31/Mar/2025:12:32:39 -0400] "GET /hz/mycd/myx?pageType=content&ref_=nav_AccountFlyout_myk HTTP/1.1" 404 1251 "https://theswadeshbazzar.com" "Mozilla/5.0 (Macintosh; Intel Mac OS X 12_5) AppleWebKit/537.36 (KHTML, like Gecko) Chrome/114.0.0.0 Safari/537.36 OPR/89.0.4447.51"
146.70.189.132 - - [31/Mar/2025:12:32:40 -0400] "GET /dp/B09B8YP8KY?ref=MarsFS_AUCC_cann HTTP/1.1" 404 1251 "https://theswadeshbazzar.com" "Mozilla/5.0 (Macintosh; Intel Mac OS X 12_5) AppleWebKit/537.36 (KHTML, like Gecko) Chrome/114.0.0.0 Safari/537.36 OPR/89.0.4447.51"
146.70.189.132 - - [31/Mar/2025:12:32:41 -0400] "GET /yourpets?ref_=nav_AccountFlyout_petprofiles HTTP/1.1" 404 1251 "https://theswadeshbazzar.com" "Mozilla/5.0 (Macintosh; Intel Mac OS X 12_5) AppleWebKit/537.36 (KHTML, like Gecko) Chrome/114.0.0.0 Safari/537.36 OPR/89.0.4447.51"
146.70.189.132 - - [31/Mar/2025:12:32:41 -0400] "GET /dp/B0C2RXN77R?ref=MarsFS_AUCC_es HTTP/1.1" 404 1251 "https://theswadeshbazzar.com" "Mozilla/5.0 (Macintosh; Intel Mac OS X 12_5) AppleWebKit/537.36 (KHTML, like Gecko) Chrome/114.0.0.0 Safari/537.36 OPR/89.0.4447.51"
146.70.189.132 - - [31/Mar/2025:12:32:42 -0400] "GET /auto-deliveries?ref_=nav_AccountFlyout_sns HTTP/1.1" 404 1251 "https://theswadeshbazzar.com" "Mozilla/5.0 (Macintosh; Intel Mac OS X 12_5) AppleWebKit/537.36 (KHTML, like Gecko) Chrome/114.0.0.0 Safari/537.36 OPR/89.0.4447.51"
146.70.189.132 - - [31/Mar/2025:12:32:46 -0400] "GET /dp/B085G63QHT?ref=MarsFS_AUCC_lr HTTP/1.1" 404 1251 "https://theswadeshbazzar.com" "Mozilla/5.0 (Macintosh; Intel Mac OS X 12_5) AppleWebKit/537.36 (KHTML, like Gecko) Chrome/114.0.0.0 Safari/537.36 OPR/89.0.4447.51"
146.70.189.132 - - [31/Mar/2025:12:32:46 -0400] "GET /hz5/yourmembershipsandsubscriptions?ref_=nav_AccountFlyout_digital_subscriptions HTTP/1.1" 404 1251 "https://theswadeshbazzar.com" "Mozilla/5.0 (Macintosh; Intel Mac OS X 12_5) AppleWebKit/537.36 (KHTML, like Gecko) Chrome/114.0.0.0 Safari/537.36 OPR/89.0.4447.51"
146.70.189.132 - - [31/Mar/2025:12:32:47 -0400] "GET /dp/B07NQ7HNHY?ref=MarsFS_AUCC_oe HTTP/1.1" 404 1251 "https://theswadeshbazzar.com" "Mozilla/5.0 (Macintosh; Intel Mac OS X 12_5) AppleWebKit/537.36 (KHTML, like Gecko) Chrome/114.0.0.0 Safari/537.36 OPR/89.0.4447.51"
146.70.189.132 - - [31/Mar/2025:12:32:48 -0400] "GET /gp/subs/primeclub/account/homepage.html?ref_=nav_youraccount_prime HTTP/1.1" 404 1251 "https://theswadeshbazzar.com" "Mozilla/5.0 (Macintosh; Intel Mac OS X 12_5) AppleWebKit/537.36 (KHTML, like Gecko) Chrome/114.0.0.0 Safari/537.36 OPR/89.0.4447.51"
146.70.189.132 - - [31/Mar/2025:12:32:49 -0400] "GET /dp/B09B2RL8CG?ref=MarsFS_AUCC_hyp HTTP/1.1" 404 1251 "https://theswadeshbazzar.com" "Mozilla/5.0 (Macintosh; Intel Mac OS X 12_5) AppleWebKit/537.36 (KHTML, like Gecko) Chrome/114.0.0.0 Safari/537.36 OPR/89.0.4447.51"
146.70.189.132 - - [31/Mar/2025:12:32:50 -0400] "GET /gp/yourstore?ref_=nav_AccountFlyout_recs HTTP/1.1" 404 1251 "https://theswadeshbazzar.com" "Mozilla/5.0 (Macintosh; Intel Mac OS X 12_5) AppleWebKit/537.36 (KHTML, like Gecko) Chrome/114.0.0.0 Safari/537.36 OPR/89.0.4447.51"
146.70.189.132 - - [31/Mar/2025:12:32:50 -0400] "GET /dp/B0BLS3H65Z?ref=MarsFS_AUCC_ath HTTP/1.1" 404 1251 "https://theswadeshbazzar.com" "Mozilla/5.0 (Macintosh; Intel Mac OS X 12_5) AppleWebKit/537.36 (KHTML, like Gecko) Chrome/114.0.0.0 Safari/537.36 OPR/89.0.4447.51"
146.70.189.132 - - [31/Mar/2025:12:32:51 -0400] "GET /gp/css/order-history?ref_=nav_AccountFlyout_orders HTTP/1.1" 404 1251 "https://theswadeshbazzar.com" "Mozilla/5.0 (Macintosh; Intel Mac OS X 12_5) AppleWebKit/537.36 (KHTML, like Gecko) Chrome/114.0.0.0 Safari/537.36 OPR/89.0.4447.51"
