66.249.74.165 - - [31/Mar/2025:04:26:20 -0400] "GET /top-bathroom-renovation-services-in-melbournes-western-suburbs/ HTTP/1.1" 404 1251 "-" "Mozilla/5.0 (Linux; Android 6.0.1; Nexus 5X Build/MMB29P) AppleWebKit/537.36 (KHTML, like Gecko) Chrome/134.0.6998.165 Mobile Safari/537.36 (compatible; Googlebot/2.1; +http://www.google.com/bot.html)"
112.92.70.120 - - [31/Mar/2025:04:31:48 -0400] "GET /play-wheel-of-fortune-in-online-casinos/ HTTP/1.1" 404 1251 "https://theswadeshbazzar.com" "Mozilla/5.0 (Windows NT 10.0; Win64; x64) AppleWebKit/537.36 (KHTML, like Gecko) Chrome/62.0.3202.94 Safari/537.36"
112.92.70.120 - - [31/Mar/2025:04:31:49 -0400] "GET /play-wheel-of-fortune-in-online-casinos/ HTTP/1.1" 404 1251 "https://theswadeshbazzar.com" "Mozilla/5.0 (Windows NT 10.0; Win64; x64) AppleWebKit/537.36 (KHTML, like Gecko) Chrome/62.0.3202.94 Safari/537.36"
112.92.70.120 - - [31/Mar/2025:04:31:50 -0400] "GET /play-wheel-of-fortune-in-online-casinos/ HTTP/1.1" 404 1251 "https://theswadeshbazzar.com" "Mozilla/5.0 (Windows NT 10.0; Win64; x64) AppleWebKit/537.36 (KHTML, like Gecko) Chrome/62.0.3202.94 Safari/537.36"
112.92.70.120 - - [31/Mar/2025:04:31:51 -0400] "GET /play-wheel-of-fortune-in-online-casinos/ HTTP/1.1" 404 1251 "https://theswadeshbazzar.com" "Mozilla/5.0 (Windows NT 10.0; Win64; x64) AppleWebKit/537.36 (KHTML, like Gecko) Chrome/62.0.3202.94 Safari/537.36"
66.249.74.167 - - [31/Mar/2025:04:35:26 -0400] "GET /the-importance-of-youtube-views/feed/ HTTP/1.1" 404 1251 "-" "Mozilla/5.0 (Linux; Android 6.0.1; Nexus 5X Build/MMB29P) AppleWebKit/537.36 (KHTML, like Gecko) Chrome/134.0.6998.165 Mobile Safari/537.36 (compatible; Googlebot/2.1; +http://www.google.com/bot.html)"
66.249.74.166 - - [31/Mar/2025:04:35:58 -0400] "GET /how-to-get-custom-youtube-comments/feed/ HTTP/1.1" 404 1251 "-" "Mozilla/5.0 (Linux; Android 6.0.1; Nexus 5X Build/MMB29P) AppleWebKit/537.36 (KHTML, like Gecko) Chrome/134.0.6998.165 Mobile Safari/537.36 (compatible; Googlebot/2.1; +http://www.google.com/bot.html)"
66.249.74.167 - - [31/Mar/2025:04:36:19 -0400] "GET /sportosteopathie/feed/ HTTP/1.1" 404 1251 "-" "Mozilla/5.0 (Linux; Android 6.0.1; Nexus 5X Build/MMB29P) AppleWebKit/537.36 (KHTML, like Gecko) Chrome/134.0.6998.165 Mobile Safari/537.36 (compatible; Googlebot/2.1; +http://www.google.com/bot.html)"
58.254.68.93 - - [31/Mar/2025:04:39:17 -0400] "GET /how-to-find-an-english-speaking-lawyer-madrid/ HTTP/1.1" 404 1251 "https://theswadeshbazzar.com" "Mozilla/5.0 (Windows NT 10.0; Win64; x64) AppleWebKit/537.36 (KHTML, like Gecko) Chrome/62.0.3202.94 Safari/537.36"
58.254.68.93 - - [31/Mar/2025:04:39:21 -0400] "GET /how-to-find-an-english-speaking-lawyer-madrid/ HTTP/1.1" 404 1251 "https://theswadeshbazzar.com" "Mozilla/5.0 (Windows NT 10.0; Win64; x64) AppleWebKit/537.36 (KHTML, like Gecko) Chrome/62.0.3202.94 Safari/537.36"
58.254.68.93 - - [31/Mar/2025:04:39:22 -0400] "GET /how-to-find-an-english-speaking-lawyer-madrid/ HTTP/1.1" 404 1251 "https://theswadeshbazzar.com" "Mozilla/5.0 (Windows NT 10.0; Win64; x64) AppleWebKit/537.36 (KHTML, like Gecko) Chrome/62.0.3202.94 Safari/537.36"
58.254.68.93 - - [31/Mar/2025:04:39:24 -0400] "GET /how-to-find-an-english-speaking-lawyer-madrid/ HTTP/1.1" 404 1251 "https://theswadeshbazzar.com" "Mozilla/5.0 (Windows NT 10.0; Win64; x64) AppleWebKit/537.36 (KHTML, like Gecko) Chrome/62.0.3202.94 Safari/537.36"
51.222.253.14 - - [31/Mar/2025:04:41:05 -0400] "GET /robots.txt HTTP/1.1" 304 0 "-" "Mozilla/5.0 (compatible; AhrefsBot/7.0; +http://ahrefs.com/robot/)"
66.249.74.166 - - [31/Mar/2025:04:42:24 -0400] "GET /page/4/ HTTP/1.1" 404 1251 "-" "Mozilla/5.0 (Linux; Android 6.0.1; Nexus 5X Build/MMB29P) AppleWebKit/537.36 (KHTML, like Gecko) Chrome/134.0.6998.165 Mobile Safari/537.36 (compatible; Googlebot/2.1; +http://www.google.com/bot.html)"
66.249.74.167 - - [31/Mar/2025:04:43:24 -0400] "GET /author/ashdev/ HTTP/1.1" 404 1251 "-" "Mozilla/5.0 (Linux; Android 6.0.1; Nexus 5X Build/MMB29P) AppleWebKit/537.36 (KHTML, like Gecko) Chrome/134.0.6998.165 Mobile Safari/537.36 (compatible; Googlebot/2.1; +http://www.google.com/bot.html)"
151.106.162.202 - - [31/Mar/2025:04:44:20 -0400] "GET /wp-content/uploads/thumbs_dir/AMLA-SUPARI-oqr9b13izkmiybltr5ntd83gtoayv7j6yq8gx0yb0u.jpg HTTP/1.1" 404 1251 "-" "Mozilla/5.0 (X11; Ubuntu; Linux x86_64; rv:72.0) Gecko/20100101 Firefox/72.0"
151.106.162.202 - - [31/Mar/2025:04:44:20 -0400] "GET /wp-content/uploads/thumbs_dir/AMLA-SUPARI-oqr9b13izkmiybltr5ntd83gtoayv7j6yq8gx0yb0u.jpg HTTP/1.1" 404 1251 "-" "Mozilla/5.0 (X11; Ubuntu; Linux x86_64; rv:72.0) Gecko/20100101 Firefox/72.0"
151.106.162.202 - - [31/Mar/2025:04:44:20 -0400] "GET /wp-content/uploads/thumbs_dir/AMLA-SUPARI-oqr9b13izkmiybltr5ntd83gtoayv7j6yq8gx0yb0u.jpg HTTP/1.1" 404 1251 "-" "Mozilla/5.0 (X11; Ubuntu; Linux x86_64; rv:72.0) Gecko/20100101 Firefox/72.0"
139.59.18.154 - - [31/Mar/2025:04:46:03 -0400] "GET /wp-login.php HTTP/1.1" 200 1887 "-" "Mozila/5.0"
198.54.114.83 - - [31/Mar/2025:04:46:06 -0400] "POST /wp-cron.php?doing_wp_cron=1743410766.4731590747833251953125 HTTP/1.1" 200 0 "-" "WordPress/6.7.2; https://theswadeshbazzar.com"
139.59.18.154 - - [31/Mar/2025:04:46:03 -0400] "POST /wp-login.php HTTP/1.1" 200 2018 "-" "Mozila/5.0"
139.59.18.154 - - [31/Mar/2025:04:46:07 -0400] "GET /wp-admin/ HTTP/1.1" 302 0 "-" "Mozila/5.0"
198.54.114.83 - - [31/Mar/2025:04:46:07 -0400] "POST /wp-admin/admin-ajax.php?action=async_litespeed&nonce=KocVBwoP0rYwNO7P7uqwdtsI3wpqtLzN&litespeed_type=imgoptm HTTP/1.1" 200 0 "-" "WordPress/6.7.2; https://theswadeshbazzar.com"
139.59.18.154 - - [31/Mar/2025:04:46:08 -0400] "GET /wp-login.php?redirect_to=https%3A%2F%2Ftheswadeshbazzar.com%2Fwp-admin%2F&reauth=1 HTTP/1.1" 200 1887 "-" "Mozila/5.0"
139.59.18.154 - - [31/Mar/2025:04:49:45 -0400] "GET /wp-content/plugins/WordPressCore/include.php HTTP/1.1" 404 1251 "-" "ShellBot 2.0"
139.59.18.154 - - [31/Mar/2025:04:49:47 -0400] "GET /wp-content/plugins/WordPressCore-1/include.php/wp-content/themes/include.php HTTP/1.1" 404 1251 "-" "ShellBot 2.0"
139.59.18.154 - - [31/Mar/2025:04:49:48 -0400] "GET /wp-content/plugins/include.php HTTP/1.1" 404 1251 "-" "ShellBot 2.0"
139.59.18.154 - - [31/Mar/2025:04:49:49 -0400] "GET /wp-content/plugins/core-plugin/include.php HTTP/1.1" 404 1251 "-" "ShellBot 2.0"
139.59.18.154 - - [31/Mar/2025:04:49:49 -0400] "GET /wp-includes/images/include.php HTTP/1.1" 404 1251 "-" "ShellBot 2.0"
139.59.18.154 - - [31/Mar/2025:04:49:51 -0400] "GET /wp-includes/widgets/include.php HTTP/1.1" 404 1251 "-" "ShellBot 2.0"
58.254.68.93 - - [31/Mar/2025:04:52:14 -0400] "GET /caregiver-jobs-in-toronto/ HTTP/1.1" 404 1251 "https://theswadeshbazzar.com" "Mozilla/5.0 (Windows NT 10.0; Win64; x64) AppleWebKit/537.36 (KHTML, like Gecko) Chrome/62.0.3202.94 Safari/537.36"
58.254.68.93 - - [31/Mar/2025:04:52:17 -0400] "GET /caregiver-jobs-in-toronto/ HTTP/1.1" 404 1251 "https://theswadeshbazzar.com" "Mozilla/5.0 (Windows NT 10.0; Win64; x64) AppleWebKit/537.36 (KHTML, like Gecko) Chrome/62.0.3202.94 Safari/537.36"
58.254.68.93 - - [31/Mar/2025:04:52:18 -0400] "GET /caregiver-jobs-in-toronto/ HTTP/1.1" 404 1251 "https://theswadeshbazzar.com" "Mozilla/5.0 (Windows NT 10.0; Win64; x64) AppleWebKit/537.36 (KHTML, like Gecko) Chrome/62.0.3202.94 Safari/537.36"
58.254.68.93 - - [31/Mar/2025:04:52:19 -0400] "GET /caregiver-jobs-in-toronto/ HTTP/1.1" 404 1251 "https://theswadeshbazzar.com" "Mozilla/5.0 (Windows NT 10.0; Win64; x64) AppleWebKit/537.36 (KHTML, like Gecko) Chrome/62.0.3202.94 Safari/537.36"
109.172.87.122 - - [31/Mar/2025:04:53:12 -0400] "GET /cbd-for-anxiety-uk-what-you-need-to-know/ HTTP/1.1" 404 1251 "https://theswadeshbazzar.com/cbd-for-anxiety-uk-what-you-need-to-know/" "Mozilla/5.0 (Windows NT 10.0; Win64; x64) AppleWebKit/537.36 (KHTML, like Gecko) Chrome/130.0.0.0 Safari/537.36 CCleaner/130.0.0.0"
109.172.87.122 - - [31/Mar/2025:04:53:13 -0400] "GET / HTTP/1.1" 200 156077 "https://theswadeshbazzar.com/" "Mozilla/5.0 (Windows NT 10.0; Win64; x64) AppleWebKit/537.36 (KHTML, like Gecko) Chrome/130.0.0.0 Safari/537.36 CCleaner/130.0.0.0"
93.183.93.19 - - [31/Mar/2025:05:06:01 -0400] "GET /cbd-for-anxiety-uk-what-you-need-to-know/ HTTP/1.1" 404 1251 "https://theswadeshbazzar.com/cbd-for-anxiety-uk-what-you-need-to-know/" "Mozilla/5.0 (Windows NT 10.0; Win64; x64) AppleWebKit/537.36 (KHTML, like Gecko) Chrome/130.0.0.0 Safari/537.36 CCleaner/130.0.0.0"
93.183.93.19 - - [31/Mar/2025:05:06:05 -0400] "GET / HTTP/1.1" 200 156077 "https://theswadeshbazzar.com/" "Mozilla/5.0 (Windows NT 10.0; Win64; x64) AppleWebKit/537.36 (KHTML, like Gecko) Chrome/130.0.0.0 Safari/537.36 CCleaner/130.0.0.0"
93.183.93.19 - - [31/Mar/2025:05:06:08 -0400] "GET /cbd-for-anxiety-uk-what-you-need-to-know/ HTTP/1.1" 404 1251 "https://theswadeshbazzar.com/cbd-for-anxiety-uk-what-you-need-to-know/" "Mozilla/5.0 (Windows NT 10.0; Win64; x64) AppleWebKit/537.36 (KHTML, like Gecko) Chrome/131.0.0.0 Safari/537.36 Avast/131.0.0.0"
93.183.93.19 - - [31/Mar/2025:05:06:09 -0400] "GET / HTTP/1.1" 200 156077 "https://theswadeshbazzar.com/" "Mozilla/5.0 (Windows NT 10.0; Win64; x64) AppleWebKit/537.36 (KHTML, like Gecko) Chrome/131.0.0.0 Safari/537.36 Avast/131.0.0.0"
61.145.176.92 - - [31/Mar/2025:05:06:19 -0400] "GET / HTTP/1.1" 200 156077 "-" "Java/17.0.14"
94.181.156.210 - - [31/Mar/2025:05:06:35 -0400] "GET /zahnimplantate-kunstliche-zahne-konnen-ihre-perspektive-verandern/ HTTP/1.1" 404 1251 "-" "Mozilla/5.0 (Windows NT 6.3; Win64; x64) AppleWebKit/537.36 (KHTML, like Gecko) Chrome/75.0.3770.100 Safari/537.36"
107.189.29.12 - - [31/Mar/2025:05:08:33 -0400] "GET /wp-login.php HTTP/1.1" 200 1887 "-" "Mozilla/5.0 (Windows NT 6.3; WOW64; rv:31.0) Gecko/20100101 Firefox/31.0"
198.54.114.83 - - [31/Mar/2025:05:08:37 -0400] "POST /wp-cron.php?doing_wp_cron=1743412117.2505431175231933593750 HTTP/1.1" 200 0 "-" "WordPress/6.7.2; https://theswadeshbazzar.com"
107.189.29.12 - - [31/Mar/2025:05:08:34 -0400] "POST /wp-login.php HTTP/1.1" 200 2032 "-" "Mozilla/5.0 (Windows NT 6.3; WOW64; rv:31.0) Gecko/20100101 Firefox/31.0"
198.54.114.83 - - [31/Mar/2025:05:08:37 -0400] "POST /wp-admin/admin-ajax.php?action=async_litespeed&nonce=5022hYdMxY3T9uZhGQT8Y96zOrWOhJBU&litespeed_type=imgoptm HTTP/1.1" 200 5 "-" "WordPress/6.7.2; https://theswadeshbazzar.com"
58.254.68.93 - - [31/Mar/2025:05:10:11 -0400] "GET /how-to-find-an-english-speaking-lawyer-madrid/ HTTP/1.1" 404 1251 "https://theswadeshbazzar.com" "Mozilla/5.0 (Windows NT 10.0; Win64; x64) AppleWebKit/537.36 (KHTML, like Gecko) Chrome/62.0.3202.94 Safari/537.36"
58.254.68.93 - - [31/Mar/2025:05:10:15 -0400] "GET /how-to-find-an-english-speaking-lawyer-madrid/ HTTP/1.1" 404 1251 "https://theswadeshbazzar.com" "Mozilla/5.0 (Windows NT 10.0; Win64; x64) AppleWebKit/537.36 (KHTML, like Gecko) Chrome/62.0.3202.94 Safari/537.36"
58.254.68.93 - - [31/Mar/2025:05:10:16 -0400] "GET /how-to-find-an-english-speaking-lawyer-madrid/ HTTP/1.1" 404 1251 "https://theswadeshbazzar.com" "Mozilla/5.0 (Windows NT 10.0; Win64; x64) AppleWebKit/537.36 (KHTML, like Gecko) Chrome/62.0.3202.94 Safari/537.36"
112.92.70.120 - - [31/Mar/2025:05:26:56 -0400] "GET /caregiver-jobs-in-toronto/ HTTP/1.1" 404 1251 "https://theswadeshbazzar.com" "Mozilla/5.0 (Windows NT 10.0; Win64; x64) AppleWebKit/537.36 (KHTML, like Gecko) Chrome/62.0.3202.94 Safari/537.36"
112.92.70.120 - - [31/Mar/2025:05:26:58 -0400] "GET /caregiver-jobs-in-toronto/ HTTP/1.1" 404 1251 "https://theswadeshbazzar.com" "Mozilla/5.0 (Windows NT 10.0; Win64; x64) AppleWebKit/537.36 (KHTML, like Gecko) Chrome/62.0.3202.94 Safari/537.36"
112.92.70.120 - - [31/Mar/2025:05:26:59 -0400] "GET /caregiver-jobs-in-toronto/ HTTP/1.1" 404 1251 "https://theswadeshbazzar.com" "Mozilla/5.0 (Windows NT 10.0; Win64; x64) AppleWebKit/537.36 (KHTML, like Gecko) Chrome/62.0.3202.94 Safari/537.36"
112.92.70.120 - - [31/Mar/2025:05:27:00 -0400] "GET /caregiver-jobs-in-toronto/ HTTP/1.1" 404 1251 "https://theswadeshbazzar.com" "Mozilla/5.0 (Windows NT 10.0; Win64; x64) AppleWebKit/537.36 (KHTML, like Gecko) Chrome/62.0.3202.94 Safari/537.36"
18.191.66.218 - - [31/Mar/2025:05:28:26 -0400] "GET /robots.txt HTTP/1.1" 304 0 "-" "Mozilla/5.0 AppleWebKit/537.36 (KHTML, like Gecko; compatible; ClaudeBot/1.0; +claudebot@anthropic.com)"
18.191.66.218 - - [31/Mar/2025:05:28:26 -0400] "GET /star-wars-texture-the-most-well-known-materials HTTP/1.1" 404 1251 "-" "Mozilla/5.0 AppleWebKit/537.36 (KHTML, like Gecko; compatible; ClaudeBot/1.0; +claudebot@anthropic.com)"
58.254.68.93 - - [31/Mar/2025:05:28:29 -0400] "GET /how-to-find-an-english-speaking-lawyer-madrid/ HTTP/1.1" 404 1251 "https://theswadeshbazzar.com" "Mozilla/5.0 (Windows NT 10.0; Win64; x64) AppleWebKit/537.36 (KHTML, like Gecko) Chrome/62.0.3202.94 Safari/537.36"
58.254.68.93 - - [31/Mar/2025:05:28:30 -0400] "GET /how-to-find-an-english-speaking-lawyer-madrid/ HTTP/1.1" 404 1251 "https://theswadeshbazzar.com" "Mozilla/5.0 (Windows NT 10.0; Win64; x64) AppleWebKit/537.36 (KHTML, like Gecko) Chrome/62.0.3202.94 Safari/537.36"
52.167.144.136 - - [31/Mar/2025:05:28:31 -0400] "GET /baton-rouge-roofing-contractors/ HTTP/1.1" 404 1251 "-" "Mozilla/5.0 AppleWebKit/537.36 (KHTML, like Gecko; compatible; bingbot/2.0; +http://www.bing.com/bingbot.htm) Chrome/116.0.1938.76 Safari/537.36"
154.195.130.76 - - [31/Mar/2025:05:28:55 -0400] "GET /cbd-for-anxiety-uk-what-you-need-to-know/ HTTP/1.1" 404 1251 "-" "Mozilla/5.0 (Windows NT 10.0) AppleWebKit/537.36 (KHTML, like Gecko) Chrome/114.0.0.0 Safari/537.36"
154.195.130.76 - - [31/Mar/2025:05:28:55 -0400] "GET / HTTP/1.1" 200 156077 "-" "Mozilla/5.0 (Windows NT 10.0) AppleWebKit/537.36 (KHTML, like Gecko) Chrome/114.0.0.0 Safari/537.36"
154.195.130.76 - - [31/Mar/2025:05:29:05 -0400] "GET /dp/B0D3RN5W37?ref=MarsFS_VICC_blinksqm HTTP/1.1" 404 1251 "https://theswadeshbazzar.com" "Mozilla/5.0 (Windows NT 10.0) AppleWebKit/537.36 (KHTML, like Gecko) Chrome/114.0.0.0 Safari/537.36"
154.195.130.76 - - [31/Mar/2025:05:29:17 -0400] "GET / HTTP/1.1" 200 156077 "https://theswadeshbazzar.com" "Mozilla/5.0 (Windows NT 10.0) AppleWebKit/537.36 (KHTML, like Gecko) Chrome/114.0.0.0 Safari/537.36"
58.254.68.93 - - [31/Mar/2025:05:31:39 -0400] "GET /how-to-find-an-english-speaking-lawyer-madrid/ HTTP/1.1" 404 1251 "https://theswadeshbazzar.com" "Mozilla/5.0 (Windows NT 10.0; Win64; x64) AppleWebKit/537.36 (KHTML, like Gecko) Chrome/62.0.3202.94 Safari/537.36"
58.254.68.93 - - [31/Mar/2025:05:31:40 -0400] "GET /how-to-find-an-english-speaking-lawyer-madrid/ HTTP/1.1" 404 1251 "https://theswadeshbazzar.com" "Mozilla/5.0 (Windows NT 10.0; Win64; x64) AppleWebKit/537.36 (KHTML, like Gecko) Chrome/62.0.3202.94 Safari/537.36"
58.254.68.93 - - [31/Mar/2025:05:31:41 -0400] "GET /how-to-find-an-english-speaking-lawyer-madrid/ HTTP/1.1" 404 1251 "https://theswadeshbazzar.com" "Mozilla/5.0 (Windows NT 10.0; Win64; x64) AppleWebKit/537.36 (KHTML, like Gecko) Chrome/62.0.3202.94 Safari/537.36"
58.254.68.93 - - [31/Mar/2025:05:31:42 -0400] "GET /how-to-find-an-english-speaking-lawyer-madrid/ HTTP/1.1" 404 1251 "https://theswadeshbazzar.com" "Mozilla/5.0 (Windows NT 10.0; Win64; x64) AppleWebKit/537.36 (KHTML, like Gecko) Chrome/62.0.3202.94 Safari/537.36"
54.222.220.136 - - [31/Mar/2025:05:33:03 -0400] "GET /wp-content/uploads/thumbs_dir/5-owbmf1hvlm16i5islb985eb12w0immf0vupeii7te6.png HTTP/1.1" 404 1251 "-" "python-requests/2.29.0"
113.77.221.167 - - [31/Mar/2025:05:39:32 -0400] "GET /common-misconceptions-about-a-solid-conservatory-roof HTTP/1.1" 404 1251 "-" "Java/17.0.14"
178.217.98.213 - - [31/Mar/2025:05:41:14 -0400] "GET /cbd-for-anxiety-uk-what-you-need-to-know/ HTTP/1.1" 404 1251 "https://theswadeshbazzar.com/cbd-for-anxiety-uk-what-you-need-to-know/" "Mozilla/5.0 (Windows NT 10.0; Win64; x64) AppleWebKit/537.36 (KHTML, like Gecko) Chrome/131.0.0.0 Safari/537.36"
178.217.98.213 - - [31/Mar/2025:05:41:15 -0400] "GET / HTTP/1.1" 200 156077 "https://theswadeshbazzar.com/" "Mozilla/5.0 (Windows NT 10.0; Win64; x64) AppleWebKit/537.36 (KHTML, like Gecko) Chrome/131.0.0.0 Safari/537.36"
59.6.26.211 - - [31/Mar/2025:05:41:40 -0400] "GET /unlocking-efficiency-with-rough-terrain-forklifts-for-rent/ HTTP/1.1" 404 1251 "https://theswadeshbazzar.com/unlocking-efficiency-with-rough-terrain-forklifts-for-rent/#comment-40510" "Mozilla/5.0 (Windows NT 6.1; WOW64) AppleWebKit/537.36 (KHTML, like Gecko) Chrome/103.0.0.0 Safari/537.36"
59.6.26.211 - - [31/Mar/2025:05:41:43 -0400] "GET / HTTP/1.1" 200 156077 "https://theswadeshbazzar.com/" "Mozilla/5.0 (Windows NT 6.1; WOW64) AppleWebKit/537.36 (KHTML, like Gecko) Chrome/103.0.0.0 Safari/537.36"
112.92.70.120 - - [31/Mar/2025:05:43:07 -0400] "GET /zahnimplantate-kunstliche-zahne-konnen-ihre-perspektive-verandern/ HTTP/1.1" 404 1251 "https://theswadeshbazzar.com" "Mozilla/5.0 (Windows NT 10.0; Win64; x64) AppleWebKit/537.36 (KHTML, like Gecko) Chrome/62.0.3202.94 Safari/537.36"
112.92.70.120 - - [31/Mar/2025:05:43:09 -0400] "GET /zahnimplantate-kunstliche-zahne-konnen-ihre-perspektive-verandern/ HTTP/1.1" 404 1251 "https://theswadeshbazzar.com" "Mozilla/5.0 (Windows NT 10.0; Win64; x64) AppleWebKit/537.36 (KHTML, like Gecko) Chrome/62.0.3202.94 Safari/537.36"
112.92.70.120 - - [31/Mar/2025:05:43:10 -0400] "GET /zahnimplantate-kunstliche-zahne-konnen-ihre-perspektive-verandern/ HTTP/1.1" 404 1251 "https://theswadeshbazzar.com" "Mozilla/5.0 (Windows NT 10.0; Win64; x64) AppleWebKit/537.36 (KHTML, like Gecko) Chrome/62.0.3202.94 Safari/537.36"
112.92.70.120 - - [31/Mar/2025:05:43:12 -0400] "GET /zahnimplantate-kunstliche-zahne-konnen-ihre-perspektive-verandern/ HTTP/1.1" 404 1251 "https://theswadeshbazzar.com" "Mozilla/5.0 (Windows NT 10.0; Win64; x64) AppleWebKit/537.36 (KHTML, like Gecko) Chrome/62.0.3202.94 Safari/537.36"
2a03:2880:20ff:74:: - - [31/Mar/2025:05:45:58 -0400] "GET /wp-content/uploads/2020/10/WhatsApp-Image-2020-10-30-at-3.55.22-PM.jpeg HTTP/1.1" 404 1251 "-" "facebookexternalhit/1.1 (+http://www.facebook.com/externalhit_uatext.php)"
94.181.156.210 - - [31/Mar/2025:05:48:39 -0400] "GET /zahnimplantate-kunstliche-zahne-konnen-ihre-perspektive-verandern/ HTTP/1.1" 404 1251 "-" "Mozilla/5.0 (Windows NT 6.3; Win64; x64) AppleWebKit/537.36 (KHTML, like Gecko) Chrome/75.0.3770.100 Safari/537.36"
207.211.168.73 - - [31/Mar/2025:05:49:18 -0400] "GET /wp-content/uploads/2020/06/TheSwadeshBazzar-01.jpg HTTP/1.1" 404 1251 "-" "Mozilla/5.0 (X11; Ubuntu; Linux x86_64; rv:72.0) Gecko/20100101 Firefox/72.0"
207.211.168.73 - - [31/Mar/2025:05:49:19 -0400] "GET /wp-content/uploads/2020/06/TheSwadeshBazzar-01.jpg HTTP/1.1" 404 1251 "-" "Mozilla/5.0 (X11; Ubuntu; Linux x86_64; rv:72.0) Gecko/20100101 Firefox/72.0"
207.211.168.73 - - [31/Mar/2025:05:49:20 -0400] "GET /wp-content/uploads/2020/06/TheSwadeshBazzar-01.jpg HTTP/1.1" 404 1251 "-" "Mozilla/5.0 (X11; Ubuntu; Linux x86_64; rv:72.0) Gecko/20100101 Firefox/72.0"
52.81.223.92 - - [31/Mar/2025:05:56:30 -0400] "GET /wp-content/uploads/2021/01/21.png HTTP/1.1" 404 1251 "-" "python-requests/2.29.0"
185.245.106.236 - - [31/Mar/2025:05:56:50 -0400] "GET /best-auto-detailing-products/ HTTP/1.1" 404 1251 "https://theswadeshbazzar.com/best-auto-detailing-products/" "Mozilla/5.0 (Windows NT 10.0; Win64; x64) AppleWebKit/537.36 (KHTML, like Gecko) Chrome/103.0.5060.66 Safari/537.36"
185.245.106.236 - - [31/Mar/2025:05:56:50 -0400] "GET / HTTP/1.1" 200 156077 "https://theswadeshbazzar.com/" "Mozilla/5.0 (Windows NT 10.0; Win64; x64) AppleWebKit/537.36 (KHTML, like Gecko) Chrome/103.0.5060.66 Safari/537.36"
18.202.189.68 - - [31/Mar/2025:06:01:01 -0400] "GET /.well-known/apple-app-site-association HTTP/1.1" 404 1251 "-" "AASA-Bot/1.0.0"
18.202.189.68 - - [31/Mar/2025:06:01:01 -0400] "GET /apple-app-site-association HTTP/1.1" 404 1251 "-" "AASA-Bot/1.0.0"
94.181.156.210 - - [31/Mar/2025:06:02:09 -0400] "GET /zahnimplantate-kunstliche-zahne-konnen-ihre-perspektive-verandern/ HTTP/1.1" 404 1251 "-" "Mozilla/5.0 (Windows NT 6.3; Win64; x64) AppleWebKit/537.36 (KHTML, like Gecko) Chrome/75.0.3770.100 Safari/537.36"
191.102.143.217 - - [31/Mar/2025:06:02:29 -0400] "GET /cbd-for-anxiety-uk-what-you-need-to-know/ HTTP/1.1" 404 1251 "-" "Mozilla/5.0 (Macintosh; Intel Mac OS X 12_5) AppleWebKit/605.1.15 (KHTML, like Gecko) Version/15.4 Safari/605.1.15"
191.102.143.217 - - [31/Mar/2025:06:02:29 -0400] "GET / HTTP/1.1" 200 156077 "-" "Mozilla/5.0 (Macintosh; Intel Mac OS X 12_5) AppleWebKit/605.1.15 (KHTML, like Gecko) Version/15.4 Safari/605.1.15"
195.2.85.173 - - [31/Mar/2025:06:05:42 -0400] "GET /best-auto-detailing-products/ HTTP/1.1" 404 1251 "https://theswadeshbazzar.com/best-auto-detailing-products/" "Mozilla/5.0 (Windows NT 10.0; Win64; x64) AppleWebKit/537.36 (KHTML, like Gecko) Chrome/103.0.0.0 Safari/537.36"
195.2.85.173 - - [31/Mar/2025:06:05:43 -0400] "GET / HTTP/1.1" 200 156077 "https://theswadeshbazzar.com/" "Mozilla/5.0 (Windows NT 10.0; Win64; x64) AppleWebKit/537.36 (KHTML, like Gecko) Chrome/103.0.0.0 Safari/537.36"
94.181.156.210 - - [31/Mar/2025:06:06:46 -0400] "GET /zahnimplantate-kunstliche-zahne-konnen-ihre-perspektive-verandern/ HTTP/1.1" 404 1251 "-" "Mozilla/5.0 (Windows NT 6.3; Win64; x64) AppleWebKit/537.36 (KHTML, like Gecko) Chrome/75.0.3770.100 Safari/537.36"
45.84.107.76 - - [31/Mar/2025:06:07:04 -0400] "GET / HTTP/1.1" 200 156077 "https://theswadeshbazzar.com" "Mozilla/5.0 (Windows NT 6.3; Win64; x64; Trident/7.0; rv:11.0) like Gecko"
110.74.206.106 - - [31/Mar/2025:06:09:53 -0400] "GET /wp-login.php HTTP/1.1" 200 1887 "-" "python-requests/2.31.0"
198.54.114.83 - - [31/Mar/2025:06:09:56 -0400] "POST /wp-cron.php?doing_wp_cron=1743415796.1471269130706787109375 HTTP/1.1" 200 0 "-" "WordPress/6.7.2; https://theswadeshbazzar.com"
110.74.206.106 - - [31/Mar/2025:06:09:53 -0400] "POST /wp-login.php HTTP/1.1" 200 2015 "-" "Mozilla/5.0 (X11; Linux x86_64) AppleWebKit/537.36 (KHTML, like Gecko) Chrome/83.0.4103.101 Safari/537.36"
198.54.114.83 - - [31/Mar/2025:06:09:56 -0400] "POST /wp-admin/admin-ajax.php?action=async_litespeed&nonce=6i7CTJQw3eiGHUuqvHi05WabfLKGDEfk&litespeed_type=imgoptm HTTP/1.1" 200 5 "-" "WordPress/6.7.2; https://theswadeshbazzar.com"
58.254.68.93 - - [31/Mar/2025:06:14:35 -0400] "GET /how-to-find-an-english-speaking-lawyer-madrid/ HTTP/1.1" 404 1251 "https://theswadeshbazzar.com" "Mozilla/5.0 (Windows NT 10.0; Win64; x64) AppleWebKit/537.36 (KHTML, like Gecko) Chrome/62.0.3202.94 Safari/537.36"
58.254.68.93 - - [31/Mar/2025:06:14:36 -0400] "GET /how-to-find-an-english-speaking-lawyer-madrid/ HTTP/1.1" 404 1251 "https://theswadeshbazzar.com" "Mozilla/5.0 (Windows NT 10.0; Win64; x64) AppleWebKit/537.36 (KHTML, like Gecko) Chrome/62.0.3202.94 Safari/537.36"
58.254.68.93 - - [31/Mar/2025:06:14:38 -0400] "GET /how-to-find-an-english-speaking-lawyer-madrid/ HTTP/1.1" 404 1251 "https://theswadeshbazzar.com" "Mozilla/5.0 (Windows NT 10.0; Win64; x64) AppleWebKit/537.36 (KHTML, like Gecko) Chrome/62.0.3202.94 Safari/537.36"
58.254.68.93 - - [31/Mar/2025:06:14:39 -0400] "GET /how-to-find-an-english-speaking-lawyer-madrid/ HTTP/1.1" 404 1251 "https://theswadeshbazzar.com" "Mozilla/5.0 (Windows NT 10.0; Win64; x64) AppleWebKit/537.36 (KHTML, like Gecko) Chrome/62.0.3202.94 Safari/537.36"
58.254.68.93 - - [31/Mar/2025:06:18:54 -0400] "GET /how-to-find-an-english-speaking-lawyer-madrid/ HTTP/1.1" 404 1251 "https://theswadeshbazzar.com" "Mozilla/5.0 (Windows NT 10.0; Win64; x64) AppleWebKit/537.36 (KHTML, like Gecko) Chrome/62.0.3202.94 Safari/537.36"
58.254.68.93 - - [31/Mar/2025:06:19:02 -0400] "GET /how-to-find-an-english-speaking-lawyer-madrid/ HTTP/1.1" 404 1251 "https://theswadeshbazzar.com" "Mozilla/5.0 (Windows NT 10.0; Win64; x64) AppleWebKit/537.36 (KHTML, like Gecko) Chrome/62.0.3202.94 Safari/537.36"
58.254.68.93 - - [31/Mar/2025:06:19:04 -0400] "GET /how-to-find-an-english-speaking-lawyer-madrid/ HTTP/1.1" 404 1251 "https://theswadeshbazzar.com" "Mozilla/5.0 (Windows NT 10.0; Win64; x64) AppleWebKit/537.36 (KHTML, like Gecko) Chrome/62.0.3202.94 Safari/537.36"
185.157.212.157 - - [31/Mar/2025:06:32:48 -0400] "GET /cbd-for-anxiety-uk-what-you-need-to-know/ HTTP/1.1" 404 1251 "https://theswadeshbazzar.com/cbd-for-anxiety-uk-what-you-need-to-know/" "Mozilla/5.0 (Windows NT 10.0; Win64; x64) AppleWebKit/537.36 (KHTML, like Gecko) Chrome/130.0.0.0 Safari/537.36"
185.157.212.157 - - [31/Mar/2025:06:32:49 -0400] "GET / HTTP/1.1" 200 156077 "https://theswadeshbazzar.com/" "Mozilla/5.0 (Windows NT 10.0; Win64; x64) AppleWebKit/537.36 (KHTML, like Gecko) Chrome/130.0.0.0 Safari/537.36"
54.222.220.136 - - [31/Mar/2025:06:36:40 -0400] "GET /wp-content/uploads/2020/06/31-f-300x300.png HTTP/1.1" 404 1251 "-" "python-requests/2.29.0"
94.181.156.210 - - [31/Mar/2025:06:39:10 -0400] "GET /zahnimplantate-kunstliche-zahne-konnen-ihre-perspektive-verandern/ HTTP/1.1" 404 1251 "-" "Mozilla/5.0 (Windows NT 6.3; Win64; x64) AppleWebKit/537.36 (KHTML, like Gecko) Chrome/75.0.3770.100 Safari/537.36"
109.172.87.122 - - [31/Mar/2025:06:39:56 -0400] "GET /cbd-for-anxiety-uk-what-you-need-to-know/ HTTP/1.1" 404 1251 "https://theswadeshbazzar.com/cbd-for-anxiety-uk-what-you-need-to-know/" "Mozilla/5.0 (Windows NT 10.0; Win64; x64) AppleWebKit/537.36 (KHTML, like Gecko) Chrome/131.0.0.0 Safari/537.36 Avast/131.0.0.0"
109.172.87.122 - - [31/Mar/2025:06:39:57 -0400] "GET / HTTP/1.1" 200 156077 "https://theswadeshbazzar.com/" "Mozilla/5.0 (Windows NT 10.0; Win64; x64) AppleWebKit/537.36 (KHTML, like Gecko) Chrome/131.0.0.0 Safari/537.36 Avast/131.0.0.0"
66.249.74.163 - - [31/Mar/2025:06:44:17 -0400] "GET /robots.txt HTTP/1.1" 304 0 "-" "Mozilla/5.0 (compatible; Googlebot/2.1; +http://www.google.com/bot.html)"
66.249.74.164 - - [31/Mar/2025:06:44:17 -0400] "GET /category/sign-in/ HTTP/1.1" 404 1251 "-" "Mozilla/5.0 (Linux; Android 6.0.1; Nexus 5X Build/MMB29P) AppleWebKit/537.36 (KHTML, like Gecko) Chrome/134.0.6998.165 Mobile Safari/537.36 (compatible; Googlebot/2.1; +http://www.google.com/bot.html)"
111.225.149.58 - - [31/Mar/2025:06:47:15 -0400] "GET /page/18/ HTTP/1.1" 404 1251 "-" "Mozilla/5.0 (Linux; Android 5.0) AppleWebKit/537.36 (KHTML, like Gecko) Mobile Safari/537.36 (compatible; Bytespider; https://zhanzhang.toutiao.com/)"
58.254.68.93 - - [31/Mar/2025:06:53:27 -0400] "GET /zahnimplantate-kunstliche-zahne-konnen-ihre-perspektive-verandern/ HTTP/1.1" 404 1251 "https://theswadeshbazzar.com" "Mozilla/5.0 (Windows NT 10.0; Win64; x64) AppleWebKit/537.36 (KHTML, like Gecko) Chrome/62.0.3202.94 Safari/537.36"
156.249.204.241 - - [31/Mar/2025:06:53:54 -0400] "GET /how-a-virtual-receptionist-can-help-your-business/ HTTP/1.1" 404 1251 "-" "Mozilla/5.0 (X11; Linux x86_64) AppleWebKit/537.36 (KHTML, like Gecko) Chrome/114.0.0.0 Safari/537.36 Vivaldi/5.3.2679.68"
156.249.204.241 - - [31/Mar/2025:06:53:58 -0400] "GET / HTTP/1.1" 200 156077 "-" "Mozilla/5.0 (X11; Linux x86_64) AppleWebKit/537.36 (KHTML, like Gecko) Chrome/114.0.0.0 Safari/537.36 Vivaldi/5.3.2679.68"
156.249.204.241 - - [31/Mar/2025:06:54:03 -0400] "GET /dp/B0D3RN5W37?ref=MarsFS_VICC_blinksqm HTTP/1.1" 404 1251 "https://theswadeshbazzar.com" "Mozilla/5.0 (X11; Linux x86_64) AppleWebKit/537.36 (KHTML, like Gecko) Chrome/114.0.0.0 Safari/537.36 Vivaldi/5.3.2679.68"
156.249.204.241 - - [31/Mar/2025:06:54:07 -0400] "GET / HTTP/1.1" 200 156077 "https://theswadeshbazzar.com" "Mozilla/5.0 (X11; Linux x86_64) AppleWebKit/537.36 (KHTML, like Gecko) Chrome/114.0.0.0 Safari/537.36 Vivaldi/5.3.2679.68"
185.157.212.157 - - [31/Mar/2025:06:55:29 -0400] "GET /cbd-for-anxiety-uk-what-you-need-to-know/ HTTP/1.1" 404 1251 "https://theswadeshbazzar.com/cbd-for-anxiety-uk-what-you-need-to-know/" "Mozilla/5.0 (Windows NT 10.0; Win64; x64) AppleWebKit/537.36 (KHTML, like Gecko) Chrome/129.0.0.0 Safari/537.36"
185.157.212.157 - - [31/Mar/2025:06:55:29 -0400] "GET / HTTP/1.1" 200 156077 "https://theswadeshbazzar.com/" "Mozilla/5.0 (Windows NT 10.0; Win64; x64) AppleWebKit/537.36 (KHTML, like Gecko) Chrome/129.0.0.0 Safari/537.36"
110.249.202.79 - - [31/Mar/2025:06:57:12 -0400] "GET /category/contact-us/ HTTP/1.1" 404 1251 "-" "Mozilla/5.0 (Linux; Android 5.0) AppleWebKit/537.36 (KHTML, like Gecko) Mobile Safari/537.36 (compatible; Bytespider; https://zhanzhang.toutiao.com/)"
110.249.202.98 - - [31/Mar/2025:06:58:21 -0400] "GET /page/59/ HTTP/1.1" 404 1251 "-" "Mozilla/5.0 (Linux; Android 5.0) AppleWebKit/537.36 (KHTML, like Gecko) Mobile Safari/537.36 (compatible; Bytespider; https://zhanzhang.toutiao.com/)"
71.132.15.82 - - [31/Mar/2025:07:07:33 -0400] "GET /wp-content/uploads/2020/06/Saamai-Kara-Boondhi-300x300.png HTTP/1.1" 404 1251 "-" "python-requests/2.29.0"
221.207.35.249 - - [31/Mar/2025:07:09:50 -0400] "GET /ipfs/bafkreicyqcbhpicbos7ev4mrxofwqx6hvvge7pahpta6xuspr44crai5by HTTP/1.1" 404 1251 "-" "Mozilla/4.066686748 Mozilla/4.0 (compatible; MSIE 6.0; Windows NT 5.1)"
94.181.156.210 - - [31/Mar/2025:07:12:04 -0400] "GET /zahnimplantate-kunstliche-zahne-konnen-ihre-perspektive-verandern/ HTTP/1.1" 404 1251 "-" "Mozilla/5.0 (Windows NT 6.3; Win64; x64) AppleWebKit/537.36 (KHTML, like Gecko) Chrome/75.0.3770.100 Safari/537.36"
62.113.113.106 - - [31/Mar/2025:07:19:18 -0400] "GET /best-auto-detailing-products/ HTTP/1.1" 404 1251 "https://theswadeshbazzar.com/best-auto-detailing-products/" "Mozilla/5.0 (Windows NT 10.0; Win64; x64) AppleWebKit/537.36 (KHTML, like Gecko) Chrome/130.0.0.0 Safari/537.36 CCleaner/130.0.0.0"
62.113.113.106 - - [31/Mar/2025:07:19:19 -0400] "GET / HTTP/1.1" 200 156077 "https://theswadeshbazzar.com/" "Mozilla/5.0 (Windows NT 10.0; Win64; x64) AppleWebKit/537.36 (KHTML, like Gecko) Chrome/130.0.0.0 Safari/537.36 CCleaner/130.0.0.0"
58.254.68.93 - - [31/Mar/2025:07:21:30 -0400] "GET /how-to-find-an-english-speaking-lawyer-madrid/ HTTP/1.1" 404 1251 "https://theswadeshbazzar.com" "Mozilla/5.0 (Windows NT 10.0; Win64; x64) AppleWebKit/537.36 (KHTML, like Gecko) Chrome/62.0.3202.94 Safari/537.36"
58.254.68.93 - - [31/Mar/2025:07:21:34 -0400] "GET /how-to-find-an-english-speaking-lawyer-madrid/ HTTP/1.1" 404 1251 "https://theswadeshbazzar.com" "Mozilla/5.0 (Windows NT 10.0; Win64; x64) AppleWebKit/537.36 (KHTML, like Gecko) Chrome/62.0.3202.94 Safari/537.36"
58.254.68.93 - - [31/Mar/2025:07:21:37 -0400] "GET /how-to-find-an-english-speaking-lawyer-madrid/ HTTP/1.1" 404 1251 "https://theswadeshbazzar.com" "Mozilla/5.0 (Windows NT 10.0; Win64; x64) AppleWebKit/537.36 (KHTML, like Gecko) Chrome/62.0.3202.94 Safari/537.36"
157.55.39.15 - - [31/Mar/2025:07:21:42 -0400] "GET /gitarre-lernen-in-dusseldorf-fur-alle-level/ HTTP/1.1" 404 1251 "-" "Mozilla/5.0 AppleWebKit/537.36 (KHTML, like Gecko; compatible; bingbot/2.0; +http://www.bing.com/bingbot.htm) Chrome/116.0.1938.76 Safari/537.36"
58.254.68.93 - - [31/Mar/2025:07:21:42 -0400] "GET /how-to-find-an-english-speaking-lawyer-madrid/ HTTP/1.1" 404 1251 "https://theswadeshbazzar.com" "Mozilla/5.0 (Windows NT 10.0; Win64; x64) AppleWebKit/537.36 (KHTML, like Gecko) Chrome/62.0.3202.94 Safari/537.36"
36.226.217.158 - - [31/Mar/2025:07:25:06 -0400] "GET / HTTP/1.1" 200 156077 "https://theswadeshbazzar.com/" "Mozilla/5.0 (Windows NT 6.1; WOW64) AppleWebKit/537.36 (KHTML, like Gecko) Chrome/34.0.3481.908 Safari/537.36"
190.58.9.4 - - [31/Mar/2025:07:29:55 -0400] "GET /brand/girnar-ayurvedic-pharmacy-pvt-ltd/ HTTP/1.1" 404 1251 "-" "Mozilla/5.0 (Macintosh; Intel Mac OS X 10_15_7) AppleWebKit/537.36 (KHTML, like Gecko) Chrome/125.0.0.0 Safari/537.36"
109.236.93.77 - - [31/Mar/2025:07:33:57 -0400] "GET /how-to-find-an-english-speaking-lawyer-madrid HTTP/1.1" 404 1251 "-" "Mozilla/5.0 (Windows NT 10.0; Win64; x64) AppleWebKit/537.36 (KHTML, like Gecko) Chrome/118.0.0.0 Safari/537.36"
198.54.114.83 - - [31/Mar/2025:07:34:35 -0400] "POST /wp-admin/admin-ajax.php?action=async_litespeed&nonce=quEXB6RJJcr4bG88aOgWrgbI0t2Ihf5m&litespeed_type=imgoptm HTTP/1.1" 200 5 "-" "WordPress/6.7.2; https://theswadeshbazzar.com"
23.22.107.123 - - [31/Mar/2025:07:35:50 -0400] "GET /how-to-build-your-resume-to-stand-out-from-the-competition/ HTTP/1.1" 404 1251 "-" "Grammarly/1.0 (http://www.grammarly.com)"
62.113.115.161 - - [31/Mar/2025:07:37:21 -0400] "GET /best-auto-detailing-products/ HTTP/1.1" 404 1251 "https://theswadeshbazzar.com/best-auto-detailing-products/" "Mozilla/5.0 (Windows NT 10.0; Win64; x64) AppleWebKit/537.36 (KHTML, like Gecko) Chrome/131.0.0.0 Safari/537.36 Avast/131.0.0.0"
62.113.115.161 - - [31/Mar/2025:07:37:22 -0400] "GET /best-auto-detailing-products/ HTTP/1.1" 404 1251 "https://theswadeshbazzar.com/best-auto-detailing-products/" "Mozilla/5.0 (Windows NT 10.0; Win64; x64) AppleWebKit/537.36 (KHTML, like Gecko) Chrome/130.0.0.0 Safari/537.36 CCleaner/130.0.0.0"
62.113.115.161 - - [31/Mar/2025:07:37:22 -0400] "GET / HTTP/1.1" 200 156077 "https://theswadeshbazzar.com/" "Mozilla/5.0 (Windows NT 10.0; Win64; x64) AppleWebKit/537.36 (KHTML, like Gecko) Chrome/131.0.0.0 Safari/537.36 Avast/131.0.0.0"
62.113.115.161 - - [31/Mar/2025:07:37:22 -0400] "GET / HTTP/1.1" 200 156077 "https://theswadeshbazzar.com/" "Mozilla/5.0 (Windows NT 10.0; Win64; x64) AppleWebKit/537.36 (KHTML, like Gecko) Chrome/130.0.0.0 Safari/537.36 CCleaner/130.0.0.0"
198.54.114.83 - - [31/Mar/2025:07:41:21 -0400] "POST /wp-admin/admin-ajax.php?action=async_litespeed&nonce=kkJSswr8ZNZwtwaS3VBCMRM5TwyPU97C&litespeed_type=imgoptm HTTP/1.1" 200 5 "-" "WordPress/6.7.2; https://theswadeshbazzar.com"
149.88.101.23 - - [31/Mar/2025:07:41:22 -0400] "GET /wp-admin/user/about.php HTTP/1.1" 302 0 "http://theswadeshbazzar.com/wp-admin/user/about.php" "Go-http-client/2.0"
149.88.101.23 - - [31/Mar/2025:07:41:22 -0400] "GET /wp-login.php?redirect_to=https%3A%2F%2Ftheswadeshbazzar.com%2Fwp-admin%2Fuser%2Fabout.php&reauth=1 HTTP/1.1" 200 1897 "https://theswadeshbazzar.com/wp-admin/user/about.php" "Go-http-client/2.0"
149.88.101.23 - - [31/Mar/2025:07:41:25 -0400] "GET /wp-login.php?action=register HTTP/1.1" 302 0 "http://theswadeshbazzar.com/wp-signup.php?FoX=sQFLZ" "Go-http-client/2.0"
149.88.101.23 - - [31/Mar/2025:07:41:26 -0400] "GET /wp-login.php?registration=disabled HTTP/1.1" 200 1949 "https://theswadeshbazzar.com/wp-login.php?action=register" "Go-http-client/2.0"
149.88.101.23 - - [31/Mar/2025:07:41:31 -0400] "GET /wp-admin/user/about.php?p= HTTP/1.1" 302 0 "http://theswadeshbazzar.com/wp-admin/user/about.php?p=" "Go-http-client/2.0"
149.88.101.23 - - [31/Mar/2025:07:41:32 -0400] "GET /wp-login.php?redirect_to=https%3A%2F%2Ftheswadeshbazzar.com%2Fwp-admin%2Fuser%2Fabout.php%3Fp%3D&reauth=1 HTTP/1.1" 200 1892 "https://theswadeshbazzar.com/wp-admin/user/about.php?p=" "Go-http-client/2.0"
198.54.114.83 - - [31/Mar/2025:07:42:06 -0400] "POST /wp-admin/admin-ajax.php?action=async_litespeed&nonce=QAvxDd0t3JEIoUGNpCXqYdbU3MvNvzg9&litespeed_type=imgoptm HTTP/1.1" 200 5 "-" "WordPress/6.7.2; https://theswadeshbazzar.com"
149.88.101.23 - - [31/Mar/2025:07:42:07 -0400] "GET /wp-login.php?action=register HTTP/1.1" 302 0 "http://theswadeshbazzar.com/wp-login.php?action=register" "Go-http-client/2.0"
149.88.101.23 - - [31/Mar/2025:07:42:07 -0400] "GET /wp-login.php?registration=disabled HTTP/1.1" 200 1949 "https://theswadeshbazzar.com/wp-login.php?action=register" "Go-http-client/2.0"
149.88.101.23 - - [31/Mar/2025:07:42:15 -0400] "GET /wp-login.php HTTP/1.1" 200 1887 "http://theswadeshbazzar.com/wp-login.php" "Go-http-client/2.0"
149.88.101.23 - - [31/Mar/2025:07:42:22 -0400] "GET /wp-login.php?action=register HTTP/1.1" 302 0 "http://theswadeshbazzar.com/wp-activate.php" "Go-http-client/2.0"
149.88.101.23 - - [31/Mar/2025:07:42:22 -0400] "GET /wp-login.php?registration=disabled HTTP/1.1" 200 1949 "https://theswadeshbazzar.com/wp-login.php?action=register" "Go-http-client/2.0"
198.54.114.83 - - [31/Mar/2025:07:42:38 -0400] "POST /wp-cron.php?doing_wp_cron=1743421358.7331569194793701171875 HTTP/1.1" 200 0 "-" "WordPress/6.7.2; https://theswadeshbazzar.com"
149.88.101.23 - - [31/Mar/2025:07:42:38 -0400] "GET /wp-admin/admin.php HTTP/1.1" 302 0 "http://theswadeshbazzar.com/wp-admin/admin.php" "Go-http-client/2.0"
198.54.114.83 - - [31/Mar/2025:07:42:39 -0400] "POST /wp-admin/admin-ajax.php?action=async_litespeed&nonce=uQSYu7N1K7o4y8FKFx6al1kHXBziod5r&litespeed_type=imgoptm HTTP/1.1" 200 5 "-" "WordPress/6.7.2; https://theswadeshbazzar.com"
149.88.101.23 - - [31/Mar/2025:07:42:39 -0400] "GET /wp-login.php?redirect_to=https%3A%2F%2Ftheswadeshbazzar.com%2Fwp-admin%2Fadmin.php&reauth=1 HTTP/1.1" 200 1886 "https://theswadeshbazzar.com/wp-admin/admin.php" "Go-http-client/2.0"
149.88.101.23 - - [31/Mar/2025:07:42:42 -0400] "GET /wp-admin/about.php HTTP/1.1" 302 0 "http://theswadeshbazzar.com/wp-admin/about.php" "Go-http-client/2.0"
149.88.101.23 - - [31/Mar/2025:07:42:42 -0400] "GET /wp-login.php?redirect_to=https%3A%2F%2Ftheswadeshbazzar.com%2Fwp-admin%2Fabout.php&reauth=1 HTTP/1.1" 200 1889 "https://theswadeshbazzar.com/wp-admin/about.php" "Go-http-client/2.0"
149.88.101.23 - - [31/Mar/2025:07:42:49 -0400] "GET /wp-login.php?action=register HTTP/1.1" 302 0 "http://theswadeshbazzar.com/wp-signup.php" "Go-http-client/2.0"
149.88.101.23 - - [31/Mar/2025:07:42:50 -0400] "GET /wp-login.php?registration=disabled HTTP/1.1" 200 1949 "https://theswadeshbazzar.com/wp-login.php?action=register" "Go-http-client/2.0"
149.88.101.23 - - [31/Mar/2025:07:42:51 -0400] "GET /wp-admin/network/about.php HTTP/1.1" 302 0 "http://theswadeshbazzar.com/wp-admin/network/about.php" "Go-http-client/2.0"
149.88.101.23 - - [31/Mar/2025:07:42:52 -0400] "GET /wp-login.php?redirect_to=https%3A%2F%2Ftheswadeshbazzar.com%2Fwp-admin%2Fnetwork%2Fabout.php&reauth=1 HTTP/1.1" 200 1891 "https://theswadeshbazzar.com/wp-admin/network/about.php" "Go-http-client/2.0"
94.181.156.210 - - [31/Mar/2025:07:45:19 -0400] "GET /zahnimplantate-kunstliche-zahne-konnen-ihre-perspektive-verandern/ HTTP/1.1" 404 1251 "-" "Mozilla/5.0 (Windows NT 6.3; Win64; x64) AppleWebKit/537.36 (KHTML, like Gecko) Chrome/75.0.3770.100 Safari/537.36"
71.131.236.115 - - [31/Mar/2025:07:45:45 -0400] "GET /wp-content/uploads/2020/07/MINT-MOJITO-BODY-LOTION-300x300.jpeg HTTP/1.1" 404 1251 "-" "curl/7.74.0"
35.173.81.27 - - [31/Mar/2025:07:47:12 -0400] "GET /how-to-build-your-resume-to-stand-out-from-the-competition/ HTTP/1.1" 404 1251 "-" "Grammarly/1.0 (http://www.grammarly.com)"
58.254.68.93 - - [31/Mar/2025:07:54:07 -0400] "GET /how-to-find-an-english-speaking-lawyer-madrid/ HTTP/1.1" 404 1251 "https://theswadeshbazzar.com" "Mozilla/5.0 (Windows NT 10.0; Win64; x64) AppleWebKit/537.36 (KHTML, like Gecko) Chrome/62.0.3202.94 Safari/537.36"
58.254.68.93 - - [31/Mar/2025:07:54:09 -0400] "GET /how-to-find-an-english-speaking-lawyer-madrid/ HTTP/1.1" 404 1251 "https://theswadeshbazzar.com" "Mozilla/5.0 (Windows NT 10.0; Win64; x64) AppleWebKit/537.36 (KHTML, like Gecko) Chrome/62.0.3202.94 Safari/537.36"
58.254.68.93 - - [31/Mar/2025:07:54:14 -0400] "GET /how-to-find-an-english-speaking-lawyer-madrid/ HTTP/1.1" 404 1251 "https://theswadeshbazzar.com" "Mozilla/5.0 (Windows NT 10.0; Win64; x64) AppleWebKit/537.36 (KHTML, like Gecko) Chrome/62.0.3202.94 Safari/537.36"
58.254.68.93 - - [31/Mar/2025:07:54:15 -0400] "GET /how-to-find-an-english-speaking-lawyer-madrid/ HTTP/1.1" 404 1251 "https://theswadeshbazzar.com" "Mozilla/5.0 (Windows NT 10.0; Win64; x64) AppleWebKit/537.36 (KHTML, like Gecko) Chrome/62.0.3202.94 Safari/537.36"
198.54.114.83 - - [31/Mar/2025:07:54:23 -0400] "POST /wp-admin/admin-ajax.php?action=async_litespeed&nonce=MozlzEtFz1ONbeHuiyuIarNvKqmTSkyN&litespeed_type=imgoptm HTTP/1.1" 200 5 "-" "WordPress/6.7.2; https://theswadeshbazzar.com"
3.145.152.98 - - [31/Mar/2025:07:55:12 -0400] "GET /robots.txt HTTP/1.1" 304 0 "-" "Mozilla/5.0 AppleWebKit/537.36 (KHTML, like Gecko; compatible; ClaudeBot/1.0; +claudebot@anthropic.com)"
3.145.152.98 - - [31/Mar/2025:07:55:13 -0400] "GET /5-conseils-etonnants-pour-personnaliser-des-t-shirts-amusants-pour-les-grands-peres-et-les-grand-meres HTTP/1.1" 404 1251 "-" "Mozilla/5.0 AppleWebKit/537.36 (KHTML, like Gecko; compatible; ClaudeBot/1.0; +claudebot@anthropic.com)"
134.17.14.122 - - [31/Mar/2025:07:55:28 -0400] "GET /wp-content/BypassBest.php HTTP/1.1" 404 1251 "-" "Mozilla/4.0 (compatible; MSIE 6.0; Windows NT 5.1; SV1)"
91.84.98.204 - - [31/Mar/2025:07:59:22 -0400] "GET /cbd-for-anxiety-uk-what-you-need-to-know/ HTTP/1.1" 404 1251 "https://theswadeshbazzar.com/cbd-for-anxiety-uk-what-you-need-to-know/" "Mozilla/5.0 (Windows NT 10.0; Win64; x64) AppleWebKit/537.36 (KHTML, like Gecko) Chrome/131.0.0.0 Safari/537.36 Avast/131.0.0.0"
91.84.98.204 - - [31/Mar/2025:07:59:23 -0400] "GET / HTTP/1.1" 200 156077 "https://theswadeshbazzar.com/" "Mozilla/5.0 (Windows NT 10.0; Win64; x64) AppleWebKit/537.36 (KHTML, like Gecko) Chrome/131.0.0.0 Safari/537.36 Avast/131.0.0.0"
98.82.221.9 - - [31/Mar/2025:07:59:46 -0400] "GET /how-to-build-your-resume-to-stand-out-from-the-competition/ HTTP/1.1" 404 1251 "-" "Grammarly/1.0 (http://www.grammarly.com)"
52.80.212.156 - - [31/Mar/2025:08:01:43 -0400] "GET /wp-content/uploads/thumbs_dir/1-1-1x7sla6z93tmribgoxii820u3nbzokzq3ojzbak7jk10.png HTTP/1.1" 404 1251 "-" "curl/7.74.0"
94.181.156.210 - - [31/Mar/2025:08:05:37 -0400] "GET /zahnimplantate-kunstliche-zahne-konnen-ihre-perspektive-verandern/ HTTP/1.1" 404 1251 "-" "Mozilla/5.0 (Windows NT 6.3; Win64; x64) AppleWebKit/537.36 (KHTML, like Gecko) Chrome/75.0.3770.100 Safari/537.36"
17.241.219.138 - - [31/Mar/2025:08:05:58 -0400] "GET /robots.txt HTTP/1.1" 304 0 "-" "Mozilla/5.0 (Macintosh; Intel Mac OS X 10_15_7) AppleWebKit/605.1.15 (KHTML, like Gecko) Version/17.4 Safari/605.1.15 (Applebot/0.1; +http://www.apple.com/go/applebot)"
207.46.13.78 - - [31/Mar/2025:08:06:16 -0400] "GET /how-to-turn-off-pop-ups-on-iphone/ HTTP/1.1" 404 1251 "-" "Mozilla/5.0 AppleWebKit/537.36 (KHTML, like Gecko; compatible; bingbot/2.0; +http://www.bing.com/bingbot.htm) Chrome/116.0.1938.76 Safari/537.36"
185.220.101.184 - - [31/Mar/2025:08:07:33 -0400] "GET / HTTP/1.1" 200 156077 "https://theswadeshbazzar.com" "Mozilla/5.0 (Windows NT 10.0; WOW64) AppleWebKit/537.36 (KHTML, like Gecko) Chrome/81.0.4044.138 Safari/537.36 OPR/68.0.3618.173 (Edition Yx)"
98.82.221.9 - - [31/Mar/2025:08:10:37 -0400] "GET /how-to-build-your-resume-to-stand-out-from-the-competition/ HTTP/1.1" 404 1251 "-" "Grammarly/1.0 (http://www.grammarly.com)"
103.148.104.77 - - [31/Mar/2025:08:12:37 -0400] "GET /admin.php HTTP/1.1" 404 1251 "https://theswadeshbazzar.com/admin.php" "Mozilla/4.0 (compatible; MSIE 9.0; Windows NT 6.1)"
58.254.68.93 - - [31/Mar/2025:08:24:29 -0400] "GET /how-to-find-an-english-speaking-lawyer-madrid/ HTTP/1.1" 404 1251 "https://theswadeshbazzar.com" "Mozilla/5.0 (Windows NT 10.0; Win64; x64) AppleWebKit/537.36 (KHTML, like Gecko) Chrome/62.0.3202.94 Safari/537.36"
58.254.68.93 - - [31/Mar/2025:08:24:31 -0400] "GET /how-to-find-an-english-speaking-lawyer-madrid/ HTTP/1.1" 404 1251 "https://theswadeshbazzar.com" "Mozilla/5.0 (Windows NT 10.0; Win64; x64) AppleWebKit/537.36 (KHTML, like Gecko) Chrome/62.0.3202.94 Safari/537.36"
58.254.68.93 - - [31/Mar/2025:08:24:32 -0400] "GET /how-to-find-an-english-speaking-lawyer-madrid/ HTTP/1.1" 404 1251 "https://theswadeshbazzar.com" "Mozilla/5.0 (Windows NT 10.0; Win64; x64) AppleWebKit/537.36 (KHTML, like Gecko) Chrome/62.0.3202.94 Safari/537.36"
58.254.68.93 - - [31/Mar/2025:08:24:33 -0400] "GET /how-to-find-an-english-speaking-lawyer-madrid/ HTTP/1.1" 404 1251 "https://theswadeshbazzar.com" "Mozilla/5.0 (Windows NT 10.0; Win64; x64) AppleWebKit/537.36 (KHTML, like Gecko) Chrome/62.0.3202.94 Safari/537.36"
109.172.87.122 - - [31/Mar/2025:08:26:24 -0400] "GET /cbd-for-anxiety-uk-what-you-need-to-know/ HTTP/1.1" 404 1251 "https://theswadeshbazzar.com/cbd-for-anxiety-uk-what-you-need-to-know/" "Mozilla/5.0 (Windows NT 10.0; Win64; x64) AppleWebKit/537.36 (KHTML, like Gecko) Chrome/129.0.0.0 Safari/537.36"
109.172.87.122 - - [31/Mar/2025:08:26:25 -0400] "GET / HTTP/1.1" 200 156077 "https://theswadeshbazzar.com/" "Mozilla/5.0 (Windows NT 10.0; Win64; x64) AppleWebKit/537.36 (KHTML, like Gecko) Chrome/129.0.0.0 Safari/537.36"
94.181.156.210 - - [31/Mar/2025:08:33:16 -0400] "GET /zahnimplantate-kunstliche-zahne-konnen-ihre-perspektive-verandern/ HTTP/1.1" 404 1251 "-" "Mozilla/5.0 (Windows NT 6.3; Win64; x64) AppleWebKit/537.36 (KHTML, like Gecko) Chrome/75.0.3770.100 Safari/537.36"
178.217.98.213 - - [31/Mar/2025:08:42:14 -0400] "GET /cbd-for-anxiety-uk-what-you-need-to-know/ HTTP/1.1" 404 1251 "https://theswadeshbazzar.com/cbd-for-anxiety-uk-what-you-need-to-know/" "Mozilla/5.0 (Windows NT 10.0; Win64; x64) AppleWebKit/537.36 (KHTML, like Gecko) Chrome/131.0.0.0 Safari/537.36 Avast/131.0.0.0"
178.217.98.213 - - [31/Mar/2025:08:42:14 -0400] "GET / HTTP/1.1" 200 156077 "https://theswadeshbazzar.com/" "Mozilla/5.0 (Windows NT 10.0; Win64; x64) AppleWebKit/537.36 (KHTML, like Gecko) Chrome/131.0.0.0 Safari/537.36 Avast/131.0.0.0"
192.42.116.208 - - [31/Mar/2025:08:51:07 -0400] "GET / HTTP/1.1" 200 0 "https://theswadeshbazzar.com" "Mozilla/5.0 (Macintosh; I; Intel Mac OS X 10_6_7; ru-ru) AppleWebKit/534.31+ (KHTML, like Gecko) Version/5.0.5 Safari/533.21.1"
58.254.68.93 - - [31/Mar/2025:09:01:22 -0400] "GET /caregiver-jobs-in-toronto/ HTTP/1.1" 404 1251 "https://theswadeshbazzar.com" "Mozilla/5.0 (Windows NT 10.0; Win64; x64) AppleWebKit/537.36 (KHTML, like Gecko) Chrome/62.0.3202.94 Safari/537.36"
58.254.68.93 - - [31/Mar/2025:09:01:23 -0400] "GET /caregiver-jobs-in-toronto/ HTTP/1.1" 404 1251 "https://theswadeshbazzar.com" "Mozilla/5.0 (Windows NT 10.0; Win64; x64) AppleWebKit/537.36 (KHTML, like Gecko) Chrome/62.0.3202.94 Safari/537.36"
58.254.68.93 - - [31/Mar/2025:09:01:25 -0400] "GET /caregiver-jobs-in-toronto/ HTTP/1.1" 404 1251 "https://theswadeshbazzar.com" "Mozilla/5.0 (Windows NT 10.0; Win64; x64) AppleWebKit/537.36 (KHTML, like Gecko) Chrome/62.0.3202.94 Safari/537.36"
58.254.68.93 - - [31/Mar/2025:09:01:27 -0400] "GET /caregiver-jobs-in-toronto/ HTTP/1.1" 404 1251 "https://theswadeshbazzar.com" "Mozilla/5.0 (Windows NT 10.0; Win64; x64) AppleWebKit/537.36 (KHTML, like Gecko) Chrome/62.0.3202.94 Safari/537.36"
58.254.68.93 - - [31/Mar/2025:09:05:03 -0400] "GET /how-to-find-an-english-speaking-lawyer-madrid/ HTTP/1.1" 404 1251 "https://theswadeshbazzar.com" "Mozilla/5.0 (Windows NT 10.0; Win64; x64) AppleWebKit/537.36 (KHTML, like Gecko) Chrome/62.0.3202.94 Safari/537.36"
58.254.68.93 - - [31/Mar/2025:09:05:20 -0400] "GET /how-to-find-an-english-speaking-lawyer-madrid/ HTTP/1.1" 404 1251 "https://theswadeshbazzar.com" "Mozilla/5.0 (Windows NT 10.0; Win64; x64) AppleWebKit/537.36 (KHTML, like Gecko) Chrome/62.0.3202.94 Safari/537.36"
58.254.68.93 - - [31/Mar/2025:09:05:22 -0400] "GET /how-to-find-an-english-speaking-lawyer-madrid/ HTTP/1.1" 404 1251 "https://theswadeshbazzar.com" "Mozilla/5.0 (Windows NT 10.0; Win64; x64) AppleWebKit/537.36 (KHTML, like Gecko) Chrome/62.0.3202.94 Safari/537.36"
58.254.68.93 - - [31/Mar/2025:09:05:28 -0400] "GET /how-to-find-an-english-speaking-lawyer-madrid/ HTTP/1.1" 404 1251 "https://theswadeshbazzar.com" "Mozilla/5.0 (Windows NT 10.0; Win64; x64) AppleWebKit/537.36 (KHTML, like Gecko) Chrome/62.0.3202.94 Safari/537.36"
192.210.176.65 - - [31/Mar/2025:09:06:09 -0400] "GET /cbd-for-anxiety-uk-what-you-need-to-know/ HTTP/1.1" 404 1251 "-" "Mozilla/5.0 (Macintosh; Intel Mac OS X 12_5) AppleWebKit/537.36 (KHTML, like Gecko) Chrome/114.0.0.0 Safari/537.36"
192.210.176.65 - - [31/Mar/2025:09:06:11 -0400] "GET / HTTP/1.1" 200 156077 "-" "Mozilla/5.0 (Macintosh; Intel Mac OS X 12_5) AppleWebKit/537.36 (KHTML, like Gecko) Chrome/114.0.0.0 Safari/537.36"
192.210.176.65 - - [31/Mar/2025:09:06:17 -0400] "GET /dp/B0D3RN5W37?ref=MarsFS_VICC_blinksqm HTTP/1.1" 404 1251 "https://theswadeshbazzar.com" "Mozilla/5.0 (Macintosh; Intel Mac OS X 12_5) AppleWebKit/537.36 (KHTML, like Gecko) Chrome/114.0.0.0 Safari/537.36"
192.210.176.65 - - [31/Mar/2025:09:06:18 -0400] "GET / HTTP/1.1" 200 156077 "https://theswadeshbazzar.com" "Mozilla/5.0 (Macintosh; Intel Mac OS X 12_5) AppleWebKit/537.36 (KHTML, like Gecko) Chrome/114.0.0.0 Safari/537.36"
23.108.48.118 - - [31/Mar/2025:09:06:32 -0400] "GET /cbd-for-anxiety-uk-what-you-need-to-know/ HTTP/1.1" 404 1251 "-" "Mozilla/5.0 (Windows NT 10.0; WOW64) AppleWebKit/537.36 (KHTML, like Gecko) Chrome/114.0.0.0 Safari/537.36 Vivaldi/5.3.2679.68"
23.108.48.118 - - [31/Mar/2025:09:06:33 -0400] "GET / HTTP/1.1" 200 156077 "-" "Mozilla/5.0 (Windows NT 10.0; WOW64) AppleWebKit/537.36 (KHTML, like Gecko) Chrome/114.0.0.0 Safari/537.36 Vivaldi/5.3.2679.68"
58.254.68.93 - - [31/Mar/2025:09:09:09 -0400] "GET /how-to-find-an-english-speaking-lawyer-madrid/ HTTP/1.1" 404 1251 "https://theswadeshbazzar.com" "Mozilla/5.0 (Windows NT 10.0; Win64; x64) AppleWebKit/537.36 (KHTML, like Gecko) Chrome/62.0.3202.94 Safari/537.36"
58.254.68.93 - - [31/Mar/2025:09:09:13 -0400] "GET /how-to-find-an-english-speaking-lawyer-madrid/ HTTP/1.1" 404 1251 "https://theswadeshbazzar.com" "Mozilla/5.0 (Windows NT 10.0; Win64; x64) AppleWebKit/537.36 (KHTML, like Gecko) Chrome/62.0.3202.94 Safari/537.36"
58.254.68.93 - - [31/Mar/2025:09:09:17 -0400] "GET /how-to-find-an-english-speaking-lawyer-madrid/ HTTP/1.1" 404 1251 "https://theswadeshbazzar.com" "Mozilla/5.0 (Windows NT 10.0; Win64; x64) AppleWebKit/537.36 (KHTML, like Gecko) Chrome/62.0.3202.94 Safari/537.36"
58.254.68.93 - - [31/Mar/2025:09:09:18 -0400] "GET /how-to-find-an-english-speaking-lawyer-madrid/ HTTP/1.1" 404 1251 "https://theswadeshbazzar.com" "Mozilla/5.0 (Windows NT 10.0; Win64; x64) AppleWebKit/537.36 (KHTML, like Gecko) Chrome/62.0.3202.94 Safari/537.36"
178.222.114.237 - - [31/Mar/2025:09:11:41 -0400] "GET / HTTP/1.1" 200 156077 "-" "Open Web DB Crawler"
178.222.114.237 - - [31/Mar/2025:09:11:42 -0400] "GET / HTTP/1.1" 200 156077 "-" "Open Web DB Crawler"
