85.208.98.16 - - [31/Mar/2025:23:13:53 -0400] "GET /jaej4y1k/animals-that-come-out-at-night.html HTTP/1.1" 404 1251 "-" "Mozilla/5.0 (compatible; SemrushBot-BA; +http://www.semrush.com/bot.html)"
51.222.253.20 - - [31/Mar/2025:23:14:22 -0400] "GET /embracing-digital-gambling/feed/ HTTP/1.1" 404 1251 "-" "Mozilla/5.0 (compatible; AhrefsBot/7.0; +http://ahrefs.com/robot/)"
51.222.253.4 - - [31/Mar/2025:23:15:17 -0400] "GET /midtown-modern-a-new-integrated-development/feed/ HTTP/1.1" 404 1251 "-" "Mozilla/5.0 (compatible; AhrefsBot/7.0; +http://ahrefs.com/robot/)"
51.222.253.16 - - [31/Mar/2025:23:16:07 -0400] "GET /how-to-find-a-painter-decorator-near-me/feed/ HTTP/1.1" 404 1251 "-" "Mozilla/5.0 (compatible; AhrefsBot/7.0; +http://ahrefs.com/robot/)"
54.85.239.163 - - [31/Mar/2025:23:16:47 -0400] "GET /medical-beauty-goes-beyond-facials-and-waxing/ HTTP/1.1" 404 1251 "-" "Grammarly/1.0 (http://www.grammarly.com)"
52.45.47.38 - - [31/Mar/2025:23:16:47 -0400] "GET /medical-beauty-goes-beyond-facials-and-waxing/ HTTP/1.1" 404 1251 "-" "Grammarly/1.0 (http://www.grammarly.com)"
51.222.253.3 - - [31/Mar/2025:23:16:59 -0400] "GET /custom-socks-with-logo/ HTTP/1.1" 404 1251 "-" "Mozilla/5.0 (compatible; AhrefsBot/7.0; +http://ahrefs.com/robot/)"
51.222.253.6 - - [31/Mar/2025:23:17:50 -0400] "GET /pilou-pilou-homme/feed/ HTTP/1.1" 404 1251 "-" "Mozilla/5.0 (compatible; AhrefsBot/7.0; +http://ahrefs.com/robot/)"
51.222.253.16 - - [31/Mar/2025:23:18:36 -0400] "GET /choosing-an-interior-house-painter-in-norcross/feed/ HTTP/1.1" 404 1251 "-" "Mozilla/5.0 (compatible; AhrefsBot/7.0; +http://ahrefs.com/robot/)"
51.222.253.6 - - [31/Mar/2025:23:19:20 -0400] "GET /sports-betting-shops/feed/ HTTP/1.1" 404 1251 "-" "Mozilla/5.0 (compatible; AhrefsBot/7.0; +http://ahrefs.com/robot/)"
51.222.253.16 - - [31/Mar/2025:23:20:10 -0400] "GET /calibrate-iphone-screen-useful-adjustments/feed/ HTTP/1.1" 404 1251 "-" "Mozilla/5.0 (compatible; AhrefsBot/7.0; +http://ahrefs.com/robot/)"
51.222.253.19 - - [31/Mar/2025:23:20:52 -0400] "GET /assurance-professionnelle-proteger-votre-entreprise-avec-confiance/feed/ HTTP/1.1" 404 1251 "-" "Mozilla/5.0 (compatible; AhrefsBot/7.0; +http://ahrefs.com/robot/)"
51.222.253.4 - - [31/Mar/2025:23:21:50 -0400] "GET /adjust-screen-time-on-iphone-smart-controls/ HTTP/1.1" 404 1251 "-" "Mozilla/5.0 (compatible; AhrefsBot/7.0; +http://ahrefs.com/robot/)"
51.222.253.2 - - [31/Mar/2025:23:22:41 -0400] "GET /the-ultimate-guide-to-carnival-games-hire/feed/ HTTP/1.1" 404 1251 "-" "Mozilla/5.0 (compatible; AhrefsBot/7.0; +http://ahrefs.com/robot/)"
185.157.212.157 - - [31/Mar/2025:23:22:51 -0400] "GET /cbd-for-anxiety-uk-what-you-need-to-know/ HTTP/1.1" 404 1251 "https://theswadeshbazzar.com/cbd-for-anxiety-uk-what-you-need-to-know/" "Mozilla/5.0 (Windows NT 10.0; Win64; x64) AppleWebKit/537.36 (KHTML, like Gecko) Chrome/130.0.0.0 Safari/537.36 CCleaner/130.0.0.0"
185.157.212.157 - - [31/Mar/2025:23:22:52 -0400] "GET / HTTP/1.1" 200 156077 "https://theswadeshbazzar.com/" "Mozilla/5.0 (Windows NT 10.0; Win64; x64) AppleWebKit/537.36 (KHTML, like Gecko) Chrome/130.0.0.0 Safari/537.36 CCleaner/130.0.0.0"
51.222.253.11 - - [31/Mar/2025:23:23:40 -0400] "GET /boat-rentals-in-bali-the-best-way-to-explore-nusa-penida-and-lembongan-islands/ HTTP/1.1" 404 1251 "-" "Mozilla/5.0 (compatible; AhrefsBot/7.0; +http://ahrefs.com/robot/)"
51.222.253.20 - - [31/Mar/2025:23:24:39 -0400] "GET /how-to-become-a-cybersecurity-professional/feed/ HTTP/1.1" 404 1251 "-" "Mozilla/5.0 (compatible; AhrefsBot/7.0; +http://ahrefs.com/robot/)"
51.222.253.4 - - [31/Mar/2025:23:25:45 -0400] "GET /buy-steam-gift-card-with-crypto/feed/ HTTP/1.1" 404 1251 "-" "Mozilla/5.0 (compatible; AhrefsBot/7.0; +http://ahrefs.com/robot/)"
51.222.253.5 - - [31/Mar/2025:23:26:40 -0400] "GET /lassurance-responsabilite-civile-rc-proteger-et-prevenir/feed/ HTTP/1.1" 404 1251 "-" "Mozilla/5.0 (compatible; AhrefsBot/7.0; +http://ahrefs.com/robot/)"
51.222.253.15 - - [31/Mar/2025:23:27:41 -0400] "GET /understanding-the-role-of-an-executor-of-a-will/feed/ HTTP/1.1" 404 1251 "-" "Mozilla/5.0 (compatible; AhrefsBot/7.0; +http://ahrefs.com/robot/)"
51.222.253.2 - - [31/Mar/2025:23:28:40 -0400] "GET /how-to-use-a-spell-to-make-someone-obsessed-with-you/ HTTP/1.1" 404 1251 "-" "Mozilla/5.0 (compatible; AhrefsBot/7.0; +http://ahrefs.com/robot/)"
85.208.98.22 - - [31/Mar/2025:23:29:08 -0400] "GET /j4clgp5/mexico-liga-de-ascenso-prediction-for-today.html HTTP/1.1" 404 1251 "-" "Mozilla/5.0 (compatible; SemrushBot-BA; +http://www.semrush.com/bot.html)"
51.222.253.20 - - [31/Mar/2025:23:29:41 -0400] "GET /erhalten-sie-hochwertige-masgeschneiderte-cbd-boxen-fur-ihr-produkt/ HTTP/1.1" 404 1251 "-" "Mozilla/5.0 (compatible; AhrefsBot/7.0; +http://ahrefs.com/robot/)"
51.222.253.20 - - [31/Mar/2025:23:30:26 -0400] "GET /what-is-a-micro-injection/ HTTP/1.1" 404 1251 "-" "Mozilla/5.0 (compatible; AhrefsBot/7.0; +http://ahrefs.com/robot/)"
51.222.253.9 - - [31/Mar/2025:23:31:16 -0400] "GET /cracking-the-algorithm-code/feed/ HTTP/1.1" 404 1251 "-" "Mozilla/5.0 (compatible; AhrefsBot/7.0; +http://ahrefs.com/robot/)"
149.22.90.237 - - [31/Mar/2025:23:31:17 -0400] "GET /wp-login.php HTTP/1.1" 200 1887 "-" "Mozilla/5.0 (Windows NT 10.0; Win64; x64; rv:80.0) Gecko/20100101 Firefox/80.0"
198.54.114.83 - - [31/Mar/2025:23:31:25 -0400] "POST /wp-cron.php?doing_wp_cron=1743478284.5599219799041748046875 HTTP/1.1" 200 0 "-" "WordPress/6.7.2; https://theswadeshbazzar.com"
149.22.90.237 - - [31/Mar/2025:23:31:18 -0400] "POST /wp-login.php HTTP/1.1" 200 2017 "-" "Mozilla/5.0 (Windows NT 10.0; Win64; x64; rv:80.0) Gecko/20100101 Firefox/80.0"
198.54.114.83 - - [31/Mar/2025:23:31:26 -0400] "POST /wp-admin/admin-ajax.php?action=async_litespeed&nonce=YNvybeexS7agJIvcKeQ1ICBNrIs99Rid&litespeed_type=imgoptm HTTP/1.1" 200 0 "-" "WordPress/6.7.2; https://theswadeshbazzar.com"
51.222.253.17 - - [31/Mar/2025:23:32:04 -0400] "GET /the-power-of-buying-youtube-views-and-subscribers/feed/ HTTP/1.1" 404 1251 "-" "Mozilla/5.0 (compatible; AhrefsBot/7.0; +http://ahrefs.com/robot/)"
195.2.75.64 - - [31/Mar/2025:23:32:47 -0400] "GET /best-auto-detailing-products/ HTTP/1.1" 404 1251 "https://theswadeshbazzar.com/best-auto-detailing-products/" "Mozilla/5.0 (Windows NT 10.0; Win64; x64) AppleWebKit/537.36 (KHTML, like Gecko) Chrome/131.0.0.0 Safari/537.36"
195.2.75.64 - - [31/Mar/2025:23:32:48 -0400] "GET / HTTP/1.1" 200 156077 "https://theswadeshbazzar.com/" "Mozilla/5.0 (Windows NT 10.0; Win64; x64) AppleWebKit/537.36 (KHTML, like Gecko) Chrome/131.0.0.0 Safari/537.36"
51.222.253.5 - - [31/Mar/2025:23:32:54 -0400] "GET /ragdoll-archers-unblocked-game-experience/feed/ HTTP/1.1" 404 1251 "-" "Mozilla/5.0 (compatible; AhrefsBot/7.0; +http://ahrefs.com/robot/)"
51.222.253.14 - - [31/Mar/2025:23:33:39 -0400] "GET /wholesale-leather-products-how-to-make-the-most-of-your-supplies/ HTTP/1.1" 404 1251 "-" "Mozilla/5.0 (compatible; AhrefsBot/7.0; +http://ahrefs.com/robot/)"
51.222.253.18 - - [31/Mar/2025:23:34:31 -0400] "GET /the-benefits-of-sport-for-children/ HTTP/1.1" 404 1251 "-" "Mozilla/5.0 (compatible; AhrefsBot/7.0; +http://ahrefs.com/robot/)"
51.222.253.20 - - [31/Mar/2025:23:35:27 -0400] "GET /the-benefits-of-sport-for-children/feed/ HTTP/1.1" 404 1251 "-" "Mozilla/5.0 (compatible; AhrefsBot/7.0; +http://ahrefs.com/robot/)"
51.222.253.15 - - [31/Mar/2025:23:36:09 -0400] "GET /grand-dunman-a-new-99-year-leasehold-development-by-singhaiyi/feed/ HTTP/1.1" 404 1251 "-" "Mozilla/5.0 (compatible; AhrefsBot/7.0; +http://ahrefs.com/robot/)"
51.222.253.8 - - [31/Mar/2025:23:36:56 -0400] "GET /newport-residences-new-urban-renewal-in-tanjong-pagar/feed/ HTTP/1.1" 404 1251 "-" "Mozilla/5.0 (compatible; AhrefsBot/7.0; +http://ahrefs.com/robot/)"
51.222.253.6 - - [31/Mar/2025:23:38:03 -0400] "GET / HTTP/1.1" 200 156077 "-" "Mozilla/5.0 (compatible; AhrefsBot/7.0; +http://ahrefs.com/robot/)"
51.222.253.17 - - [31/Mar/2025:23:38:49 -0400] "GET /so-reinigen-sie-einen-goldring/ HTTP/1.1" 404 1251 "-" "Mozilla/5.0 (compatible; AhrefsBot/7.0; +http://ahrefs.com/robot/)"
51.222.253.17 - - [31/Mar/2025:23:39:41 -0400] "GET /lentor-hills-residences-5-reasons-to-buy-at-lentor-hills/feed/ HTTP/1.1" 404 1251 "-" "Mozilla/5.0 (compatible; AhrefsBot/7.0; +http://ahrefs.com/robot/)"
51.222.253.7 - - [31/Mar/2025:23:40:27 -0400] "GET /classic-gems-for-the-advanced-lady-of-the-hour/ HTTP/1.1" 404 1251 "-" "Mozilla/5.0 (compatible; AhrefsBot/7.0; +http://ahrefs.com/robot/)"
66.249.75.170 - - [31/Mar/2025:23:40:49 -0400] "GET /invest-and-travel-review-a-review-of-the-teri-ijeoma-investing-and-trading-course/ HTTP/1.1" 404 1251 "-" "Mozilla/5.0 (Linux; Android 6.0.1; Nexus 5X Build/MMB29P) AppleWebKit/537.36 (KHTML, like Gecko) Chrome/134.0.6998.165 Mobile Safari/537.36 (compatible; Googlebot/2.1; +http://www.google.com/bot.html)"
51.222.253.11 - - [31/Mar/2025:23:41:14 -0400] "GET /manual-for-a-healthy-lone-ranger-party/ HTTP/1.1" 404 1251 "-" "Mozilla/5.0 (compatible; AhrefsBot/7.0; +http://ahrefs.com/robot/)"
185.157.212.157 - - [31/Mar/2025:23:41:20 -0400] "GET /cbd-for-anxiety-uk-what-you-need-to-know/ HTTP/1.1" 404 1251 "https://theswadeshbazzar.com/cbd-for-anxiety-uk-what-you-need-to-know/" "Mozilla/5.0 (Windows NT 10.0; Win64; x64) AppleWebKit/537.36 (KHTML, like Gecko) Chrome/130.0.0.0 Safari/537.36 CCleaner/130.0.0.0"
185.157.212.157 - - [31/Mar/2025:23:41:21 -0400] "GET / HTTP/1.1" 200 156077 "https://theswadeshbazzar.com/" "Mozilla/5.0 (Windows NT 10.0; Win64; x64) AppleWebKit/537.36 (KHTML, like Gecko) Chrome/130.0.0.0 Safari/537.36 CCleaner/130.0.0.0"
51.222.253.20 - - [31/Mar/2025:23:41:58 -0400] "GET /planning-a-bachelorette-party-in-tulum/feed/ HTTP/1.1" 404 1251 "-" "Mozilla/5.0 (compatible; AhrefsBot/7.0; +http://ahrefs.com/robot/)"
51.222.253.6 - - [31/Mar/2025:23:42:32 -0400] "GET /terra-hill-the-perfect-place-for-families-to-call-home/feed/ HTTP/1.1" 404 1251 "-" "Mozilla/5.0 (compatible; AhrefsBot/7.0; +http://ahrefs.com/robot/)"
85.208.98.22 - - [31/Mar/2025:23:42:34 -0400] "GET /yb95crxz/rogue-black-friday-deals-2021.html HTTP/1.1" 404 1251 "-" "Mozilla/5.0 (compatible; SemrushBot-BA; +http://www.semrush.com/bot.html)"
178.217.98.213 - - [31/Mar/2025:23:42:47 -0400] "GET /cbd-for-anxiety-uk-what-you-need-to-know/ HTTP/1.1" 404 1251 "https://theswadeshbazzar.com/cbd-for-anxiety-uk-what-you-need-to-know/" "Mozilla/5.0 (Windows NT 10.0; Win64; x64) AppleWebKit/537.36 (KHTML, like Gecko) Chrome/131.0.0.0 Safari/537.36 Avast/131.0.0.0"
178.217.98.213 - - [31/Mar/2025:23:42:48 -0400] "GET / HTTP/1.1" 200 156077 "https://theswadeshbazzar.com/" "Mozilla/5.0 (Windows NT 10.0; Win64; x64) AppleWebKit/537.36 (KHTML, like Gecko) Chrome/131.0.0.0 Safari/537.36 Avast/131.0.0.0"
51.222.253.15 - - [31/Mar/2025:23:43:07 -0400] "GET /luneburg-umzugsunternehmen-fur-stressfreie-umzuge/feed/ HTTP/1.1" 404 1251 "-" "Mozilla/5.0 (compatible; AhrefsBot/7.0; +http://ahrefs.com/robot/)"
51.222.253.11 - - [31/Mar/2025:23:43:47 -0400] "GET /clinical-and-supervisory-services/ HTTP/1.1" 404 1251 "-" "Mozilla/5.0 (compatible; AhrefsBot/7.0; +http://ahrefs.com/robot/)"
85.208.98.24 - - [31/Mar/2025:23:44:23 -0400] "GET /kou27s/cowboys-giants-game-tickets.html HTTP/1.1" 404 1251 "-" "Mozilla/5.0 (compatible; SemrushBot-BA; +http://www.semrush.com/bot.html)"
51.222.253.3 - - [31/Mar/2025:23:44:35 -0400] "GET /so-reinigen-sie-einen-goldring/feed/ HTTP/1.1" 404 1251 "-" "Mozilla/5.0 (compatible; AhrefsBot/7.0; +http://ahrefs.com/robot/)"
51.222.253.13 - - [31/Mar/2025:23:45:21 -0400] "GET /buy-youtube-views-online-non-drop/feed/ HTTP/1.1" 404 1251 "-" "Mozilla/5.0 (compatible; AhrefsBot/7.0; +http://ahrefs.com/robot/)"
51.222.253.15 - - [31/Mar/2025:23:46:03 -0400] "GET /beste-videoanimationen-fur-eindrucksvolle-visuelle-erfahrungen/feed/ HTTP/1.1" 404 1251 "-" "Mozilla/5.0 (compatible; AhrefsBot/7.0; +http://ahrefs.com/robot/)"
51.222.253.4 - - [31/Mar/2025:23:46:41 -0400] "GET /elevating-urban-living-the-allure-of-arina-east-residences/feed/ HTTP/1.1" 404 1251 "-" "Mozilla/5.0 (compatible; AhrefsBot/7.0; +http://ahrefs.com/robot/)"
51.222.253.14 - - [31/Mar/2025:23:47:21 -0400] "GET /revolutionizing-channel-diversity/feed/ HTTP/1.1" 404 1251 "-" "Mozilla/5.0 (compatible; AhrefsBot/7.0; +http://ahrefs.com/robot/)"
51.222.253.19 - - [31/Mar/2025:23:48:07 -0400] "GET /fusionstaks-ewarrants-and-fusionstaks-fusionstak-suite-of-applications-help-law-enforcement-and-public-safety/ HTTP/1.1" 404 1251 "-" "Mozilla/5.0 (compatible; AhrefsBot/7.0; +http://ahrefs.com/robot/)"
58.254.68.93 - - [31/Mar/2025:23:48:08 -0400] "GET /why-choose-composite-doors-for-your-cardiff-home/ HTTP/1.1" 404 1251 "https://theswadeshbazzar.com" "Mozilla/5.0 (Windows NT 10.0; Win64; x64) AppleWebKit/537.36 (KHTML, like Gecko) Chrome/62.0.3202.94 Safari/537.36"
58.254.68.93 - - [31/Mar/2025:23:48:09 -0400] "GET /why-choose-composite-doors-for-your-cardiff-home/ HTTP/1.1" 404 1251 "https://theswadeshbazzar.com" "Mozilla/5.0 (Windows NT 10.0; Win64; x64) AppleWebKit/537.36 (KHTML, like Gecko) Chrome/62.0.3202.94 Safari/537.36"
58.254.68.93 - - [31/Mar/2025:23:48:10 -0400] "GET /why-choose-composite-doors-for-your-cardiff-home/ HTTP/1.1" 404 1251 "https://theswadeshbazzar.com" "Mozilla/5.0 (Windows NT 10.0; Win64; x64) AppleWebKit/537.36 (KHTML, like Gecko) Chrome/62.0.3202.94 Safari/537.36"
58.254.68.93 - - [31/Mar/2025:23:48:12 -0400] "GET /why-choose-composite-doors-for-your-cardiff-home/ HTTP/1.1" 404 1251 "https://theswadeshbazzar.com" "Mozilla/5.0 (Windows NT 10.0; Win64; x64) AppleWebKit/537.36 (KHTML, like Gecko) Chrome/62.0.3202.94 Safari/537.36"
51.222.253.14 - - [31/Mar/2025:23:48:48 -0400] "GET /how-to-roast-corn-in-the-oven/ HTTP/1.1" 404 1251 "-" "Mozilla/5.0 (compatible; AhrefsBot/7.0; +http://ahrefs.com/robot/)"
51.222.253.12 - - [31/Mar/2025:23:49:29 -0400] "GET /reserve-residences-ugas-residential-college-community/feed/ HTTP/1.1" 404 1251 "-" "Mozilla/5.0 (compatible; AhrefsBot/7.0; +http://ahrefs.com/robot/)"
51.222.253.11 - - [31/Mar/2025:23:50:09 -0400] "GET /clearinggesellschaft-hamburg/feed/ HTTP/1.1" 404 1251 "-" "Mozilla/5.0 (compatible; AhrefsBot/7.0; +http://ahrefs.com/robot/)"
51.222.253.18 - - [31/Mar/2025:23:50:39 -0400] "GET /pokemon-shops-in-japan/feed/ HTTP/1.1" 404 1251 "-" "Mozilla/5.0 (compatible; AhrefsBot/7.0; +http://ahrefs.com/robot/)"
51.222.253.19 - - [31/Mar/2025:23:51:14 -0400] "GET /salary-negotiation-tips-how-to-succeed-in-salary-negotiation/ HTTP/1.1" 404 1251 "-" "Mozilla/5.0 (compatible; AhrefsBot/7.0; +http://ahrefs.com/robot/)"
51.222.253.1 - - [31/Mar/2025:23:51:54 -0400] "GET /custom-personalized-socks/feed/ HTTP/1.1" 404 1251 "-" "Mozilla/5.0 (compatible; AhrefsBot/7.0; +http://ahrefs.com/robot/)"
51.222.253.1 - - [31/Mar/2025:23:52:33 -0400] "GET /what-is-an-intensive-outpatient-program-iop/ HTTP/1.1" 404 1251 "-" "Mozilla/5.0 (compatible; AhrefsBot/7.0; +http://ahrefs.com/robot/)"
51.222.253.9 - - [31/Mar/2025:23:53:21 -0400] "GET /led-wall-rental-for-your-wedding/feed/ HTTP/1.1" 404 1251 "-" "Mozilla/5.0 (compatible; AhrefsBot/7.0; +http://ahrefs.com/robot/)"
51.222.253.1 - - [31/Mar/2025:23:54:02 -0400] "GET /the-mrbeast-gift-card-giveaway/feed/ HTTP/1.1" 404 1251 "-" "Mozilla/5.0 (compatible; AhrefsBot/7.0; +http://ahrefs.com/robot/)"
51.222.253.19 - - [31/Mar/2025:23:54:43 -0400] "GET /gallon-per-minute-conversion/feed/ HTTP/1.1" 404 1251 "-" "Mozilla/5.0 (compatible; AhrefsBot/7.0; +http://ahrefs.com/robot/)"
51.222.253.14 - - [31/Mar/2025:23:55:25 -0400] "GET /the-digital-frontier-exploring-the-allure-of-online-casinos/feed/ HTTP/1.1" 404 1251 "-" "Mozilla/5.0 (compatible; AhrefsBot/7.0; +http://ahrefs.com/robot/)"
51.222.253.19 - - [31/Mar/2025:23:56:03 -0400] "GET /understanding-youtube-seo-fundamentals/feed/ HTTP/1.1" 404 1251 "-" "Mozilla/5.0 (compatible; AhrefsBot/7.0; +http://ahrefs.com/robot/)"
51.222.253.10 - - [31/Mar/2025:23:56:41 -0400] "GET /gems-at-any-point-present-in-our-lives/ HTTP/1.1" 404 1251 "-" "Mozilla/5.0 (compatible; AhrefsBot/7.0; +http://ahrefs.com/robot/)"
51.222.253.18 - - [31/Mar/2025:23:57:18 -0400] "GET /a-controversial-strategy/feed/ HTTP/1.1" 404 1251 "-" "Mozilla/5.0 (compatible; AhrefsBot/7.0; +http://ahrefs.com/robot/)"
51.222.253.6 - - [31/Mar/2025:23:57:53 -0400] "GET /navigating-the-multichannel-landscape/feed/ HTTP/1.1" 404 1251 "-" "Mozilla/5.0 (compatible; AhrefsBot/7.0; +http://ahrefs.com/robot/)"
51.222.253.15 - - [31/Mar/2025:23:58:26 -0400] "GET /exploring-the-majesty-of-grand-dunman/ HTTP/1.1" 404 1251 "-" "Mozilla/5.0 (compatible; AhrefsBot/7.0; +http://ahrefs.com/robot/)"
93.183.92.77 - - [31/Mar/2025:23:58:59 -0400] "GET /best-auto-detailing-products/ HTTP/1.1" 404 1251 "https://theswadeshbazzar.com/best-auto-detailing-products/" "Mozilla/5.0 (Windows NT 10.0; Win64; x64) AppleWebKit/537.36 (KHTML, like Gecko) Chrome/131.0.0.0 Safari/537.36"
93.183.92.77 - - [31/Mar/2025:23:59:02 -0400] "GET / HTTP/1.1" 200 156077 "https://theswadeshbazzar.com/" "Mozilla/5.0 (Windows NT 10.0; Win64; x64) AppleWebKit/537.36 (KHTML, like Gecko) Chrome/131.0.0.0 Safari/537.36"
51.222.253.7 - - [31/Mar/2025:23:59:09 -0400] "GET /vita-glow-cream-review/ HTTP/1.1" 404 1251 "-" "Mozilla/5.0 (compatible; AhrefsBot/7.0; +http://ahrefs.com/robot/)"
51.222.253.14 - - [31/Mar/2025:23:59:53 -0400] "GET /how-to-find-a-caregiver-near-me/feed/ HTTP/1.1" 404 1251 "-" "Mozilla/5.0 (compatible; AhrefsBot/7.0; +http://ahrefs.com/robot/)"
51.222.253.17 - - [01/Apr/2025:00:00:34 -0400] "GET /powerball-only-sites/feed/ HTTP/1.1" 404 1251 "-" "Mozilla/5.0 (compatible; AhrefsBot/7.0; +http://ahrefs.com/robot/)"
51.222.253.14 - - [01/Apr/2025:00:01:20 -0400] "GET /ein-blick-auf-zeitgenossisches-design/feed/ HTTP/1.1" 404 1251 "-" "Mozilla/5.0 (compatible; AhrefsBot/7.0; +http://ahrefs.com/robot/)"
51.222.253.15 - - [01/Apr/2025:00:02:01 -0400] "GET /understanding-audiologist-auckland-expert-hearing-care/feed/ HTTP/1.1" 404 1251 "-" "Mozilla/5.0 (compatible; AhrefsBot/7.0; +http://ahrefs.com/robot/)"
51.222.253.15 - - [01/Apr/2025:00:02:41 -0400] "GET /e-gitarre-online-lernen/feed/ HTTP/1.1" 404 1251 "-" "Mozilla/5.0 (compatible; AhrefsBot/7.0; +http://ahrefs.com/robot/)"
51.222.253.9 - - [01/Apr/2025:00:03:21 -0400] "GET /auriculotherapy-and-phytotherapy-involved-in-malignant-growth-treatment/feed/ HTTP/1.1" 404 1251 "-" "Mozilla/5.0 (compatible; AhrefsBot/7.0; +http://ahrefs.com/robot/)"
51.222.253.14 - - [01/Apr/2025:00:04:03 -0400] "GET /how-to-change-the-language-on-netflix/feed/ HTTP/1.1" 404 1251 "-" "Mozilla/5.0 (compatible; AhrefsBot/7.0; +http://ahrefs.com/robot/)"
51.222.253.5 - - [01/Apr/2025:00:04:45 -0400] "GET /what-is-an-electrical-panel-2/ HTTP/1.1" 404 1251 "-" "Mozilla/5.0 (compatible; AhrefsBot/7.0; +http://ahrefs.com/robot/)"
51.222.253.13 - - [01/Apr/2025:00:05:31 -0400] "GET /the-most-effective-method-to-get-youtube-perspectives-the-improved-on-way/feed/ HTTP/1.1" 404 1251 "-" "Mozilla/5.0 (compatible; AhrefsBot/7.0; +http://ahrefs.com/robot/)"
51.222.253.1 - - [01/Apr/2025:00:06:13 -0400] "GET /limportance-dun-dentiste-pour-enfants/ HTTP/1.1" 404 1251 "-" "Mozilla/5.0 (compatible; AhrefsBot/7.0; +http://ahrefs.com/robot/)"
51.222.253.5 - - [01/Apr/2025:00:06:48 -0400] "GET /how-to-find-work-during-the-pandemic/feed/ HTTP/1.1" 404 1251 "-" "Mozilla/5.0 (compatible; AhrefsBot/7.0; +http://ahrefs.com/robot/)"
198.54.114.83 - - [01/Apr/2025:00:07:04 -0400] "POST /wp-cron.php?doing_wp_cron=1743480423.6803910732269287109375 HTTP/1.1" 200 0 "-" "WordPress/6.7.2; https://theswadeshbazzar.com"
3.220.159.34 - - [01/Apr/2025:00:06:59 -0400] "POST /wp-login.php HTTP/1.1" 200 2017 "-" "Mozilla/5.0 (X11; Linux x86_64; rv:122.0) Gecko/20100101 Firefox/122.0"
198.54.114.83 - - [01/Apr/2025:00:07:06 -0400] "POST /wp-admin/admin-ajax.php?action=async_litespeed&nonce=KxOwOJEYkEji0yoYTILrogw3UQCLaHy3&litespeed_type=imgoptm HTTP/1.1" 200 0 "-" "WordPress/6.7.2; https://theswadeshbazzar.com"
51.222.253.4 - - [01/Apr/2025:00:07:23 -0400] "GET /what-services-can-you-expect-with-home-health-care/feed/ HTTP/1.1" 404 1251 "-" "Mozilla/5.0 (compatible; AhrefsBot/7.0; +http://ahrefs.com/robot/)"
51.222.253.8 - - [01/Apr/2025:00:07:57 -0400] "GET /save-money-at-a-baby-discount-store/feed/ HTTP/1.1" 404 1251 "-" "Mozilla/5.0 (compatible; AhrefsBot/7.0; +http://ahrefs.com/robot/)"
51.222.253.12 - - [01/Apr/2025:00:08:27 -0400] "GET /revolutionizing-casino-revenue-the-innovative-solution-distribution/feed/ HTTP/1.1" 404 1251 "-" "Mozilla/5.0 (compatible; AhrefsBot/7.0; +http://ahrefs.com/robot/)"
51.222.253.15 - - [01/Apr/2025:00:09:02 -0400] "GET /the-temptation-of-buying-views-and-followers/feed/ HTTP/1.1" 404 1251 "-" "Mozilla/5.0 (compatible; AhrefsBot/7.0; +http://ahrefs.com/robot/)"
58.254.68.93 - - [01/Apr/2025:00:09:29 -0400] "GET /zahnimplantate-kunstliche-zahne-konnen-ihre-perspektive-verandern/ HTTP/1.1" 404 1251 "https://theswadeshbazzar.com" "Mozilla/5.0 (Windows NT 10.0; Win64; x64) AppleWebKit/537.36 (KHTML, like Gecko) Chrome/62.0.3202.94 Safari/537.36"
58.254.68.93 - - [01/Apr/2025:00:09:32 -0400] "GET /zahnimplantate-kunstliche-zahne-konnen-ihre-perspektive-verandern/ HTTP/1.1" 404 1251 "https://theswadeshbazzar.com" "Mozilla/5.0 (Windows NT 10.0; Win64; x64) AppleWebKit/537.36 (KHTML, like Gecko) Chrome/62.0.3202.94 Safari/537.36"
58.254.68.93 - - [01/Apr/2025:00:09:35 -0400] "GET /zahnimplantate-kunstliche-zahne-konnen-ihre-perspektive-verandern/ HTTP/1.1" 404 1251 "https://theswadeshbazzar.com" "Mozilla/5.0 (Windows NT 10.0; Win64; x64) AppleWebKit/537.36 (KHTML, like Gecko) Chrome/62.0.3202.94 Safari/537.36"
51.222.253.8 - - [01/Apr/2025:00:09:36 -0400] "GET /revolutionizing-communication/feed/ HTTP/1.1" 404 1251 "-" "Mozilla/5.0 (compatible; AhrefsBot/7.0; +http://ahrefs.com/robot/)"
58.254.68.93 - - [01/Apr/2025:00:09:39 -0400] "GET /zahnimplantate-kunstliche-zahne-konnen-ihre-perspektive-verandern/ HTTP/1.1" 404 1251 "https://theswadeshbazzar.com" "Mozilla/5.0 (Windows NT 10.0; Win64; x64) AppleWebKit/537.36 (KHTML, like Gecko) Chrome/62.0.3202.94 Safari/537.36"
51.222.253.18 - - [01/Apr/2025:00:10:13 -0400] "GET /fusionstaks-ewarrants-and-fusionstaks-fusionstak-suite-of-applications-help-law-enforcement-and-public-safety/feed/ HTTP/1.1" 404 1251 "-" "Mozilla/5.0 (compatible; AhrefsBot/7.0; +http://ahrefs.com/robot/)"
51.222.253.14 - - [01/Apr/2025:00:10:41 -0400] "GET /is-gambling-a-sin-according-to-the-bible/ HTTP/1.1" 404 1251 "-" "Mozilla/5.0 (compatible; AhrefsBot/7.0; +http://ahrefs.com/robot/)"
66.249.75.173 - - [01/Apr/2025:00:10:49 -0400] "GET /top-picks-for-a-curly-hair-specialist-in-melbourne/ HTTP/1.1" 404 1251 "-" "Mozilla/5.0 (Linux; Android 6.0.1; Nexus 5X Build/MMB29P) AppleWebKit/537.36 (KHTML, like Gecko) Chrome/134.0.6998.165 Mobile Safari/537.36 (compatible; Googlebot/2.1; +http://www.google.com/bot.html)"
51.222.253.17 - - [01/Apr/2025:00:11:17 -0400] "GET /how-to-troubleshoot-a-dometic-rv-fridge/feed/ HTTP/1.1" 404 1251 "-" "Mozilla/5.0 (compatible; AhrefsBot/7.0; +http://ahrefs.com/robot/)"
51.222.253.3 - - [01/Apr/2025:00:11:53 -0400] "GET /led-screen-rental-make-your-event-stand-out/feed/ HTTP/1.1" 404 1251 "-" "Mozilla/5.0 (compatible; AhrefsBot/7.0; +http://ahrefs.com/robot/)"
51.222.253.16 - - [01/Apr/2025:00:12:32 -0400] "GET /entertainment-at-your-fingertips/feed/ HTTP/1.1" 404 1251 "-" "Mozilla/5.0 (compatible; AhrefsBot/7.0; +http://ahrefs.com/robot/)"
51.222.253.14 - - [01/Apr/2025:00:13:06 -0400] "GET /understanding-the-continuum-2/ HTTP/1.1" 404 1251 "-" "Mozilla/5.0 (compatible; AhrefsBot/7.0; +http://ahrefs.com/robot/)"
51.222.253.5 - - [01/Apr/2025:00:13:40 -0400] "GET /tembusu-grand-a-beacon-of-modern-elegance/ HTTP/1.1" 404 1251 "-" "Mozilla/5.0 (compatible; AhrefsBot/7.0; +http://ahrefs.com/robot/)"
112.92.70.120 - - [01/Apr/2025:00:13:52 -0400] "GET /caregiver-jobs-in-toronto/ HTTP/1.1" 404 1251 "https://theswadeshbazzar.com" "Mozilla/5.0 (Windows NT 10.0; Win64; x64) AppleWebKit/537.36 (KHTML, like Gecko) Chrome/62.0.3202.94 Safari/537.36"
112.92.70.120 - - [01/Apr/2025:00:13:56 -0400] "GET /caregiver-jobs-in-toronto/ HTTP/1.1" 404 1251 "https://theswadeshbazzar.com" "Mozilla/5.0 (Windows NT 10.0; Win64; x64) AppleWebKit/537.36 (KHTML, like Gecko) Chrome/62.0.3202.94 Safari/537.36"
112.92.70.120 - - [01/Apr/2025:00:13:58 -0400] "GET /caregiver-jobs-in-toronto/ HTTP/1.1" 404 1251 "https://theswadeshbazzar.com" "Mozilla/5.0 (Windows NT 10.0; Win64; x64) AppleWebKit/537.36 (KHTML, like Gecko) Chrome/62.0.3202.94 Safari/537.36"
112.92.70.120 - - [01/Apr/2025:00:13:59 -0400] "GET /caregiver-jobs-in-toronto/ HTTP/1.1" 404 1251 "https://theswadeshbazzar.com" "Mozilla/5.0 (Windows NT 10.0; Win64; x64) AppleWebKit/537.36 (KHTML, like Gecko) Chrome/62.0.3202.94 Safari/537.36"
51.222.253.2 - - [01/Apr/2025:00:14:20 -0400] "GET /the-top-lawyers-in-canada/feed/ HTTP/1.1" 404 1251 "-" "Mozilla/5.0 (compatible; AhrefsBot/7.0; +http://ahrefs.com/robot/)"
51.222.253.3 - - [01/Apr/2025:00:14:55 -0400] "GET /how-to-pick-an-online-sportsbook/ HTTP/1.1" 404 1251 "-" "Mozilla/5.0 (compatible; AhrefsBot/7.0; +http://ahrefs.com/robot/)"
51.222.253.13 - - [01/Apr/2025:00:15:36 -0400] "GET /custom-grip-socks/ HTTP/1.1" 404 1251 "-" "Mozilla/5.0 (compatible; AhrefsBot/7.0; +http://ahrefs.com/robot/)"
51.222.253.1 - - [01/Apr/2025:00:16:18 -0400] "GET /gems-at-any-point-present-in-our-lives/feed/ HTTP/1.1" 404 1251 "-" "Mozilla/5.0 (compatible; AhrefsBot/7.0; +http://ahrefs.com/robot/)"
51.222.253.8 - - [01/Apr/2025:00:16:48 -0400] "GET /how-to-sign-out-of-apple-id-without-password/ HTTP/1.1" 404 1251 "-" "Mozilla/5.0 (compatible; AhrefsBot/7.0; +http://ahrefs.com/robot/)"
51.222.253.15 - - [01/Apr/2025:00:17:28 -0400] "GET /die-zukunft-der-beleuchtung-moderne-hangelampen/feed/ HTTP/1.1" 404 1251 "-" "Mozilla/5.0 (compatible; AhrefsBot/7.0; +http://ahrefs.com/robot/)"
51.222.253.9 - - [01/Apr/2025:00:18:05 -0400] "GET /rechtsanwalt-hattingen/feed/ HTTP/1.1" 404 1251 "-" "Mozilla/5.0 (compatible; AhrefsBot/7.0; +http://ahrefs.com/robot/)"
51.222.253.8 - - [01/Apr/2025:00:18:39 -0400] "GET /exploring-nusa-penida-on-a-private-tour/feed/ HTTP/1.1" 404 1251 "-" "Mozilla/5.0 (compatible; AhrefsBot/7.0; +http://ahrefs.com/robot/)"
51.222.253.19 - - [01/Apr/2025:00:19:11 -0400] "GET /how-to-find-tutors-near-me/feed/ HTTP/1.1" 404 1251 "-" "Mozilla/5.0 (compatible; AhrefsBot/7.0; +http://ahrefs.com/robot/)"
51.222.253.19 - - [01/Apr/2025:00:19:51 -0400] "GET /change-clock-style-on-iphone-lock-screen-personalization-tips/ HTTP/1.1" 404 1251 "-" "Mozilla/5.0 (compatible; AhrefsBot/7.0; +http://ahrefs.com/robot/)"
51.222.253.14 - - [01/Apr/2025:00:20:28 -0400] "GET /the-importance-of-sport-socks-for-football/feed/ HTTP/1.1" 404 1251 "-" "Mozilla/5.0 (compatible; AhrefsBot/7.0; +http://ahrefs.com/robot/)"
51.222.253.14 - - [01/Apr/2025:00:21:06 -0400] "GET /how-to-choose-a-property-management-company-in-london-ontario/feed/ HTTP/1.1" 404 1251 "-" "Mozilla/5.0 (compatible; AhrefsBot/7.0; +http://ahrefs.com/robot/)"
51.222.253.14 - - [01/Apr/2025:00:21:39 -0400] "GET /brighten-iphone-screen-enhance-visibility/ HTTP/1.1" 404 1251 "-" "Mozilla/5.0 (compatible; AhrefsBot/7.0; +http://ahrefs.com/robot/)"
51.222.253.14 - - [01/Apr/2025:00:22:15 -0400] "GET /the-splendor-of-koon-seng-house/ HTTP/1.1" 404 1251 "-" "Mozilla/5.0 (compatible; AhrefsBot/7.0; +http://ahrefs.com/robot/)"
51.222.253.17 - - [01/Apr/2025:00:22:52 -0400] "GET /the-voice-of-byzantine-feminism/ HTTP/1.1" 404 1251 "-" "Mozilla/5.0 (compatible; AhrefsBot/7.0; +http://ahrefs.com/robot/)"
51.222.253.9 - - [01/Apr/2025:00:23:28 -0400] "GET /exploring-dubais-osteopathy-landscape/feed/ HTTP/1.1" 404 1251 "-" "Mozilla/5.0 (compatible; AhrefsBot/7.0; +http://ahrefs.com/robot/)"
51.222.253.5 - - [01/Apr/2025:00:24:02 -0400] "GET /a-comprehensive-solution/feed/ HTTP/1.1" 404 1251 "-" "Mozilla/5.0 (compatible; AhrefsBot/7.0; +http://ahrefs.com/robot/)"
51.222.253.18 - - [01/Apr/2025:00:24:41 -0400] "GET /the-digital-frontier-of-gambling/feed/ HTTP/1.1" 404 1251 "-" "Mozilla/5.0 (compatible; AhrefsBot/7.0; +http://ahrefs.com/robot/)"
58.254.68.93 - - [01/Apr/2025:00:25:20 -0400] "GET /how-to-find-tutors-near-me/ HTTP/1.1" 404 1251 "https://theswadeshbazzar.com" "Mozilla/5.0 (Windows NT 10.0; Win64; x64) AppleWebKit/537.36 (KHTML, like Gecko) Chrome/62.0.3202.94 Safari/537.36"
58.254.68.93 - - [01/Apr/2025:00:25:22 -0400] "GET /how-to-find-tutors-near-me/ HTTP/1.1" 404 1251 "https://theswadeshbazzar.com" "Mozilla/5.0 (Windows NT 10.0; Win64; x64) AppleWebKit/537.36 (KHTML, like Gecko) Chrome/62.0.3202.94 Safari/537.36"
58.254.68.93 - - [01/Apr/2025:00:25:23 -0400] "GET /how-to-find-tutors-near-me/ HTTP/1.1" 404 1251 "https://theswadeshbazzar.com" "Mozilla/5.0 (Windows NT 10.0; Win64; x64) AppleWebKit/537.36 (KHTML, like Gecko) Chrome/62.0.3202.94 Safari/537.36"
58.254.68.93 - - [01/Apr/2025:00:25:25 -0400] "GET /how-to-find-tutors-near-me/ HTTP/1.1" 404 1251 "https://theswadeshbazzar.com" "Mozilla/5.0 (Windows NT 10.0; Win64; x64) AppleWebKit/537.36 (KHTML, like Gecko) Chrome/62.0.3202.94 Safari/537.36"
51.222.253.16 - - [01/Apr/2025:00:25:27 -0400] "GET /boutique-de-lampes/feed/ HTTP/1.1" 404 1251 "-" "Mozilla/5.0 (compatible; AhrefsBot/7.0; +http://ahrefs.com/robot/)"
51.222.253.16 - - [01/Apr/2025:00:25:58 -0400] "GET /how-a-virtual-receptionist-can-help-your-business/feed/ HTTP/1.1" 404 1251 "-" "Mozilla/5.0 (compatible; AhrefsBot/7.0; +http://ahrefs.com/robot/)"
51.222.253.8 - - [01/Apr/2025:00:26:30 -0400] "GET /a-haven-for-gaming-enthusiasts/feed/ HTTP/1.1" 404 1251 "-" "Mozilla/5.0 (compatible; AhrefsBot/7.0; +http://ahrefs.com/robot/)"
51.222.253.17 - - [01/Apr/2025:00:26:51 -0400] "GET /why-choose-composite-doors-for-your-cardiff-home/feed/ HTTP/1.1" 404 1251 "-" "Mozilla/5.0 (compatible; AhrefsBot/7.0; +http://ahrefs.com/robot/)"
51.222.253.13 - - [01/Apr/2025:00:27:22 -0400] "GET /the-convenience-of-hot-water-taps/feed/ HTTP/1.1" 404 1251 "-" "Mozilla/5.0 (compatible; AhrefsBot/7.0; +http://ahrefs.com/robot/)"
51.222.253.16 - - [01/Apr/2025:00:27:51 -0400] "GET /exploring-the-enigmatic-landscape-of-the-hill/ HTTP/1.1" 404 1251 "-" "Mozilla/5.0 (compatible; AhrefsBot/7.0; +http://ahrefs.com/robot/)"
85.208.98.31 - - [01/Apr/2025:00:28:01 -0400] "GET /where-to-buy-youtube-views/ HTTP/1.1" 404 1251 "-" "Mozilla/5.0 (compatible; SemrushBot-BA; +http://www.semrush.com/bot.html)"
85.208.98.24 - - [01/Apr/2025:00:28:12 -0400] "GET /buy-youtube-views-from-a-reputable-website/ HTTP/1.1" 404 1251 "-" "Mozilla/5.0 (compatible; SemrushBot-BA; +http://www.semrush.com/bot.html)"
51.222.253.9 - - [01/Apr/2025:00:28:32 -0400] "GET /flexible-scheduling-for-better-balance/feed/ HTTP/1.1" 404 1251 "-" "Mozilla/5.0 (compatible; AhrefsBot/7.0; +http://ahrefs.com/robot/)"
51.222.253.20 - - [01/Apr/2025:00:29:06 -0400] "GET /cache-level-3-and-early-learning-centres/feed/ HTTP/1.1" 404 1251 "-" "Mozilla/5.0 (compatible; AhrefsBot/7.0; +http://ahrefs.com/robot/)"
51.222.253.4 - - [01/Apr/2025:00:29:39 -0400] "GET /un-soutien-naturel/feed/ HTTP/1.1" 404 1251 "-" "Mozilla/5.0 (compatible; AhrefsBot/7.0; +http://ahrefs.com/robot/)"
91.84.98.204 - - [01/Apr/2025:00:29:59 -0400] "GET /cbd-for-anxiety-uk-what-you-need-to-know/ HTTP/1.1" 404 1251 "https://theswadeshbazzar.com/cbd-for-anxiety-uk-what-you-need-to-know/" "Mozilla/5.0 (Windows NT 10.0; Win64; x64) AppleWebKit/537.36 (KHTML, like Gecko) Chrome/131.0.0.0 Safari/537.36 Avast/131.0.0.0"
91.84.98.204 - - [01/Apr/2025:00:30:00 -0400] "GET / HTTP/1.1" 200 156077 "https://theswadeshbazzar.com/" "Mozilla/5.0 (Windows NT 10.0; Win64; x64) AppleWebKit/537.36 (KHTML, like Gecko) Chrome/131.0.0.0 Safari/537.36 Avast/131.0.0.0"
51.222.253.20 - - [01/Apr/2025:00:30:17 -0400] "GET /purchasing-a-tiffany-lamp/feed/ HTTP/1.1" 404 1251 "-" "Mozilla/5.0 (compatible; AhrefsBot/7.0; +http://ahrefs.com/robot/)"
51.222.253.20 - - [01/Apr/2025:00:30:49 -0400] "GET /pilou-asbaek-actor-musician-and-songwriter/feed/ HTTP/1.1" 404 1251 "-" "Mozilla/5.0 (compatible; AhrefsBot/7.0; +http://ahrefs.com/robot/)"
51.222.253.12 - - [01/Apr/2025:00:31:22 -0400] "GET /unveiling-the-healing-hands-osteopathy-in-dubai/feed/ HTTP/1.1" 404 1251 "-" "Mozilla/5.0 (compatible; AhrefsBot/7.0; +http://ahrefs.com/robot/)"
51.222.253.6 - - [01/Apr/2025:00:32:03 -0400] "GET /fda-cosmetic-regulations-ensuring-safety-and-compliance/feed/ HTTP/1.1" 404 1251 "-" "Mozilla/5.0 (compatible; AhrefsBot/7.0; +http://ahrefs.com/robot/)"
51.222.253.16 - - [01/Apr/2025:00:32:38 -0400] "GET /mk-bags-for-sale/feed/ HTTP/1.1" 404 1251 "-" "Mozilla/5.0 (compatible; AhrefsBot/7.0; +http://ahrefs.com/robot/)"
51.222.253.14 - - [01/Apr/2025:00:33:17 -0400] "GET /tailored-guidance-for-individual-needs/feed/ HTTP/1.1" 404 1251 "-" "Mozilla/5.0 (compatible; AhrefsBot/7.0; +http://ahrefs.com/robot/)"
51.222.253.8 - - [01/Apr/2025:00:33:54 -0400] "GET /zaza-red-15ct/feed/ HTTP/1.1" 404 1251 "-" "Mozilla/5.0 (compatible; AhrefsBot/7.0; +http://ahrefs.com/robot/)"
162.55.94.175 - - [01/Apr/2025:00:34:01 -0400] "GET /gitarre-spielen-lernen-der-weg-zur-musikalischen-entfaltung/ HTTP/1.1" 404 1251 "-" "Mozilla/5.0 (Windows NT 10.0; Win64; x64; rv:107.0) Gecko/20100101 Firefox/107.0"
51.222.253.1 - - [01/Apr/2025:00:34:37 -0400] "GET /le-bi-split-une-revolution-dans-la-climatisation/feed/ HTTP/1.1" 404 1251 "-" "Mozilla/5.0 (compatible; AhrefsBot/7.0; +http://ahrefs.com/robot/)"
51.222.253.14 - - [01/Apr/2025:00:35:20 -0400] "GET /how-to-turn-off-iphone-xr-without-buttons/feed/ HTTP/1.1" 404 1251 "-" "Mozilla/5.0 (compatible; AhrefsBot/7.0; +http://ahrefs.com/robot/)"
18.119.156.220 - - [01/Apr/2025:00:35:49 -0400] "GET /robots.txt HTTP/1.1" 304 0 "-" "Mozilla/5.0 AppleWebKit/537.36 (KHTML, like Gecko; compatible; ClaudeBot/1.0; +claudebot@anthropic.com)"
18.119.156.220 - - [01/Apr/2025:00:35:49 -0400] "GET /dp/B0CP31QS6R HTTP/1.1" 404 1251 "-" "Mozilla/5.0 AppleWebKit/537.36 (KHTML, like Gecko; compatible; ClaudeBot/1.0; +claudebot@anthropic.com)"
51.222.253.6 - - [01/Apr/2025:00:36:02 -0400] "GET /lottery-jackpots-dont-follow-bell-shaped-curves-or-do-they/feed/ HTTP/1.1" 404 1251 "-" "Mozilla/5.0 (compatible; AhrefsBot/7.0; +http://ahrefs.com/robot/)"
51.222.253.2 - - [01/Apr/2025:00:36:53 -0400] "GET /fda-cosmetic-regulations-ensuring-safety-and-compliance-in-the-beauty-industry/feed/ HTTP/1.1" 404 1251 "-" "Mozilla/5.0 (compatible; AhrefsBot/7.0; +http://ahrefs.com/robot/)"
184.73.239.35 - - [01/Apr/2025:00:37:11 -0400] "GET /fenben-lab-fenbendazole/ HTTP/1.1" 404 1251 "-" "Mozilla/5.0 AppleWebKit/537.36 (KHTML, like Gecko; compatible; Amazonbot/0.1; +https://developer.amazon.com/support/amazonbot) Chrome/119.0.6045.214 Safari/537.36"
51.222.253.12 - - [01/Apr/2025:00:37:28 -0400] "GET /rent-a-car-in-skopje-macedonia/ HTTP/1.1" 404 1251 "-" "Mozilla/5.0 (compatible; AhrefsBot/7.0; +http://ahrefs.com/robot/)"
51.222.253.12 - - [01/Apr/2025:00:38:03 -0400] "GET /protegez-votre-entreprise-avec-sagesse/feed/ HTTP/1.1" 404 1251 "-" "Mozilla/5.0 (compatible; AhrefsBot/7.0; +http://ahrefs.com/robot/)"
51.222.253.16 - - [01/Apr/2025:00:38:45 -0400] "GET /a-master-of-business-administration-mba-can-help-you-climb-the-corporate-ladder/feed/ HTTP/1.1" 404 1251 "-" "Mozilla/5.0 (compatible; AhrefsBot/7.0; +http://ahrefs.com/robot/)"
51.222.253.14 - - [01/Apr/2025:00:39:18 -0400] "GET /les-avantages-du-cbd-pour-une-productivite-et-une-concentration-ameliorees/feed/ HTTP/1.1" 404 1251 "-" "Mozilla/5.0 (compatible; AhrefsBot/7.0; +http://ahrefs.com/robot/)"
51.222.253.15 - - [01/Apr/2025:00:39:54 -0400] "GET /where-to-buy-youtube-views/feed/ HTTP/1.1" 404 1251 "-" "Mozilla/5.0 (compatible; AhrefsBot/7.0; +http://ahrefs.com/robot/)"
51.222.253.2 - - [01/Apr/2025:00:40:31 -0400] "GET /property-rentals-casares/feed/ HTTP/1.1" 404 1251 "-" "Mozilla/5.0 (compatible; AhrefsBot/7.0; +http://ahrefs.com/robot/)"
51.222.253.4 - - [01/Apr/2025:00:41:03 -0400] "GET /the-evolution-of-mixed-martial-arts-mma/feed/ HTTP/1.1" 404 1251 "-" "Mozilla/5.0 (compatible; AhrefsBot/7.0; +http://ahrefs.com/robot/)"
51.222.253.7 - - [01/Apr/2025:00:41:38 -0400] "GET /pyjama-pilou-pilou-homme/feed/ HTTP/1.1" 404 1251 "-" "Mozilla/5.0 (compatible; AhrefsBot/7.0; +http://ahrefs.com/robot/)"
51.222.253.1 - - [01/Apr/2025:00:42:14 -0400] "GET /personal-loans-in-singapore/feed/ HTTP/1.1" 404 1251 "-" "Mozilla/5.0 (compatible; AhrefsBot/7.0; +http://ahrefs.com/robot/)"
51.222.253.2 - - [01/Apr/2025:00:42:50 -0400] "GET /haushaltsauflosung-in-luneburg-ihr-zuverlassiger-service/feed/ HTTP/1.1" 404 1251 "-" "Mozilla/5.0 (compatible; AhrefsBot/7.0; +http://ahrefs.com/robot/)"
51.222.253.12 - - [01/Apr/2025:00:43:24 -0400] "GET /how-to-turn-off-noise-cancellation-on-airpods/feed/ HTTP/1.1" 404 1251 "-" "Mozilla/5.0 (compatible; AhrefsBot/7.0; +http://ahrefs.com/robot/)"
51.222.253.12 - - [01/Apr/2025:00:44:01 -0400] "GET /enhance-your-organization-with-planner-stickers/feed/ HTTP/1.1" 404 1251 "-" "Mozilla/5.0 (compatible; AhrefsBot/7.0; +http://ahrefs.com/robot/)"
51.222.253.16 - - [01/Apr/2025:00:44:42 -0400] "GET /how-to-turn-off-restrictions-on-iphone/feed/ HTTP/1.1" 404 1251 "-" "Mozilla/5.0 (compatible; AhrefsBot/7.0; +http://ahrefs.com/robot/)"
51.222.253.20 - - [01/Apr/2025:00:45:17 -0400] "GET /calibrate-iphone-screen-useful-adjustments/ HTTP/1.1" 404 1251 "-" "Mozilla/5.0 (compatible; AhrefsBot/7.0; +http://ahrefs.com/robot/)"
51.222.253.5 - - [01/Apr/2025:00:45:50 -0400] "GET /why-you-need-to-switch-to-organic-skin-care/feed/ HTTP/1.1" 404 1251 "-" "Mozilla/5.0 (compatible; AhrefsBot/7.0; +http://ahrefs.com/robot/)"
51.222.253.17 - - [01/Apr/2025:00:46:31 -0400] "GET /brighten-iphone-screen-enhance-visibility/feed/ HTTP/1.1" 404 1251 "-" "Mozilla/5.0 (compatible; AhrefsBot/7.0; +http://ahrefs.com/robot/)"
51.222.253.18 - - [01/Apr/2025:00:47:03 -0400] "GET /leasing-dubai-property-its-sunshine-time-for-tenants/feed/ HTTP/1.1" 404 1251 "-" "Mozilla/5.0 (compatible; AhrefsBot/7.0; +http://ahrefs.com/robot/)"
51.222.253.7 - - [01/Apr/2025:00:47:41 -0400] "GET /how-conservatory-blinds-control-the-temperature-in-your-conservatory/feed/ HTTP/1.1" 404 1251 "-" "Mozilla/5.0 (compatible; AhrefsBot/7.0; +http://ahrefs.com/robot/)"
51.222.253.4 - - [01/Apr/2025:00:48:27 -0400] "GET /change-clock-style-on-iphone-lock-screen-personalization-tips/feed/ HTTP/1.1" 404 1251 "-" "Mozilla/5.0 (compatible; AhrefsBot/7.0; +http://ahrefs.com/robot/)"
51.222.253.2 - - [01/Apr/2025:00:49:13 -0400] "GET /blossom-condo-in-bangkok/feed/ HTTP/1.1" 404 1251 "-" "Mozilla/5.0 (compatible; AhrefsBot/7.0; +http://ahrefs.com/robot/)"
51.222.253.19 - - [01/Apr/2025:00:49:48 -0400] "GET /custom-socks-with-logo/feed/ HTTP/1.1" 404 1251 "-" "Mozilla/5.0 (compatible; AhrefsBot/7.0; +http://ahrefs.com/robot/)"
51.222.253.10 - - [01/Apr/2025:00:50:23 -0400] "GET /un-vase-blanc-design-est-un-ajout-elegant-et-pratique-a-nimporte-quelle-maison/feed/ HTTP/1.1" 404 1251 "-" "Mozilla/5.0 (compatible; AhrefsBot/7.0; +http://ahrefs.com/robot/)"
51.222.253.20 - - [01/Apr/2025:00:51:05 -0400] "GET /steroids-thailand/feed/ HTTP/1.1" 404 1251 "-" "Mozilla/5.0 (compatible; AhrefsBot/7.0; +http://ahrefs.com/robot/)"
51.222.253.16 - - [01/Apr/2025:00:51:42 -0400] "GET /introduction-to-online-casinos/feed/ HTTP/1.1" 404 1251 "-" "Mozilla/5.0 (compatible; AhrefsBot/7.0; +http://ahrefs.com/robot/)"
51.222.253.2 - - [01/Apr/2025:00:52:19 -0400] "GET /alliance-de-confort-et-delegance/feed/ HTTP/1.1" 404 1251 "-" "Mozilla/5.0 (compatible; AhrefsBot/7.0; +http://ahrefs.com/robot/)"
51.222.253.5 - - [01/Apr/2025:00:52:51 -0400] "GET /le-professeur-et-le-vase/feed/ HTTP/1.1" 404 1251 "-" "Mozilla/5.0 (compatible; AhrefsBot/7.0; +http://ahrefs.com/robot/)"
109.172.87.122 - - [01/Apr/2025:00:53:16 -0400] "GET /cbd-for-anxiety-uk-what-you-need-to-know/ HTTP/1.1" 404 1251 "https://theswadeshbazzar.com/cbd-for-anxiety-uk-what-you-need-to-know/" "Mozilla/5.0 (Windows NT 10.0; Win64; x64) AppleWebKit/537.36 (KHTML, like Gecko) Chrome/130.0.0.0 Safari/537.36"
109.172.87.122 - - [01/Apr/2025:00:53:17 -0400] "GET / HTTP/1.1" 200 156077 "https://theswadeshbazzar.com/" "Mozilla/5.0 (Windows NT 10.0; Win64; x64) AppleWebKit/537.36 (KHTML, like Gecko) Chrome/130.0.0.0 Safari/537.36"
51.222.253.20 - - [01/Apr/2025:00:53:26 -0400] "GET /how-to-turn-your-own-photo-into-a-diamond-painting/feed/ HTTP/1.1" 404 1251 "-" "Mozilla/5.0 (compatible; AhrefsBot/7.0; +http://ahrefs.com/robot/)"
51.222.253.13 - - [01/Apr/2025:00:54:03 -0400] "GET /how-to-find-norcold-parts-online/ HTTP/1.1" 404 1251 "-" "Mozilla/5.0 (compatible; AhrefsBot/7.0; +http://ahrefs.com/robot/)"
51.222.253.4 - - [01/Apr/2025:00:54:39 -0400] "GET /ajoutez-de-lelegance-a-votre-decor-avec-un-grand-vase-blanc/feed/ HTTP/1.1" 404 1251 "-" "Mozilla/5.0 (compatible; AhrefsBot/7.0; +http://ahrefs.com/robot/)"
51.222.253.20 - - [01/Apr/2025:00:55:21 -0400] "GET /buy-tiktok-save-to-boost-your-engagement-and-visibility-on-tiktok/feed/ HTTP/1.1" 404 1251 "-" "Mozilla/5.0 (compatible; AhrefsBot/7.0; +http://ahrefs.com/robot/)"
51.222.253.5 - - [01/Apr/2025:00:55:58 -0400] "GET /the-emergence-of-legal-moneylenders/feed/ HTTP/1.1" 404 1251 "-" "Mozilla/5.0 (compatible; AhrefsBot/7.0; +http://ahrefs.com/robot/)"
178.172.245.215 - - [01/Apr/2025:00:56:24 -0400] "GET / HTTP/1.1" 200 156077 "https://daliyuknews.com" "Mozilla/5.0 (compatible; Googlebot/2.1; +http://www.google.com/bot.html)"
51.222.253.5 - - [01/Apr/2025:00:56:37 -0400] "GET /the-future-of-wedding-invitations-in-a-digital-era/feed/ HTTP/1.1" 404 1251 "-" "Mozilla/5.0 (compatible; AhrefsBot/7.0; +http://ahrefs.com/robot/)"
51.222.253.8 - - [01/Apr/2025:00:57:20 -0400] "GET /steuerberater-hattingen-ihr-partner-fur-steuerfragen/feed/ HTTP/1.1" 404 1251 "-" "Mozilla/5.0 (compatible; AhrefsBot/7.0; +http://ahrefs.com/robot/)"
51.222.253.19 - - [01/Apr/2025:00:58:06 -0400] "GET /the-allure-of-online-casinos/feed/ HTTP/1.1" 404 1251 "-" "Mozilla/5.0 (compatible; AhrefsBot/7.0; +http://ahrefs.com/robot/)"
51.222.253.19 - - [01/Apr/2025:00:58:39 -0400] "GET /lavenement-revolutionnaire-des-batteries-au-lithium-24v/feed/ HTTP/1.1" 404 1251 "-" "Mozilla/5.0 (compatible; AhrefsBot/7.0; +http://ahrefs.com/robot/)"
51.222.253.14 - - [01/Apr/2025:00:59:15 -0400] "GET /chapman-university-survey-of-americas-biggest-fears/feed/ HTTP/1.1" 404 1251 "-" "Mozilla/5.0 (compatible; AhrefsBot/7.0; +http://ahrefs.com/robot/)"
51.222.253.2 - - [01/Apr/2025:00:59:57 -0400] "GET /what-web-businesses-can-learn-from-online-gambling/feed/ HTTP/1.1" 404 1251 "-" "Mozilla/5.0 (compatible; AhrefsBot/7.0; +http://ahrefs.com/robot/)"
51.222.253.3 - - [01/Apr/2025:01:00:32 -0400] "GET /pokemon-play-and-training-lances-vs-warhorse/feed/ HTTP/1.1" 404 1251 "-" "Mozilla/5.0 (compatible; AhrefsBot/7.0; +http://ahrefs.com/robot/)"
188.165.113.31 - - [01/Apr/2025:01:00:41 -0400] "GET /cbd-for-anxiety-uk-what-you-need-to-know/ HTTP/1.1" 404 1251 "-" "Mozilla/5.0 (Macintosh; Intel Mac OS X 12_5) AppleWebKit/537.36 (KHTML, like Gecko) Chrome/114.0.0.0 Safari/537.36 OPR/89.0.4447.51"
188.165.113.31 - - [01/Apr/2025:01:00:42 -0400] "GET / HTTP/1.1" 200 156077 "-" "Mozilla/5.0 (Macintosh; Intel Mac OS X 12_5) AppleWebKit/537.36 (KHTML, like Gecko) Chrome/114.0.0.0 Safari/537.36 OPR/89.0.4447.51"
188.165.113.31 - - [01/Apr/2025:01:00:43 -0400] "GET /dp/B0D3RN5W37?ref=MarsFS_VICC_blinksqm HTTP/1.1" 404 1251 "https://theswadeshbazzar.com" "Mozilla/5.0 (Macintosh; Intel Mac OS X 12_5) AppleWebKit/537.36 (KHTML, like Gecko) Chrome/114.0.0.0 Safari/537.36 OPR/89.0.4447.51"
188.165.113.31 - - [01/Apr/2025:01:00:44 -0400] "GET / HTTP/1.1" 200 156077 "https://theswadeshbazzar.com" "Mozilla/5.0 (Macintosh; Intel Mac OS X 12_5) AppleWebKit/537.36 (KHTML, like Gecko) Chrome/114.0.0.0 Safari/537.36 OPR/89.0.4447.51"
51.222.253.1 - - [01/Apr/2025:01:01:12 -0400] "GET /best-place-to-buy-youtube-comments/feed/ HTTP/1.1" 404 1251 "-" "Mozilla/5.0 (compatible; AhrefsBot/7.0; +http://ahrefs.com/robot/)"
58.254.68.93 - - [01/Apr/2025:01:01:40 -0400] "GET /how-to-find-tutors-near-me/ HTTP/1.1" 404 1251 "https://theswadeshbazzar.com" "Mozilla/5.0 (Windows NT 10.0; Win64; x64) AppleWebKit/537.36 (KHTML, like Gecko) Chrome/62.0.3202.94 Safari/537.36"
58.254.68.93 - - [01/Apr/2025:01:01:43 -0400] "GET /how-to-find-tutors-near-me/ HTTP/1.1" 404 1251 "https://theswadeshbazzar.com" "Mozilla/5.0 (Windows NT 10.0; Win64; x64) AppleWebKit/537.36 (KHTML, like Gecko) Chrome/62.0.3202.94 Safari/537.36"
51.222.253.20 - - [01/Apr/2025:01:01:50 -0400] "GET /classic-gems-for-the-advanced-lady-of-the-hour/feed/ HTTP/1.1" 404 1251 "-" "Mozilla/5.0 (compatible; AhrefsBot/7.0; +http://ahrefs.com/robot/)"
51.222.253.17 - - [01/Apr/2025:01:02:23 -0400] "GET /why-hire-a-divorce-lawyer/ HTTP/1.1" 404 1251 "-" "Mozilla/5.0 (compatible; AhrefsBot/7.0; +http://ahrefs.com/robot/)"
51.222.253.15 - - [01/Apr/2025:01:03:00 -0400] "GET /restoriation-of-a-metal-roof/feed/ HTTP/1.1" 404 1251 "-" "Mozilla/5.0 (compatible; AhrefsBot/7.0; +http://ahrefs.com/robot/)"
51.222.253.19 - - [01/Apr/2025:01:03:41 -0400] "GET /download-free-incest-games-is-a-platform/feed/ HTTP/1.1" 404 1251 "-" "Mozilla/5.0 (compatible; AhrefsBot/7.0; +http://ahrefs.com/robot/)"
51.222.253.16 - - [01/Apr/2025:01:04:15 -0400] "GET /free-tools-for-seamless-connectivity/feed/ HTTP/1.1" 404 1251 "-" "Mozilla/5.0 (compatible; AhrefsBot/7.0; +http://ahrefs.com/robot/)"
51.222.253.3 - - [01/Apr/2025:01:04:53 -0400] "GET /comment-faire-une-tresse-de-berceau-pour-bebe/feed/ HTTP/1.1" 404 1251 "-" "Mozilla/5.0 (compatible; AhrefsBot/7.0; +http://ahrefs.com/robot/)"
51.222.253.1 - - [01/Apr/2025:01:05:35 -0400] "GET /mastering-the-art-of-farewell-deleting-your-instagram-account/feed/ HTTP/1.1" 404 1251 "-" "Mozilla/5.0 (compatible; AhrefsBot/7.0; +http://ahrefs.com/robot/)"
51.222.253.5 - - [01/Apr/2025:01:06:11 -0400] "GET /how-to-diamond-paint-your-own-photo/feed/ HTTP/1.1" 404 1251 "-" "Mozilla/5.0 (compatible; AhrefsBot/7.0; +http://ahrefs.com/robot/)"
51.222.253.13 - - [01/Apr/2025:01:06:48 -0400] "GET /unveiling-the-impact-of-instagrams-account-freeze-link/feed/ HTTP/1.1" 404 1251 "-" "Mozilla/5.0 (compatible; AhrefsBot/7.0; +http://ahrefs.com/robot/)"
51.222.253.18 - - [01/Apr/2025:01:07:20 -0400] "GET /luxe-living-discovering-the-emerald-of-katong-condo/feed/ HTTP/1.1" 404 1251 "-" "Mozilla/5.0 (compatible; AhrefsBot/7.0; +http://ahrefs.com/robot/)"
51.222.253.9 - - [01/Apr/2025:01:07:55 -0400] "GET /deep-house-cleaning-services/feed/ HTTP/1.1" 404 1251 "-" "Mozilla/5.0 (compatible; AhrefsBot/7.0; +http://ahrefs.com/robot/)"
51.222.253.3 - - [01/Apr/2025:01:08:28 -0400] "GET /why-online-gambling-is-growing-even-in-a-recession/feed/ HTTP/1.1" 404 1251 "-" "Mozilla/5.0 (compatible; AhrefsBot/7.0; +http://ahrefs.com/robot/)"
51.222.253.14 - - [01/Apr/2025:01:09:05 -0400] "GET /what-is-a-socks-factory/feed/ HTTP/1.1" 404 1251 "-" "Mozilla/5.0 (compatible; AhrefsBot/7.0; +http://ahrefs.com/robot/)"
85.208.98.20 - - [01/Apr/2025:01:09:18 -0400] "GET /j4clgp5/superior-auto-sales-inventory.html HTTP/1.1" 404 1251 "-" "Mozilla/5.0 (compatible; SemrushBot-BA; +http://www.semrush.com/bot.html)"
51.222.253.19 - - [01/Apr/2025:01:09:44 -0400] "GET /how-important-is-spelling-and-grammar-in-business/feed/ HTTP/1.1" 404 1251 "-" "Mozilla/5.0 (compatible; AhrefsBot/7.0; +http://ahrefs.com/robot/)"
51.222.253.3 - - [01/Apr/2025:01:10:22 -0400] "GET /mastering-the-art-of-growing-your-instagram-following/feed/ HTTP/1.1" 404 1251 "-" "Mozilla/5.0 (compatible; AhrefsBot/7.0; +http://ahrefs.com/robot/)"
178.20.43.173 - - [01/Apr/2025:01:10:30 -0400] "GET /mk-bags-for-sale/ HTTP/1.1" 404 1251 "https://theswadeshbazzar.com/mk-bags-for-sale/#comment-14404/" "Mozilla/5.0 (Windows NT 10.0; Win64; x64) AppleWebKit/537.36 (KHTML, like Gecko) Chrome/131.0.0.0 Safari/537.36 Avast/131.0.0.0"
178.20.43.173 - - [01/Apr/2025:01:10:34 -0400] "GET / HTTP/1.1" 200 156077 "https://theswadeshbazzar.com/" "Mozilla/5.0 (Windows NT 10.0; Win64; x64) AppleWebKit/537.36 (KHTML, like Gecko) Chrome/131.0.0.0 Safari/537.36 Avast/131.0.0.0"
66.249.75.173 - - [01/Apr/2025:01:10:49 -0400] "GET /category/gaming/ HTTP/1.1" 404 1251 "-" "Mozilla/5.0 (Linux; Android 6.0.1; Nexus 5X Build/MMB29P) AppleWebKit/537.36 (KHTML, like Gecko) Chrome/134.0.6998.165 Mobile Safari/537.36 (compatible; Googlebot/2.1; +http://www.google.com/bot.html)"
51.222.253.9 - - [01/Apr/2025:01:11:02 -0400] "GET /a-jewel-in-the-urban-landscape-exploring-park-hill-condo/feed/ HTTP/1.1" 404 1251 "-" "Mozilla/5.0 (compatible; AhrefsBot/7.0; +http://ahrefs.com/robot/)"
178.20.43.173 - - [01/Apr/2025:01:11:35 -0400] "GET /mk-bags-for-sale/ HTTP/1.1" 404 1251 "https://theswadeshbazzar.com/mk-bags-for-sale/#comment-14404/" "Mozilla/5.0 (Windows NT 10.0; Win64; x64) AppleWebKit/537.36 (KHTML, like Gecko) Chrome/131.0.0.0 Safari/537.36"
178.20.43.173 - - [01/Apr/2025:01:11:36 -0400] "GET / HTTP/1.1" 200 156077 "https://theswadeshbazzar.com/" "Mozilla/5.0 (Windows NT 10.0; Win64; x64) AppleWebKit/537.36 (KHTML, like Gecko) Chrome/131.0.0.0 Safari/537.36"
178.20.43.173 - - [01/Apr/2025:01:11:36 -0400] "GET /mk-bags-for-sale/ HTTP/1.1" 404 1251 "https://theswadeshbazzar.com/mk-bags-for-sale/#comment-14404/" "Mozilla/5.0 (Windows NT 10.0; Win64; x64) AppleWebKit/537.36 (KHTML, like Gecko) Chrome/131.0.0.0 Safari/537.36"
178.20.43.173 - - [01/Apr/2025:01:11:37 -0400] "GET / HTTP/1.1" 200 156077 "https://theswadeshbazzar.com/" "Mozilla/5.0 (Windows NT 10.0; Win64; x64) AppleWebKit/537.36 (KHTML, like Gecko) Chrome/131.0.0.0 Safari/537.36"
51.222.253.1 - - [01/Apr/2025:01:11:45 -0400] "GET /how-to-use-youtube-live-to-engage-with-your-audience/feed/ HTTP/1.1" 404 1251 "-" "Mozilla/5.0 (compatible; AhrefsBot/7.0; +http://ahrefs.com/robot/)"
51.222.253.15 - - [01/Apr/2025:01:12:30 -0400] "GET /les-avantages-du-cbd-pour-une-productivite-et-une-concentration-ameliorees/ HTTP/1.1" 404 1251 "-" "Mozilla/5.0 (compatible; AhrefsBot/7.0; +http://ahrefs.com/robot/)"
