198.54.114.83 - - [01/Apr/2025:20:11:41 -0400] "POST /wp-admin/admin-ajax.php?action=async_litespeed&nonce=T6FynfBJv9DPrAZldW7cencMzzxC6qow&litespeed_type=imgoptm HTTP/1.1" 200 5 "-" "WordPress/6.7.2; https://theswadeshbazzar.com"
80.64.30.32 - - [01/Apr/2025:20:11:41 -0400] "GET /wp-login.php?wp_lang=en_US HTTP/1.1" 200 1886 "http://theswadeshbazzar.com/wp-login.php" "Mozilla/5.0 (Windows NT 10.0; Win64; x64; rv:136.0) Gecko/20100101 Firefox/136.0"
91.84.98.204 - - [01/Apr/2025:20:13:55 -0400] "GET /cbd-for-anxiety-uk-what-you-need-to-know/ HTTP/1.1" 404 1251 "https://theswadeshbazzar.com/cbd-for-anxiety-uk-what-you-need-to-know/" "Mozilla/5.0 (Windows NT 10.0; Win64; x64) AppleWebKit/537.36 (KHTML, like Gecko) Chrome/131.0.0.0 Safari/537.36 Avast/131.0.0.0"
91.84.98.204 - - [01/Apr/2025:20:13:56 -0400] "GET / HTTP/1.1" 200 156077 "https://theswadeshbazzar.com/" "Mozilla/5.0 (Windows NT 10.0; Win64; x64) AppleWebKit/537.36 (KHTML, like Gecko) Chrome/131.0.0.0 Safari/537.36 Avast/131.0.0.0"
112.92.70.120 - - [01/Apr/2025:20:15:17 -0400] "GET /zahnimplantate-kunstliche-zahne-konnen-ihre-perspektive-verandern/ HTTP/1.1" 404 1251 "https://theswadeshbazzar.com" "Mozilla/5.0 (Windows NT 10.0; Win64; x64) AppleWebKit/537.36 (KHTML, like Gecko) Chrome/62.0.3202.94 Safari/537.36"
112.92.70.120 - - [01/Apr/2025:20:15:19 -0400] "GET /zahnimplantate-kunstliche-zahne-konnen-ihre-perspektive-verandern/ HTTP/1.1" 404 1251 "https://theswadeshbazzar.com" "Mozilla/5.0 (Windows NT 10.0; Win64; x64) AppleWebKit/537.36 (KHTML, like Gecko) Chrome/62.0.3202.94 Safari/537.36"
112.92.70.120 - - [01/Apr/2025:20:15:20 -0400] "GET /zahnimplantate-kunstliche-zahne-konnen-ihre-perspektive-verandern/ HTTP/1.1" 404 1251 "https://theswadeshbazzar.com" "Mozilla/5.0 (Windows NT 10.0; Win64; x64) AppleWebKit/537.36 (KHTML, like Gecko) Chrome/62.0.3202.94 Safari/537.36"
112.92.70.120 - - [01/Apr/2025:20:15:21 -0400] "GET /zahnimplantate-kunstliche-zahne-konnen-ihre-perspektive-verandern/ HTTP/1.1" 404 1251 "https://theswadeshbazzar.com" "Mozilla/5.0 (Windows NT 10.0; Win64; x64) AppleWebKit/537.36 (KHTML, like Gecko) Chrome/62.0.3202.94 Safari/537.36"
139.59.100.51 - - [01/Apr/2025:20:20:32 -0400] "GET /wp-login.php HTTP/1.1" 200 1887 "-" "Mozila/5.0"
198.54.114.83 - - [01/Apr/2025:20:20:37 -0400] "POST /wp-cron.php?doing_wp_cron=1743553236.5651249885559082031250 HTTP/1.1" 200 0 "-" "WordPress/6.7.2; https://theswadeshbazzar.com"
139.59.100.51 - - [01/Apr/2025:20:20:32 -0400] "POST /wp-login.php HTTP/1.1" 200 2018 "-" "Mozila/5.0"
198.54.114.83 - - [01/Apr/2025:20:20:38 -0400] "POST /wp-admin/admin-ajax.php?action=async_litespeed&nonce=iTEg2zauLvdkF3y2zgpswlNdmYg54Gep&litespeed_type=imgoptm HTTP/1.1" 200 0 "-" "WordPress/6.7.2; https://theswadeshbazzar.com"
139.59.100.51 - - [01/Apr/2025:20:20:38 -0400] "GET /wp-admin/ HTTP/1.1" 302 0 "-" "Mozila/5.0"
198.54.114.83 - - [01/Apr/2025:20:20:40 -0400] "POST /wp-cron.php?doing_wp_cron=1743553240.1571691036224365234375 HTTP/1.1" 200 0 "-" "WordPress/6.7.2; https://theswadeshbazzar.com"
139.59.100.51 - - [01/Apr/2025:20:20:39 -0400] "GET /wp-login.php?redirect_to=https%3A%2F%2Ftheswadeshbazzar.com%2Fwp-admin%2F&reauth=1 HTTP/1.1" 200 1886 "-" "Mozila/5.0"
198.54.114.83 - - [01/Apr/2025:20:20:40 -0400] "POST /wp-admin/admin-ajax.php?action=async_litespeed&nonce=TfSToBvYf6ttNJwIkpYlsqtLZ7egW6tj&litespeed_type=imgoptm HTTP/1.1" 200 5 "-" "WordPress/6.7.2; https://theswadeshbazzar.com"
87.242.90.180 - - [01/Apr/2025:20:23:49 -0400] "GET /wp-content/uploads/thumbs_dir/health-and-beauty-1wp8cfq2nw5ynn7baeqdiyi2b6skbzp9ms4i07b71kas.jpg HTTP/1.1" 404 1251 "-" "Mozilla/5.0 (Windows NT 10.0; Win64; x64) AppleWebKit/537.36 (KHTML, like Gecko) Chrome/120.0.0.0 Safari/537.36"
198.54.114.83 - - [01/Apr/2025:20:31:32 -0400] "POST /wp-admin/admin-ajax.php?action=async_litespeed&nonce=zzgkq2dwf3myEew2scCTjGbGzmYXJTaK&litespeed_type=imgoptm HTTP/1.1" 200 5 "-" "WordPress/6.7.2; https://theswadeshbazzar.com"
34.19.85.195 - - [01/Apr/2025:20:31:56 -0400] "GET /buy-youtube-views-cheaply/ HTTP/1.1" 404 1251 "-" "Mozilla/5.0 (Macintosh; Intel Mac OS X 10_15_7) AppleWebKit/605.1.15 (KHTML, like Gecko) Version/17.0 Safari/605.1.15"
34.19.85.195 - - [01/Apr/2025:20:31:56 -0400] "GET /revolutionizing-efficiency-the-insulation-cutting-machine/ HTTP/1.1" 404 1251 "-" "Mozilla/5.0 (Macintosh; Intel Mac OS X 10_15_7) AppleWebKit/605.1.15 (KHTML, like Gecko) Version/17.0 Safari/605.1.15"
94.139.252.171 - - [01/Apr/2025:20:34:02 -0400] "GET /wp-content/uploads/thumbs_dir/WhatsApp-Image-2020-10-08-at-13.11.24-1-owlzdbgerwz1xp8cdv1xzxaii1jcw06y41iriiurts.jpeg HTTP/1.1" 404 1251 "-" "Mozilla/5.0 (Windows NT 10.0; Win64; x64) AppleWebKit/537.36 (KHTML, like Gecko) Chrome/120.0.0.0 Safari/537.36"
195.191.219.132 - - [01/Apr/2025:20:34:41 -0400] "GET /robots.txt HTTP/1.1" 304 0 "-" "Mozilla/5.0 (compatible; MJ12bot/v2.0.0; http://mj12bot.com/)"
195.191.219.132 - - [01/Apr/2025:20:34:41 -0400] "GET / HTTP/1.1" 200 156077 "-" "Mozilla/5.0 (compatible; MJ12bot/v2.0.0; http://mj12bot.com/)"
54.204.236.199 - - [01/Apr/2025:20:42:05 -0400] "GET /mediation-an-alternative-to-litigation/ HTTP/1.1" 404 1251 "-" "Grammarly/1.0 (http://www.grammarly.com)"
89.147.108.90 - - [01/Apr/2025:20:44:25 -0400] "GET / HTTP/1.1" 200 156077 "https://theswadeshbazzar.com" "Mozilla/5.0 (Windows NT 6.1; WOW64) AppleWebKit/537.36 (KHTML, like Gecko) Chrome/42.0.2311.152 Safari/537.36"
109.172.87.122 - - [01/Apr/2025:20:46:18 -0400] "GET /cbd-for-anxiety-uk-what-you-need-to-know/ HTTP/1.1" 404 1251 "https://theswadeshbazzar.com/cbd-for-anxiety-uk-what-you-need-to-know/" "Mozilla/5.0 (Windows NT 10.0; Win64; x64) AppleWebKit/537.36 (KHTML, like Gecko) Chrome/130.0.0.0 Safari/537.36 CCleaner/130.0.0.0"
109.172.87.122 - - [01/Apr/2025:20:46:19 -0400] "GET / HTTP/1.1" 200 156077 "https://theswadeshbazzar.com/" "Mozilla/5.0 (Windows NT 10.0; Win64; x64) AppleWebKit/537.36 (KHTML, like Gecko) Chrome/130.0.0.0 Safari/537.36 CCleaner/130.0.0.0"
198.54.114.83 - - [01/Apr/2025:20:47:31 -0400] "POST /wp-cron.php?doing_wp_cron=1743554851.0922338962554931640625 HTTP/1.1" 200 0 "-" "WordPress/6.7.2; https://theswadeshbazzar.com"
2400:9800:371:cb11:55c7:e9ee:92fb:28ac - - [01/Apr/2025:20:47:26 -0400] "POST /wp-login.php HTTP/1.1" 200 2015 "https://theswadeshbazzar.com/wp-admin/" "Mozilla/5.0 (Windows NT 10.0; Win64; x64) AppleWebKit/537.36 (KHTML, like Gecko) Chrome/90.0.4430.85 Safari/537.36"
198.54.114.83 - - [01/Apr/2025:20:47:31 -0400] "POST /wp-admin/admin-ajax.php?action=async_litespeed&nonce=SL0ESVvRLF9W5I32w28jn0WLwqmnlMv8&litespeed_type=imgoptm HTTP/1.1" 200 0 "-" "WordPress/6.7.2; https://theswadeshbazzar.com"
2400:9800:371:cb11:55c7:e9ee:92fb:28ac - - [01/Apr/2025:20:47:32 -0400] "GET /wp-admin/ HTTP/1.1" 302 0 "www.google.com" "Mozilla/5.0 (Windows NT 10.0; Win64; x64) AppleWebKit/537.36 (KHTML, like Gecko) Chrome/90.0.4430.85 Safari/537.36"
2400:9800:371:cb11:55c7:e9ee:92fb:28ac - - [01/Apr/2025:20:47:33 -0400] "GET /wp-login.php?redirect_to=https%3A%2F%2Ftheswadeshbazzar.com%2Fwp-admin%2F&reauth=1 HTTP/1.1" 200 1886 "www.google.com" "Mozilla/5.0 (Windows NT 10.0; Win64; x64) AppleWebKit/537.36 (KHTML, like Gecko) Chrome/90.0.4430.85 Safari/537.36"
18.116.85.34 - - [01/Apr/2025:20:53:26 -0400] "GET /star-wars-birthday-celebration-supplies-to-observe-your-little-hero HTTP/1.1" 404 1251 "-" "Mozilla/5.0 AppleWebKit/537.36 (KHTML, like Gecko; compatible; ClaudeBot/1.0; +claudebot@anthropic.com)"
178.217.98.213 - - [01/Apr/2025:20:56:28 -0400] "GET /cbd-for-anxiety-uk-what-you-need-to-know/ HTTP/1.1" 404 1251 "https://theswadeshbazzar.com/cbd-for-anxiety-uk-what-you-need-to-know/" "Mozilla/5.0 (Windows NT 10.0; Win64; x64) AppleWebKit/537.36 (KHTML, like Gecko) Chrome/131.0.0.0 Safari/537.36"
178.217.98.213 - - [01/Apr/2025:20:56:30 -0400] "GET / HTTP/1.1" 200 156077 "https://theswadeshbazzar.com/" "Mozilla/5.0 (Windows NT 10.0; Win64; x64) AppleWebKit/537.36 (KHTML, like Gecko) Chrome/131.0.0.0 Safari/537.36"
66.249.75.165 - - [01/Apr/2025:20:58:59 -0400] "GET /a-review-of-norcold-rv-refrigerators/ HTTP/1.1" 404 1251 "-" "Mozilla/5.0 (Linux; Android 6.0.1; Nexus 5X Build/MMB29P) AppleWebKit/537.36 (KHTML, like Gecko) Chrome/134.0.6998.165 Mobile Safari/537.36 (compatible; Googlebot/2.1; +http://www.google.com/bot.html)"
104.207.36.72 - - [01/Apr/2025:21:00:48 -0400] "GET /cbd-for-anxiety-uk-what-you-need-to-know/ HTTP/1.1" 404 1251 "-" "Mozilla/5.0 (Macintosh; Intel Mac OS X 12_5) AppleWebKit/605.1.15 (KHTML, like Gecko) Version/15.4 Safari/605.1.15"
104.207.36.72 - - [01/Apr/2025:21:00:50 -0400] "GET / HTTP/1.1" 200 156077 "-" "Mozilla/5.0 (Macintosh; Intel Mac OS X 12_5) AppleWebKit/605.1.15 (KHTML, like Gecko) Version/15.4 Safari/605.1.15"
104.207.36.72 - - [01/Apr/2025:21:00:54 -0400] "GET /dp/B0D3RN5W37?ref=MarsFS_VICC_blinksqm HTTP/1.1" 404 1251 "https://theswadeshbazzar.com" "Mozilla/5.0 (Macintosh; Intel Mac OS X 12_5) AppleWebKit/605.1.15 (KHTML, like Gecko) Version/15.4 Safari/605.1.15"
104.207.36.72 - - [01/Apr/2025:21:00:56 -0400] "GET / HTTP/1.1" 200 156077 "https://theswadeshbazzar.com" "Mozilla/5.0 (Macintosh; Intel Mac OS X 12_5) AppleWebKit/605.1.15 (KHTML, like Gecko) Version/15.4 Safari/605.1.15"
45.84.107.55 - - [01/Apr/2025:21:01:15 -0400] "GET / HTTP/1.1" 200 156077 "https://theswadeshbazzar.com" "Mozilla/5.0 (X11; Linux x86_64; rv:60.0) Gecko/20100101 Firefox/60.0.1"
54.86.177.224 - - [01/Apr/2025:21:03:18 -0400] "GET /mediation-an-alternative-to-litigation/ HTTP/1.1" 404 1251 "-" "Grammarly/1.0 (http://www.grammarly.com)"
112.92.70.120 - - [01/Apr/2025:21:10:11 -0400] "GET /zahnimplantate-kunstliche-zahne-konnen-ihre-perspektive-verandern/ HTTP/1.1" 404 1251 "https://theswadeshbazzar.com" "Mozilla/5.0 (Windows NT 10.0; Win64; x64) AppleWebKit/537.36 (KHTML, like Gecko) Chrome/62.0.3202.94 Safari/537.36"
112.92.70.120 - - [01/Apr/2025:21:10:13 -0400] "GET /zahnimplantate-kunstliche-zahne-konnen-ihre-perspektive-verandern/ HTTP/1.1" 404 1251 "https://theswadeshbazzar.com" "Mozilla/5.0 (Windows NT 10.0; Win64; x64) AppleWebKit/537.36 (KHTML, like Gecko) Chrome/62.0.3202.94 Safari/537.36"
112.92.70.120 - - [01/Apr/2025:21:10:17 -0400] "GET /zahnimplantate-kunstliche-zahne-konnen-ihre-perspektive-verandern/ HTTP/1.1" 404 1251 "https://theswadeshbazzar.com" "Mozilla/5.0 (Windows NT 10.0; Win64; x64) AppleWebKit/537.36 (KHTML, like Gecko) Chrome/62.0.3202.94 Safari/537.36"
112.92.70.120 - - [01/Apr/2025:21:10:18 -0400] "GET /zahnimplantate-kunstliche-zahne-konnen-ihre-perspektive-verandern/ HTTP/1.1" 404 1251 "https://theswadeshbazzar.com" "Mozilla/5.0 (Windows NT 10.0; Win64; x64) AppleWebKit/537.36 (KHTML, like Gecko) Chrome/62.0.3202.94 Safari/537.36"
91.84.98.204 - - [01/Apr/2025:21:10:51 -0400] "GET /cbd-for-anxiety-uk-what-you-need-to-know/ HTTP/1.1" 404 1251 "https://theswadeshbazzar.com/cbd-for-anxiety-uk-what-you-need-to-know/" "Mozilla/5.0 (Windows NT 10.0; Win64; x64) AppleWebKit/537.36 (KHTML, like Gecko) Chrome/130.0.0.0 Safari/537.36"
91.84.98.204 - - [01/Apr/2025:21:10:53 -0400] "GET / HTTP/1.1" 200 156077 "https://theswadeshbazzar.com/" "Mozilla/5.0 (Windows NT 10.0; Win64; x64) AppleWebKit/537.36 (KHTML, like Gecko) Chrome/130.0.0.0 Safari/537.36"
178.170.196.162 - - [01/Apr/2025:21:12:04 -0400] "GET /wp-content/uploads/thumbs_dir/1-1-ox1ni2igui4g71mxjfk5i2yceqaau6j1n12ozghgfo.png HTTP/1.1" 404 1251 "-" "Mozilla/5.0 (Windows NT 10.0; Win64; x64) AppleWebKit/537.36 (KHTML, like Gecko) Chrome/120.0.0.0 Safari/537.36"
3.144.149.217 - - [01/Apr/2025:21:21:02 -0400] "GET /maximizing-online-marketing-for-small-businesses HTTP/1.1" 404 1251 "-" "Mozilla/5.0 AppleWebKit/537.36 (KHTML, like Gecko; compatible; ClaudeBot/1.0; +claudebot@anthropic.com)"
198.54.114.83 - - [01/Apr/2025:21:21:19 -0400] "POST /wp-admin/admin-ajax.php?action=async_litespeed&nonce=Rpfx6Xi4PrMlHBkzikIvdLcFWso8vNrs&litespeed_type=imgoptm HTTP/1.1" 200 0 "-" "WordPress/6.7.2; https://theswadeshbazzar.com"
124.156.186.100 - - [01/Apr/2025:21:22:54 -0400] "GET /how-to-set-up-voicemail-on-iphone/ HTTP/1.1" 404 1251 "-" "Python/3.10 aiohttp/3.10.5"
34.127.29.78 - - [01/Apr/2025:21:33:22 -0400] "GET /best-spa-hotels-and-resorts-drive-away-your-blues-in-style/ HTTP/1.1" 404 1251 "-" "Mozilla/5.0 (Macintosh; Intel Mac OS X 10_15_7) AppleWebKit/605.1.15 (KHTML, like Gecko) Version/17.0 Safari/605.1.15"
43.154.146.32 - - [01/Apr/2025:21:33:40 -0400] "GET /are-psychedelic-mushroom-chocolate-bars-legal/ HTTP/1.1" 404 1251 "-" "Python/3.10 aiohttp/3.10.5"
54.223.64.72 - - [01/Apr/2025:21:34:33 -0400] "GET /wp-content/uploads/thumbs_dir/Girnar-Ayurvedic-Aritha-Hair-Oil-oriswp4hp61hgor3g64u5jjk4h1nbxsqls015u9eag.jpg HTTP/1.1" 404 1251 "-" "python-requests/2.29.0"
37.230.196.116 - - [01/Apr/2025:21:37:25 -0400] "GET /wp-content/uploads/thumbs_dir/Ragi-Murukku-osk8ct6lyndcvs4yyjby6sh9wenx0z14sxmp9tnpls.png HTTP/1.1" 404 1251 "-" "Mozilla/5.0 (Windows NT 10.0; Win64; x64) AppleWebKit/537.36 (KHTML, like Gecko) Chrome/120.0.0.0 Safari/537.36"
13.229.78.155 - - [01/Apr/2025:21:47:54 -0400] "GET / HTTP/1.1" 200 156077 "-" "Mozilla/5.0 (Windows NT 10.0; Win64; x64; rv:122.0) Gecko/20100101 Firefox/122.0"
198.54.114.83 - - [01/Apr/2025:21:48:02 -0400] "POST /wp-cron.php?doing_wp_cron=1743558481.8613450527191162109375 HTTP/1.1" 200 0 "-" "WordPress/6.7.2; https://theswadeshbazzar.com"
13.229.78.155 - - [01/Apr/2025:21:47:57 -0400] "GET /xmlrpc.php HTTP/1.1" 405 46 "-" "Mozilla/5.0 (Windows NT 10.0; Win64; x64; rv:122.0) Gecko/20100101 Firefox/122.0"
198.54.114.83 - - [01/Apr/2025:21:48:04 -0400] "POST /wp-admin/admin-ajax.php?action=async_litespeed&nonce=Z5TxAl7hyX8q9vEmE4cyjR0Gd9iQLyjz&litespeed_type=imgoptm HTTP/1.1" 200 0 "-" "WordPress/6.7.2; https://theswadeshbazzar.com"
13.229.78.155 - - [01/Apr/2025:21:48:04 -0400] "GET /wp-json/wp/v2/users HTTP/1.1" 404 1251 "-" "Mozilla/5.0 (Windows NT 10.0; Win64; x64; rv:122.0) Gecko/20100101 Firefox/122.0"
13.229.78.155 - - [01/Apr/2025:21:48:05 -0400] "POST /xmlrpc.php HTTP/1.1" 200 0 "-" "python-httpx/0.22.0"
13.229.78.155 - - [01/Apr/2025:21:48:26 -0400] "POST /xmlrpc.php HTTP/1.1" 200 0 "-" "python-httpx/0.22.0"
13.229.78.155 - - [01/Apr/2025:21:48:47 -0400] "POST /xmlrpc.php HTTP/1.1" 200 0 "-" "python-httpx/0.22.0"
13.229.78.155 - - [01/Apr/2025:21:49:05 -0400] "POST /xmlrpc.php HTTP/1.1" 200 0 "-" "python-httpx/0.22.0"
13.229.78.155 - - [01/Apr/2025:21:49:25 -0400] "POST /xmlrpc.php HTTP/1.1" 200 0 "-" "python-httpx/0.22.0"
13.229.78.155 - - [01/Apr/2025:21:49:46 -0400] "POST /xmlrpc.php HTTP/1.1" 200 0 "-" "python-httpx/0.22.0"
13.229.78.155 - - [01/Apr/2025:21:50:08 -0400] "POST /xmlrpc.php HTTP/1.1" 200 0 "-" "python-httpx/0.22.0"
13.229.78.155 - - [01/Apr/2025:21:50:26 -0400] "POST /xmlrpc.php HTTP/1.1" 200 0 "-" "python-httpx/0.22.0"
13.229.78.155 - - [01/Apr/2025:21:50:46 -0400] "POST /xmlrpc.php HTTP/1.1" 200 0 "-" "python-httpx/0.22.0"
180.232.154.84 - - [01/Apr/2025:21:51:25 -0400] "GET /wp-login.php HTTP/1.1" 200 1887 "-" "Mozilla/5.0 (Windows NT 6.1; WOW64; rv:40.0) Gecko/20100101 Firefox/40.1"
180.232.154.84 - - [01/Apr/2025:21:51:31 -0400] "GET /wp-login.php HTTP/1.1" 200 1887 "-" "Mozilla/5.0 (Windows NT 6.1; WOW64; rv:40.0) Gecko/20100101 Firefox/40.1"
13.229.78.155 - - [01/Apr/2025:21:51:06 -0400] "POST /xmlrpc.php HTTP/1.1" 200 0 "-" "python-httpx/0.22.0"
13.229.78.155 - - [01/Apr/2025:21:51:25 -0400] "POST /xmlrpc.php HTTP/1.1" 200 0 "-" "python-httpx/0.22.0"
13.229.78.155 - - [01/Apr/2025:21:51:46 -0400] "POST /xmlrpc.php HTTP/1.1" 200 0 "-" "python-httpx/0.22.0"
13.229.78.155 - - [01/Apr/2025:21:52:06 -0400] "POST /xmlrpc.php HTTP/1.1" 200 0 "-" "python-httpx/0.22.0"
13.229.78.155 - - [01/Apr/2025:21:52:26 -0400] "POST /xmlrpc.php HTTP/1.1" 200 0 "-" "python-httpx/0.22.0"
13.229.78.155 - - [01/Apr/2025:21:52:46 -0400] "POST /xmlrpc.php HTTP/1.1" 200 0 "-" "python-httpx/0.22.0"
13.229.78.155 - - [01/Apr/2025:21:53:06 -0400] "POST /xmlrpc.php HTTP/1.1" 200 0 "-" "python-httpx/0.22.0"
13.229.78.155 - - [01/Apr/2025:21:53:26 -0400] "POST /xmlrpc.php HTTP/1.1" 200 0 "-" "python-httpx/0.22.0"
87.242.90.180 - - [01/Apr/2025:21:54:18 -0400] "GET /new/wp-content/uploads/2020/06/Ref-3.jpeg HTTP/1.1" 404 1251 "-" "Mozilla/5.0 (Windows NT 10.0; Win64; x64) AppleWebKit/537.36 (KHTML, like Gecko) Chrome/120.0.0.0 Safari/537.36"
13.229.78.155 - - [01/Apr/2025:21:53:46 -0400] "POST /xmlrpc.php HTTP/1.1" 200 0 "-" "python-httpx/0.22.0"
13.229.78.155 - - [01/Apr/2025:21:54:06 -0400] "POST /xmlrpc.php HTTP/1.1" 200 0 "-" "python-httpx/0.22.0"
13.229.78.155 - - [01/Apr/2025:21:54:26 -0400] "POST /xmlrpc.php HTTP/1.1" 200 0 "-" "python-httpx/0.22.0"
13.229.78.155 - - [01/Apr/2025:21:54:46 -0400] "POST /xmlrpc.php HTTP/1.1" 200 0 "-" "python-httpx/0.22.0"
13.229.78.155 - - [01/Apr/2025:21:55:06 -0400] "POST /xmlrpc.php HTTP/1.1" 200 0 "-" "python-httpx/0.22.0"
13.229.78.155 - - [01/Apr/2025:21:55:26 -0400] "POST /xmlrpc.php HTTP/1.1" 200 0 "-" "python-httpx/0.22.0"
13.229.78.155 - - [01/Apr/2025:21:55:46 -0400] "POST /xmlrpc.php HTTP/1.1" 200 0 "-" "python-httpx/0.22.0"
13.229.78.155 - - [01/Apr/2025:21:56:07 -0400] "POST /xmlrpc.php HTTP/1.1" 200 0 "-" "python-httpx/0.22.0"
13.229.78.155 - - [01/Apr/2025:21:56:26 -0400] "POST /xmlrpc.php HTTP/1.1" 200 0 "-" "python-httpx/0.22.0"
13.229.78.155 - - [01/Apr/2025:21:56:46 -0400] "POST /xmlrpc.php HTTP/1.1" 200 0 "-" "python-httpx/0.22.0"
13.229.78.155 - - [01/Apr/2025:21:57:07 -0400] "POST /xmlrpc.php HTTP/1.1" 200 0 "-" "python-httpx/0.22.0"
13.229.78.155 - - [01/Apr/2025:21:57:26 -0400] "POST /xmlrpc.php HTTP/1.1" 200 0 "-" "python-httpx/0.22.0"
13.229.78.155 - - [01/Apr/2025:21:57:47 -0400] "POST /xmlrpc.php HTTP/1.1" 200 0 "-" "python-httpx/0.22.0"
13.229.78.155 - - [01/Apr/2025:21:58:07 -0400] "POST /xmlrpc.php HTTP/1.1" 200 0 "-" "python-httpx/0.22.0"
66.249.75.174 - - [01/Apr/2025:21:58:58 -0400] "GET /german-lessons-in-london/ HTTP/1.1" 404 1251 "-" "Mozilla/5.0 (Linux; Android 6.0.1; Nexus 5X Build/MMB29P) AppleWebKit/537.36 (KHTML, like Gecko) Chrome/134.0.6998.165 Mobile Safari/537.36 (compatible; Googlebot/2.1; +http://www.google.com/bot.html)"
13.229.78.155 - - [01/Apr/2025:21:58:27 -0400] "POST /xmlrpc.php HTTP/1.1" 200 0 "-" "python-httpx/0.22.0"
13.229.78.155 - - [01/Apr/2025:21:58:47 -0400] "POST /xmlrpc.php HTTP/1.1" 200 0 "-" "python-httpx/0.22.0"
13.229.78.155 - - [01/Apr/2025:21:59:07 -0400] "POST /xmlrpc.php HTTP/1.1" 200 0 "-" "python-httpx/0.22.0"
13.229.78.155 - - [01/Apr/2025:21:59:27 -0400] "POST /xmlrpc.php HTTP/1.1" 200 0 "-" "python-httpx/0.22.0"
13.229.78.155 - - [01/Apr/2025:21:59:47 -0400] "POST /xmlrpc.php HTTP/1.1" 200 0 "-" "python-httpx/0.22.0"
13.229.78.155 - - [01/Apr/2025:22:00:07 -0400] "POST /xmlrpc.php HTTP/1.1" 200 0 "-" "python-httpx/0.22.0"
13.229.78.155 - - [01/Apr/2025:22:00:27 -0400] "POST /xmlrpc.php HTTP/1.1" 200 0 "-" "python-httpx/0.22.0"
13.229.78.155 - - [01/Apr/2025:22:00:47 -0400] "POST /xmlrpc.php HTTP/1.1" 200 0 "-" "python-httpx/0.22.0"
13.229.78.155 - - [01/Apr/2025:22:01:07 -0400] "POST /xmlrpc.php HTTP/1.1" 200 0 "-" "python-httpx/0.22.0"
2a03:2880:13ff:5:: - - [01/Apr/2025:22:01:56 -0400] "GET /wp-content/uploads/2020/10/WhatsApp-Image-2020-10-30-at-3.55.22-PM.jpeg HTTP/1.1" 404 1251 "-" "facebookexternalhit/1.1 (+http://www.facebook.com/externalhit_uatext.php)"
13.229.78.155 - - [01/Apr/2025:22:01:27 -0400] "POST /xmlrpc.php HTTP/1.1" 200 0 "-" "python-httpx/0.22.0"
13.229.78.155 - - [01/Apr/2025:22:01:47 -0400] "POST /xmlrpc.php HTTP/1.1" 200 0 "-" "python-httpx/0.22.0"
13.229.78.155 - - [01/Apr/2025:22:02:07 -0400] "POST /xmlrpc.php HTTP/1.1" 200 0 "-" "python-httpx/0.22.0"
13.229.78.155 - - [01/Apr/2025:22:02:27 -0400] "POST /xmlrpc.php HTTP/1.1" 200 0 "-" "python-httpx/0.22.0"
13.229.78.155 - - [01/Apr/2025:22:02:47 -0400] "POST /xmlrpc.php HTTP/1.1" 200 0 "-" "python-httpx/0.22.0"
13.229.78.155 - - [01/Apr/2025:22:03:07 -0400] "POST /xmlrpc.php HTTP/1.1" 200 0 "-" "python-httpx/0.22.0"
13.229.78.155 - - [01/Apr/2025:22:03:28 -0400] "POST /xmlrpc.php HTTP/1.1" 200 0 "-" "python-httpx/0.22.0"
13.229.78.155 - - [01/Apr/2025:22:03:48 -0400] "POST /xmlrpc.php HTTP/1.1" 200 0 "-" "python-httpx/0.22.0"
178.170.242.101 - - [01/Apr/2025:22:04:29 -0400] "GET /wp-content/uploads/thumbs_dir/grocery-1wp8mcmtm9lvmi8nrj2bg81q6g5mhhua9vzwgteoegbg.jpg HTTP/1.1" 404 1251 "-" "Mozilla/5.0 (Windows NT 10.0; Win64; x64) AppleWebKit/537.36 (KHTML, like Gecko) Chrome/120.0.0.0 Safari/537.36"
34.145.20.211 - - [01/Apr/2025:22:04:44 -0400] "GET /brush-machinery-and-automation-advancement/ HTTP/1.1" 404 1251 "-" "Mozilla/5.0 (Windows NT 10.0; Win64; x64) AppleWebKit/537.36 (KHTML, like Gecko) Chrome/123.0.0.0 Safari/537.36"
13.229.78.155 - - [01/Apr/2025:22:04:09 -0400] "POST /xmlrpc.php HTTP/1.1" 200 0 "-" "python-httpx/0.22.0"
13.229.78.155 - - [01/Apr/2025:22:04:29 -0400] "POST /xmlrpc.php HTTP/1.1" 200 0 "-" "python-httpx/0.22.0"
3.15.218.169 - - [01/Apr/2025:22:05:10 -0400] "GET /desktop-pcs HTTP/1.1" 404 1251 "-" "Mozilla/5.0 AppleWebKit/537.36 (KHTML, like Gecko; compatible; ClaudeBot/1.0; +claudebot@anthropic.com)"
13.229.78.155 - - [01/Apr/2025:22:04:49 -0400] "POST /xmlrpc.php HTTP/1.1" 200 0 "-" "python-httpx/0.22.0"
13.229.78.155 - - [01/Apr/2025:22:05:09 -0400] "POST /xmlrpc.php HTTP/1.1" 200 0 "-" "python-httpx/0.22.0"
13.229.78.155 - - [01/Apr/2025:22:05:29 -0400] "POST /xmlrpc.php HTTP/1.1" 200 0 "-" "python-httpx/0.22.0"
13.229.78.155 - - [01/Apr/2025:22:05:49 -0400] "POST /xmlrpc.php HTTP/1.1" 200 0 "-" "python-httpx/0.22.0"
13.229.78.155 - - [01/Apr/2025:22:06:10 -0400] "POST /xmlrpc.php HTTP/1.1" 200 0 "-" "python-httpx/0.22.0"
13.229.78.155 - - [01/Apr/2025:22:06:30 -0400] "POST /xmlrpc.php HTTP/1.1" 200 0 "-" "python-httpx/0.22.0"
3.145.36.157 - - [01/Apr/2025:22:07:20 -0400] "GET /the-healing-power-of-reiki-in-singapore HTTP/1.1" 404 1251 "-" "Mozilla/5.0 AppleWebKit/537.36 (KHTML, like Gecko; compatible; ClaudeBot/1.0; +claudebot@anthropic.com)"
13.229.78.155 - - [01/Apr/2025:22:06:50 -0400] "POST /xmlrpc.php HTTP/1.1" 200 0 "-" "python-httpx/0.22.0"
13.229.78.155 - - [01/Apr/2025:22:07:10 -0400] "POST /xmlrpc.php HTTP/1.1" 200 0 "-" "python-httpx/0.22.0"
13.229.78.155 - - [01/Apr/2025:22:07:31 -0400] "POST /xmlrpc.php HTTP/1.1" 200 0 "-" "python-httpx/0.22.0"
13.229.78.155 - - [01/Apr/2025:22:07:51 -0400] "POST /xmlrpc.php HTTP/1.1" 200 0 "-" "python-httpx/0.22.0"
13.229.78.155 - - [01/Apr/2025:22:08:11 -0400] "POST /xmlrpc.php HTTP/1.1" 200 0 "-" "python-httpx/0.22.0"
34.19.85.195 - - [01/Apr/2025:22:08:54 -0400] "GET /product/vdo-naturalss-barnyard-noodles-pack-of-3175gm-each/ HTTP/1.1" 404 1251 "-" "Mozilla/5.0 (Macintosh; Intel Mac OS X 10.15; rv:109.0) Gecko/20100101 Firefox/116.0"
197.203.199.224 - - [01/Apr/2025:22:09:00 -0400] "GET /brand/girnar-ayurvedic-pharmacy-pvt-ltd/ HTTP/1.1" 404 1251 "-" "Mozilla/5.0 (Macintosh; Intel Mac OS X 10_15_7) AppleWebKit/537.36 (KHTML, like Gecko) Chrome/125.0.0.0 Safari/537.36"
13.229.78.155 - - [01/Apr/2025:22:08:31 -0400] "POST /xmlrpc.php HTTP/1.1" 200 0 "-" "python-httpx/0.22.0"
13.229.78.155 - - [01/Apr/2025:22:08:51 -0400] "POST /xmlrpc.php HTTP/1.1" 200 0 "-" "python-httpx/0.22.0"
13.229.78.155 - - [01/Apr/2025:22:09:11 -0400] "POST /xmlrpc.php HTTP/1.1" 200 0 "-" "python-httpx/0.22.0"
13.229.78.155 - - [01/Apr/2025:22:09:32 -0400] "POST /xmlrpc.php HTTP/1.1" 200 0 "-" "python-httpx/0.22.0"
13.229.78.155 - - [01/Apr/2025:22:09:52 -0400] "POST /xmlrpc.php HTTP/1.1" 200 0 "-" "python-httpx/0.22.0"
13.229.78.155 - - [01/Apr/2025:22:10:12 -0400] "POST /xmlrpc.php HTTP/1.1" 200 0 "-" "python-httpx/0.22.0"
13.229.78.155 - - [01/Apr/2025:22:10:32 -0400] "POST /xmlrpc.php HTTP/1.1" 200 0 "-" "python-httpx/0.22.0"
13.229.78.155 - - [01/Apr/2025:22:10:52 -0400] "POST /xmlrpc.php HTTP/1.1" 200 0 "-" "python-httpx/0.22.0"
198.54.114.83 - - [01/Apr/2025:22:11:32 -0400] "POST /wp-admin/admin-ajax.php?action=async_litespeed&nonce=TD2LcUFPynNi2sf7gLzWxYcfOkozQdMg&litespeed_type=imgoptm HTTP/1.1" 200 5 "-" "WordPress/6.7.2; https://theswadeshbazzar.com"
13.229.78.155 - - [01/Apr/2025:22:11:12 -0400] "POST /xmlrpc.php HTTP/1.1" 200 0 "-" "python-httpx/0.22.0"
212.8.248.108 - - [01/Apr/2025:22:12:09 -0400] "GET /how-to-select-a-portab</p> HTTP/1.1" 404 1251 "-" "Mozilla/5.0 (Windows NT 10.0; Win64; x64) AppleWebKit/537.36 (KHTML, like Gecko) Chrome/118.0.0.0 Safari/537.36"
13.229.78.155 - - [01/Apr/2025:22:11:32 -0400] "POST /xmlrpc.php HTTP/1.1" 200 0 "-" "python-httpx/0.22.0"
13.229.78.155 - - [01/Apr/2025:22:11:52 -0400] "POST /xmlrpc.php HTTP/1.1" 200 0 "-" "python-httpx/0.22.0"
13.229.78.155 - - [01/Apr/2025:22:12:12 -0400] "POST /xmlrpc.php HTTP/1.1" 200 0 "-" "python-httpx/0.22.0"
13.229.78.155 - - [01/Apr/2025:22:12:32 -0400] "POST /xmlrpc.php HTTP/1.1" 200 0 "-" "python-httpx/0.22.0"
13.229.78.155 - - [01/Apr/2025:22:12:52 -0400] "POST /xmlrpc.php HTTP/1.1" 200 0 "-" "python-httpx/0.22.0"
13.229.78.155 - - [01/Apr/2025:22:13:12 -0400] "POST /xmlrpc.php HTTP/1.1" 200 0 "-" "python-httpx/0.22.0"
13.229.78.155 - - [01/Apr/2025:22:13:32 -0400] "POST /xmlrpc.php HTTP/1.1" 200 0 "-" "python-httpx/0.22.0"
13.229.78.155 - - [01/Apr/2025:22:13:52 -0400] "POST /xmlrpc.php HTTP/1.1" 200 0 "-" "python-httpx/0.22.0"
198.54.114.83 - - [01/Apr/2025:22:14:38 -0400] "POST /wp-cron.php?doing_wp_cron=1743560078.4656500816345214843750 HTTP/1.1" 200 0 "-" "WordPress/6.7.2; https://theswadeshbazzar.com"
138.199.59.149 - - [01/Apr/2025:22:14:36 -0400] "POST /xmlrpc.php HTTP/1.1" 200 186 "https://theswadeshbazzar.com" "Mozilla/5.0 (Windows NT 6.1; Win64; x64; rv:94.0) Gecko/20100101 Firefox/94.0"
198.54.114.83 - - [01/Apr/2025:22:14:39 -0400] "POST /wp-admin/admin-ajax.php?action=async_litespeed&nonce=y64un8DZE8H0fHz2D2SBSANWFR28ZugI&litespeed_type=imgoptm HTTP/1.1" 200 5 "-" "WordPress/6.7.2; https://theswadeshbazzar.com"
13.229.78.155 - - [01/Apr/2025:22:14:12 -0400] "POST /xmlrpc.php HTTP/1.1" 200 0 "-" "python-httpx/0.22.0"
13.229.78.155 - - [01/Apr/2025:22:14:32 -0400] "POST /xmlrpc.php HTTP/1.1" 200 0 "-" "python-httpx/0.22.0"
240e:350:8003:6e73:4ecc:6ad1:c9f7:5ca9 - - [01/Apr/2025:22:15:14 -0400] "POST /wp-comments-post.php HTTP/1.1" 302 0 "-" "Mozilla/5.0 (Windows NT 10.0; Win64; x64) AppleWebKit/537.36 (KHTML, like Gecko) Chrome/108.0.0.0 Safari/537.36 Edg/108.0.1462.46"
240e:350:8003:6e73:4ecc:6ad1:c9f7:5ca9 - - [01/Apr/2025:22:15:16 -0400] "GET /sportosteopathie/?unapproved=42030&moderation-hash=1ce720980b25622792d74d64633cf2b6 HTTP/1.1" 404 1251 "-" "Mozilla/5.0 (Windows NT 10.0; Win64; x64) AppleWebKit/537.36 (KHTML, like Gecko) Chrome/108.0.0.0 Safari/537.36 Edg/108.0.1462.46"
13.229.78.155 - - [01/Apr/2025:22:14:52 -0400] "POST /xmlrpc.php HTTP/1.1" 200 0 "-" "python-httpx/0.22.0"
51.222.253.4 - - [01/Apr/2025:22:15:40 -0400] "GET /the-role-of-a-product-manager-in-todays-fast-paced-market/ HTTP/1.1" 404 1251 "-" "Mozilla/5.0 (compatible; AhrefsBot/7.0; +http://ahrefs.com/robot/)"
3.14.132.52 - - [01/Apr/2025:22:15:48 -0400] "GET /?p=2256 HTTP/1.1" 200 156077 "-" "Mozilla/5.0 AppleWebKit/537.36 (KHTML, like Gecko; compatible; ClaudeBot/1.0; +claudebot@anthropic.com)"
13.229.78.155 - - [01/Apr/2025:22:15:12 -0400] "POST /xmlrpc.php HTTP/1.1" 200 0 "-" "python-httpx/0.22.0"
13.229.78.155 - - [01/Apr/2025:22:15:32 -0400] "POST /xmlrpc.php HTTP/1.1" 200 0 "-" "python-httpx/0.22.0"
13.229.78.155 - - [01/Apr/2025:22:15:52 -0400] "POST /xmlrpc.php HTTP/1.1" 200 0 "-" "python-httpx/0.22.0"
13.229.78.155 - - [01/Apr/2025:22:16:12 -0400] "POST /xmlrpc.php HTTP/1.1" 200 0 "-" "python-httpx/0.22.0"
40.77.167.27 - - [01/Apr/2025:22:16:57 -0400] "GET /the-ultimate-guide-to-london-airport-taxis/feed/ HTTP/1.1" 404 1251 "-" "Mozilla/5.0 AppleWebKit/537.36 (KHTML, like Gecko; compatible; bingbot/2.0; +http://www.bing.com/bingbot.htm) Chrome/116.0.1938.76 Safari/537.36"
13.229.78.155 - - [01/Apr/2025:22:16:32 -0400] "POST /xmlrpc.php HTTP/1.1" 200 0 "-" "python-httpx/0.22.0"
13.229.78.155 - - [01/Apr/2025:22:16:53 -0400] "POST /xmlrpc.php HTTP/1.1" 200 0 "-" "python-httpx/0.22.0"
13.229.78.155 - - [01/Apr/2025:22:17:13 -0400] "POST /xmlrpc.php HTTP/1.1" 200 0 "-" "python-httpx/0.22.0"
13.229.78.155 - - [01/Apr/2025:22:17:33 -0400] "POST /xmlrpc.php HTTP/1.1" 200 0 "-" "python-httpx/0.22.0"
13.229.78.155 - - [01/Apr/2025:22:17:52 -0400] "POST /xmlrpc.php HTTP/1.1" 200 0 "-" "python-httpx/0.22.0"
13.229.78.155 - - [01/Apr/2025:22:18:12 -0400] "POST /xmlrpc.php HTTP/1.1" 200 0 "-" "python-httpx/0.22.0"
13.229.78.155 - - [01/Apr/2025:22:18:33 -0400] "POST /xmlrpc.php HTTP/1.1" 200 0 "-" "python-httpx/0.22.0"
51.222.253.16 - - [01/Apr/2025:22:19:18 -0400] "GET /rechtsanwalt-hattingen-ihr-partner-in-rechtlichen-angelegenheiten/ HTTP/1.1" 404 1251 "-" "Mozilla/5.0 (compatible; AhrefsBot/7.0; +http://ahrefs.com/robot/)"
13.229.78.155 - - [01/Apr/2025:22:18:53 -0400] "POST /xmlrpc.php HTTP/1.1" 200 0 "-" "python-httpx/0.22.0"
13.229.78.155 - - [01/Apr/2025:22:19:13 -0400] "POST /xmlrpc.php HTTP/1.1" 200 0 "-" "python-httpx/0.22.0"
13.229.78.155 - - [01/Apr/2025:22:19:33 -0400] "POST /xmlrpc.php HTTP/1.1" 200 0 "-" "python-httpx/0.22.0"
13.229.78.155 - - [01/Apr/2025:22:19:53 -0400] "POST /xmlrpc.php HTTP/1.1" 200 0 "-" "python-httpx/0.22.0"
13.229.78.155 - - [01/Apr/2025:22:20:13 -0400] "POST /xmlrpc.php HTTP/1.1" 200 0 "-" "python-httpx/0.22.0"
13.229.78.155 - - [01/Apr/2025:22:20:34 -0400] "POST /xmlrpc.php HTTP/1.1" 200 0 "-" "python-httpx/0.22.0"
51.222.253.5 - - [01/Apr/2025:22:21:00 -0400] "GET /laptop-keyboard-troubleshooting/ HTTP/1.1" 404 1251 "-" "Mozilla/5.0 (compatible; AhrefsBot/7.0; +http://ahrefs.com/robot/)"
34.169.31.233 - - [01/Apr/2025:22:21:15 -0400] "GET /best-spa-hotels-and-resorts-drive-away-your-blues-in-style/ HTTP/1.1" 404 1251 "-" "Mozilla/5.0 (Macintosh; Intel Mac OS X 10.15; rv:109.0) Gecko/20100101 Firefox/116.0"
51.222.253.8 - - [01/Apr/2025:22:22:41 -0400] "GET /weaving-stitches/ HTTP/1.1" 404 1251 "-" "Mozilla/5.0 (compatible; AhrefsBot/7.0; +http://ahrefs.com/robot/)"
51.222.253.3 - - [01/Apr/2025:22:24:16 -0400] "GET /kompetente-rechtsberatung-in-hattingen-fur-ihre-individuellen-bedurfnisse/ HTTP/1.1" 404 1251 "-" "Mozilla/5.0 (compatible; AhrefsBot/7.0; +http://ahrefs.com/robot/)"
51.222.253.6 - - [01/Apr/2025:22:25:49 -0400] "GET /efficient-strategies-for-workplace-management/ HTTP/1.1" 404 1251 "-" "Mozilla/5.0 (compatible; AhrefsBot/7.0; +http://ahrefs.com/robot/)"
58.254.68.93 - - [01/Apr/2025:22:26:05 -0400] "GET /caregiver-jobs-in-toronto/ HTTP/1.1" 404 1251 "https://theswadeshbazzar.com" "Mozilla/5.0 (Windows NT 10.0; Win64; x64) AppleWebKit/537.36 (KHTML, like Gecko) Chrome/62.0.3202.94 Safari/537.36"
58.254.68.93 - - [01/Apr/2025:22:26:12 -0400] "GET /caregiver-jobs-in-toronto/ HTTP/1.1" 404 1251 "https://theswadeshbazzar.com" "Mozilla/5.0 (Windows NT 10.0; Win64; x64) AppleWebKit/537.36 (KHTML, like Gecko) Chrome/62.0.3202.94 Safari/537.36"
54.222.210.249 - - [01/Apr/2025:22:26:23 -0400] "GET /wp-content/uploads/2023/01/How-to-Restart-iPhone-SE.jpeg HTTP/1.1" 200 140788 "-" "python-requests/2.29.0"
51.222.253.6 - - [01/Apr/2025:22:28:50 -0400] "GET /a-glimpse-of-elegance-exploring-the-sophia-regency-showflat/ HTTP/1.1" 404 1251 "-" "Mozilla/5.0 (compatible; AhrefsBot/7.0; +http://ahrefs.com/robot/)"
52.81.154.67 - - [01/Apr/2025:22:29:15 -0400] "GET /wp-content/uploads/2020/06/Floor-Cleaner-Lime-Fresh-300x300.jpeg HTTP/1.1" 404 1251 "-" "python-requests/2.29.0"
51.222.253.2 - - [01/Apr/2025:22:30:11 -0400] "GET /oasis-of-hope-fertility-clinics-in-dubai/ HTTP/1.1" 404 1251 "-" "Mozilla/5.0 (compatible; AhrefsBot/7.0; +http://ahrefs.com/robot/)"
51.222.253.15 - - [01/Apr/2025:22:31:36 -0400] "GET /why-carport-entryway-protection-is-an-unquestionable-requirement/ HTTP/1.1" 404 1251 "-" "Mozilla/5.0 (compatible; AhrefsBot/7.0; +http://ahrefs.com/robot/)"
198.54.114.83 - - [01/Apr/2025:22:31:38 -0400] "POST /wp-admin/admin-ajax.php?action=async_litespeed&nonce=hku0TFEp2auLdDaG80eoekQkc4Cfd1s0&litespeed_type=imgoptm HTTP/1.1" 200 5 "-" "WordPress/6.7.2; https://theswadeshbazzar.com"
91.84.98.204 - - [01/Apr/2025:22:31:51 -0400] "GET /cbd-for-anxiety-uk-what-you-need-to-know/ HTTP/1.1" 404 1251 "https://theswadeshbazzar.com/cbd-for-anxiety-uk-what-you-need-to-know/" "Mozilla/5.0 (Windows NT 10.0; Win64; x64) AppleWebKit/537.36 (KHTML, like Gecko) Chrome/131.0.0.0 Safari/537.36 Avast/131.0.0.0"
91.84.98.204 - - [01/Apr/2025:22:31:52 -0400] "GET / HTTP/1.1" 200 156077 "https://theswadeshbazzar.com/" "Mozilla/5.0 (Windows NT 10.0; Win64; x64) AppleWebKit/537.36 (KHTML, like Gecko) Chrome/131.0.0.0 Safari/537.36 Avast/131.0.0.0"
198.54.114.83 - - [01/Apr/2025:22:32:17 -0400] "POST /wp-admin/admin-ajax.php?action=async_litespeed&nonce=4iW0liMICjREtUCjhN90UIYa8K4fMYnr&litespeed_type=imgoptm HTTP/1.1" 200 5 "-" "WordPress/6.7.2; https://theswadeshbazzar.com"
109.172.87.122 - - [01/Apr/2025:22:32:37 -0400] "GET /cbd-for-anxiety-uk-what-you-need-to-know/ HTTP/1.1" 404 1251 "https://theswadeshbazzar.com/cbd-for-anxiety-uk-what-you-need-to-know/" "Mozilla/5.0 (Windows NT 10.0; Win64; x64) AppleWebKit/537.36 (KHTML, like Gecko) Chrome/130.0.0.0 Safari/537.36 CCleaner/130.0.0.0"
109.172.87.122 - - [01/Apr/2025:22:32:37 -0400] "GET / HTTP/1.1" 200 156077 "https://theswadeshbazzar.com/" "Mozilla/5.0 (Windows NT 10.0; Win64; x64) AppleWebKit/537.36 (KHTML, like Gecko) Chrome/130.0.0.0 Safari/537.36 CCleaner/130.0.0.0"
51.222.253.17 - - [01/Apr/2025:22:32:55 -0400] "GET /gitarre-spielen-lernen-der-weg-zur-musikalischen-entfaltung/ HTTP/1.1" 404 1251 "-" "Mozilla/5.0 (compatible; AhrefsBot/7.0; +http://ahrefs.com/robot/)"
198.54.114.83 - - [01/Apr/2025:22:33:35 -0400] "POST /wp-admin/admin-ajax.php?action=async_litespeed&nonce=yxxRli02E4jfwqKgvmOx4XeiUqAlKJ4w&litespeed_type=imgoptm HTTP/1.1" 200 5 "-" "WordPress/6.7.2; https://theswadeshbazzar.com"
34.145.20.211 - - [01/Apr/2025:22:33:45 -0400] "GET /contextual-analysis-figuring-in-beginning-showcasing-and-deals-expenses-for-another-robotized-truck-wash/ HTTP/1.1" 404 1251 "-" "Mozilla/5.0 (Macintosh; Intel Mac OS X 10.15; rv:109.0) Gecko/20100101 Firefox/116.0"
51.222.253.13 - - [01/Apr/2025:22:34:16 -0400] "GET /a-glimpse-into-luxury-exploring-the-arden-showflat/ HTTP/1.1" 404 1251 "-" "Mozilla/5.0 (compatible; AhrefsBot/7.0; +http://ahrefs.com/robot/)"
198.54.114.83 - - [01/Apr/2025:22:34:32 -0400] "POST /wp-admin/admin-ajax.php?action=async_litespeed&nonce=Vhd5gwla54tgrzaSKp6Fr7MGBuOBbLEp&litespeed_type=imgoptm HTTP/1.1" 200 0 "-" "WordPress/6.7.2; https://theswadeshbazzar.com"
87.242.90.180 - - [01/Apr/2025:22:34:51 -0400] "GET /wp-content/uploads/thumbs_dir/3-1-ox1qbrnua7cac7wwow40rx2q6j0yn99jye2x7zyed0.png HTTP/1.1" 404 1251 "-" "Mozilla/5.0 (Windows NT 10.0; Win64; x64) AppleWebKit/537.36 (KHTML, like Gecko) Chrome/120.0.0.0 Safari/537.36"
66.249.75.170 - - [01/Apr/2025:22:34:59 -0400] "GET /best-spa-hotels-and-resorts-drive-away-your-blues-in-style/ HTTP/1.1" 404 1251 "-" "Mozilla/5.0 (Linux; Android 6.0.1; Nexus 5X Build/MMB29P) AppleWebKit/537.36 (KHTML, like Gecko) Chrome/134.0.6998.165 Mobile Safari/537.36 (compatible; Googlebot/2.1; +http://www.google.com/bot.html)"
51.222.253.4 - - [01/Apr/2025:22:35:27 -0400] "GET /unveiling-the-splendor-terrahill-showflat/ HTTP/1.1" 404 1251 "-" "Mozilla/5.0 (compatible; AhrefsBot/7.0; +http://ahrefs.com/robot/)"
198.54.114.83 - - [01/Apr/2025:22:35:31 -0400] "POST /wp-admin/admin-ajax.php?action=async_litespeed&nonce=79wsfKlRvkwddIXKewECofvkPlISWvaR&litespeed_type=imgoptm HTTP/1.1" 200 5 "-" "WordPress/6.7.2; https://theswadeshbazzar.com"
51.222.253.5 - - [01/Apr/2025:22:36:35 -0400] "GET /find-out-about-an-electric-chimney-warmer/ HTTP/1.1" 404 1251 "-" "Mozilla/5.0 (compatible; AhrefsBot/7.0; +http://ahrefs.com/robot/)"
45.83.145.52 - - [01/Apr/2025:22:37:22 -0400] "GET /caregiver-jobs-in-toronto/ HTTP/1.1" 404 1251 "-" "Mozilla/5.0 (Windows NT 10.0; Win64; x64; rv:114.0) Gecko/20100101 Firefox/114.0"
45.83.145.52 - - [01/Apr/2025:22:37:23 -0400] "GET / HTTP/1.1" 200 156077 "-" "Mozilla/5.0 (Windows NT 10.0; Win64; x64; rv:114.0) Gecko/20100101 Firefox/114.0"
45.83.145.52 - - [01/Apr/2025:22:37:26 -0400] "GET /dp/B0D3RN5W37?ref=MarsFS_VICC_blinksqm HTTP/1.1" 404 1251 "https://theswadeshbazzar.com" "Mozilla/5.0 (Windows NT 10.0; Win64; x64; rv:114.0) Gecko/20100101 Firefox/114.0"
45.83.145.52 - - [01/Apr/2025:22:37:27 -0400] "GET / HTTP/1.1" 200 156077 "https://theswadeshbazzar.com" "Mozilla/5.0 (Windows NT 10.0; Win64; x64; rv:114.0) Gecko/20100101 Firefox/114.0"
198.54.114.83 - - [01/Apr/2025:22:37:32 -0400] "POST /wp-admin/admin-ajax.php?action=async_litespeed&nonce=xNNtVXRiDyKx5apA4Ksq5fn0kk6yBqyl&litespeed_type=imgoptm HTTP/1.1" 200 5 "-" "WordPress/6.7.2; https://theswadeshbazzar.com"
18.188.195.92 - - [01/Apr/2025:22:37:39 -0400] "GET /robots.txt HTTP/1.1" 304 0 "-" "Mozilla/5.0 AppleWebKit/537.36 (KHTML, like Gecko; compatible; ClaudeBot/1.0; +claudebot@anthropic.com)"
51.222.253.6 - - [01/Apr/2025:22:37:39 -0400] "GET /laptop-fan-maintenance/ HTTP/1.1" 404 1251 "-" "Mozilla/5.0 (compatible; AhrefsBot/7.0; +http://ahrefs.com/robot/)"
18.188.195.92 - - [01/Apr/2025:22:37:40 -0400] "GET /exploring-the-kassia-showflat HTTP/1.1" 404 1251 "-" "Mozilla/5.0 AppleWebKit/537.36 (KHTML, like Gecko; compatible; ClaudeBot/1.0; +claudebot@anthropic.com)"
51.222.253.7 - - [01/Apr/2025:22:38:47 -0400] "GET /a-tour-of-the-botany-showflat/ HTTP/1.1" 404 1251 "-" "Mozilla/5.0 (compatible; AhrefsBot/7.0; +http://ahrefs.com/robot/)"
51.222.253.18 - - [01/Apr/2025:22:39:48 -0400] "GET /fine-pitch-led-display/ HTTP/1.1" 404 1251 "-" "Mozilla/5.0 (compatible; AhrefsBot/7.0; +http://ahrefs.com/robot/)"
51.222.253.8 - - [01/Apr/2025:22:40:53 -0400] "GET /precision-engineering-excellence-choosing-the-right-cnc-machining-parts-supplier/ HTTP/1.1" 404 1251 "-" "Mozilla/5.0 (compatible; AhrefsBot/7.0; +http://ahrefs.com/robot/)"
51.222.253.10 - - [01/Apr/2025:22:41:56 -0400] "GET /quality-and-variety-of-extracts/ HTTP/1.1" 404 1251 "-" "Mozilla/5.0 (compatible; AhrefsBot/7.0; +http://ahrefs.com/robot/)"
51.222.253.5 - - [01/Apr/2025:22:43:10 -0400] "GET /relaxation-and-wellbeing-during-a-business-trip/ HTTP/1.1" 404 1251 "-" "Mozilla/5.0 (compatible; AhrefsBot/7.0; +http://ahrefs.com/robot/)"
51.222.253.2 - - [01/Apr/2025:22:44:28 -0400] "GET /the-healing-power-of-massage-therapy/ HTTP/1.1" 404 1251 "-" "Mozilla/5.0 (compatible; AhrefsBot/7.0; +http://ahrefs.com/robot/)"
139.59.100.51 - - [01/Apr/2025:22:44:31 -0400] "GET /wp-content/plugins/WordPressCore/include.php HTTP/1.1" 404 1251 "-" "Mozlila/5.0 (Linux; Android 7.0; SM-G892A Build/NRD90M; wv) AppleWebKit/537.36 (KHTML, like Gecko) Version/4.0 Chrome/60.0.3112.107 Mobile Safari/537.36"
139.59.100.51 - - [01/Apr/2025:22:44:31 -0400] "GET /wp-content/plugins/WordPressCore/include.php HTTP/1.1" 404 1251 "-" "Mozlila/5.0 (Linux; Android 7.0; SM-G892A Build/NRD90M; wv) AppleWebKit/537.36 (KHTML, like Gecko) Version/4.0 Chrome/60.0.3112.107 Mobile Safari/537.36"
139.59.100.51 - - [01/Apr/2025:22:44:57 -0400] "GET /wp-content/themes/include.php HTTP/1.1" 404 1251 "-" "Mozlila/5.0 (Linux; Android 7.0; SM-G892A Build/NRD90M; wv) AppleWebKit/537.36 (KHTML, like Gecko) Version/4.0 Chrome/60.0.3112.107 Mobile Safari/537.36"
139.59.100.51 - - [01/Apr/2025:22:44:58 -0400] "GET /wp-content/themes/include.php HTTP/1.1" 404 1251 "-" "Mozlila/5.0 (Linux; Android 7.0; SM-G892A Build/NRD90M; wv) AppleWebKit/537.36 (KHTML, like Gecko) Version/4.0 Chrome/60.0.3112.107 Mobile Safari/537.36"
139.59.100.51 - - [01/Apr/2025:22:45:09 -0400] "GET /wp-content/plugins/include.php HTTP/1.1" 404 1251 "-" "Mozlila/5.0 (Linux; Android 7.0; SM-G892A Build/NRD90M; wv) AppleWebKit/537.36 (KHTML, like Gecko) Version/4.0 Chrome/60.0.3112.107 Mobile Safari/537.36"
139.59.100.51 - - [01/Apr/2025:22:45:11 -0400] "GET /wp-content/plugins/include.php HTTP/1.1" 404 1251 "-" "Mozlila/5.0 (Linux; Android 7.0; SM-G892A Build/NRD90M; wv) AppleWebKit/537.36 (KHTML, like Gecko) Version/4.0 Chrome/60.0.3112.107 Mobile Safari/537.36"
51.222.253.8 - - [01/Apr/2025:22:45:37 -0400] "GET /great-savings-with-culture-gift-certificate-discounts/ HTTP/1.1" 404 1251 "-" "Mozilla/5.0 (compatible; AhrefsBot/7.0; +http://ahrefs.com/robot/)"
85.208.98.22 - - [01/Apr/2025:22:46:45 -0400] "GET /3p4jr7u/sydney-high-school-catchment.html HTTP/1.1" 404 1251 "-" "Mozilla/5.0 (compatible; SemrushBot-BA; +http://www.semrush.com/bot.html)"
139.59.100.51 - - [01/Apr/2025:22:46:48 -0400] "GET /wp-content/plugins/core-plugin/include.php HTTP/1.1" 404 1251 "-" "Mozlila/5.0 (Linux; Android 7.0; SM-G892A Build/NRD90M; wv) AppleWebKit/537.36 (KHTML, like Gecko) Version/4.0 Chrome/60.0.3112.107 Mobile Safari/537.36"
139.59.100.51 - - [01/Apr/2025:22:46:50 -0400] "GET /wp-content/plugins/core-plugin/include.php HTTP/1.1" 404 1251 "-" "Mozlila/5.0 (Linux; Android 7.0; SM-G892A Build/NRD90M; wv) AppleWebKit/537.36 (KHTML, like Gecko) Version/4.0 Chrome/60.0.3112.107 Mobile Safari/537.36"
51.222.253.18 - - [01/Apr/2025:22:46:50 -0400] "GET /how-to-set-up-voicemail-on-iphone/ HTTP/1.1" 404 1251 "-" "Mozilla/5.0 (compatible; AhrefsBot/7.0; +http://ahrefs.com/robot/)"
51.222.253.6 - - [01/Apr/2025:22:47:59 -0400] "GET /relaxing-touch-for-a-productive-business-trip/ HTTP/1.1" 404 1251 "-" "Mozilla/5.0 (compatible; AhrefsBot/7.0; +http://ahrefs.com/robot/)"
3.144.253.150 - - [01/Apr/2025:22:48:01 -0400] "GET /the-role-of-speech-therapy-in-dubai HTTP/1.1" 404 1251 "-" "Mozilla/5.0 AppleWebKit/537.36 (KHTML, like Gecko; compatible; ClaudeBot/1.0; +claudebot@anthropic.com)"
139.59.100.51 - - [01/Apr/2025:22:48:18 -0400] "GET /wp-includes/images/include.php HTTP/1.1" 404 1251 "-" "Mozlila/5.0 (Linux; Android 7.0; SM-G892A Build/NRD90M; wv) AppleWebKit/537.36 (KHTML, like Gecko) Version/4.0 Chrome/60.0.3112.107 Mobile Safari/537.36"
139.59.100.51 - - [01/Apr/2025:22:48:19 -0400] "GET /wp-includes/images/include.php HTTP/1.1" 404 1251 "-" "Mozlila/5.0 (Linux; Android 7.0; SM-G892A Build/NRD90M; wv) AppleWebKit/537.36 (KHTML, like Gecko) Version/4.0 Chrome/60.0.3112.107 Mobile Safari/537.36"
139.59.100.51 - - [01/Apr/2025:22:49:05 -0400] "GET /wp-includes/widgets/include.php HTTP/1.1" 404 1251 "-" "Mozlila/5.0 (Linux; Android 7.0; SM-G892A Build/NRD90M; wv) AppleWebKit/537.36 (KHTML, like Gecko) Version/4.0 Chrome/60.0.3112.107 Mobile Safari/537.36"
139.59.100.51 - - [01/Apr/2025:22:49:05 -0400] "GET /wp-includes/widgets/include.php HTTP/1.1" 404 1251 "-" "Mozlila/5.0 (Linux; Android 7.0; SM-G892A Build/NRD90M; wv) AppleWebKit/537.36 (KHTML, like Gecko) Version/4.0 Chrome/60.0.3112.107 Mobile Safari/537.36"
51.222.253.18 - - [01/Apr/2025:22:49:08 -0400] "GET /how-to-name-iphone-recordings-after-your-location/ HTTP/1.1" 404 1251 "-" "Mozilla/5.0 (compatible; AhrefsBot/7.0; +http://ahrefs.com/robot/)"
51.222.253.12 - - [01/Apr/2025:22:50:20 -0400] "GET /showcasing-a-help-instead-of-an-item/ HTTP/1.1" 404 1251 "-" "Mozilla/5.0 (compatible; AhrefsBot/7.0; +http://ahrefs.com/robot/)"
51.222.253.16 - - [01/Apr/2025:22:51:30 -0400] "GET /discovering-one-bernam-showflat-a-glimpse-into-urban-luxury/ HTTP/1.1" 404 1251 "-" "Mozilla/5.0 (compatible; AhrefsBot/7.0; +http://ahrefs.com/robot/)"
185.157.212.157 - - [01/Apr/2025:22:52:27 -0400] "GET /cbd-for-anxiety-uk-what-you-need-to-know/ HTTP/1.1" 404 1251 "https://theswadeshbazzar.com/cbd-for-anxiety-uk-what-you-need-to-know/" "Mozilla/5.0 (Windows NT 10.0; Win64; x64) AppleWebKit/537.36 (KHTML, like Gecko) Chrome/131.0.0.0 Safari/537.36 Avast/131.0.0.0"
185.157.212.157 - - [01/Apr/2025:22:52:28 -0400] "GET / HTTP/1.1" 200 156077 "https://theswadeshbazzar.com/" "Mozilla/5.0 (Windows NT 10.0; Win64; x64) AppleWebKit/537.36 (KHTML, like Gecko) Chrome/131.0.0.0 Safari/537.36 Avast/131.0.0.0"
51.222.253.9 - - [01/Apr/2025:22:52:45 -0400] "GET /top-roofing-contractors-in-portland-your-ultimate-guide/ HTTP/1.1" 404 1251 "-" "Mozilla/5.0 (compatible; AhrefsBot/7.0; +http://ahrefs.com/robot/)"
87.242.123.219 - - [01/Apr/2025:22:53:57 -0400] "GET /wp-content/uploads/thumbs_dir/Varhadi-Techa-oscm5mh3yggllsl4r5ugn90rv6hh323tb3j1mfrje0.jpeg HTTP/1.1" 404 1251 "-" "Mozilla/5.0 (Windows NT 10.0; Win64; x64) AppleWebKit/537.36 (KHTML, like Gecko) Chrome/120.0.0.0 Safari/537.36"
51.222.253.6 - - [01/Apr/2025:22:53:59 -0400] "GET /packs-et-etuis-professionnels/feed/ HTTP/1.1" 404 1251 "-" "Mozilla/5.0 (compatible; AhrefsBot/7.0; +http://ahrefs.com/robot/)"
51.222.253.1 - - [01/Apr/2025:22:54:59 -0400] "GET /lhistorique-des-carreaux-de-mosaique/feed/ HTTP/1.1" 404 1251 "-" "Mozilla/5.0 (compatible; AhrefsBot/7.0; +http://ahrefs.com/robot/)"
51.222.253.7 - - [01/Apr/2025:22:56:02 -0400] "GET /dental-consideration-paying-tips-and-ideas/feed/ HTTP/1.1" 404 1251 "-" "Mozilla/5.0 (compatible; AhrefsBot/7.0; +http://ahrefs.com/robot/)"
51.222.253.10 - - [01/Apr/2025:22:57:01 -0400] "GET /dormant-and-dynamic-realtors-in-ontario-who-park-their-permit-made-sense-of/ HTTP/1.1" 404 1251 "-" "Mozilla/5.0 (compatible; AhrefsBot/7.0; +http://ahrefs.com/robot/)"
51.222.253.18 - - [01/Apr/2025:22:58:14 -0400] "GET /packs-et-etuis-professionnels/ HTTP/1.1" 404 1251 "-" "Mozilla/5.0 (compatible; AhrefsBot/7.0; +http://ahrefs.com/robot/)"
51.222.253.6 - - [01/Apr/2025:22:59:27 -0400] "GET /online-gambling-clubs-contrasted-with-physical-club/ HTTP/1.1" 404 1251 "-" "Mozilla/5.0 (compatible; AhrefsBot/7.0; +http://ahrefs.com/robot/)"
93.183.93.19 - - [01/Apr/2025:23:00:05 -0400] "GET /cbd-for-anxiety-uk-what-you-need-to-know/ HTTP/1.1" 404 1251 "https://theswadeshbazzar.com/cbd-for-anxiety-uk-what-you-need-to-know/" "Mozilla/5.0 (Windows NT 10.0; Win64; x64) AppleWebKit/537.36 (KHTML, like Gecko) Chrome/130.0.0.0 Safari/537.36 CCleaner/130.0.0.0"
93.183.93.19 - - [01/Apr/2025:23:00:06 -0400] "GET /cbd-for-anxiety-uk-what-you-need-to-know/ HTTP/1.1" 404 1251 "https://theswadeshbazzar.com/cbd-for-anxiety-uk-what-you-need-to-know/" "Mozilla/5.0 (Windows NT 10.0; Win64; x64) AppleWebKit/537.36 (KHTML, like Gecko) Chrome/129.0.0.0 Safari/537.36"
93.183.93.19 - - [01/Apr/2025:23:00:06 -0400] "GET / HTTP/1.1" 200 156077 "https://theswadeshbazzar.com/" "Mozilla/5.0 (Windows NT 10.0; Win64; x64) AppleWebKit/537.36 (KHTML, like Gecko) Chrome/130.0.0.0 Safari/537.36 CCleaner/130.0.0.0"
93.183.93.19 - - [01/Apr/2025:23:00:08 -0400] "GET / HTTP/1.1" 200 156077 "https://theswadeshbazzar.com/" "Mozilla/5.0 (Windows NT 10.0; Win64; x64) AppleWebKit/537.36 (KHTML, like Gecko) Chrome/129.0.0.0 Safari/537.36"
51.222.253.16 - - [01/Apr/2025:23:00:35 -0400] "GET /the-benefits-of-purchasing-gift-certificates-for-any-occasion/ HTTP/1.1" 404 1251 "-" "Mozilla/5.0 (compatible; AhrefsBot/7.0; +http://ahrefs.com/robot/)"
51.222.253.11 - - [01/Apr/2025:23:01:50 -0400] "GET /how-to-turn-iphone-photos-into-pdf/feed/ HTTP/1.1" 404 1251 "-" "Mozilla/5.0 (compatible; AhrefsBot/7.0; +http://ahrefs.com/robot/)"
4.227.36.15 - - [01/Apr/2025:23:02:37 -0400] "GET /robots.txt HTTP/1.1" 200 23 "-" "Mozilla/5.0 AppleWebKit/537.36 (KHTML, like Gecko; compatible; GPTBot/1.2; +https://openai.com/gptbot)"
51.222.253.4 - - [01/Apr/2025:23:02:59 -0400] "GET /les-accessoires-incontournables-pour-les-femmes-modernes/feed/ HTTP/1.1" 404 1251 "-" "Mozilla/5.0 (compatible; AhrefsBot/7.0; +http://ahrefs.com/robot/)"
51.222.253.5 - - [01/Apr/2025:23:04:16 -0400] "GET /jobst-compression-socks-a-trusted-name-in-compression-wear/feed/ HTTP/1.1" 404 1251 "-" "Mozilla/5.0 (compatible; AhrefsBot/7.0; +http://ahrefs.com/robot/)"
51.222.253.15 - - [01/Apr/2025:23:05:24 -0400] "GET /category/activity/page/30/ HTTP/1.1" 404 1251 "-" "Mozilla/5.0 (compatible; AhrefsBot/7.0; +http://ahrefs.com/robot/)"
51.222.253.5 - - [01/Apr/2025:23:06:45 -0400] "GET /the-convenience-of-an-online-cultural-gift-certificate/ HTTP/1.1" 404 1251 "-" "Mozilla/5.0 (compatible; AhrefsBot/7.0; +http://ahrefs.com/robot/)"
51.222.253.18 - - [01/Apr/2025:23:07:59 -0400] "GET /the-evolution-of-mobile-game-downloads-a-glimpse-into-2024/feed/ HTTP/1.1" 404 1251 "-" "Mozilla/5.0 (compatible; AhrefsBot/7.0; +http://ahrefs.com/robot/)"
51.222.253.2 - - [01/Apr/2025:23:09:00 -0400] "GET /taking-a-land-effective-money-management-program-as-opposed-to-instructing-yourself/ HTTP/1.1" 404 1251 "-" "Mozilla/5.0 (compatible; AhrefsBot/7.0; +http://ahrefs.com/robot/)"
51.222.253.3 - - [01/Apr/2025:23:10:00 -0400] "GET /revolutionizing-efficiency-the-insulation-cutting-machine/ HTTP/1.1" 404 1251 "-" "Mozilla/5.0 (compatible; AhrefsBot/7.0; +http://ahrefs.com/robot/)"
151.106.162.202 - - [01/Apr/2025:23:10:30 -0400] "GET /wp-content/uploads/thumbs_dir/WhatsApp-Image-2021-04-06-at-12.13.31-PM-p5b1c4nkhk252pw9o2zckleghv874xd0nf6ijuo3o8.jpeg HTTP/1.1" 404 1251 "-" "Mozilla/5.0 (X11; Ubuntu; Linux x86_64; rv:72.0) Gecko/20100101 Firefox/72.0"
151.106.162.202 - - [01/Apr/2025:23:10:30 -0400] "GET /wp-content/uploads/thumbs_dir/WhatsApp-Image-2021-04-06-at-12.13.31-PM-p5b1c4nkhk252pw9o2zckleghv874xd0nf6ijuo3o8.jpeg HTTP/1.1" 404 1251 "-" "Mozilla/5.0 (X11; Ubuntu; Linux x86_64; rv:72.0) Gecko/20100101 Firefox/72.0"
151.106.162.202 - - [01/Apr/2025:23:10:31 -0400] "GET /wp-content/uploads/thumbs_dir/WhatsApp-Image-2021-04-06-at-12.13.31-PM-p5b1c4nkhk252pw9o2zckleghv874xd0nf6ijuo3o8.jpeg HTTP/1.1" 404 1251 "-" "Mozilla/5.0 (X11; Ubuntu; Linux x86_64; rv:72.0) Gecko/20100101 Firefox/72.0"
66.249.75.160 - - [01/Apr/2025:23:10:59 -0400] "GET /the-top-lawyers-in-canada/ HTTP/1.1" 404 1251 "-" "Mozilla/5.0 (Linux; Android 6.0.1; Nexus 5X Build/MMB29P) AppleWebKit/537.36 (KHTML, like Gecko) Chrome/134.0.6998.165 Mobile Safari/537.36 (compatible; Googlebot/2.1; +http://www.google.com/bot.html)"
51.222.253.15 - - [01/Apr/2025:23:11:04 -0400] "GET /unveiling-the-versatility-of-polyva-a-multifaceted-wonder-in-modern-applications/ HTTP/1.1" 404 1251 "-" "Mozilla/5.0 (compatible; AhrefsBot/7.0; +http://ahrefs.com/robot/)"
