195.2.75.216 - - [30/Mar/2025:08:53:19 -0400] "GET /best-auto-detailing-products/ HTTP/1.1" 404 1251 "https://theswadeshbazzar.com/best-auto-detailing-products/" "Mozilla/5.0 (Windows NT 10.0; Win64; x64) AppleWebKit/537.36 (KHTML, like Gecko) Chrome/129.0.0.0 Safari/537.36"
195.2.75.216 - - [30/Mar/2025:08:53:20 -0400] "GET / HTTP/1.1" 200 156077 "https://theswadeshbazzar.com/" "Mozilla/5.0 (Windows NT 10.0; Win64; x64) AppleWebKit/537.36 (KHTML, like Gecko) Chrome/129.0.0.0 Safari/537.36"
109.172.87.122 - - [30/Mar/2025:08:53:22 -0400] "GET /cbd-for-anxiety-uk-what-you-need-to-know/ HTTP/1.1" 404 1251 "https://theswadeshbazzar.com/cbd-for-anxiety-uk-what-you-need-to-know/" "Mozilla/5.0 (Windows NT 10.0; Win64; x64) AppleWebKit/537.36 (KHTML, like Gecko) Chrome/129.0.0.0 Safari/537.36"
109.172.87.122 - - [30/Mar/2025:08:53:23 -0400] "GET / HTTP/1.1" 200 156077 "https://theswadeshbazzar.com/" "Mozilla/5.0 (Windows NT 10.0; Win64; x64) AppleWebKit/537.36 (KHTML, like Gecko) Chrome/129.0.0.0 Safari/537.36"
111.225.149.26 - - [30/Mar/2025:08:56:12 -0400] "GET /dp/B091G668JP?ref=MarsFS_eero_en HTTP/1.1" 404 1251 "-" "Mozilla/5.0 (Linux; Android 5.0) AppleWebKit/537.36 (KHTML, like Gecko) Mobile Safari/537.36 (compatible; Bytespider; https://zhanzhang.toutiao.com/)"
111.225.148.154 - - [30/Mar/2025:08:58:58 -0400] "GET /dp/B09BS5XWNS?ref=MarsFS_KINDLE_br HTTP/1.1" 404 1251 "-" "Mozilla/5.0 (Linux; Android 5.0) AppleWebKit/537.36 (KHTML, like Gecko) Mobile Safari/537.36 (compatible; Bytespider; https://zhanzhang.toutiao.com/)"
212.8.248.108 - - [30/Mar/2025:09:03:57 -0400] "GET /how-to-find-an-english-speaking-lawyer-madrid HTTP/1.1" 404 1251 "-" "Mozilla/5.0 (Windows NT 10.0; Win64; x64) AppleWebKit/537.36 (KHTML, like Gecko) Chrome/118.0.0.0 Safari/537.36"
66.249.74.167 - - [30/Mar/2025:09:05:08 -0400] "GET /plongez-dans-lunivers-infini-dun-serveur-minecraft/ HTTP/1.1" 404 1251 "-" "Mozilla/5.0 (Linux; Android 6.0.1; Nexus 5X Build/MMB29P) AppleWebKit/537.36 (KHTML, like Gecko) Chrome/134.0.6998.165 Mobile Safari/537.36 (compatible; Googlebot/2.1; +http://www.google.com/bot.html)"
66.249.74.168 - - [30/Mar/2025:09:05:08 -0400] "GET /robots.txt HTTP/1.1" 304 0 "-" "Mozilla/5.0 (compatible; Googlebot/2.1; +http://www.google.com/bot.html)"
198.54.114.83 - - [30/Mar/2025:09:15:05 -0400] "POST /wp-admin/admin-ajax.php?action=async_litespeed&nonce=rUcUQWFbCj3Pb5HgH6YaguePZ9FnlgGv&litespeed_type=imgoptm HTTP/1.1" 200 0 "-" "WordPress/6.7.2; https://theswadeshbazzar.com"
198.54.114.83 - - [30/Mar/2025:09:28:15 -0400] "POST /wp-admin/admin-ajax.php?action=async_litespeed&nonce=soUbQbPNJLdq5T2ZSrmhbZTj3oNIgZC8&litespeed_type=imgoptm HTTP/1.1" 200 0 "-" "WordPress/6.7.2; https://theswadeshbazzar.com"
80.64.30.32 - - [30/Mar/2025:09:28:16 -0400] "GET /wp-login.php?wp_lang=en_US HTTP/1.1" 200 1886 "http://theswadeshbazzar.com/wp-login.php" "Mozilla/5.0 (Windows NT 10.0; Win64; x64) AppleWebKit/537.36 (KHTML, like Gecko) Chrome/134.0.0.0 Safari/537.36"
80.64.30.32 - - [30/Mar/2025:09:28:22 -0400] "POST /wp-login.php?wp_lang=en_US HTTP/1.1" 200 0 "http://theswadeshbazzar.com/wp-login.php" "Mozilla/5.0 (Windows NT 10.0; Win64; x64) AppleWebKit/537.36 (KHTML, like Gecko) Chrome/134.0.0.0 Safari/537.36"
198.54.114.83 - - [30/Mar/2025:09:29:31 -0400] "POST /wp-cron.php?doing_wp_cron=1743341371.5786800384521484375000 HTTP/1.1" 200 0 "-" "WordPress/6.7.2; https://theswadeshbazzar.com"
5.101.2.221 - - [30/Mar/2025:09:29:31 -0400] "POST /wp-login.php?wp_lang=en_US HTTP/1.1" 200 2012 "http://theswadeshbazzar.com/wp-login.php" "Mozilla/5.0 (Windows NT 10.0; Win64; x64) AppleWebKit/537.36 (KHTML, like Gecko) Chrome/134.0.0.0 Safari/537.36"
198.54.114.83 - - [30/Mar/2025:09:29:31 -0400] "POST /wp-admin/admin-ajax.php?action=async_litespeed&nonce=1jWmrBb5KYxISgTzM2vwc9zsfUiiSdR2&litespeed_type=imgoptm HTTP/1.1" 200 5 "-" "WordPress/6.7.2; https://theswadeshbazzar.com"
198.54.114.83 - - [30/Mar/2025:09:29:38 -0400] "POST /wp-cron.php?doing_wp_cron=1743341378.5615320205688476562500 HTTP/1.1" 200 0 "-" "WordPress/6.7.2; https://theswadeshbazzar.com"
117.212.61.74 - - [30/Mar/2025:09:29:38 -0400] "POST /wp-login.php?wp_lang=en_US HTTP/1.1" 200 2012 "http://theswadeshbazzar.com/wp-login.php" "Mozilla/5.0 (Windows NT 10.0; Win64; x64) AppleWebKit/537.36 (KHTML, like Gecko) Chrome/134.0.0.0 Safari/537.36"
198.54.114.83 - - [30/Mar/2025:09:29:38 -0400] "POST /wp-admin/admin-ajax.php?action=async_litespeed&nonce=cfzmzLx6WpG8fEjd40cXuJOisRJh3eWQ&litespeed_type=imgoptm HTTP/1.1" 200 5 "-" "WordPress/6.7.2; https://theswadeshbazzar.com"
59.184.134.12 - - [30/Mar/2025:09:29:41 -0400] "POST /wp-login.php?wp_lang=en_US HTTP/1.1" 200 2012 "http://theswadeshbazzar.com/wp-login.php" "Mozilla/5.0 (Windows NT 10.0; Win64; x64) AppleWebKit/537.36 (KHTML, like Gecko) Chrome/134.0.0.0 Safari/537.36"
80.64.30.32 - - [30/Mar/2025:09:29:42 -0400] "GET /wp-login.php?wp_lang=en_US HTTP/1.1" 200 1886 "https://theswadeshbazzar.com/wp-login.php" "Mozilla/5.0 (Windows NT 10.0; Win64; x64) AppleWebKit/537.36 (KHTML, like Gecko) Chrome/134.0.0.0 Safari/537.36"
80.64.30.32 - - [30/Mar/2025:09:29:48 -0400] "POST /wp-login.php?wp_lang=en_US HTTP/1.1" 200 0 "https://theswadeshbazzar.com/wp-login.php" "Mozilla/5.0 (Windows NT 10.0; Win64; x64) AppleWebKit/537.36 (KHTML, like Gecko) Chrome/134.0.0.0 Safari/537.36"
178.70.30.80 - - [30/Mar/2025:09:30:33 -0400] "POST /wp-login.php?wp_lang=en_US HTTP/1.1" 200 2013 "https://theswadeshbazzar.com/wp-login.php" "Mozilla/5.0 (Windows NT 10.0; Win64; x64) AppleWebKit/537.36 (KHTML, like Gecko) Chrome/134.0.0.0 Safari/537.36"
80.64.30.32 - - [30/Mar/2025:09:30:34 -0400] "GET /xmlrpc.php HTTP/1.1" 405 46 "https://theswadeshbazzar.com/xmlrpc.php" "Mozilla/5.0 (Windows NT 10.0; Win64; x64) AppleWebKit/537.36 (KHTML, like Gecko) Chrome/134.0.0.0 Safari/537.36"
80.64.30.32 - - [30/Mar/2025:09:30:40 -0400] "POST /xmlrpc.php HTTP/1.1" 200 0 "https://theswadeshbazzar.com/xmlrpc.php" "Mozilla/5.0 (Windows NT 10.0; Win64; x64) AppleWebKit/537.36 (KHTML, like Gecko) Chrome/134.0.0.0 Safari/537.36"
198.54.114.83 - - [30/Mar/2025:09:31:15 -0400] "POST /wp-cron.php?doing_wp_cron=1743341474.9702939987182617187500 HTTP/1.1" 200 0 "-" "WordPress/6.7.2; https://theswadeshbazzar.com"
66.181.46.4 - - [30/Mar/2025:09:31:14 -0400] "POST /xmlrpc.php HTTP/1.1" 200 186 "https://theswadeshbazzar.com/xmlrpc.php" "Mozilla/5.0 (Windows NT 10.0; Win64; x64) AppleWebKit/537.36 (KHTML, like Gecko) Chrome/134.0.0.0 Safari/537.36"
198.54.114.83 - - [30/Mar/2025:09:31:15 -0400] "POST /wp-admin/admin-ajax.php?action=async_litespeed&nonce=zjnvopp23kxgHFtBjHiy8ALbtqLRWMot&litespeed_type=imgoptm HTTP/1.1" 200 5 "-" "WordPress/6.7.2; https://theswadeshbazzar.com"
95.78.31.46 - - [30/Mar/2025:09:32:32 -0400] "GET /cbd-for-anxiety-uk-what-you-need-to-know/ HTTP/1.1" 404 1251 "-" "Mozilla/5.0 (X11; Ubuntu; Linux x86_64; rv:114.0) Gecko/20100101 Firefox/114.0"
95.78.31.46 - - [30/Mar/2025:09:32:33 -0400] "GET / HTTP/1.1" 200 156077 "-" "Mozilla/5.0 (X11; Ubuntu; Linux x86_64; rv:114.0) Gecko/20100101 Firefox/114.0"
95.78.31.46 - - [30/Mar/2025:09:32:39 -0400] "GET /s/ref=nb_sb_noss?url=search-alias%3Dsporting&field-keywords= HTTP/1.1" 404 1251 "https://theswadeshbazzar.com" "Mozilla/5.0 (X11; Ubuntu; Linux x86_64; rv:114.0) Gecko/20100101 Firefox/114.0"
95.78.31.46 - - [30/Mar/2025:09:32:39 -0400] "GET /s/ref=nb_sb_noss?url=search-alias%3Dsporting&field-keywords= HTTP/1.1" 404 1251 "https://theswadeshbazzar.com" "Mozilla/5.0 (X11; Ubuntu; Linux x86_64; rv:114.0) Gecko/20100101 Firefox/114.0"
95.78.31.46 - - [30/Mar/2025:09:32:40 -0400] "GET /s/ref=nb_sb_noss?url=search-alias%3Dsporting&field-keywords= HTTP/1.1" 404 1251 "https://theswadeshbazzar.com" "Mozilla/5.0 (X11; Ubuntu; Linux x86_64; rv:114.0) Gecko/20100101 Firefox/114.0"
95.78.31.46 - - [30/Mar/2025:09:32:40 -0400] "GET /s/ref=nb_sb_noss?url=search-alias%3Dsporting&field-keywords= HTTP/1.1" 404 1251 "https://theswadeshbazzar.com" "Mozilla/5.0 (X11; Ubuntu; Linux x86_64; rv:114.0) Gecko/20100101 Firefox/114.0"
95.78.31.46 - - [30/Mar/2025:09:32:41 -0400] "GET /cbd-for-anxiety-uk-what-you-need-to-know/ HTTP/1.1" 404 1251 "-" "Mozilla/5.0 (X11; Ubuntu; Linux x86_64; rv:114.0) Gecko/20100101 Firefox/114.0"
198.54.114.83 - - [30/Mar/2025:09:33:31 -0400] "POST /wp-cron.php?doing_wp_cron=1743341610.8219308853149414062500 HTTP/1.1" 200 0 "-" "WordPress/6.7.2; https://theswadeshbazzar.com"
138.199.59.149 - - [30/Mar/2025:09:33:28 -0400] "POST /xmlrpc.php HTTP/1.1" 200 186 "https://theswadeshbazzar.com" "Mozilla/5.0 (Windows NT 10.0; rv:91.0) Gecko/20100101 Firefox/91.0"
198.54.114.83 - - [30/Mar/2025:09:33:31 -0400] "POST /wp-admin/admin-ajax.php?action=async_litespeed&nonce=9ZkpMLjihHsLPxswD7TUYCGmFxe26q6f&litespeed_type=imgoptm HTTP/1.1" 200 5 "-" "WordPress/6.7.2; https://theswadeshbazzar.com"
178.128.109.146 - - [30/Mar/2025:09:34:07 -0400] "GET /wp-login.php HTTP/1.1" 200 1887 "-" "Mozilla/5.0 (X11; Linux x86_64; rv:121.0) Gecko/20100101 Firefox/121.0"
198.54.114.83 - - [30/Mar/2025:09:34:10 -0400] "POST /wp-cron.php?doing_wp_cron=1743341650.3895890712738037109375 HTTP/1.1" 200 0 "-" "WordPress/6.7.2; https://theswadeshbazzar.com"
178.128.109.146 - - [30/Mar/2025:09:34:08 -0400] "POST /wp-login.php HTTP/1.1" 200 2013 "-" "Mozilla/5.0 (X11; Linux x86_64; rv:121.0) Gecko/20100101 Firefox/121.0"
198.54.114.83 - - [30/Mar/2025:09:34:11 -0400] "POST /wp-admin/admin-ajax.php?action=async_litespeed&nonce=tDoFgOx8TfpvqypAeaenkRTrIu1SsBat&litespeed_type=imgoptm HTTP/1.1" 200 5 "-" "WordPress/6.7.2; https://theswadeshbazzar.com"
178.128.109.146 - - [30/Mar/2025:09:34:14 -0400] "POST /wp-login.php HTTP/1.1" 200 2012 "-" "Mozilla/5.0 (X11; Linux x86_64; rv:121.0) Gecko/20100101 Firefox/121.0"
198.54.114.83 - - [30/Mar/2025:09:36:38 -0400] "POST /wp-admin/admin-ajax.php?action=async_litespeed&nonce=VEX9edJQQgxWpDWX1KfSU91K9Uz27stU&litespeed_type=imgoptm HTTP/1.1" 200 0 "-" "WordPress/6.7.2; https://theswadeshbazzar.com"
198.54.114.83 - - [30/Mar/2025:09:36:39 -0400] "POST /wp-cron.php?doing_wp_cron=1743341799.2491929531097412109375 HTTP/1.1" 200 0 "-" "WordPress/6.7.2; https://theswadeshbazzar.com"
80.64.30.32 - - [30/Mar/2025:09:36:38 -0400] "GET /wp-login.php?wp_lang=en_US HTTP/1.1" 200 1886 "http://theswadeshbazzar.com/wp-login.php" "Mozilla/5.0 (Windows NT 10.0; Win64; x64; rv:136.0) Gecko/20100101 Firefox/136.0"
198.54.114.83 - - [30/Mar/2025:09:36:40 -0400] "POST /wp-admin/admin-ajax.php?action=async_litespeed&nonce=F0Ar9AgwQW99FvPtrW3tG93Txmj45C5V&litespeed_type=imgoptm HTTP/1.1" 200 5 "-" "WordPress/6.7.2; https://theswadeshbazzar.com"
80.64.30.32 - - [30/Mar/2025:09:36:45 -0400] "POST /wp-login.php?wp_lang=en_US HTTP/1.1" 200 0 "http://theswadeshbazzar.com/wp-login.php" "Mozilla/5.0 (Windows NT 10.0; Win64; x64; rv:136.0) Gecko/20100101 Firefox/136.0"
49.36.181.228 - - [30/Mar/2025:09:37:25 -0400] "POST /wp-login.php?wp_lang=en_US HTTP/1.1" 200 2012 "http://theswadeshbazzar.com/wp-login.php" "Mozilla/5.0 (Windows NT 10.0; Win64; x64; rv:136.0) Gecko/20100101 Firefox/136.0"
59.153.29.66 - - [30/Mar/2025:09:37:29 -0400] "POST /wp-login.php?wp_lang=en_US HTTP/1.1" 200 2012 "http://theswadeshbazzar.com/wp-login.php" "Mozilla/5.0 (Windows NT 10.0; Win64; x64; rv:136.0) Gecko/20100101 Firefox/136.0"
199.27.159.91 - - [30/Mar/2025:09:37:31 -0400] "POST /wp-login.php?wp_lang=en_US HTTP/1.1" 200 2012 "http://theswadeshbazzar.com/wp-login.php" "Mozilla/5.0 (Windows NT 10.0; Win64; x64; rv:136.0) Gecko/20100101 Firefox/136.0"
80.64.30.32 - - [30/Mar/2025:09:37:32 -0400] "GET /wp-login.php?wp_lang=en_US HTTP/1.1" 200 1886 "https://theswadeshbazzar.com/wp-login.php" "Mozilla/5.0 (Windows NT 10.0; Win64; x64; rv:136.0) Gecko/20100101 Firefox/136.0"
80.64.30.32 - - [30/Mar/2025:09:37:38 -0400] "POST /wp-login.php?wp_lang=en_US HTTP/1.1" 200 0 "https://theswadeshbazzar.com/wp-login.php" "Mozilla/5.0 (Windows NT 10.0; Win64; x64; rv:136.0) Gecko/20100101 Firefox/136.0"
198.54.114.83 - - [30/Mar/2025:09:38:17 -0400] "POST /wp-cron.php?doing_wp_cron=1743341896.9863390922546386718750 HTTP/1.1" 200 0 "-" "WordPress/6.7.2; https://theswadeshbazzar.com"
194.190.83.121 - - [30/Mar/2025:09:38:16 -0400] "POST /wp-login.php?wp_lang=en_US HTTP/1.1" 200 2012 "https://theswadeshbazzar.com/wp-login.php" "Mozilla/5.0 (Windows NT 10.0; Win64; x64; rv:136.0) Gecko/20100101 Firefox/136.0"
198.54.114.83 - - [30/Mar/2025:09:38:17 -0400] "POST /wp-admin/admin-ajax.php?action=async_litespeed&nonce=hyofkMY2gsCsC8aERe3ubGkv13WaJe1m&litespeed_type=imgoptm HTTP/1.1" 200 5 "-" "WordPress/6.7.2; https://theswadeshbazzar.com"
80.64.30.32 - - [30/Mar/2025:09:38:18 -0400] "GET /xmlrpc.php HTTP/1.1" 405 46 "https://theswadeshbazzar.com/xmlrpc.php" "Mozilla/5.0 (Windows NT 10.0; Win64; x64) AppleWebKit/537.36 (KHTML, like Gecko) Chrome/134.0.0.0 Safari/537.36"
80.64.30.32 - - [30/Mar/2025:09:38:24 -0400] "POST /xmlrpc.php HTTP/1.1" 200 0 "https://theswadeshbazzar.com/xmlrpc.php" "Mozilla/5.0 (Windows NT 10.0; Win64; x64) AppleWebKit/537.36 (KHTML, like Gecko) Chrome/134.0.0.0 Safari/537.36"
198.54.114.83 - - [30/Mar/2025:09:39:00 -0400] "POST /wp-cron.php?doing_wp_cron=1743341940.6903510093688964843750 HTTP/1.1" 200 0 "-" "WordPress/6.7.2; https://theswadeshbazzar.com"
171.235.240.197 - - [30/Mar/2025:09:39:00 -0400] "POST /xmlrpc.php HTTP/1.1" 200 186 "https://theswadeshbazzar.com/xmlrpc.php" "Mozilla/5.0 (Windows NT 10.0; Win64; x64) AppleWebKit/537.36 (KHTML, like Gecko) Chrome/134.0.0.0 Safari/537.36"
198.54.114.83 - - [30/Mar/2025:09:39:01 -0400] "POST /wp-admin/admin-ajax.php?action=async_litespeed&nonce=tvru38RpTcztXTyHb6vDS3CYodCWBUkd&litespeed_type=imgoptm HTTP/1.1" 200 5 "-" "WordPress/6.7.2; https://theswadeshbazzar.com"
121.229.156.113 - - [30/Mar/2025:09:43:20 -0400] "GET / HTTP/1.1" 200 156077 "-" "Sogou web spider/4.0(+http://www.sogou.com/docs/help/webmasters.htm#07)"
198.54.114.83 - - [30/Mar/2025:09:45:42 -0400] "POST /wp-admin/admin-ajax.php?action=async_litespeed&nonce=1THWLzVHTrXX4okqnBjTA6SYPd2uwJCE&litespeed_type=imgoptm HTTP/1.1" 200 0 "-" "WordPress/6.7.2; https://theswadeshbazzar.com"
80.64.30.32 - - [30/Mar/2025:09:45:43 -0400] "GET /wp-login.php?wp_lang=en_US HTTP/1.1" 200 1886 "http://theswadeshbazzar.com/wp-login.php" "Mozilla/5.0 (Windows NT 10.0; Win64; x64) AppleWebKit/537.36 (KHTML, like Gecko) Chrome/134.0.0.0 Safari/537.36"
80.64.30.32 - - [30/Mar/2025:09:45:49 -0400] "POST /wp-login.php?wp_lang=en_US HTTP/1.1" 200 0 "http://theswadeshbazzar.com/wp-login.php" "Mozilla/5.0 (Windows NT 10.0; Win64; x64) AppleWebKit/537.36 (KHTML, like Gecko) Chrome/134.0.0.0 Safari/537.36"
103.104.127.193 - - [30/Mar/2025:09:46:23 -0400] "POST /wp-login.php?wp_lang=en_US HTTP/1.1" 200 2012 "http://theswadeshbazzar.com/wp-login.php" "Mozilla/5.0 (Windows NT 10.0; Win64; x64) AppleWebKit/537.36 (KHTML, like Gecko) Chrome/134.0.0.0 Safari/537.36"
66.249.74.168 - - [30/Mar/2025:09:46:26 -0400] "GET /best-sandals-for-women/ HTTP/1.1" 404 1251 "-" "Mozilla/5.0 (Linux; Android 6.0.1; Nexus 5X Build/MMB29P) AppleWebKit/537.36 (KHTML, like Gecko) Chrome/134.0.6998.165 Mobile Safari/537.36 (compatible; Googlebot/2.1; +http://www.google.com/bot.html)"
91.72.171.210 - - [30/Mar/2025:09:46:36 -0400] "POST /wp-login.php?wp_lang=en_US HTTP/1.1" 200 2012 "http://theswadeshbazzar.com/wp-login.php" "Mozilla/5.0 (Windows NT 10.0; Win64; x64) AppleWebKit/537.36 (KHTML, like Gecko) Chrome/134.0.0.0 Safari/537.36"
198.54.114.83 - - [30/Mar/2025:09:46:46 -0400] "POST /wp-cron.php?doing_wp_cron=1743342405.9320371150970458984375 HTTP/1.1" 200 0 "-" "WordPress/6.7.2; https://theswadeshbazzar.com"
123.25.31.177 - - [30/Mar/2025:09:46:45 -0400] "POST /wp-login.php?wp_lang=en_US HTTP/1.1" 200 2012 "http://theswadeshbazzar.com/wp-login.php" "Mozilla/5.0 (Windows NT 10.0; Win64; x64) AppleWebKit/537.36 (KHTML, like Gecko) Chrome/134.0.0.0 Safari/537.36"
198.54.114.83 - - [30/Mar/2025:09:46:46 -0400] "POST /wp-admin/admin-ajax.php?action=async_litespeed&nonce=80bwSgWNKKmU3xfKpvePkFnsjj3sIEFu&litespeed_type=imgoptm HTTP/1.1" 200 5 "-" "WordPress/6.7.2; https://theswadeshbazzar.com"
80.64.30.32 - - [30/Mar/2025:09:46:47 -0400] "GET /wp-login.php?wp_lang=en_US HTTP/1.1" 200 1886 "https://theswadeshbazzar.com/wp-login.php" "Mozilla/5.0 (Windows NT 10.0; Win64; x64; rv:136.0) Gecko/20100101 Firefox/136.0"
80.64.30.32 - - [30/Mar/2025:09:46:52 -0400] "POST /wp-login.php?wp_lang=en_US HTTP/1.1" 200 0 "https://theswadeshbazzar.com/wp-login.php" "Mozilla/5.0 (Windows NT 10.0; Win64; x64; rv:136.0) Gecko/20100101 Firefox/136.0"
198.54.114.83 - - [30/Mar/2025:09:47:52 -0400] "POST /wp-cron.php?doing_wp_cron=1743342472.5073010921478271484375 HTTP/1.1" 200 0 "-" "WordPress/6.7.2; https://theswadeshbazzar.com"
95.35.26.164 - - [30/Mar/2025:09:47:52 -0400] "POST /wp-login.php?wp_lang=en_US HTTP/1.1" 200 2013 "https://theswadeshbazzar.com/wp-login.php" "Mozilla/5.0 (Windows NT 10.0; Win64; x64; rv:136.0) Gecko/20100101 Firefox/136.0"
198.54.114.83 - - [30/Mar/2025:09:47:53 -0400] "POST /wp-admin/admin-ajax.php?action=async_litespeed&nonce=loozrs8uSPGLRYJNwU8ArAiv3iQX5qRN&litespeed_type=imgoptm HTTP/1.1" 200 5 "-" "WordPress/6.7.2; https://theswadeshbazzar.com"
80.64.30.32 - - [30/Mar/2025:09:47:53 -0400] "GET /xmlrpc.php HTTP/1.1" 405 46 "https://theswadeshbazzar.com/xmlrpc.php" "Mozilla/5.0 (Windows NT 10.0; Win64; x64) AppleWebKit/537.36 (KHTML, like Gecko) Chrome/134.0.0.0 Safari/537.36"
80.64.30.32 - - [30/Mar/2025:09:48:00 -0400] "POST /xmlrpc.php HTTP/1.1" 200 0 "https://theswadeshbazzar.com/xmlrpc.php" "Mozilla/5.0 (Windows NT 10.0; Win64; x64) AppleWebKit/537.36 (KHTML, like Gecko) Chrome/134.0.0.0 Safari/537.36"
189.6.212.182 - - [30/Mar/2025:09:48:34 -0400] "POST /xmlrpc.php HTTP/1.1" 200 186 "https://theswadeshbazzar.com/xmlrpc.php" "Mozilla/5.0 (Windows NT 10.0; Win64; x64) AppleWebKit/537.36 (KHTML, like Gecko) Chrome/134.0.0.0 Safari/537.36"
209.38.146.230 - - [30/Mar/2025:09:49:47 -0400] "GET /wp-login.php HTTP/1.1" 200 1887 "-" "Mozilla/5.0 (X11; Linux x86_64; rv:121.0) Gecko/20100101 Firefox/121.0"
209.38.146.230 - - [30/Mar/2025:09:49:47 -0400] "POST /wp-login.php HTTP/1.1" 200 0 "-" "Mozilla/5.0 (X11; Linux x86_64; rv:121.0) Gecko/20100101 Firefox/121.0"
66.249.74.168 - - [30/Mar/2025:09:50:10 -0400] "GET /die-zukunft-der-beleuchtung-moderne-hangelampen/ HTTP/1.1" 404 1251 "-" "Mozilla/5.0 (Linux; Android 6.0.1; Nexus 5X Build/MMB29P) AppleWebKit/537.36 (KHTML, like Gecko) Chrome/134.0.6998.165 Mobile Safari/537.36 (compatible; Googlebot/2.1; +http://www.google.com/bot.html)"
185.157.212.157 - - [30/Mar/2025:09:52:22 -0400] "GET /cbd-for-anxiety-uk-what-you-need-to-know/ HTTP/1.1" 404 1251 "https://theswadeshbazzar.com/cbd-for-anxiety-uk-what-you-need-to-know/" "Mozilla/5.0 (Windows NT 10.0; Win64; x64) AppleWebKit/537.36 (KHTML, like Gecko) Chrome/131.0.0.0 Safari/537.36 Avast/131.0.0.0"
185.157.212.157 - - [30/Mar/2025:09:52:22 -0400] "GET / HTTP/1.1" 200 156077 "https://theswadeshbazzar.com/" "Mozilla/5.0 (Windows NT 10.0; Win64; x64) AppleWebKit/537.36 (KHTML, like Gecko) Chrome/131.0.0.0 Safari/537.36 Avast/131.0.0.0"
142.93.44.132 - - [30/Mar/2025:09:52:54 -0400] "GET / HTTP/1.1" 200 156077 "-" "Mozilla/5.0 (Windows NT 10.0; rv:127.0) Gecko/20100101 Firefox/127.0"
66.249.74.168 - - [30/Mar/2025:09:53:47 -0400] "GET /page/32/ HTTP/1.1" 404 1251 "-" "Mozilla/5.0 (Linux; Android 6.0.1; Nexus 5X Build/MMB29P) AppleWebKit/537.36 (KHTML, like Gecko) Chrome/134.0.6998.165 Mobile Safari/537.36 (compatible; Googlebot/2.1; +http://www.google.com/bot.html)"
66.249.74.168 - - [30/Mar/2025:09:55:58 -0400] "GET /top-advantages-of-professional-school-sports-tours/feed/ HTTP/1.1" 404 1251 "-" "Mozilla/5.0 (Linux; Android 6.0.1; Nexus 5X Build/MMB29P) AppleWebKit/537.36 (KHTML, like Gecko) Chrome/134.0.6998.165 Mobile Safari/537.36 (compatible; Googlebot/2.1; +http://www.google.com/bot.html)"
47.79.106.252 - - [30/Mar/2025:09:56:27 -0400] "GET / HTTP/1.1" 200 156077 "https://www.google.com/" "Mozilla/5.0 (Linux; Android 10; K) AppleWebKit/537.36 (KHTML, like Gecko) Chrome/132.0.0.0 Mobile Safari/537.36"
47.82.35.189 - - [30/Mar/2025:09:56:27 -0400] "GET / HTTP/1.1" 200 156077 "https://www.google.com/" "Mozilla/5.0 (Linux; Android 11; RMX3581 Build/RP1A.201005.001) AppleWebKit/537.36 (KHTML, like Gecko) Chrome/132.0.6834.163 Mobile Safari/537.36"
3.147.103.209 - - [30/Mar/2025:10:03:10 -0400] "GET /robots.txt HTTP/1.1" 304 0 "-" "Mozilla/5.0 AppleWebKit/537.36 (KHTML, like Gecko; compatible; ClaudeBot/1.0; +claudebot@anthropic.com)"
3.147.103.209 - - [30/Mar/2025:10:03:11 -0400] "GET /unveiling-the-magic-crafting-a-compelling-commercial-video HTTP/1.1" 404 1251 "-" "Mozilla/5.0 AppleWebKit/537.36 (KHTML, like Gecko; compatible; ClaudeBot/1.0; +claudebot@anthropic.com)"
109.236.93.77 - - [30/Mar/2025:10:05:51 -0400] "GET /how-to-find-your-national-insurance-number HTTP/1.1" 404 1251 "-" "Mozilla/5.0 (Windows NT 10.0; Win64; x64) AppleWebKit/537.36 (KHTML, like Gecko) Chrome/118.0.0.0 Safari/537.36"
202.69.38.12 - - [30/Mar/2025:10:11:12 -0400] "HEAD / HTTP/1.1" 200 0 "https://theswadeshbazzar.com/" "Mozilla/5.0 (Windows NT 10.0; Win64; x64) AppleWebKit/537.36 (KHTML, like Gecko) Chrome/91.0.4472.124 Safari/537.36"
202.69.38.12 - - [30/Mar/2025:10:11:13 -0400] "GET /adminfuns.php HTTP/1.1" 404 1251 "https://www.google.com/" "Mozilla/5.0 (Windows NT 10.0; Win64; x64) AppleWebKit/537.36 (KHTML, like Gecko) Chrome/91.0.4472.124 Safari/537.36"
202.69.38.12 - - [30/Mar/2025:10:11:15 -0400] "GET /tempfuns.php HTTP/1.1" 404 1251 "https://www.google.com/" "Mozilla/5.0 (Windows NT 10.0; Win64; x64) AppleWebKit/537.36 (KHTML, like Gecko) Chrome/91.0.4472.124 Safari/537.36"
202.69.38.12 - - [30/Mar/2025:10:11:16 -0400] "GET /thoms.php HTTP/1.1" 404 1251 "https://www.google.com/" "Mozilla/5.0 (Windows NT 10.0; Win64; x64) AppleWebKit/537.36 (KHTML, like Gecko) Chrome/91.0.4472.124 Safari/537.36"
202.69.38.12 - - [30/Mar/2025:10:11:17 -0400] "GET /classfuns.php HTTP/1.1" 404 1251 "https://www.google.com/" "Mozilla/5.0 (Windows NT 10.0; Win64; x64) AppleWebKit/537.36 (KHTML, like Gecko) Chrome/91.0.4472.124 Safari/537.36"
202.69.38.12 - - [30/Mar/2025:10:11:18 -0400] "GET /userfuns.php HTTP/1.1" 404 1251 "https://www.google.com/" "Mozilla/5.0 (Windows NT 10.0; Win64; x64) AppleWebKit/537.36 (KHTML, like Gecko) Chrome/91.0.4472.124 Safari/537.36"
202.69.38.12 - - [30/Mar/2025:10:11:19 -0400] "GET /termps.php HTTP/1.1" 404 1251 "https://www.google.com/" "Mozilla/5.0 (Windows NT 10.0; Win64; x64) AppleWebKit/537.36 (KHTML, like Gecko) Chrome/91.0.4472.124 Safari/537.36"
202.69.38.12 - - [30/Mar/2025:10:11:20 -0400] "GET /inputs.php HTTP/1.1" 404 1251 "https://www.google.com/" "Mozilla/5.0 (Windows NT 10.0; Win64; x64) AppleWebKit/537.36 (KHTML, like Gecko) Chrome/91.0.4472.124 Safari/537.36"
202.69.38.12 - - [30/Mar/2025:10:11:20 -0400] "GET /connects.php HTTP/1.1" 404 1251 "https://www.google.com/" "Mozilla/5.0 (Windows NT 10.0; Win64; x64) AppleWebKit/537.36 (KHTML, like Gecko) Chrome/91.0.4472.124 Safari/537.36"
202.69.38.12 - - [30/Mar/2025:10:11:21 -0400] "GET /hplfuns.php HTTP/1.1" 404 1251 "https://www.google.com/" "Mozilla/5.0 (Windows NT 10.0; Win64; x64) AppleWebKit/537.36 (KHTML, like Gecko) Chrome/91.0.4472.124 Safari/537.36"
202.69.38.12 - - [30/Mar/2025:10:11:22 -0400] "GET /filefuns.php HTTP/1.1" 404 1251 "https://www.google.com/" "Mozilla/5.0 (Windows NT 10.0; Win64; x64) AppleWebKit/537.36 (KHTML, like Gecko) Chrome/91.0.4472.124 Safari/537.36"
202.69.38.12 - - [30/Mar/2025:10:11:23 -0400] "GET /wp-content/termps.php HTTP/1.1" 404 1251 "https://www.google.com/" "Mozilla/5.0 (Windows NT 10.0; Win64; x64) AppleWebKit/537.36 (KHTML, like Gecko) Chrome/91.0.4472.124 Safari/537.36"
202.69.38.12 - - [30/Mar/2025:10:11:24 -0400] "GET /wp-admin/termps.php HTTP/1.1" 404 1251 "https://www.google.com/" "Mozilla/5.0 (Windows NT 10.0; Win64; x64) AppleWebKit/537.36 (KHTML, like Gecko) Chrome/91.0.4472.124 Safari/537.36"
202.69.38.12 - - [30/Mar/2025:10:11:25 -0400] "GET /wp-includes/termps.php HTTP/1.1" 404 1251 "https://www.google.com/" "Mozilla/5.0 (Windows NT 10.0; Win64; x64) AppleWebKit/537.36 (KHTML, like Gecko) Chrome/91.0.4472.124 Safari/537.36"
198.54.114.83 - - [30/Mar/2025:10:11:48 -0400] "POST /wp-cron.php?doing_wp_cron=1743343908.5934131145477294921875 HTTP/1.1" 200 0 "-" "WordPress/6.7.2; https://theswadeshbazzar.com"
2400:9800:362:5993:1453:a251:b28e:4e72 - - [30/Mar/2025:10:11:44 -0400] "POST /wp-login.php HTTP/1.1" 200 2013 "https://theswadeshbazzar.com/wp-admin/" "Mozilla/5.0 (Windows NT 10.0; Win64; x64) AppleWebKit/537.36 (KHTML, like Gecko) Chrome/90.0.4430.85 Safari/537.36"
198.54.114.83 - - [30/Mar/2025:10:11:49 -0400] "POST /wp-admin/admin-ajax.php?action=async_litespeed&nonce=zZf4E7TezmmQwgzZIeuGZRbcas458TeM&litespeed_type=imgoptm HTTP/1.1" 200 0 "-" "WordPress/6.7.2; https://theswadeshbazzar.com"
2400:9800:362:5993:1453:a251:b28e:4e72 - - [30/Mar/2025:10:11:50 -0400] "GET /wp-admin/ HTTP/1.1" 302 0 "www.google.com" "Mozilla/5.0 (Windows NT 10.0; Win64; x64) AppleWebKit/537.36 (KHTML, like Gecko) Chrome/90.0.4430.85 Safari/537.36"
2400:9800:362:5993:1453:a251:b28e:4e72 - - [30/Mar/2025:10:11:52 -0400] "GET /wp-login.php?redirect_to=https%3A%2F%2Ftheswadeshbazzar.com%2Fwp-admin%2F&reauth=1 HTTP/1.1" 200 1886 "www.google.com" "Mozilla/5.0 (Windows NT 10.0; Win64; x64) AppleWebKit/537.36 (KHTML, like Gecko) Chrome/90.0.4430.85 Safari/537.36"
172.241.232.33 - - [30/Mar/2025:10:29:51 -0400] "GET /cbd-for-anxiety-uk-what-you-need-to-know/ HTTP/1.1" 404 1251 "-" "Mozilla/5.0 (X11; Linux i686) AppleWebKit/537.36 (KHTML, like Gecko) Chrome/114.0.0.0 Safari/537.36 Vivaldi/5.3.2679.68"
172.241.232.33 - - [30/Mar/2025:10:29:52 -0400] "GET / HTTP/1.1" 200 156077 "-" "Mozilla/5.0 (X11; Linux i686) AppleWebKit/537.36 (KHTML, like Gecko) Chrome/114.0.0.0 Safari/537.36 Vivaldi/5.3.2679.68"
172.241.232.33 - - [30/Mar/2025:10:29:57 -0400] "GET /s/ref=nb_sb_noss?url=search-alias%3Dkitchen&field-keywords= HTTP/1.1" 404 1251 "https://theswadeshbazzar.com" "Mozilla/5.0 (X11; Linux i686) AppleWebKit/537.36 (KHTML, like Gecko) Chrome/114.0.0.0 Safari/537.36 Vivaldi/5.3.2679.68"
172.241.232.33 - - [30/Mar/2025:10:29:58 -0400] "GET /s/ref=nb_sb_noss?url=search-alias%3Dkitchen&field-keywords= HTTP/1.1" 404 1251 "https://theswadeshbazzar.com" "Mozilla/5.0 (X11; Linux i686) AppleWebKit/537.36 (KHTML, like Gecko) Chrome/114.0.0.0 Safari/537.36 Vivaldi/5.3.2679.68"
172.241.232.33 - - [30/Mar/2025:10:29:59 -0400] "GET /s/ref=nb_sb_noss?url=search-alias%3Dkitchen&field-keywords= HTTP/1.1" 404 1251 "https://theswadeshbazzar.com" "Mozilla/5.0 (X11; Linux i686) AppleWebKit/537.36 (KHTML, like Gecko) Chrome/114.0.0.0 Safari/537.36 Vivaldi/5.3.2679.68"
172.241.232.33 - - [30/Mar/2025:10:30:00 -0400] "GET /s/ref=nb_sb_noss?url=search-alias%3Dkitchen&field-keywords= HTTP/1.1" 404 1251 "https://theswadeshbazzar.com" "Mozilla/5.0 (X11; Linux i686) AppleWebKit/537.36 (KHTML, like Gecko) Chrome/114.0.0.0 Safari/537.36 Vivaldi/5.3.2679.68"
172.241.232.33 - - [30/Mar/2025:10:30:01 -0400] "GET /cbd-for-anxiety-uk-what-you-need-to-know/ HTTP/1.1" 404 1251 "-" "Mozilla/5.0 (X11; Linux i686) AppleWebKit/537.36 (KHTML, like Gecko) Chrome/114.0.0.0 Safari/537.36 Vivaldi/5.3.2679.68"
45.61.187.191 - - [30/Mar/2025:10:30:10 -0400] "GET /wp-login.php HTTP/1.1" 200 1887 "-" "Mozilla/5.0 (X11; Ubuntu; Linux i686; rv:31.0) Gecko/20100101 Firefox/31.0"
198.54.114.83 - - [30/Mar/2025:10:30:14 -0400] "POST /wp-cron.php?doing_wp_cron=1743345014.4924869537353515625000 HTTP/1.1" 200 0 "-" "WordPress/6.7.2; https://theswadeshbazzar.com"
45.61.187.191 - - [30/Mar/2025:10:30:10 -0400] "POST /wp-login.php HTTP/1.1" 200 2031 "-" "Mozilla/5.0 (X11; Ubuntu; Linux i686; rv:31.0) Gecko/20100101 Firefox/31.0"
198.54.114.83 - - [30/Mar/2025:10:30:15 -0400] "POST /wp-admin/admin-ajax.php?action=async_litespeed&nonce=aWLDpOtt5FldC7c4hImFiKgHbV5p0oMX&litespeed_type=imgoptm HTTP/1.1" 200 0 "-" "WordPress/6.7.2; https://theswadeshbazzar.com"
95.78.31.46 - - [30/Mar/2025:10:32:40 -0400] "GET /cbd-for-anxiety-uk-what-you-need-to-know/ HTTP/1.1" 404 1251 "-" "Mozilla/5.0 (Macintosh; Intel Mac OS X 12_5) AppleWebKit/537.36 (KHTML, like Gecko) Chrome/114.0.0.0 Safari/537.36 Edg/114.0.1264.71"
44.217.146.197 - - [30/Mar/2025:10:33:41 -0400] "GET /what-is-an-electrical-panel/ HTTP/1.1" 404 1251 "-" "Grammarly/1.0 (http://www.grammarly.com)"
89.187.162.176 - - [30/Mar/2025:10:33:57 -0400] "GET /wp-login.php HTTP/1.1" 200 1887 "-" "Mozilla/5.0 (Windows NT 10.0; Win64; x64) AppleWebKit/537.36 (KHTML, like Gecko) Chrome/91.0.4472.124 Safari/537.36"
198.54.114.83 - - [30/Mar/2025:10:34:01 -0400] "POST /wp-cron.php?doing_wp_cron=1743345240.7610030174255371093750 HTTP/1.1" 200 0 "-" "WordPress/6.7.2; https://theswadeshbazzar.com"
89.187.162.176 - - [30/Mar/2025:10:33:58 -0400] "POST /xmlrpc.php HTTP/1.1" 200 186 "-" "curl/7.30.0"
89.187.162.176 - - [30/Mar/2025:10:34:01 -0400] "GET /?author=1 HTTP/1.1" 200 156077 "-" "Mozilla/5.0 (Windows NT 10.0; Win64; x64) AppleWebKit/537.36 (KHTML, like Gecko) Chrome/91.0.4472.124 Safari/537.36"
198.54.114.83 - - [30/Mar/2025:10:34:01 -0400] "POST /wp-admin/admin-ajax.php?action=async_litespeed&nonce=jPonIZATZzJzhtMOGYzpdePXPfRdl0Bb&litespeed_type=imgoptm HTTP/1.1" 200 5 "-" "WordPress/6.7.2; https://theswadeshbazzar.com"
2a03:2880:f800:17:: - - [30/Mar/2025:10:12:16 -0400] "GET /wp-json/wp/v2/posts/462 HTTP/1.1" 404 1251 "-" "meta-externalagent/1.1 (+https://developers.facebook.com/docs/sharing/webmasters/crawler)"
185.157.212.157 - - [30/Mar/2025:10:21:15 -0400] "GET /cbd-for-anxiety-uk-what-you-need-to-know/ HTTP/1.1" 404 1251 "https://theswadeshbazzar.com/cbd-for-anxiety-uk-what-you-need-to-know/" "Mozilla/5.0 (Windows NT 10.0; Win64; x64) AppleWebKit/537.36 (KHTML, like Gecko) Chrome/130.0.0.0 Safari/537.36"
185.157.212.157 - - [30/Mar/2025:10:21:18 -0400] "GET / HTTP/1.1" 200 156077 "https://theswadeshbazzar.com/" "Mozilla/5.0 (Windows NT 10.0; Win64; x64) AppleWebKit/537.36 (KHTML, like Gecko) Chrome/130.0.0.0 Safari/537.36"
44.217.146.197 - - [30/Mar/2025:10:22:34 -0400] "GET /what-is-an-electrical-panel/ HTTP/1.1" 404 1251 "-" "Grammarly/1.0 (http://www.grammarly.com)"
44.217.146.197 - - [30/Mar/2025:10:22:34 -0400] "GET /what-is-an-electrical-panel/ HTTP/1.1" 404 1251 "-" "Grammarly/1.0 (http://www.grammarly.com)"
44.217.146.197 - - [30/Mar/2025:10:22:34 -0400] "GET /what-is-an-electrical-panel/ HTTP/1.1" 404 1251 "-" "Grammarly/1.0 (http://www.grammarly.com)"
66.249.74.169 - - [30/Mar/2025:10:27:45 -0400] "GET /category/contact-us/ HTTP/1.1" 404 1251 "-" "Mozilla/5.0 (Linux; Android 6.0.1; Nexus 5X Build/MMB29P) AppleWebKit/537.36 (KHTML, like Gecko) Chrome/134.0.6998.165 Mobile Safari/537.36 (compatible; Googlebot/2.1; +http://www.google.com/bot.html)"
89.187.162.176 - - [30/Mar/2025:10:34:02 -0400] "GET /?author=2 HTTP/1.1" 200 156077 "-" "Mozilla/5.0 (Windows NT 10.0; Win64; x64) AppleWebKit/537.36 (KHTML, like Gecko) Chrome/91.0.4472.124 Safari/537.36"
89.187.162.176 - - [30/Mar/2025:10:34:03 -0400] "GET /?author=3 HTTP/1.1" 200 156077 "-" "Mozilla/5.0 (Windows NT 10.0; Win64; x64) AppleWebKit/537.36 (KHTML, like Gecko) Chrome/91.0.4472.124 Safari/537.36"
89.187.162.176 - - [30/Mar/2025:10:34:03 -0400] "GET /?author=4 HTTP/1.1" 200 156077 "-" "Mozilla/5.0 (Windows NT 10.0; Win64; x64) AppleWebKit/537.36 (KHTML, like Gecko) Chrome/91.0.4472.124 Safari/537.36"
89.187.162.176 - - [30/Mar/2025:10:34:03 -0400] "GET /?author=5 HTTP/1.1" 200 156077 "-" "Mozilla/5.0 (Windows NT 10.0; Win64; x64) AppleWebKit/537.36 (KHTML, like Gecko) Chrome/91.0.4472.124 Safari/537.36"
89.187.162.176 - - [30/Mar/2025:10:34:04 -0400] "GET /?author=6 HTTP/1.1" 200 156077 "-" "Mozilla/5.0 (Windows NT 10.0; Win64; x64) AppleWebKit/537.36 (KHTML, like Gecko) Chrome/91.0.4472.124 Safari/537.36"
89.187.162.176 - - [30/Mar/2025:10:34:04 -0400] "GET /?author=7 HTTP/1.1" 200 156077 "-" "Mozilla/5.0 (Windows NT 10.0; Win64; x64) AppleWebKit/537.36 (KHTML, like Gecko) Chrome/91.0.4472.124 Safari/537.36"
89.187.162.176 - - [30/Mar/2025:10:34:04 -0400] "GET /?author=8 HTTP/1.1" 200 156077 "-" "Mozilla/5.0 (Windows NT 10.0; Win64; x64) AppleWebKit/537.36 (KHTML, like Gecko) Chrome/91.0.4472.124 Safari/537.36"
89.187.162.176 - - [30/Mar/2025:10:34:05 -0400] "GET /?author=9 HTTP/1.1" 200 156077 "-" "Mozilla/5.0 (Windows NT 10.0; Win64; x64) AppleWebKit/537.36 (KHTML, like Gecko) Chrome/91.0.4472.124 Safari/537.36"
89.187.162.176 - - [30/Mar/2025:10:34:05 -0400] "GET /?author=10 HTTP/1.1" 200 156077 "-" "Mozilla/5.0 (Windows NT 10.0; Win64; x64) AppleWebKit/537.36 (KHTML, like Gecko) Chrome/91.0.4472.124 Safari/537.36"
89.187.162.176 - - [30/Mar/2025:10:34:05 -0400] "GET /?author=11 HTTP/1.1" 200 156077 "-" "Mozilla/5.0 (Windows NT 10.0; Win64; x64) AppleWebKit/537.36 (KHTML, like Gecko) Chrome/91.0.4472.124 Safari/537.36"
89.187.162.176 - - [30/Mar/2025:10:34:06 -0400] "GET /?author=12 HTTP/1.1" 200 156077 "-" "Mozilla/5.0 (Windows NT 10.0; Win64; x64) AppleWebKit/537.36 (KHTML, like Gecko) Chrome/91.0.4472.124 Safari/537.36"
89.187.162.176 - - [30/Mar/2025:10:34:06 -0400] "GET /?author=13 HTTP/1.1" 200 156077 "-" "Mozilla/5.0 (Windows NT 10.0; Win64; x64) AppleWebKit/537.36 (KHTML, like Gecko) Chrome/91.0.4472.124 Safari/537.36"
89.187.162.176 - - [30/Mar/2025:10:34:06 -0400] "GET /?author=14 HTTP/1.1" 200 156077 "-" "Mozilla/5.0 (Windows NT 10.0; Win64; x64) AppleWebKit/537.36 (KHTML, like Gecko) Chrome/91.0.4472.124 Safari/537.36"
89.187.162.176 - - [30/Mar/2025:10:34:07 -0400] "GET /?author=15 HTTP/1.1" 200 156077 "-" "Mozilla/5.0 (Windows NT 10.0; Win64; x64) AppleWebKit/537.36 (KHTML, like Gecko) Chrome/91.0.4472.124 Safari/537.36"
89.187.162.176 - - [30/Mar/2025:10:34:07 -0400] "GET /?author=16 HTTP/1.1" 200 156077 "-" "Mozilla/5.0 (Windows NT 10.0; Win64; x64) AppleWebKit/537.36 (KHTML, like Gecko) Chrome/91.0.4472.124 Safari/537.36"
89.187.162.176 - - [30/Mar/2025:10:34:07 -0400] "GET /?author=17 HTTP/1.1" 200 156077 "-" "Mozilla/5.0 (Windows NT 10.0; Win64; x64) AppleWebKit/537.36 (KHTML, like Gecko) Chrome/91.0.4472.124 Safari/537.36"
89.187.162.176 - - [30/Mar/2025:10:34:07 -0400] "GET /?author=18 HTTP/1.1" 200 156077 "-" "Mozilla/5.0 (Windows NT 10.0; Win64; x64) AppleWebKit/537.36 (KHTML, like Gecko) Chrome/91.0.4472.124 Safari/537.36"
89.187.162.176 - - [30/Mar/2025:10:34:08 -0400] "GET /?author=19 HTTP/1.1" 200 156077 "-" "Mozilla/5.0 (Windows NT 10.0; Win64; x64) AppleWebKit/537.36 (KHTML, like Gecko) Chrome/91.0.4472.124 Safari/537.36"
89.187.162.176 - - [30/Mar/2025:10:34:08 -0400] "GET /?author=20 HTTP/1.1" 200 156077 "-" "Mozilla/5.0 (Windows NT 10.0; Win64; x64) AppleWebKit/537.36 (KHTML, like Gecko) Chrome/91.0.4472.124 Safari/537.36"
172.241.232.92 - - [30/Mar/2025:10:36:29 -0400] "GET /cbd-for-anxiety-uk-what-you-need-to-know/ HTTP/1.1" 404 1251 "-" "Mozilla/5.0 (Macintosh; Intel Mac OS X 12_5) AppleWebKit/537.36 (KHTML, like Gecko) Chrome/114.0.0.0 Safari/537.36 Edg/114.0.1264.71"
109.172.87.122 - - [30/Mar/2025:10:41:23 -0400] "GET /cbd-for-anxiety-uk-what-you-need-to-know/ HTTP/1.1" 404 1251 "https://theswadeshbazzar.com/cbd-for-anxiety-uk-what-you-need-to-know/" "Mozilla/5.0 (Windows NT 10.0; Win64; x64) AppleWebKit/537.36 (KHTML, like Gecko) Chrome/129.0.0.0 Safari/537.36"
109.172.87.122 - - [30/Mar/2025:10:41:25 -0400] "GET / HTTP/1.1" 200 156077 "https://theswadeshbazzar.com/" "Mozilla/5.0 (Windows NT 10.0; Win64; x64) AppleWebKit/537.36 (KHTML, like Gecko) Chrome/129.0.0.0 Safari/537.36"
172.241.232.33 - - [30/Mar/2025:10:42:29 -0400] "GET /cbd-for-anxiety-uk-what-you-need-to-know/ HTTP/1.1" 404 1251 "-" "Mozilla/5.0 (Windows NT 10.0; Win64; x64) AppleWebKit/537.36 (KHTML, like Gecko) Chrome/114.0.0.0 YaBrowser/22.7.0 Yowser/2.5 Safari/537.36"
172.241.232.33 - - [30/Mar/2025:10:42:31 -0400] "GET / HTTP/1.1" 200 156077 "-" "Mozilla/5.0 (Windows NT 10.0; Win64; x64) AppleWebKit/537.36 (KHTML, like Gecko) Chrome/114.0.0.0 YaBrowser/22.7.0 Yowser/2.5 Safari/537.36"
172.241.232.33 - - [30/Mar/2025:10:42:35 -0400] "GET /s/ref=nb_sb_noss?url=search-alias%3Dhpc&field-keywords= HTTP/1.1" 404 1251 "https://theswadeshbazzar.com" "Mozilla/5.0 (Windows NT 10.0; Win64; x64) AppleWebKit/537.36 (KHTML, like Gecko) Chrome/114.0.0.0 YaBrowser/22.7.0 Yowser/2.5 Safari/537.36"
172.241.232.33 - - [30/Mar/2025:10:42:37 -0400] "GET /s/ref=nb_sb_noss?url=search-alias%3Dhpc&field-keywords= HTTP/1.1" 404 1251 "https://theswadeshbazzar.com" "Mozilla/5.0 (Windows NT 10.0; Win64; x64) AppleWebKit/537.36 (KHTML, like Gecko) Chrome/114.0.0.0 YaBrowser/22.7.0 Yowser/2.5 Safari/537.36"
172.241.232.33 - - [30/Mar/2025:10:42:38 -0400] "GET /s/ref=nb_sb_noss?url=search-alias%3Dhpc&field-keywords= HTTP/1.1" 404 1251 "https://theswadeshbazzar.com" "Mozilla/5.0 (Windows NT 10.0; Win64; x64) AppleWebKit/537.36 (KHTML, like Gecko) Chrome/114.0.0.0 YaBrowser/22.7.0 Yowser/2.5 Safari/537.36"
172.241.232.33 - - [30/Mar/2025:10:42:40 -0400] "GET /s/ref=nb_sb_noss?url=search-alias%3Dhpc&field-keywords= HTTP/1.1" 404 1251 "https://theswadeshbazzar.com" "Mozilla/5.0 (Windows NT 10.0; Win64; x64) AppleWebKit/537.36 (KHTML, like Gecko) Chrome/114.0.0.0 YaBrowser/22.7.0 Yowser/2.5 Safari/537.36"
172.241.232.33 - - [30/Mar/2025:10:42:41 -0400] "GET /cbd-for-anxiety-uk-what-you-need-to-know/ HTTP/1.1" 404 1251 "-" "Mozilla/5.0 (Windows NT 10.0; Win64; x64) AppleWebKit/537.36 (KHTML, like Gecko) Chrome/114.0.0.0 YaBrowser/22.7.0 Yowser/2.5 Safari/537.36"
172.241.232.33 - - [30/Mar/2025:10:45:35 -0400] "GET /cbd-for-anxiety-uk-what-you-need-to-know/ HTTP/1.1" 404 1251 "-" "Mozilla/5.0 (Macintosh; Intel Mac OS X 12_5) AppleWebKit/537.36 (KHTML, like Gecko) Chrome/114.0.0.0 Safari/537.36 Edg/114.0.1264.71"
18.233.229.81 - - [30/Mar/2025:10:52:23 -0400] "GET /what-is-an-electrical-panel/ HTTP/1.1" 404 1251 "-" "Grammarly/1.0 (http://www.grammarly.com)"
85.239.38.87 - - [30/Mar/2025:10:54:38 -0400] "GET /sacs-de-sport-de-larmee-pourquoi-si-populaires/ HTTP/1.1" 404 1251 "https://theswadeshbazzar.com/sacs-de-sport-de-larmee-pourquoi-si-populaires/" "Mozilla/5.0 (Windows NT 10.0; WOW64) AppleWebKit/537.36 (KHTML, like Gecko) Chrome/103.0.0.0 Safari/537.36"
85.239.38.87 - - [30/Mar/2025:10:54:39 -0400] "GET / HTTP/1.1" 200 156077 "https://theswadeshbazzar.com/" "Mozilla/5.0 (Windows NT 10.0; WOW64) AppleWebKit/537.36 (KHTML, like Gecko) Chrome/103.0.0.0 Safari/537.36"
89.47.55.42 - - [30/Mar/2025:10:55:52 -0400] "GET /wp-login.php HTTP/1.1" 200 1887 "-" "Mozilla/5.0 (Windows NT 10.0; Win64; x64) AppleWebKit/537.36 (KHTML, like Gecko) Chrome/115.0.0.0 Safari/537.36 Edg/115.0.1901.203"
198.54.114.83 - - [30/Mar/2025:10:55:58 -0400] "POST /wp-cron.php?doing_wp_cron=1743346557.9444539546966552734375 HTTP/1.1" 200 0 "-" "WordPress/6.7.2; https://theswadeshbazzar.com"
89.47.55.42 - - [30/Mar/2025:10:55:53 -0400] "POST /wp-login.php HTTP/1.1" 200 2016 "https://theswadeshbazzar.com/wp-login.php" "Mozilla/5.0 (Windows NT 10.0; Win64; x64) AppleWebKit/537.36 (KHTML, like Gecko) Chrome/115.0.0.0 Safari/537.36 Edg/115.0.1901.203"
198.54.114.83 - - [30/Mar/2025:10:55:59 -0400] "POST /wp-admin/admin-ajax.php?action=async_litespeed&nonce=Fw0UiPnCjQru4DGb0OO3x4QSd1PTtOxs&litespeed_type=imgoptm HTTP/1.1" 200 0 "-" "WordPress/6.7.2; https://theswadeshbazzar.com"
192.42.116.177 - - [30/Mar/2025:10:57:23 -0400] "GET / HTTP/1.1" 200 156077 "https://theswadeshbazzar.com" "Mozilla/5.0 (Windows NT 10.0; Win64; x64) AppleWebKit/537.36 (KHTML, like Gecko) Chrome/83.0.4086.0 Safari/537.36"
66.249.74.166 - - [30/Mar/2025:11:00:32 -0400] "GET /custom-logo-dress-socks/ HTTP/1.1" 404 1251 "-" "Mozilla/5.0 (Linux; Android 6.0.1; Nexus 5X Build/MMB29P) AppleWebKit/537.36 (KHTML, like Gecko) Chrome/134.0.6998.165 Mobile Safari/537.36 (compatible; Googlebot/2.1; +http://www.google.com/bot.html)"
66.249.74.166 - - [30/Mar/2025:11:01:08 -0400] "GET /top-10-playstation-4-games-of-2018/ HTTP/1.1" 404 1251 "-" "Mozilla/5.0 (Linux; Android 6.0.1; Nexus 5X Build/MMB29P) AppleWebKit/537.36 (KHTML, like Gecko) Chrome/134.0.6998.165 Mobile Safari/537.36 (compatible; Googlebot/2.1; +http://www.google.com/bot.html)"
18.233.229.81 - - [30/Mar/2025:11:02:52 -0400] "GET /what-is-an-electrical-panel/ HTTP/1.1" 404 1251 "-" "Grammarly/1.0 (http://www.grammarly.com)"
110.249.202.50 - - [30/Mar/2025:11:03:20 -0400] "GET /page/63/ HTTP/1.1" 404 1251 "-" "Mozilla/5.0 (Linux; Android 5.0) AppleWebKit/537.36 (KHTML, like Gecko) Mobile Safari/537.36 (compatible; Bytespider; https://zhanzhang.toutiao.com/)"
111.225.149.146 - - [30/Mar/2025:11:03:49 -0400] "GET /page/62/ HTTP/1.1" 404 1251 "-" "Mozilla/5.0 (Linux; Android 5.0) AppleWebKit/537.36 (KHTML, like Gecko) Mobile Safari/537.36 (compatible; Bytespider; https://zhanzhang.toutiao.com/)"
110.249.202.67 - - [30/Mar/2025:11:04:27 -0400] "GET /category/coupons-and-deals/ HTTP/1.1" 404 1251 "-" "Mozilla/5.0 (Linux; Android 5.0) AppleWebKit/537.36 (KHTML, like Gecko) Mobile Safari/537.36 (compatible; Bytespider; https://zhanzhang.toutiao.com/)"
111.225.149.234 - - [30/Mar/2025:11:05:00 -0400] "GET /page/22/ HTTP/1.1" 404 1251 "-" "Mozilla/5.0 (Linux; Android 5.0) AppleWebKit/537.36 (KHTML, like Gecko) Mobile Safari/537.36 (compatible; Bytespider; https://zhanzhang.toutiao.com/)"
110.249.201.89 - - [30/Mar/2025:11:13:50 -0400] "GET /page/21/ HTTP/1.1" 404 1251 "-" "Mozilla/5.0 (Linux; Android 5.0) AppleWebKit/537.36 (KHTML, like Gecko) Mobile Safari/537.36 (compatible; Bytespider; https://zhanzhang.toutiao.com/)"
178.20.46.206 - - [30/Mar/2025:11:16:25 -0400] "GET /best-auto-detailing-products/ HTTP/1.1" 404 1251 "https://theswadeshbazzar.com/best-auto-detailing-products/" "Mozilla/5.0 (Windows NT 10.0; Win64; x64) AppleWebKit/537.36 (KHTML, like Gecko) Chrome/131.0.0.0 Safari/537.36"
178.20.46.206 - - [30/Mar/2025:11:16:25 -0400] "GET / HTTP/1.1" 200 156077 "https://theswadeshbazzar.com/" "Mozilla/5.0 (Windows NT 10.0; Win64; x64) AppleWebKit/537.36 (KHTML, like Gecko) Chrome/131.0.0.0 Safari/537.36"
23.22.107.123 - - [30/Mar/2025:11:16:38 -0400] "GET /what-is-an-electrical-panel/ HTTP/1.1" 404 1251 "-" "Grammarly/1.0 (http://www.grammarly.com)"
121.225.84.64 - - [30/Mar/2025:11:27:16 -0400] "GET /page/124 HTTP/1.1" 404 1251 "-" "Mozilla/5.0 (Windows NT 10.0; Win64; x64) AppleWebKit/537.36 (KHTML, like Gecko) Chrome/87.0.4280.88 Safari/537.36"
121.225.84.64 - - [30/Mar/2025:11:27:17 -0400] "GET /favicon.ico HTTP/1.1" 404 1251 "https://theswadeshbazzar.com/page/124" "Mozilla/5.0 (Windows NT 10.0; Win64; x64) AppleWebKit/537.36 (KHTML, like Gecko) Chrome/87.0.4280.88 Safari/537.36"
116.139.127.169 - - [30/Mar/2025:11:27:37 -0400] "GET /page/124 HTTP/1.1" 404 1251 "-" "Mozilla/5.0 (Windows NT 10.0; Win64; x64) AppleWebKit/537.36 (KHTML, like Gecko) Chrome/87.0.4280.88 Safari/537.36"
113.231.11.25 - - [30/Mar/2025:11:28:44 -0400] "GET /page/124 HTTP/1.1" 404 1251 "-" "Mozilla/5.0 (Windows NT 10.0; Win64; x64) AppleWebKit/537.36 (KHTML, like Gecko) Chrome/87.0.4280.88 Safari/537.36"
113.231.11.25 - - [30/Mar/2025:11:28:48 -0400] "GET /favicon.ico HTTP/1.1" 404 1251 "https://theswadeshbazzar.com/page/124" "Mozilla/5.0 (Windows NT 10.0; Win64; x64) AppleWebKit/537.36 (KHTML, like Gecko) Chrome/87.0.4280.88 Safari/537.36"
207.46.13.52 - - [30/Mar/2025:11:31:24 -0400] "GET /enhancing-health-and-wellness-physiotherapy-in-auckland/ HTTP/1.1" 404 1251 "-" "Mozilla/5.0 AppleWebKit/537.36 (KHTML, like Gecko; compatible; bingbot/2.0; +http://www.bing.com/bingbot.htm) Chrome/116.0.1938.76 Safari/537.36"
66.249.74.160 - - [30/Mar/2025:11:34:19 -0400] "GET /luxurious-living-amidst-natures-embrace/feed/ HTTP/1.1" 404 1251 "-" "Mozilla/5.0 (Linux; Android 6.0.1; Nexus 5X Build/MMB29P) AppleWebKit/537.36 (KHTML, like Gecko) Chrome/134.0.6998.165 Mobile Safari/537.36 (compatible; Googlebot/2.1; +http://www.google.com/bot.html)"
66.249.74.160 - - [30/Mar/2025:11:34:31 -0400] "GET /dp/B09DRX62ZV?ref=MarsFS_VICC_spotlight HTTP/1.1" 404 1251 "-" "Mozilla/5.0 (Linux; Android 6.0.1; Nexus 5X Build/MMB29P) AppleWebKit/537.36 (KHTML, like Gecko) Chrome/134.0.6998.165 Mobile Safari/537.36 (compatible; Googlebot/2.1; +http://www.google.com/bot.html)"
66.249.74.160 - - [30/Mar/2025:11:35:58 -0400] "GET /how-to-turn-off-noise-cancellation-on-airpods/feed/ HTTP/1.1" 404 1251 "-" "Mozilla/5.0 (Linux; Android 6.0.1; Nexus 5X Build/MMB29P) AppleWebKit/537.36 (KHTML, like Gecko) Chrome/134.0.6998.165 Mobile Safari/537.36 (compatible; Googlebot/2.1; +http://www.google.com/bot.html)"
23.108.93.152 - - [30/Mar/2025:11:36:32 -0400] "GET /cbd-for-anxiety-uk-what-you-need-to-know/ HTTP/1.1" 404 1251 "-" "Mozilla/5.0 (Windows NT 10.0) AppleWebKit/537.36 (KHTML, like Gecko) Chrome/114.0.0.0 Safari/537.36"
23.108.93.152 - - [30/Mar/2025:11:36:34 -0400] "GET / HTTP/1.1" 200 156077 "-" "Mozilla/5.0 (Windows NT 10.0) AppleWebKit/537.36 (KHTML, like Gecko) Chrome/114.0.0.0 Safari/537.36"
176.46.31.6 - - [30/Mar/2025:11:39:02 -0400] "GET /what-web-businesses-can-learn-from-online-gambling/ HTTP/1.1" 404 1251 "https://theswadeshbazzar.com" "Mozilla/5.0 (Windows NT 10.0; Win64; x64) AppleWebKit/537.36 (KHTML, like Gecko) Chrome/62.0.3202.94 Safari/537.36"
176.46.31.6 - - [30/Mar/2025:11:39:02 -0400] "GET /what-web-businesses-can-learn-from-online-gambling/ HTTP/1.1" 404 1251 "https://theswadeshbazzar.com" "Mozilla/5.0 (Windows NT 10.0; Win64; x64) AppleWebKit/537.36 (KHTML, like Gecko) Chrome/62.0.3202.94 Safari/537.36"
176.46.31.6 - - [30/Mar/2025:11:39:02 -0400] "GET /what-web-businesses-can-learn-from-online-gambling/ HTTP/1.1" 404 1251 "https://theswadeshbazzar.com" "Mozilla/5.0 (Windows NT 10.0; Win64; x64) AppleWebKit/537.36 (KHTML, like Gecko) Chrome/62.0.3202.94 Safari/537.36"
176.46.31.6 - - [30/Mar/2025:11:39:03 -0400] "GET /what-web-businesses-can-learn-from-online-gambling/ HTTP/1.1" 404 1251 "https://theswadeshbazzar.com" "Mozilla/5.0 (Windows NT 10.0; Win64; x64) AppleWebKit/537.36 (KHTML, like Gecko) Chrome/62.0.3202.94 Safari/537.36"
178.217.98.213 - - [30/Mar/2025:11:42:28 -0400] "GET /cbd-for-anxiety-uk-what-you-need-to-know/ HTTP/1.1" 404 1251 "https://theswadeshbazzar.com/cbd-for-anxiety-uk-what-you-need-to-know/" "Mozilla/5.0 (Windows NT 10.0; Win64; x64) AppleWebKit/537.36 (KHTML, like Gecko) Chrome/130.0.0.0 Safari/537.36"
178.217.98.213 - - [30/Mar/2025:11:42:29 -0400] "GET / HTTP/1.1" 200 156077 "https://theswadeshbazzar.com/" "Mozilla/5.0 (Windows NT 10.0; Win64; x64) AppleWebKit/537.36 (KHTML, like Gecko) Chrome/130.0.0.0 Safari/537.36"
185.208.158.226 - - [30/Mar/2025:11:47:45 -0400] "GET /.git/config HTTP/1.1" 403 1242 "-" "Mozilla/5.0 (Linux; Android 4.4.2; LG-V410 Build/KOT49I.V41010d) AppleWebKit/537.36 (KHTML, like Gecko) Chrome/30.0.1599.103 Safari/537.36"
84.16.224.227 - - [30/Mar/2025:11:48:38 -0400] "GET / HTTP/1.1" 200 156077 "https://theswadeshbazzar.com" "Mozilla/5.0 (Windows NT 6.1; Win64; x64) AppleWebKit/537.36 (KHTML, like Gecko) Chrome/68.0.3427.0 Safari/537.36"
198.54.134.252 - - [30/Mar/2025:11:55:44 -0400] "GET /wp-login.php HTTP/1.1" 200 1887 "-" "Mozilla/5.0 (Macintosh; Intel Mac OS X 10_15_7) AppleWebKit/605.1.15 (KHTML, like Gecko) Version/18.2 Safari/605.1.15"
198.54.114.83 - - [30/Mar/2025:11:55:51 -0400] "POST /wp-cron.php?doing_wp_cron=1743350150.9502429962158203125000 HTTP/1.1" 200 0 "-" "WordPress/6.7.2; https://theswadeshbazzar.com"
198.54.134.252 - - [30/Mar/2025:11:55:46 -0400] "POST /wp-login.php HTTP/1.1" 200 2021 "-" "Mozilla/5.0 (Macintosh; Intel Mac OS X 10_15_7) AppleWebKit/605.1.15 (KHTML, like Gecko) Version/18.2 Safari/605.1.15"
198.54.114.83 - - [30/Mar/2025:11:55:52 -0400] "POST /wp-admin/admin-ajax.php?action=async_litespeed&nonce=OWYrU2Uy4c4kfK3Nm3iZvFfT3ahDYjwd&litespeed_type=imgoptm HTTP/1.1" 200 0 "-" "WordPress/6.7.2; https://theswadeshbazzar.com"
45.138.16.113 - - [30/Mar/2025:11:57:18 -0400] "GET / HTTP/1.1" 200 156077 "https://theswadeshbazzar.com" "Mozilla/5.0 (Windows NT 5.1) AppleWebKit/537.36 (KHTML, like Gecko) Chrome/48.0.2564.109 Safari/537.36"
198.54.114.83 - - [30/Mar/2025:11:58:08 -0400] "POST /wp-cron.php?doing_wp_cron=1743350288.4171578884124755859375 HTTP/1.1" 200 0 "-" "WordPress/6.7.2; https://theswadeshbazzar.com"
203.156.2.120 - - [30/Mar/2025:11:58:04 -0400] "POST /wp-login.php/wp-login.php HTTP/1.1" 200 2016 "-" "Mozilla"
198.54.114.83 - - [30/Mar/2025:11:58:09 -0400] "POST /wp-admin/admin-ajax.php?action=async_litespeed&nonce=pdFGyc1rqYofmEpAfhOV1x9x21AiAVrD&litespeed_type=imgoptm HTTP/1.1" 200 0 "-" "WordPress/6.7.2; https://theswadeshbazzar.com"
156.253.173.35 - - [30/Mar/2025:11:58:26 -0400] "GET /cbd-for-anxiety-uk-what-you-need-to-know/ HTTP/1.1" 404 1251 "-" "Mozilla/5.0 (X11; Linux i686; rv:114.0) Gecko/20100101 Firefox/114.0"
156.253.173.35 - - [30/Mar/2025:11:58:28 -0400] "GET / HTTP/1.1" 200 156077 "-" "Mozilla/5.0 (X11; Linux i686; rv:114.0) Gecko/20100101 Firefox/114.0"
66.249.74.166 - - [30/Mar/2025:12:00:25 -0400] "GET /choosing-a-black-bedside-table-lamp/feed/ HTTP/1.1" 404 1251 "-" "Mozilla/5.0 (Linux; Android 6.0.1; Nexus 5X Build/MMB29P) AppleWebKit/537.36 (KHTML, like Gecko) Chrome/134.0.6998.165 Mobile Safari/537.36 (compatible; Googlebot/2.1; +http://www.google.com/bot.html)"
151.106.162.202 - - [30/Mar/2025:12:00:29 -0400] "GET /wp-content/uploads/thumbs_dir/Chandan-1-Cownatural-HUF-p1n1bzd9m6kfkjuyo69q6nmob9zvll6np770k5wn78.jpg HTTP/1.1" 404 1251 "-" "Mozilla/5.0 (X11; Ubuntu; Linux x86_64; rv:72.0) Gecko/20100101 Firefox/72.0"
151.106.162.202 - - [30/Mar/2025:12:00:29 -0400] "GET /wp-content/uploads/thumbs_dir/Chandan-1-Cownatural-HUF-p1n1bzd9m6kfkjuyo69q6nmob9zvll6np770k5wn78.jpg HTTP/1.1" 404 1251 "-" "Mozilla/5.0 (X11; Ubuntu; Linux x86_64; rv:72.0) Gecko/20100101 Firefox/72.0"
151.106.162.202 - - [30/Mar/2025:12:00:29 -0400] "GET /wp-content/uploads/thumbs_dir/Chandan-1-Cownatural-HUF-p1n1bzd9m6kfkjuyo69q6nmob9zvll6np770k5wn78.jpg HTTP/1.1" 404 1251 "-" "Mozilla/5.0 (X11; Ubuntu; Linux x86_64; rv:72.0) Gecko/20100101 Firefox/72.0"
