178.217.98.213 - - [03/Apr/2025:10:50:42 -0400] "GET / HTTP/1.1" 200 156077 "https://theswadeshbazzar.com/" "Mozilla/5.0 (Windows NT 10.0; Win64; x64) AppleWebKit/537.36 (KHTML, like Gecko) Chrome/131.0.0.0 Safari/537.36"
185.157.212.157 - - [03/Apr/2025:10:52:00 -0400] "GET /cbd-for-anxiety-uk-what-you-need-to-know/ HTTP/1.1" 404 1251 "https://theswadeshbazzar.com/cbd-for-anxiety-uk-what-you-need-to-know/" "Mozilla/5.0 (Windows NT 10.0; Win64; x64) AppleWebKit/537.36 (KHTML, like Gecko) Chrome/130.0.0.0 Safari/537.36"
185.157.212.157 - - [03/Apr/2025:10:52:01 -0400] "GET / HTTP/1.1" 200 156077 "https://theswadeshbazzar.com/" "Mozilla/5.0 (Windows NT 10.0; Win64; x64) AppleWebKit/537.36 (KHTML, like Gecko) Chrome/130.0.0.0 Safari/537.36"
17.241.75.236 - - [03/Apr/2025:11:03:11 -0400] "GET /the-ultimate-gpu-choice/ HTTP/1.1" 404 1251 "-" "Mozilla/5.0 (Macintosh; Intel Mac OS X 10_15_7) AppleWebKit/605.1.15 (KHTML, like Gecko) Version/17.4 Safari/605.1.15 (Applebot/0.1; +http://www.apple.com/go/applebot)"
66.249.79.136 - - [03/Apr/2025:11:03:53 -0400] "GET /a-modern-gamble/ HTTP/1.1" 404 1251 "-" "Mozilla/5.0 (Linux; Android 6.0.1; Nexus 5X Build/MMB29P) AppleWebKit/537.36 (KHTML, like Gecko) Chrome/134.0.6998.165 Mobile Safari/537.36 (compatible; Googlebot/2.1; +http://www.google.com/bot.html)"
193.32.126.224 - - [03/Apr/2025:11:07:12 -0400] "GET /wp-login.php HTTP/1.1" 200 1887 "http://theswadeshbazzar.com/wp-admin/" "Mozilla/5.0 (Windows NT 10.0; Win64; x64) AppleWebKit/537.36 (KHTML, like Gecko) Chrome/90.0.4430.85 Safari/537.36"
193.32.126.224 - - [03/Apr/2025:11:07:13 -0400] "POST /wp-login.php HTTP/1.1" 200 2015 "http://theswadeshbazzar.com/wp-admin/" "Mozilla/5.0 (Windows NT 10.0; Win64; x64) AppleWebKit/537.36 (KHTML, like Gecko) Chrome/90.0.4430.85 Safari/537.36"
193.32.126.224 - - [03/Apr/2025:11:07:14 -0400] "GET /wp-admin/ HTTP/1.1" 302 0 "www.google.com" "Mozilla/5.0 (Windows NT 10.0; Win64; x64) AppleWebKit/537.36 (KHTML, like Gecko) Chrome/90.0.4430.85 Safari/537.36"
193.32.126.224 - - [03/Apr/2025:11:07:15 -0400] "GET /wp-login.php?redirect_to=https%3A%2F%2Ftheswadeshbazzar.com%2Fwp-admin%2F&reauth=1 HTTP/1.1" 200 1887 "www.google.com" "Mozilla/5.0 (Windows NT 10.0; Win64; x64) AppleWebKit/537.36 (KHTML, like Gecko) Chrome/90.0.4430.85 Safari/537.36"
40.77.167.131 - - [03/Apr/2025:11:09:01 -0400] "GET /the-art-of-cleaning-copper/ HTTP/1.1" 404 1251 "-" "Mozilla/5.0 AppleWebKit/537.36 (KHTML, like Gecko; compatible; bingbot/2.0; +http://www.bing.com/bingbot.htm) Chrome/116.0.1938.76 Safari/537.36"
198.54.114.83 - - [03/Apr/2025:11:11:57 -0400] "POST /wp-cron.php?doing_wp_cron=1743693116.7576210498809814453125 HTTP/1.1" 200 0 "-" "WordPress/6.7.2; https://theswadeshbazzar.com"
196.251.87.2 - - [03/Apr/2025:11:11:53 -0400] "POST /wp-login.php?wc-ajax=1 HTTP/1.1" 200 2018 "https://theswadeshbazzar.com/wp-admin/" "Mozilla/5.0 (Windows NT 10.0; Win64; x64) AppleWebKit/537.36 (KHTML, like Gecko) Chrome/90.0.4430.85 Safari/537.36"
196.251.87.2 - - [03/Apr/2025:11:11:57 -0400] "GET /wp-admin/?wc-ajax=1 HTTP/1.1" 302 0 "www.google.com" "Mozilla/5.0 (Windows NT 10.0; Win64; x64) AppleWebKit/537.36 (KHTML, like Gecko) Chrome/90.0.4430.85 Safari/537.36"
198.54.114.83 - - [03/Apr/2025:11:11:57 -0400] "POST /wp-admin/admin-ajax.php?action=async_litespeed&nonce=jzrjHAmbSXwZxCYS1YLCDNP8wv3dd1sc&litespeed_type=imgoptm HTTP/1.1" 200 0 "-" "WordPress/6.7.2; https://theswadeshbazzar.com"
196.251.87.2 - - [03/Apr/2025:11:11:58 -0400] "GET /wp-login.php?redirect_to=https%3A%2F%2Ftheswadeshbazzar.com%2Fwp-admin%2F%3Fwc-ajax%3D1&reauth=1 HTTP/1.1" 200 1888 "www.google.com" "Mozilla/5.0 (Windows NT 10.0; Win64; x64) AppleWebKit/537.36 (KHTML, like Gecko) Chrome/90.0.4430.85 Safari/537.36"
52.167.144.147 - - [03/Apr/2025:11:21:17 -0400] "GET /des-joyaux-culinaires-a-proximite/ HTTP/1.1" 404 1251 "-" "Mozilla/5.0 AppleWebKit/537.36 (KHTML, like Gecko; compatible; bingbot/2.0; +http://www.bing.com/bingbot.htm) Chrome/116.0.1938.76 Safari/537.36"
52.167.144.140 - - [03/Apr/2025:11:22:41 -0400] "GET /the-benefits-of-audio-visual-systems/ HTTP/1.1" 404 1251 "-" "Mozilla/5.0 AppleWebKit/537.36 (KHTML, like Gecko; compatible; bingbot/2.0; +http://www.bing.com/bingbot.htm) Chrome/116.0.1938.76 Safari/537.36"
4.227.36.67 - - [03/Apr/2025:11:24:02 -0400] "GET /robots.txt HTTP/1.1" 304 0 "-" "Mozilla/5.0 AppleWebKit/537.36 (KHTML, like Gecko; compatible; GPTBot/1.2; +https://openai.com/gptbot)"
91.84.98.204 - - [03/Apr/2025:11:25:26 -0400] "GET /cbd-for-anxiety-uk-what-you-need-to-know/ HTTP/1.1" 404 1251 "https://theswadeshbazzar.com/cbd-for-anxiety-uk-what-you-need-to-know/" "Mozilla/5.0 (Windows NT 10.0; Win64; x64) AppleWebKit/537.36 (KHTML, like Gecko) Chrome/130.0.0.0 Safari/537.36 CCleaner/130.0.0.0"
91.84.98.204 - - [03/Apr/2025:11:25:27 -0400] "GET / HTTP/1.1" 200 156077 "https://theswadeshbazzar.com/" "Mozilla/5.0 (Windows NT 10.0; Win64; x64) AppleWebKit/537.36 (KHTML, like Gecko) Chrome/130.0.0.0 Safari/537.36 CCleaner/130.0.0.0"
74.208.42.172 - - [03/Apr/2025:11:29:30 -0400] "HEAD / HTTP/1.1" 200 0 "-" "www.deadlinkchecker.com Mozilla/5.0 (Windows NT 10.0; Win64; x64) AppleWebKit/537.36 (KHTML, like Gecko) Chrome/108.0.0.0 Safari/537.36"
85.208.98.31 - - [03/Apr/2025:11:29:57 -0400] "GET /health-benefits-of-annatto/ HTTP/1.1" 404 1251 "-" "Mozilla/5.0 (compatible; SemrushBot-BA; +http://www.semrush.com/bot.html)"
47.82.24.160 - - [03/Apr/2025:11:33:35 -0400] "GET /breastfeeding-and-using-a-breast-pump/ HTTP/1.1" 404 1251 "-" "Mozilla/5.0 (Windows NT 10.0; Win64; x64) AppleWebKit/537.36 (KHTML, like Gecko) Chrome/122.0.0.0 Safari/537.36"
40.77.167.224 - - [03/Apr/2025:11:39:12 -0400] "GET /how-to-use-icebreaker-questions-to-warm-up-conversations/ HTTP/1.1" 404 1251 "-" "Mozilla/5.0 AppleWebKit/537.36 (KHTML, like Gecko; compatible; bingbot/2.0; +http://www.bing.com/bingbot.htm) Chrome/116.0.1938.76 Safari/537.36"
198.54.114.83 - - [03/Apr/2025:11:51:36 -0400] "POST /wp-cron.php?doing_wp_cron=1743695495.9199979305267333984375 HTTP/1.1" 200 0 "-" "WordPress/6.7.2; https://theswadeshbazzar.com"
196.251.87.2 - - [03/Apr/2025:11:51:32 -0400] "POST /wp-login.php?wc-ajax=1 HTTP/1.1" 200 2018 "https://theswadeshbazzar.com/wp-admin/" "Mozilla/5.0 (Windows NT 10.0; Win64; x64) AppleWebKit/537.36 (KHTML, like Gecko) Chrome/90.0.4430.85 Safari/537.36"
196.251.87.2 - - [03/Apr/2025:11:51:38 -0400] "GET /wp-admin/?wc-ajax=1 HTTP/1.1" 302 0 "www.google.com" "Mozilla/5.0 (Windows NT 10.0; Win64; x64) AppleWebKit/537.36 (KHTML, like Gecko) Chrome/90.0.4430.85 Safari/537.36"
196.251.87.2 - - [03/Apr/2025:11:51:39 -0400] "GET /wp-login.php?redirect_to=https%3A%2F%2Ftheswadeshbazzar.com%2Fwp-admin%2F%3Fwc-ajax%3D1&reauth=1 HTTP/1.1" 200 1888 "www.google.com" "Mozilla/5.0 (Windows NT 10.0; Win64; x64) AppleWebKit/537.36 (KHTML, like Gecko) Chrome/90.0.4430.85 Safari/537.36"
91.84.98.204 - - [03/Apr/2025:11:54:16 -0400] "GET /cbd-for-anxiety-uk-what-you-need-to-know/ HTTP/1.1" 404 1251 "https://theswadeshbazzar.com/cbd-for-anxiety-uk-what-you-need-to-know/" "Mozilla/5.0 (Windows NT 10.0; Win64; x64) AppleWebKit/537.36 (KHTML, like Gecko) Chrome/130.0.0.0 Safari/537.36 CCleaner/130.0.0.0"
91.84.98.204 - - [03/Apr/2025:11:54:17 -0400] "GET / HTTP/1.1" 200 156077 "https://theswadeshbazzar.com/" "Mozilla/5.0 (Windows NT 10.0; Win64; x64) AppleWebKit/537.36 (KHTML, like Gecko) Chrome/130.0.0.0 Safari/537.36 CCleaner/130.0.0.0"
193.32.126.224 - - [03/Apr/2025:11:54:37 -0400] "GET /wp-login.php HTTP/1.1" 200 1887 "http://theswadeshbazzar.com/wp-admin/" "Mozilla/5.0 (Windows NT 10.0; Win64; x64) AppleWebKit/537.36 (KHTML, like Gecko) Chrome/90.0.4430.85 Safari/537.36"
198.54.114.83 - - [03/Apr/2025:11:54:37 -0400] "POST /wp-admin/admin-ajax.php?action=async_litespeed&nonce=PD5bjbs1RSrEVSMBqJqGS7pNclUBA72g&litespeed_type=imgoptm HTTP/1.1" 200 5 "-" "WordPress/6.7.2; https://theswadeshbazzar.com"
198.54.114.83 - - [03/Apr/2025:11:54:38 -0400] "POST /wp-cron.php?doing_wp_cron=1743695678.5108370780944824218750 HTTP/1.1" 200 0 "-" "WordPress/6.7.2; https://theswadeshbazzar.com"
193.32.126.224 - - [03/Apr/2025:11:54:38 -0400] "POST /wp-login.php HTTP/1.1" 200 2015 "http://theswadeshbazzar.com/wp-admin/" "Mozilla/5.0 (Windows NT 10.0; Win64; x64) AppleWebKit/537.36 (KHTML, like Gecko) Chrome/90.0.4430.85 Safari/537.36"
193.32.126.224 - - [03/Apr/2025:11:54:39 -0400] "GET /wp-admin/ HTTP/1.1" 302 0 "www.google.com" "Mozilla/5.0 (Windows NT 10.0; Win64; x64) AppleWebKit/537.36 (KHTML, like Gecko) Chrome/90.0.4430.85 Safari/537.36"
198.54.114.83 - - [03/Apr/2025:11:54:39 -0400] "POST /wp-admin/admin-ajax.php?action=async_litespeed&nonce=N5jBH29sL0sr6T0R4YhW3afNbgWPRhfm&litespeed_type=imgoptm HTTP/1.1" 200 5 "-" "WordPress/6.7.2; https://theswadeshbazzar.com"
193.32.126.224 - - [03/Apr/2025:11:54:39 -0400] "GET /wp-login.php?redirect_to=https%3A%2F%2Ftheswadeshbazzar.com%2Fwp-admin%2F&reauth=1 HTTP/1.1" 200 1887 "www.google.com" "Mozilla/5.0 (Windows NT 10.0; Win64; x64) AppleWebKit/537.36 (KHTML, like Gecko) Chrome/90.0.4430.85 Safari/537.36"
66.249.79.133 - - [03/Apr/2025:12:03:53 -0400] "GET /amber-sea-the-jewel-of-the-north/ HTTP/1.1" 404 1251 "-" "Mozilla/5.0 (Linux; Android 6.0.1; Nexus 5X Build/MMB29P) AppleWebKit/537.36 (KHTML, like Gecko) Chrome/134.0.6998.165 Mobile Safari/537.36 (compatible; Googlebot/2.1; +http://www.google.com/bot.html)"
194.169.94.104 - - [03/Apr/2025:12:04:12 -0400] "GET /cbd-for-anxiety-uk-what-you-need-to-know/ HTTP/1.1" 404 1251 "-" "Mozilla/5.0 (X11; Linux x86_64) AppleWebKit/537.36 (KHTML, like Gecko) Chrome/114.0.0.0 Safari/537.36"
194.169.94.104 - - [03/Apr/2025:12:04:13 -0400] "GET / HTTP/1.1" 200 156077 "-" "Mozilla/5.0 (X11; Linux x86_64) AppleWebKit/537.36 (KHTML, like Gecko) Chrome/114.0.0.0 Safari/537.36"
194.169.94.104 - - [03/Apr/2025:12:04:19 -0400] "GET /s/ref=nb_sb_noss?url=search-alias%3Dluxury-beauty&field-keywords= HTTP/1.1" 404 1251 "https://theswadeshbazzar.com" "Mozilla/5.0 (X11; Linux x86_64) AppleWebKit/537.36 (KHTML, like Gecko) Chrome/114.0.0.0 Safari/537.36"
194.169.94.104 - - [03/Apr/2025:12:04:20 -0400] "GET /s/ref=nb_sb_noss?url=search-alias%3Dluxury-beauty&field-keywords= HTTP/1.1" 404 1251 "https://theswadeshbazzar.com" "Mozilla/5.0 (X11; Linux x86_64) AppleWebKit/537.36 (KHTML, like Gecko) Chrome/114.0.0.0 Safari/537.36"
194.169.94.104 - - [03/Apr/2025:12:04:21 -0400] "GET /s/ref=nb_sb_noss?url=search-alias%3Dluxury-beauty&field-keywords= HTTP/1.1" 404 1251 "https://theswadeshbazzar.com" "Mozilla/5.0 (X11; Linux x86_64) AppleWebKit/537.36 (KHTML, like Gecko) Chrome/114.0.0.0 Safari/537.36"
194.169.94.104 - - [03/Apr/2025:12:04:22 -0400] "GET /s/ref=nb_sb_noss?url=search-alias%3Dluxury-beauty&field-keywords= HTTP/1.1" 404 1251 "https://theswadeshbazzar.com" "Mozilla/5.0 (X11; Linux x86_64) AppleWebKit/537.36 (KHTML, like Gecko) Chrome/114.0.0.0 Safari/537.36"
194.169.94.104 - - [03/Apr/2025:12:04:22 -0400] "GET /cbd-for-anxiety-uk-what-you-need-to-know/ HTTP/1.1" 404 1251 "-" "Mozilla/5.0 (X11; Linux x86_64) AppleWebKit/537.36 (KHTML, like Gecko) Chrome/114.0.0.0 Safari/537.36"
194.169.94.104 - - [03/Apr/2025:12:05:26 -0400] "GET /cbd-for-anxiety-uk-what-you-need-to-know/ HTTP/1.1" 404 1251 "-" "Mozilla/5.0 (Macintosh; Intel Mac OS X 12_5) AppleWebKit/605.1.15 (KHTML, like Gecko) Version/15.4 Safari/605.1.15"
151.106.162.202 - - [03/Apr/2025:12:13:00 -0400] "GET /wp-content/uploads/thumbs_dir/WhatsApp-Image-2020-07-02-at-4.23.41-PM-osezeuxbxi0fo2cokutdbqmwuum8zgr6medsunmdro.jpeg HTTP/1.1" 404 1251 "-" "Mozilla/5.0 (X11; Ubuntu; Linux x86_64; rv:72.0) Gecko/20100101 Firefox/72.0"
151.106.162.202 - - [03/Apr/2025:12:13:01 -0400] "GET /wp-content/uploads/thumbs_dir/WhatsApp-Image-2020-07-02-at-4.23.41-PM-osezeuxbxi0fo2cokutdbqmwuum8zgr6medsunmdro.jpeg HTTP/1.1" 404 1251 "-" "Mozilla/5.0 (X11; Ubuntu; Linux x86_64; rv:72.0) Gecko/20100101 Firefox/72.0"
151.106.162.202 - - [03/Apr/2025:12:13:11 -0400] "GET /wp-content/uploads/thumbs_dir/WhatsApp-Image-2020-07-02-at-4.23.41-PM-osezeuxbxi0fo2cokutdbqmwuum8zgr6medsunmdro.jpeg HTTP/1.1" 404 1251 "-" "Mozilla/5.0 (X11; Ubuntu; Linux x86_64; rv:72.0) Gecko/20100101 Firefox/72.0"
51.68.174.45 - - [03/Apr/2025:12:15:40 -0400] "GET /cbd-for-anxiety-uk-what-you-need-to-know/ HTTP/1.1" 404 1251 "https://theswadeshbazzar.com/cbd-for-anxiety-uk-what-you-need-to-know/" "Mozilla/5.0 (Windows NT 10.0; Win64; x64) AppleWebKit/537.36 (KHTML, like Gecko) Chrome/130.0.0.0 Safari/537.36 CCleaner/130.0.0.0"
58.254.68.93 - - [03/Apr/2025:12:22:36 -0400] "GET /zahnimplantate-kunstliche-zahne-konnen-ihre-perspektive-verandern/ HTTP/1.1" 404 1251 "https://theswadeshbazzar.com" "Mozilla/5.0 (Windows NT 10.0; Win64; x64) AppleWebKit/537.36 (KHTML, like Gecko) Chrome/62.0.3202.94 Safari/537.36"
58.254.68.93 - - [03/Apr/2025:12:22:38 -0400] "GET /zahnimplantate-kunstliche-zahne-konnen-ihre-perspektive-verandern/ HTTP/1.1" 404 1251 "https://theswadeshbazzar.com" "Mozilla/5.0 (Windows NT 10.0; Win64; x64) AppleWebKit/537.36 (KHTML, like Gecko) Chrome/62.0.3202.94 Safari/537.36"
58.254.68.93 - - [03/Apr/2025:12:22:41 -0400] "GET /zahnimplantate-kunstliche-zahne-konnen-ihre-perspektive-verandern/ HTTP/1.1" 404 1251 "https://theswadeshbazzar.com" "Mozilla/5.0 (Windows NT 10.0; Win64; x64) AppleWebKit/537.36 (KHTML, like Gecko) Chrome/62.0.3202.94 Safari/537.36"
91.84.98.84 - - [03/Apr/2025:12:22:42 -0400] "GET /best-auto-detailing-products/ HTTP/1.1" 404 1251 "https://theswadeshbazzar.com/best-auto-detailing-products/" "Mozilla/5.0 (Windows NT 6.3; Win64; x64) AppleWebKit/537.36 (KHTML, like Gecko) Chrome/103.0.5060.114 Safari/537.36"
91.84.98.84 - - [03/Apr/2025:12:22:43 -0400] "GET / HTTP/1.1" 200 156077 "https://theswadeshbazzar.com/" "Mozilla/5.0 (Windows NT 6.3; Win64; x64) AppleWebKit/537.36 (KHTML, like Gecko) Chrome/103.0.5060.114 Safari/537.36"
58.254.68.93 - - [03/Apr/2025:12:22:43 -0400] "GET /zahnimplantate-kunstliche-zahne-konnen-ihre-perspektive-verandern/ HTTP/1.1" 404 1251 "https://theswadeshbazzar.com" "Mozilla/5.0 (Windows NT 10.0; Win64; x64) AppleWebKit/537.36 (KHTML, like Gecko) Chrome/62.0.3202.94 Safari/537.36"
40.77.167.157 - - [03/Apr/2025:12:27:25 -0400] "GET /exploring-the-world-of-lab-diamonds-in-toronto/feed/ HTTP/1.1" 404 1251 "-" "Mozilla/5.0 AppleWebKit/537.36 (KHTML, like Gecko; compatible; bingbot/2.0; +http://www.bing.com/bingbot.htm) Chrome/116.0.1938.76 Safari/537.36"
52.167.144.166 - - [03/Apr/2025:12:28:08 -0400] "GET /tailored-guidance-for-individual-needs/ HTTP/1.1" 404 1251 "-" "Mozilla/5.0 AppleWebKit/537.36 (KHTML, like Gecko; compatible; bingbot/2.0; +http://www.bing.com/bingbot.htm) Chrome/116.0.1938.76 Safari/537.36"
151.106.162.202 - - [03/Apr/2025:12:34:04 -0400] "GET /wp-content/uploads/thumbs_dir/WhatsApp-Image-2020-05-23-at-8.03.53-PM-osn5devo6wqbi2lnw81ee9oveyjzayrfl6hcltyc38.jpeg HTTP/1.1" 404 1251 "-" "Mozilla/5.0 (X11; Ubuntu; Linux x86_64; rv:72.0) Gecko/20100101 Firefox/72.0"
151.106.162.202 - - [03/Apr/2025:12:34:05 -0400] "GET /wp-content/uploads/thumbs_dir/WhatsApp-Image-2020-05-23-at-8.03.53-PM-osn5devo6wqbi2lnw81ee9oveyjzayrfl6hcltyc38.jpeg HTTP/1.1" 404 1251 "-" "Mozilla/5.0 (X11; Ubuntu; Linux x86_64; rv:72.0) Gecko/20100101 Firefox/72.0"
52.167.144.166 - - [03/Apr/2025:12:34:11 -0400] "GET /the-benefits-of-business-trip-massage-for-stress-relief/ HTTP/1.1" 404 1251 "-" "Mozilla/5.0 AppleWebKit/537.36 (KHTML, like Gecko; compatible; bingbot/2.0; +http://www.bing.com/bingbot.htm) Chrome/116.0.1938.76 Safari/537.36"
151.106.162.202 - - [03/Apr/2025:12:34:15 -0400] "GET /wp-content/uploads/thumbs_dir/WhatsApp-Image-2020-05-23-at-8.03.53-PM-osn5devo6wqbi2lnw81ee9oveyjzayrfl6hcltyc38.jpeg HTTP/1.1" 404 1251 "-" "Mozilla/5.0 (X11; Ubuntu; Linux x86_64; rv:72.0) Gecko/20100101 Firefox/72.0"
109.172.87.122 - - [03/Apr/2025:12:35:28 -0400] "GET /cbd-for-anxiety-uk-what-you-need-to-know/ HTTP/1.1" 404 1251 "https://theswadeshbazzar.com/cbd-for-anxiety-uk-what-you-need-to-know/" "Mozilla/5.0 (Windows NT 10.0; Win64; x64) AppleWebKit/537.36 (KHTML, like Gecko) Chrome/130.0.0.0 Safari/537.36"
109.172.87.122 - - [03/Apr/2025:12:35:29 -0400] "GET / HTTP/1.1" 200 156077 "https://theswadeshbazzar.com/" "Mozilla/5.0 (Windows NT 10.0; Win64; x64) AppleWebKit/537.36 (KHTML, like Gecko) Chrome/130.0.0.0 Safari/537.36"
52.167.144.194 - - [03/Apr/2025:12:37:44 -0400] "GET /dometic-rv-refrigerators/ HTTP/1.1" 404 1251 "-" "Mozilla/5.0 AppleWebKit/537.36 (KHTML, like Gecko; compatible; bingbot/2.0; +http://www.bing.com/bingbot.htm) Chrome/116.0.1938.76 Safari/537.36"
91.84.98.204 - - [03/Apr/2025:12:44:37 -0400] "GET /cbd-for-anxiety-uk-what-you-need-to-know/ HTTP/1.1" 404 1251 "https://theswadeshbazzar.com/cbd-for-anxiety-uk-what-you-need-to-know/" "Mozilla/5.0 (Windows NT 10.0; Win64; x64) AppleWebKit/537.36 (KHTML, like Gecko) Chrome/131.0.0.0 Safari/537.36"
91.84.98.204 - - [03/Apr/2025:12:44:38 -0400] "GET / HTTP/1.1" 200 156077 "https://theswadeshbazzar.com/" "Mozilla/5.0 (Windows NT 10.0; Win64; x64) AppleWebKit/537.36 (KHTML, like Gecko) Chrome/131.0.0.0 Safari/537.36"
52.167.144.166 - - [03/Apr/2025:12:51:03 -0400] "GET /how-to-win-at-football-betting/ HTTP/1.1" 404 1251 "-" "Mozilla/5.0 AppleWebKit/537.36 (KHTML, like Gecko; compatible; bingbot/2.0; +http://www.bing.com/bingbot.htm) Chrome/116.0.1938.76 Safari/537.36"
188.166.234.225 - - [03/Apr/2025:13:00:47 -0400] "GET /wp-login.php HTTP/1.1" 200 1887 "-" "python-requests/2.31.0"
188.166.234.225 - - [03/Apr/2025:13:00:48 -0400] "GET /wp-login.php HTTP/1.1" 200 1887 "-" "python-requests/2.31.0"
198.54.114.83 - - [03/Apr/2025:13:00:51 -0400] "POST /wp-cron.php?doing_wp_cron=1743699650.9553079605102539062500 HTTP/1.1" 200 0 "-" "WordPress/6.7.2; https://theswadeshbazzar.com"
188.166.234.225 - - [03/Apr/2025:13:00:48 -0400] "POST /wp-login.php HTTP/1.1" 200 2015 "-" "python-requests/2.31.0"
198.54.114.83 - - [03/Apr/2025:13:00:51 -0400] "POST /wp-admin/admin-ajax.php?action=async_litespeed&nonce=DNj797TXLwtyeEVSXownroP7FrSMd1YX&litespeed_type=imgoptm HTTP/1.1" 200 5 "-" "WordPress/6.7.2; https://theswadeshbazzar.com"
54.223.181.71 - - [03/Apr/2025:13:04:54 -0400] "GET /wp-content/uploads/2020/06/Shree-Puneri-Masala-Saunf-2.png HTTP/1.1" 404 1251 "-" "python-requests/2.29.0"
151.106.162.202 - - [03/Apr/2025:13:05:51 -0400] "GET /wp-content/uploads/thumbs_dir/new-p52chpzl3yo7y1667ufh2mgeey77iiduvoi4yg0cpk.png HTTP/1.1" 404 1251 "-" "Mozilla/5.0 (X11; Ubuntu; Linux x86_64; rv:72.0) Gecko/20100101 Firefox/72.0"
151.106.162.202 - - [03/Apr/2025:13:05:51 -0400] "GET /wp-content/uploads/thumbs_dir/new-p52chpzl3yo7y1667ufh2mgeey77iiduvoi4yg0cpk.png HTTP/1.1" 404 1251 "-" "Mozilla/5.0 (X11; Ubuntu; Linux x86_64; rv:72.0) Gecko/20100101 Firefox/72.0"
151.106.162.202 - - [03/Apr/2025:13:05:52 -0400] "GET /wp-content/uploads/thumbs_dir/new-p52chpzl3yo7y1667ufh2mgeey77iiduvoi4yg0cpk.png HTTP/1.1" 404 1251 "-" "Mozilla/5.0 (X11; Ubuntu; Linux x86_64; rv:72.0) Gecko/20100101 Firefox/72.0"
2600:1900:0:3d01::100 - - [03/Apr/2025:13:07:38 -0400] "GET /robots.txt HTTP/1.1" 304 0 "-" "Mozilla/5.0 AppleWebKit/537.36 (KHTML, like Gecko; compatible; web_fetcher/1.0)"
2600:1900:0:3d01::100 - - [03/Apr/2025:13:07:39 -0400] "GET /how-to-maintain-the-carburetor-and-fuel-system-4 HTTP/1.1" 404 1251 "-" "Mozilla/5.0 AppleWebKit/537.36 (KHTML, like Gecko; compatible; web_fetcher/1.0)"
23.94.73.156 - - [03/Apr/2025:13:09:38 -0400] "GET / HTTP/1.1" 200 156077 "-" "Mozilla/5.0 (Windows NT 10.0; Win64; x64; rv:88.0) Gecko/20100101 Firefox/88.0"
189.1.238.209 - - [03/Apr/2025:13:12:02 -0400] "GET /exploring-the-pixelated-world-of-minecraft-pickup-lines/ HTTP/1.1" 404 1251 "https://theswadeshbazzar.com/exploring-the-pixelated-world-of-minecraft-pickup-lines/" "Mozilla/5.0 (Macintosh; Intel Mac OS X 10_15_7) AppleWebKit/537.36 (KHTML, like Gecko) Chrome/119.0.0.0 Safari/537.36"
198.54.114.83 - - [03/Apr/2025:13:15:44 -0400] "POST /wp-cron.php?doing_wp_cron=1743700544.3832321166992187500000 HTTP/1.1" 200 0 "-" "WordPress/6.7.2; https://theswadeshbazzar.com"
54.254.137.198 - - [03/Apr/2025:13:15:42 -0400] "POST /wp-login.php HTTP/1.1" 200 2015 "-" "Mozlila/5.0 (Linux; Android 7.0; SM-G892A Bulid/NRD90M; wv) AppleWebKit/537.36 (KHTML, like Gecko) Version/4.0 Chrome/60.0.3112.107 Moblie Safari/537.36"
54.254.137.198 - - [03/Apr/2025:13:15:45 -0400] "GET /wp-admin/plugin-install.php?tab=upload HTTP/1.1" 302 0 "-" "Mozlila/5.0 (Linux; Android 7.0; SM-G892A Bulid/NRD90M; wv) AppleWebKit/537.36 (KHTML, like Gecko) Version/4.0 Chrome/60.0.3112.107 Moblie Safari/537.36"
198.54.114.83 - - [03/Apr/2025:13:15:45 -0400] "POST /wp-admin/admin-ajax.php?action=async_litespeed&nonce=e8V9zplToJ8UxbxsHEDc5yEXkZ0xcSuU&litespeed_type=imgoptm HTTP/1.1" 200 5 "-" "WordPress/6.7.2; https://theswadeshbazzar.com"
54.254.137.198 - - [03/Apr/2025:13:15:45 -0400] "GET /wp-login.php?redirect_to=https%3A%2F%2Ftheswadeshbazzar.com%2Fwp-admin%2Fplugin-install.php%3Ftab%3Dupload&reauth=1 HTTP/1.1" 200 1906 "-" "Mozlila/5.0 (Linux; Android 7.0; SM-G892A Bulid/NRD90M; wv) AppleWebKit/537.36 (KHTML, like Gecko) Version/4.0 Chrome/60.0.3112.107 Moblie Safari/537.36"
188.166.234.225 - - [03/Apr/2025:13:15:58 -0400] "GET /wp-admin HTTP/1.1" 301 795 "-" "python-requests/2.31.0"
188.166.234.225 - - [03/Apr/2025:13:15:58 -0400] "GET /wp-admin/ HTTP/1.1" 302 0 "-" "python-requests/2.31.0"
188.166.234.225 - - [03/Apr/2025:13:15:59 -0400] "GET /wp-login.php?redirect_to=https%3A%2F%2Ftheswadeshbazzar.com%2Fwp-admin%2F&reauth=1 HTTP/1.1" 200 1887 "-" "python-requests/2.31.0"
188.166.234.225 - - [03/Apr/2025:13:15:59 -0400] "GET /?cffaction=get_data_from_database&query=show%20tables HTTP/1.1" 200 156077 "-" "python-requests/2.31.0"
198.98.61.49 - - [03/Apr/2025:13:19:34 -0400] "GET /wp-login.php HTTP/1.1" 200 1887 "-" "Mozilla/5.0 (Macintosh; Intel Mac OS X 10_9_3) AppleWebKit/537.75.14 (KHTML, like Gecko) Version/7.0.3 Safari/537.75.14"
198.54.114.83 - - [03/Apr/2025:13:19:37 -0400] "POST /wp-cron.php?doing_wp_cron=1743700776.6728489398956298828125 HTTP/1.1" 200 0 "-" "WordPress/6.7.2; https://theswadeshbazzar.com"
198.98.61.49 - - [03/Apr/2025:13:19:34 -0400] "POST /wp-login.php HTTP/1.1" 200 2032 "-" "Mozilla/5.0 (Macintosh; Intel Mac OS X 10_9_3) AppleWebKit/537.75.14 (KHTML, like Gecko) Version/7.0.3 Safari/537.75.14"
198.54.114.83 - - [03/Apr/2025:13:19:37 -0400] "POST /wp-admin/admin-ajax.php?action=async_litespeed&nonce=pvTrZpASgWnq0G1tthQqXAhYvpi5i4ub&litespeed_type=imgoptm HTTP/1.1" 200 5 "-" "WordPress/6.7.2; https://theswadeshbazzar.com"
4.227.36.92 - - [03/Apr/2025:13:25:54 -0400] "GET /robots.txt HTTP/1.1" 304 0 "-" "Mozilla/5.0 AppleWebKit/537.36 (KHTML, like Gecko; compatible; GPTBot/1.2; +https://openai.com/gptbot)"
52.167.144.180 - - [03/Apr/2025:13:26:37 -0400] "GET /how-to-change-the-language-on-netflix/ HTTP/1.1" 404 1251 "-" "Mozilla/5.0 AppleWebKit/537.36 (KHTML, like Gecko; compatible; bingbot/2.0; +http://www.bing.com/bingbot.htm) Chrome/116.0.1938.76 Safari/537.36"
66.249.79.130 - - [03/Apr/2025:13:33:53 -0400] "GET /la-polyvalence-des-plateaux-repas-dentreprise/ HTTP/1.1" 404 1251 "-" "Mozilla/5.0 (Linux; Android 6.0.1; Nexus 5X Build/MMB29P) AppleWebKit/537.36 (KHTML, like Gecko) Chrome/134.0.6998.165 Mobile Safari/537.36 (compatible; Googlebot/2.1; +http://www.google.com/bot.html)"
52.167.144.191 - - [03/Apr/2025:13:34:25 -0400] "GET /lart-de-rue-une-revolution-visuelle/ HTTP/1.1" 404 1251 "-" "Mozilla/5.0 AppleWebKit/537.36 (KHTML, like Gecko; compatible; bingbot/2.0; +http://www.bing.com/bingbot.htm) Chrome/116.0.1938.76 Safari/537.36"
52.167.144.193 - - [03/Apr/2025:13:34:54 -0400] "GET /the-continuum-thiam-siew/ HTTP/1.1" 404 1251 "-" "Mozilla/5.0 AppleWebKit/537.36 (KHTML, like Gecko; compatible; bingbot/2.0; +http://www.bing.com/bingbot.htm) Chrome/116.0.1938.76 Safari/537.36"
156.228.82.255 - - [03/Apr/2025:13:42:36 -0400] "GET /cbd-for-anxiety-uk-what-you-need-to-know/ HTTP/1.1" 404 1251 "-" "Mozilla/5.0 (Windows NT 10.0; Win64; x64; rv:114.0) Gecko/20100101 Firefox/114.0"
156.228.82.255 - - [03/Apr/2025:13:42:38 -0400] "GET / HTTP/1.1" 200 156077 "-" "Mozilla/5.0 (Windows NT 10.0; Win64; x64; rv:114.0) Gecko/20100101 Firefox/114.0"
156.228.82.255 - - [03/Apr/2025:13:42:43 -0400] "GET /dp/B0D3RN5W37?ref=MarsFS_VICC_blinksqm HTTP/1.1" 404 1251 "https://theswadeshbazzar.com" "Mozilla/5.0 (Windows NT 10.0; Win64; x64; rv:114.0) Gecko/20100101 Firefox/114.0"
156.228.82.255 - - [03/Apr/2025:13:42:45 -0400] "GET / HTTP/1.1" 200 156077 "https://theswadeshbazzar.com" "Mozilla/5.0 (Windows NT 10.0; Win64; x64; rv:114.0) Gecko/20100101 Firefox/114.0"
85.208.98.24 - - [03/Apr/2025:13:43:49 -0400] "GET /how-to-produce-a-katana-sword/ HTTP/1.1" 404 1251 "-" "Mozilla/5.0 (compatible; SemrushBot-BA; +http://www.semrush.com/bot.html)"
165.227.83.226 - - [03/Apr/2025:13:49:39 -0400] "GET /wp-login.php HTTP/1.1" 200 1887 "http://theswadeshbazzar.com/wp-admin/" "Mozilla/5.0 (Windows NT 10.0; Win64; x64) AppleWebKit/537.36 (KHTML, like Gecko) Chrome/90.0.4430.85 Safari/537.36"
198.54.114.83 - - [03/Apr/2025:13:49:39 -0400] "POST /wp-admin/admin-ajax.php?action=async_litespeed&nonce=ju7lLDrFgCXdwV5mYfzeTvvquZX4pM3H&litespeed_type=imgoptm HTTP/1.1" 200 0 "-" "WordPress/6.7.2; https://theswadeshbazzar.com"
165.227.83.226 - - [03/Apr/2025:13:49:40 -0400] "GET /wp-admin/ HTTP/1.1" 302 0 "www.google.com" "Mozilla/5.0 (Windows NT 10.0; Win64; x64) AppleWebKit/537.36 (KHTML, like Gecko) Chrome/90.0.4430.85 Safari/537.36"
165.227.83.226 - - [03/Apr/2025:13:49:41 -0400] "GET /wp-login.php?redirect_to=https%3A%2F%2Ftheswadeshbazzar.com%2Fwp-admin%2F&reauth=1 HTTP/1.1" 200 1887 "www.google.com" "Mozilla/5.0 (Windows NT 10.0; Win64; x64) AppleWebKit/537.36 (KHTML, like Gecko) Chrome/90.0.4430.85 Safari/537.36"
114.119.153.104 - - [03/Apr/2025:13:51:03 -0400] "GET /where-to-buy-instagram-likes/ HTTP/1.1" 404 1251 "-" "Mozilla/5.0 (Linux; Android 7.0;) AppleWebKit/537.36 (KHTML, like Gecko) Mobile Safari/537.36 (compatible; PetalBot;+https://webmaster.petalsearch.com/site/petalbot)"
40.77.167.56 - - [03/Apr/2025:13:51:39 -0400] "GET /dormant-and-dynamic-realtors-in-ontario-who-park-their-permit-made-sense-of/ HTTP/1.1" 404 1251 "-" "Mozilla/5.0 AppleWebKit/537.36 (KHTML, like Gecko; compatible; bingbot/2.0; +http://www.bing.com/bingbot.htm) Chrome/116.0.1938.76 Safari/537.36"
114.119.152.5 - - [03/Apr/2025:13:52:54 -0400] "GET /remodeling-services-find-bathroom-and-kitchen-remodelers-on-houzz/ HTTP/1.1" 404 1251 "-" "Mozilla/5.0 (Linux; Android 7.0;) AppleWebKit/537.36 (KHTML, like Gecko) Mobile Safari/537.36 (compatible; PetalBot;+https://webmaster.petalsearch.com/site/petalbot)"
151.106.162.202 - - [03/Apr/2025:13:53:22 -0400] "GET /wp-content/uploads/thumbs_dir/Naach-almonds-orfqwbsn0hz1ehjc1qvje12x8d4zp4sh21z4mh7910.jpeg HTTP/1.1" 404 1251 "-" "Mozilla/5.0 (X11; Ubuntu; Linux x86_64; rv:72.0) Gecko/20100101 Firefox/72.0"
151.106.162.202 - - [03/Apr/2025:13:53:23 -0400] "GET /wp-content/uploads/thumbs_dir/Naach-almonds-orfqwbsn0hz1ehjc1qvje12x8d4zp4sh21z4mh7910.jpeg HTTP/1.1" 404 1251 "-" "Mozilla/5.0 (X11; Ubuntu; Linux x86_64; rv:72.0) Gecko/20100101 Firefox/72.0"
151.106.162.202 - - [03/Apr/2025:13:53:23 -0400] "GET /wp-content/uploads/thumbs_dir/Naach-almonds-orfqwbsn0hz1ehjc1qvje12x8d4zp4sh21z4mh7910.jpeg HTTP/1.1" 404 1251 "-" "Mozilla/5.0 (X11; Ubuntu; Linux x86_64; rv:72.0) Gecko/20100101 Firefox/72.0"
114.119.152.5 - - [03/Apr/2025:13:54:53 -0400] "GET /discover-the-elegance-of-ardor-residence-showflat/ HTTP/1.1" 404 1251 "-" "Mozilla/5.0 (Linux; Android 7.0;) AppleWebKit/537.36 (KHTML, like Gecko) Mobile Safari/537.36 (compatible; PetalBot;+https://webmaster.petalsearch.com/site/petalbot)"
93.183.93.19 - - [03/Apr/2025:13:55:38 -0400] "GET /cbd-for-anxiety-uk-what-you-need-to-know/ HTTP/1.1" 404 1251 "https://theswadeshbazzar.com/cbd-for-anxiety-uk-what-you-need-to-know/" "Mozilla/5.0 (Windows NT 10.0; Win64; x64) AppleWebKit/537.36 (KHTML, like Gecko) Chrome/131.0.0.0 Safari/537.36 Avast/131.0.0.0"
93.183.93.19 - - [03/Apr/2025:13:55:39 -0400] "GET / HTTP/1.1" 200 156077 "https://theswadeshbazzar.com/" "Mozilla/5.0 (Windows NT 10.0; Win64; x64) AppleWebKit/537.36 (KHTML, like Gecko) Chrome/131.0.0.0 Safari/537.36 Avast/131.0.0.0"
93.183.93.19 - - [03/Apr/2025:13:56:12 -0400] "GET /cbd-for-anxiety-uk-what-you-need-to-know/ HTTP/1.1" 404 1251 "https://theswadeshbazzar.com/cbd-for-anxiety-uk-what-you-need-to-know/" "Mozilla/5.0 (Windows NT 10.0; Win64; x64) AppleWebKit/537.36 (KHTML, like Gecko) Chrome/129.0.0.0 Safari/537.36"
93.183.93.19 - - [03/Apr/2025:13:56:13 -0400] "GET / HTTP/1.1" 200 156077 "https://theswadeshbazzar.com/" "Mozilla/5.0 (Windows NT 10.0; Win64; x64) AppleWebKit/537.36 (KHTML, like Gecko) Chrome/129.0.0.0 Safari/537.36"
114.119.157.36 - - [03/Apr/2025:13:56:40 -0400] "GET /category/sign-up/ HTTP/1.1" 404 1251 "-" "Mozilla/5.0 (Linux; Android 7.0;) AppleWebKit/537.36 (KHTML, like Gecko) Mobile Safari/537.36 (compatible; PetalBot;+https://webmaster.petalsearch.com/site/petalbot)"
185.157.212.157 - - [03/Apr/2025:14:10:01 -0400] "GET /cbd-for-anxiety-uk-what-you-need-to-know/ HTTP/1.1" 404 1251 "https://theswadeshbazzar.com/cbd-for-anxiety-uk-what-you-need-to-know/" "Mozilla/5.0 (Windows NT 10.0; Win64; x64) AppleWebKit/537.36 (KHTML, like Gecko) Chrome/131.0.0.0 Safari/537.36"
185.157.212.157 - - [03/Apr/2025:14:10:03 -0400] "GET / HTTP/1.1" 200 156077 "https://theswadeshbazzar.com/" "Mozilla/5.0 (Windows NT 10.0; Win64; x64) AppleWebKit/537.36 (KHTML, like Gecko) Chrome/131.0.0.0 Safari/537.36"
52.167.144.233 - - [03/Apr/2025:14:10:53 -0400] "GET /product-tag/cool/ HTTP/1.1" 404 1251 "-" "Mozilla/5.0 AppleWebKit/537.36 (KHTML, like Gecko; compatible; bingbot/2.0; +http://www.bing.com/bingbot.htm) Chrome/116.0.1938.76 Safari/537.36"
91.84.98.204 - - [03/Apr/2025:14:13:36 -0400] "GET /cbd-for-anxiety-uk-what-you-need-to-know/ HTTP/1.1" 404 1251 "https://theswadeshbazzar.com/cbd-for-anxiety-uk-what-you-need-to-know/" "Mozilla/5.0 (Windows NT 10.0; Win64; x64) AppleWebKit/537.36 (KHTML, like Gecko) Chrome/129.0.0.0 Safari/537.36"
91.84.98.204 - - [03/Apr/2025:14:13:37 -0400] "GET / HTTP/1.1" 200 156077 "https://theswadeshbazzar.com/" "Mozilla/5.0 (Windows NT 10.0; Win64; x64) AppleWebKit/537.36 (KHTML, like Gecko) Chrome/129.0.0.0 Safari/537.36"
198.54.114.83 - - [03/Apr/2025:14:18:20 -0400] "POST /wp-cron.php?doing_wp_cron=1743704300.1032791137695312500000 HTTP/1.1" 200 0 "-" "WordPress/6.7.2; https://theswadeshbazzar.com"
54.254.137.198 - - [03/Apr/2025:14:18:16 -0400] "POST /wp-login.php HTTP/1.1" 200 2015 "-" "Mozlila/5.0 (Linux; Android 7.0; SM-G892A Bulid/NRD90M; wv) AppleWebKit/537.36 (KHTML, like Gecko) Version/4.0 Chrome/60.0.3112.107 Moblie Safari/537.36"
54.254.137.198 - - [03/Apr/2025:14:18:21 -0400] "GET /wp-admin/plugin-install.php?tab=upload HTTP/1.1" 302 0 "-" "Mozlila/5.0 (Linux; Android 7.0; SM-G892A Bulid/NRD90M; wv) AppleWebKit/537.36 (KHTML, like Gecko) Version/4.0 Chrome/60.0.3112.107 Moblie Safari/537.36"
198.54.114.83 - - [03/Apr/2025:14:18:21 -0400] "POST /wp-admin/admin-ajax.php?action=async_litespeed&nonce=6RMvva7SDe4mHGVOWVcv4YOJFNi4RICn&litespeed_type=imgoptm HTTP/1.1" 200 0 "-" "WordPress/6.7.2; https://theswadeshbazzar.com"
54.254.137.198 - - [03/Apr/2025:14:18:22 -0400] "GET /wp-login.php?redirect_to=https%3A%2F%2Ftheswadeshbazzar.com%2Fwp-admin%2Fplugin-install.php%3Ftab%3Dupload&reauth=1 HTTP/1.1" 200 1906 "-" "Mozlila/5.0 (Linux; Android 7.0; SM-G892A Bulid/NRD90M; wv) AppleWebKit/537.36 (KHTML, like Gecko) Version/4.0 Chrome/60.0.3112.107 Moblie Safari/537.36"
157.245.155.211 - - [03/Apr/2025:14:19:55 -0400] "GET /uploaded_script.php HTTP/1.1" 404 1251 "www.google.com" "Mozilla/5.0 (Linux; Android 7.0; SM-G892A Build/NRD90M; wv) AppleWebKit/537.36 (KHTML, like Gecko) Version/4.0 Chrome/60.0.3112.107 Mobile Safari/537.36"
52.167.144.147 - - [03/Apr/2025:14:22:10 -0400] "GET /nashville-maids-and-cleaning-services/ HTTP/1.1" 404 1251 "-" "Mozilla/5.0 AppleWebKit/537.36 (KHTML, like Gecko; compatible; bingbot/2.0; +http://www.bing.com/bingbot.htm) Chrome/116.0.1938.76 Safari/537.36"
58.254.68.93 - - [03/Apr/2025:14:22:24 -0400] "GET /zahnimplantate-kunstliche-zahne-konnen-ihre-perspektive-verandern/ HTTP/1.1" 404 1251 "https://theswadeshbazzar.com" "Mozilla/5.0 (Windows NT 10.0; Win64; x64) AppleWebKit/537.36 (KHTML, like Gecko) Chrome/62.0.3202.94 Safari/537.36"
58.254.68.93 - - [03/Apr/2025:14:22:26 -0400] "GET /zahnimplantate-kunstliche-zahne-konnen-ihre-perspektive-verandern/ HTTP/1.1" 404 1251 "https://theswadeshbazzar.com" "Mozilla/5.0 (Windows NT 10.0; Win64; x64) AppleWebKit/537.36 (KHTML, like Gecko) Chrome/62.0.3202.94 Safari/537.36"
58.254.68.93 - - [03/Apr/2025:14:22:29 -0400] "GET /zahnimplantate-kunstliche-zahne-konnen-ihre-perspektive-verandern/ HTTP/1.1" 404 1251 "https://theswadeshbazzar.com" "Mozilla/5.0 (Windows NT 10.0; Win64; x64) AppleWebKit/537.36 (KHTML, like Gecko) Chrome/62.0.3202.94 Safari/537.36"
58.254.68.93 - - [03/Apr/2025:14:22:32 -0400] "GET /zahnimplantate-kunstliche-zahne-konnen-ihre-perspektive-verandern/ HTTP/1.1" 404 1251 "https://theswadeshbazzar.com" "Mozilla/5.0 (Windows NT 10.0; Win64; x64) AppleWebKit/537.36 (KHTML, like Gecko) Chrome/62.0.3202.94 Safari/537.36"
52.167.144.157 - - [03/Apr/2025:14:22:53 -0400] "GET /product/shree-sthapna-pooja-kit/ HTTP/1.1" 404 1251 "-" "Mozilla/5.0 AppleWebKit/537.36 (KHTML, like Gecko; compatible; bingbot/2.0; +http://www.bing.com/bingbot.htm) Chrome/116.0.1938.76 Safari/537.36"
3.145.20.233 - - [03/Apr/2025:14:24:48 -0400] "GET /robots.txt HTTP/1.1" 304 0 "-" "Mozilla/5.0 AppleWebKit/537.36 (KHTML, like Gecko; compatible; ClaudeBot/1.0; +claudebot@anthropic.com)"
3.145.20.233 - - [03/Apr/2025:14:24:49 -0400] "GET /a-review-of-the-stitch-hoodie HTTP/1.1" 404 1251 "-" "Mozilla/5.0 AppleWebKit/537.36 (KHTML, like Gecko; compatible; ClaudeBot/1.0; +claudebot@anthropic.com)"
185.157.212.157 - - [03/Apr/2025:14:28:45 -0400] "GET /cbd-for-anxiety-uk-what-you-need-to-know/ HTTP/1.1" 404 1251 "https://theswadeshbazzar.com/cbd-for-anxiety-uk-what-you-need-to-know/" "Mozilla/5.0 (Windows NT 10.0; Win64; x64) AppleWebKit/537.36 (KHTML, like Gecko) Chrome/130.0.0.0 Safari/537.36 CCleaner/130.0.0.0"
185.157.212.157 - - [03/Apr/2025:14:28:47 -0400] "GET / HTTP/1.1" 200 156077 "https://theswadeshbazzar.com/" "Mozilla/5.0 (Windows NT 10.0; Win64; x64) AppleWebKit/537.36 (KHTML, like Gecko) Chrome/130.0.0.0 Safari/537.36 CCleaner/130.0.0.0"
109.172.87.122 - - [03/Apr/2025:14:31:41 -0400] "GET /cbd-for-anxiety-uk-what-you-need-to-know/ HTTP/1.1" 404 1251 "https://theswadeshbazzar.com/cbd-for-anxiety-uk-what-you-need-to-know/" "Mozilla/5.0 (Windows NT 10.0; Win64; x64) AppleWebKit/537.36 (KHTML, like Gecko) Chrome/130.0.0.0 Safari/537.36"
109.172.87.122 - - [03/Apr/2025:14:31:42 -0400] "GET / HTTP/1.1" 200 156077 "https://theswadeshbazzar.com/" "Mozilla/5.0 (Windows NT 10.0; Win64; x64) AppleWebKit/537.36 (KHTML, like Gecko) Chrome/130.0.0.0 Safari/537.36"
178.217.98.213 - - [03/Apr/2025:14:32:34 -0400] "GET /cbd-for-anxiety-uk-what-you-need-to-know/ HTTP/1.1" 404 1251 "https://theswadeshbazzar.com/cbd-for-anxiety-uk-what-you-need-to-know/" "Mozilla/5.0 (Windows NT 10.0; Win64; x64) AppleWebKit/537.36 (KHTML, like Gecko) Chrome/130.0.0.0 Safari/537.36"
178.217.98.213 - - [03/Apr/2025:14:32:35 -0400] "GET / HTTP/1.1" 200 156077 "https://theswadeshbazzar.com/" "Mozilla/5.0 (Windows NT 10.0; Win64; x64) AppleWebKit/537.36 (KHTML, like Gecko) Chrome/130.0.0.0 Safari/537.36"
52.167.144.161 - - [03/Apr/2025:14:35:14 -0400] "GET /led-screen-rental-what-you-need-to-know/ HTTP/1.1" 404 1251 "-" "Mozilla/5.0 AppleWebKit/537.36 (KHTML, like Gecko; compatible; bingbot/2.0; +http://www.bing.com/bingbot.htm) Chrome/116.0.1938.76 Safari/537.36"
52.167.144.225 - - [03/Apr/2025:14:35:35 -0400] "GET /the-nitty-gritty-to-soccer-safety/ HTTP/1.1" 404 1251 "-" "Mozilla/5.0 AppleWebKit/537.36 (KHTML, like Gecko; compatible; bingbot/2.0; +http://www.bing.com/bingbot.htm) Chrome/116.0.1938.76 Safari/537.36"
52.167.144.210 - - [03/Apr/2025:14:35:53 -0400] "GET /effizientes-accounting-fur-unternehmenserfolg/ HTTP/1.1" 404 1251 "-" "Mozilla/5.0 AppleWebKit/537.36 (KHTML, like Gecko; compatible; bingbot/2.0; +http://www.bing.com/bingbot.htm) Chrome/116.0.1938.76 Safari/537.36"
66.249.79.136 - - [03/Apr/2025:14:38:18 -0400] "GET /growth-hormone-in-canada-benefits-and-access/ HTTP/1.1" 404 1251 "-" "Mozilla/5.0 (Linux; Android 6.0.1; Nexus 5X Build/MMB29P) AppleWebKit/537.36 (KHTML, like Gecko) Chrome/135.0.7049.52 Mobile Safari/537.36 (compatible; Googlebot/2.1; +http://www.google.com/bot.html)"
198.54.114.83 - - [03/Apr/2025:14:40:51 -0400] "POST /wp-cron.php?doing_wp_cron=1743705650.8984858989715576171875 HTTP/1.1" 200 0 "-" "WordPress/6.7.2; https://theswadeshbazzar.com"
159.242.234.83 - - [03/Apr/2025:14:40:46 -0400] "POST /wp-login.php HTTP/1.1" 200 2009 "-" "python-requests/2.28.2"
198.54.114.83 - - [03/Apr/2025:14:40:51 -0400] "POST /wp-admin/admin-ajax.php?action=async_litespeed&nonce=1bBYm3RB6IjpEDkINJuymjv4Z1K8QTrA&litespeed_type=imgoptm HTTP/1.1" 200 0 "-" "WordPress/6.7.2; https://theswadeshbazzar.com"
18.209.116.12 - - [03/Apr/2025:14:41:11 -0400] "GET /how-to-use-icebreaker-questions-to-warm-up-conversations/ HTTP/1.1" 404 1251 "-" "Grammarly/1.0 (http://www.grammarly.com)"
195.2.84.178 - - [03/Apr/2025:14:42:53 -0400] "GET /best-auto-detailing-products/ HTTP/1.1" 404 1251 "https://theswadeshbazzar.com/best-auto-detailing-products/" "Mozilla/5.0 (Windows NT 10.0; Win64; x64) AppleWebKit/537.36 (KHTML, like Gecko) Chrome/131.0.0.0 Safari/537.36"
195.2.84.178 - - [03/Apr/2025:14:42:53 -0400] "GET /best-auto-detailing-products/ HTTP/1.1" 404 1251 "https://theswadeshbazzar.com/best-auto-detailing-products/" "Mozilla/5.0 (Windows NT 10.0; Win64; x64) AppleWebKit/537.36 (KHTML, like Gecko) Chrome/131.0.0.0 Safari/537.36 Avast/131.0.0.0"
195.2.84.178 - - [03/Apr/2025:14:42:53 -0400] "GET / HTTP/1.1" 200 156077 "https://theswadeshbazzar.com/" "Mozilla/5.0 (Windows NT 10.0; Win64; x64) AppleWebKit/537.36 (KHTML, like Gecko) Chrome/131.0.0.0 Safari/537.36"
195.2.84.178 - - [03/Apr/2025:14:42:53 -0400] "GET / HTTP/1.1" 200 156077 "https://theswadeshbazzar.com/" "Mozilla/5.0 (Windows NT 10.0; Win64; x64) AppleWebKit/537.36 (KHTML, like Gecko) Chrome/131.0.0.0 Safari/537.36 Avast/131.0.0.0"
176.123.10.50 - - [03/Apr/2025:14:45:33 -0400] "GET / HTTP/1.1" 200 156077 "-" "Mozilla/5.0 (compatible; ScannerBot/1.0)"
58.254.68.93 - - [03/Apr/2025:14:47:06 -0400] "GET /zahnimplantate-kunstliche-zahne-konnen-ihre-perspektive-verandern/ HTTP/1.1" 404 1251 "https://theswadeshbazzar.com" "Mozilla/5.0 (Windows NT 10.0; Win64; x64) AppleWebKit/537.36 (KHTML, like Gecko) Chrome/62.0.3202.94 Safari/537.36"
58.254.68.93 - - [03/Apr/2025:14:47:09 -0400] "GET /zahnimplantate-kunstliche-zahne-konnen-ihre-perspektive-verandern/ HTTP/1.1" 404 1251 "https://theswadeshbazzar.com" "Mozilla/5.0 (Windows NT 10.0; Win64; x64) AppleWebKit/537.36 (KHTML, like Gecko) Chrome/62.0.3202.94 Safari/537.36"
58.254.68.93 - - [03/Apr/2025:14:47:13 -0400] "GET /zahnimplantate-kunstliche-zahne-konnen-ihre-perspektive-verandern/ HTTP/1.1" 404 1251 "https://theswadeshbazzar.com" "Mozilla/5.0 (Windows NT 10.0; Win64; x64) AppleWebKit/537.36 (KHTML, like Gecko) Chrome/62.0.3202.94 Safari/537.36"
58.254.68.93 - - [03/Apr/2025:14:47:15 -0400] "GET /zahnimplantate-kunstliche-zahne-konnen-ihre-perspektive-verandern/ HTTP/1.1" 404 1251 "https://theswadeshbazzar.com" "Mozilla/5.0 (Windows NT 10.0; Win64; x64) AppleWebKit/537.36 (KHTML, like Gecko) Chrome/62.0.3202.94 Safari/537.36"
2401:4900:1c33:4708:283a:7ea9:729:5a32 - - [03/Apr/2025:14:51:26 -0400] "GET / HTTP/1.1" 200 156077 "-" "Mozilla/5.0 (Macintosh; Intel Mac OS X 10_11_1) AppleWebKit/601.2.4 (KHTML, like Gecko) Version/9.0.1 Safari/601.2.4 facebookexternalhit/1.1 Facebot Twitterbot/1.0"
2401:4900:8822:3e89:37:8874:92e4:11eb - - [03/Apr/2025:14:52:07 -0400] "GET / HTTP/1.1" 200 156077 "-" "Mozilla/5.0 (Macintosh; Intel Mac OS X 10_11_1) AppleWebKit/601.2.4 (KHTML, like Gecko) Version/9.0.1 Safari/601.2.4 facebookexternalhit/1.1 Facebot Twitterbot/1.0"
72.14.199.69 - - [03/Apr/2025:14:53:44 -0400] "GET /.well-known/assetlinks.json HTTP/1.1" 404 1251 "-" "Mozilla/5.0 (Windows NT 10.0; Win64; x64)AppleWebKit/537.36 (KHTML, like Gecko) Chrome/91.0.4472.101 Safari/537.36"
74.80.208.211 - - [03/Apr/2025:14:56:34 -0400] "GET /wp-json/wp/v2/posts/1897 HTTP/1.1" 404 1251 "-" "Mozilla/5.0 (compatible; ImagesiftBot; +imagesift.com)"
74.80.208.211 - - [03/Apr/2025:14:56:37 -0400] "GET /top-advantages-of-professional-school-sports-tours/ HTTP/1.1" 404 1251 "-" "Mozilla/5.0 (compatible; ImagesiftBot; +imagesift.com)"
74.80.208.211 - - [03/Apr/2025:14:56:50 -0400] "GET /troubles-de-lalimentation-les-troubles-de-lalimentation-sont-ils-traitables/ HTTP/1.1" 404 1251 "-" "Mozilla/5.0 (compatible; ImagesiftBot; +imagesift.com)"
74.80.208.211 - - [03/Apr/2025:14:57:07 -0400] "GET /wp-json/wp/v2/posts/1377 HTTP/1.1" 404 1251 "-" "Mozilla/5.0 (compatible; ImagesiftBot; +imagesift.com)"
74.80.208.211 - - [03/Apr/2025:14:57:09 -0400] "GET /how-to-turn-off-iphone-pro-max-12/ HTTP/1.1" 404 1251 "-" "Mozilla/5.0 (compatible; ImagesiftBot; +imagesift.com)"
74.80.208.211 - - [03/Apr/2025:14:57:15 -0400] "GET /wp-json/wp/v2/posts/1212 HTTP/1.1" 404 1251 "-" "Mozilla/5.0 (compatible; ImagesiftBot; +imagesift.com)"
74.80.208.211 - - [03/Apr/2025:14:57:17 -0400] "GET /wp-json/wp/v2/posts/523 HTTP/1.1" 404 1251 "-" "Mozilla/5.0 (compatible; ImagesiftBot; +imagesift.com)"
74.80.208.211 - - [03/Apr/2025:14:57:25 -0400] "GET /wp-json/wp/v2/posts/1751 HTTP/1.1" 404 1251 "-" "Mozilla/5.0 (compatible; ImagesiftBot; +imagesift.com)"
74.80.208.211 - - [03/Apr/2025:14:57:27 -0400] "GET /wp-json/wp/v2/posts/1396 HTTP/1.1" 404 1251 "-" "Mozilla/5.0 (compatible; ImagesiftBot; +imagesift.com)"
74.80.208.211 - - [03/Apr/2025:14:57:29 -0400] "GET /wp-json/wp/v2/posts/271 HTTP/1.1" 404 1251 "-" "Mozilla/5.0 (compatible; ImagesiftBot; +imagesift.com)"
74.80.208.211 - - [03/Apr/2025:14:57:32 -0400] "GET /viralyft-review-is-it-safe-to-buy-youtube-shares/ HTTP/1.1" 404 1251 "-" "Mozilla/5.0 (compatible; ImagesiftBot; +imagesift.com)"
74.80.208.211 - - [03/Apr/2025:14:57:35 -0400] "GET /wp-json/wp/v2/posts/87 HTTP/1.1" 404 1251 "-" "Mozilla/5.0 (compatible; ImagesiftBot; +imagesift.com)"
74.80.208.211 - - [03/Apr/2025:14:57:36 -0400] "GET /page/15/ HTTP/1.1" 404 1251 "-" "Mozilla/5.0 (compatible; ImagesiftBot; +imagesift.com)"
74.80.208.211 - - [03/Apr/2025:14:57:38 -0400] "GET /wp-json/wp/v2/posts/1250 HTTP/1.1" 404 1251 "-" "Mozilla/5.0 (compatible; ImagesiftBot; +imagesift.com)"
74.80.208.211 - - [03/Apr/2025:14:57:41 -0400] "GET /mk-sales-bag-uk/ HTTP/1.1" 404 1251 "-" "Mozilla/5.0 (compatible; ImagesiftBot; +imagesift.com)"
74.80.208.211 - - [03/Apr/2025:14:57:42 -0400] "GET /wp-json/wp/v2/posts/464 HTTP/1.1" 404 1251 "-" "Mozilla/5.0 (compatible; ImagesiftBot; +imagesift.com)"
74.80.208.211 - - [03/Apr/2025:14:57:43 -0400] "GET /category/activity/page/83/ HTTP/1.1" 404 1251 "-" "Mozilla/5.0 (compatible; ImagesiftBot; +imagesift.com)"
74.80.208.211 - - [03/Apr/2025:14:57:45 -0400] "GET /how-to-buy-youtube-watch-time-safely/ HTTP/1.1" 404 1251 "-" "Mozilla/5.0 (compatible; ImagesiftBot; +imagesift.com)"
74.80.208.211 - - [03/Apr/2025:14:57:47 -0400] "GET /wp-json/wp/v2/posts/1905 HTTP/1.1" 404 1251 "-" "Mozilla/5.0 (compatible; ImagesiftBot; +imagesift.com)"
74.80.208.211 - - [03/Apr/2025:14:57:49 -0400] "GET /what-is-a-rechtsanwalt/ HTTP/1.1" 404 1251 "-" "Mozilla/5.0 (compatible; ImagesiftBot; +imagesift.com)"
74.80.208.211 - - [03/Apr/2025:14:57:51 -0400] "GET /sports-supplement/ HTTP/1.1" 404 1251 "-" "Mozilla/5.0 (compatible; ImagesiftBot; +imagesift.com)"
74.80.208.211 - - [03/Apr/2025:14:57:52 -0400] "GET /ps4-v-xbox-one-hardware-comparison/ HTTP/1.1" 404 1251 "-" "Mozilla/5.0 (compatible; ImagesiftBot; +imagesift.com)"
74.80.208.211 - - [03/Apr/2025:14:57:53 -0400] "GET /wp-json/wp/v2/posts/1404 HTTP/1.1" 404 1251 "-" "Mozilla/5.0 (compatible; ImagesiftBot; +imagesift.com)"
74.80.208.211 - - [03/Apr/2025:14:57:55 -0400] "GET /choosing-the-best-fertility-center-in-dubai/ HTTP/1.1" 404 1251 "-" "Mozilla/5.0 (compatible; ImagesiftBot; +imagesift.com)"
74.80.208.211 - - [03/Apr/2025:14:57:58 -0400] "GET /best-hiking-boots-for-plantar-fasciitis/ HTTP/1.1" 404 1251 "-" "Mozilla/5.0 (compatible; ImagesiftBot; +imagesift.com)"
74.80.208.211 - - [03/Apr/2025:14:58:01 -0400] "GET /buying-office-furniture-for-your-home-or-small-business/ HTTP/1.1" 404 1251 "-" "Mozilla/5.0 (compatible; ImagesiftBot; +imagesift.com)"
74.80.208.211 - - [03/Apr/2025:14:58:03 -0400] "GET /wp-json/wp/v2/posts/1423 HTTP/1.1" 404 1251 "-" "Mozilla/5.0 (compatible; ImagesiftBot; +imagesift.com)"
74.80.208.211 - - [03/Apr/2025:14:58:05 -0400] "GET /wp-json/wp/v2/posts/1962 HTTP/1.1" 404 1251 "-" "Mozilla/5.0 (compatible; ImagesiftBot; +imagesift.com)"
74.80.208.211 - - [03/Apr/2025:14:58:06 -0400] "GET /wp-json/wp/v2/posts/598 HTTP/1.1" 404 1251 "-" "Mozilla/5.0 (compatible; ImagesiftBot; +imagesift.com)"
74.80.208.211 - - [03/Apr/2025:14:58:08 -0400] "GET /how-to-select-a-portable-fire-fighting-pump/ HTTP/1.1" 404 1251 "-" "Mozilla/5.0 (compatible; ImagesiftBot; +imagesift.com)"
74.80.208.211 - - [03/Apr/2025:14:58:12 -0400] "GET /wp-json/wp/v2/posts/1087 HTTP/1.1" 404 1251 "-" "Mozilla/5.0 (compatible; ImagesiftBot; +imagesift.com)"
74.80.208.211 - - [03/Apr/2025:14:58:15 -0400] "GET /top-5-gifts-for-cyclists/ HTTP/1.1" 404 1251 "-" "Mozilla/5.0 (compatible; ImagesiftBot; +imagesift.com)"
74.80.208.211 - - [03/Apr/2025:14:58:16 -0400] "GET /how-to-create-a-professional-and-effective-about-for-business-cards/ HTTP/1.1" 404 1251 "-" "Mozilla/5.0 (compatible; ImagesiftBot; +imagesift.com)"
74.80.208.211 - - [03/Apr/2025:14:58:18 -0400] "GET /le-katana-comme-symbole-de-force-et-de-courage-dans-les-mangas/ HTTP/1.1" 404 1251 "-" "Mozilla/5.0 (compatible; ImagesiftBot; +imagesift.com)"
74.80.208.211 - - [03/Apr/2025:14:58:20 -0400] "GET /wp-json/wp/v2/posts/739 HTTP/1.1" 404 1251 "-" "Mozilla/5.0 (compatible; ImagesiftBot; +imagesift.com)"
74.80.208.211 - - [03/Apr/2025:14:58:22 -0400] "GET /what-is-a-casino/ HTTP/1.1" 404 1251 "-" "Mozilla/5.0 (compatible; ImagesiftBot; +imagesift.com)"
74.80.208.211 - - [03/Apr/2025:14:58:25 -0400] "GET /wp-json/wp/v2/posts/73 HTTP/1.1" 404 1251 "-" "Mozilla/5.0 (compatible; ImagesiftBot; +imagesift.com)"
74.80.208.211 - - [03/Apr/2025:14:58:27 -0400] "GET /best-cbd-oil-products-uk/ HTTP/1.1" 404 1251 "-" "Mozilla/5.0 (compatible; ImagesiftBot; +imagesift.com)"
74.80.208.211 - - [03/Apr/2025:14:58:31 -0400] "GET /category/activity/page/55/ HTTP/1.1" 404 1251 "-" "Mozilla/5.0 (compatible; ImagesiftBot; +imagesift.com)"
74.80.208.211 - - [03/Apr/2025:14:58:34 -0400] "GET /profession-of-locksmith-better-know-the-dangers-beforehand/ HTTP/1.1" 404 1251 "-" "Mozilla/5.0 (compatible; ImagesiftBot; +imagesift.com)"
74.80.208.211 - - [03/Apr/2025:14:58:39 -0400] "GET /wp-json/wp/v2/posts/1615 HTTP/1.1" 404 1251 "-" "Mozilla/5.0 (compatible; ImagesiftBot; +imagesift.com)"
74.80.208.211 - - [03/Apr/2025:14:58:42 -0400] "GET /pokemon-shops-in-japan/ HTTP/1.1" 404 1251 "-" "Mozilla/5.0 (compatible; ImagesiftBot; +imagesift.com)"
74.80.208.211 - - [03/Apr/2025:14:58:43 -0400] "GET /wp-json/wp/v2/posts/1279 HTTP/1.1" 404 1251 "-" "Mozilla/5.0 (compatible; ImagesiftBot; +imagesift.com)"
74.80.208.211 - - [03/Apr/2025:14:58:45 -0400] "GET /wp-json/wp/v2/posts/324 HTTP/1.1" 404 1251 "-" "Mozilla/5.0 (compatible; ImagesiftBot; +imagesift.com)"
74.80.208.211 - - [03/Apr/2025:14:58:48 -0400] "GET /loans-for-women-starting-a-business/ HTTP/1.1" 404 1251 "-" "Mozilla/5.0 (compatible; ImagesiftBot; +imagesift.com)"
74.80.208.211 - - [03/Apr/2025:14:58:49 -0400] "GET /wp-json/wp/v2/posts/1653 HTTP/1.1" 404 1251 "-" "Mozilla/5.0 (compatible; ImagesiftBot; +imagesift.com)"
74.80.208.211 - - [03/Apr/2025:14:58:53 -0400] "GET /wp-json/wp/v2/posts/1298 HTTP/1.1" 404 1251 "-" "Mozilla/5.0 (compatible; ImagesiftBot; +imagesift.com)"
74.80.208.211 - - [03/Apr/2025:14:58:56 -0400] "GET /why-you-need-to-switch-to-organic-skin-care/ HTTP/1.1" 404 1251 "-" "Mozilla/5.0 (compatible; ImagesiftBot; +imagesift.com)"
74.80.208.211 - - [03/Apr/2025:14:58:58 -0400] "GET /wp-admin/ HTTP/1.1" 200 0 "-" "Mozilla/5.0 (compatible; ImagesiftBot; +imagesift.com)"
198.54.114.83 - - [03/Apr/2025:14:59:01 -0400] "POST /wp-cron.php?doing_wp_cron=1743706741.0742220878601074218750 HTTP/1.1" 200 0 "-" "WordPress/6.7.2; https://theswadeshbazzar.com"
198.54.114.83 - - [03/Apr/2025:14:59:01 -0400] "POST /wp-cron.php?doing_wp_cron=1743706741.0770409107208251953125 HTTP/1.1" 200 0 "-" "WordPress/6.7.2; https://theswadeshbazzar.com"
54.254.137.198 - - [03/Apr/2025:14:58:56 -0400] "POST /wp-login.php HTTP/1.1" 200 2015 "-" "Mozlila/5.0 (Linux; Android 7.0; SM-G892A Bulid/NRD90M; wv) AppleWebKit/537.36 (KHTML, like Gecko) Version/4.0 Chrome/60.0.3112.107 Moblie Safari/537.36"
54.254.137.198 - - [03/Apr/2025:14:59:02 -0400] "GET /wp-admin/plugin-install.php?tab=upload HTTP/1.1" 302 0 "-" "Mozlila/5.0 (Linux; Android 7.0; SM-G892A Bulid/NRD90M; wv) AppleWebKit/537.36 (KHTML, like Gecko) Version/4.0 Chrome/60.0.3112.107 Moblie Safari/537.36"
198.54.114.83 - - [03/Apr/2025:14:59:02 -0400] "POST /wp-admin/admin-ajax.php?action=async_litespeed&nonce=nv4PX5J16DcI9Vt5lrIQ7WA2RqY6Z6Z1&litespeed_type=imgoptm HTTP/1.1" 200 5 "-" "WordPress/6.7.2; https://theswadeshbazzar.com"
54.254.137.198 - - [03/Apr/2025:14:59:02 -0400] "GET /wp-login.php?redirect_to=https%3A%2F%2Ftheswadeshbazzar.com%2Fwp-admin%2Fplugin-install.php%3Ftab%3Dupload&reauth=1 HTTP/1.1" 200 1906 "-" "Mozlila/5.0 (Linux; Android 7.0; SM-G892A Bulid/NRD90M; wv) AppleWebKit/537.36 (KHTML, like Gecko) Version/4.0 Chrome/60.0.3112.107 Moblie Safari/537.36"
