Server IP : 104.21.46.188 / Your IP : 3.147.195.139 Web Server : LiteSpeed System : Linux business31.web-hosting.com 4.18.0-553.16.1.lve.1.el8.x86_64 #1 SMP Mon Sep 23 20:16:18 UTC 2024 x86_64 User : varizmol ( 2121) PHP Version : 8.0.30 Disable Function : NONE MySQL : OFF | cURL : ON | WGET : ON | Perl : ON | Python : ON | Sudo : OFF | Pkexec : OFF Directory : /home/varizmol/access-logs/ |
Upload File : |
195.2.85.110 - - [29/Mar/2025:18:38:48 -0400] "GET /best-auto-detailing-products/ HTTP/1.1" 404 1251 "https://theswadeshbazzar.com/best-auto-detailing-products/" "Mozilla/5.0 (Windows NT 10.0; Win64; x64) AppleWebKit/537.36 (KHTML, like Gecko) Chrome/130.0.0.0 Safari/537.36"
195.2.85.110 - - [29/Mar/2025:18:38:49 -0400] "GET / HTTP/1.1" 200 156077 "https://theswadeshbazzar.com/" "Mozilla/5.0 (Windows NT 10.0; Win64; x64) AppleWebKit/537.36 (KHTML, like Gecko) Chrome/130.0.0.0 Safari/537.36"
66.249.66.4 - - [29/Mar/2025:18:39:51 -0400] "GET /shop/feed/ HTTP/1.1" 404 1251 "-" "Mozilla/5.0 (Linux; Android 6.0.1; Nexus 5X Build/MMB29P) AppleWebKit/537.36 (KHTML, like Gecko) Chrome/134.0.6998.165 Mobile Safari/537.36 (compatible; Googlebot/2.1; +http://www.google.com/bot.html)"
109.172.87.122 - - [29/Mar/2025:18:40:43 -0400] "GET /cbd-for-anxiety-uk-what-you-need-to-know/ HTTP/1.1" 404 1251 "https://theswadeshbazzar.com/cbd-for-anxiety-uk-what-you-need-to-know/" "Mozilla/5.0 (Windows NT 10.0; Win64; x64) AppleWebKit/537.36 (KHTML, like Gecko) Chrome/131.0.0.0 Safari/537.36 Avast/131.0.0.0"
109.172.87.122 - - [29/Mar/2025:18:40:44 -0400] "GET / HTTP/1.1" 200 156077 "https://theswadeshbazzar.com/" "Mozilla/5.0 (Windows NT 10.0; Win64; x64) AppleWebKit/537.36 (KHTML, like Gecko) Chrome/131.0.0.0 Safari/537.36 Avast/131.0.0.0"
66.249.66.8 - - [29/Mar/2025:18:44:01 -0400] "GET /product-category/health-beauty/feed/ HTTP/1.1" 404 1251 "-" "Mozilla/5.0 (Linux; Android 6.0.1; Nexus 5X Build/MMB29P) AppleWebKit/537.36 (KHTML, like Gecko) Chrome/134.0.6998.165 Mobile Safari/537.36 (compatible; Googlebot/2.1; +http://www.google.com/bot.html)"
100.24.167.60 - - [29/Mar/2025:18:45:03 -0400] "GET /importance-de-lisolation-thermique-dans-les-batiments-modernes/ HTTP/1.1" 404 1251 "-" "Mozilla/5.0 AppleWebKit/537.36 (KHTML, like Gecko; compatible; Amazonbot/0.1; +https://developer.amazon.com/support/amazonbot) Chrome/119.0.6045.214 Safari/537.36"
66.249.66.6 - - [29/Mar/2025:18:51:02 -0400] "GET /product/tbf-pink-calamine-clay/feed/ HTTP/1.1" 404 1251 "-" "Mozilla/5.0 (Linux; Android 6.0.1; Nexus 5X Build/MMB29P) AppleWebKit/537.36 (KHTML, like Gecko) Chrome/134.0.6998.165 Mobile Safari/537.36 (compatible; Googlebot/2.1; +http://www.google.com/bot.html)"
207.46.13.111 - - [29/Mar/2025:18:51:59 -0400] "GET /what-to-look-out-for-when-choosing-a-solid-conservatory-roof/ HTTP/1.1" 404 1251 "-" "Mozilla/5.0 AppleWebKit/537.36 (KHTML, like Gecko; compatible; bingbot/2.0; +http://www.bing.com/bingbot.htm) Chrome/116.0.1938.76 Safari/537.36"
85.208.98.16 - - [29/Mar/2025:18:56:48 -0400] "GET /the-benefits-of-orthodontics/ HTTP/1.1" 404 1251 "-" "Mozilla/5.0 (compatible; SemrushBot-BA; +http://www.semrush.com/bot.html)"
66.249.66.9 - - [29/Mar/2025:18:58:03 -0400] "GET /hvac-services/feed/ HTTP/1.1" 404 1251 "-" "Mozilla/5.0 (Linux; Android 6.0.1; Nexus 5X Build/MMB29P) AppleWebKit/537.36 (KHTML, like Gecko) Chrome/134.0.6998.165 Mobile Safari/537.36 (compatible; Googlebot/2.1; +http://www.google.com/bot.html)"
66.249.66.19 - - [29/Mar/2025:19:05:05 -0400] "GET /product/rajasthani-urad-punjabi-papad/feed/ HTTP/1.1" 404 1251 "-" "Mozilla/5.0 (Linux; Android 6.0.1; Nexus 5X Build/MMB29P) AppleWebKit/537.36 (KHTML, like Gecko) Chrome/134.0.6998.165 Mobile Safari/537.36 (compatible; Googlebot/2.1; +http://www.google.com/bot.html)"
66.249.66.22 - - [29/Mar/2025:19:12:05 -0400] "GET /?feed=rss2&product_cat=dish-wash HTTP/1.1" 200 156077 "-" "Mozilla/5.0 (Linux; Android 6.0.1; Nexus 5X Build/MMB29P) AppleWebKit/537.36 (KHTML, like Gecko) Chrome/134.0.6998.165 Mobile Safari/537.36 (compatible; Googlebot/2.1; +http://www.google.com/bot.html)"
66.249.66.21 - - [29/Mar/2025:19:14:16 -0400] "GET /viralyft-review-is-it-safe-to-buy-youtube-shares/ HTTP/1.1" 404 1251 "-" "Mozilla/5.0 (Linux; Android 6.0.1; Nexus 5X Build/MMB29P) AppleWebKit/537.36 (KHTML, like Gecko) Chrome/134.0.6998.165 Mobile Safari/537.36 (compatible; Googlebot/2.1; +http://www.google.com/bot.html)"
156.228.180.243 - - [29/Mar/2025:19:18:51 -0400] "GET /cbd-for-anxiety-uk-what-you-need-to-know/ HTTP/1.1" 404 1251 "-" "Mozilla/5.0 (Macintosh; Intel Mac OS X 12.5; rv:114.0) Gecko/20100101 Firefox/114.0"
156.228.180.243 - - [29/Mar/2025:19:18:53 -0400] "GET / HTTP/1.1" 200 156077 "-" "Mozilla/5.0 (Macintosh; Intel Mac OS X 12.5; rv:114.0) Gecko/20100101 Firefox/114.0"
66.249.66.5 - - [29/Mar/2025:19:19:06 -0400] "GET /the-significance-of-home-roof-fix/feed/ HTTP/1.1" 404 1251 "-" "Mozilla/5.0 (Linux; Android 6.0.1; Nexus 5X Build/MMB29P) AppleWebKit/537.36 (KHTML, like Gecko) Chrome/134.0.6998.165 Mobile Safari/537.36 (compatible; Googlebot/2.1; +http://www.google.com/bot.html)"
66.249.66.3 - - [29/Mar/2025:19:26:07 -0400] "GET /product-category/home-care/home-cleaning/dish-wash/feed/ HTTP/1.1" 404 1251 "-" "Mozilla/5.0 (Linux; Android 6.0.1; Nexus 5X Build/MMB29P) AppleWebKit/537.36 (KHTML, like Gecko) Chrome/134.0.6998.165 Mobile Safari/537.36 (compatible; Googlebot/2.1; +http://www.google.com/bot.html)"
93.183.93.32 - - [29/Mar/2025:19:29:50 -0400] "GET /best-auto-detailing-products/ HTTP/1.1" 404 1251 "https://theswadeshbazzar.com/best-auto-detailing-products/" "Mozilla/5.0 (Windows NT 10.0; Win64; x64) AppleWebKit/537.36 (KHTML, like Gecko) Chrome/131.0.0.0 Safari/537.36"
93.183.93.32 - - [29/Mar/2025:19:29:50 -0400] "GET / HTTP/1.1" 200 156077 "https://theswadeshbazzar.com/" "Mozilla/5.0 (Windows NT 10.0; Win64; x64) AppleWebKit/537.36 (KHTML, like Gecko) Chrome/131.0.0.0 Safari/537.36"
198.54.114.83 - - [29/Mar/2025:19:37:51 -0400] "POST /wp-cron.php?doing_wp_cron=1743291471.6896541118621826171875 HTTP/1.1" 200 0 "-" "WordPress/6.7.2; https://theswadeshbazzar.com"
192.159.99.152 - - [29/Mar/2025:19:37:48 -0400] "POST /wp-login.php HTTP/1.1" 200 2014 "https://theswadeshbazzar.com/wp-admin/" "Mozilla/5.0 (Windows NT 10.0; Win64; x64) AppleWebKit/537.36 (KHTML, like Gecko) Chrome/90.0.4430.85 Safari/537.36"
192.159.99.152 - - [29/Mar/2025:19:37:52 -0400] "GET /wp-admin/ HTTP/1.1" 302 0 "www.google.com" "Mozilla/5.0 (Windows NT 10.0; Win64; x64) AppleWebKit/537.36 (KHTML, like Gecko) Chrome/90.0.4430.85 Safari/537.36"
198.54.114.83 - - [29/Mar/2025:19:37:52 -0400] "POST /wp-admin/admin-ajax.php?action=async_litespeed&nonce=rzKA7jiQnVIWUyH6xmY6r3JzddNDwqTw&litespeed_type=imgoptm HTTP/1.1" 200 5 "-" "WordPress/6.7.2; https://theswadeshbazzar.com"
192.159.99.152 - - [29/Mar/2025:19:37:52 -0400] "GET /wp-login.php?redirect_to=https%3A%2F%2Ftheswadeshbazzar.com%2Fwp-admin%2F&reauth=1 HTTP/1.1" 200 1888 "www.google.com" "Mozilla/5.0 (Windows NT 10.0; Win64; x64) AppleWebKit/537.36 (KHTML, like Gecko) Chrome/90.0.4430.85 Safari/537.36"
40.77.167.243 - - [29/Mar/2025:19:45:22 -0400] "GET /product-tag/urad-punjabi/ HTTP/1.1" 404 1251 "-" "Mozilla/5.0 AppleWebKit/537.36 (KHTML, like Gecko; compatible; bingbot/2.0; +http://www.bing.com/bingbot.htm) Chrome/116.0.1938.76 Safari/537.36"
170.199.225.17 - - [29/Mar/2025:19:48:58 -0400] "GET /cbd-for-anxiety-uk-what-you-need-to-know/ HTTP/1.1" 404 1251 "-" "Mozilla/5.0 (X11; Fedora; Linux x86_64; rv:114.0) Gecko/20100101 Firefox/114.0"
170.199.225.17 - - [29/Mar/2025:19:48:59 -0400] "GET /cbd-for-anxiety-uk-what-you-need-to-know/ HTTP/1.1" 404 1251 "-" "Mozilla/5.0 (X11; Fedora; Linux x86_64; rv:114.0) Gecko/20100101 Firefox/114.0"
170.199.225.17 - - [29/Mar/2025:19:49:01 -0400] "GET / HTTP/1.1" 200 156077 "-" "Mozilla/5.0 (X11; Fedora; Linux x86_64; rv:114.0) Gecko/20100101 Firefox/114.0"
170.199.225.17 - - [29/Mar/2025:19:49:03 -0400] "GET /dp/B0D3RN5W37?ref=MarsFS_VICC_blinksqm HTTP/1.1" 404 1251 "https://theswadeshbazzar.com" "Mozilla/5.0 (X11; Fedora; Linux x86_64; rv:114.0) Gecko/20100101 Firefox/114.0"
170.199.225.17 - - [29/Mar/2025:19:49:04 -0400] "GET / HTTP/1.1" 200 156077 "https://theswadeshbazzar.com" "Mozilla/5.0 (X11; Fedora; Linux x86_64; rv:114.0) Gecko/20100101 Firefox/114.0"
196.242.195.144 - - [29/Mar/2025:20:07:18 -0400] "GET /cbd-for-anxiety-uk-what-you-need-to-know/ HTTP/1.1" 404 1251 "-" "Mozilla/5.0 (Macintosh; Intel Mac OS X 12_5) AppleWebKit/605.1.15 (KHTML, like Gecko) Version/15.4 Safari/605.1.15"
196.242.195.144 - - [29/Mar/2025:20:07:19 -0400] "GET / HTTP/1.1" 200 156077 "-" "Mozilla/5.0 (Macintosh; Intel Mac OS X 12_5) AppleWebKit/605.1.15 (KHTML, like Gecko) Version/15.4 Safari/605.1.15"
93.183.93.19 - - [29/Mar/2025:20:10:08 -0400] "GET /cbd-for-anxiety-uk-what-you-need-to-know/ HTTP/1.1" 404 1251 "https://theswadeshbazzar.com/cbd-for-anxiety-uk-what-you-need-to-know/" "Mozilla/5.0 (Windows NT 10.0; Win64; x64) AppleWebKit/537.36 (KHTML, like Gecko) Chrome/130.0.0.0 Safari/537.36"
93.183.93.19 - - [29/Mar/2025:20:10:08 -0400] "GET /cbd-for-anxiety-uk-what-you-need-to-know/ HTTP/1.1" 404 1251 "https://theswadeshbazzar.com/cbd-for-anxiety-uk-what-you-need-to-know/" "Mozilla/5.0 (Windows NT 10.0; Win64; x64) AppleWebKit/537.36 (KHTML, like Gecko) Chrome/130.0.0.0 Safari/537.36 CCleaner/130.0.0.0"
93.183.93.19 - - [29/Mar/2025:20:10:08 -0400] "GET / HTTP/1.1" 200 156077 "https://theswadeshbazzar.com/" "Mozilla/5.0 (Windows NT 10.0; Win64; x64) AppleWebKit/537.36 (KHTML, like Gecko) Chrome/130.0.0.0 Safari/537.36"
93.183.93.19 - - [29/Mar/2025:20:10:08 -0400] "GET / HTTP/1.1" 200 156077 "https://theswadeshbazzar.com/" "Mozilla/5.0 (Windows NT 10.0; Win64; x64) AppleWebKit/537.36 (KHTML, like Gecko) Chrome/130.0.0.0 Safari/537.36 CCleaner/130.0.0.0"
170.106.115.219 - - [29/Mar/2025:20:15:21 -0400] "GET /cbd-for-anxiety-uk-what-you-need-to-know/ HTTP/1.1" 404 1251 "-" "Mozilla/5.0 (Windows NT 10.0; WOW64) AppleWebKit/537.36 (KHTML, like Gecko) Chrome/114.0.0.0 Safari/537.36 Vivaldi/5.3.2679.68"
98.175.31.195 - - [29/Mar/2025:20:15:23 -0400] "GET / HTTP/1.1" 200 156077 "-" "Mozilla/5.0 (Windows NT 10.0; WOW64) AppleWebKit/537.36 (KHTML, like Gecko) Chrome/114.0.0.0 Safari/537.36 Vivaldi/5.3.2679.68"
98.175.31.195 - - [29/Mar/2025:20:15:29 -0400] "GET /dp/B0D3RN5W37?ref=MarsFS_VICC_blinksqm HTTP/1.1" 404 1251 "https://theswadeshbazzar.com" "Mozilla/5.0 (Windows NT 10.0; WOW64) AppleWebKit/537.36 (KHTML, like Gecko) Chrome/114.0.0.0 Safari/537.36 Vivaldi/5.3.2679.68"
98.175.31.195 - - [29/Mar/2025:20:15:31 -0400] "GET / HTTP/1.1" 200 156077 "https://theswadeshbazzar.com" "Mozilla/5.0 (Windows NT 10.0; WOW64) AppleWebKit/537.36 (KHTML, like Gecko) Chrome/114.0.0.0 Safari/537.36 Vivaldi/5.3.2679.68"
178.217.98.213 - - [29/Mar/2025:20:17:57 -0400] "GET /cbd-for-anxiety-uk-what-you-need-to-know/ HTTP/1.1" 404 1251 "https://theswadeshbazzar.com/cbd-for-anxiety-uk-what-you-need-to-know/" "Mozilla/5.0 (Windows NT 10.0; Win64; x64) AppleWebKit/537.36 (KHTML, like Gecko) Chrome/129.0.0.0 Safari/537.36"
178.217.98.213 - - [29/Mar/2025:20:17:58 -0400] "GET / HTTP/1.1" 200 156077 "https://theswadeshbazzar.com/" "Mozilla/5.0 (Windows NT 10.0; Win64; x64) AppleWebKit/537.36 (KHTML, like Gecko) Chrome/129.0.0.0 Safari/537.36"
185.157.212.157 - - [29/Mar/2025:20:20:10 -0400] "GET /cbd-for-anxiety-uk-what-you-need-to-know/ HTTP/1.1" 404 1251 "https://theswadeshbazzar.com/cbd-for-anxiety-uk-what-you-need-to-know/" "Mozilla/5.0 (Windows NT 10.0; Win64; x64) AppleWebKit/537.36 (KHTML, like Gecko) Chrome/131.0.0.0 Safari/537.36"
185.157.212.157 - - [29/Mar/2025:20:20:11 -0400] "GET / HTTP/1.1" 200 156077 "https://theswadeshbazzar.com/" "Mozilla/5.0 (Windows NT 10.0; Win64; x64) AppleWebKit/537.36 (KHTML, like Gecko) Chrome/131.0.0.0 Safari/537.36"
109.172.87.122 - - [29/Mar/2025:20:28:53 -0400] "GET /cbd-for-anxiety-uk-what-you-need-to-know/ HTTP/1.1" 404 1251 "https://theswadeshbazzar.com/cbd-for-anxiety-uk-what-you-need-to-know/" "Mozilla/5.0 (Windows NT 10.0; Win64; x64) AppleWebKit/537.36 (KHTML, like Gecko) Chrome/129.0.0.0 Safari/537.36"
109.172.87.122 - - [29/Mar/2025:20:28:54 -0400] "GET / HTTP/1.1" 200 156077 "https://theswadeshbazzar.com/" "Mozilla/5.0 (Windows NT 10.0; Win64; x64) AppleWebKit/537.36 (KHTML, like Gecko) Chrome/129.0.0.0 Safari/537.36"
185.220.101.89 - - [29/Mar/2025:20:40:19 -0400] "GET / HTTP/1.1" 200 156077 "https://theswadeshbazzar.com" "Mozilla/5.0 (Macintosh; Intel Mac OS X 10_15_7) AppleWebKit/537.36 (KHTML, like Gecko) Chrome/91.0.4472.114 Safari/537.36"
167.253.48.130 - - [29/Mar/2025:20:42:15 -0400] "GET /wp-login.php HTTP/1.1" 200 1887 "-" "Mozilla/5.0 (Windows NT 10.0; Win64; x64) AppleWebKit/537.36 (KHTML, like Gecko) Chrome/115.0.0.0 Safari/537.36 Edg/115.0.1901.203"
198.54.114.83 - - [29/Mar/2025:20:42:25 -0400] "POST /wp-cron.php?doing_wp_cron=1743295344.7586309909820556640625 HTTP/1.1" 200 0 "-" "WordPress/6.7.2; https://theswadeshbazzar.com"
167.253.48.130 - - [29/Mar/2025:20:42:17 -0400] "POST /wp-login.php HTTP/1.1" 200 2016 "https://theswadeshbazzar.com/wp-login.php" "Mozilla/5.0 (Windows NT 10.0; Win64; x64) AppleWebKit/537.36 (KHTML, like Gecko) Chrome/115.0.0.0 Safari/537.36 Edg/115.0.1901.203"
198.54.114.83 - - [29/Mar/2025:20:42:25 -0400] "POST /wp-admin/admin-ajax.php?action=async_litespeed&nonce=XZYvrm0NmfrHTcZ9vAz7w9QBvH97QCx3&litespeed_type=imgoptm HTTP/1.1" 200 5 "-" "WordPress/6.7.2; https://theswadeshbazzar.com"
217.154.91.7 - - [29/Mar/2025:20:42:30 -0400] "POST /wp-login.php HTTP/1.1" 200 2013 "https://theswadeshbazzar.com/wp-admin/" "Mozilla/5.0 (Windows NT 10.0; Win64; x64) AppleWebKit/537.36 (KHTML, like Gecko) Chrome/90.0.4430.85 Safari/537.36"
217.154.91.7 - - [29/Mar/2025:20:42:31 -0400] "GET /wp-admin/ HTTP/1.1" 302 0 "https://www.google.com" "Mozilla/5.0 (Windows NT 10.0; Win64; x64) AppleWebKit/537.36 (KHTML, like Gecko) Chrome/90.0.4430.85 Safari/537.36"
217.154.91.7 - - [29/Mar/2025:20:42:31 -0400] "GET /wp-login.php?redirect_to=https%3A%2F%2Ftheswadeshbazzar.com%2Fwp-admin%2F&reauth=1 HTTP/1.1" 200 1887 "https://www.google.com" "Mozilla/5.0 (Windows NT 10.0; Win64; x64) AppleWebKit/537.36 (KHTML, like Gecko) Chrome/90.0.4430.85 Safari/537.36"
66.249.66.7 - - [29/Mar/2025:20:44:16 -0400] "GET /robots.txt HTTP/1.1" 304 0 "-" "Mozilla/5.0 (compatible; Googlebot/2.1; +http://www.google.com/bot.html)"
66.249.66.7 - - [29/Mar/2025:20:44:16 -0400] "GET /the-best-womens-knickers/ HTTP/1.1" 404 1251 "-" "Mozilla/5.0 (Linux; Android 6.0.1; Nexus 5X Build/MMB29P) AppleWebKit/537.36 (KHTML, like Gecko) Chrome/134.0.6998.165 Mobile Safari/537.36 (compatible; Googlebot/2.1; +http://www.google.com/bot.html)"
58.254.68.93 - - [29/Mar/2025:20:46:04 -0400] "GET /zahnimplantate-kunstliche-zahne-konnen-ihre-perspektive-verandern/ HTTP/1.1" 404 1251 "https://theswadeshbazzar.com" "Mozilla/5.0 (Windows NT 10.0; Win64; x64) AppleWebKit/537.36 (KHTML, like Gecko) Chrome/62.0.3202.94 Safari/537.36"
193.233.142.38 - - [29/Mar/2025:20:47:08 -0400] "GET /wp-login.php HTTP/1.1" 200 1887 "-" "Mozilla/5.0 (Windows NT 10.0; Win64; x64) AppleWebKit/537.36 (KHTML, like Gecko) Chrome/115.0.0.0 Safari/537.36 Edg/115.0.1901.203"
198.54.114.83 - - [29/Mar/2025:20:47:13 -0400] "POST /wp-cron.php?doing_wp_cron=1743295633.3635060787200927734375 HTTP/1.1" 200 0 "-" "WordPress/6.7.2; https://theswadeshbazzar.com"
193.233.142.38 - - [29/Mar/2025:20:47:09 -0400] "POST /wp-login.php HTTP/1.1" 200 2016 "https://theswadeshbazzar.com/wp-login.php" "Mozilla/5.0 (Windows NT 10.0; Win64; x64) AppleWebKit/537.36 (KHTML, like Gecko) Chrome/115.0.0.0 Safari/537.36 Edg/115.0.1901.203"
198.54.114.83 - - [29/Mar/2025:20:47:14 -0400] "POST /wp-admin/admin-ajax.php?action=async_litespeed&nonce=yG197CF9vCTwy9HSEHTPfkQlPrH2muaC&litespeed_type=imgoptm HTTP/1.1" 200 0 "-" "WordPress/6.7.2; https://theswadeshbazzar.com"
185.157.212.157 - - [29/Mar/2025:20:59:38 -0400] "GET /cbd-for-anxiety-uk-what-you-need-to-know/ HTTP/1.1" 404 1251 "https://theswadeshbazzar.com/cbd-for-anxiety-uk-what-you-need-to-know/" "Mozilla/5.0 (Windows NT 10.0; Win64; x64) AppleWebKit/537.36 (KHTML, like Gecko) Chrome/131.0.0.0 Safari/537.36 Avast/131.0.0.0"
185.157.212.157 - - [29/Mar/2025:20:59:38 -0400] "GET / HTTP/1.1" 200 156077 "https://theswadeshbazzar.com/" "Mozilla/5.0 (Windows NT 10.0; Win64; x64) AppleWebKit/537.36 (KHTML, like Gecko) Chrome/131.0.0.0 Safari/537.36 Avast/131.0.0.0"
91.84.113.162 - - [29/Mar/2025:21:00:47 -0400] "GET /best-auto-detailing-products/ HTTP/1.1" 404 1251 "https://theswadeshbazzar.com/best-auto-detailing-products/" "Mozilla/5.0 (Windows NT 10.0; Win64; x64) AppleWebKit/537.36 (KHTML, like Gecko) Chrome/103.0.0.0 Safari/537.36 OpenWave/97.4.2043.44"
91.84.113.162 - - [29/Mar/2025:21:00:48 -0400] "GET / HTTP/1.1" 200 156077 "https://theswadeshbazzar.com/" "Mozilla/5.0 (Windows NT 10.0; Win64; x64) AppleWebKit/537.36 (KHTML, like Gecko) Chrome/103.0.0.0 Safari/537.36 OpenWave/97.4.2043.44"
217.154.91.7 - - [29/Mar/2025:21:02:24 -0400] "GET /wp-login.php HTTP/1.1" 200 1887 "http://theswadeshbazzar.com/wp-admin/" "Mozilla/5.0 (Windows NT 10.0; Win64; x64) AppleWebKit/537.36 (KHTML, like Gecko) Chrome/90.0.4430.85 Safari/537.36"
198.54.114.83 - - [29/Mar/2025:21:02:24 -0400] "POST /wp-admin/admin-ajax.php?action=async_litespeed&nonce=cLsMBUyD7RSHMP2e6PbQXovzxT22HTF9&litespeed_type=imgoptm HTTP/1.1" 200 5 "-" "WordPress/6.7.2; https://theswadeshbazzar.com"
217.154.91.7 - - [29/Mar/2025:21:02:24 -0400] "POST /wp-login.php HTTP/1.1" 200 2013 "http://theswadeshbazzar.com/wp-admin/" "Mozilla/5.0 (Windows NT 10.0; Win64; x64) AppleWebKit/537.36 (KHTML, like Gecko) Chrome/90.0.4430.85 Safari/537.36"
217.154.91.7 - - [29/Mar/2025:21:02:25 -0400] "GET /wp-admin/ HTTP/1.1" 302 0 "https://www.google.com" "Mozilla/5.0 (Windows NT 10.0; Win64; x64) AppleWebKit/537.36 (KHTML, like Gecko) Chrome/90.0.4430.85 Safari/537.36"
217.154.91.7 - - [29/Mar/2025:21:02:25 -0400] "GET /wp-login.php?redirect_to=https%3A%2F%2Ftheswadeshbazzar.com%2Fwp-admin%2F&reauth=1 HTTP/1.1" 200 1887 "https://www.google.com" "Mozilla/5.0 (Windows NT 10.0; Win64; x64) AppleWebKit/537.36 (KHTML, like Gecko) Chrome/90.0.4430.85 Safari/537.36"
206.119.147.128 - - [29/Mar/2025:21:06:29 -0400] "GET /wp-login.php HTTP/1.1" 200 1887 "-" "Mozilla/5.0 (Windows NT 10.0; Win64; x64) AppleWebKit/537.36 (KHTML, like Gecko) Chrome/87.0.4280.141 Safari/537.36"
198.54.114.83 - - [29/Mar/2025:21:06:29 -0400] "POST /wp-admin/admin-ajax.php?action=async_litespeed&nonce=eLFLcq3PSSdyb1lvTcfhGKTyAfrg3JMQ&litespeed_type=imgoptm HTTP/1.1" 200 5 "-" "WordPress/6.7.2; https://theswadeshbazzar.com"
206.119.147.128 - - [29/Mar/2025:21:06:30 -0400] "GET /wp-login.php HTTP/1.1" 200 1887 "-" "Mozilla/5.0 (Windows NT 10.0; Win64; x64) AppleWebKit/537.36 (KHTML, like Gecko) Chrome/87.0.4280.141 Safari/537.36"
196.242.178.97 - - [29/Mar/2025:21:08:13 -0400] "GET /cbd-for-anxiety-uk-what-you-need-to-know/ HTTP/1.1" 404 1251 "-" "Mozilla/5.0 (Windows NT 10.0; Win64; x64) AppleWebKit/537.36 (KHTML, like Gecko) Chrome/114.0.0.0 Safari/537.36"
196.242.178.97 - - [29/Mar/2025:21:08:14 -0400] "GET / HTTP/1.1" 200 156077 "-" "Mozilla/5.0 (Windows NT 10.0; Win64; x64) AppleWebKit/537.36 (KHTML, like Gecko) Chrome/114.0.0.0 Safari/537.36"
170.199.225.84 - - [29/Mar/2025:21:11:36 -0400] "GET /cbd-for-anxiety-uk-what-you-need-to-know/ HTTP/1.1" 404 1251 "-" "Mozilla/5.0 (Windows NT 10.0; Win64; x64) AppleWebKit/537.36 (KHTML, like Gecko) Chrome/114.0.0.0 YaBrowser/22.7.0 Yowser/2.5 Safari/537.36"
170.199.225.84 - - [29/Mar/2025:21:11:37 -0400] "GET /cbd-for-anxiety-uk-what-you-need-to-know/ HTTP/1.1" 404 1251 "-" "Mozilla/5.0 (Windows NT 10.0; Win64; x64) AppleWebKit/537.36 (KHTML, like Gecko) Chrome/114.0.0.0 YaBrowser/22.7.0 Yowser/2.5 Safari/537.36"
170.199.225.84 - - [29/Mar/2025:21:11:39 -0400] "GET / HTTP/1.1" 200 156077 "-" "Mozilla/5.0 (Windows NT 10.0; Win64; x64) AppleWebKit/537.36 (KHTML, like Gecko) Chrome/114.0.0.0 YaBrowser/22.7.0 Yowser/2.5 Safari/537.36"
170.199.225.84 - - [29/Mar/2025:21:11:41 -0400] "GET /dp/B0D3RN5W37?ref=MarsFS_VICC_blinksqm HTTP/1.1" 404 1251 "https://theswadeshbazzar.com" "Mozilla/5.0 (Windows NT 10.0; Win64; x64) AppleWebKit/537.36 (KHTML, like Gecko) Chrome/114.0.0.0 YaBrowser/22.7.0 Yowser/2.5 Safari/537.36"
170.199.225.84 - - [29/Mar/2025:21:11:42 -0400] "GET / HTTP/1.1" 200 156077 "https://theswadeshbazzar.com" "Mozilla/5.0 (Windows NT 10.0; Win64; x64) AppleWebKit/537.36 (KHTML, like Gecko) Chrome/114.0.0.0 YaBrowser/22.7.0 Yowser/2.5 Safari/537.36"
2a03:2880:10ff:c:: - - [29/Mar/2025:21:23:21 -0400] "GET /.well-known/assetlinks.json HTTP/1.1" 404 1251 "-" "facebookexternalhit/1.1 (+http://www.facebook.com/externalhit_uatext.php)"
176.46.31.6 - - [29/Mar/2025:21:26:12 -0400] "GET /what-web-businesses-can-learn-from-online-gambling/ HTTP/1.1" 404 1251 "https://theswadeshbazzar.com" "Mozilla/5.0 (Windows NT 10.0; Win64; x64) AppleWebKit/537.36 (KHTML, like Gecko) Chrome/62.0.3202.94 Safari/537.36"
176.46.31.6 - - [29/Mar/2025:21:26:13 -0400] "GET /what-web-businesses-can-learn-from-online-gambling/ HTTP/1.1" 404 1251 "https://theswadeshbazzar.com" "Mozilla/5.0 (Windows NT 10.0; Win64; x64) AppleWebKit/537.36 (KHTML, like Gecko) Chrome/62.0.3202.94 Safari/537.36"
176.46.31.6 - - [29/Mar/2025:21:26:13 -0400] "GET /what-web-businesses-can-learn-from-online-gambling/ HTTP/1.1" 404 1251 "https://theswadeshbazzar.com" "Mozilla/5.0 (Windows NT 10.0; Win64; x64) AppleWebKit/537.36 (KHTML, like Gecko) Chrome/62.0.3202.94 Safari/537.36"
176.46.31.6 - - [29/Mar/2025:21:26:14 -0400] "GET /what-web-businesses-can-learn-from-online-gambling/ HTTP/1.1" 404 1251 "https://theswadeshbazzar.com" "Mozilla/5.0 (Windows NT 10.0; Win64; x64) AppleWebKit/537.36 (KHTML, like Gecko) Chrome/62.0.3202.94 Safari/537.36"
66.249.66.8 - - [29/Mar/2025:21:32:53 -0400] "GET /wp-content/uploads/2023/11/How-to-Turn-off-Noise-Cancellation-on-Airpods.jpeg HTTP/1.1" 200 2771 "-" "Googlebot-Image/1.0"
185.220.101.28 - - [29/Mar/2025:21:33:51 -0400] "GET / HTTP/1.1" 200 156077 "https://theswadeshbazzar.com" "Mozilla/5.0 (Windows NT 6.1; WOW64) AppleWebKit/537.36 (KHTML, like Gecko) Chrome/41.0.2272.76 Safari/537.36 OPR/28.0.1750.40"
207.182.29.43 - - [29/Mar/2025:21:42:45 -0400] "GET /cbd-for-anxiety-uk-what-you-need-to-know/ HTTP/1.1" 404 1251 "-" "Mozilla/5.0 (X11; Linux i686; rv:114.0) Gecko/20100101 Firefox/114.0"
207.182.29.43 - - [29/Mar/2025:21:42:47 -0400] "GET /cbd-for-anxiety-uk-what-you-need-to-know/ HTTP/1.1" 404 1251 "-" "Mozilla/5.0 (X11; Linux i686; rv:114.0) Gecko/20100101 Firefox/114.0"
207.182.29.43 - - [29/Mar/2025:21:42:48 -0400] "GET / HTTP/1.1" 200 156077 "-" "Mozilla/5.0 (X11; Linux i686; rv:114.0) Gecko/20100101 Firefox/114.0"
207.182.29.43 - - [29/Mar/2025:21:42:50 -0400] "GET /dp/B0D3RN5W37?ref=MarsFS_VICC_blinksqm HTTP/1.1" 404 1251 "https://theswadeshbazzar.com" "Mozilla/5.0 (X11; Linux i686; rv:114.0) Gecko/20100101 Firefox/114.0"
207.182.29.43 - - [29/Mar/2025:21:42:52 -0400] "GET / HTTP/1.1" 200 156077 "https://theswadeshbazzar.com" "Mozilla/5.0 (X11; Linux i686; rv:114.0) Gecko/20100101 Firefox/114.0"
156.228.79.217 - - [29/Mar/2025:21:42:59 -0400] "GET /cbd-for-anxiety-uk-what-you-need-to-know/ HTTP/1.1" 404 1251 "-" "Mozilla/5.0 (Windows NT 10.0; WOW64) AppleWebKit/537.36 (KHTML, like Gecko) Chrome/114.0.0.0 YaBrowser/22.7.0 Yowser/2.5 Safari/537.36"
156.228.79.217 - - [29/Mar/2025:21:43:01 -0400] "GET / HTTP/1.1" 200 156077 "-" "Mozilla/5.0 (Windows NT 10.0; WOW64) AppleWebKit/537.36 (KHTML, like Gecko) Chrome/114.0.0.0 YaBrowser/22.7.0 Yowser/2.5 Safari/537.36"
156.228.79.217 - - [29/Mar/2025:21:43:05 -0400] "GET /dp/B0D3RN5W37?ref=MarsFS_VICC_blinksqm HTTP/1.1" 404 1251 "https://theswadeshbazzar.com" "Mozilla/5.0 (Windows NT 10.0; WOW64) AppleWebKit/537.36 (KHTML, like Gecko) Chrome/114.0.0.0 YaBrowser/22.7.0 Yowser/2.5 Safari/537.36"
156.228.79.217 - - [29/Mar/2025:21:43:07 -0400] "GET / HTTP/1.1" 200 156077 "https://theswadeshbazzar.com" "Mozilla/5.0 (Windows NT 10.0; WOW64) AppleWebKit/537.36 (KHTML, like Gecko) Chrome/114.0.0.0 YaBrowser/22.7.0 Yowser/2.5 Safari/537.36"
157.55.39.63 - - [29/Mar/2025:21:48:58 -0400] "GET /taking-a-land-effective-money-management-program-as-opposed-to-instructing-yourself HTTP/1.1" 404 1251 "-" "Mozilla/5.0 AppleWebKit/537.36 (KHTML, like Gecko; compatible; bingbot/2.0; +http://www.bing.com/bingbot.htm) Chrome/116.0.1938.76 Safari/537.36"
188.68.41.191 - - [29/Mar/2025:22:00:04 -0400] "GET / HTTP/1.1" 200 156077 "https://theswadeshbazzar.com" "Mozilla/5.0 (Windows NT 6.1; Win64; x64) AppleWebKit/537.36 (KHTML, like Gecko) Chrome/48.0.2564.109 Safari/537.36"
13.40.128.66 - - [29/Mar/2025:22:04:58 -0400] "GET /wp-login.php HTTP/1.1" 200 1887 "-" "Mozilla/5.0 (Windows NT 10.0; Win64; x64) AppleWebKit/537.36 (KHTML, like Gecko) Chrome/129.0.0.0 Safari/537.36"
13.40.128.66 - - [29/Mar/2025:22:04:59 -0400] "GET /wp-includes/js/wp-util.min.js?ver=6.7.2 HTTP/1.1" 200 690 "https://theswadeshbazzar.com/wp-login.php" "Mozilla/5.0 (Windows NT 10.0; Win64; x64) AppleWebKit/537.36 (KHTML, like Gecko) Chrome/129.0.0.0 Safari/537.36"
13.40.128.66 - - [29/Mar/2025:22:04:59 -0400] "GET /wp-admin/js/user-profile.min.js?ver=6.7.2 HTTP/1.1" 200 2388 "https://theswadeshbazzar.com/wp-login.php" "Mozilla/5.0 (Windows NT 10.0; Win64; x64) AppleWebKit/537.36 (KHTML, like Gecko) Chrome/129.0.0.0 Safari/537.36"
13.40.128.66 - - [29/Mar/2025:22:04:59 -0400] "GET /wp-includes/js/dist/a11y.min.js?ver=3156534cc54473497e14 HTTP/1.1" 200 827 "https://theswadeshbazzar.com/wp-login.php" "Mozilla/5.0 (Windows NT 10.0; Win64; x64) AppleWebKit/537.36 (KHTML, like Gecko) Chrome/129.0.0.0 Safari/537.36"
13.40.128.66 - - [29/Mar/2025:22:04:59 -0400] "GET /wp-includes/js/dist/i18n.min.js?ver=5e580eb46a90c2b997e6 HTTP/1.1" 200 3542 "https://theswadeshbazzar.com/wp-login.php" "Mozilla/5.0 (Windows NT 10.0; Win64; x64) AppleWebKit/537.36 (KHTML, like Gecko) Chrome/129.0.0.0 Safari/537.36"
13.40.128.66 - - [29/Mar/2025:22:04:59 -0400] "GET /wp-includes/js/underscore.min.js?ver=1.13.7 HTTP/1.1" 200 7197 "https://theswadeshbazzar.com/wp-login.php" "Mozilla/5.0 (Windows NT 10.0; Win64; x64) AppleWebKit/537.36 (KHTML, like Gecko) Chrome/129.0.0.0 Safari/537.36"
13.40.128.66 - - [29/Mar/2025:22:04:59 -0400] "GET /wp-admin/js/password-strength-meter.min.js?ver=6.7.2 HTTP/1.1" 200 558 "https://theswadeshbazzar.com/wp-login.php" "Mozilla/5.0 (Windows NT 10.0; Win64; x64) AppleWebKit/537.36 (KHTML, like Gecko) Chrome/129.0.0.0 Safari/537.36"
13.40.128.66 - - [29/Mar/2025:22:04:59 -0400] "GET /wp-includes/js/dist/dom-ready.min.js?ver=f77871ff7694fffea381 HTTP/1.1" 200 275 "https://theswadeshbazzar.com/wp-login.php" "Mozilla/5.0 (Windows NT 10.0; Win64; x64) AppleWebKit/537.36 (KHTML, like Gecko) Chrome/129.0.0.0 Safari/537.36"
13.40.128.66 - - [29/Mar/2025:22:04:58 -0400] "GET /wp-admin/load-scripts.php?c=1&load%5Bchunk_0%5D=clipboard,jquery-core,jquery-migrate,zxcvbn-async,wp-hooks&ver=6.7.2 HTTP/1.1" 200 39842 "https://theswadeshbazzar.com/wp-login.php" "Mozilla/5.0 (Windows NT 10.0; Win64; x64) AppleWebKit/537.36 (KHTML, like Gecko) Chrome/129.0.0.0 Safari/537.36"
13.40.128.66 - - [29/Mar/2025:22:04:58 -0400] "GET /wp-admin/load-styles.php?c=1&dir=ltr&load%5Bchunk_0%5D=dashicons,buttons,forms,l10n,login&ver=6.7.2 HTTP/1.1" 200 45466 "https://theswadeshbazzar.com/wp-login.php" "Mozilla/5.0 (Windows NT 10.0; Win64; x64) AppleWebKit/537.36 (KHTML, like Gecko) Chrome/129.0.0.0 Safari/537.36"
13.40.128.66 - - [29/Mar/2025:22:05:00 -0400] "GET /wp-admin/images/wordpress-logo.svg?ver=20131107 HTTP/1.1" 200 759 "https://theswadeshbazzar.com/wp-admin/load-styles.php?c=1&dir=ltr&load%5Bchunk_0%5D=dashicons,buttons,forms,l10n,login&ver=6.7.2" "Mozilla/5.0 (Windows NT 10.0; Win64; x64) AppleWebKit/537.36 (KHTML, like Gecko) Chrome/129.0.0.0 Safari/537.36"
13.40.128.66 - - [29/Mar/2025:22:05:00 -0400] "GET /favicon.ico HTTP/1.1" 404 1251 "https://theswadeshbazzar.com/wp-login.php" "Mozilla/5.0 (Windows NT 10.0; Win64; x64) AppleWebKit/537.36 (KHTML, like Gecko) Chrome/129.0.0.0 Safari/537.36"
13.40.128.66 - - [29/Mar/2025:22:05:00 -0400] "GET /wp-includes/js/zxcvbn.min.js HTTP/1.1" 200 389493 "https://theswadeshbazzar.com/wp-login.php" "Mozilla/5.0 (Windows NT 10.0; Win64; x64) AppleWebKit/537.36 (KHTML, like Gecko) Chrome/129.0.0.0 Safari/537.36"
198.54.114.83 - - [29/Mar/2025:22:05:18 -0400] "POST /wp-cron.php?doing_wp_cron=1743300318.1679320335388183593750 HTTP/1.1" 200 0 "-" "WordPress/6.7.2; https://theswadeshbazzar.com"
13.40.128.66 - - [29/Mar/2025:22:05:14 -0400] "POST /wp-login.php HTTP/1.1" 200 2013 "https://theswadeshbazzar.com/wp-login.php" "Mozilla/5.0 (Windows NT 10.0; Win64; x64) AppleWebKit/537.36 (KHTML, like Gecko) Chrome/129.0.0.0 Safari/537.36"
198.54.114.83 - - [29/Mar/2025:22:05:19 -0400] "POST /wp-admin/admin-ajax.php?action=async_litespeed&nonce=xj0UH0KW2gydye7ctpBgBPR6xypY5htY&litespeed_type=imgoptm HTTP/1.1" 200 0 "-" "WordPress/6.7.2; https://theswadeshbazzar.com"
66.249.66.9 - - [29/Mar/2025:22:14:16 -0400] "GET /category/activity/page/39/ HTTP/1.1" 404 1251 "-" "Mozilla/5.0 (Linux; Android 6.0.1; Nexus 5X Build/MMB29P) AppleWebKit/537.36 (KHTML, like Gecko) Chrome/134.0.6998.165 Mobile Safari/537.36 (compatible; Googlebot/2.1; +http://www.google.com/bot.html)"
43.156.217.156 - - [29/Mar/2025:22:15:54 -0400] "GET /caregiver-jobs-in-toronto/ HTTP/1.1" 404 1251 "https://theswadeshbazzar.com" "Mozilla/5.0 (Windows NT 10.0; Win64; x64) AppleWebKit/537.36 (KHTML, like Gecko) Chrome/62.0.3202.94 Safari/537.36"
43.156.217.156 - - [29/Mar/2025:22:15:57 -0400] "GET /caregiver-jobs-in-toronto/ HTTP/1.1" 404 1251 "https://theswadeshbazzar.com" "Mozilla/5.0 (Windows NT 10.0; Win64; x64) AppleWebKit/537.36 (KHTML, like Gecko) Chrome/62.0.3202.94 Safari/537.36"
43.156.217.156 - - [29/Mar/2025:22:15:58 -0400] "GET /caregiver-jobs-in-toronto/ HTTP/1.1" 404 1251 "https://theswadeshbazzar.com" "Mozilla/5.0 (Windows NT 10.0; Win64; x64) AppleWebKit/537.36 (KHTML, like Gecko) Chrome/62.0.3202.94 Safari/537.36"
43.156.217.156 - - [29/Mar/2025:22:16:00 -0400] "GET /caregiver-jobs-in-toronto/ HTTP/1.1" 404 1251 "https://theswadeshbazzar.com" "Mozilla/5.0 (Windows NT 10.0; Win64; x64) AppleWebKit/537.36 (KHTML, like Gecko) Chrome/62.0.3202.94 Safari/537.36"
109.172.87.122 - - [29/Mar/2025:22:16:35 -0400] "GET /cbd-for-anxiety-uk-what-you-need-to-know/ HTTP/1.1" 404 1251 "https://theswadeshbazzar.com/cbd-for-anxiety-uk-what-you-need-to-know/" "Mozilla/5.0 (Windows NT 10.0; Win64; x64) AppleWebKit/537.36 (KHTML, like Gecko) Chrome/130.0.0.0 Safari/537.36 CCleaner/130.0.0.0"
109.172.87.122 - - [29/Mar/2025:22:16:36 -0400] "GET / HTTP/1.1" 200 156077 "https://theswadeshbazzar.com/" "Mozilla/5.0 (Windows NT 10.0; Win64; x64) AppleWebKit/537.36 (KHTML, like Gecko) Chrome/130.0.0.0 Safari/537.36 CCleaner/130.0.0.0"
2001:4ca0:108:42::24 - - [29/Mar/2025:22:27:37 -0400] "GET /robots.txt HTTP/1.1" 304 0 "-" "Mozilla/5.0 (Windows NT 10.0; Win64; x64) AppleWebKit/537.36 (KHTML, like Gecko) Chrome/103.0.5060.134 Safari/537.36"
66.249.66.21 - - [29/Mar/2025:22:30:22 -0400] "GET /advantages-of-polyva-packaging/ HTTP/1.1" 404 1251 "-" "Mozilla/5.0 (Linux; Android 6.0.1; Nexus 5X Build/MMB29P) AppleWebKit/537.36 (KHTML, like Gecko) Chrome/134.0.6998.165 Mobile Safari/537.36 (compatible; Googlebot/2.1; +http://www.google.com/bot.html)"
66.249.66.22 - - [29/Mar/2025:22:33:23 -0400] "GET /remodeling-services-find-bathroom-and-kitchen-remodelers-on-houzz/feed/ HTTP/1.1" 404 1251 "-" "Mozilla/5.0 (Linux; Android 6.0.1; Nexus 5X Build/MMB29P) AppleWebKit/537.36 (KHTML, like Gecko) Chrome/134.0.6998.165 Mobile Safari/537.36 (compatible; Googlebot/2.1; +http://www.google.com/bot.html)"
135.148.74.145 - - [29/Mar/2025:22:33:47 -0400] "GET /wp-login.php HTTP/1.1" 200 1887 "-" "Mozilla/5.0 (Windows NT 10.0; Win64; x64) AppleWebKit/537.36 (KHTML, like Gecko) Chrome/87.0.4280.141 Safari/537.36"
135.148.74.145 - - [29/Mar/2025:22:33:48 -0400] "POST /wp-login.php HTTP/1.1" 200 2001 "-" "Mozilla/5.0 (Windows NT 10.0; Win64; x64) AppleWebKit/537.36 (KHTML, like Gecko) Chrome/87.0.4280.141 Safari/537.36"
66.249.66.22 - - [29/Mar/2025:22:34:10 -0400] "GET /restart-iphone-without-touching-screen/feed/ HTTP/1.1" 404 1251 "-" "Mozilla/5.0 (Linux; Android 6.0.1; Nexus 5X Build/MMB29P) AppleWebKit/537.36 (KHTML, like Gecko) Chrome/134.0.6998.165 Mobile Safari/537.36 (compatible; Googlebot/2.1; +http://www.google.com/bot.html)"
17.241.75.154 - - [29/Mar/2025:22:34:47 -0400] "GET /robots.txt HTTP/1.1" 200 23 "-" "Mozilla/5.0 (Macintosh; Intel Mac OS X 10_15_7) AppleWebKit/605.1.15 (KHTML, like Gecko) Version/17.4 Safari/605.1.15 (Applebot/0.1; +http://www.apple.com/go/applebot)"
195.191.219.132 - - [29/Mar/2025:22:34:50 -0400] "GET /robots.txt HTTP/1.1" 304 0 "-" "Mozilla/5.0 (compatible; MJ12bot/v2.0.0; http://mj12bot.com/)"
195.191.219.132 - - [29/Mar/2025:22:34:51 -0400] "GET / HTTP/1.1" 200 156077 "-" "Mozilla/5.0 (compatible; MJ12bot/v2.0.0; http://mj12bot.com/)"
66.249.66.21 - - [29/Mar/2025:22:35:00 -0400] "GET /exploring-the-magic-of-rainbow-riches-casino/ HTTP/1.1" 404 1251 "-" "Mozilla/5.0 (Linux; Android 6.0.1; Nexus 5X Build/MMB29P) AppleWebKit/537.36 (KHTML, like Gecko) Chrome/134.0.6998.165 Mobile Safari/537.36 (compatible; Googlebot/2.1; +http://www.google.com/bot.html)"
66.249.66.20 - - [29/Mar/2025:22:35:11 -0400] "GET /an-mba-can-help-you-succeed-in-todays-fast-changing-business-environment/feed/ HTTP/1.1" 404 1251 "-" "Mozilla/5.0 (Linux; Android 6.0.1; Nexus 5X Build/MMB29P) AppleWebKit/537.36 (KHTML, like Gecko) Chrome/134.0.6998.165 Mobile Safari/537.36 (compatible; Googlebot/2.1; +http://www.google.com/bot.html)"
66.249.66.20 - - [29/Mar/2025:22:35:12 -0400] "GET /the-future-of-wedding-invitations-in-a-digital-era/ HTTP/1.1" 404 1251 "-" "Mozilla/5.0 (Linux; Android 6.0.1; Nexus 5X Build/MMB29P) AppleWebKit/537.36 (KHTML, like Gecko) Chrome/134.0.6998.165 Mobile Safari/537.36 (compatible; Googlebot/2.1; +http://www.google.com/bot.html)"
66.249.66.20 - - [29/Mar/2025:22:35:13 -0400] "GET /the-benefits-of-grip-socks/ HTTP/1.1" 404 1251 "-" "Mozilla/5.0 (Linux; Android 6.0.1; Nexus 5X Build/MMB29P) AppleWebKit/537.36 (KHTML, like Gecko) Chrome/134.0.6998.165 Mobile Safari/537.36 (compatible; Googlebot/2.1; +http://www.google.com/bot.html)"
66.249.66.6 - - [29/Mar/2025:22:39:24 -0400] "GET /melbourne-chauffeur-service/feed/ HTTP/1.1" 404 1251 "-" "Mozilla/5.0 (Linux; Android 6.0.1; Nexus 5X Build/MMB29P) AppleWebKit/537.36 (KHTML, like Gecko) Chrome/134.0.6998.165 Mobile Safari/537.36 (compatible; Googlebot/2.1; +http://www.google.com/bot.html)"
66.249.66.8 - - [29/Mar/2025:22:44:23 -0400] "GET /enhance-your-organization-with-planner-stickers/ HTTP/1.1" 404 1251 "-" "Mozilla/5.0 (Linux; Android 6.0.1; Nexus 5X Build/MMB29P) AppleWebKit/537.36 (KHTML, like Gecko) Chrome/134.0.6998.165 Mobile Safari/537.36 (compatible; Googlebot/2.1; +http://www.google.com/bot.html)"
66.249.66.8 - - [29/Mar/2025:22:44:48 -0400] "GET /kompetente-rechtsberatung-in-hattingen-fur-ihre-individuellen-bedurfnisse/ HTTP/1.1" 404 1251 "-" "Mozilla/5.0 (Linux; Android 6.0.1; Nexus 5X Build/MMB29P) AppleWebKit/537.36 (KHTML, like Gecko) Chrome/134.0.6998.165 Mobile Safari/537.36 (compatible; Googlebot/2.1; +http://www.google.com/bot.html)"
66.249.66.10 - - [29/Mar/2025:22:46:01 -0400] "GET /water-tank-cleaning-how-to-properly-clean-a-water-tank/feed/ HTTP/1.1" 404 1251 "-" "Mozilla/5.0 (Linux; Android 6.0.1; Nexus 5X Build/MMB29P) AppleWebKit/537.36 (KHTML, like Gecko) Chrome/134.0.6998.165 Mobile Safari/537.36 (compatible; Googlebot/2.1; +http://www.google.com/bot.html)"
66.249.66.8 - - [29/Mar/2025:22:46:59 -0400] "GET /the-benefits-of-audio-visual-systems/feed/ HTTP/1.1" 404 1251 "-" "Mozilla/5.0 (Linux; Android 6.0.1; Nexus 5X Build/MMB29P) AppleWebKit/537.36 (KHTML, like Gecko) Chrome/134.0.6998.165 Mobile Safari/537.36 (compatible; Googlebot/2.1; +http://www.google.com/bot.html)"
66.249.66.9 - - [29/Mar/2025:22:47:00 -0400] "GET /la-cle-de-la-conception-limportance-des-tests-dovulation/feed/ HTTP/1.1" 404 1251 "-" "Mozilla/5.0 (Linux; Android 6.0.1; Nexus 5X Build/MMB29P) AppleWebKit/537.36 (KHTML, like Gecko) Chrome/134.0.6998.165 Mobile Safari/537.36 (compatible; Googlebot/2.1; +http://www.google.com/bot.html)"
66.249.66.10 - - [29/Mar/2025:22:49:16 -0400] "GET /restart-iphone-without-touching-screen/ HTTP/1.1" 404 1251 "-" "Mozilla/5.0 (Linux; Android 6.0.1; Nexus 5X Build/MMB29P) AppleWebKit/537.36 (KHTML, like Gecko) Chrome/134.0.6998.165 Mobile Safari/537.36 (compatible; Googlebot/2.1; +http://www.google.com/bot.html)"
66.249.66.4 - - [29/Mar/2025:22:50:48 -0400] "GET /the-significance-of-fda-food-facility-registration/ HTTP/1.1" 404 1251 "-" "Mozilla/5.0 (Linux; Android 6.0.1; Nexus 5X Build/MMB29P) AppleWebKit/537.36 (KHTML, like Gecko) Chrome/134.0.6998.165 Mobile Safari/537.36 (compatible; Googlebot/2.1; +http://www.google.com/bot.html)"
66.249.66.4 - - [29/Mar/2025:22:52:27 -0400] "GET /top-advantages-of-professional-school-sports-tours/ HTTP/1.1" 404 1251 "-" "Mozilla/5.0 (Linux; Android 6.0.1; Nexus 5X Build/MMB29P) AppleWebKit/537.36 (KHTML, like Gecko) Chrome/134.0.6998.165 Mobile Safari/537.36 (compatible; Googlebot/2.1; +http://www.google.com/bot.html)"
66.249.66.5 - - [29/Mar/2025:22:54:16 -0400] "GET /the-benefits-of-audio-visual-systems/ HTTP/1.1" 404 1251 "-" "Mozilla/5.0 (Linux; Android 6.0.1; Nexus 5X Build/MMB29P) AppleWebKit/537.36 (KHTML, like Gecko) Chrome/134.0.6998.165 Mobile Safari/537.36 (compatible; Googlebot/2.1; +http://www.google.com/bot.html)"
66.249.66.3 - - [29/Mar/2025:22:54:26 -0400] "GET /la-polyvalence-des-plateaux-repas-dentreprise/feed/ HTTP/1.1" 404 1251 "-" "Mozilla/5.0 (Linux; Android 6.0.1; Nexus 5X Build/MMB29P) AppleWebKit/537.36 (KHTML, like Gecko) Chrome/134.0.6998.165 Mobile Safari/537.36 (compatible; Googlebot/2.1; +http://www.google.com/bot.html)"
66.249.66.4 - - [29/Mar/2025:22:55:06 -0400] "GET /experience-occasions-why-you-ought-to-take-a-chance-with-everything/ HTTP/1.1" 404 1251 "-" "Mozilla/5.0 (Linux; Android 6.0.1; Nexus 5X Build/MMB29P) AppleWebKit/537.36 (KHTML, like Gecko) Chrome/134.0.6998.165 Mobile Safari/537.36 (compatible; Googlebot/2.1; +http://www.google.com/bot.html)"
66.249.66.7 - - [29/Mar/2025:23:00:49 -0400] "GET /professionelle-umzugsunternehmen-in-hamburg-fur-einen-stressfreien-umzug/ HTTP/1.1" 404 1251 "-" "Mozilla/5.0 (Linux; Android 6.0.1; Nexus 5X Build/MMB29P) AppleWebKit/537.36 (KHTML, like Gecko) Chrome/134.0.6998.165 Mobile Safari/537.36 (compatible; Googlebot/2.1; +http://www.google.com/bot.html)"
66.249.66.8 - - [29/Mar/2025:23:01:15 -0400] "GET /illuminating-excellence-the-role-of-electrical-contractors-in-singapore/feed/ HTTP/1.1" 404 1251 "-" "Mozilla/5.0 (Linux; Android 6.0.1; Nexus 5X Build/MMB29P) AppleWebKit/537.36 (KHTML, like Gecko) Chrome/134.0.6998.165 Mobile Safari/537.36 (compatible; Googlebot/2.1; +http://www.google.com/bot.html)"
44.197.29.39 - - [29/Mar/2025:23:09:44 -0400] "GET /what-are-some-of-the-best-seo-services/ HTTP/1.1" 404 1251 "-" "Grammarly/1.0 (http://www.grammarly.com)"
66.249.66.19 - - [29/Mar/2025:23:17:16 -0400] "GET /bali-holiday-deals/feed/ HTTP/1.1" 404 1251 "-" "Mozilla/5.0 (Linux; Android 6.0.1; Nexus 5X Build/MMB29P) AppleWebKit/537.36 (KHTML, like Gecko) Chrome/134.0.6998.165 Mobile Safari/537.36 (compatible; Googlebot/2.1; +http://www.google.com/bot.html)"
66.249.66.18 - - [29/Mar/2025:23:17:22 -0400] "GET /auriculotherapy-and-phytotherapy-involved-in-malignant-growth-treatment/feed/ HTTP/1.1" 404 1251 "-" "Mozilla/5.0 (Linux; Android 6.0.1; Nexus 5X Build/MMB29P) AppleWebKit/537.36 (KHTML, like Gecko) Chrome/134.0.6998.165 Mobile Safari/537.36 (compatible; Googlebot/2.1; +http://www.google.com/bot.html)"
178.217.98.213 - - [29/Mar/2025:23:24:23 -0400] "GET /cbd-for-anxiety-uk-what-you-need-to-know/ HTTP/1.1" 404 1251 "https://theswadeshbazzar.com/cbd-for-anxiety-uk-what-you-need-to-know/" "Mozilla/5.0 (Windows NT 10.0; Win64; x64) AppleWebKit/537.36 (KHTML, like Gecko) Chrome/130.0.0.0 Safari/537.36 CCleaner/130.0.0.0"
178.217.98.213 - - [29/Mar/2025:23:24:24 -0400] "GET / HTTP/1.1" 200 156077 "https://theswadeshbazzar.com/" "Mozilla/5.0 (Windows NT 10.0; Win64; x64) AppleWebKit/537.36 (KHTML, like Gecko) Chrome/130.0.0.0 Safari/537.36 CCleaner/130.0.0.0"
66.249.66.20 - - [29/Mar/2025:23:28:48 -0400] "GET /category/iphone/feed/ HTTP/1.1" 404 1251 "-" "Mozilla/5.0 (Linux; Android 6.0.1; Nexus 5X Build/MMB29P) AppleWebKit/537.36 (KHTML, like Gecko) Chrome/134.0.6998.165 Mobile Safari/537.36 (compatible; Googlebot/2.1; +http://www.google.com/bot.html)"
66.249.66.18 - - [29/Mar/2025:23:38:25 -0400] "GET /matter-residences-connecting-your-home-to-the-internet-of-things/ HTTP/1.1" 404 1251 "-" "Mozilla/5.0 (Linux; Android 6.0.1; Nexus 5X Build/MMB29P) AppleWebKit/537.36 (KHTML, like Gecko) Chrome/134.0.6998.165 Mobile Safari/537.36 (compatible; Googlebot/2.1; +http://www.google.com/bot.html)"
66.249.66.19 - - [29/Mar/2025:23:38:33 -0400] "GET /how-to-turn-weather-alerts-on-iphone-working-again/feed/ HTTP/1.1" 404 1251 "-" "Mozilla/5.0 (Linux; Android 6.0.1; Nexus 5X Build/MMB29P) AppleWebKit/537.36 (KHTML, like Gecko) Chrome/134.0.6998.165 Mobile Safari/537.36 (compatible; Googlebot/2.1; +http://www.google.com/bot.html)"
66.249.66.18 - - [29/Mar/2025:23:39:02 -0400] "GET /page/2/ HTTP/1.1" 404 1251 "-" "Mozilla/5.0 (Linux; Android 6.0.1; Nexus 5X Build/MMB29P) AppleWebKit/537.36 (KHTML, like Gecko) Chrome/134.0.6998.165 Mobile Safari/537.36 (compatible; Googlebot/2.1; +http://www.google.com/bot.html)"
185.157.212.157 - - [29/Mar/2025:23:40:53 -0400] "GET /cbd-for-anxiety-uk-what-you-need-to-know/ HTTP/1.1" 404 1251 "https://theswadeshbazzar.com/cbd-for-anxiety-uk-what-you-need-to-know/" "Mozilla/5.0 (Windows NT 10.0; Win64; x64) AppleWebKit/537.36 (KHTML, like Gecko) Chrome/131.0.0.0 Safari/537.36"
185.157.212.157 - - [29/Mar/2025:23:40:54 -0400] "GET / HTTP/1.1" 200 156077 "https://theswadeshbazzar.com/" "Mozilla/5.0 (Windows NT 10.0; Win64; x64) AppleWebKit/537.36 (KHTML, like Gecko) Chrome/131.0.0.0 Safari/537.36"
66.249.66.19 - - [29/Mar/2025:23:43:09 -0400] "GET /category/contact-us/ HTTP/1.1" 404 1251 "-" "Mozilla/5.0 (Linux; Android 6.0.1; Nexus 5X Build/MMB29P) AppleWebKit/537.36 (KHTML, like Gecko) Chrome/134.0.6998.165 Mobile Safari/537.36 (compatible; Googlebot/2.1; +http://www.google.com/bot.html)"
66.249.66.3 - - [29/Mar/2025:23:44:16 -0400] "GET /amber-sea-the-jewel-of-the-north/ HTTP/1.1" 404 1251 "-" "Mozilla/5.0 (Linux; Android 6.0.1; Nexus 5X Build/MMB29P) AppleWebKit/537.36 (KHTML, like Gecko) Chrome/134.0.6998.165 Mobile Safari/537.36 (compatible; Googlebot/2.1; +http://www.google.com/bot.html)"
66.249.66.3 - - [29/Mar/2025:23:44:33 -0400] "GET /category/activity/feed/ HTTP/1.1" 404 1251 "-" "Mozilla/5.0 (Linux; Android 6.0.1; Nexus 5X Build/MMB29P) AppleWebKit/537.36 (KHTML, like Gecko) Chrome/134.0.6998.165 Mobile Safari/537.36 (compatible; Googlebot/2.1; +http://www.google.com/bot.html)"
52.167.144.180 - - [29/Mar/2025:23:51:55 -0400] "GET /what-is-a-hair-salon/ HTTP/1.1" 404 1251 "-" "Mozilla/5.0 AppleWebKit/537.36 (KHTML, like Gecko; compatible; bingbot/2.0; +http://www.bing.com/bingbot.htm) Chrome/116.0.1938.76 Safari/537.36"
66.249.66.12 - - [29/Mar/2025:23:52:37 -0400] "GET /?post_type=product&feed=rss2 HTTP/1.1" 200 166297 "-" "Mozilla/5.0 (Linux; Android 6.0.1; Nexus 5X Build/MMB29P) AppleWebKit/537.36 (KHTML, like Gecko) Chrome/134.0.6998.165 Mobile Safari/537.36 (compatible; Googlebot/2.1; +http://www.google.com/bot.html)"
109.172.87.122 - - [30/Mar/2025:00:02:21 -0400] "GET /cbd-for-anxiety-uk-what-you-need-to-know/ HTTP/1.1" 404 1251 "https://theswadeshbazzar.com/cbd-for-anxiety-uk-what-you-need-to-know/" "Mozilla/5.0 (Windows NT 10.0; Win64; x64) AppleWebKit/537.36 (KHTML, like Gecko) Chrome/131.0.0.0 Safari/537.36"
109.172.87.122 - - [30/Mar/2025:00:02:22 -0400] "GET / HTTP/1.1" 200 156077 "https://theswadeshbazzar.com/" "Mozilla/5.0 (Windows NT 10.0; Win64; x64) AppleWebKit/537.36 (KHTML, like Gecko) Chrome/131.0.0.0 Safari/537.36"
66.249.66.7 - - [30/Mar/2025:00:05:25 -0400] "GET /fda-cosmetic-regulations-ensuring-safety-and-compliance/feed/ HTTP/1.1" 404 1251 "-" "Mozilla/5.0 (Linux; Android 6.0.1; Nexus 5X Build/MMB29P) AppleWebKit/537.36 (KHTML, like Gecko) Chrome/134.0.6998.165 Mobile Safari/537.36 (compatible; Googlebot/2.1; +http://www.google.com/bot.html)"
66.249.66.10 - - [30/Mar/2025:00:13:46 -0400] "GET /?feed=comments-rss2 HTTP/1.1" 200 156077 "-" "Mozilla/5.0 (Linux; Android 6.0.1; Nexus 5X Build/MMB29P) AppleWebKit/537.36 (KHTML, like Gecko) Chrome/134.0.6998.165 Mobile Safari/537.36 (compatible; Googlebot/2.1; +http://www.google.com/bot.html)"
173.44.155.246 - - [30/Mar/2025:00:15:30 -0400] "GET /cbd-for-anxiety-uk-what-you-need-to-know/ HTTP/1.1" 404 1251 "-" "Mozilla/5.0 (Macintosh; Intel Mac OS X 12_5) AppleWebKit/537.36 (KHTML, like Gecko) Chrome/114.0.0.0 Safari/537.36"
173.44.155.246 - - [30/Mar/2025:00:15:31 -0400] "GET / HTTP/1.1" 200 156077 "-" "Mozilla/5.0 (Macintosh; Intel Mac OS X 12_5) AppleWebKit/537.36 (KHTML, like Gecko) Chrome/114.0.0.0 Safari/537.36"
165.232.132.64 - - [30/Mar/2025:00:17:20 -0400] "GET / HTTP/1.1" 200 156077 "-" "Mozilla/5.0 (compatible)"
165.232.132.64 - - [30/Mar/2025:00:17:20 -0400] "GET /ads.txt HTTP/1.1" 404 1251 "-" "Mozilla/5.0 (compatible)"
93.183.93.19 - - [30/Mar/2025:00:17:21 -0400] "GET /cbd-for-anxiety-uk-what-you-need-to-know/ HTTP/1.1" 404 1251 "https://theswadeshbazzar.com/cbd-for-anxiety-uk-what-you-need-to-know/" "Mozilla/5.0 (Windows NT 10.0; Win64; x64) AppleWebKit/537.36 (KHTML, like Gecko) Chrome/130.0.0.0 Safari/537.36 CCleaner/130.0.0.0"
93.183.93.19 - - [30/Mar/2025:00:17:21 -0400] "GET /cbd-for-anxiety-uk-what-you-need-to-know/ HTTP/1.1" 404 1251 "https://theswadeshbazzar.com/cbd-for-anxiety-uk-what-you-need-to-know/" "Mozilla/5.0 (Windows NT 10.0; Win64; x64) AppleWebKit/537.36 (KHTML, like Gecko) Chrome/129.0.0.0 Safari/537.36"
93.183.93.19 - - [30/Mar/2025:00:17:22 -0400] "GET / HTTP/1.1" 200 156077 "https://theswadeshbazzar.com/" "Mozilla/5.0 (Windows NT 10.0; Win64; x64) AppleWebKit/537.36 (KHTML, like Gecko) Chrome/129.0.0.0 Safari/537.36"
93.183.93.19 - - [30/Mar/2025:00:17:22 -0400] "GET / HTTP/1.1" 200 156077 "https://theswadeshbazzar.com/" "Mozilla/5.0 (Windows NT 10.0; Win64; x64) AppleWebKit/537.36 (KHTML, like Gecko) Chrome/130.0.0.0 Safari/537.36 CCleaner/130.0.0.0"
185.157.212.157 - - [30/Mar/2025:00:19:17 -0400] "GET /cbd-for-anxiety-uk-what-you-need-to-know/ HTTP/1.1" 404 1251 "https://theswadeshbazzar.com/cbd-for-anxiety-uk-what-you-need-to-know/" "Mozilla/5.0 (Windows NT 10.0; Win64; x64) AppleWebKit/537.36 (KHTML, like Gecko) Chrome/129.0.0.0 Safari/537.36"
185.157.212.157 - - [30/Mar/2025:00:19:17 -0400] "GET / HTTP/1.1" 200 156077 "https://theswadeshbazzar.com/" "Mozilla/5.0 (Windows NT 10.0; Win64; x64) AppleWebKit/537.36 (KHTML, like Gecko) Chrome/129.0.0.0 Safari/537.36"
46.101.204.165 - - [30/Mar/2025:00:19:22 -0400] "GET /wp-login.php HTTP/1.1" 200 1887 "http://theswadeshbazzar.com/wp-admin/" "Mozilla/5.0 (Windows NT 10.0; Win64; x64) AppleWebKit/537.36 (KHTML, like Gecko) Chrome/90.0.4430.85 Safari/537.36"
198.54.114.83 - - [30/Mar/2025:00:19:21 -0400] "POST /wp-admin/admin-ajax.php?action=async_litespeed&nonce=CAdA23D1BtdNp8GcHgKRHtLCLITF5YbF&litespeed_type=imgoptm HTTP/1.1" 200 5 "-" "WordPress/6.7.2; https://theswadeshbazzar.com"
46.101.204.165 - - [30/Mar/2025:00:19:22 -0400] "POST /wp-login.php HTTP/1.1" 200 2013 "http://theswadeshbazzar.com/wp-admin/" "Mozilla/5.0 (Windows NT 10.0; Win64; x64) AppleWebKit/537.36 (KHTML, like Gecko) Chrome/90.0.4430.85 Safari/537.36"
46.101.204.165 - - [30/Mar/2025:00:19:23 -0400] "GET /wp-admin/ HTTP/1.1" 302 0 "www.google.com" "Mozilla/5.0 (Windows NT 10.0; Win64; x64) AppleWebKit/537.36 (KHTML, like Gecko) Chrome/90.0.4430.85 Safari/537.36"
46.101.204.165 - - [30/Mar/2025:00:19:23 -0400] "GET /wp-login.php?redirect_to=https%3A%2F%2Ftheswadeshbazzar.com%2Fwp-admin%2F&reauth=1 HTTP/1.1" 200 1887 "www.google.com" "Mozilla/5.0 (Windows NT 10.0; Win64; x64) AppleWebKit/537.36 (KHTML, like Gecko) Chrome/90.0.4430.85 Safari/537.36"
185.220.100.249 - - [30/Mar/2025:00:21:59 -0400] "GET / HTTP/1.1" 200 156077 "https://theswadeshbazzar.com" "Mozilla/5.0 (Windows NT 6.1; WOW64) AppleWebKit/537.36 (KHTML, like Gecko) Chrome/43.0.2357.81 Safari/537.36 OPR/30.0.1835.59 (Edition Yx)"
66.249.66.9 - - [30/Mar/2025:00:34:10 -0400] "GET /choosing-the-right-cnc-machining-parts-supplier/ HTTP/1.1" 404 1251 "-" "Mozilla/5.0 (Linux; Android 6.0.1; Nexus 5X Build/MMB29P) AppleWebKit/537.36 (KHTML, like Gecko) Chrome/134.0.6998.165 Mobile Safari/537.36 (compatible; Googlebot/2.1; +http://www.google.com/bot.html)"
66.249.66.10 - - [30/Mar/2025:00:34:11 -0400] "GET /category/activity/page/20/ HTTP/1.1" 404 1251 "-" "Mozilla/5.0 (Linux; Android 6.0.1; Nexus 5X Build/MMB29P) AppleWebKit/537.36 (KHTML, like Gecko) Chrome/134.0.6998.165 Mobile Safari/537.36 (compatible; Googlebot/2.1; +http://www.google.com/bot.html)"
66.249.66.8 - - [30/Mar/2025:00:34:56 -0400] "GET /calibrate-iphone-screen-useful-adjustments/feed/ HTTP/1.1" 404 1251 "-" "Mozilla/5.0 (Linux; Android 6.0.1; Nexus 5X Build/MMB29P) AppleWebKit/537.36 (KHTML, like Gecko) Chrome/134.0.6998.165 Mobile Safari/537.36 (compatible; Googlebot/2.1; +http://www.google.com/bot.html)"
4.227.36.57 - - [30/Mar/2025:00:40:08 -0400] "GET /robots.txt HTTP/1.1" 304 0 "-" "Mozilla/5.0 AppleWebKit/537.36 (KHTML, like Gecko; compatible; GPTBot/1.2; +https://openai.com/gptbot)"
109.236.93.77 - - [30/Mar/2025:00:47:15 -0400] "GET /where-to-buy-sarms-online HTTP/1.1" 404 1251 "-" "Mozilla/5.0 (Windows NT 10.0; Win64; x64) AppleWebKit/537.36 (KHTML, like Gecko) Chrome/118.0.0.0 Safari/537.36"
