74.80.208.211 - - [03/Apr/2025:17:27:03 -0400] "GET /wp-json/wp/v2/posts/1591 HTTP/1.1" 404 1251 "-" "Mozilla/5.0 (compatible; ImagesiftBot; +imagesift.com)"
74.80.208.211 - - [03/Apr/2025:17:27:17 -0400] "GET /wp-json/wp/v2/posts/255 HTTP/1.1" 404 1251 "-" "Mozilla/5.0 (compatible; ImagesiftBot; +imagesift.com)"
74.80.208.211 - - [03/Apr/2025:17:27:30 -0400] "GET /vita-glow-cream-review/ HTTP/1.1" 404 1251 "-" "Mozilla/5.0 (compatible; ImagesiftBot; +imagesift.com)"
74.80.208.211 - - [03/Apr/2025:17:27:44 -0400] "GET /category/iphone/ HTTP/1.1" 404 1251 "-" "Mozilla/5.0 (compatible; ImagesiftBot; +imagesift.com)"
74.80.208.211 - - [03/Apr/2025:17:27:56 -0400] "GET /wp-json/wp/v2/posts/1071 HTTP/1.1" 404 1251 "-" "Mozilla/5.0 (compatible; ImagesiftBot; +imagesift.com)"
74.80.208.211 - - [03/Apr/2025:17:28:10 -0400] "GET /a-master-of-business-administration-mba-can-help-you-climb-the-corporate-ladder/ HTTP/1.1" 404 1251 "-" "Mozilla/5.0 (compatible; ImagesiftBot; +imagesift.com)"
74.80.208.211 - - [03/Apr/2025:17:28:23 -0400] "GET /what-you-should-know-about-online-casino-games/ HTTP/1.1" 404 1251 "-" "Mozilla/5.0 (compatible; ImagesiftBot; +imagesift.com)"
74.80.208.211 - - [03/Apr/2025:17:28:36 -0400] "GET /beginning-a-versatile-washing-administration-in-tucson/ HTTP/1.1" 404 1251 "-" "Mozilla/5.0 (compatible; ImagesiftBot; +imagesift.com)"
74.80.208.211 - - [03/Apr/2025:17:28:51 -0400] "GET /how-to-get-youtube-comment-likes/ HTTP/1.1" 404 1251 "-" "Mozilla/5.0 (compatible; ImagesiftBot; +imagesift.com)"
74.80.208.211 - - [03/Apr/2025:17:29:04 -0400] "GET /wp-json/wp/v2/posts/144 HTTP/1.1" 404 1251 "-" "Mozilla/5.0 (compatible; ImagesiftBot; +imagesift.com)"
74.80.208.211 - - [03/Apr/2025:17:29:18 -0400] "GET /pill-identifier-s489-pill-50-mg/ HTTP/1.1" 404 1251 "-" "Mozilla/5.0 (compatible; ImagesiftBot; +imagesift.com)"
74.80.208.211 - - [03/Apr/2025:17:29:34 -0400] "GET /wp-json/wp/v2/posts/1206 HTTP/1.1" 404 1251 "-" "Mozilla/5.0 (compatible; ImagesiftBot; +imagesift.com)"
74.80.208.211 - - [03/Apr/2025:17:29:49 -0400] "GET /wp-json/wp/v2/posts/1745 HTTP/1.1" 404 0 "-" "Mozilla/5.0 (compatible; ImagesiftBot; +imagesift.com)"
74.80.208.211 - - [03/Apr/2025:17:30:01 -0400] "GET /wp-json/wp/v2/posts/389 HTTP/1.1" 404 1251 "-" "Mozilla/5.0 (compatible; ImagesiftBot; +imagesift.com)"
74.80.208.211 - - [03/Apr/2025:17:30:14 -0400] "GET /wp-json/wp/v2/posts/1225 HTTP/1.1" 404 1251 "-" "Mozilla/5.0 (compatible; ImagesiftBot; +imagesift.com)"
74.80.208.211 - - [03/Apr/2025:17:30:26 -0400] "GET /wp-json/wp/v2/posts/337 HTTP/1.1" 404 1251 "-" "Mozilla/5.0 (compatible; ImagesiftBot; +imagesift.com)"
74.80.208.211 - - [03/Apr/2025:17:30:40 -0400] "GET /birthday-cake-designing-on-the-internet/ HTTP/1.1" 404 1251 "-" "Mozilla/5.0 (compatible; ImagesiftBot; +imagesift.com)"
74.80.208.211 - - [03/Apr/2025:17:30:52 -0400] "GET /wp-json/wp/v2/posts/1783 HTTP/1.1" 404 1251 "-" "Mozilla/5.0 (compatible; ImagesiftBot; +imagesift.com)"
74.80.208.211 - - [03/Apr/2025:17:31:04 -0400] "GET /what-is-a-sum-of-money/ HTTP/1.1" 404 1251 "-" "Mozilla/5.0 (compatible; ImagesiftBot; +imagesift.com)"
74.80.208.211 - - [03/Apr/2025:17:31:16 -0400] "GET /all-about-the-carburetor-and-fuel-injection/ HTTP/1.1" 404 1251 "-" "Mozilla/5.0 (compatible; ImagesiftBot; +imagesift.com)"
74.80.208.211 - - [03/Apr/2025:17:31:30 -0400] "GET /rechtsanwalt-hattingen/ HTTP/1.1" 404 1251 "-" "Mozilla/5.0 (compatible; ImagesiftBot; +imagesift.com)"
74.80.208.211 - - [03/Apr/2025:17:31:43 -0400] "GET /wp-json/wp/v2/posts/690 HTTP/1.1" 404 1251 "-" "Mozilla/5.0 (compatible; ImagesiftBot; +imagesift.com)"
74.80.208.211 - - [03/Apr/2025:17:31:57 -0400] "GET /weaving-stitches/ HTTP/1.1" 404 1251 "-" "Mozilla/5.0 (compatible; ImagesiftBot; +imagesift.com)"
74.80.208.211 - - [03/Apr/2025:17:32:11 -0400] "GET /choosing-an-interior-house-painter-in-norcross/ HTTP/1.1" 404 1251 "-" "Mozilla/5.0 (compatible; ImagesiftBot; +imagesift.com)"
74.80.208.211 - - [03/Apr/2025:17:32:25 -0400] "GET /best-place-to-buy-youtube-comments/ HTTP/1.1" 404 1251 "-" "Mozilla/5.0 (compatible; ImagesiftBot; +imagesift.com)"
52.167.144.172 - - [03/Apr/2025:17:32:26 -0400] "GET /luxe-living-discovering-the-emerald-of-katong-condo/ HTTP/1.1" 404 1251 "-" "Mozilla/5.0 AppleWebKit/537.36 (KHTML, like Gecko; compatible; bingbot/2.0; +http://www.bing.com/bingbot.htm) Chrome/116.0.1938.76 Safari/537.36"
52.167.144.172 - - [03/Apr/2025:17:32:27 -0400] "GET /the-weighted-stuffed-animal-revolution/ HTTP/1.1" 404 1251 "-" "Mozilla/5.0 AppleWebKit/537.36 (KHTML, like Gecko; compatible; bingbot/2.0; +http://www.bing.com/bingbot.htm) Chrome/116.0.1938.76 Safari/537.36"
74.80.208.211 - - [03/Apr/2025:17:32:41 -0400] "GET /best-playstation-5-games/ HTTP/1.1" 404 1251 "-" "Mozilla/5.0 (compatible; ImagesiftBot; +imagesift.com)"
74.80.208.211 - - [03/Apr/2025:17:32:55 -0400] "GET /product/yojak-kokum-aagal-500ml-pack-of-2/ HTTP/1.1" 404 1251 "-" "Mozilla/5.0 (compatible; ImagesiftBot; +imagesift.com)"
74.80.208.211 - - [03/Apr/2025:17:33:09 -0400] "GET /the-myst-cdl-developer/ HTTP/1.1" 404 1251 "-" "Mozilla/5.0 (compatible; ImagesiftBot; +imagesift.com)"
74.80.208.211 - - [03/Apr/2025:17:33:24 -0400] "GET /wp-json/wp/v2/posts/167 HTTP/1.1" 404 1251 "-" "Mozilla/5.0 (compatible; ImagesiftBot; +imagesift.com)"
74.80.208.211 - - [03/Apr/2025:17:33:39 -0400] "GET /how-to-select-the-best-sport-betting-sites/ HTTP/1.1" 404 1251 "-" "Mozilla/5.0 (compatible; ImagesiftBot; +imagesift.com)"
74.80.208.211 - - [03/Apr/2025:17:33:54 -0400] "GET /choosing-the-right-listing-management-software-for-your-agency/ HTTP/1.1" 404 1251 "-" "Mozilla/5.0 (compatible; ImagesiftBot; +imagesift.com)"
74.80.208.211 - - [03/Apr/2025:17:34:08 -0400] "GET /wp-json/wp/v2/posts/1994 HTTP/1.1" 404 1251 "-" "Mozilla/5.0 (compatible; ImagesiftBot; +imagesift.com)"
74.80.208.211 - - [03/Apr/2025:17:34:22 -0400] "GET /category/activity/page/79/ HTTP/1.1" 404 1251 "-" "Mozilla/5.0 (compatible; ImagesiftBot; +imagesift.com)"
74.80.208.211 - - [03/Apr/2025:17:34:35 -0400] "GET /breastfeeding-and-using-a-breast-pump/ HTTP/1.1" 404 1251 "-" "Mozilla/5.0 (compatible; ImagesiftBot; +imagesift.com)"
54.223.209.32 - - [03/Apr/2025:17:34:44 -0400] "GET /wp-content/uploads/2020/07/kayakalp-soap-pic-2.jpg HTTP/1.1" 404 1251 "-" "python-requests/2.29.0"
74.80.208.211 - - [03/Apr/2025:17:34:50 -0400] "GET /wp-json/wp/v2/posts/1493 HTTP/1.1" 404 1251 "-" "Mozilla/5.0 (compatible; ImagesiftBot; +imagesift.com)"
74.80.208.211 - - [03/Apr/2025:17:35:05 -0400] "GET /the-evolution-of-the-automatic-breast-pump/ HTTP/1.1" 404 1251 "-" "Mozilla/5.0 (compatible; ImagesiftBot; +imagesift.com)"
74.80.208.211 - - [03/Apr/2025:17:35:20 -0400] "GET /how-to-use-a-facebook-agency-ad-account/ HTTP/1.1" 404 0 "-" "Mozilla/5.0 (compatible; ImagesiftBot; +imagesift.com)"
74.80.208.211 - - [03/Apr/2025:17:35:32 -0400] "GET /wp-json/wp/v2/posts/913 HTTP/1.1" 404 1251 "-" "Mozilla/5.0 (compatible; ImagesiftBot; +imagesift.com)"
74.80.208.211 - - [03/Apr/2025:17:35:47 -0400] "GET /dentiste-geneve/ HTTP/1.1" 404 1251 "-" "Mozilla/5.0 (compatible; ImagesiftBot; +imagesift.com)"
74.80.208.211 - - [03/Apr/2025:17:36:02 -0400] "GET /the-japanese-sword-katana/ HTTP/1.1" 404 1251 "-" "Mozilla/5.0 (compatible; ImagesiftBot; +imagesift.com)"
74.80.208.211 - - [03/Apr/2025:17:36:17 -0400] "GET /why-hire-a-drunk-driving-lawyer/ HTTP/1.1" 404 1251 "-" "Mozilla/5.0 (compatible; ImagesiftBot; +imagesift.com)"
74.80.208.211 - - [03/Apr/2025:17:36:35 -0400] "GET /wp-json/wp/v2/posts/1609 HTTP/1.1" 404 0 "-" "Mozilla/5.0 (compatible; ImagesiftBot; +imagesift.com)"
85.208.98.20 - - [03/Apr/2025:17:36:44 -0400] "GET /3p4jr7u/digital-marketing-for-musicians.html HTTP/1.1" 404 1251 "-" "Mozilla/5.0 (compatible; SemrushBot-BA; +http://www.semrush.com/bot.html)"
74.80.208.211 - - [03/Apr/2025:17:36:48 -0400] "GET /what-is-a-fire-sprinkler-system/ HTTP/1.1" 404 1251 "-" "Mozilla/5.0 (compatible; ImagesiftBot; +imagesift.com)"
74.80.208.211 - - [03/Apr/2025:17:37:04 -0400] "GET /product/neem-tulsi-soap/ HTTP/1.1" 404 1251 "-" "Mozilla/5.0 (compatible; ImagesiftBot; +imagesift.com)"
74.80.208.211 - - [03/Apr/2025:17:37:22 -0400] "GET /the-organic-components-of-pure-kohl/ HTTP/1.1" 404 1251 "-" "Mozilla/5.0 (compatible; ImagesiftBot; +imagesift.com)"
74.80.208.211 - - [03/Apr/2025:17:37:37 -0400] "GET /agriturismo-am-gardasee-mit-pool-die-besten-bauernhofaufenthalte-fur-ihren-familienurlaub/ HTTP/1.1" 404 0 "-" "Mozilla/5.0 (compatible; ImagesiftBot; +imagesift.com)"
74.80.208.211 - - [03/Apr/2025:17:37:50 -0400] "GET /wellness-paint-by-numbers/ HTTP/1.1" 404 1251 "-" "Mozilla/5.0 (compatible; ImagesiftBot; +imagesift.com)"
74.80.208.211 - - [03/Apr/2025:17:38:05 -0400] "GET /come-creare-magliette-personalizzate-redditizie/ HTTP/1.1" 404 1251 "-" "Mozilla/5.0 (compatible; ImagesiftBot; +imagesift.com)"
74.80.208.211 - - [03/Apr/2025:17:38:20 -0400] "GET /page/77/ HTTP/1.1" 404 1251 "-" "Mozilla/5.0 (compatible; ImagesiftBot; +imagesift.com)"
74.80.208.211 - - [03/Apr/2025:17:38:35 -0400] "GET /cloud-utility-management-for-utilities/ HTTP/1.1" 404 1251 "-" "Mozilla/5.0 (compatible; ImagesiftBot; +imagesift.com)"
74.80.208.211 - - [03/Apr/2025:17:38:50 -0400] "GET /how-to-get-started-with-competition-shooting/ HTTP/1.1" 404 1251 "-" "Mozilla/5.0 (compatible; ImagesiftBot; +imagesift.com)"
74.80.208.211 - - [03/Apr/2025:17:39:04 -0400] "GET /wp-json/wp/v2/posts/1647 HTTP/1.1" 404 1251 "-" "Mozilla/5.0 (compatible; ImagesiftBot; +imagesift.com)"
74.80.208.211 - - [03/Apr/2025:17:39:19 -0400] "GET /on-sale-michael-kors-bags/ HTTP/1.1" 404 1251 "-" "Mozilla/5.0 (compatible; ImagesiftBot; +imagesift.com)"
74.80.208.211 - - [03/Apr/2025:17:39:33 -0400] "GET /project-planning-5-essential-steps-to-a-successful-project/ HTTP/1.1" 404 1251 "-" "Mozilla/5.0 (compatible; ImagesiftBot; +imagesift.com)"
74.80.208.211 - - [03/Apr/2025:17:39:49 -0400] "GET /pizza-meadville-pa/feed/ HTTP/1.1" 404 1251 "-" "Mozilla/5.0 (compatible; ImagesiftBot; +imagesift.com)"
74.80.208.211 - - [03/Apr/2025:17:40:04 -0400] "GET /wp-json/wp/v2/posts/138 HTTP/1.1" 404 0 "-" "Mozilla/5.0 (compatible; ImagesiftBot; +imagesift.com)"
74.80.208.211 - - [03/Apr/2025:17:40:19 -0400] "GET /wp-json/wp/v2/posts/550 HTTP/1.1" 404 1251 "-" "Mozilla/5.0 (compatible; ImagesiftBot; +imagesift.com)"
2a03:2880:f800:1d:: - - [03/Apr/2025:17:40:22 -0400] "GET / HTTP/1.1" 200 156077 "-" "meta-externalagent/1.1 (+https://developers.facebook.com/docs/sharing/webmasters/crawler)"
198.54.114.83 - - [03/Apr/2025:17:40:33 -0400] "POST /wp-cron.php?doing_wp_cron=1743716433.4884328842163085937500 HTTP/1.1" 200 0 "-" "WordPress/6.7.2; https://theswadeshbazzar.com"
77.105.136.89 - - [03/Apr/2025:17:40:23 -0400] "POST /wp-login.php HTTP/1.1" 200 2015 "https://theswadeshbazzar.com/wp-login.php" "Mozilla/5.0 (Windows NT 10.0; Win64; x64) AppleWebKit/537.36 (KHTML, like Gecko) Chrome/123.0.0.0 Safari/537.36"
74.80.208.211 - - [03/Apr/2025:17:40:34 -0400] "GET /lg-best-split-ac-for-this-summers/ HTTP/1.1" 404 1251 "-" "Mozilla/5.0 (compatible; ImagesiftBot; +imagesift.com)"
198.54.114.83 - - [03/Apr/2025:17:40:34 -0400] "POST /wp-admin/admin-ajax.php?action=async_litespeed&nonce=17VTnkq7pA5UCwrabj3G89msPyDgWTVZ&litespeed_type=imgoptm HTTP/1.1" 200 0 "-" "WordPress/6.7.2; https://theswadeshbazzar.com"
198.54.114.83 - - [03/Apr/2025:17:40:45 -0400] "POST /wp-cron.php?doing_wp_cron=1743716445.5069169998168945312500 HTTP/1.1" 200 0 "-" "WordPress/6.7.2; https://theswadeshbazzar.com"
77.105.136.89 - - [03/Apr/2025:17:40:34 -0400] "POST /wp-login.php HTTP/1.1" 200 2015 "https://theswadeshbazzar.com/wp-login.php" "Mozilla/5.0 (Windows NT 10.0; Win64; x64) AppleWebKit/537.36 (KHTML, like Gecko) Chrome/123.0.0.0 Safari/537.36"
198.54.114.83 - - [03/Apr/2025:17:40:46 -0400] "POST /wp-admin/admin-ajax.php?action=async_litespeed&nonce=p94AIdulo6OLj9RNZhC4xsmEVnRnvjrl&litespeed_type=imgoptm HTTP/1.1" 200 0 "-" "WordPress/6.7.2; https://theswadeshbazzar.com"
74.80.208.211 - - [03/Apr/2025:17:40:50 -0400] "GET /the-benefits-of-industrial-automation/ HTTP/1.1" 404 1251 "-" "Mozilla/5.0 (compatible; ImagesiftBot; +imagesift.com)"
74.80.208.211 - - [03/Apr/2025:17:41:04 -0400] "GET /wp-json/wp/v2/posts/1501 HTTP/1.1" 404 1251 "-" "Mozilla/5.0 (compatible; ImagesiftBot; +imagesift.com)"
74.80.208.211 - - [03/Apr/2025:17:41:19 -0400] "GET /bucher-uber-gesunde-ernahrung/ HTTP/1.1" 404 1251 "-" "Mozilla/5.0 (compatible; ImagesiftBot; +imagesift.com)"
74.80.208.211 - - [03/Apr/2025:17:41:35 -0400] "GET /wp-json/wp/v2/posts/1685 HTTP/1.1" 404 1251 "-" "Mozilla/5.0 (compatible; ImagesiftBot; +imagesift.com)"
178.217.98.213 - - [03/Apr/2025:17:41:39 -0400] "GET /cbd-for-anxiety-uk-what-you-need-to-know/ HTTP/1.1" 404 1251 "https://theswadeshbazzar.com/cbd-for-anxiety-uk-what-you-need-to-know/" "Mozilla/5.0 (Windows NT 10.0; Win64; x64) AppleWebKit/537.36 (KHTML, like Gecko) Chrome/130.0.0.0 Safari/537.36 CCleaner/130.0.0.0"
178.217.98.213 - - [03/Apr/2025:17:41:39 -0400] "GET / HTTP/1.1" 200 156077 "https://theswadeshbazzar.com/" "Mozilla/5.0 (Windows NT 10.0; Win64; x64) AppleWebKit/537.36 (KHTML, like Gecko) Chrome/130.0.0.0 Safari/537.36 CCleaner/130.0.0.0"
74.80.208.211 - - [03/Apr/2025:17:41:51 -0400] "GET /wp-json/wp/v2/posts/1520 HTTP/1.1" 404 1251 "-" "Mozilla/5.0 (compatible; ImagesiftBot; +imagesift.com)"
74.80.208.211 - - [03/Apr/2025:17:42:08 -0400] "GET /product/sankranti-waan/ HTTP/1.1" 404 1251 "-" "Mozilla/5.0 (compatible; ImagesiftBot; +imagesift.com)"
74.80.208.211 - - [03/Apr/2025:17:42:26 -0400] "GET /wp-json/wp/v2/posts/1165 HTTP/1.1" 404 1251 "-" "Mozilla/5.0 (compatible; ImagesiftBot; +imagesift.com)"
74.80.208.211 - - [03/Apr/2025:17:42:43 -0400] "GET /wp-json/wp/v2/posts/743 HTTP/1.1" 404 1251 "-" "Mozilla/5.0 (compatible; ImagesiftBot; +imagesift.com)"
74.80.208.211 - - [03/Apr/2025:17:43:00 -0400] "GET /satellite-tv-programming-guide/ HTTP/1.1" 404 1251 "-" "Mozilla/5.0 (compatible; ImagesiftBot; +imagesift.com)"
74.80.208.211 - - [03/Apr/2025:17:43:17 -0400] "GET /page/60/ HTTP/1.1" 404 1251 "-" "Mozilla/5.0 (compatible; ImagesiftBot; +imagesift.com)"
74.80.208.211 - - [03/Apr/2025:17:43:33 -0400] "GET /the-benefits-of-runner-rugs/ HTTP/1.1" 404 1251 "-" "Mozilla/5.0 (compatible; ImagesiftBot; +imagesift.com)"
74.80.208.211 - - [03/Apr/2025:17:43:49 -0400] "GET /product/tbf-skin-like-cashmere-body-polish-scrub/ HTTP/1.1" 404 1251 "-" "Mozilla/5.0 (compatible; ImagesiftBot; +imagesift.com)"
18.223.102.131 - - [03/Apr/2025:17:44:02 -0400] "GET /robots.txt HTTP/1.1" 304 0 "-" "Mozilla/5.0 AppleWebKit/537.36 (KHTML, like Gecko; compatible; ClaudeBot/1.0; +claudebot@anthropic.com)"
18.223.102.131 - - [03/Apr/2025:17:44:03 -0400] "GET /exploring-the-vibrant-straits-at-joo-chiat HTTP/1.1" 404 1251 "-" "Mozilla/5.0 AppleWebKit/537.36 (KHTML, like Gecko; compatible; ClaudeBot/1.0; +claudebot@anthropic.com)"
74.80.208.211 - - [03/Apr/2025:17:44:07 -0400] "GET /a-silver-menorah-can-elevate-any-home/ HTTP/1.1" 404 1251 "-" "Mozilla/5.0 (compatible; ImagesiftBot; +imagesift.com)"
52.167.144.174 - - [03/Apr/2025:17:44:20 -0400] "GET /exploring-nusa-penida-a-journey-into-paradise/ HTTP/1.1" 404 1251 "-" "Mozilla/5.0 AppleWebKit/537.36 (KHTML, like Gecko; compatible; bingbot/2.0; +http://www.bing.com/bingbot.htm) Chrome/116.0.1938.76 Safari/537.36"
74.80.208.211 - - [03/Apr/2025:17:44:26 -0400] "GET /wp-json/wp/v2/posts/936 HTTP/1.1" 404 1251 "-" "Mozilla/5.0 (compatible; ImagesiftBot; +imagesift.com)"
74.80.208.211 - - [03/Apr/2025:17:44:43 -0400] "GET /wp-json/wp/v2/posts/684 HTTP/1.1" 404 1251 "-" "Mozilla/5.0 (compatible; ImagesiftBot; +imagesift.com)"
74.80.208.211 - - [03/Apr/2025:17:45:00 -0400] "GET /the-little-prince-quotes-that-will-inspire-you/ HTTP/1.1" 404 1251 "-" "Mozilla/5.0 (compatible; ImagesiftBot; +imagesift.com)"
151.106.162.202 - - [03/Apr/2025:17:45:06 -0400] "GET /wp-content/uploads/2023/01/How-to-Sign-Out-of-Apple-ID-Without-Password.jpg HTTP/1.1" 200 100203 "-" "Mozilla/5.0 (X11; Ubuntu; Linux x86_64; rv:72.0) Gecko/20100101 Firefox/72.0"
74.80.208.211 - - [03/Apr/2025:17:45:18 -0400] "GET /wp-json/wp/v2/posts/1319 HTTP/1.1" 404 1251 "-" "Mozilla/5.0 (compatible; ImagesiftBot; +imagesift.com)"
74.80.208.211 - - [03/Apr/2025:17:45:33 -0400] "GET /wp-json/wp/v2/posts/1858 HTTP/1.1" 404 1251 "-" "Mozilla/5.0 (compatible; ImagesiftBot; +imagesift.com)"
74.80.208.211 - - [03/Apr/2025:17:45:51 -0400] "GET /specialised-made-to-order-chemicals-requires-the-services-of-a-chemical-manufacturer/ HTTP/1.1" 404 1251 "-" "Mozilla/5.0 (compatible; ImagesiftBot; +imagesift.com)"
74.80.208.211 - - [03/Apr/2025:17:46:10 -0400] "GET /wp-json/wp/v2/posts/877 HTTP/1.1" 404 1251 "-" "Mozilla/5.0 (compatible; ImagesiftBot; +imagesift.com)"
74.80.208.211 - - [03/Apr/2025:17:46:27 -0400] "GET /the-nitty-gritty-to-soccer-safety/ HTTP/1.1" 404 1251 "-" "Mozilla/5.0 (compatible; ImagesiftBot; +imagesift.com)"
74.80.208.211 - - [03/Apr/2025:17:46:45 -0400] "GET /wp-json/wp/v2/posts/1877 HTTP/1.1" 404 1251 "-" "Mozilla/5.0 (compatible; ImagesiftBot; +imagesift.com)"
74.80.208.211 - - [03/Apr/2025:17:47:03 -0400] "GET /how-to-find-an-english-speaking-lawyer-madrid/ HTTP/1.1" 404 1251 "-" "Mozilla/5.0 (compatible; ImagesiftBot; +imagesift.com)"
74.80.208.211 - - [03/Apr/2025:17:47:19 -0400] "GET /wp-json/wp/v2/posts/1712 HTTP/1.1" 404 1251 "-" "Mozilla/5.0 (compatible; ImagesiftBot; +imagesift.com)"
74.80.208.211 - - [03/Apr/2025:17:47:36 -0400] "GET /wp-json/wp/v2/posts/1357 HTTP/1.1" 404 1251 "-" "Mozilla/5.0 (compatible; ImagesiftBot; +imagesift.com)"
185.157.212.157 - - [03/Apr/2025:17:47:43 -0400] "GET /cbd-for-anxiety-uk-what-you-need-to-know/ HTTP/1.1" 404 1251 "https://theswadeshbazzar.com/cbd-for-anxiety-uk-what-you-need-to-know/" "Mozilla/5.0 (Windows NT 10.0; Win64; x64) AppleWebKit/537.36 (KHTML, like Gecko) Chrome/131.0.0.0 Safari/537.36"
185.157.212.157 - - [03/Apr/2025:17:47:44 -0400] "GET / HTTP/1.1" 200 156077 "https://theswadeshbazzar.com/" "Mozilla/5.0 (Windows NT 10.0; Win64; x64) AppleWebKit/537.36 (KHTML, like Gecko) Chrome/131.0.0.0 Safari/537.36"
74.80.208.211 - - [03/Apr/2025:17:47:52 -0400] "GET /buying-designer-handbags-on-consignment/ HTTP/1.1" 404 1251 "-" "Mozilla/5.0 (compatible; ImagesiftBot; +imagesift.com)"
74.80.208.211 - - [03/Apr/2025:17:48:15 -0400] "GET /product-tag/naach/ HTTP/1.1" 404 1251 "-" "Mozilla/5.0 (compatible; ImagesiftBot; +imagesift.com)"
74.80.208.211 - - [03/Apr/2025:17:48:34 -0400] "GET /common-misconceptions-about-a-solid-conservatory-roof/ HTTP/1.1" 404 1251 "-" "Mozilla/5.0 (compatible; ImagesiftBot; +imagesift.com)"
74.80.208.211 - - [03/Apr/2025:17:48:51 -0400] "GET /wp-json/wp/v2/posts/521 HTTP/1.1" 404 1251 "-" "Mozilla/5.0 (compatible; ImagesiftBot; +imagesift.com)"
74.80.208.211 - - [03/Apr/2025:17:49:07 -0400] "GET /category/how-to/ HTTP/1.1" 404 1251 "-" "Mozilla/5.0 (compatible; ImagesiftBot; +imagesift.com)"
74.80.208.211 - - [03/Apr/2025:17:49:24 -0400] "GET /diamond-painting-how-to-get-started/ HTTP/1.1" 404 1251 "-" "Mozilla/5.0 (compatible; ImagesiftBot; +imagesift.com)"
74.80.208.211 - - [03/Apr/2025:17:49:42 -0400] "GET /product/coconut-chips-vanilla-flavour/ HTTP/1.1" 404 1251 "-" "Mozilla/5.0 (compatible; ImagesiftBot; +imagesift.com)"
74.80.208.211 - - [03/Apr/2025:17:49:59 -0400] "GET /wp-json/wp/v2/posts/1750 HTTP/1.1" 404 1251 "-" "Mozilla/5.0 (compatible; ImagesiftBot; +imagesift.com)"
74.80.208.211 - - [03/Apr/2025:17:50:17 -0400] "GET /comment-utiliser-les-bienfaits-de-la-chlorelle-pour-ameliorer-votre-sante/ HTTP/1.1" 404 1251 "-" "Mozilla/5.0 (compatible; ImagesiftBot; +imagesift.com)"
74.80.208.211 - - [03/Apr/2025:17:50:34 -0400] "GET /choosing-live-webcams/ HTTP/1.1" 404 1251 "-" "Mozilla/5.0 (compatible; ImagesiftBot; +imagesift.com)"
74.80.208.211 - - [03/Apr/2025:17:50:51 -0400] "GET /wp-json/wp/v2/posts/1230 HTTP/1.1" 404 1251 "-" "Mozilla/5.0 (compatible; ImagesiftBot; +imagesift.com)"
74.80.208.211 - - [03/Apr/2025:17:51:09 -0400] "GET /category-sitemap.xml HTTP/1.1" 404 1251 "-" "Mozilla/5.0 (compatible; ImagesiftBot; +imagesift.com)"
74.80.208.211 - - [03/Apr/2025:17:51:27 -0400] "GET /wp-json/wp/v2/posts/10 HTTP/1.1" 404 1251 "-" "Mozilla/5.0 (compatible; ImagesiftBot; +imagesift.com)"
74.80.208.211 - - [03/Apr/2025:17:51:45 -0400] "GET /wp-json/wp/v2/posts/462 HTTP/1.1" 404 1251 "-" "Mozilla/5.0 (compatible; ImagesiftBot; +imagesift.com)"
74.80.208.211 - - [03/Apr/2025:17:52:05 -0400] "GET /product/jasmine-hair-oil/ HTTP/1.1" 404 1251 "-" "Mozilla/5.0 (compatible; ImagesiftBot; +imagesift.com)"
74.80.208.211 - - [03/Apr/2025:17:52:27 -0400] "GET /fast-and-affordable-iphone-repairs/ HTTP/1.1" 404 1251 "-" "Mozilla/5.0 (compatible; ImagesiftBot; +imagesift.com)"
74.80.208.211 - - [03/Apr/2025:17:52:45 -0400] "GET /category/activity/page/73/ HTTP/1.1" 404 1251 "-" "Mozilla/5.0 (compatible; ImagesiftBot; +imagesift.com)"
74.80.208.211 - - [03/Apr/2025:17:53:01 -0400] "GET /portland-family-based-immigration-lawyer-aga-sepp/ HTTP/1.1" 404 1251 "-" "Mozilla/5.0 (compatible; ImagesiftBot; +imagesift.com)"
74.80.208.211 - - [03/Apr/2025:17:53:19 -0400] "GET /metal-straightening-machines/ HTTP/1.1" 404 1251 "-" "Mozilla/5.0 (compatible; ImagesiftBot; +imagesift.com)"
74.80.208.211 - - [03/Apr/2025:17:53:40 -0400] "GET /category/gaming/ HTTP/1.1" 404 1251 "-" "Mozilla/5.0 (compatible; ImagesiftBot; +imagesift.com)"
74.80.208.211 - - [03/Apr/2025:17:53:58 -0400] "GET /the-pros-and-cons-of-sarms-2/ HTTP/1.1" 404 1251 "-" "Mozilla/5.0 (compatible; ImagesiftBot; +imagesift.com)"
74.80.208.211 - - [03/Apr/2025:17:54:17 -0400] "GET /wp-json/wp/v2/posts/1048 HTTP/1.1" 404 1251 "-" "Mozilla/5.0 (compatible; ImagesiftBot; +imagesift.com)"
74.80.208.211 - - [03/Apr/2025:17:54:36 -0400] "GET /wp-json/wp/v2/posts/596 HTTP/1.1" 404 1251 "-" "Mozilla/5.0 (compatible; ImagesiftBot; +imagesift.com)"
74.80.208.211 - - [03/Apr/2025:17:54:54 -0400] "GET /what-is-bola-tangkas/ HTTP/1.1" 404 1251 "-" "Mozilla/5.0 (compatible; ImagesiftBot; +imagesift.com)"
74.80.208.211 - - [03/Apr/2025:17:55:11 -0400] "GET /tennis-betting-how-to-make-accurate-tennis-predictions/ HTTP/1.1" 404 1251 "-" "Mozilla/5.0 (compatible; ImagesiftBot; +imagesift.com)"
74.80.208.211 - - [03/Apr/2025:17:55:29 -0400] "GET /play-wheel-of-fortune-in-online-casinos/ HTTP/1.1" 404 1251 "-" "Mozilla/5.0 (compatible; ImagesiftBot; +imagesift.com)"
74.80.208.211 - - [03/Apr/2025:17:55:47 -0400] "GET /wp-json/wp/v2/posts/1067 HTTP/1.1" 404 1251 "-" "Mozilla/5.0 (compatible; ImagesiftBot; +imagesift.com)"
74.80.208.211 - - [03/Apr/2025:17:56:05 -0400] "GET /drain-cleaning-why-you-should-get-your-drains-and-sewer-lines-clogged/ HTTP/1.1" 404 1251 "-" "Mozilla/5.0 (compatible; ImagesiftBot; +imagesift.com)"
112.86.225.251 - - [03/Apr/2025:17:56:13 -0400] "GET / HTTP/1.1" 200 156077 "-" "Sogou web spider/4.0(+http://www.sogou.com/docs/help/webmasters.htm#07)"
74.80.208.211 - - [03/Apr/2025:17:56:24 -0400] "GET /wp-json/wp/v2/posts/1441 HTTP/1.1" 404 0 "-" "Mozilla/5.0 (compatible; ImagesiftBot; +imagesift.com)"
74.80.208.211 - - [03/Apr/2025:17:56:41 -0400] "GET /wp-json/wp/v2/posts/1980 HTTP/1.1" 404 1251 "-" "Mozilla/5.0 (compatible; ImagesiftBot; +imagesift.com)"
74.80.208.211 - - [03/Apr/2025:17:56:58 -0400] "GET /wp-json/wp/v2/posts/1460 HTTP/1.1" 404 1251 "-" "Mozilla/5.0 (compatible; ImagesiftBot; +imagesift.com)"
74.80.208.211 - - [03/Apr/2025:17:57:16 -0400] "GET /wp-json/wp/v2/posts/737 HTTP/1.1" 404 1251 "-" "Mozilla/5.0 (compatible; ImagesiftBot; +imagesift.com)"
151.106.160.247 - - [03/Apr/2025:17:57:33 -0400] "GET /wp-content/uploads/thumbs_dir/Saver-Detergent-Powder-oqr4dtkwj01g4v0fj22vsfy13jqsph0y9mk0rl155a.jpg HTTP/1.1" 404 1251 "-" "Mozilla/5.0 (X11; Ubuntu; Linux x86_64; rv:72.0) Gecko/20100101 Firefox/72.0"
151.106.160.247 - - [03/Apr/2025:17:57:33 -0400] "GET /wp-content/uploads/thumbs_dir/Saver-Detergent-Powder-oqr4dtkwj01g4v0fj22vsfy13jqsph0y9mk0rl155a.jpg HTTP/1.1" 404 1251 "-" "Mozilla/5.0 (X11; Ubuntu; Linux x86_64; rv:72.0) Gecko/20100101 Firefox/72.0"
151.106.160.247 - - [03/Apr/2025:17:57:34 -0400] "GET /wp-content/uploads/thumbs_dir/Saver-Detergent-Powder-oqr4dtkwj01g4v0fj22vsfy13jqsph0y9mk0rl155a.jpg HTTP/1.1" 404 1251 "-" "Mozilla/5.0 (X11; Ubuntu; Linux x86_64; rv:72.0) Gecko/20100101 Firefox/72.0"
74.80.208.211 - - [03/Apr/2025:17:57:34 -0400] "GET /virtual-makeup-try-on-apps-for-beauty-lovers/ HTTP/1.1" 404 1251 "-" "Mozilla/5.0 (compatible; ImagesiftBot; +imagesift.com)"
74.80.208.211 - - [03/Apr/2025:17:57:52 -0400] "GET /what-web-businesses-can-learn-from-online-gambling/ HTTP/1.1" 404 1251 "-" "Mozilla/5.0 (compatible; ImagesiftBot; +imagesift.com)"
74.80.208.211 - - [03/Apr/2025:17:58:10 -0400] "GET /wp-json/wp/v2/posts/485 HTTP/1.1" 404 1251 "-" "Mozilla/5.0 (compatible; ImagesiftBot; +imagesift.com)"
74.80.208.211 - - [03/Apr/2025:17:58:31 -0400] "GET /top-picks-for-a-curly-hair-specialist-in-melbourne/ HTTP/1.1" 404 1251 "-" "Mozilla/5.0 (compatible; ImagesiftBot; +imagesift.com)"
74.80.208.211 - - [03/Apr/2025:17:58:48 -0400] "GET /best-gyms-near-me/ HTTP/1.1" 404 1251 "-" "Mozilla/5.0 (compatible; ImagesiftBot; +imagesift.com)"
74.80.208.211 - - [03/Apr/2025:17:59:06 -0400] "GET /how-to-change-the-language-on-netflix/ HTTP/1.1" 404 1251 "-" "Mozilla/5.0 (compatible; ImagesiftBot; +imagesift.com)"
74.80.208.211 - - [03/Apr/2025:17:59:26 -0400] "GET /wp-json/wp/v2/posts/433 HTTP/1.1" 404 1251 "-" "Mozilla/5.0 (compatible; ImagesiftBot; +imagesift.com)"
74.80.208.211 - - [03/Apr/2025:17:59:44 -0400] "GET /cavity-wall-insulation-cost/ HTTP/1.1" 404 1251 "-" "Mozilla/5.0 (compatible; ImagesiftBot; +imagesift.com)"
74.80.208.211 - - [03/Apr/2025:18:00:04 -0400] "GET /some-of-the-best-summer-ice-cream-flavors/ HTTP/1.1" 404 1251 "-" "Mozilla/5.0 (compatible; ImagesiftBot; +imagesift.com)"
74.80.208.211 - - [03/Apr/2025:18:00:24 -0400] "GET /wp-json/wp/v2/posts/322 HTTP/1.1" 404 1251 "-" "Mozilla/5.0 (compatible; ImagesiftBot; +imagesift.com)"
74.80.208.211 - - [03/Apr/2025:18:00:42 -0400] "GET /what-are-light-codes/ HTTP/1.1" 404 1251 "-" "Mozilla/5.0 (compatible; ImagesiftBot; +imagesift.com)"
74.80.208.211 - - [03/Apr/2025:18:01:00 -0400] "GET /wp-json/wp/v2/posts/1633 HTTP/1.1" 404 1251 "-" "Mozilla/5.0 (compatible; ImagesiftBot; +imagesift.com)"
74.80.208.211 - - [03/Apr/2025:18:01:18 -0400] "GET /sup-rental-pensacola-beach/ HTTP/1.1" 404 1251 "-" "Mozilla/5.0 (compatible; ImagesiftBot; +imagesift.com)"
74.80.208.211 - - [03/Apr/2025:18:01:37 -0400] "GET /wp-json/wp/v2/posts/1113 HTTP/1.1" 404 1251 "-" "Mozilla/5.0 (compatible; ImagesiftBot; +imagesift.com)"
198.54.114.83 - - [03/Apr/2025:18:01:43 -0400] "POST /wp-cron.php?doing_wp_cron=1743717702.8066799640655517578125 HTTP/1.1" 200 0 "-" "WordPress/6.7.2; https://theswadeshbazzar.com"
196.251.87.2 - - [03/Apr/2025:18:01:37 -0400] "POST /wp-login.php?wc-ajax=1 HTTP/1.1" 200 2018 "https://theswadeshbazzar.com/wp-admin/" "Mozilla/5.0 (Windows NT 10.0; Win64; x64) AppleWebKit/537.36 (KHTML, like Gecko) Chrome/90.0.4430.85 Safari/537.36"
198.54.114.83 - - [03/Apr/2025:18:01:44 -0400] "POST /wp-admin/admin-ajax.php?action=async_litespeed&nonce=xLc7mnIXNHECIcItqQ2Kx7t9BkoSel4q&litespeed_type=imgoptm HTTP/1.1" 200 0 "-" "WordPress/6.7.2; https://theswadeshbazzar.com"
196.251.87.2 - - [03/Apr/2025:18:01:45 -0400] "GET /wp-admin/?wc-ajax=1 HTTP/1.1" 302 0 "www.google.com" "Mozilla/5.0 (Windows NT 10.0; Win64; x64) AppleWebKit/537.36 (KHTML, like Gecko) Chrome/90.0.4430.85 Safari/537.36"
196.251.87.2 - - [03/Apr/2025:18:01:47 -0400] "GET /wp-login.php?redirect_to=https%3A%2F%2Ftheswadeshbazzar.com%2Fwp-admin%2F%3Fwc-ajax%3D1&reauth=1 HTTP/1.1" 200 1888 "www.google.com" "Mozilla/5.0 (Windows NT 10.0; Win64; x64) AppleWebKit/537.36 (KHTML, like Gecko) Chrome/90.0.4430.85 Safari/537.36"
74.80.208.211 - - [03/Apr/2025:18:01:55 -0400] "GET /can-mediation-work-for-you-in-lieu-of-divorce/ HTTP/1.1" 404 1251 "-" "Mozilla/5.0 (compatible; ImagesiftBot; +imagesift.com)"
74.80.208.211 - - [03/Apr/2025:18:02:13 -0400] "GET /wp-json/wp/v2/posts/1132 HTTP/1.1" 404 1251 "-" "Mozilla/5.0 (compatible; ImagesiftBot; +imagesift.com)"
74.80.208.211 - - [03/Apr/2025:18:02:33 -0400] "GET /wp-json/wp/v2/posts/515 HTTP/1.1" 404 1251 "-" "Mozilla/5.0 (compatible; ImagesiftBot; +imagesift.com)"
85.208.98.31 - - [03/Apr/2025:18:02:49 -0400] "GET /health-benefits-of-annatto/ HTTP/1.1" 404 1251 "-" "Mozilla/5.0 (compatible; SemrushBot-BA; +http://www.semrush.com/bot.html)"
74.80.208.211 - - [03/Apr/2025:18:02:53 -0400] "GET /page/14/ HTTP/1.1" 404 1251 "-" "Mozilla/5.0 (compatible; ImagesiftBot; +imagesift.com)"
74.80.208.211 - - [03/Apr/2025:18:03:12 -0400] "GET /wp-json/wp/v2/posts/263 HTTP/1.1" 404 1251 "-" "Mozilla/5.0 (compatible; ImagesiftBot; +imagesift.com)"
74.80.208.211 - - [03/Apr/2025:18:03:32 -0400] "GET /wp-json/wp/v2/posts/1151 HTTP/1.1" 404 1251 "-" "Mozilla/5.0 (compatible; ImagesiftBot; +imagesift.com)"
74.80.208.211 - - [03/Apr/2025:18:03:50 -0400] "GET /custom-baseball-socks-with-logo/ HTTP/1.1" 404 1251 "-" "Mozilla/5.0 (compatible; ImagesiftBot; +imagesift.com)"
66.249.79.128 - - [03/Apr/2025:18:03:53 -0400] "GET /the-ultimate-guide-to-the-anyone-protocol-staking-dashboard/ HTTP/1.1" 404 1251 "-" "Mozilla/5.0 (Linux; Android 6.0.1; Nexus 5X Build/MMB29P) AppleWebKit/537.36 (KHTML, like Gecko) Chrome/134.0.6998.165 Mobile Safari/537.36 (compatible; Googlebot/2.1; +http://www.google.com/bot.html)"
185.157.212.157 - - [03/Apr/2025:18:03:58 -0400] "GET /cbd-for-anxiety-uk-what-you-need-to-know/ HTTP/1.1" 404 1251 "https://theswadeshbazzar.com/cbd-for-anxiety-uk-what-you-need-to-know/" "Mozilla/5.0 (Windows NT 10.0; Win64; x64) AppleWebKit/537.36 (KHTML, like Gecko) Chrome/130.0.0.0 Safari/537.36 CCleaner/130.0.0.0"
185.157.212.157 - - [03/Apr/2025:18:03:58 -0400] "GET / HTTP/1.1" 200 156077 "https://theswadeshbazzar.com/" "Mozilla/5.0 (Windows NT 10.0; Win64; x64) AppleWebKit/537.36 (KHTML, like Gecko) Chrome/130.0.0.0 Safari/537.36 CCleaner/130.0.0.0"
74.80.208.211 - - [03/Apr/2025:18:04:11 -0400] "GET /inventory-financing-is-it-right-for-your-business/ HTTP/1.1" 404 1251 "-" "Mozilla/5.0 (compatible; ImagesiftBot; +imagesift.com)"
74.80.208.211 - - [03/Apr/2025:18:04:30 -0400] "GET /the-impact-of-security-cameras/ HTTP/1.1" 404 1251 "-" "Mozilla/5.0 (compatible; ImagesiftBot; +imagesift.com)"
74.80.208.211 - - [03/Apr/2025:18:04:47 -0400] "GET /votre-horoscope-aromatique-mensuel-avril-2002/ HTTP/1.1" 404 1251 "-" "Mozilla/5.0 (compatible; ImagesiftBot; +imagesift.com)"
74.80.208.211 - - [03/Apr/2025:18:05:06 -0400] "GET /how-to-find-a-quality-cbd-shop-uk/ HTTP/1.1" 404 1251 "-" "Mozilla/5.0 (compatible; ImagesiftBot; +imagesift.com)"
74.80.208.211 - - [03/Apr/2025:18:05:27 -0400] "GET /wp-json/wp/v2/posts/397 HTTP/1.1" 404 1251 "-" "Mozilla/5.0 (compatible; ImagesiftBot; +imagesift.com)"
74.80.208.211 - - [03/Apr/2025:18:05:46 -0400] "GET /wp-json/wp/v2/posts/1305 HTTP/1.1" 404 1251 "-" "Mozilla/5.0 (compatible; ImagesiftBot; +imagesift.com)"
74.80.208.211 - - [03/Apr/2025:18:06:06 -0400] "GET /buy-youtube-views-from-a-reputable-website/ HTTP/1.1" 404 1251 "-" "Mozilla/5.0 (compatible; ImagesiftBot; +imagesift.com)"
74.80.208.211 - - [03/Apr/2025:18:06:24 -0400] "GET /omnivoid-inc/ HTTP/1.1" 404 1251 "-" "Mozilla/5.0 (compatible; ImagesiftBot; +imagesift.com)"
93.183.93.19 - - [03/Apr/2025:18:06:38 -0400] "GET /cbd-for-anxiety-uk-what-you-need-to-know/ HTTP/1.1" 404 1251 "https://theswadeshbazzar.com/cbd-for-anxiety-uk-what-you-need-to-know/" "Mozilla/5.0 (Windows NT 10.0; Win64; x64) AppleWebKit/537.36 (KHTML, like Gecko) Chrome/131.0.0.0 Safari/537.36"
93.183.93.19 - - [03/Apr/2025:18:06:38 -0400] "GET /cbd-for-anxiety-uk-what-you-need-to-know/ HTTP/1.1" 404 1251 "https://theswadeshbazzar.com/cbd-for-anxiety-uk-what-you-need-to-know/" "Mozilla/5.0 (Windows NT 10.0; Win64; x64) AppleWebKit/537.36 (KHTML, like Gecko) Chrome/130.0.0.0 Safari/537.36 CCleaner/130.0.0.0"
93.183.93.19 - - [03/Apr/2025:18:06:38 -0400] "GET / HTTP/1.1" 200 156077 "https://theswadeshbazzar.com/" "Mozilla/5.0 (Windows NT 10.0; Win64; x64) AppleWebKit/537.36 (KHTML, like Gecko) Chrome/131.0.0.0 Safari/537.36"
93.183.93.19 - - [03/Apr/2025:18:06:39 -0400] "GET / HTTP/1.1" 200 156077 "https://theswadeshbazzar.com/" "Mozilla/5.0 (Windows NT 10.0; Win64; x64) AppleWebKit/537.36 (KHTML, like Gecko) Chrome/130.0.0.0 Safari/537.36 CCleaner/130.0.0.0"
74.80.208.211 - - [03/Apr/2025:18:06:42 -0400] "GET /fenben-cancer-treatment/ HTTP/1.1" 404 1251 "-" "Mozilla/5.0 (compatible; ImagesiftBot; +imagesift.com)"
74.80.208.211 - - [03/Apr/2025:18:07:02 -0400] "GET /how-to-find-work-during-the-pandemic/ HTTP/1.1" 404 1251 "-" "Mozilla/5.0 (compatible; ImagesiftBot; +imagesift.com)"
74.80.208.211 - - [03/Apr/2025:18:07:21 -0400] "GET /product/cownatural-gugal-dhoop-cones-pack-of-475gm-each/ HTTP/1.1" 404 1251 "-" "Mozilla/5.0 (compatible; ImagesiftBot; +imagesift.com)"
109.172.87.122 - - [03/Apr/2025:18:07:40 -0400] "GET /cbd-for-anxiety-uk-what-you-need-to-know/ HTTP/1.1" 404 1251 "https://theswadeshbazzar.com/cbd-for-anxiety-uk-what-you-need-to-know/" "Mozilla/5.0 (Windows NT 10.0; Win64; x64) AppleWebKit/537.36 (KHTML, like Gecko) Chrome/130.0.0.0 Safari/537.36"
74.80.208.211 - - [03/Apr/2025:18:07:41 -0400] "GET /turquoise-tranquility-bracelet/ HTTP/1.1" 404 1251 "-" "Mozilla/5.0 (compatible; ImagesiftBot; +imagesift.com)"
109.172.87.122 - - [03/Apr/2025:18:07:41 -0400] "GET / HTTP/1.1" 200 156077 "https://theswadeshbazzar.com/" "Mozilla/5.0 (Windows NT 10.0; Win64; x64) AppleWebKit/537.36 (KHTML, like Gecko) Chrome/130.0.0.0 Safari/537.36"
74.80.208.211 - - [03/Apr/2025:18:08:01 -0400] "GET /the-best-soccer-grip-socks/ HTTP/1.1" 404 1251 "-" "Mozilla/5.0 (compatible; ImagesiftBot; +imagesift.com)"
74.80.208.211 - - [03/Apr/2025:18:08:21 -0400] "GET /gambling-sites/ HTTP/1.1" 404 1251 "-" "Mozilla/5.0 (compatible; ImagesiftBot; +imagesift.com)"
74.80.208.211 - - [03/Apr/2025:18:08:41 -0400] "GET /wp-json/wp/v2/posts/1362 HTTP/1.1" 404 1251 "-" "Mozilla/5.0 (compatible; ImagesiftBot; +imagesift.com)"
74.80.208.211 - - [03/Apr/2025:18:09:07 -0400] "GET /wp-json/wp/v2/posts/538 HTTP/1.1" 404 1251 "-" "Mozilla/5.0 (compatible; ImagesiftBot; +imagesift.com)"
74.80.208.211 - - [03/Apr/2025:18:09:29 -0400] "GET /bb-guns/ HTTP/1.1" 404 1251 "-" "Mozilla/5.0 (compatible; ImagesiftBot; +imagesift.com)"
74.80.208.211 - - [03/Apr/2025:18:09:55 -0400] "GET /wp-json/wp/v2/posts/286 HTTP/1.1" 404 1251 "-" "Mozilla/5.0 (compatible; ImagesiftBot; +imagesift.com)"
74.80.208.211 - - [03/Apr/2025:18:10:17 -0400] "GET /choosing-the-right-loan-agency-services-provider/ HTTP/1.1" 404 1251 "-" "Mozilla/5.0 (compatible; ImagesiftBot; +imagesift.com)"
74.80.208.211 - - [03/Apr/2025:18:10:40 -0400] "GET /15-things-you-didnt-know-about-thailand/ HTTP/1.1" 404 1251 "-" "Mozilla/5.0 (compatible; ImagesiftBot; +imagesift.com)"
74.80.208.211 - - [03/Apr/2025:18:11:01 -0400] "GET /wp-json/wp/v2/posts/234 HTTP/1.1" 404 1251 "-" "Mozilla/5.0 (compatible; ImagesiftBot; +imagesift.com)"
74.80.208.211 - - [03/Apr/2025:18:11:22 -0400] "GET /gas-station-slots-gamble-on-the-go/ HTTP/1.1" 404 1251 "-" "Mozilla/5.0 (compatible; ImagesiftBot; +imagesift.com)"
74.80.208.211 - - [03/Apr/2025:18:11:43 -0400] "GET /real-estate-specialist-whats-going-on-here/ HTTP/1.1" 404 1251 "-" "Mozilla/5.0 (compatible; ImagesiftBot; +imagesift.com)"
52.167.144.196 - - [03/Apr/2025:18:11:44 -0400] "GET /ultimate-guide-to-free-job-posting-uk/feed/ HTTP/1.1" 404 1251 "-" "Mozilla/5.0 AppleWebKit/537.36 (KHTML, like Gecko; compatible; bingbot/2.0; +http://www.bing.com/bingbot.htm) Chrome/116.0.1938.76 Safari/537.36"
74.80.208.211 - - [03/Apr/2025:18:12:05 -0400] "GET /the-health-benefits-of-cold-water-therapy/ HTTP/1.1" 404 1251 "-" "Mozilla/5.0 (compatible; ImagesiftBot; +imagesift.com)"
74.80.208.211 - - [03/Apr/2025:18:12:25 -0400] "GET /stylo-personnalise/ HTTP/1.1" 404 1251 "-" "Mozilla/5.0 (compatible; ImagesiftBot; +imagesift.com)"
74.80.208.211 - - [03/Apr/2025:18:12:47 -0400] "GET /wp-json/wp/v2/posts/479 HTTP/1.1" 404 1251 "-" "Mozilla/5.0 (compatible; ImagesiftBot; +imagesift.com)"
74.80.208.211 - - [03/Apr/2025:18:13:09 -0400] "GET /product-category/grocery/ HTTP/1.1" 404 1251 "-" "Mozilla/5.0 (compatible; ImagesiftBot; +imagesift.com)"
74.80.208.211 - - [03/Apr/2025:18:13:31 -0400] "GET /wp-json/wp/v2/posts/123 HTTP/1.1" 404 1251 "-" "Mozilla/5.0 (compatible; ImagesiftBot; +imagesift.com)"
74.80.208.211 - - [03/Apr/2025:18:13:54 -0400] "GET /how-to-do-the-humble-row/ HTTP/1.1" 404 1251 "-" "Mozilla/5.0 (compatible; ImagesiftBot; +imagesift.com)"
74.80.208.211 - - [03/Apr/2025:18:14:16 -0400] "GET /personalised-valentines-day-gifts/ HTTP/1.1" 404 1251 "-" "Mozilla/5.0 (compatible; ImagesiftBot; +imagesift.com)"
74.80.208.211 - - [03/Apr/2025:18:14:37 -0400] "GET /wp-json/wp/v2/posts/1516 HTTP/1.1" 404 1251 "-" "Mozilla/5.0 (compatible; ImagesiftBot; +imagesift.com)"
74.80.208.211 - - [03/Apr/2025:18:15:01 -0400] "GET /what-to-look-for-in-an-enterprise-intranet/ HTTP/1.1" 404 1251 "-" "Mozilla/5.0 (compatible; ImagesiftBot; +imagesift.com)"
66.249.79.131 - - [03/Apr/2025:18:15:10 -0400] "GET /satellite-tv-is-a-sports-fans-dream/ HTTP/1.1" 404 1251 "-" "Mozilla/5.0 (Linux; Android 6.0.1; Nexus 5X Build/MMB29P) AppleWebKit/537.36 (KHTML, like Gecko) Chrome/135.0.7049.52 Mobile Safari/537.36 (compatible; Googlebot/2.1; +http://www.google.com/bot.html)"
74.80.208.211 - - [03/Apr/2025:18:15:27 -0400] "GET /category/maintenance/ HTTP/1.1" 404 1251 "-" "Mozilla/5.0 (compatible; ImagesiftBot; +imagesift.com)"
74.80.208.211 - - [03/Apr/2025:18:15:50 -0400] "GET /wp-json/wp/v2/posts/1535 HTTP/1.1" 404 1251 "-" "Mozilla/5.0 (compatible; ImagesiftBot; +imagesift.com)"
66.249.79.130 - - [03/Apr/2025:18:16:00 -0400] "GET /navigating-the-multichannel-landscape/feed/ HTTP/1.1" 404 1251 "-" "Mozilla/5.0 (Linux; Android 6.0.1; Nexus 5X Build/MMB29P) AppleWebKit/537.36 (KHTML, like Gecko) Chrome/135.0.7049.52 Mobile Safari/537.36 (compatible; Googlebot/2.1; +http://www.google.com/bot.html)"
74.80.208.211 - - [03/Apr/2025:18:16:13 -0400] "GET /how-to-turn-off-mobile-data-on-an-iphone/ HTTP/1.1" 404 1251 "-" "Mozilla/5.0 (compatible; ImagesiftBot; +imagesift.com)"
74.80.208.211 - - [03/Apr/2025:18:16:35 -0400] "GET /wp-json/wp/v2/posts/1199 HTTP/1.1" 404 1251 "-" "Mozilla/5.0 (compatible; ImagesiftBot; +imagesift.com)"
74.80.208.211 - - [03/Apr/2025:18:17:00 -0400] "GET /category/about-us/page/5/ HTTP/1.1" 404 1251 "-" "Mozilla/5.0 (compatible; ImagesiftBot; +imagesift.com)"
74.80.208.211 - - [03/Apr/2025:18:17:23 -0400] "GET /plantation-shutters-newcastle/ HTTP/1.1" 404 1251 "-" "Mozilla/5.0 (compatible; ImagesiftBot; +imagesift.com)"
66.249.79.129 - - [03/Apr/2025:18:17:23 -0400] "GET /experience-occasions-why-you-ought-to-take-a-chance-with-everything/ HTTP/1.1" 404 1251 "-" "Mozilla/5.0 (Linux; Android 6.0.1; Nexus 5X Build/MMB29P) AppleWebKit/537.36 (KHTML, like Gecko) Chrome/135.0.7049.52 Mobile Safari/537.36 (compatible; Googlebot/2.1; +http://www.google.com/bot.html)"
151.106.162.202 - - [03/Apr/2025:18:17:39 -0400] "GET /wp-content/uploads/thumbs_dir/Girnar-Herbal-Almond-Moisturizing-Cream-orj2no31k6hsj2y40vny5z5l5v5jfd4nix8u3jecns.jpg HTTP/1.1" 404 1251 "-" "Mozilla/5.0 (X11; Ubuntu; Linux x86_64; rv:72.0) Gecko/20100101 Firefox/72.0"
151.106.162.202 - - [03/Apr/2025:18:17:39 -0400] "GET /wp-content/uploads/thumbs_dir/Girnar-Herbal-Almond-Moisturizing-Cream-orj2no31k6hsj2y40vny5z5l5v5jfd4nix8u3jecns.jpg HTTP/1.1" 404 1251 "-" "Mozilla/5.0 (X11; Ubuntu; Linux x86_64; rv:72.0) Gecko/20100101 Firefox/72.0"
151.106.162.202 - - [03/Apr/2025:18:17:39 -0400] "GET /wp-content/uploads/thumbs_dir/Girnar-Herbal-Almond-Moisturizing-Cream-orj2no31k6hsj2y40vny5z5l5v5jfd4nix8u3jecns.jpg HTTP/1.1" 404 1251 "-" "Mozilla/5.0 (X11; Ubuntu; Linux x86_64; rv:72.0) Gecko/20100101 Firefox/72.0"
74.80.208.211 - - [03/Apr/2025:18:17:45 -0400] "GET /mma-training-gloves/ HTTP/1.1" 404 1251 "-" "Mozilla/5.0 (compatible; ImagesiftBot; +imagesift.com)"
74.80.208.211 - - [03/Apr/2025:18:18:07 -0400] "GET /my-account/lost-password/ HTTP/1.1" 404 1251 "-" "Mozilla/5.0 (compatible; ImagesiftBot; +imagesift.com)"
74.80.208.211 - - [03/Apr/2025:18:18:30 -0400] "GET /wp-json/wp/v2/posts/509 HTTP/1.1" 404 1251 "-" "Mozilla/5.0 (compatible; ImagesiftBot; +imagesift.com)"
74.80.208.211 - - [03/Apr/2025:18:18:54 -0400] "GET /wp-json/wp/v2/posts/921 HTTP/1.1" 404 1251 "-" "Mozilla/5.0 (compatible; ImagesiftBot; +imagesift.com)"
74.80.208.211 - - [03/Apr/2025:18:19:17 -0400] "GET /wp-json/wp/v2/posts/1091 HTTP/1.1" 404 1251 "-" "Mozilla/5.0 (compatible; ImagesiftBot; +imagesift.com)"
74.80.208.211 - - [03/Apr/2025:18:19:41 -0400] "GET /cloud-gavel-and-the-ewarrant-solution/ HTTP/1.1" 404 1251 "-" "Mozilla/5.0 (compatible; ImagesiftBot; +imagesift.com)"
138.199.59.149 - - [03/Apr/2025:18:19:54 -0400] "GET /wp-login.php HTTP/1.1" 200 1887 "https://theswadeshbazzar.com" "Mozilla/5.0 (Windows NT 10.0; WOW64; rv:77.0) Gecko/20100101 Firefox/77.0"
198.54.114.83 - - [03/Apr/2025:18:20:01 -0400] "POST /wp-cron.php?doing_wp_cron=1743718800.8414220809936523437500 HTTP/1.1" 200 0 "-" "WordPress/6.7.2; https://theswadeshbazzar.com"
138.199.59.149 - - [03/Apr/2025:18:19:56 -0400] "POST /wp-login.php?wpe-login=true&hide_my_wp=1&hmwp_do=login&login=1 HTTP/1.1" 200 2015 "https://theswadeshbazzar.com" "Mozilla/5.0 (Windows NT 10.0; WOW64; rv:77.0) Gecko/20100101 Firefox/77.0"
198.54.114.83 - - [03/Apr/2025:18:20:01 -0400] "POST /wp-admin/admin-ajax.php?action=async_litespeed&nonce=hYnCjPGCxXRGltURD7KMXOAbvt6fGYvZ&litespeed_type=imgoptm HTTP/1.1" 200 0 "-" "WordPress/6.7.2; https://theswadeshbazzar.com"
74.80.208.211 - - [03/Apr/2025:18:20:09 -0400] "GET /wp-json/wp/v2/posts/1708 HTTP/1.1" 404 1251 "-" "Mozilla/5.0 (compatible; ImagesiftBot; +imagesift.com)"
74.80.208.211 - - [03/Apr/2025:18:20:33 -0400] "GET /the-best-womens-knickers/ HTTP/1.1" 404 1251 "-" "Mozilla/5.0 (compatible; ImagesiftBot; +imagesift.com)"
74.80.208.211 - - [03/Apr/2025:18:20:57 -0400] "GET /wp-json/wp/v2/posts/862 HTTP/1.1" 404 1251 "-" "Mozilla/5.0 (compatible; ImagesiftBot; +imagesift.com)"
74.80.208.211 - - [03/Apr/2025:18:21:23 -0400] "GET /wp-json/wp/v2/posts/1727 HTTP/1.1" 404 1251 "-" "Mozilla/5.0 (compatible; ImagesiftBot; +imagesift.com)"
91.84.98.204 - - [03/Apr/2025:18:21:24 -0400] "GET /cbd-for-anxiety-uk-what-you-need-to-know/ HTTP/1.1" 404 1251 "https://theswadeshbazzar.com/cbd-for-anxiety-uk-what-you-need-to-know/" "Mozilla/5.0 (Windows NT 10.0; Win64; x64) AppleWebKit/537.36 (KHTML, like Gecko) Chrome/130.0.0.0 Safari/537.36"
91.84.98.204 - - [03/Apr/2025:18:21:25 -0400] "GET / HTTP/1.1" 200 156077 "https://theswadeshbazzar.com/" "Mozilla/5.0 (Windows NT 10.0; Win64; x64) AppleWebKit/537.36 (KHTML, like Gecko) Chrome/130.0.0.0 Safari/537.36"
74.80.208.211 - - [03/Apr/2025:18:21:48 -0400] "GET /ufc-betting-steps-on-how-you-can-bet-on-an-ultimate-fighting/ HTTP/1.1" 404 1251 "-" "Mozilla/5.0 (compatible; ImagesiftBot; +imagesift.com)"
74.80.208.211 - - [03/Apr/2025:18:22:12 -0400] "GET /how-to-apply-a-highlighter-stick/ HTTP/1.1" 404 1251 "-" "Mozilla/5.0 (compatible; ImagesiftBot; +imagesift.com)"
74.80.208.211 - - [03/Apr/2025:18:22:37 -0400] "GET /wp-json/wp/v2/posts/1765 HTTP/1.1" 404 1251 "-" "Mozilla/5.0 (compatible; ImagesiftBot; +imagesift.com)"
74.80.208.211 - - [03/Apr/2025:18:23:02 -0400] "GET /wp-json/wp/v2/posts/1245 HTTP/1.1" 404 1251 "-" "Mozilla/5.0 (compatible; ImagesiftBot; +imagesift.com)"
74.80.208.211 - - [03/Apr/2025:18:23:29 -0400] "GET /the-dangers-of-online-gambling/ HTTP/1.1" 404 1251 "-" "Mozilla/5.0 (compatible; ImagesiftBot; +imagesift.com)"
74.80.208.211 - - [03/Apr/2025:18:23:54 -0400] "GET /wp-json/wp/v2/posts/751 HTTP/1.1" 404 1251 "-" "Mozilla/5.0 (compatible; ImagesiftBot; +imagesift.com)"
74.80.208.211 - - [03/Apr/2025:18:24:20 -0400] "GET /ev-charger-connectors/ HTTP/1.1" 404 1251 "-" "Mozilla/5.0 (compatible; ImagesiftBot; +imagesift.com)"
74.80.208.211 - - [03/Apr/2025:18:24:48 -0400] "GET /wp-json/wp/v2/posts/1264 HTTP/1.1" 404 1251 "-" "Mozilla/5.0 (compatible; ImagesiftBot; +imagesift.com)"
74.80.208.211 - - [03/Apr/2025:18:25:13 -0400] "GET /category/activity/page/64/ HTTP/1.1" 404 1251 "-" "Mozilla/5.0 (compatible; ImagesiftBot; +imagesift.com)"
74.80.208.211 - - [03/Apr/2025:18:25:39 -0400] "GET /wp-json/wp/v2/posts/1283 HTTP/1.1" 404 1251 "-" "Mozilla/5.0 (compatible; ImagesiftBot; +imagesift.com)"
74.80.208.211 - - [03/Apr/2025:18:26:06 -0400] "GET /page/61/ HTTP/1.1" 404 1251 "-" "Mozilla/5.0 (compatible; ImagesiftBot; +imagesift.com)"
74.80.208.211 - - [03/Apr/2025:18:26:32 -0400] "GET /the-top-lawyers-in-canada/ HTTP/1.1" 404 1251 "-" "Mozilla/5.0 (compatible; ImagesiftBot; +imagesift.com)"
74.80.208.211 - - [03/Apr/2025:18:27:01 -0400] "GET /wp-json/wp/v2/posts/692 HTTP/1.1" 404 1251 "-" "Mozilla/5.0 (compatible; ImagesiftBot; +imagesift.com)"
74.80.208.211 - - [03/Apr/2025:18:27:28 -0400] "GET /wp-json/wp/v2/posts/228 HTTP/1.1" 404 1251 "-" "Mozilla/5.0 (compatible; ImagesiftBot; +imagesift.com)"
74.80.208.211 - - [03/Apr/2025:18:27:55 -0400] "GET /wp-json/wp/v2/posts/1919 HTTP/1.1" 404 1251 "-" "Mozilla/5.0 (compatible; ImagesiftBot; +imagesift.com)"
74.80.208.211 - - [03/Apr/2025:18:28:22 -0400] "GET /gippro-gp6-review/ HTTP/1.1" 404 1251 "-" "Mozilla/5.0 (compatible; ImagesiftBot; +imagesift.com)"
74.80.208.211 - - [03/Apr/2025:18:28:49 -0400] "GET /change-clock-style-on-iphone-lock-screen-personalization-tips/ HTTP/1.1" 404 1251 "-" "Mozilla/5.0 (compatible; ImagesiftBot; +imagesift.com)"
74.80.208.211 - - [03/Apr/2025:18:29:18 -0400] "GET /palm-tree-wall-art/ HTTP/1.1" 404 1251 "-" "Mozilla/5.0 (compatible; ImagesiftBot; +imagesift.com)"
74.80.208.211 - - [03/Apr/2025:18:29:44 -0400] "GET /wp-json/wp/v2/posts/1418 HTTP/1.1" 404 1251 "-" "Mozilla/5.0 (compatible; ImagesiftBot; +imagesift.com)"
74.80.208.211 - - [03/Apr/2025:18:30:11 -0400] "GET /usb-headsets/ HTTP/1.1" 404 1251 "-" "Mozilla/5.0 (compatible; ImagesiftBot; +imagesift.com)"
74.80.208.211 - - [03/Apr/2025:18:30:38 -0400] "GET /wp-json/wp/v2/posts/169 HTTP/1.1" 404 1251 "-" "Mozilla/5.0 (compatible; ImagesiftBot; +imagesift.com)"
74.80.208.211 - - [03/Apr/2025:18:31:04 -0400] "GET /product-category/health-beauty/hair-care/shampoo/ HTTP/1.1" 404 1251 "-" "Mozilla/5.0 (compatible; ImagesiftBot; +imagesift.com)"
74.80.208.211 - - [03/Apr/2025:18:31:31 -0400] "GET /wp-json/wp/v2/posts/117 HTTP/1.1" 404 1251 "-" "Mozilla/5.0 (compatible; ImagesiftBot; +imagesift.com)"
74.80.208.211 - - [03/Apr/2025:18:31:59 -0400] "GET /wp-json/wp/v2/posts/1811 HTTP/1.1" 404 1251 "-" "Mozilla/5.0 (compatible; ImagesiftBot; +imagesift.com)"
74.80.208.211 - - [03/Apr/2025:18:32:27 -0400] "GET /3-things-you-should-know-before-you-buy-youtube-likes/ HTTP/1.1" 404 1251 "-" "Mozilla/5.0 (compatible; ImagesiftBot; +imagesift.com)"
74.80.208.211 - - [03/Apr/2025:18:32:56 -0400] "GET /product/may-basket/ HTTP/1.1" 404 1251 "-" "Mozilla/5.0 (compatible; ImagesiftBot; +imagesift.com)"
52.167.144.211 - - [03/Apr/2025:18:33:04 -0400] "GET /exploring-the-cold-plunge-experience-in-dubai/ HTTP/1.1" 404 1251 "-" "Mozilla/5.0 AppleWebKit/537.36 (KHTML, like Gecko; compatible; bingbot/2.0; +http://www.bing.com/bingbot.htm) Chrome/116.0.1938.76 Safari/537.36"
74.80.208.211 - - [03/Apr/2025:18:33:26 -0400] "GET /how-to-win-at-football-betting/ HTTP/1.1" 404 1251 "-" "Mozilla/5.0 (compatible; ImagesiftBot; +imagesift.com)"
74.80.208.211 - - [03/Apr/2025:18:34:00 -0400] "GET /wp-json/wp/v2/posts/1475 HTTP/1.1" 404 1251 "-" "Mozilla/5.0 (compatible; ImagesiftBot; +imagesift.com)"
74.80.208.211 - - [03/Apr/2025:18:34:33 -0400] "GET /product/body-lotion-almond/ HTTP/1.1" 404 1251 "-" "Mozilla/5.0 (compatible; ImagesiftBot; +imagesift.com)"
74.80.208.211 - - [03/Apr/2025:18:35:02 -0400] "GET /wp-json/wp/v2/posts/16 HTTP/1.1" 404 1251 "-" "Mozilla/5.0 (compatible; ImagesiftBot; +imagesift.com)"
74.80.208.211 - - [03/Apr/2025:18:35:33 -0400] "GET /product/naveenyas-naturally-dried-dust-free-dry-potato-sev-ready-to-fry-250-gm/ HTTP/1.1" 404 1251 "-" "Mozilla/5.0 (compatible; ImagesiftBot; +imagesift.com)"
74.80.208.211 - - [03/Apr/2025:18:36:02 -0400] "GET /why-looking-into-online-club-is-useful/ HTTP/1.1" 404 1251 "-" "Mozilla/5.0 (compatible; ImagesiftBot; +imagesift.com)"
74.80.208.211 - - [03/Apr/2025:18:36:31 -0400] "GET /wp-json/wp/v2/posts/470 HTTP/1.1" 404 1251 "-" "Mozilla/5.0 (compatible; ImagesiftBot; +imagesift.com)"
74.80.208.211 - - [03/Apr/2025:18:37:02 -0400] "GET /wholesale-angel-figurines/ HTTP/1.1" 404 1251 "-" "Mozilla/5.0 (compatible; ImagesiftBot; +imagesift.com)"
74.80.208.211 - - [03/Apr/2025:18:37:31 -0400] "GET /how-to-find-a-creative-agency-that-understands-your-brand/ HTTP/1.1" 404 1251 "-" "Mozilla/5.0 (compatible; ImagesiftBot; +imagesift.com)"
52.167.144.211 - - [03/Apr/2025:18:37:54 -0400] "GET /tmw-maxwell-real-estate-a-prime-location-in-the-heart-of-singapore/ HTTP/1.1" 404 1251 "-" "Mozilla/5.0 AppleWebKit/537.36 (KHTML, like Gecko; compatible; bingbot/2.0; +http://www.bing.com/bingbot.htm) Chrome/116.0.1938.76 Safari/537.36"
74.80.208.211 - - [03/Apr/2025:18:38:03 -0400] "GET /wp-json/wp/v2/posts/967 HTTP/1.1" 404 1251 "-" "Mozilla/5.0 (compatible; ImagesiftBot; +imagesift.com)"
74.80.208.211 - - [03/Apr/2025:18:38:35 -0400] "GET /the-benefits-of-dog-bandanas/ HTTP/1.1" 404 1251 "-" "Mozilla/5.0 (compatible; ImagesiftBot; +imagesift.com)"
85.208.98.31 - - [03/Apr/2025:18:38:49 -0400] "GET /loans-for-women-starting-a-business/ HTTP/1.1" 404 1251 "-" "Mozilla/5.0 (compatible; SemrushBot-BA; +http://www.semrush.com/bot.html)"
74.80.208.211 - - [03/Apr/2025:18:39:06 -0400] "GET /the-best-sandals-for-protection-and-comfort/ HTTP/1.1" 404 1251 "-" "Mozilla/5.0 (compatible; ImagesiftBot; +imagesift.com)"
