13.229.78.155 - - [01/Apr/2025:23:18:52 -0400] "POST /xmlrpc.php HTTP/1.1" 200 0 "-" "python-httpx/0.22.0"
13.229.78.155 - - [01/Apr/2025:23:19:12 -0400] "POST /xmlrpc.php HTTP/1.1" 200 0 "-" "python-httpx/0.22.0"
13.229.78.155 - - [01/Apr/2025:23:19:33 -0400] "POST /xmlrpc.php HTTP/1.1" 200 0 "-" "python-httpx/0.22.0"
13.229.78.155 - - [01/Apr/2025:23:19:54 -0400] "POST /xmlrpc.php HTTP/1.1" 200 0 "-" "python-httpx/0.22.0"
13.229.78.155 - - [01/Apr/2025:23:20:14 -0400] "POST /xmlrpc.php HTTP/1.1" 200 0 "-" "python-httpx/0.22.0"
13.229.78.155 - - [01/Apr/2025:23:20:34 -0400] "POST /xmlrpc.php HTTP/1.1" 200 0 "-" "python-httpx/0.22.0"
13.229.78.155 - - [01/Apr/2025:23:20:55 -0400] "POST /xmlrpc.php HTTP/1.1" 200 0 "-" "python-httpx/0.22.0"
13.229.78.155 - - [01/Apr/2025:23:21:14 -0400] "POST /xmlrpc.php HTTP/1.1" 200 0 "-" "python-httpx/0.22.0"
13.229.78.155 - - [01/Apr/2025:23:21:34 -0400] "POST /xmlrpc.php HTTP/1.1" 200 0 "-" "python-httpx/0.22.0"
51.222.253.10 - - [01/Apr/2025:23:22:19 -0400] "GET /psychologische-beratung-online-fur-eine-bessere-lebensqualitat/feed/ HTTP/1.1" 404 1251 "-" "Mozilla/5.0 (compatible; AhrefsBot/7.0; +http://ahrefs.com/robot/)"
13.229.78.155 - - [01/Apr/2025:23:21:54 -0400] "POST /xmlrpc.php HTTP/1.1" 200 0 "-" "python-httpx/0.22.0"
13.229.78.155 - - [01/Apr/2025:23:22:14 -0400] "POST /xmlrpc.php HTTP/1.1" 200 0 "-" "python-httpx/0.22.0"
13.229.78.155 - - [01/Apr/2025:23:22:36 -0400] "POST /xmlrpc.php HTTP/1.1" 200 0 "-" "python-httpx/0.22.0"
13.229.78.155 - - [01/Apr/2025:23:22:56 -0400] "POST /xmlrpc.php HTTP/1.1" 200 0 "-" "python-httpx/0.22.0"
13.229.78.155 - - [01/Apr/2025:23:23:14 -0400] "POST /xmlrpc.php HTTP/1.1" 200 0 "-" "python-httpx/0.22.0"
2a03:2880:f800:e:: - - [01/Apr/2025:23:23:59 -0400] "GET /wp-content/plugins/advanced-google-recaptcha/libs/captcha.php?wpcaptcha-generate-image=true&color=%23FFFFFF&noise=1&id=2784 HTTP/1.1" 200 226 "-" "meta-externalagent/1.1 (+https://developers.facebook.com/docs/sharing/webmasters/crawler)"
13.229.78.155 - - [01/Apr/2025:23:23:36 -0400] "POST /xmlrpc.php HTTP/1.1" 200 0 "-" "python-httpx/0.22.0"
13.229.78.155 - - [01/Apr/2025:23:23:55 -0400] "POST /xmlrpc.php HTTP/1.1" 200 0 "-" "python-httpx/0.22.0"
13.229.78.155 - - [01/Apr/2025:23:24:16 -0400] "POST /xmlrpc.php HTTP/1.1" 200 0 "-" "python-httpx/0.22.0"
13.229.78.155 - - [01/Apr/2025:23:24:35 -0400] "POST /xmlrpc.php HTTP/1.1" 200 0 "-" "python-httpx/0.22.0"
13.229.78.155 - - [01/Apr/2025:23:24:55 -0400] "POST /xmlrpc.php HTTP/1.1" 200 0 "-" "python-httpx/0.22.0"
13.229.78.155 - - [01/Apr/2025:23:25:22 -0400] "POST /xmlrpc.php HTTP/1.1" 200 0 "-" "python-httpx/0.22.0"
13.229.78.155 - - [01/Apr/2025:23:25:38 -0400] "POST /xmlrpc.php HTTP/1.1" 200 0 "-" "python-httpx/0.22.0"
13.229.78.155 - - [01/Apr/2025:23:25:56 -0400] "POST /xmlrpc.php HTTP/1.1" 200 0 "-" "python-httpx/0.22.0"
13.229.78.155 - - [01/Apr/2025:23:26:16 -0400] "POST /xmlrpc.php HTTP/1.1" 200 0 "-" "python-httpx/0.22.0"
13.229.78.155 - - [01/Apr/2025:23:26:37 -0400] "POST /xmlrpc.php HTTP/1.1" 200 0 "-" "python-httpx/0.22.0"
51.222.253.11 - - [01/Apr/2025:23:27:17 -0400] "GET /exploring-pesach-programs-for-a-meaningful-celebration/feed/ HTTP/1.1" 404 1251 "-" "Mozilla/5.0 (compatible; AhrefsBot/7.0; +http://ahrefs.com/robot/)"
13.229.78.155 - - [01/Apr/2025:23:26:56 -0400] "POST /xmlrpc.php HTTP/1.1" 200 0 "-" "python-httpx/0.22.0"
13.229.78.155 - - [01/Apr/2025:23:27:16 -0400] "POST /xmlrpc.php HTTP/1.1" 200 0 "-" "python-httpx/0.22.0"
13.229.78.155 - - [01/Apr/2025:23:27:35 -0400] "POST /xmlrpc.php HTTP/1.1" 200 0 "-" "python-httpx/0.22.0"
13.229.78.155 - - [01/Apr/2025:23:27:57 -0400] "POST /xmlrpc.php HTTP/1.1" 200 0 "-" "python-httpx/0.22.0"
13.229.78.155 - - [01/Apr/2025:23:28:17 -0400] "POST /xmlrpc.php HTTP/1.1" 200 0 "-" "python-httpx/0.22.0"
13.229.78.155 - - [01/Apr/2025:23:28:36 -0400] "POST /xmlrpc.php HTTP/1.1" 200 0 "-" "python-httpx/0.22.0"
47.82.24.119 - - [01/Apr/2025:23:29:20 -0400] "GET /revolutionizing-convenience-the-instant-hot-and-cold-water-tap/ HTTP/1.1" 404 1251 "-" "Mozilla/5.0 (Windows NT 10.0; Win64; x64) AppleWebKit/537.36 (KHTML, like Gecko) Chrome/122.0.0.0 Safari/537.36"
198.54.114.83 - - [01/Apr/2025:23:29:32 -0400] "POST /wp-admin/admin-ajax.php?action=async_litespeed&nonce=SZlhCTtiYn3P0RP5v6LQjPRc9geooWzK&litespeed_type=imgoptm HTTP/1.1" 200 0 "-" "WordPress/6.7.2; https://webhostingeswatini.com"
13.229.78.155 - - [01/Apr/2025:23:28:58 -0400] "POST /xmlrpc.php HTTP/1.1" 200 0 "-" "python-httpx/0.22.0"
13.229.78.155 - - [01/Apr/2025:23:29:18 -0400] "POST /xmlrpc.php HTTP/1.1" 200 0 "-" "python-httpx/0.22.0"
13.229.78.155 - - [01/Apr/2025:23:29:38 -0400] "POST /xmlrpc.php HTTP/1.1" 200 0 "-" "python-httpx/0.22.0"
13.229.78.155 - - [01/Apr/2025:23:29:58 -0400] "POST /xmlrpc.php HTTP/1.1" 200 0 "-" "python-httpx/0.22.0"
13.229.78.155 - - [01/Apr/2025:23:30:22 -0400] "POST /xmlrpc.php HTTP/1.1" 200 0 "-" "python-httpx/0.22.0"
13.229.78.155 - - [01/Apr/2025:23:30:41 -0400] "POST /xmlrpc.php HTTP/1.1" 200 0 "-" "python-httpx/0.22.0"
13.229.78.155 - - [01/Apr/2025:23:31:01 -0400] "POST /xmlrpc.php HTTP/1.1" 200 0 "-" "python-httpx/0.22.0"
13.229.78.155 - - [01/Apr/2025:23:31:21 -0400] "POST /xmlrpc.php HTTP/1.1" 200 0 "-" "python-httpx/0.22.0"
13.229.78.155 - - [01/Apr/2025:23:31:41 -0400] "POST /xmlrpc.php HTTP/1.1" 200 0 "-" "python-httpx/0.22.0"
13.229.78.155 - - [01/Apr/2025:23:32:02 -0400] "POST /xmlrpc.php HTTP/1.1" 200 0 "-" "python-httpx/0.22.0"
13.229.78.155 - - [01/Apr/2025:23:32:23 -0400] "POST /xmlrpc.php HTTP/1.1" 200 0 "-" "python-httpx/0.22.0"
13.229.78.155 - - [01/Apr/2025:23:32:43 -0400] "POST /xmlrpc.php HTTP/1.1" 200 0 "-" "python-httpx/0.22.0"
51.222.253.7 - - [01/Apr/2025:23:33:40 -0400] "GET /careers-in-cybersecurity/feed/ HTTP/1.1" 404 1251 "-" "Mozilla/5.0 (compatible; AhrefsBot/7.0; +http://ahrefs.com/robot/)"
13.229.78.155 - - [01/Apr/2025:23:33:04 -0400] "POST /xmlrpc.php HTTP/1.1" 200 0 "-" "python-httpx/0.22.0"
13.229.78.155 - - [01/Apr/2025:23:33:24 -0400] "POST /xmlrpc.php HTTP/1.1" 200 0 "-" "python-httpx/0.22.0"
13.229.78.155 - - [01/Apr/2025:23:33:45 -0400] "POST /xmlrpc.php HTTP/1.1" 200 0 "-" "python-httpx/0.22.0"
13.229.78.155 - - [01/Apr/2025:23:34:04 -0400] "POST /xmlrpc.php HTTP/1.1" 200 0 "-" "python-httpx/0.22.0"
13.229.78.155 - - [01/Apr/2025:23:34:26 -0400] "POST /xmlrpc.php HTTP/1.1" 200 0 "-" "python-httpx/0.22.0"
13.229.78.155 - - [01/Apr/2025:23:34:45 -0400] "POST /xmlrpc.php HTTP/1.1" 200 0 "-" "python-httpx/0.22.0"
13.229.78.155 - - [01/Apr/2025:23:35:06 -0400] "POST /xmlrpc.php HTTP/1.1" 200 0 "-" "python-httpx/0.22.0"
13.229.78.155 - - [01/Apr/2025:23:35:26 -0400] "POST /xmlrpc.php HTTP/1.1" 200 0 "-" "python-httpx/0.22.0"
13.229.78.155 - - [01/Apr/2025:23:35:46 -0400] "POST /xmlrpc.php HTTP/1.1" 200 0 "-" "python-httpx/0.22.0"
13.229.78.155 - - [01/Apr/2025:23:36:04 -0400] "POST /xmlrpc.php HTTP/1.1" 200 0 "-" "python-httpx/0.22.0"
13.229.78.155 - - [01/Apr/2025:23:36:25 -0400] "POST /xmlrpc.php HTTP/1.1" 200 0 "-" "python-httpx/0.22.0"
13.229.78.155 - - [01/Apr/2025:23:36:44 -0400] "POST /xmlrpc.php HTTP/1.1" 200 0 "-" "python-httpx/0.22.0"
13.229.78.155 - - [01/Apr/2025:23:37:05 -0400] "POST /xmlrpc.php HTTP/1.1" 200 0 "-" "python-httpx/0.22.0"
13.229.78.155 - - [01/Apr/2025:23:37:27 -0400] "POST /xmlrpc.php HTTP/1.1" 200 0 "-" "python-httpx/0.22.0"
13.229.78.155 - - [01/Apr/2025:23:37:45 -0400] "POST /xmlrpc.php HTTP/1.1" 200 0 "-" "python-httpx/0.22.0"
13.229.78.155 - - [01/Apr/2025:23:38:07 -0400] "POST /xmlrpc.php HTTP/1.1" 200 0 "-" "python-httpx/0.22.0"
51.222.253.13 - - [01/Apr/2025:23:39:04 -0400] "GET /a-mediterranean-haven/feed/ HTTP/1.1" 404 1251 "-" "Mozilla/5.0 (compatible; AhrefsBot/7.0; +http://ahrefs.com/robot/)"
13.229.78.155 - - [01/Apr/2025:23:38:26 -0400] "POST /xmlrpc.php HTTP/1.1" 200 0 "-" "python-httpx/0.22.0"
198.54.114.83 - - [01/Apr/2025:23:39:16 -0400] "POST /wp-cron.php?doing_wp_cron=1743565154.7807700634002685546875 HTTP/1.1" 200 0 "-" "WordPress/6.7.2; https://webhostingeswatini.com"
143.110.153.162 - - [01/Apr/2025:23:39:10 -0400] "POST /wp-login.php?wc-ajax=1 HTTP/1.1" 200 1941 "https://webhostingeswatini.com/wp-admin/" "Mozilla/5.0 (Windows NT 10.0; Win64; x64) AppleWebKit/537.36 (KHTML, like Gecko) Chrome/90.0.4430.85 Safari/537.36"
143.110.153.162 - - [01/Apr/2025:23:39:19 -0400] "GET /wp-admin/?wc-ajax=1 HTTP/1.1" 302 0 "www.google.com" "Mozilla/5.0 (Windows NT 10.0; Win64; x64) AppleWebKit/537.36 (KHTML, like Gecko) Chrome/90.0.4430.85 Safari/537.36"
143.110.153.162 - - [01/Apr/2025:23:39:21 -0400] "GET /wp-login.php?redirect_to=https%3A%2F%2Fwebhostingeswatini.com%2Fwp-admin%2F%3Fwc-ajax%3D1&reauth=1 HTTP/1.1" 200 1877 "www.google.com" "Mozilla/5.0 (Windows NT 10.0; Win64; x64) AppleWebKit/537.36 (KHTML, like Gecko) Chrome/90.0.4430.85 Safari/537.36"
13.229.78.155 - - [01/Apr/2025:23:38:46 -0400] "POST /xmlrpc.php HTTP/1.1" 200 0 "-" "python-httpx/0.22.0"
13.229.78.155 - - [01/Apr/2025:23:39:08 -0400] "POST /xmlrpc.php HTTP/1.1" 200 0 "-" "python-httpx/0.22.0"
13.229.78.155 - - [01/Apr/2025:23:39:27 -0400] "POST /xmlrpc.php HTTP/1.1" 200 0 "-" "python-httpx/0.22.0"
13.229.78.155 - - [01/Apr/2025:23:39:47 -0400] "POST /xmlrpc.php HTTP/1.1" 200 0 "-" "python-httpx/0.22.0"
64.23.237.18 - - [01/Apr/2025:23:40:42 -0400] "GET /wp-login.php HTTP/1.1" 200 1873 "-" "Mozilla/5.0 (Linux; Android 12; Redmi Note 9 Pro Build/SKQ1.211019.001; wv) AppleWebKit/537.36 (KHTML, like Gecko) Version/4.0 Chrome/126.0.6478.71 Mobile Safari/537.36"
13.229.78.155 - - [01/Apr/2025:23:40:09 -0400] "POST /xmlrpc.php HTTP/1.1" 200 0 "-" "python-httpx/0.22.0"
13.229.78.155 - - [01/Apr/2025:23:40:28 -0400] "POST /xmlrpc.php HTTP/1.1" 200 0 "-" "python-httpx/0.22.0"
13.229.78.155 - - [01/Apr/2025:23:40:49 -0400] "POST /xmlrpc.php HTTP/1.1" 200 0 "-" "python-httpx/0.22.0"
13.229.78.155 - - [01/Apr/2025:23:41:08 -0400] "POST /xmlrpc.php HTTP/1.1" 200 0 "-" "python-httpx/0.22.0"
13.229.78.155 - - [01/Apr/2025:23:41:27 -0400] "POST /xmlrpc.php HTTP/1.1" 200 0 "-" "python-httpx/0.22.0"
13.229.78.155 - - [01/Apr/2025:23:41:47 -0400] "POST /xmlrpc.php HTTP/1.1" 200 0 "-" "python-httpx/0.22.0"
13.229.78.155 - - [01/Apr/2025:23:42:08 -0400] "POST /xmlrpc.php HTTP/1.1" 200 0 "-" "python-httpx/0.22.0"
52.167.144.137 - - [01/Apr/2025:23:43:05 -0400] "GET /exploring-exciting-pesach-programs-for-2025/ HTTP/1.1" 404 1251 "-" "Mozilla/5.0 AppleWebKit/537.36 (KHTML, like Gecko; compatible; bingbot/2.0; +http://www.bing.com/bingbot.htm) Chrome/116.0.1938.76 Safari/537.36"
13.229.78.155 - - [01/Apr/2025:23:42:29 -0400] "POST /xmlrpc.php HTTP/1.1" 200 0 "-" "python-httpx/0.22.0"
13.229.78.155 - - [01/Apr/2025:23:42:49 -0400] "POST /xmlrpc.php HTTP/1.1" 200 0 "-" "python-httpx/0.22.0"
13.229.78.155 - - [01/Apr/2025:23:43:09 -0400] "POST /xmlrpc.php HTTP/1.1" 200 0 "-" "python-httpx/0.22.0"
13.229.78.155 - - [01/Apr/2025:23:43:29 -0400] "POST /xmlrpc.php HTTP/1.1" 200 0 "-" "python-httpx/0.22.0"
40.77.167.3 - - [01/Apr/2025:23:44:11 -0400] "GET /top-reasons-to-choose-a-dedicated-server-in-netherlands/ HTTP/1.1" 404 1251 "-" "Mozilla/5.0 AppleWebKit/537.36 (KHTML, like Gecko; compatible; bingbot/2.0; +http://www.bing.com/bingbot.htm) Chrome/116.0.1938.76 Safari/537.36"
13.229.78.155 - - [01/Apr/2025:23:43:50 -0400] "POST /xmlrpc.php HTTP/1.1" 200 0 "-" "python-httpx/0.22.0"
51.222.253.7 - - [01/Apr/2025:23:44:40 -0400] "GET /scarpa-hiking-boots/feed/ HTTP/1.1" 404 1251 "-" "Mozilla/5.0 (compatible; AhrefsBot/7.0; +http://ahrefs.com/robot/)"
13.229.78.155 - - [01/Apr/2025:23:44:10 -0400] "POST /xmlrpc.php HTTP/1.1" 200 0 "-" "python-httpx/0.22.0"
213.136.81.226 - - [01/Apr/2025:23:44:51 -0400] "GET /a.php HTTP/1.1" 404 1251 "https://www.google.com" "Mozilla/5.0 (Linux; Android 7.0; SM-G892A Build/NRD90M; wv) AppleWebKit/537.36 (KHTML, Gecko) Version/4.0 Chrome/60.0.3112.107 Mobile Safari/537.36"
213.136.81.226 - - [01/Apr/2025:23:44:51 -0400] "GET /b.php HTTP/1.1" 404 1251 "https://www.google.com" "Mozilla/5.0 (Linux; Android 7.0; SM-G892A Build/NRD90M; wv) AppleWebKit/537.36 (KHTML, Gecko) Version/4.0 Chrome/60.0.3112.107 Mobile Safari/537.36"
213.136.81.226 - - [01/Apr/2025:23:44:52 -0400] "GET /c.php HTTP/1.1" 404 1251 "https://www.google.com" "Mozilla/5.0 (Linux; Android 7.0; SM-G892A Build/NRD90M; wv) AppleWebKit/537.36 (KHTML, Gecko) Version/4.0 Chrome/60.0.3112.107 Mobile Safari/537.36"
213.136.81.226 - - [01/Apr/2025:23:44:52 -0400] "GET /d.php HTTP/1.1" 404 1251 "https://www.google.com" "Mozilla/5.0 (Linux; Android 7.0; SM-G892A Build/NRD90M; wv) AppleWebKit/537.36 (KHTML, Gecko) Version/4.0 Chrome/60.0.3112.107 Mobile Safari/537.36"
213.136.81.226 - - [01/Apr/2025:23:44:53 -0400] "GET /e.php HTTP/1.1" 404 1251 "https://www.google.com" "Mozilla/5.0 (Linux; Android 7.0; SM-G892A Build/NRD90M; wv) AppleWebKit/537.36 (KHTML, Gecko) Version/4.0 Chrome/60.0.3112.107 Mobile Safari/537.36"
213.136.81.226 - - [01/Apr/2025:23:44:54 -0400] "GET /f.php HTTP/1.1" 404 1251 "https://www.google.com" "Mozilla/5.0 (Linux; Android 7.0; SM-G892A Build/NRD90M; wv) AppleWebKit/537.36 (KHTML, Gecko) Version/4.0 Chrome/60.0.3112.107 Mobile Safari/537.36"
213.136.81.226 - - [01/Apr/2025:23:45:00 -0400] "GET /q.php HTTP/1.1" 404 1251 "https://www.google.com" "Mozilla/5.0 (Linux; Android 7.0; SM-G892A Build/NRD90M; wv) AppleWebKit/537.36 (KHTML, Gecko) Version/4.0 Chrome/60.0.3112.107 Mobile Safari/537.36"
213.136.81.226 - - [01/Apr/2025:23:45:00 -0400] "GET /z.php HTTP/1.1" 404 1251 "https://www.google.com" "Mozilla/5.0 (Linux; Android 7.0; SM-G892A Build/NRD90M; wv) AppleWebKit/537.36 (KHTML, Gecko) Version/4.0 Chrome/60.0.3112.107 Mobile Safari/537.36"
213.136.81.226 - - [01/Apr/2025:23:45:01 -0400] "GET /d.php HTTP/1.1" 404 1251 "https://www.google.com" "Mozilla/5.0 (Linux; Android 7.0; SM-G892A Build/NRD90M; wv) AppleWebKit/537.36 (KHTML, Gecko) Version/4.0 Chrome/60.0.3112.107 Mobile Safari/537.36"
213.136.81.226 - - [01/Apr/2025:23:45:02 -0400] "GET /wp-content/themes/theme/functions.php HTTP/1.1" 404 1251 "https://www.google.com" "Mozilla/5.0 (Linux; Android 7.0; SM-G892A Build/NRD90M; wv) AppleWebKit/537.36 (KHTML, Gecko) Version/4.0 Chrome/60.0.3112.107 Mobile Safari/537.36"
213.136.81.226 - - [01/Apr/2025:23:45:04 -0400] "GET /wp-content/themes/classwithtostring.php HTTP/1.1" 404 1251 "https://www.google.com" "Mozilla/5.0 (Linux; Android 7.0; SM-G892A Build/NRD90M; wv) AppleWebKit/537.36 (KHTML, Gecko) Version/4.0 Chrome/60.0.3112.107 Mobile Safari/537.36"
213.136.81.226 - - [01/Apr/2025:23:45:06 -0400] "GET /wp-includes/classwithtostring.php HTTP/1.1" 404 1251 "https://www.google.com" "Mozilla/5.0 (Linux; Android 7.0; SM-G892A Build/NRD90M; wv) AppleWebKit/537.36 (KHTML, Gecko) Version/4.0 Chrome/60.0.3112.107 Mobile Safari/537.36"
13.229.78.155 - - [01/Apr/2025:23:44:30 -0400] "POST /xmlrpc.php HTTP/1.1" 200 0 "-" "python-httpx/0.22.0"
213.136.81.226 - - [01/Apr/2025:23:45:10 -0400] "GET /wp-includes/rk2.php HTTP/1.1" 404 1251 "https://www.google.com" "Mozilla/5.0 (Linux; Android 7.0; SM-G892A Build/NRD90M; wv) AppleWebKit/537.36 (KHTML, Gecko) Version/4.0 Chrome/60.0.3112.107 Mobile Safari/537.36"
213.136.81.226 - - [01/Apr/2025:23:45:11 -0400] "GET /wp-admin/maint/fie.php HTTP/1.1" 404 1251 "https://www.google.com" "Mozilla/5.0 (Linux; Android 7.0; SM-G892A Build/NRD90M; wv) AppleWebKit/537.36 (KHTML, Gecko) Version/4.0 Chrome/60.0.3112.107 Mobile Safari/537.36"
213.136.81.226 - - [01/Apr/2025:23:45:12 -0400] "GET /wp-content/index.php HTTP/1.1" 200 0 "https://www.google.com" "Mozilla/5.0 (Linux; Android 7.0; SM-G892A Build/NRD90M; wv) AppleWebKit/537.36 (KHTML, Gecko) Version/4.0 Chrome/60.0.3112.107 Mobile Safari/537.36"
213.136.81.226 - - [01/Apr/2025:23:45:13 -0400] "GET /wp-content/plugins/fix/up.php HTTP/1.1" 404 1251 "https://www.google.com" "Mozilla/5.0 (Linux; Android 7.0; SM-G892A Build/NRD90M; wv) AppleWebKit/537.36 (KHTML, Gecko) Version/4.0 Chrome/60.0.3112.107 Mobile Safari/537.36"
213.136.81.226 - - [01/Apr/2025:23:45:14 -0400] "GET /wp-admin/maint/file.php HTTP/1.1" 404 1251 "https://www.google.com" "Mozilla/5.0 (Linux; Android 7.0; SM-G892A Build/NRD90M; wv) AppleWebKit/537.36 (KHTML, Gecko) Version/4.0 Chrome/60.0.3112.107 Mobile Safari/537.36"
13.229.78.155 - - [01/Apr/2025:23:44:50 -0400] "POST /xmlrpc.php HTTP/1.1" 200 0 "-" "python-httpx/0.22.0"
13.229.78.155 - - [01/Apr/2025:23:45:11 -0400] "POST /xmlrpc.php HTTP/1.1" 200 0 "-" "python-httpx/0.22.0"
13.229.78.155 - - [01/Apr/2025:23:45:30 -0400] "POST /xmlrpc.php HTTP/1.1" 200 0 "-" "python-httpx/0.22.0"
13.229.78.155 - - [01/Apr/2025:23:45:51 -0400] "POST /xmlrpc.php HTTP/1.1" 200 0 "-" "python-httpx/0.22.0"
13.229.78.155 - - [01/Apr/2025:23:46:12 -0400] "POST /xmlrpc.php HTTP/1.1" 200 0 "-" "python-httpx/0.22.0"
13.229.78.155 - - [01/Apr/2025:23:46:30 -0400] "POST /xmlrpc.php HTTP/1.1" 200 0 "-" "python-httpx/0.22.0"
13.229.78.155 - - [01/Apr/2025:23:46:50 -0400] "POST /xmlrpc.php HTTP/1.1" 200 0 "-" "python-httpx/0.22.0"
13.229.78.155 - - [01/Apr/2025:23:47:10 -0400] "POST /xmlrpc.php HTTP/1.1" 200 0 "-" "python-httpx/0.22.0"
13.229.78.155 - - [01/Apr/2025:23:47:31 -0400] "POST /xmlrpc.php HTTP/1.1" 200 0 "-" "python-httpx/0.22.0"
13.229.78.155 - - [01/Apr/2025:23:47:51 -0400] "POST /xmlrpc.php HTTP/1.1" 200 0 "-" "python-httpx/0.22.0"
64.233.173.96 - - [01/Apr/2025:23:48:50 -0400] "GET /.well-known/traffic-advice HTTP/1.1" 404 1251 "-" "Chrome Privacy Preserving Prefetch Proxy"
13.229.78.155 - - [01/Apr/2025:23:48:11 -0400] "POST /xmlrpc.php HTTP/1.1" 200 0 "-" "python-httpx/0.22.0"
2001:4860:7:506::d - - [01/Apr/2025:23:48:51 -0400] "GET / HTTP/1.1" 200 156165 "https://www.google.com/" "Mozilla/5.0 (Windows NT 10.0; Win64; x64) AppleWebKit/537.36 (KHTML, like Gecko) Chrome/134.0.0.0 Safari/537.36"
13.229.78.155 - - [01/Apr/2025:23:48:52 -0400] "POST /xmlrpc.php HTTP/1.1" 200 0 "-" "python-httpx/0.22.0"
13.229.78.155 - - [01/Apr/2025:23:48:31 -0400] "POST /xmlrpc.php HTTP/1.1" 200 0 "-" "python-httpx/0.22.0"
51.222.253.17 - - [01/Apr/2025:23:50:58 -0400] "GET /the-ultimate-convenience-instant-hot-and-cold-water-dispenser/feed/ HTTP/1.1" 404 1251 "-" "Mozilla/5.0 (compatible; AhrefsBot/7.0; +http://ahrefs.com/robot/)"
51.222.253.18 - - [01/Apr/2025:23:57:40 -0400] "GET /decouvrez-lunivers-passionnant-de-1xbet/feed/ HTTP/1.1" 404 1251 "-" "Mozilla/5.0 (compatible; AhrefsBot/7.0; +http://ahrefs.com/robot/)"
40.77.167.70 - - [01/Apr/2025:23:59:06 -0400] "GET /cse-484-0znvs/minecraft-tale-of-kingdoms-modpack.html HTTP/1.1" 404 1251 "-" "Mozilla/5.0 AppleWebKit/537.36 (KHTML, like Gecko; compatible; bingbot/2.0; +http://www.bing.com/bingbot.htm) Chrome/116.0.1938.76 Safari/537.36"
51.222.253.16 - - [02/Apr/2025:00:05:07 -0400] "GET /rainbowriches/feed/ HTTP/1.1" 404 1251 "-" "Mozilla/5.0 (compatible; AhrefsBot/7.0; +http://ahrefs.com/robot/)"
34.224.9.144 - - [02/Apr/2025:00:06:16 -0400] "GET /revolutionizing-convenience-the-instant-hot-and-cold-water-tap/ HTTP/1.1" 404 1251 "-" "Mozilla/5.0 AppleWebKit/537.36 (KHTML, like Gecko; compatible; Amazonbot/0.1; +https://developer.amazon.com/support/amazonbot) Chrome/119.0.6045.214 Safari/537.36"
40.77.167.14 - - [02/Apr/2025:00:08:26 -0400] "GET /a-new-standard-in-luxury-living/ HTTP/1.1" 404 1251 "-" "Mozilla/5.0 AppleWebKit/537.36 (KHTML, like Gecko; compatible; bingbot/2.0; +http://www.bing.com/bingbot.htm) Chrome/116.0.1938.76 Safari/537.36"
51.222.253.11 - - [02/Apr/2025:00:12:12 -0400] "GET /energy-efficient-chilled-chillers/feed/ HTTP/1.1" 404 1251 "-" "Mozilla/5.0 (compatible; AhrefsBot/7.0; +http://ahrefs.com/robot/)"
2602:ffe4:8:1001::5 - - [02/Apr/2025:00:15:29 -0400] "GET /wp-content/uploads/2023/09/How-to-Delete-Bereal.jpg HTTP/1.1" 200 6212 "-" "Mozilla/5.0 (Linux; Android 5.0) AppleWebKit/537.36 (KHTML, like Gecko) Mobile Safari/537.36 (compatible; Bytespider; spider-feedback@bytedance.com)"
176.65.138.175 - - [02/Apr/2025:00:16:18 -0400] "GET / HTTP/1.1" 200 156165 "-" "python-requests/2.25.1"
51.222.253.3 - - [02/Apr/2025:00:18:04 -0400] "GET /custom-360-printed-socks/feed/ HTTP/1.1" 404 1251 "-" "Mozilla/5.0 (compatible; AhrefsBot/7.0; +http://ahrefs.com/robot/)"
198.54.114.83 - - [02/Apr/2025:00:18:46 -0400] "POST /wp-cron.php?doing_wp_cron=1743567526.1492109298706054687500 HTTP/1.1" 200 0 "-" "WordPress/6.7.2; https://webhostingeswatini.com"
143.110.153.162 - - [02/Apr/2025:00:18:40 -0400] "POST /wp-login.php?wc-ajax=1 HTTP/1.1" 200 1941 "https://webhostingeswatini.com/wp-admin/" "Mozilla/5.0 (Windows NT 10.0; Win64; x64) AppleWebKit/537.36 (KHTML, like Gecko) Chrome/90.0.4430.85 Safari/537.36"
143.110.153.162 - - [02/Apr/2025:00:18:46 -0400] "GET /wp-admin/?wc-ajax=1 HTTP/1.1" 302 0 "www.google.com" "Mozilla/5.0 (Windows NT 10.0; Win64; x64) AppleWebKit/537.36 (KHTML, like Gecko) Chrome/90.0.4430.85 Safari/537.36"
198.54.114.83 - - [02/Apr/2025:00:18:47 -0400] "POST /wp-admin/admin-ajax.php?action=async_litespeed&nonce=yfAT3ucX4MioyjOAZLmnKZqLdPuzPIOT&litespeed_type=imgoptm HTTP/1.1" 200 5 "-" "WordPress/6.7.2; https://webhostingeswatini.com"
143.110.153.162 - - [02/Apr/2025:00:18:47 -0400] "GET /wp-login.php?redirect_to=https%3A%2F%2Fwebhostingeswatini.com%2Fwp-admin%2F%3Fwc-ajax%3D1&reauth=1 HTTP/1.1" 200 1879 "www.google.com" "Mozilla/5.0 (Windows NT 10.0; Win64; x64) AppleWebKit/537.36 (KHTML, like Gecko) Chrome/90.0.4430.85 Safari/537.36"
112.92.70.120 - - [02/Apr/2025:00:20:35 -0400] "GET /holistic-medicine-austin/ HTTP/1.1" 404 1251 "https://webhostingeswatini.com" "Mozilla/5.0 (Windows NT 10.0; Win64; x64) AppleWebKit/537.36 (KHTML, like Gecko) Chrome/62.0.3202.94 Safari/537.36"
112.92.70.120 - - [02/Apr/2025:00:20:36 -0400] "GET /holistic-medicine-austin/ HTTP/1.1" 404 1251 "https://webhostingeswatini.com" "Mozilla/5.0 (Windows NT 10.0; Win64; x64) AppleWebKit/537.36 (KHTML, like Gecko) Chrome/62.0.3202.94 Safari/537.36"
112.92.70.120 - - [02/Apr/2025:00:20:40 -0400] "GET /holistic-medicine-austin/ HTTP/1.1" 404 1251 "https://webhostingeswatini.com" "Mozilla/5.0 (Windows NT 10.0; Win64; x64) AppleWebKit/537.36 (KHTML, like Gecko) Chrome/62.0.3202.94 Safari/537.36"
112.92.70.120 - - [02/Apr/2025:00:20:42 -0400] "GET /holistic-medicine-austin/ HTTP/1.1" 404 1251 "https://webhostingeswatini.com" "Mozilla/5.0 (Windows NT 10.0; Win64; x64) AppleWebKit/537.36 (KHTML, like Gecko) Chrome/62.0.3202.94 Safari/537.36"
198.54.114.83 - - [02/Apr/2025:00:21:07 -0400] "POST /wp-admin/admin-ajax.php?action=async_litespeed&nonce=bT1qy6X2LXInj4B87LU7XIAgN7ryjXDb&litespeed_type=imgoptm HTTP/1.1" 200 5 "-" "WordPress/6.7.2; https://webhostingeswatini.com"
85.208.98.24 - - [02/Apr/2025:00:22:14 -0400] "GET /how-pilates-can-help-you/ HTTP/1.1" 404 1251 "-" "Mozilla/5.0 (compatible; SemrushBot-BA; +http://www.semrush.com/bot.html)"
51.222.253.13 - - [02/Apr/2025:00:24:24 -0400] "GET /steroids-thailand/feed/ HTTP/1.1" 404 1251 "-" "Mozilla/5.0 (compatible; AhrefsBot/7.0; +http://ahrefs.com/robot/)"
51.222.253.1 - - [02/Apr/2025:00:29:54 -0400] "GET /maximize-your-instagram-profile-picture/feed/ HTTP/1.1" 404 1251 "-" "Mozilla/5.0 (compatible; AhrefsBot/7.0; +http://ahrefs.com/robot/)"
51.222.253.1 - - [02/Apr/2025:00:36:15 -0400] "GET /strategic-steps-to-gain-more-followers/feed/ HTTP/1.1" 404 1251 "-" "Mozilla/5.0 (compatible; AhrefsBot/7.0; +http://ahrefs.com/robot/)"
47.82.17.158 - - [02/Apr/2025:00:38:34 -0400] "GET /is-michael-kors-bags-womens-a-luxury-brand/ HTTP/1.1" 404 1251 "-" "Mozilla/5.0 (Android 11; Mobile; rv:123.0) Gecko/123.0 Firefox/123.0"
51.222.253.3 - - [02/Apr/2025:00:43:18 -0400] "GET /effektive-haushaltsauflosungen-in-luneburg/feed/ HTTP/1.1" 404 1251 "-" "Mozilla/5.0 (compatible; AhrefsBot/7.0; +http://ahrefs.com/robot/)"
198.54.114.83 - - [02/Apr/2025:00:43:38 -0400] "POST /wp-admin/admin-ajax.php?action=async_litespeed&nonce=FGZReu2iU3HrSPEWRLOjaZMVCNlMKtO3&litespeed_type=imgoptm HTTP/1.1" 200 5 "-" "WordPress/6.7.2; https://webhostingeswatini.com"
47.82.25.17 - - [02/Apr/2025:00:45:26 -0400] "GET /is-michael-kors-bags-womens-a-luxury-brand/ HTTP/1.1" 404 1251 "-" "Mozilla/5.0 (Windows NT 10.0; Win64; x64) AppleWebKit/537.36 (KHTML, like Gecko) Chrome/122.0.0.0 Safari/537.36"
51.222.253.10 - - [02/Apr/2025:00:49:59 -0400] "GET /sac-a-dos-militaire-lalliance-de-durabilite-et-de-fonctionnalite/feed/ HTTP/1.1" 404 1251 "-" "Mozilla/5.0 (compatible; AhrefsBot/7.0; +http://ahrefs.com/robot/)"
45.61.160.87 - - [02/Apr/2025:00:50:32 -0400] "GET /wp-content/plugins/wp-catcher/index.php HTTP/1.1" 404 1251 "www.google.com" "Mozlila/5.0 (Linux; Android 7.0; SM-G892A Bulid/NRD90M; wv) AppleWebKit/537.36 (KHTML, like Gecko) Version/4.0 Chrome/60.0.3112.107 Moblie Safari/537.36"
47.79.1.55 - - [02/Apr/2025:00:52:53 -0400] "GET /is-michael-kors-bags-womens-a-luxury-brand/ HTTP/1.1" 404 1251 "-" "Mozilla/5.0 (iPhone; CPU iPhone OS 17_0 like Mac OS X) AppleWebKit/605.1.15 (KHTML, like Gecko) Version/17.0 Mobile/15E148 Safari/604.1 OPX/2.0.1"
54.82.65.9 - - [02/Apr/2025:00:53:25 -0400] "GET / HTTP/1.1" 200 156165 "-" "Mozilla/5.0 (Macintosh; Intel Mac OS X 10_15_7) AppleWebKit/537.36 (KHTML, like Gecko) Chrome/108.0.0.0 Safari/537.36"
150.109.40.196 - - [02/Apr/2025:00:56:05 -0400] "GET /how-to-build-a-youtube-subscriber-base/ HTTP/1.1" 404 1251 "-" "Python/3.10 aiohttp/3.10.5"
51.222.253.20 - - [02/Apr/2025:00:57:27 -0400] "GET /a-modern-tool-for-connectivity/feed/ HTTP/1.1" 404 1251 "-" "Mozilla/5.0 (compatible; AhrefsBot/7.0; +http://ahrefs.com/robot/)"
2a03:2880:f800:1b:: - - [02/Apr/2025:01:00:50 -0400] "GET /wp-content/plugins/advanced-google-recaptcha/libs/captcha.php?wpcaptcha-generate-image=true&color=%23FFFFFF&noise=1&id=9540 HTTP/1.1" 200 226 "-" "meta-externalagent/1.1 (+https://developers.facebook.com/docs/sharing/webmasters/crawler)"
34.19.85.195 - - [02/Apr/2025:01:01:22 -0400] "GET /how-banner-printing-can-help-your-brand/ HTTP/1.1" 404 1251 "-" "Mozilla/5.0 (Macintosh; Intel Mac OS X 10_15_7) AppleWebKit/605.1.15 (KHTML, like Gecko) Version/17.0 Safari/605.1.15"
51.222.253.4 - - [02/Apr/2025:01:04:22 -0400] "GET /guide-dachat-dune-housse-pour-clic-clac/feed/ HTTP/1.1" 404 1251 "-" "Mozilla/5.0 (compatible; AhrefsBot/7.0; +http://ahrefs.com/robot/)"
47.82.23.184 - - [02/Apr/2025:01:06:44 -0400] "GET /how-to-find-the-best-sports-betting-sites/ HTTP/1.1" 404 1251 "-" "Mozilla/5.0 (iPhone; CPU iPhone OS 17_0_1 like Mac OS X) AppleWebKit/605.1.15 (KHTML, like Gecko) Version/17.0 Mobile/15E148 Safari/604.1"
198.54.114.83 - - [02/Apr/2025:01:07:30 -0400] "POST /wp-admin/admin-ajax.php?action=async_litespeed&nonce=RQlPJdGqGuXnjt2myYdTnDEJjzNeMDJN&litespeed_type=imgoptm HTTP/1.1" 200 0 "-" "WordPress/6.7.2; https://webhostingeswatini.com"
34.145.20.211 - - [02/Apr/2025:01:10:05 -0400] "GET /a-kiddush-fountain-adds-grandeur-and-excitement-to-shabbat-dinners/ HTTP/1.1" 404 1251 "-" "Mozilla/5.0 (Macintosh; Intel Mac OS X 10.15; rv:109.0) Gecko/20100101 Firefox/116.0"
47.82.23.237 - - [02/Apr/2025:01:10:08 -0400] "GET /conservatory-roof-panels/ HTTP/1.1" 404 1251 "-" "Mozilla/5.0 (iPhone; CPU iPhone OS 17_0 like Mac OS X) AppleWebKit/605.1.15 (KHTML, like Gecko) Version/17.0 Mobile/15E148 Safari/604.1 RDDocuments/8.4.8.940"
47.79.7.151 - - [02/Apr/2025:01:10:16 -0400] "GET /how-to-find-the-best-portable-fire-pump/ HTTP/1.1" 404 1251 "-" "Mozilla/5.0 (Linux; Android 10; K) AppleWebKit/537.36 (KHTML, like Gecko) Chrome/122.0.0.0 Mobile Safari/537.36"
51.222.253.6 - - [02/Apr/2025:01:11:17 -0400] "GET /the-evolution-of-entertainment/feed/ HTTP/1.1" 404 1251 "-" "Mozilla/5.0 (compatible; AhrefsBot/7.0; +http://ahrefs.com/robot/)"
47.82.25.139 - - [02/Apr/2025:01:15:40 -0400] "GET /custom-brand-socks-a-fun-and-unique-way-to-promote-your-business/ HTTP/1.1" 404 1251 "-" "Mozilla/5.0 (iPhone; CPU iPhone OS 17_0_3 like Mac OS X) AppleWebKit/605.1.15 (KHTML, like Gecko) Version/17.0.3 Mobile/15E148 Safari/604.1 RDDocuments/8.7.2.978"
85.208.98.24 - - [02/Apr/2025:01:17:27 -0400] "GET /different-cd-first-deposit-bonus-items-from-british-isles-betting-houses-%EF%B8%8F-march-2022/ HTTP/1.1" 404 1251 "-" "Mozilla/5.0 (compatible; SemrushBot-BA; +http://www.semrush.com/bot.html)"
85.208.98.19 - - [02/Apr/2025:01:17:40 -0400] "GET /chumba-gambling-house-hundred-not-any-put-plus-value/ HTTP/1.1" 404 1251 "-" "Mozilla/5.0 (compatible; SemrushBot-BA; +http://www.semrush.com/bot.html)"
47.82.28.129 - - [02/Apr/2025:01:18:03 -0400] "GET /conservatory-roof-panels/ HTTP/1.1" 404 1251 "-" "Mozilla/5.0 (Windows NT 10.0; Win64; x64; rv:123.0) Gecko/20100101 Firefox/123.0 OpenWave/94.4.4504.39"
51.222.253.12 - - [02/Apr/2025:01:18:14 -0400] "GET /orthodontie-geneve/feed/ HTTP/1.1" 404 1251 "-" "Mozilla/5.0 (compatible; AhrefsBot/7.0; +http://ahrefs.com/robot/)"
34.127.29.78 - - [02/Apr/2025:01:19:38 -0400] "GET /how-to-clean-engagement-rings/ HTTP/1.1" 404 1251 "-" "Mozilla/5.0 (Windows NT 10.0; Win64; x64) AppleWebKit/537.36 (KHTML, like Gecko) Chrome/123.0.0.0 Safari/537.36"
34.19.85.195 - - [02/Apr/2025:01:24:08 -0400] "GET /how-to-extend-butter-shelf-life/ HTTP/1.1" 404 1251 "-" "Mozilla/5.0 (Macintosh; Intel Mac OS X 10.15; rv:109.0) Gecko/20100101 Firefox/116.0"
51.222.253.9 - - [02/Apr/2025:01:25:16 -0400] "GET /the-essential-perks-of-a-business-trip-massage/feed/ HTTP/1.1" 404 1251 "-" "Mozilla/5.0 (compatible; AhrefsBot/7.0; +http://ahrefs.com/robot/)"
47.79.1.42 - - [02/Apr/2025:01:26:50 -0400] "GET /how-to-find-the-best-sports-betting-sites/ HTTP/1.1" 404 1251 "-" "Mozilla/5.0 (Windows NT 10.0; Win64; x64; rv:123.0) Gecko/20100101 Firefox/123.0 Config/91.2.2121.13"
149.50.212.217 - - [02/Apr/2025:01:26:53 -0400] "GET /wp-login.php HTTP/1.1" 200 1873 "-" "Mozilla/5.0 (Windows NT 10.0; Win64; x64) AppleWebKit/537.36 (KHTML, like Gecko) Chrome/114.0.0.0 Safari/537.36"
198.54.114.83 - - [02/Apr/2025:01:26:59 -0400] "POST /wp-cron.php?doing_wp_cron=1743571619.4468979835510253906250 HTTP/1.1" 200 0 "-" "WordPress/6.7.2; https://webhostingeswatini.com"
149.50.212.217 - - [02/Apr/2025:01:26:53 -0400] "POST /wp-login.php HTTP/1.1" 200 1942 "-" "Mozilla/5.0 (Windows NT 10.0; Win64; x64) AppleWebKit/537.36 (KHTML, like Gecko) Chrome/114.0.0.0 Safari/537.36"
198.54.114.83 - - [02/Apr/2025:01:27:00 -0400] "POST /wp-admin/admin-ajax.php?action=async_litespeed&nonce=D7HBIMFOkcNxdAbDPwCA5EKtxa13sonS&litespeed_type=imgoptm HTTP/1.1" 200 5 "-" "WordPress/6.7.2; https://webhostingeswatini.com"
149.50.212.217 - - [02/Apr/2025:01:27:00 -0400] "POST /wp-login.php HTTP/1.1" 200 1943 "-" "Mozilla/5.0 (Windows NT 10.0; Win64; x64) AppleWebKit/537.36 (KHTML, like Gecko) Chrome/114.0.0.0 Safari/537.36"
149.50.212.217 - - [02/Apr/2025:01:27:02 -0400] "GET /wp-login.php HTTP/1.1" 200 1873 "-" "Mozilla/5.0 (Windows NT 10.0; Win64; x64) AppleWebKit/537.36 (KHTML, like Gecko) Chrome/114.0.0.0 Safari/537.36"
149.50.212.217 - - [02/Apr/2025:01:27:02 -0400] "POST /wp-login.php HTTP/1.1" 200 1941 "-" "Mozilla/5.0 (Windows NT 10.0; Win64; x64) AppleWebKit/537.36 (KHTML, like Gecko) Chrome/114.0.0.0 Safari/537.36"
149.50.212.217 - - [02/Apr/2025:01:27:03 -0400] "POST /wp-login.php HTTP/1.1" 200 1943 "-" "Mozilla/5.0 (Windows NT 10.0; Win64; x64) AppleWebKit/537.36 (KHTML, like Gecko) Chrome/114.0.0.0 Safari/537.36"
149.50.212.217 - - [02/Apr/2025:01:27:04 -0400] "GET /wp-login.php HTTP/1.1" 200 1873 "-" "Mozilla/5.0 (Windows NT 10.0; Win64; x64) AppleWebKit/537.36 (KHTML, like Gecko) Chrome/114.0.0.0 Safari/537.36"
149.50.212.217 - - [02/Apr/2025:01:27:04 -0400] "POST /wp-login.php HTTP/1.1" 200 1943 "-" "Mozilla/5.0 (Windows NT 10.0; Win64; x64) AppleWebKit/537.36 (KHTML, like Gecko) Chrome/114.0.0.0 Safari/537.36"
149.50.212.217 - - [02/Apr/2025:01:27:05 -0400] "POST /wp-login.php HTTP/1.1" 200 1943 "-" "Mozilla/5.0 (Windows NT 10.0; Win64; x64) AppleWebKit/537.36 (KHTML, like Gecko) Chrome/114.0.0.0 Safari/537.36"
139.59.100.51 - - [02/Apr/2025:01:28:23 -0400] "GET /wp-login.php HTTP/1.1" 200 1873 "-" "Mozila/5.0"
198.54.114.83 - - [02/Apr/2025:01:28:24 -0400] "POST /wp-cron.php?doing_wp_cron=1743571704.3750989437103271484375 HTTP/1.1" 200 0 "-" "WordPress/6.7.2; https://webhostingeswatini.com"
139.59.100.51 - - [02/Apr/2025:01:28:24 -0400] "POST /wp-login.php HTTP/1.1" 200 1944 "-" "Mozila/5.0"
198.54.114.83 - - [02/Apr/2025:01:28:25 -0400] "POST /wp-admin/admin-ajax.php?action=async_litespeed&nonce=JoS7XltKR4wBAUZ16x6m4KxU7vI7xcnu&litespeed_type=imgoptm HTTP/1.1" 200 5 "-" "WordPress/6.7.2; https://webhostingeswatini.com"
139.59.100.51 - - [02/Apr/2025:01:28:25 -0400] "GET /wp-admin/ HTTP/1.1" 302 0 "-" "Mozila/5.0"
139.59.100.51 - - [02/Apr/2025:01:28:25 -0400] "GET /wp-login.php?redirect_to=https%3A%2F%2Fwebhostingeswatini.com%2Fwp-admin%2F&reauth=1 HTTP/1.1" 200 1873 "-" "Mozila/5.0"
47.79.1.203 - - [02/Apr/2025:01:29:29 -0400] "GET /wp-includes/js/mediaelement/wp-mediaelement.min.css HTTP/1.1" 200 982 "-" "Mozilla/5.0 (Windows NT 10.0; Win64; x64) AppleWebKit/537.36 (KHTML, like Gecko) Chrome/114.0.0.0 Safari/537.36 Edg/114.0.1823.43"
51.222.253.10 - - [02/Apr/2025:01:31:47 -0400] "GET /a-bright-jackpot/feed/ HTTP/1.1" 404 1251 "-" "Mozilla/5.0 (compatible; AhrefsBot/7.0; +http://ahrefs.com/robot/)"
198.54.114.83 - - [02/Apr/2025:01:32:53 -0400] "POST /wp-admin/admin-ajax.php?action=async_litespeed&nonce=4aOHWdRGoavt9RwqoDaK5zjZuzyT1YsT&litespeed_type=imgoptm HTTP/1.1" 200 0 "-" "WordPress/6.7.2; https://webhostingeswatini.com"
2001:41d0:303:2bb3::1 - - [02/Apr/2025:01:34:13 -0400] "GET /robots.txt HTTP/1.1" 304 0 "-" "Mozilla/5.0 (compatible; MJ12bot/v1.4.8; http://mj12bot.com/)"
2001:41d0:303:2bb3::1 - - [02/Apr/2025:01:34:16 -0400] "GET /betswall-sporting-events-gambling-recommendations-on-the-fresh-application-store-h1-articleswestern-sydney-wanderers-versus-western-united-tips100-free-gambling-tipswhere-you/ HTTP/1.1" 404 1251 "-" "Mozilla/5.0 (compatible; MJ12bot/v1.4.8; http://mj12bot.com/)"
2001:41d0:303:2bb3::1 - - [02/Apr/2025:01:34:18 -0400] "GET /%E2%9F%ACtwenty-one-dukes-gambling-house-added-bonus-advancement-rules-2022-%E2%9F%AD-pile-twenty-one-dukes-gambling-house-special-signal-bonus-offer-vaucher-and-even-bonus-offer-code/ HTTP/1.1" 404 1251 "-" "Mozilla/5.0 (compatible; MJ12bot/v1.4.8; http://mj12bot.com/)"
2001:41d0:303:2bb3::1 - - [02/Apr/2025:01:34:22 -0400] "GET /%E2%9F%ACtwenty-one-dukes-gambling-house-added-bonus-advancement-rules-2022-%E2%9F%AD-pile-twenty-one-dukes-gambling-house-special-signal-bonus-offer-vaucher-and-even-bonus-offer-code/feed/ HTTP/1.1" 404 1251 "-" "Mozilla/5.0 (compatible; MJ12bot/v1.4.8; http://mj12bot.com/)"
2001:41d0:303:2bb3::1 - - [02/Apr/2025:01:34:25 -0400] "GET /%E6%9C%80%E3%82%82%E4%BA%BA%E6%B0%97%E3%81%AE%E3%81%82%E3%82%8B%E3%83%AD%E3%83%BC%E3%82%AB%E3%83%AB%E3%82%AB%E3%82%B8%E3%83%8E%E3%82%B9%E3%83%AD%E3%83%83%E3%83%88-https-mrbetcasino-jp/ HTTP/1.1" 404 1251 "-" "Mozilla/5.0 (compatible; MJ12bot/v1.4.8; http://mj12bot.com/)"
2001:41d0:303:2bb3::1 - - [02/Apr/2025:01:34:29 -0400] "GET /%E6%9C%80%E3%82%82%E4%BA%BA%E6%B0%97%E3%81%AE%E3%81%82%E3%82%8B%E3%83%AD%E3%83%BC%E3%82%AB%E3%83%AB%E3%82%AB%E3%82%B8%E3%83%8E%E3%82%B9%E3%83%AD%E3%83%83%E3%83%88-https-mrbetcasino-jp/feed/ HTTP/1.1" 404 1251 "-" "Mozilla/5.0 (compatible; MJ12bot/v1.4.8; http://mj12bot.com/)"
2001:41d0:303:2bb3::1 - - [02/Apr/2025:01:34:37 -0400] "GET /100-ilmaiseksi-5-ilman-talletusta-paikallinen-kasino-paras-nettikasino-iso-britannia-legit-5-%E2%80%8B%E2%80%8Bpound-incentive-2021-spinbonus-com/ HTTP/1.1" 404 1251 "-" "Mozilla/5.0 (compatible; MJ12bot/v1.4.8; http://mj12bot.com/)"
2001:41d0:303:2bb3::1 - - [02/Apr/2025:01:34:40 -0400] "GET /100-ilmaiseksi-5-ilman-talletusta-paikallinen-kasino-paras-nettikasino-iso-britannia-legit-5-%E2%80%8B%E2%80%8Bpound-incentive-2021-spinbonus-com/feed/ HTTP/1.1" 404 1251 "-" "Mozilla/5.0 (compatible; MJ12bot/v1.4.8; http://mj12bot.com/)"
2001:41d0:303:2bb3::1 - - [02/Apr/2025:01:34:44 -0400] "GET /99-beste-deutsche-casino-bonus-leo-vegas-erreichbar-casinos-%EF%B8%8F/ HTTP/1.1" 404 1251 "-" "Mozilla/5.0 (compatible; MJ12bot/v1.4.8; http://mj12bot.com/)"
2001:41d0:303:2bb3::1 - - [02/Apr/2025:01:34:49 -0400] "GET /99-beste-deutsche-casino-bonus-leo-vegas-erreichbar-casinos-%EF%B8%8F/feed/ HTTP/1.1" 404 1251 "-" "Mozilla/5.0 (compatible; MJ12bot/v1.4.8; http://mj12bot.com/)"
2001:41d0:303:2bb3::1 - - [02/Apr/2025:01:34:55 -0400] "GET /a-few-minimum-transfer-gambling-establishment-projects-%EF%B8%8F-all-5-down-payment-on-line-casinos/ HTTP/1.1" 404 1251 "-" "Mozilla/5.0 (compatible; MJ12bot/v1.4.8; http://mj12bot.com/)"
2001:41d0:303:2bb3::1 - - [02/Apr/2025:01:35:00 -0400] "GET /a-few-minimum-transfer-gambling-establishment-projects-%EF%B8%8F-all-5-down-payment-on-line-casinos/feed/ HTTP/1.1" 404 1251 "-" "Mozilla/5.0 (compatible; MJ12bot/v1.4.8; http://mj12bot.com/)"
2001:41d0:303:2bb3::1 - - [02/Apr/2025:01:35:06 -0400] "GET /a-single-money-on-line-casinos-%E1%90%88-win-jackpot-lodging-exactly/ HTTP/1.1" 404 1251 "-" "Mozilla/5.0 (compatible; MJ12bot/v1.4.8; http://mj12bot.com/)"
2001:41d0:303:2bb3::1 - - [02/Apr/2025:01:35:11 -0400] "GET /a-single-money-on-line-casinos-%E1%90%88-win-jackpot-lodging-exactly/feed/ HTTP/1.1" 404 1251 "-" "Mozilla/5.0 (compatible; MJ12bot/v1.4.8; http://mj12bot.com/)"
2001:41d0:303:2bb3::1 - - [02/Apr/2025:01:35:17 -0400] "GET /basically-no-deposit-incentive-gambling-establishments-ontario-%E1%90%89-the-total-retail-price-2022/ HTTP/1.1" 404 1251 "-" "Mozilla/5.0 (compatible; MJ12bot/v1.4.8; http://mj12bot.com/)"
2001:41d0:303:2bb3::1 - - [02/Apr/2025:01:35:23 -0400] "GET /basically-no-deposit-incentive-gambling-establishments-ontario-%E1%90%89-the-total-retail-price-2022/feed/ HTTP/1.1" 404 1251 "-" "Mozilla/5.0 (compatible; MJ12bot/v1.4.8; http://mj12bot.com/)"
2001:41d0:303:2bb3::1 - - [02/Apr/2025:01:35:27 -0400] "GET /basically-no-down-payment-on-line-casino-signup-bonuses-nationwide-%EF%B8%8F-feb/ HTTP/1.1" 404 1251 "-" "Mozilla/5.0 (compatible; MJ12bot/v1.4.8; http://mj12bot.com/)"
2001:41d0:303:2bb3::1 - - [02/Apr/2025:01:35:33 -0400] "GET /basically-no-down-payment-on-line-casino-signup-bonuses-nationwide-%EF%B8%8F-feb/feed/ HTTP/1.1" 404 1251 "-" "Mozilla/5.0 (compatible; MJ12bot/v1.4.8; http://mj12bot.com/)"
34.127.29.78 - - [02/Apr/2025:01:37:26 -0400] "GET /the-arden/ HTTP/1.1" 404 1251 "-" "Mozilla/5.0 (Macintosh; Intel Mac OS X 10.15; rv:109.0) Gecko/20100101 Firefox/116.0"
34.145.20.211 - - [02/Apr/2025:01:38:12 -0400] "GET /marijuana-use-ups-the-risk-of-abusing-more-potent-drugs/ HTTP/1.1" 404 1251 "-" "Mozilla/5.0 (Windows NT 10.0; Win64; x64) AppleWebKit/537.36 (KHTML, like Gecko) Chrome/123.0.0.0 Safari/537.36"
2001:41d0:303:2bb3::1 - - [02/Apr/2025:01:38:32 -0400] "GET /free-moves-no-put-nz-2022-%EF%B8%8F/ HTTP/1.1" 404 1251 "-" "Mozilla/5.0 (compatible; MJ12bot/v1.4.8; http://mj12bot.com/)"
2001:41d0:303:2bb3::1 - - [02/Apr/2025:01:38:35 -0400] "GET /free-moves-no-put-nz-2022-%EF%B8%8F/feed/ HTTP/1.1" 404 1251 "-" "Mozilla/5.0 (compatible; MJ12bot/v1.4.8; http://mj12bot.com/)"
66.249.66.199 - - [02/Apr/2025:01:38:37 -0400] "GET /robots.txt HTTP/1.1" 304 0 "-" "Mozilla/5.0 (compatible; Googlebot/2.1; +http://www.google.com/bot.html)"
66.249.66.192 - - [02/Apr/2025:01:38:38 -0400] "GET /prefab-homes-for-sale/ HTTP/1.1" 404 1251 "-" "Mozilla/5.0 (Linux; Android 6.0.1; Nexus 5X Build/MMB29P) AppleWebKit/537.36 (KHTML, like Gecko) Chrome/134.0.6998.165 Mobile Safari/537.36 (compatible; Googlebot/2.1; +http://www.google.com/bot.html)"
2001:41d0:303:2bb3::1 - - [02/Apr/2025:01:38:38 -0400] "GET /greatest-l-online-online-casino-%E1%90%88-couple-of-best-on-the-web-on-line-casinos-2022/ HTTP/1.1" 404 1251 "-" "Mozilla/5.0 (compatible; MJ12bot/v1.4.8; http://mj12bot.com/)"
2001:41d0:303:2bb3::1 - - [02/Apr/2025:01:38:41 -0400] "GET /greatest-l-online-online-casino-%E1%90%88-couple-of-best-on-the-web-on-line-casinos-2022/feed/ HTTP/1.1" 404 1251 "-" "Mozilla/5.0 (compatible; MJ12bot/v1.4.8; http://mj12bot.com/)"
2001:41d0:303:2bb3::1 - - [02/Apr/2025:01:38:43 -0400] "GET /kasino-internet-terbesar-australia-bigdloto-kasino-berbasis-web-terbesar-2021%E3%80%91/ HTTP/1.1" 404 1251 "-" "Mozilla/5.0 (compatible; MJ12bot/v1.4.8; http://mj12bot.com/)"
2001:41d0:303:2bb3::1 - - [02/Apr/2025:01:38:46 -0400] "GET /kasino-internet-terbesar-australia-bigdloto-kasino-berbasis-web-terbesar-2021%E3%80%91/feed/ HTTP/1.1" 404 1251 "-" "Mozilla/5.0 (compatible; MJ12bot/v1.4.8; http://mj12bot.com/)"
2001:41d0:303:2bb3::1 - - [02/Apr/2025:01:38:49 -0400] "GET /new-on-line-betting-houses-nationwide-%EF%B8%8F-feb/ HTTP/1.1" 404 1251 "-" "Mozilla/5.0 (compatible; MJ12bot/v1.4.8; http://mj12bot.com/)"
2001:41d0:303:2bb3::1 - - [02/Apr/2025:01:38:52 -0400] "GET /new-on-line-betting-houses-nationwide-%EF%B8%8F-feb/feed/ HTTP/1.1" 404 1251 "-" "Mozilla/5.0 (compatible; MJ12bot/v1.4.8; http://mj12bot.com/)"
2001:41d0:303:2bb3::1 - - [02/Apr/2025:01:38:56 -0400] "GET /nvidia-rtx-2080ti-mining-car-finance-calculator-%EF%B8%8F/ HTTP/1.1" 404 1251 "-" "Mozilla/5.0 (compatible; MJ12bot/v1.4.8; http://mj12bot.com/)"
2001:41d0:303:2bb3::1 - - [02/Apr/2025:01:38:59 -0400] "GET /nvidia-rtx-2080ti-mining-car-finance-calculator-%EF%B8%8F/feed/ HTTP/1.1" 404 1251 "-" "Mozilla/5.0 (compatible; MJ12bot/v1.4.8; http://mj12bot.com/)"
2001:41d0:303:2bb3::1 - - [02/Apr/2025:01:39:02 -0400] "GET /real-cash-harbors-on-the-internet-2021-%E1%90%88-online-canadian-casino-online-paypal-casino-position-game-to-help-you-win-real-cash/ HTTP/1.1" 404 1251 "-" "Mozilla/5.0 (compatible; MJ12bot/v1.4.8; http://mj12bot.com/)"
2001:41d0:303:2bb3::1 - - [02/Apr/2025:01:39:05 -0400] "GET /real-cash-harbors-on-the-internet-2021-%E1%90%88-online-canadian-casino-online-paypal-casino-position-game-to-help-you-win-real-cash/feed/ HTTP/1.1" 404 1251 "-" "Mozilla/5.0 (compatible; MJ12bot/v1.4.8; http://mj12bot.com/)"
51.222.253.3 - - [02/Apr/2025:01:39:07 -0400] "GET /a-vital-step-for-manufacturers/feed/ HTTP/1.1" 404 1251 "-" "Mozilla/5.0 (compatible; AhrefsBot/7.0; +http://ahrefs.com/robot/)"
2001:41d0:303:2bb3::1 - - [02/Apr/2025:01:39:09 -0400] "GET /salle-de-jeu-un-brin-diapositive-%EF%B8%8F-jeux-majestic-casino-slots-foudre-ou-sans-avoir-i-telechargement/ HTTP/1.1" 404 1251 "-" "Mozilla/5.0 (compatible; MJ12bot/v1.4.8; http://mj12bot.com/)"
2001:41d0:303:2bb3::1 - - [02/Apr/2025:01:39:13 -0400] "GET /salle-de-jeu-un-brin-diapositive-%EF%B8%8F-jeux-majestic-casino-slots-foudre-ou-sans-avoir-i-telechargement/feed/ HTTP/1.1" 404 1251 "-" "Mozilla/5.0 (compatible; MJ12bot/v1.4.8; http://mj12bot.com/)"
2001:41d0:303:2bb3::1 - - [02/Apr/2025:01:39:17 -0400] "GET /sapphirebet-gambling-house-basically-no-bank-voucher-codes-%E1%97%8E-feb-2022/ HTTP/1.1" 404 1251 "-" "Mozilla/5.0 (compatible; MJ12bot/v1.4.8; http://mj12bot.com/)"
2001:41d0:303:2bb3::1 - - [02/Apr/2025:01:39:21 -0400] "GET /sapphirebet-gambling-house-basically-no-bank-voucher-codes-%E1%97%8E-feb-2022/feed/ HTTP/1.1" 404 1251 "-" "Mozilla/5.0 (compatible; MJ12bot/v1.4.8; http://mj12bot.com/)"
2001:41d0:303:2bb3::1 - - [02/Apr/2025:01:39:23 -0400] "GET /smallest-money-casinos-%EF%B8%8F-perform-casino-wars-at-just-one-european-down-payment/ HTTP/1.1" 404 1251 "-" "Mozilla/5.0 (compatible; MJ12bot/v1.4.8; http://mj12bot.com/)"
2001:41d0:303:2bb3::1 - - [02/Apr/2025:01:39:27 -0400] "GET /smallest-money-casinos-%EF%B8%8F-perform-casino-wars-at-just-one-european-down-payment/feed/ HTTP/1.1" 404 1251 "-" "Mozilla/5.0 (compatible; MJ12bot/v1.4.8; http://mj12bot.com/)"
2001:41d0:303:2bb3::1 - - [02/Apr/2025:01:39:31 -0400] "GET /spin-and-rewrite-gambling-house-assessment-2022-%EF%B8%8F-is-the-fact-insert-scam-and-or-reliable/ HTTP/1.1" 404 1251 "-" "Mozilla/5.0 (compatible; MJ12bot/v1.4.8; http://mj12bot.com/)"
2001:41d0:303:2bb3::1 - - [02/Apr/2025:01:39:34 -0400] "GET /spin-and-rewrite-gambling-house-assessment-2022-%EF%B8%8F-is-the-fact-insert-scam-and-or-reliable/feed/ HTTP/1.1" 404 1251 "-" "Mozilla/5.0 (compatible; MJ12bot/v1.4.8; http://mj12bot.com/)"
2001:41d0:303:2bb3::1 - - [02/Apr/2025:01:39:37 -0400] "GET /tiniest-put-in-internet-casino-%EF%B8%8F-one-particular-lodge-online-casino-nz-2022/ HTTP/1.1" 404 1251 "-" "Mozilla/5.0 (compatible; MJ12bot/v1.4.8; http://mj12bot.com/)"
2001:41d0:303:2bb3::1 - - [02/Apr/2025:01:39:39 -0400] "GET /tiniest-put-in-internet-casino-%EF%B8%8F-one-particular-lodge-online-casino-nz-2022/feed/ HTTP/1.1" 404 1251 "-" "Mozilla/5.0 (compatible; MJ12bot/v1.4.8; http://mj12bot.com/)"
198.54.114.83 - - [02/Apr/2025:01:40:21 -0400] "POST /wp-cron.php?doing_wp_cron=1743572420.5708019733428955078125 HTTP/1.1" 200 0 "-" "WordPress/6.7.2; https://webhostingeswatini.com"
3.220.159.34 - - [02/Apr/2025:01:40:16 -0400] "POST /wp-login.php HTTP/1.1" 200 1943 "-" "Mozilla/5.0 (Macintosh; Intel Mac OS X 14_3) AppleWebKit/605.1.15 (KHTML, like Gecko) Version/17.2 Safari/605.1.15"
198.54.114.83 - - [02/Apr/2025:01:40:23 -0400] "POST /wp-admin/admin-ajax.php?action=async_litespeed&nonce=M6auy8l8qqwrJn0iyaRGCdDg8ng7ja0O&litespeed_type=imgoptm HTTP/1.1" 200 0 "-" "WordPress/6.7.2; https://webhostingeswatini.com"
45.61.160.87 - - [02/Apr/2025:01:41:45 -0400] "GET /wp-content/plugins/wp-catcher/index.php HTTP/1.1" 404 1251 "www.google.com" "Mozlila/5.0 (Linux; Android 7.0; SM-G892A Bulid/NRD90M; wv) AppleWebKit/537.36 (KHTML, like Gecko) Version/4.0 Chrome/60.0.3112.107 Moblie Safari/537.36"
209.38.146.230 - - [02/Apr/2025:01:43:04 -0400] "GET /wp-login.php HTTP/1.1" 200 1873 "-" "Mozilla/5.0 (Linux; Android 12; Redmi Note 9 Pro Build/SKQ1.211019.001; wv) AppleWebKit/537.36 (KHTML, like Gecko) Version/4.0 Chrome/126.0.6478.71 Mobile Safari/537.36"
58.221.37.82 - - [02/Apr/2025:01:45:05 -0400] "GET / HTTP/1.1" 200 156165 "https://www.google.com/" "Mozilla/5.0 (Linux; Android 10; K) AppleWebKit/537.36 (KHTML, like Gecko) Chrome/133.0.0.0 Mobile Safari/537.36"
54.36.148.162 - - [02/Apr/2025:01:45:52 -0400] "GET /robots.txt HTTP/1.1" 304 0 "-" "Mozilla/5.0 (compatible; AhrefsBot/7.0; +http://ahrefs.com/robot/)"
51.222.253.20 - - [02/Apr/2025:01:46:58 -0400] "GET /reliable-airport-transfers/feed/ HTTP/1.1" 404 1251 "-" "Mozilla/5.0 (compatible; AhrefsBot/7.0; +http://ahrefs.com/robot/)"
47.82.10.164 - - [02/Apr/2025:01:50:34 -0400] "GET /wp-includes/css/dist/block-library/style.min.css HTTP/1.1" 200 14225 "-" "Mozilla/5.0 (Windows NT 10.0; Win64; x64) AppleWebKit/537.36 (KHTML, like Gecko) Chrome/114.0.0.0 Safari/537.36 Edg/114.0.1823.43"
121.237.36.27 - - [02/Apr/2025:01:51:32 -0400] "GET / HTTP/1.1" 200 156165 "-" "Mozilla/5.0 (Windows NT 6.0; WOW64) AppleWebKit/534.24 (KHTML, like Gecko) Chrome/11.0.696.34 Safari/534.24"
54.36.173.89 - - [02/Apr/2025:01:52:56 -0400] "GET / HTTP/1.1" 200 156165 "-" "cpp-httplib/0.15.3"
209.38.146.230 - - [02/Apr/2025:01:53:43 -0400] "GET /wp-login.php HTTP/1.1" 200 1873 "-" "Mozilla/5.0 (X11; Linux x86_64; rv:121.0) Gecko/20100101 Firefox/121.0"
198.54.114.83 - - [02/Apr/2025:01:53:47 -0400] "POST /wp-cron.php?doing_wp_cron=1743573227.1620221138000488281250 HTTP/1.1" 200 0 "-" "WordPress/6.7.2; https://webhostingeswatini.com"
209.38.146.230 - - [02/Apr/2025:01:53:44 -0400] "POST /wp-login.php HTTP/1.1" 200 1943 "-" "Mozilla/5.0 (X11; Linux x86_64; rv:121.0) Gecko/20100101 Firefox/121.0"
209.38.146.230 - - [02/Apr/2025:01:53:48 -0400] "POST /wp-login.php HTTP/1.1" 200 1943 "-" "Mozilla/5.0 (X11; Linux x86_64; rv:121.0) Gecko/20100101 Firefox/121.0"
198.54.114.83 - - [02/Apr/2025:01:53:48 -0400] "POST /wp-admin/admin-ajax.php?action=async_litespeed&nonce=4C6zHSAtcTw0RuqJ9goLXNCpgEsDkAzu&litespeed_type=imgoptm HTTP/1.1" 200 0 "-" "WordPress/6.7.2; https://webhostingeswatini.com"
51.222.253.16 - - [02/Apr/2025:01:55:14 -0400] "GET /fda-otc-registration-for-products/feed/ HTTP/1.1" 404 1251 "-" "Mozilla/5.0 (compatible; AhrefsBot/7.0; +http://ahrefs.com/robot/)"
54.36.173.89 - - [02/Apr/2025:01:55:59 -0400] "GET / HTTP/1.1" 200 156165 "-" "cpp-httplib/0.15.3"
121.237.36.31 - - [02/Apr/2025:01:56:48 -0400] "GET / HTTP/1.1" 200 156165 "-" "Dalvik/2.1.0 (Linux; U; Android 9.0; ZTE BA520 Build/MRA58K)"
2a03:2880:f800:c:: - - [02/Apr/2025:01:57:59 -0400] "GET /the-best-dad-jokes/ HTTP/1.1" 404 1251 "-" "meta-externalagent/1.1 (+https://developers.facebook.com/docs/sharing/webmasters/crawler)"
198.54.114.83 - - [02/Apr/2025:01:58:24 -0400] "POST /wp-admin/admin-ajax.php?action=async_litespeed&nonce=zcQXWQ1L4PbMvmM5GNb0IZnazE5240K0&litespeed_type=imgoptm HTTP/1.1" 200 5 "-" "WordPress/6.7.2; https://webhostingeswatini.com"
51.222.253.17 - - [02/Apr/2025:02:03:48 -0400] "GET /innovating-the-odds-revolutionizing-casino-solution-distribution/feed/ HTTP/1.1" 404 1251 "-" "Mozilla/5.0 (compatible; AhrefsBot/7.0; +http://ahrefs.com/robot/)"
51.222.253.4 - - [02/Apr/2025:02:10:56 -0400] "GET /what-is-fintech/feed/ HTTP/1.1" 404 1251 "-" "Mozilla/5.0 (compatible; AhrefsBot/7.0; +http://ahrefs.com/robot/)"
2a03:2880:f800:4:: - - [02/Apr/2025:02:13:38 -0400] "GET /exploring-the-advantages-of-cement-screed-flooring/ HTTP/1.1" 404 1251 "-" "meta-externalagent/1.1 (+https://developers.facebook.com/docs/sharing/webmasters/crawler)"
2a03:2880:f800:e:: - - [02/Apr/2025:02:16:50 -0400] "GET /wp-content/plugins/advanced-google-recaptcha/libs/captcha.php?wpcaptcha-generate-image=true&color=%23FFFFFF&noise=1&id=1084 HTTP/1.1" 200 221 "-" "meta-externalagent/1.1 (+https://developers.facebook.com/docs/sharing/webmasters/crawler)"
2a03:2880:f800:1c:: - - [02/Apr/2025:02:17:58 -0400] "GET /exploring-the-advantages-of-cement-screed-flooring/ HTTP/1.1" 404 1251 "-" "meta-externalagent/1.1 (+https://developers.facebook.com/docs/sharing/webmasters/crawler)"
51.222.253.5 - - [02/Apr/2025:02:19:11 -0400] "GET /startup-payment-processing/feed/ HTTP/1.1" 404 1251 "-" "Mozilla/5.0 (compatible; AhrefsBot/7.0; +http://ahrefs.com/robot/)"
3.17.66.55 - - [02/Apr/2025:02:19:28 -0400] "GET /robots.txt HTTP/1.1" 304 0 "-" "Mozilla/5.0 AppleWebKit/537.36 (KHTML, like Gecko; compatible; ClaudeBot/1.0; +claudebot@anthropic.com)"
