198.54.114.83 - - [01/Apr/2025:13:03:26 -0400] "POST /wp-admin/admin-ajax.php?action=async_litespeed&nonce=cnAnHA29dCnHh4fctOMq7fRkQH7Fv8F3&litespeed_type=imgoptm HTTP/1.1" 200 5 "-" "WordPress/6.7.2; https://webhostingeswatini.com"
192.42.116.213 - - [01/Apr/2025:13:04:44 -0400] "GET / HTTP/1.1" 200 156165 "https://webhostingeswatini.com" "Mozilla/5.0 (Windows; U; Windows NT 6.0; fr-FR) AppleWebKit/528.16 (KHTML, like Gecko) Version/4.0 Safari/528.16"
51.222.253.4 - - [01/Apr/2025:13:06:07 -0400] "GET /zeigen-sie-ihren-eigenen-charakter-durch-tolle-schmuckstucke/feed/ HTTP/1.1" 404 1251 "-" "Mozilla/5.0 (compatible; AhrefsBot/7.0; +http://ahrefs.com/robot/)"
198.54.114.83 - - [01/Apr/2025:13:07:27 -0400] "POST /wp-admin/admin-ajax.php?action=async_litespeed&nonce=JOW7FtbwK0zAwdX9mtjaB6VWTunQK30e&litespeed_type=imgoptm HTTP/1.1" 200 5 "-" "WordPress/6.7.2; https://webhostingeswatini.com"
13.229.78.155 - - [01/Apr/2025:13:07:45 -0400] "GET /wp-content/plugins/background-image-cropper/classwithtostring.php HTTP/1.1" 404 1251 "www.google.com" "Mozlila/5.0 (Linux; Android 7.0; SM-G892A Bulid/NRD90M; wv) AppleWebKit/537.36 (KHTML, like Gecko) Version/4.0 Chrome/60.0.3112.107 Moblie Safari/537.36"
51.222.253.5 - - [01/Apr/2025:13:10:31 -0400] "GET /choisir-des-vases-en-ceramique-pour-vos-compositions-florales/feed/ HTTP/1.1" 404 1251 "-" "Mozilla/5.0 (compatible; AhrefsBot/7.0; +http://ahrefs.com/robot/)"
135.125.107.12 - - [01/Apr/2025:13:11:53 -0400] "POST /xmlrpc.php HTTP/1.1" 200 205 "-" "Mozilla/5.0 (X11; Fedora; Linux x86_64; rv:94.0) Gecko/20100101 Firefox/95.0"
198.54.114.83 - - [01/Apr/2025:13:12:00 -0400] "POST /wp-cron.php?doing_wp_cron=1743527518.5281128883361816406250 HTTP/1.1" 200 0 "-" "WordPress/6.7.2; https://webhostingeswatini.com"
58.254.68.93 - - [01/Apr/2025:13:12:39 -0400] "GET /old-casino-favourites-blackjack-and-roulette/ HTTP/1.1" 404 1251 "https://webhostingeswatini.com" "Mozilla/5.0 (Windows NT 10.0; Win64; x64) AppleWebKit/537.36 (KHTML, like Gecko) Chrome/62.0.3202.94 Safari/537.36"
58.254.68.93 - - [01/Apr/2025:13:12:40 -0400] "GET /old-casino-favourites-blackjack-and-roulette/ HTTP/1.1" 404 1251 "https://webhostingeswatini.com" "Mozilla/5.0 (Windows NT 10.0; Win64; x64) AppleWebKit/537.36 (KHTML, like Gecko) Chrome/62.0.3202.94 Safari/537.36"
58.254.68.93 - - [01/Apr/2025:13:12:42 -0400] "GET /old-casino-favourites-blackjack-and-roulette/ HTTP/1.1" 404 1251 "https://webhostingeswatini.com" "Mozilla/5.0 (Windows NT 10.0; Win64; x64) AppleWebKit/537.36 (KHTML, like Gecko) Chrome/62.0.3202.94 Safari/537.36"
58.254.68.93 - - [01/Apr/2025:13:12:44 -0400] "GET /old-casino-favourites-blackjack-and-roulette/ HTTP/1.1" 404 1251 "https://webhostingeswatini.com" "Mozilla/5.0 (Windows NT 10.0; Win64; x64) AppleWebKit/537.36 (KHTML, like Gecko) Chrome/62.0.3202.94 Safari/537.36"
51.222.253.2 - - [01/Apr/2025:13:14:54 -0400] "GET /pokemon-store/feed/ HTTP/1.1" 404 1251 "-" "Mozilla/5.0 (compatible; AhrefsBot/7.0; +http://ahrefs.com/robot/)"
2a03:2880:f800:e:: - - [01/Apr/2025:13:19:13 -0400] "GET /wp-content/plugins/advanced-google-recaptcha/libs/captcha.php?wpcaptcha-generate-image=true&color=%23FFFFFF&noise=1&id=3621 HTTP/1.1" 200 219 "-" "meta-externalagent/1.1 (+https://developers.facebook.com/docs/sharing/webmasters/crawler)"
51.222.253.12 - - [01/Apr/2025:13:19:46 -0400] "GET /pokemon-plush-uk/feed/ HTTP/1.1" 404 1251 "-" "Mozilla/5.0 (compatible; AhrefsBot/7.0; +http://ahrefs.com/robot/)"
198.54.114.83 - - [01/Apr/2025:13:20:25 -0400] "POST /wp-cron.php?doing_wp_cron=1743528024.5031199455261230468750 HTTP/1.1" 200 0 "-" "WordPress/6.7.2; https://webhostingeswatini.com"
2804:b44:1000::35 - - [01/Apr/2025:13:20:20 -0400] "POST /xmlrpc.php HTTP/1.1" 200 205 "-" "Mozilla/5.0 (X11; Fedora; Linux x86_64; rv:94.0) Gecko/20100101 Firefox/95.0"
198.54.114.83 - - [01/Apr/2025:13:20:26 -0400] "POST /wp-admin/admin-ajax.php?action=async_litespeed&nonce=vuVk3houodPDmEpWSXIVtHZvJuiCmzB2&litespeed_type=imgoptm HTTP/1.1" 200 0 "-" "WordPress/6.7.2; https://webhostingeswatini.com"
51.222.253.20 - - [01/Apr/2025:13:23:43 -0400] "GET /how-to-choose-the-best-pokemon-figurines/feed/ HTTP/1.1" 404 1251 "-" "Mozilla/5.0 (compatible; AhrefsBot/7.0; +http://ahrefs.com/robot/)"
51.222.253.18 - - [01/Apr/2025:13:28:05 -0400] "GET /school-trips-and-sports-tours-faqs/feed/ HTTP/1.1" 404 1251 "-" "Mozilla/5.0 (compatible; AhrefsBot/7.0; +http://ahrefs.com/robot/)"
198.54.114.83 - - [01/Apr/2025:13:28:48 -0400] "POST /wp-cron.php?doing_wp_cron=1743528527.7056229114532470703125 HTTP/1.1" 200 0 "-" "WordPress/6.7.2; https://webhostingeswatini.com"
2607:f298:6:a034::72b:7b50 - - [01/Apr/2025:13:28:40 -0400] "POST /xmlrpc.php HTTP/1.1" 200 205 "-" "Mozilla/5.0 (X11; Fedora; Linux x86_64; rv:94.0) Gecko/20100101 Firefox/95.0"
198.54.114.83 - - [01/Apr/2025:13:28:48 -0400] "POST /wp-admin/admin-ajax.php?action=async_litespeed&nonce=G6ILcvwEIgLNKHnB0B91JWyvNp3J5ter&litespeed_type=imgoptm HTTP/1.1" 200 0 "-" "WordPress/6.7.2; https://webhostingeswatini.com"
47.82.10.222 - - [01/Apr/2025:13:31:35 -0400] "GET /wp-includes/js/comment-reply.min.js HTTP/1.1" 200 1247 "-" "Mozilla/5.0 (Windows NT 10.0; Win64; x64) AppleWebKit/537.36 (KHTML, like Gecko) Chrome/114.0.0.0 Safari/537.36 Edg/114.0.1823.43"
51.222.253.10 - - [01/Apr/2025:13:32:27 -0400] "GET /lampes-de-table-eclairage-portatif-avec-une-touche-decorative/feed/ HTTP/1.1" 404 1251 "-" "Mozilla/5.0 (compatible; AhrefsBot/7.0; +http://ahrefs.com/robot/)"
8.218.30.127 - - [01/Apr/2025:13:36:25 -0400] "POST /xmlrpc.php HTTP/1.1" 200 205 "-" "Mozilla/5.0 (X11; Fedora; Linux x86_64; rv:94.0) Gecko/20100101 Firefox/95.0"
198.54.114.83 - - [01/Apr/2025:13:36:32 -0400] "POST /wp-cron.php?doing_wp_cron=1743528989.7168259620666503906250 HTTP/1.1" 200 0 "-" "WordPress/6.7.2; https://webhostingeswatini.com"
51.222.253.12 - - [01/Apr/2025:13:37:07 -0400] "GET /benefits-and-uses-of-anavar-in-canada/feed/ HTTP/1.1" 404 1251 "-" "Mozilla/5.0 (compatible; AhrefsBot/7.0; +http://ahrefs.com/robot/)"
51.222.253.19 - - [01/Apr/2025:13:41:24 -0400] "GET /conservatory-roof-panels/feed/ HTTP/1.1" 404 1251 "-" "Mozilla/5.0 (compatible; AhrefsBot/7.0; +http://ahrefs.com/robot/)"
103.230.122.183 - - [01/Apr/2025:13:42:48 -0400] "GET /wp-login.php HTTP/1.1" 200 1873 "-" "python-requests/2.32.3"
103.230.122.183 - - [01/Apr/2025:13:42:51 -0400] "POST /wp-login.php HTTP/1.1" 200 1943 "-" "Mozilla/5.0 (X11; Linux x86_64) AppleWebKit/537.36 (KHTML, like Gecko) Chrome/83.0.4103.101 Safari/537.36"
198.54.114.83 - - [01/Apr/2025:13:42:57 -0400] "POST /wp-cron.php?doing_wp_cron=1743529375.8387019634246826171875 HTTP/1.1" 200 0 "-" "WordPress/6.7.2; https://webhostingeswatini.com"
134.209.215.45 - - [01/Apr/2025:13:43:48 -0400] "POST /xmlrpc.php HTTP/1.1" 200 205 "-" "Mozilla/5.0 (X11; Fedora; Linux x86_64; rv:94.0) Gecko/20100101 Firefox/95.0"
51.222.253.2 - - [01/Apr/2025:13:45:46 -0400] "GET /robots.txt HTTP/1.1" 304 0 "-" "Mozilla/5.0 (compatible; AhrefsBot/7.0; +http://ahrefs.com/robot/)"
51.222.253.11 - - [01/Apr/2025:13:45:49 -0400] "GET /vintage-turkish-rugs/feed/ HTTP/1.1" 404 1251 "-" "Mozilla/5.0 (compatible; AhrefsBot/7.0; +http://ahrefs.com/robot/)"
51.222.253.16 - - [01/Apr/2025:13:50:10 -0400] "GET /lampe-de-chevet/feed/ HTTP/1.1" 404 1251 "-" "Mozilla/5.0 (compatible; AhrefsBot/7.0; +http://ahrefs.com/robot/)"
198.54.114.83 - - [01/Apr/2025:13:50:38 -0400] "POST /wp-cron.php?doing_wp_cron=1743529837.1838738918304443359375 HTTP/1.1" 200 0 "-" "WordPress/6.7.2; https://webhostingeswatini.com"
118.179.82.165 - - [01/Apr/2025:13:50:32 -0400] "POST /xmlrpc.php HTTP/1.1" 200 205 "-" "Mozilla/5.0 (X11; Fedora; Linux x86_64; rv:94.0) Gecko/20100101 Firefox/95.0"
198.54.114.83 - - [01/Apr/2025:13:50:38 -0400] "POST /wp-admin/admin-ajax.php?action=async_litespeed&nonce=AUbqsPH7MRDhQiZzQAb13Bzzy2anWODF&litespeed_type=imgoptm HTTP/1.1" 200 0 "-" "WordPress/6.7.2; https://webhostingeswatini.com"
51.222.253.10 - - [01/Apr/2025:13:54:29 -0400] "GET /online-betting-on-the-powerball-with-lottoland/feed/ HTTP/1.1" 404 1251 "-" "Mozilla/5.0 (compatible; AhrefsBot/7.0; +http://ahrefs.com/robot/)"
198.54.114.83 - - [01/Apr/2025:13:56:22 -0400] "POST /wp-admin/admin-ajax.php?action=async_litespeed&nonce=GifvRj5aw8yYq3D9FRkzXpd0hw1i2DAu&litespeed_type=imgoptm HTTP/1.1" 200 0 "-" "WordPress/6.7.2; https://webhostingeswatini.com"
185.208.158.24 - - [01/Apr/2025:13:56:22 -0400] "GET /wp-login.php HTTP/1.1" 200 1873 "-" "Mozilla/5.0 (Windows NT 6.1; Win64; x64) AppleWebKit/537.36 (KHTML, like Gecko) Chrome/105.0.5195.54 Safari/537.36"
185.208.158.24 - - [01/Apr/2025:13:56:23 -0400] "POST /wp-login.php HTTP/1.1" 200 1943 "https://webhostingeswatini.com/wp-login.php" "Mozilla/5.0 (Windows NT 6.1; Win64; x64) AppleWebKit/537.36 (KHTML, like Gecko) Chrome/105.0.5195.54 Safari/537.36"
185.208.158.24 - - [01/Apr/2025:13:56:28 -0400] "GET /wp-login.php HTTP/1.1" 200 1873 "-" "Mozilla/5.0 (Windows NT 6.3; Win64; x64) AppleWebKit/537.36 (KHTML, like Gecko) Chrome/103.0.5060.114 Safari/537.36"
185.208.158.24 - - [01/Apr/2025:13:56:29 -0400] "POST /wp-login.php HTTP/1.1" 200 1942 "https://webhostingeswatini.com/wp-login.php" "Mozilla/5.0 (Windows NT 6.3; Win64; x64) AppleWebKit/537.36 (KHTML, like Gecko) Chrome/103.0.5060.114 Safari/537.36"
185.208.158.24 - - [01/Apr/2025:13:56:33 -0400] "GET /wp-login.php HTTP/1.1" 200 1873 "-" "Mozilla/5.0 (Windows NT 10.0) AppleWebKit/537.36 (KHTML, like Gecko) Chrome/106.0.5249.165 Safari/537.36"
185.208.158.24 - - [01/Apr/2025:13:56:35 -0400] "POST /wp-login.php HTTP/1.1" 200 1944 "https://webhostingeswatini.com/wp-login.php" "Mozilla/5.0 (Windows NT 10.0) AppleWebKit/537.36 (KHTML, like Gecko) Chrome/106.0.5249.165 Safari/537.36"
103.97.126.116 - - [01/Apr/2025:13:58:16 -0400] "POST /xmlrpc.php HTTP/1.1" 200 205 "-" "Mozilla/5.0 (X11; Fedora; Linux x86_64; rv:94.0) Gecko/20100101 Firefox/95.0"
51.222.253.19 - - [01/Apr/2025:13:59:14 -0400] "GET /custom-grip-socks-wholesale-save-big-by-buying-in-bulk/feed/ HTTP/1.1" 404 1251 "-" "Mozilla/5.0 (compatible; AhrefsBot/7.0; +http://ahrefs.com/robot/)"
198.54.114.83 - - [01/Apr/2025:14:01:44 -0400] "POST /wp-admin/admin-ajax.php?action=async_litespeed&nonce=St1O0Tx7ftC80OI4pfEUGFwuE95dMdiF&litespeed_type=imgoptm HTTP/1.1" 200 0 "-" "WordPress/6.7.2; https://webhostingeswatini.com"
51.222.253.13 - - [01/Apr/2025:14:03:40 -0400] "GET /murano-glass-jewelry-makes-the-world-more-beautiful/feed/ HTTP/1.1" 404 1251 "-" "Mozilla/5.0 (compatible; AhrefsBot/7.0; +http://ahrefs.com/robot/)"
198.54.114.83 - - [01/Apr/2025:14:05:51 -0400] "POST /wp-cron.php?doing_wp_cron=1743530750.6551349163055419921875 HTTP/1.1" 200 0 "-" "WordPress/6.7.2; https://webhostingeswatini.com"
66.29.132.42 - - [01/Apr/2025:14:05:45 -0400] "POST /xmlrpc.php HTTP/1.1" 200 205 "-" "Mozilla/5.0 (X11; Gentoo; Linux x86_64; rv:91.0) Gecko/20100101 Firefox/91.0"
198.54.114.83 - - [01/Apr/2025:14:05:53 -0400] "POST /wp-admin/admin-ajax.php?action=async_litespeed&nonce=KcEHAcgIBvqk5TArOLLSifrJuUo5vViI&litespeed_type=imgoptm HTTP/1.1" 200 0 "-" "WordPress/6.7.2; https://webhostingeswatini.com"
51.222.253.16 - - [01/Apr/2025:14:07:57 -0400] "GET /buchhaltung-a-cli-tool-for-the-creation-of-a-complete-ledger-on-the-command-line/feed/ HTTP/1.1" 404 1251 "-" "Mozilla/5.0 (compatible; AhrefsBot/7.0; +http://ahrefs.com/robot/)"
51.222.253.15 - - [01/Apr/2025:14:12:23 -0400] "GET /the-christian-caregiver-part-1-seeking-strength-as-a-care-giver/feed/ HTTP/1.1" 404 1251 "-" "Mozilla/5.0 (compatible; AhrefsBot/7.0; +http://ahrefs.com/robot/)"
198.54.114.83 - - [01/Apr/2025:14:16:26 -0400] "POST /wp-admin/admin-ajax.php?action=async_litespeed&nonce=eebG0EMVAWrFxMFuTtOISIsJeiyktQj1&litespeed_type=imgoptm HTTP/1.1" 200 5 "-" "WordPress/6.7.2; https://webhostingeswatini.com"
13.229.78.155 - - [01/Apr/2025:14:16:26 -0400] "GET /wp-admin/network/index.php HTTP/1.1" 302 0 "-" "Mozlila/5.0 (Linux; Android 7.0; SM-G892A Bulid/NRD90M; wv) AppleWebKit/537.36 (KHTML, like Gecko) Version/4.0 Chrome/60.0.3112.107 Moblie Safari/537.36"
13.229.78.155 - - [01/Apr/2025:14:16:27 -0400] "GET /wp-login.php?redirect_to=https%3A%2F%2Fwebhostingeswatini.com%2Fwp-admin%2Fnetwork%2Findex.php&reauth=1 HTTP/1.1" 200 1882 "-" "Mozlila/5.0 (Linux; Android 7.0; SM-G892A Bulid/NRD90M; wv) AppleWebKit/537.36 (KHTML, like Gecko) Version/4.0 Chrome/60.0.3112.107 Moblie Safari/537.36"
13.229.78.155 - - [01/Apr/2025:14:16:30 -0400] "GET /wp-login.php HTTP/1.1" 200 1873 "-" "Mozlila/5.0 (Linux; Android 7.0; SM-G892A Bulid/NRD90M; wv) AppleWebKit/537.36 (KHTML, like Gecko) Version/4.0 Chrome/60.0.3112.107 Moblie Safari/537.36"
51.222.253.6 - - [01/Apr/2025:14:16:41 -0400] "GET /hiring-a-caregiver-through-a-home-care-agency-or-independently/feed/ HTTP/1.1" 404 1251 "-" "Mozilla/5.0 (compatible; AhrefsBot/7.0; +http://ahrefs.com/robot/)"
198.54.114.83 - - [01/Apr/2025:14:20:18 -0400] "POST /wp-cron.php?doing_wp_cron=1743531617.9087820053100585937500 HTTP/1.1" 200 0 "-" "WordPress/6.7.2; https://webhostingeswatini.com"
186.64.116.130 - - [01/Apr/2025:14:20:12 -0400] "POST /xmlrpc.php HTTP/1.1" 200 205 "-" "Mozilla/5.0 (X11; Fedora; Linux x86_64; rv:94.0) Gecko/20100101 Firefox/95.0"
198.54.114.83 - - [01/Apr/2025:14:20:19 -0400] "POST /wp-admin/admin-ajax.php?action=async_litespeed&nonce=Cu3dbvBf6FdK1bXAQgyonfHLTyxCrVxl&litespeed_type=imgoptm HTTP/1.1" 200 0 "-" "WordPress/6.7.2; https://webhostingeswatini.com"
51.222.253.8 - - [01/Apr/2025:14:21:18 -0400] "GET /choosing-a-solid-conservatory-roof-replacement/feed/ HTTP/1.1" 404 1251 "-" "Mozilla/5.0 (compatible; AhrefsBot/7.0; +http://ahrefs.com/robot/)"
51.222.253.17 - - [01/Apr/2025:14:25:42 -0400] "GET /un-eveil-des-sens-massage-a-geneve/feed/ HTTP/1.1" 404 1251 "-" "Mozilla/5.0 (compatible; AhrefsBot/7.0; +http://ahrefs.com/robot/)"
198.54.114.83 - - [01/Apr/2025:14:27:14 -0400] "POST /wp-cron.php?doing_wp_cron=1743532033.8536410331726074218750 HTTP/1.1" 200 0 "-" "WordPress/6.7.2; https://webhostingeswatini.com"
160.30.113.129 - - [01/Apr/2025:14:27:10 -0400] "POST /xmlrpc.php HTTP/1.1" 200 205 "-" "Mozilla/5.0 (X11; Fedora; Linux x86_64; rv:94.0) Gecko/20100101 Firefox/95.0"
51.222.253.7 - - [01/Apr/2025:14:30:08 -0400] "GET /how-to-find-a-car-key-replacement-locksmith/feed/ HTTP/1.1" 404 1251 "-" "Mozilla/5.0 (compatible; AhrefsBot/7.0; +http://ahrefs.com/robot/)"
109.236.93.77 - - [01/Apr/2025:14:31:36 -0400] "GET /t-shirt-personnalise HTTP/1.1" 404 1251 "-" "Mozilla/5.0 (Windows NT 10.0; Win64; x64) AppleWebKit/537.36 (KHTML, like Gecko) Chrome/118.0.0.0 Safari/537.36"
198.54.114.83 - - [01/Apr/2025:14:32:40 -0400] "POST /wp-cron.php?doing_wp_cron=1743532359.7977108955383300781250 HTTP/1.1" 200 0 "-" "WordPress/6.7.2; https://webhostingeswatini.com"
3.220.159.34 - - [01/Apr/2025:14:32:36 -0400] "POST /wp-login.php HTTP/1.1" 200 1944 "-" "Mozilla/5.0 (Windows NT 10.0; Win64; x64) AppleWebKit/537.36 (KHTML, like Gecko) Chrome/120.0.0.0 Safari/537.36"
198.54.114.83 - - [01/Apr/2025:14:32:40 -0400] "POST /wp-admin/admin-ajax.php?action=async_litespeed&nonce=xUZUFdSW0i3DT2jsqgQgqC6m96WES5TU&litespeed_type=imgoptm HTTP/1.1" 200 5 "-" "WordPress/6.7.2; https://webhostingeswatini.com"
198.54.114.83 - - [01/Apr/2025:14:34:10 -0400] "POST /wp-cron.php?doing_wp_cron=1743532449.8034958839416503906250 HTTP/1.1" 200 0 "-" "WordPress/6.7.2; https://webhostingeswatini.com"
186.64.114.105 - - [01/Apr/2025:14:34:06 -0400] "POST /xmlrpc.php HTTP/1.1" 200 205 "-" "Mozilla/5.0 (X11; Fedora; Linux x86_64; rv:94.0) Gecko/20100101 Firefox/95.0"
198.54.114.83 - - [01/Apr/2025:14:34:11 -0400] "POST /wp-admin/admin-ajax.php?action=async_litespeed&nonce=yxzvEnN1L15LR42bAzNe2DwNATU0IFzG&litespeed_type=imgoptm HTTP/1.1" 200 0 "-" "WordPress/6.7.2; https://webhostingeswatini.com"
51.222.253.17 - - [01/Apr/2025:14:35:12 -0400] "GET /tulum-yacht-party-a-fun-way-to-relax-and-enjoy-the-riviera-maya/feed/ HTTP/1.1" 404 1251 "-" "Mozilla/5.0 (compatible; AhrefsBot/7.0; +http://ahrefs.com/robot/)"
51.222.253.6 - - [01/Apr/2025:14:39:32 -0400] "GET /newport-residences-newest-development-in-the-cbd/feed/ HTTP/1.1" 404 1251 "-" "Mozilla/5.0 (compatible; AhrefsBot/7.0; +http://ahrefs.com/robot/)"
198.54.114.83 - - [01/Apr/2025:14:41:28 -0400] "POST /wp-cron.php?doing_wp_cron=1743532888.1886909008026123046875 HTTP/1.1" 200 0 "-" "WordPress/6.7.2; https://webhostingeswatini.com"
2607:f298:6:a034::72b:7b50 - - [01/Apr/2025:14:41:23 -0400] "POST /xmlrpc.php HTTP/1.1" 200 205 "-" "Mozilla/5.0 (X11; Fedora; Linux x86_64; rv:94.0) Gecko/20100101 Firefox/95.0"
198.54.114.83 - - [01/Apr/2025:14:41:29 -0400] "POST /wp-admin/admin-ajax.php?action=async_litespeed&nonce=L8B45shIV6NXVXcgwJLktkXjZavIBR6p&litespeed_type=imgoptm HTTP/1.1" 200 5 "-" "WordPress/6.7.2; https://webhostingeswatini.com"
109.70.100.65 - - [01/Apr/2025:14:42:55 -0400] "GET / HTTP/1.1" 200 166352 "https://webhostingeswatini.com" "Mozilla/5.0 (Windows NT 10.0; WOW64) AppleWebKit/537.36 (KHTML, like Gecko) Chrome/48.0.2564.82 Safari/537.36 OPR/35.0.2066.37 (Edition Yx)"
207.46.13.111 - - [01/Apr/2025:14:42:57 -0400] "GET /buy-instagram-followers-likes/ HTTP/1.1" 404 1251 "-" "Mozilla/5.0 AppleWebKit/537.36 (KHTML, like Gecko; compatible; bingbot/2.0; +http://www.bing.com/bingbot.htm) Chrome/116.0.1938.76 Safari/537.36"
139.59.100.51 - - [01/Apr/2025:14:43:06 -0400] "GET /wp-login.php HTTP/1.1" 200 1873 "-" "Mozila/5.0"
198.54.114.83 - - [01/Apr/2025:14:43:10 -0400] "POST /wp-cron.php?doing_wp_cron=1743532989.5045928955078125000000 HTTP/1.1" 200 0 "-" "WordPress/6.7.2; https://webhostingeswatini.com"
139.59.100.51 - - [01/Apr/2025:14:43:06 -0400] "POST /wp-login.php HTTP/1.1" 200 1946 "-" "Mozila/5.0"
198.54.114.83 - - [01/Apr/2025:14:43:11 -0400] "POST /wp-admin/admin-ajax.php?action=async_litespeed&nonce=259Oe9TXHUo6DOOSqLLvTiGVOFkTsgov&litespeed_type=imgoptm HTTP/1.1" 200 0 "-" "WordPress/6.7.2; https://webhostingeswatini.com"
139.59.100.51 - - [01/Apr/2025:14:43:11 -0400] "GET /wp-admin/ HTTP/1.1" 302 0 "-" "Mozila/5.0"
139.59.100.51 - - [01/Apr/2025:14:43:12 -0400] "GET /wp-login.php?redirect_to=https%3A%2F%2Fwebhostingeswatini.com%2Fwp-admin%2F&reauth=1 HTTP/1.1" 200 1875 "-" "Mozila/5.0"
51.222.253.16 - - [01/Apr/2025:14:43:46 -0400] "GET /brazilian-butt-lift/feed/ HTTP/1.1" 404 1251 "-" "Mozilla/5.0 (compatible; AhrefsBot/7.0; +http://ahrefs.com/robot/)"
51.222.253.20 - - [01/Apr/2025:14:48:31 -0400] "GET /vista-real-estate-history-revisited/feed/ HTTP/1.1" 404 1251 "-" "Mozilla/5.0 (compatible; AhrefsBot/7.0; +http://ahrefs.com/robot/)"
198.54.114.83 - - [01/Apr/2025:14:48:39 -0400] "POST /wp-cron.php?doing_wp_cron=1743533318.7884979248046875000000 HTTP/1.1" 200 0 "-" "WordPress/6.7.2; https://webhostingeswatini.com"
69.10.52.140 - - [01/Apr/2025:14:48:33 -0400] "POST /xmlrpc.php HTTP/1.1" 200 205 "-" "Mozilla/5.0 (X11; Fedora; Linux x86_64; rv:94.0) Gecko/20100101 Firefox/95.0"
198.54.114.83 - - [01/Apr/2025:14:48:40 -0400] "POST /wp-admin/admin-ajax.php?action=async_litespeed&nonce=UREsv5jmbNhVVJjeZmZhQBFfnUzb7fL0&litespeed_type=imgoptm HTTP/1.1" 200 0 "-" "WordPress/6.7.2; https://webhostingeswatini.com"
47.82.10.112 - - [01/Apr/2025:14:48:45 -0400] "GET /wp-includes/js/mediaelement/renderers/vimeo.min.js HTTP/1.1" 200 2071 "-" "Mozilla/5.0 (Windows NT 10.0; Win64; x64) AppleWebKit/537.36 (KHTML, like Gecko) Chrome/114.0.0.0 Safari/537.36 Edg/114.0.1823.43"
47.82.10.236 - - [01/Apr/2025:14:51:28 -0400] "GET /wp-includes/js/mediaelement/mediaelement-and-player.min.js HTTP/1.1" 200 36433 "-" "Mozilla/5.0 (Windows NT 10.0; Win64; x64) AppleWebKit/537.36 (KHTML, like Gecko) Chrome/114.0.0.0 Safari/537.36 Edg/114.0.1823.43"
51.222.253.14 - - [01/Apr/2025:14:52:56 -0400] "GET /osteopathie-bei-sportverletzungen/feed/ HTTP/1.1" 404 1251 "-" "Mozilla/5.0 (compatible; AhrefsBot/7.0; +http://ahrefs.com/robot/)"
198.54.114.83 - - [01/Apr/2025:14:52:56 -0400] "POST /wp-admin/admin-ajax.php?action=async_litespeed&nonce=SVnjhmN6IvJSoX03dXgfnnZiLy26Zhff&litespeed_type=imgoptm HTTP/1.1" 200 0 "-" "WordPress/6.7.2; https://webhostingeswatini.com"
198.54.114.83 - - [01/Apr/2025:14:56:01 -0400] "POST /wp-cron.php?doing_wp_cron=1743533759.6680729389190673828125 HTTP/1.1" 200 0 "-" "WordPress/6.7.2; https://webhostingeswatini.com"
51.89.153.66 - - [01/Apr/2025:14:55:55 -0400] "POST /xmlrpc.php HTTP/1.1" 200 205 "-" "Mozilla/5.0 (X11; Fedora; Linux x86_64; rv:94.0) Gecko/20100101 Firefox/95.0"
51.222.253.8 - - [01/Apr/2025:14:57:37 -0400] "GET /great-things-await-renters-at-hartford-apartments/feed/ HTTP/1.1" 404 1251 "-" "Mozilla/5.0 (compatible; AhrefsBot/7.0; +http://ahrefs.com/robot/)"
18.97.9.97 - - [01/Apr/2025:15:02:36 -0400] "GET /robots.txt HTTP/1.1" 304 0 "-" "Mozilla/5.0 AppleWebKit/537.36 (KHTML, like Gecko; compatible; PerplexityBot/1.0; +https://perplexity.ai/perplexitybot)"
18.97.9.100 - - [01/Apr/2025:15:02:37 -0400] "GET /online-casinos HTTP/1.1" 404 1251 "-" "Mozilla/5.0 AppleWebKit/537.36 (KHTML, like Gecko; compatible; PerplexityBot/1.0; +https://perplexity.ai/perplexitybot)"
51.222.253.19 - - [01/Apr/2025:15:02:40 -0400] "GET / HTTP/1.1" 200 156165 "-" "Mozilla/5.0 (compatible; AhrefsBot/7.0; +http://ahrefs.com/robot/)"
185.220.101.14 - - [01/Apr/2025:15:03:38 -0400] "GET / HTTP/1.1" 200 156165 "https://webhostingeswatini.com" "Mozilla/5.0 (Windows NT 6.1; Win64; x64; rv:36.0) Gecko/20100101 Firefox/36.0 Waterfox/36.0"
112.92.70.120 - - [01/Apr/2025:15:04:47 -0400] "GET /old-casino-favourites-blackjack-and-roulette/ HTTP/1.1" 404 1251 "https://webhostingeswatini.com" "Mozilla/5.0 (Windows NT 10.0; Win64; x64) AppleWebKit/537.36 (KHTML, like Gecko) Chrome/62.0.3202.94 Safari/537.36"
112.92.70.120 - - [01/Apr/2025:15:04:48 -0400] "GET /old-casino-favourites-blackjack-and-roulette/ HTTP/1.1" 404 1251 "https://webhostingeswatini.com" "Mozilla/5.0 (Windows NT 10.0; Win64; x64) AppleWebKit/537.36 (KHTML, like Gecko) Chrome/62.0.3202.94 Safari/537.36"
112.92.70.120 - - [01/Apr/2025:15:04:51 -0400] "GET /old-casino-favourites-blackjack-and-roulette/ HTTP/1.1" 404 1251 "https://webhostingeswatini.com" "Mozilla/5.0 (Windows NT 10.0; Win64; x64) AppleWebKit/537.36 (KHTML, like Gecko) Chrome/62.0.3202.94 Safari/537.36"
112.92.70.120 - - [01/Apr/2025:15:04:53 -0400] "GET /old-casino-favourites-blackjack-and-roulette/ HTTP/1.1" 404 1251 "https://webhostingeswatini.com" "Mozilla/5.0 (Windows NT 10.0; Win64; x64) AppleWebKit/537.36 (KHTML, like Gecko) Chrome/62.0.3202.94 Safari/537.36"
51.222.253.13 - - [01/Apr/2025:15:09:19 -0400] "GET /die-auswirkungen-von-uberwachungskameras/feed/ HTTP/1.1" 404 1251 "-" "Mozilla/5.0 (compatible; AhrefsBot/7.0; +http://ahrefs.com/robot/)"
192.42.116.192 - - [01/Apr/2025:15:10:16 -0400] "GET / HTTP/1.1" 200 156165 "https://webhostingeswatini.com" "Mozilla/5.0 (Windows NT 6.3) AppleWebKit/537.36 (KHTML, like Gecko) Chrome/45.0.2454.112 Amigo/45.0.2454.112 MRCHROME SOC Safari/537.36"
198.54.114.83 - - [01/Apr/2025:15:13:50 -0400] "POST /wp-admin/admin-ajax.php?action=async_litespeed&nonce=8uhnyuhBZYm7OoQ33oQGf7SQ1Z228GHJ&litespeed_type=imgoptm HTTP/1.1" 200 0 "-" "WordPress/6.7.2; https://webhostingeswatini.com"
13.229.78.155 - - [01/Apr/2025:15:13:53 -0400] "GET /wp-admin/ HTTP/1.1" 302 0 "-" "Mozilla/5.0 (X11; Linux x86_64; rv:52.0) Gecko/20100101 Firefox/52.0"
198.54.114.83 - - [01/Apr/2025:15:13:56 -0400] "POST /wp-cron.php?doing_wp_cron=1743534833.5753600597381591796875 HTTP/1.1" 200 0 "-" "WordPress/6.7.2; https://webhostingeswatini.com"
51.222.253.9 - - [01/Apr/2025:15:15:33 -0400] "GET /the-forest-of-arden/feed/ HTTP/1.1" 404 1251 "-" "Mozilla/5.0 (compatible; AhrefsBot/7.0; +http://ahrefs.com/robot/)"
198.54.114.83 - - [01/Apr/2025:15:17:41 -0400] "POST /wp-admin/admin-ajax.php?action=async_litespeed&nonce=WCOLEILsBxFBqP6aaE9FSMmVqhpT11iI&litespeed_type=imgoptm HTTP/1.1" 200 5 "-" "WordPress/6.7.2; https://webhostingeswatini.com"
2a03:2880:f800:b:: - - [01/Apr/2025:15:19:10 -0400] "GET /wp-content/plugins/advanced-google-recaptcha/libs/captcha.php?wpcaptcha-generate-image=true&color=%23FFFFFF&noise=1&id=3621 HTTP/1.1" 200 243 "-" "meta-externalagent/1.1 (+https://developers.facebook.com/docs/sharing/webmasters/crawler)"
3.141.14.210 - - [01/Apr/2025:15:20:06 -0400] "GET /robots.txt HTTP/1.1" 304 0 "-" "Mozilla/5.0 AppleWebKit/537.36 (KHTML, like Gecko; compatible; ClaudeBot/1.0; +claudebot@anthropic.com)"
3.141.14.210 - - [01/Apr/2025:15:20:06 -0400] "GET /gitarrenkurs-fur-anfanger HTTP/1.1" 404 1251 "-" "Mozilla/5.0 AppleWebKit/537.36 (KHTML, like Gecko; compatible; ClaudeBot/1.0; +claudebot@anthropic.com)"
51.222.253.7 - - [01/Apr/2025:15:21:07 -0400] "GET /betting-shops/feed/ HTTP/1.1" 404 1251 "-" "Mozilla/5.0 (compatible; AhrefsBot/7.0; +http://ahrefs.com/robot/)"
51.222.253.13 - - [01/Apr/2025:15:26:28 -0400] "GET /what-is-a-landmark/feed/ HTTP/1.1" 404 1251 "-" "Mozilla/5.0 (compatible; AhrefsBot/7.0; +http://ahrefs.com/robot/)"
161.35.15.162 - - [01/Apr/2025:15:29:30 -0400] "GET /wp-content/plugins/background-image-cropper/classwithtostring.php HTTP/1.1" 404 1251 "www.google.com" "Mozlila/5.0 (Linux; Android 7.0; SM-G892A Bulid/NRD90M; wv) AppleWebKit/537.36 (KHTML, like Gecko) Version/4.0 Chrome/60.0.3112.107 Moblie Safari/537.36"
17.241.227.227 - - [01/Apr/2025:15:29:32 -0400] "GET /bamboo-socks-that-will-make-you-smile/ HTTP/1.1" 404 1251 "-" "Mozilla/5.0 (Macintosh; Intel Mac OS X 10_15_7) AppleWebKit/605.1.15 (KHTML, like Gecko) Version/17.4 Safari/605.1.15 (Applebot/0.1; +http://www.apple.com/go/applebot)"
51.222.253.2 - - [01/Apr/2025:15:31:03 -0400] "GET /michael-kors-handbags-for-ladies/feed/ HTTP/1.1" 404 1251 "-" "Mozilla/5.0 (compatible; AhrefsBot/7.0; +http://ahrefs.com/robot/)"
51.222.253.11 - - [01/Apr/2025:15:35:31 -0400] "GET /hvad-er-smykker/feed/ HTTP/1.1" 404 1251 "-" "Mozilla/5.0 (compatible; AhrefsBot/7.0; +http://ahrefs.com/robot/)"
13.229.78.155 - - [01/Apr/2025:15:39:41 -0400] "GET /wp-content/plugins/background-image-cropper/classwithtostring.php HTTP/1.1" 404 1251 "www.google.com" "Mozlila/5.0 (Linux; Android 7.0; SM-G892A Bulid/NRD90M; wv) AppleWebKit/537.36 (KHTML, like Gecko) Version/4.0 Chrome/60.0.3112.107 Moblie Safari/537.36"
51.222.253.7 - - [01/Apr/2025:15:40:45 -0400] "GET /the-concept-of-the-continuum/feed/ HTTP/1.1" 404 1251 "-" "Mozilla/5.0 (compatible; AhrefsBot/7.0; +http://ahrefs.com/robot/)"
198.54.114.83 - - [01/Apr/2025:15:41:56 -0400] "POST /wp-admin/admin-ajax.php?action=async_litespeed&nonce=jnbhWljbLcicxBuofmBMjM8HOKIfPI0j&litespeed_type=imgoptm HTTP/1.1" 200 5 "-" "WordPress/6.7.2; https://webhostingeswatini.com"
198.54.114.83 - - [01/Apr/2025:15:43:01 -0400] "POST /wp-cron.php?doing_wp_cron=1743536580.7314920425415039062500 HTTP/1.1" 200 0 "-" "WordPress/6.7.2; https://webhostingeswatini.com"
3.220.159.34 - - [01/Apr/2025:15:43:00 -0400] "POST /wp-login.php HTTP/1.1" 200 1944 "-" "Mozilla/5.0 (Windows NT 10.0; Win64; x64) AppleWebKit/537.36 (KHTML, like Gecko) Chrome/120.0.0.0 Safari/537.36"
198.54.114.83 - - [01/Apr/2025:15:43:01 -0400] "POST /wp-admin/admin-ajax.php?action=async_litespeed&nonce=SjKf4OqFD8bXUEopxGSUydU6GAKLV3Lk&litespeed_type=imgoptm HTTP/1.1" 200 5 "-" "WordPress/6.7.2; https://webhostingeswatini.com"
52.167.144.223 - - [01/Apr/2025:15:45:12 -0400] "GET /top-10-refrigerant-recovery-machines-in-2019/ HTTP/1.1" 404 1251 "-" "Mozilla/5.0 AppleWebKit/537.36 (KHTML, like Gecko; compatible; bingbot/2.0; +http://www.bing.com/bingbot.htm) Chrome/116.0.1938.76 Safari/537.36"
35.92.144.149 - - [01/Apr/2025:15:46:19 -0400] "GET /wp-content/uploads/2023/06/How-to-Turn-Ring-Camera-Off-Using-the-Modes-and-Settings-Options-in-the-Ring-App.jpg HTTP/1.1" 200 9270 "https://webhostingeswatini.com/" "Mozilla/5.0 (iPhone; CPU iPhone OS 12_2 like Mac OS X) AppleWebKit/605.1.15 (KHTML, like Gecko) Mobile/15E148"
51.222.253.17 - - [01/Apr/2025:15:46:29 -0400] "GET /how-to-select-an-online-casino/feed/ HTTP/1.1" 404 1251 "-" "Mozilla/5.0 (compatible; AhrefsBot/7.0; +http://ahrefs.com/robot/)"
51.222.253.5 - - [01/Apr/2025:15:51:59 -0400] "GET /how-to-buy-likes-on-youtube-without-risking-your-account-or-reputation/feed/ HTTP/1.1" 404 1251 "-" "Mozilla/5.0 (compatible; AhrefsBot/7.0; +http://ahrefs.com/robot/)"
66.249.66.199 - - [01/Apr/2025:15:54:59 -0400] "GET /finest-web-based-casinos-with-mega-joker-real-money-play-internet-casino-added-bonus-codes-2021/ HTTP/1.1" 404 1251 "-" "Mozilla/5.0 (Linux; Android 6.0.1; Nexus 5X Build/MMB29P) AppleWebKit/537.36 (KHTML, like Gecko) Chrome/134.0.6998.165 Mobile Safari/537.36 (compatible; Googlebot/2.1; +http://www.google.com/bot.html)"
51.222.253.15 - - [01/Apr/2025:15:57:30 -0400] "GET /marijuana-use-ups-the-risk-of-abusing-more-potent-drugs/feed/ HTTP/1.1" 404 1251 "-" "Mozilla/5.0 (compatible; AhrefsBot/7.0; +http://ahrefs.com/robot/)"
51.222.253.3 - - [01/Apr/2025:16:03:37 -0400] "GET /how-to-increase-your-youtube-subscribers/feed/ HTTP/1.1" 404 1251 "-" "Mozilla/5.0 (compatible; AhrefsBot/7.0; +http://ahrefs.com/robot/)"
198.54.114.83 - - [01/Apr/2025:16:05:32 -0400] "POST /wp-admin/admin-ajax.php?action=async_litespeed&nonce=nwWN6y2T5syuW5zjDYkrLZrUjRZhhyXD&litespeed_type=imgoptm HTTP/1.1" 200 0 "-" "WordPress/6.7.2; https://webhostingeswatini.com"
198.54.114.83 - - [01/Apr/2025:16:08:10 -0400] "POST /wp-cron.php?doing_wp_cron=1743538088.9356980323791503906250 HTTP/1.1" 200 0 "-" "WordPress/6.7.2; https://webhostingeswatini.com"
3.220.159.34 - - [01/Apr/2025:16:08:04 -0400] "POST /wp-login.php HTTP/1.1" 200 1944 "-" "Mozilla/5.0 (Macintosh; Intel Mac OS X 14_3) AppleWebKit/605.1.15 (KHTML, like Gecko) Version/17.2 Safari/605.1.15"
198.54.114.83 - - [01/Apr/2025:16:08:11 -0400] "POST /wp-admin/admin-ajax.php?action=async_litespeed&nonce=nVtANZ5A3WPitT4mUxDWYA4GUr9hQa0I&litespeed_type=imgoptm HTTP/1.1" 200 0 "-" "WordPress/6.7.2; https://webhostingeswatini.com"
51.222.253.7 - - [01/Apr/2025:16:08:58 -0400] "GET /real-estate-investment-success-series-tip-1-making-money-with-real-estate-investing/feed/ HTTP/1.1" 404 1251 "-" "Mozilla/5.0 (compatible; AhrefsBot/7.0; +http://ahrefs.com/robot/)"
51.222.253.6 - - [01/Apr/2025:16:13:19 -0400] "GET /7-top-real-estate-investing-jobs/feed/ HTTP/1.1" 404 1251 "-" "Mozilla/5.0 (compatible; AhrefsBot/7.0; +http://ahrefs.com/robot/)"
85.208.98.16 - - [01/Apr/2025:16:15:59 -0400] "GET /smooth-rides-london-airport-taxi-services/ HTTP/1.1" 404 1251 "-" "Mozilla/5.0 (compatible; SemrushBot-BA; +http://www.semrush.com/bot.html)"
51.222.253.14 - - [01/Apr/2025:16:17:42 -0400] "GET /cake-bars-carts/feed/ HTTP/1.1" 404 1251 "-" "Mozilla/5.0 (compatible; AhrefsBot/7.0; +http://ahrefs.com/robot/)"
51.222.253.6 - - [01/Apr/2025:16:21:59 -0400] "GET /how-to-get-a-foreigner-loan-to-buy-a-home-in-the-united-states/feed/ HTTP/1.1" 404 1251 "-" "Mozilla/5.0 (compatible; AhrefsBot/7.0; +http://ahrefs.com/robot/)"
51.222.253.7 - - [01/Apr/2025:16:26:10 -0400] "GET /how-to-find-quality-socks-at-cheap-prices/feed/ HTTP/1.1" 404 1251 "-" "Mozilla/5.0 (compatible; AhrefsBot/7.0; +http://ahrefs.com/robot/)"
198.54.114.83 - - [01/Apr/2025:16:28:27 -0400] "POST /wp-admin/admin-ajax.php?action=async_litespeed&nonce=F4AQtCNMuqx8e4F3BeEqgjvGdXcBa1LY&litespeed_type=imgoptm HTTP/1.1" 200 0 "-" "WordPress/6.7.2; https://webhostingeswatini.com"
51.222.253.3 - - [01/Apr/2025:16:29:57 -0400] "GET /online-gambling-ban-in-america/feed/ HTTP/1.1" 404 1251 "-" "Mozilla/5.0 (compatible; AhrefsBot/7.0; +http://ahrefs.com/robot/)"
2a03:2880:f800:6:: - - [01/Apr/2025:16:32:37 -0400] "GET /wp-content/plugins/advanced-google-recaptcha/libs/captcha.php?wpcaptcha-generate-image=true&color=%23FFFFFF&noise=1&id=4978 HTTP/1.1" 200 218 "-" "meta-externalagent/1.1 (+https://developers.facebook.com/docs/sharing/webmasters/crawler)"
51.222.253.2 - - [01/Apr/2025:16:34:23 -0400] "GET /earn-extra-cash-through-online-gambling/feed/ HTTP/1.1" 404 1251 "-" "Mozilla/5.0 (compatible; AhrefsBot/7.0; +http://ahrefs.com/robot/)"
51.222.253.1 - - [01/Apr/2025:16:38:34 -0400] "GET /betting-shops-open-nearest-to-me-now/feed/ HTTP/1.1" 404 1251 "-" "Mozilla/5.0 (compatible; AhrefsBot/7.0; +http://ahrefs.com/robot/)"
13.229.78.155 - - [01/Apr/2025:16:41:57 -0400] "GET /wp-admin/network/index.php HTTP/1.1" 302 0 "-" "Mozlila/5.0 (Linux; Android 7.0; SM-G892A Bulid/NRD90M; wv) AppleWebKit/537.36 (KHTML, like Gecko) Version/4.0 Chrome/60.0.3112.107 Moblie Safari/537.36"
198.54.114.83 - - [01/Apr/2025:16:41:56 -0400] "POST /wp-admin/admin-ajax.php?action=async_litespeed&nonce=wuNjASVzJUb8ktVtNUlR5P6poxL7Jtbe&litespeed_type=imgoptm HTTP/1.1" 200 0 "-" "WordPress/6.7.2; https://webhostingeswatini.com"
13.229.78.155 - - [01/Apr/2025:16:41:57 -0400] "GET /wp-login.php?redirect_to=https%3A%2F%2Fwebhostingeswatini.com%2Fwp-admin%2Fnetwork%2Findex.php&reauth=1 HTTP/1.1" 200 1883 "-" "Mozlila/5.0 (Linux; Android 7.0; SM-G892A Bulid/NRD90M; wv) AppleWebKit/537.36 (KHTML, like Gecko) Version/4.0 Chrome/60.0.3112.107 Moblie Safari/537.36"
13.229.78.155 - - [01/Apr/2025:16:42:06 -0400] "GET /wp-login.php HTTP/1.1" 200 1873 "-" "Mozlila/5.0 (Linux; Android 7.0; SM-G892A Bulid/NRD90M; wv) AppleWebKit/537.36 (KHTML, like Gecko) Version/4.0 Chrome/60.0.3112.107 Moblie Safari/537.36"
51.222.253.13 - - [01/Apr/2025:16:42:17 -0400] "GET /benefits-of-facial-skin-rejuvenation-treatment/feed/ HTTP/1.1" 404 1251 "-" "Mozilla/5.0 (compatible; AhrefsBot/7.0; +http://ahrefs.com/robot/)"
119.28.65.64 - - [01/Apr/2025:16:43:01 -0400] "GET /the-importance-of-mbc-in-the-mental-health-field/ HTTP/1.1" 404 1251 "-" "Python/3.10 aiohttp/3.10.5"
3.217.41.206 - - [01/Apr/2025:16:43:37 -0400] "GET /peacebuilding-and-local-mediation/ HTTP/1.1" 404 1251 "-" "Grammarly/1.0 (http://www.grammarly.com)"
2a03:2880:f800:c:: - - [01/Apr/2025:16:44:48 -0400] "GET /wp-content/plugins/advanced-google-recaptcha/libs/captcha.php?wpcaptcha-generate-image=true&color=%23FFFFFF&noise=1&id=6583 HTTP/1.1" 200 213 "-" "meta-externalagent/1.1 (+https://developers.facebook.com/docs/sharing/webmasters/crawler)"
2607:5300:205:200::487a - - [01/Apr/2025:16:45:00 -0400] "GET /wp-login.php HTTP/1.1" 200 1873 "-" "Go-http-client/2.0"
198.54.114.83 - - [01/Apr/2025:16:45:03 -0400] "POST /wp-cron.php?doing_wp_cron=1743540303.5193738937377929687500 HTTP/1.1" 200 0 "-" "WordPress/6.7.2; https://webhostingeswatini.com"
2607:5300:205:200::487a - - [01/Apr/2025:16:45:00 -0400] "POST /wp-login.php HTTP/1.1" 200 1945 "https://webhostingeswatini.com/wp-login.php" "Mozilla/5.0 (Windows NT 10.0; Win64; x64) AppleWebKit/537.36 (KHTML, like Gecko) Chrome/103.0.0.0 Safari/537.36"
198.54.114.83 - - [01/Apr/2025:16:45:04 -0400] "POST /wp-admin/admin-ajax.php?action=async_litespeed&nonce=zEA9orPvmDpOpW0Coae55nRyJaddQ9kl&litespeed_type=imgoptm HTTP/1.1" 200 0 "-" "WordPress/6.7.2; https://webhostingeswatini.com"
51.222.253.11 - - [01/Apr/2025:16:45:57 -0400] "GET /5-great-ways-apartment-complexes-can-use-yard-signs/feed/ HTTP/1.1" 404 1251 "-" "Mozilla/5.0 (compatible; AhrefsBot/7.0; +http://ahrefs.com/robot/)"
51.222.253.2 - - [01/Apr/2025:16:49:41 -0400] "GET /the-benefits-of-vegetables/feed/ HTTP/1.1" 404 1251 "-" "Mozilla/5.0 (compatible; AhrefsBot/7.0; +http://ahrefs.com/robot/)"
119.12.169.163 - - [01/Apr/2025:16:49:51 -0400] "GET /the-best-the-little-prince-quotes/ HTTP/1.1" 404 1251 "https://webhostingeswatini.com/the-best-the-little-prince-quotes/" "Mozilla/5.0 (Windows NT 10.0; Win64; x64) AppleWebKit/537.36 (KHTML, like Gecko) Chrome/101.0.4951.64 Safari/537.36 Edg/101.0.1210.47"
198.54.114.83 - - [01/Apr/2025:16:53:20 -0400] "POST /wp-admin/admin-ajax.php?action=async_litespeed&nonce=3mhnF7lqCWXrs4MRO0KClnXir0QnhBos&litespeed_type=imgoptm HTTP/1.1" 200 0 "-" "WordPress/6.7.2; https://webhostingeswatini.com"
51.222.253.6 - - [01/Apr/2025:16:53:29 -0400] "GET /features-of-refrigerators/feed/ HTTP/1.1" 404 1251 "-" "Mozilla/5.0 (compatible; AhrefsBot/7.0; +http://ahrefs.com/robot/)"
51.222.253.9 - - [01/Apr/2025:16:57:19 -0400] "GET /liver-treatment-medicine/feed/ HTTP/1.1" 404 1251 "-" "Mozilla/5.0 (compatible; AhrefsBot/7.0; +http://ahrefs.com/robot/)"
161.142.148.130 - - [01/Apr/2025:17:00:21 -0400] "GET /des-moyens-faciles-de-nettoyer-les-couverts-en-argent/ HTTP/1.1" 404 1251 "-" "Mozilla/5.0 (X11; Linux i686; rv:114.0) Gecko/20100101 Firefox/114.0"
161.142.148.130 - - [01/Apr/2025:17:00:21 -0400] "GET / HTTP/1.1" 200 156165 "-" "Mozilla/5.0 (X11; Linux i686; rv:114.0) Gecko/20100101 Firefox/114.0"
161.142.148.130 - - [01/Apr/2025:17:00:24 -0400] "GET /dp/B0D3RN5W37?ref=MarsFS_VICC_blinksqm HTTP/1.1" 404 1251 "https://webhostingeswatini.com" "Mozilla/5.0 (X11; Linux i686; rv:114.0) Gecko/20100101 Firefox/114.0"
161.142.148.130 - - [01/Apr/2025:17:00:25 -0400] "GET / HTTP/1.1" 200 156165 "https://webhostingeswatini.com" "Mozilla/5.0 (X11; Linux i686; rv:114.0) Gecko/20100101 Firefox/114.0"
109.228.160.190 - - [01/Apr/2025:17:01:06 -0400] "GET / HTTP/1.1" 200 156165 "https://webhostingeswatini.com" "Mozilla/5.0 (Macintosh; Intel Mac OS X 10_6_2) AppleWebKit/535.1 (KHTML, like Gecko) Chrome/13.0.782.41 Safari/535.1"
51.222.253.16 - - [01/Apr/2025:17:01:33 -0400] "GET /vehicle-towing-and-recovery-services/feed/ HTTP/1.1" 404 1251 "-" "Mozilla/5.0 (compatible; AhrefsBot/7.0; +http://ahrefs.com/robot/)"
4.227.36.95 - - [01/Apr/2025:17:02:17 -0400] "GET /robots.txt HTTP/1.1" 200 23 "-" "Mozilla/5.0 AppleWebKit/537.36 (KHTML, like Gecko; compatible; GPTBot/1.2; +https://openai.com/gptbot)"
52.167.144.161 - - [01/Apr/2025:17:03:09 -0400] "GET /a-comprehensive-guide-to-boost-your-channels-visibility/ HTTP/1.1" 404 1251 "-" "Mozilla/5.0 AppleWebKit/537.36 (KHTML, like Gecko; compatible; bingbot/2.0; +http://www.bing.com/bingbot.htm) Chrome/116.0.1938.76 Safari/537.36"
51.222.253.14 - - [01/Apr/2025:17:05:43 -0400] "GET /discount-dental-health-plan-vs-conventional-dental-insurance/feed/ HTTP/1.1" 404 1251 "-" "Mozilla/5.0 (compatible; AhrefsBot/7.0; +http://ahrefs.com/robot/)"
51.222.253.16 - - [01/Apr/2025:17:14:02 -0400] "GET /socks-with-your-name-embroidered/feed/ HTTP/1.1" 404 1251 "-" "Mozilla/5.0 (compatible; AhrefsBot/7.0; +http://ahrefs.com/robot/)"
198.54.114.83 - - [01/Apr/2025:17:16:59 -0400] "POST /wp-admin/admin-ajax.php?action=async_litespeed&nonce=IBlbmlRgNav3AWc9oYkFSjewZrSctUSJ&litespeed_type=imgoptm HTTP/1.1" 200 5 "-" "WordPress/6.7.2; https://webhostingeswatini.com"
164.90.193.93 - - [01/Apr/2025:17:20:36 -0400] "GET /wp-login.php HTTP/1.1" 200 1873 "http://webhostingeswatini.com/wp-admin/" "Mozilla/5.0 (Windows NT 10.0; Win64; x64) AppleWebKit/537.36 (KHTML, like Gecko) Chrome/90.0.4430.85 Safari/537.36"
198.54.114.83 - - [01/Apr/2025:17:20:35 -0400] "POST /wp-admin/admin-ajax.php?action=async_litespeed&nonce=51JAt4rgEk042wyiqw29s7L00KKgBlvu&litespeed_type=imgoptm HTTP/1.1" 200 0 "-" "WordPress/6.7.2; https://webhostingeswatini.com"
164.90.193.93 - - [01/Apr/2025:17:20:36 -0400] "POST /wp-login.php HTTP/1.1" 200 1942 "http://webhostingeswatini.com/wp-admin/" "Mozilla/5.0 (Windows NT 10.0; Win64; x64) AppleWebKit/537.36 (KHTML, like Gecko) Chrome/90.0.4430.85 Safari/537.36"
164.90.193.93 - - [01/Apr/2025:17:20:37 -0400] "GET /wp-admin/ HTTP/1.1" 302 0 "www.google.com" "Mozilla/5.0 (Windows NT 10.0; Win64; x64) AppleWebKit/537.36 (KHTML, like Gecko) Chrome/90.0.4430.85 Safari/537.36"
164.90.193.93 - - [01/Apr/2025:17:20:38 -0400] "GET /wp-login.php?redirect_to=https%3A%2F%2Fwebhostingeswatini.com%2Fwp-admin%2F&reauth=1 HTTP/1.1" 200 1873 "www.google.com" "Mozilla/5.0 (Windows NT 10.0; Win64; x64) AppleWebKit/537.36 (KHTML, like Gecko) Chrome/90.0.4430.85 Safari/537.36"
51.222.253.1 - - [01/Apr/2025:17:22:46 -0400] "GET /artificial-intelligence-image-generator/feed/ HTTP/1.1" 404 1251 "-" "Mozilla/5.0 (compatible; AhrefsBot/7.0; +http://ahrefs.com/robot/)"
51.222.253.6 - - [01/Apr/2025:17:31:06 -0400] "GET /what-is-google-cloud-platform-gcp/feed/ HTTP/1.1" 404 1251 "-" "Mozilla/5.0 (compatible; AhrefsBot/7.0; +http://ahrefs.com/robot/)"
192.42.116.181 - - [01/Apr/2025:17:34:25 -0400] "GET / HTTP/1.1" 200 156165 "https://webhostingeswatini.com" "Mozilla/5.0 (Windows NT 6.1; WOW64) AppleWebKit/537.36 (KHTML, like Gecko) Chrome/87.0.4280.60 YaBrowser/20.12.0.966 Yowser/2.5 Safari/537.36"
95.108.213.132 - - [01/Apr/2025:17:36:47 -0400] "GET /robots.txt HTTP/1.1" 304 0 "-" "Mozilla/5.0 (compatible; YandexBot/3.0; +http://yandex.com/bots)"
87.250.224.204 - - [01/Apr/2025:17:36:48 -0400] "GET / HTTP/1.1" 200 156165 "-" "Mozilla/5.0 (compatible; YandexBot/3.0; +http://yandex.com/bots) AppleWebKit/537.36 (KHTML, like Gecko) Chrome/108.0.0.0"
2a02:6b8:c15:280b:0:492c:ea17:0 - - [01/Apr/2025:17:36:50 -0400] "GET /service-worker.js HTTP/1.1" 404 1251 "https://webhostingeswatini.com/" "Mozilla/5.0 (X11; Linux x86_64) AppleWebKit/537.36 (KHTML, like Gecko) HeadlessChrome/120.0.6099.939 Safari/537.36"
51.222.253.2 - - [01/Apr/2025:17:39:02 -0400] "GET /how-much-space-does-windows-10-take-up/feed/ HTTP/1.1" 404 1251 "-" "Mozilla/5.0 (compatible; AhrefsBot/7.0; +http://ahrefs.com/robot/)"
87.250.224.105 - - [01/Apr/2025:17:39:35 -0400] "GET /robots.txt HTTP/1.1" 200 23 "-" "Mozilla/5.0 (compatible; YandexBot/3.0; +http://yandex.com/bots)"
5.255.231.53 - - [01/Apr/2025:17:39:36 -0400] "GET /voice-actor-training-how-to-get-started-in-the-freelance-industry/ HTTP/1.1" 404 1251 "-" "Mozilla/5.0 (compatible; YandexBot/3.0; +http://yandex.com/bots)"
198.54.114.83 - - [01/Apr/2025:17:41:07 -0400] "POST /wp-admin/admin-ajax.php?action=async_litespeed&nonce=vMwd3PrzOQWwYa4uhD7GZh4xMcH5zH1U&litespeed_type=imgoptm HTTP/1.1" 200 5 "-" "WordPress/6.7.2; https://webhostingeswatini.com"
51.222.253.10 - - [01/Apr/2025:17:47:14 -0400] "GET /custom-grip-socks-no-minimum/feed/ HTTP/1.1" 404 1251 "-" "Mozilla/5.0 (compatible; AhrefsBot/7.0; +http://ahrefs.com/robot/)"
2607:5300:205:200::487a - - [01/Apr/2025:17:51:12 -0400] "GET /wp-login.php HTTP/1.1" 200 1873 "-" "Go-http-client/2.0"
198.54.114.83 - - [01/Apr/2025:17:51:15 -0400] "POST /wp-cron.php?doing_wp_cron=1743544275.2298440933227539062500 HTTP/1.1" 200 0 "-" "WordPress/6.7.2; https://webhostingeswatini.com"
2607:5300:205:200::487a - - [01/Apr/2025:17:51:12 -0400] "POST /wp-login.php HTTP/1.1" 200 1946 "https://webhostingeswatini.com/wp-login.php" "Mozilla/5.0 (Windows NT 10.0; Win64; x64) AppleWebKit/537.36 (KHTML, like Gecko) Chrome/103.0.0.0 Safari/537.36"
198.54.114.83 - - [01/Apr/2025:17:51:15 -0400] "POST /wp-admin/admin-ajax.php?action=async_litespeed&nonce=rVKE4qMSOaIJQh72xJRIoGJmqDIMRWxs&litespeed_type=imgoptm HTTP/1.1" 200 5 "-" "WordPress/6.7.2; https://webhostingeswatini.com"
51.222.253.9 - - [01/Apr/2025:17:56:01 -0400] "GET /when-does-fallout-76-take-place/feed/ HTTP/1.1" 404 1251 "-" "Mozilla/5.0 (compatible; AhrefsBot/7.0; +http://ahrefs.com/robot/)"
51.222.253.12 - - [01/Apr/2025:18:05:09 -0400] "GET /does-the-samsung-s21-have-an-sd-card-slot/feed/ HTTP/1.1" 404 1251 "-" "Mozilla/5.0 (compatible; AhrefsBot/7.0; +http://ahrefs.com/robot/)"
198.54.114.83 - - [01/Apr/2025:18:05:14 -0400] "POST /wp-admin/admin-ajax.php?action=async_litespeed&nonce=DiiPxKJDFF2IoNnXQmG2RadlrANaVfhz&litespeed_type=imgoptm HTTP/1.1" 200 0 "-" "WordPress/6.7.2; https://webhostingeswatini.com"
157.55.39.59 - - [01/Apr/2025:18:05:15 -0400] "GET /a-growing-trend-for-fitness-enthusiasts/ HTTP/1.1" 404 1251 "-" "Mozilla/5.0 AppleWebKit/537.36 (KHTML, like Gecko; compatible; bingbot/2.0; +http://www.bing.com/bingbot.htm) Chrome/116.0.1938.76 Safari/537.36"
13.229.78.155 - - [01/Apr/2025:18:06:26 -0400] "GET / HTTP/1.1" 200 156165 "-" "Mozilla/5.0 (Windows NT 10.0; Win64; x64; rv:122.0) Gecko/20100101 Firefox/122.0"
198.54.114.83 - - [01/Apr/2025:18:06:30 -0400] "POST /wp-cron.php?doing_wp_cron=1743545189.8074300289154052734375 HTTP/1.1" 200 0 "-" "WordPress/6.7.2; https://webhostingeswatini.com"
13.229.78.155 - - [01/Apr/2025:18:06:27 -0400] "GET /xmlrpc.php HTTP/1.1" 405 46 "-" "Mozilla/5.0 (Windows NT 10.0; Win64; x64; rv:122.0) Gecko/20100101 Firefox/122.0"
13.229.78.155 - - [01/Apr/2025:18:06:31 -0400] "GET /wp-json/wp/v2/users HTTP/1.1" 404 1251 "-" "Mozilla/5.0 (Windows NT 10.0; Win64; x64; rv:122.0) Gecko/20100101 Firefox/122.0"
198.54.114.83 - - [01/Apr/2025:18:06:31 -0400] "POST /wp-admin/admin-ajax.php?action=async_litespeed&nonce=ROKGPgZSCDcU3MTUCUtLRSdWcYcz3Qup&litespeed_type=imgoptm HTTP/1.1" 200 0 "-" "WordPress/6.7.2; https://webhostingeswatini.com"
13.229.78.155 - - [01/Apr/2025:18:06:32 -0400] "POST /xmlrpc.php HTTP/1.1" 200 0 "-" "python-httpx/0.22.0"
13.229.78.155 - - [01/Apr/2025:18:06:52 -0400] "POST /xmlrpc.php HTTP/1.1" 200 0 "-" "python-httpx/0.22.0"
13.229.78.155 - - [01/Apr/2025:18:07:12 -0400] "POST /xmlrpc.php HTTP/1.1" 200 0 "-" "python-httpx/0.22.0"
13.229.78.155 - - [01/Apr/2025:18:07:32 -0400] "POST /xmlrpc.php HTTP/1.1" 200 0 "-" "python-httpx/0.22.0"
13.229.78.155 - - [01/Apr/2025:18:07:52 -0400] "POST /xmlrpc.php HTTP/1.1" 200 0 "-" "python-httpx/0.22.0"
13.229.78.155 - - [01/Apr/2025:18:08:12 -0400] "POST /xmlrpc.php HTTP/1.1" 200 0 "-" "python-httpx/0.22.0"
13.229.78.155 - - [01/Apr/2025:18:08:32 -0400] "POST /xmlrpc.php HTTP/1.1" 200 0 "-" "python-httpx/0.22.0"
13.229.78.155 - - [01/Apr/2025:18:08:52 -0400] "POST /xmlrpc.php HTTP/1.1" 200 0 "-" "python-httpx/0.22.0"
13.229.78.155 - - [01/Apr/2025:18:09:12 -0400] "POST /xmlrpc.php HTTP/1.1" 200 0 "-" "python-httpx/0.22.0"
13.229.78.155 - - [01/Apr/2025:18:09:34 -0400] "POST /xmlrpc.php HTTP/1.1" 200 0 "-" "python-httpx/0.22.0"
13.229.78.155 - - [01/Apr/2025:18:09:54 -0400] "POST /xmlrpc.php HTTP/1.1" 200 0 "-" "python-httpx/0.22.0"
13.229.78.155 - - [01/Apr/2025:18:10:14 -0400] "POST /xmlrpc.php HTTP/1.1" 200 0 "-" "python-httpx/0.22.0"
13.229.78.155 - - [01/Apr/2025:18:10:34 -0400] "POST /xmlrpc.php HTTP/1.1" 200 0 "-" "python-httpx/0.22.0"
13.229.78.155 - - [01/Apr/2025:18:10:55 -0400] "POST /xmlrpc.php HTTP/1.1" 200 0 "-" "python-httpx/0.22.0"
13.229.78.155 - - [01/Apr/2025:18:11:14 -0400] "POST /xmlrpc.php HTTP/1.1" 200 0 "-" "python-httpx/0.22.0"
13.229.78.155 - - [01/Apr/2025:18:11:34 -0400] "POST /xmlrpc.php HTTP/1.1" 200 0 "-" "python-httpx/0.22.0"
13.229.78.155 - - [01/Apr/2025:18:11:54 -0400] "POST /xmlrpc.php HTTP/1.1" 200 0 "-" "python-httpx/0.22.0"
13.229.78.155 - - [01/Apr/2025:18:12:16 -0400] "POST /xmlrpc.php HTTP/1.1" 200 0 "-" "python-httpx/0.22.0"
13.229.78.155 - - [01/Apr/2025:18:12:34 -0400] "POST /xmlrpc.php HTTP/1.1" 200 0 "-" "python-httpx/0.22.0"
13.229.78.155 - - [01/Apr/2025:18:12:54 -0400] "POST /xmlrpc.php HTTP/1.1" 200 0 "-" "python-httpx/0.22.0"
2a03:2880:f800:17:: - - [01/Apr/2025:18:13:41 -0400] "GET /wp-content/plugins/advanced-google-recaptcha/libs/captcha.php?wpcaptcha-generate-image=true&color=%23FFFFFF&noise=1&id=2907 HTTP/1.1" 200 225 "-" "meta-externalagent/1.1 (+https://developers.facebook.com/docs/sharing/webmasters/crawler)"
13.229.78.155 - - [01/Apr/2025:18:13:14 -0400] "POST /xmlrpc.php HTTP/1.1" 200 0 "-" "python-httpx/0.22.0"
13.229.78.155 - - [01/Apr/2025:18:13:34 -0400] "POST /xmlrpc.php HTTP/1.1" 200 0 "-" "python-httpx/0.22.0"
13.229.78.155 - - [01/Apr/2025:18:13:54 -0400] "POST /xmlrpc.php HTTP/1.1" 200 0 "-" "python-httpx/0.22.0"
13.229.78.155 - - [01/Apr/2025:18:14:14 -0400] "POST /xmlrpc.php HTTP/1.1" 200 0 "-" "python-httpx/0.22.0"
13.229.78.155 - - [01/Apr/2025:18:14:34 -0400] "POST /xmlrpc.php HTTP/1.1" 200 0 "-" "python-httpx/0.22.0"
47.79.122.22 - - [01/Apr/2025:18:15:16 -0400] "GET /wp-includes/js/jquery/jquery.min.js HTTP/1.1" 200 29744 "-" "Mozilla/5.0 (Windows NT 10.0; Win64; x64) AppleWebKit/537.36 (KHTML, like Gecko) Chrome/114.0.0.0 Safari/537.36 Edg/114.0.1823.43"
51.222.253.19 - - [01/Apr/2025:18:15:27 -0400] "GET /ajoutez-une-touche-dexotisme-avec-une-peinture-de-singe/feed/ HTTP/1.1" 404 1251 "-" "Mozilla/5.0 (compatible; AhrefsBot/7.0; +http://ahrefs.com/robot/)"
13.229.78.155 - - [01/Apr/2025:18:14:54 -0400] "POST /xmlrpc.php HTTP/1.1" 200 0 "-" "python-httpx/0.22.0"
13.229.78.155 - - [01/Apr/2025:18:15:14 -0400] "POST /xmlrpc.php HTTP/1.1" 200 0 "-" "python-httpx/0.22.0"
13.229.78.155 - - [01/Apr/2025:18:15:35 -0400] "POST /xmlrpc.php HTTP/1.1" 200 0 "-" "python-httpx/0.22.0"
13.229.78.155 - - [01/Apr/2025:18:15:55 -0400] "POST /xmlrpc.php HTTP/1.1" 200 0 "-" "python-httpx/0.22.0"
13.229.78.155 - - [01/Apr/2025:18:16:15 -0400] "POST /xmlrpc.php HTTP/1.1" 200 0 "-" "python-httpx/0.22.0"
13.229.78.155 - - [01/Apr/2025:18:16:35 -0400] "POST /xmlrpc.php HTTP/1.1" 200 0 "-" "python-httpx/0.22.0"
13.229.78.155 - - [01/Apr/2025:18:16:55 -0400] "POST /xmlrpc.php HTTP/1.1" 200 0 "-" "python-httpx/0.22.0"
13.229.78.155 - - [01/Apr/2025:18:17:15 -0400] "POST /xmlrpc.php HTTP/1.1" 200 0 "-" "python-httpx/0.22.0"
40.77.167.155 - - [01/Apr/2025:18:18:01 -0400] "GET /business-trips-massage/ HTTP/1.1" 404 1251 "-" "Mozilla/5.0 AppleWebKit/537.36 (KHTML, like Gecko; compatible; bingbot/2.0; +http://www.bing.com/bingbot.htm) Chrome/116.0.1938.76 Safari/537.36"
13.229.78.155 - - [01/Apr/2025:18:17:35 -0400] "POST /xmlrpc.php HTTP/1.1" 200 0 "-" "python-httpx/0.22.0"
13.229.78.155 - - [01/Apr/2025:18:17:55 -0400] "POST /xmlrpc.php HTTP/1.1" 200 0 "-" "python-httpx/0.22.0"
13.229.78.155 - - [01/Apr/2025:18:18:15 -0400] "POST /xmlrpc.php HTTP/1.1" 200 0 "-" "python-httpx/0.22.0"
13.229.78.155 - - [01/Apr/2025:18:18:35 -0400] "POST /xmlrpc.php HTTP/1.1" 200 0 "-" "python-httpx/0.22.0"
43.132.134.51 - - [01/Apr/2025:18:19:27 -0400] "GET /how-to-turn-off-message-blocking/ HTTP/1.1" 404 1251 "-" "Python/3.10 aiohttp/3.10.5"
13.229.78.155 - - [01/Apr/2025:18:18:56 -0400] "POST /xmlrpc.php HTTP/1.1" 200 0 "-" "python-httpx/0.22.0"
13.229.78.155 - - [01/Apr/2025:18:19:15 -0400] "POST /xmlrpc.php HTTP/1.1" 200 0 "-" "python-httpx/0.22.0"
13.229.78.155 - - [01/Apr/2025:18:19:37 -0400] "POST /xmlrpc.php HTTP/1.1" 200 0 "-" "python-httpx/0.22.0"
13.229.78.155 - - [01/Apr/2025:18:19:57 -0400] "POST /xmlrpc.php HTTP/1.1" 200 0 "-" "python-httpx/0.22.0"
13.229.78.155 - - [01/Apr/2025:18:20:17 -0400] "POST /xmlrpc.php HTTP/1.1" 200 0 "-" "python-httpx/0.22.0"
