188.166.118.38 - - [01/Apr/2025:05:02:30 -0400] "GET /wp-includes/SimplePie/Cache/lofter.php HTTP/1.1" 404 1251 "-" "Mozilla/5.0 (Windows NT 10.0; Win64; x64) AppleWebKit/537.36 (KHTML, like Gecko) Chrome/58.0.3029.110 Safari/537.36"
188.166.118.38 - - [01/Apr/2025:05:02:34 -0400] "GET /wp-admin/maint/themes.php HTTP/1.1" 404 1251 "-" "Mozilla/5.0 (Windows NT 10.0; Win64; x64) AppleWebKit/537.36 (KHTML, like Gecko) Chrome/58.0.3029.110 Safari/537.36"
188.166.118.38 - - [01/Apr/2025:05:02:39 -0400] "GET /admin/controller/extension/extension/daDTLv3YPn6.php?action=768776e296b6f286f2a72607e276b62666c6d286 HTTP/1.1" 404 1251 "-" "Mozilla/5.0 (Windows NT 10.0; Win64; x64) AppleWebKit/537.36 (KHTML, like Gecko) Chrome/58.0.3029.110 Safari/537.36"
188.166.118.38 - - [01/Apr/2025:05:02:43 -0400] "GET /wp-content/plugins/moon.php HTTP/1.1" 404 1251 "-" "Mozilla/5.0 (Windows NT 10.0; Win64; x64) AppleWebKit/537.36 (KHTML, like Gecko) Chrome/58.0.3029.110 Safari/537.36"
188.166.118.38 - - [01/Apr/2025:05:02:48 -0400] "GET /administrator/templates/hathor/error.php?action=768776e296b6f286f2a72607e276b62666c6d286 HTTP/1.1" 404 1251 "-" "Mozilla/5.0 (Windows NT 10.0; Win64; x64) AppleWebKit/537.36 (KHTML, like Gecko) Chrome/58.0.3029.110 Safari/537.36"
188.166.118.38 - - [01/Apr/2025:05:02:53 -0400] "GET /wp-includes/js/tinymce/skins/wordpress/images/index.php HTTP/1.1" 404 1251 "-" "Mozilla/5.0 (Windows NT 10.0; Win64; x64) AppleWebKit/537.36 (KHTML, like Gecko) Chrome/58.0.3029.110 Safari/537.36"
188.166.118.38 - - [01/Apr/2025:05:02:58 -0400] "GET /wp-includes/SimplePie/plugins.php HTTP/1.1" 404 1251 "-" "Mozilla/5.0 (Windows NT 10.0; Win64; x64) AppleWebKit/537.36 (KHTML, like Gecko) Chrome/58.0.3029.110 Safari/537.36"
188.166.118.38 - - [01/Apr/2025:05:03:05 -0400] "GET /wp-includes/style-engine/index.php HTTP/1.1" 404 1251 "-" "Mozilla/5.0 (Windows NT 10.0; Win64; x64) AppleWebKit/537.36 (KHTML, like Gecko) Chrome/58.0.3029.110 Safari/537.36"
188.166.118.38 - - [01/Apr/2025:05:03:10 -0400] "GET /.tmb/wp-login.php HTTP/1.1" 404 1251 "-" "Mozilla/5.0 (Windows NT 10.0; Win64; x64) AppleWebKit/537.36 (KHTML, like Gecko) Chrome/58.0.3029.110 Safari/537.36"
188.166.118.38 - - [01/Apr/2025:05:03:15 -0400] "GET /wp-admin/css/colors/ectoplasm/jsdindex.php HTTP/1.1" 404 1251 "-" "Mozilla/5.0 (Windows NT 10.0; Win64; x64) AppleWebKit/537.36 (KHTML, like Gecko) Chrome/58.0.3029.110 Safari/537.36"
188.166.118.38 - - [01/Apr/2025:05:03:20 -0400] "GET /templates/beez_20/index.php HTTP/1.1" 404 1251 "-" "Mozilla/5.0 (Windows NT 10.0; Win64; x64) AppleWebKit/537.36 (KHTML, like Gecko) Chrome/58.0.3029.110 Safari/537.36"
188.166.118.38 - - [01/Apr/2025:05:03:25 -0400] "GET //mah/function.php HTTP/1.1" 404 1251 "-" "Mozilla/5.0 (Windows NT 10.0; Win64; x64) AppleWebKit/537.36 (KHTML, like Gecko) Chrome/58.0.3029.110 Safari/537.36"
18.222.169.35 - - [01/Apr/2025:05:03:26 -0400] "GET /robots.txt HTTP/1.1" 304 0 "-" "Mozilla/5.0 AppleWebKit/537.36 (KHTML, like Gecko; compatible; ClaudeBot/1.0; +claudebot@anthropic.com)"
18.222.169.35 - - [01/Apr/2025:05:03:28 -0400] "GET /dp/B09WZBPX7K HTTP/1.1" 404 1251 "-" "Mozilla/5.0 AppleWebKit/537.36 (KHTML, like Gecko; compatible; ClaudeBot/1.0; +claudebot@anthropic.com)"
188.166.118.38 - - [01/Apr/2025:05:03:31 -0400] "GET /cgi-bin/cloud.php HTTP/1.1" 404 1251 "-" "Mozilla/5.0 (Windows NT 10.0; Win64; x64) AppleWebKit/537.36 (KHTML, like Gecko) Chrome/58.0.3029.110 Safari/537.36"
188.166.118.38 - - [01/Apr/2025:05:03:34 -0400] "GET /wp-admin/js/about.php HTTP/1.1" 404 1251 "-" "Mozilla/5.0 (Windows NT 10.0; Win64; x64) AppleWebKit/537.36 (KHTML, like Gecko) Chrome/58.0.3029.110 Safari/537.36"
188.166.118.38 - - [01/Apr/2025:05:03:40 -0400] "GET /wp-includes/certificates/plugins.php HTTP/1.1" 404 1251 "-" "Mozilla/5.0 (Windows NT 10.0; Win64; x64) AppleWebKit/537.36 (KHTML, like Gecko) Chrome/58.0.3029.110 Safari/537.36"
188.166.118.38 - - [01/Apr/2025:05:03:45 -0400] "GET /theme-inshpvx.php HTTP/1.1" 404 1251 "-" "Mozilla/5.0 (Windows NT 10.0; Win64; x64) AppleWebKit/537.36 (KHTML, like Gecko) Chrome/58.0.3029.110 Safari/537.36"
188.166.118.38 - - [01/Apr/2025:05:03:49 -0400] "GET /wp-includes/wp-login.php HTTP/1.1" 404 1251 "-" "Mozilla/5.0 (Windows NT 10.0; Win64; x64) AppleWebKit/537.36 (KHTML, like Gecko) Chrome/58.0.3029.110 Safari/537.36"
188.166.118.38 - - [01/Apr/2025:05:03:55 -0400] "GET /wp-includes/js/tinymce/plugins/compat3x/css/index.php HTTP/1.1" 404 1251 "-" "Mozilla/5.0 (Windows NT 10.0; Win64; x64) AppleWebKit/537.36 (KHTML, like Gecko) Chrome/58.0.3029.110 Safari/537.36"
188.166.118.38 - - [01/Apr/2025:05:03:59 -0400] "GET /wp-admin/product.php HTTP/1.1" 404 1251 "-" "Mozilla/5.0 (Windows NT 10.0; Win64; x64) AppleWebKit/537.36 (KHTML, like Gecko) Chrome/58.0.3029.110 Safari/537.36"
188.166.118.38 - - [01/Apr/2025:05:04:05 -0400] "GET /wp-includes/blocks/calendar/updates.php HTTP/1.1" 404 1251 "-" "Mozilla/5.0 (Windows NT 10.0; Win64; x64) AppleWebKit/537.36 (KHTML, like Gecko) Chrome/58.0.3029.110 Safari/537.36"
188.166.118.38 - - [01/Apr/2025:05:04:10 -0400] "GET /ioxi-rex3.php7 HTTP/1.1" 404 1251 "-" "Mozilla/5.0 (Windows NT 10.0; Win64; x64) AppleWebKit/537.36 (KHTML, like Gecko) Chrome/58.0.3029.110 Safari/537.36"
188.166.118.38 - - [01/Apr/2025:05:04:16 -0400] "GET /wp-admin/user/about.php HTTP/1.1" 302 0 "-" "Mozilla/5.0 (Windows NT 10.0; Win64; x64) AppleWebKit/537.36 (KHTML, like Gecko) Chrome/58.0.3029.110 Safari/537.36"
198.54.114.83 - - [01/Apr/2025:05:04:23 -0400] "POST /wp-cron.php?doing_wp_cron=1743498261.4774589538574218750000 HTTP/1.1" 200 0 "-" "WordPress/6.7.2; https://webhostingeswatini.com"
188.166.118.38 - - [01/Apr/2025:05:04:24 -0400] "GET /wp-login.php?redirect_to=https://webhostingeswatini.com/wp-admin/user/about.php&reauth=1 HTTP/1.1" 200 1884 "-" "Mozilla/5.0 (Windows NT 10.0; Win64; x64) AppleWebKit/537.36 (KHTML, like Gecko) Chrome/58.0.3029.110 Safari/537.36"
188.166.118.38 - - [01/Apr/2025:05:04:33 -0400] "GET /wp-content/plugins/fix/up.php HTTP/1.1" 404 1251 "-" "Mozilla/5.0 (Windows NT 10.0; Win64; x64) AppleWebKit/537.36 (KHTML, like Gecko) Chrome/58.0.3029.110 Safari/537.36"
188.166.118.38 - - [01/Apr/2025:05:04:38 -0400] "GET /wp-includes/js/tinymce/skins/lightgray/img/index.php HTTP/1.1" 404 1251 "-" "Mozilla/5.0 (Windows NT 10.0; Win64; x64) AppleWebKit/537.36 (KHTML, like Gecko) Chrome/58.0.3029.110 Safari/537.36"
188.166.118.38 - - [01/Apr/2025:05:04:44 -0400] "GET /wp-admin.php HTTP/1.1" 404 1251 "-" "Mozilla/5.0 (Windows NT 10.0; Win64; x64) AppleWebKit/537.36 (KHTML, like Gecko) Chrome/58.0.3029.110 Safari/537.36"
188.166.118.38 - - [01/Apr/2025:05:04:53 -0400] "GET /wp-includes/Text/plugins.php HTTP/1.1" 404 1251 "-" "Mozilla/5.0 (Windows NT 10.0; Win64; x64) AppleWebKit/537.36 (KHTML, like Gecko) Chrome/58.0.3029.110 Safari/537.36"
188.166.118.38 - - [01/Apr/2025:05:05:00 -0400] "GET /wp-admin/css/about.php HTTP/1.1" 404 1251 "-" "Mozilla/5.0 (Windows NT 10.0; Win64; x64) AppleWebKit/537.36 (KHTML, like Gecko) Chrome/58.0.3029.110 Safari/537.36"
188.166.118.38 - - [01/Apr/2025:05:05:11 -0400] "GET /defaults.php HTTP/1.1" 404 1251 "-" "Mozilla/5.0 (Windows NT 10.0; Win64; x64) AppleWebKit/537.36 (KHTML, like Gecko) Chrome/58.0.3029.110 Safari/537.36"
188.166.118.38 - - [01/Apr/2025:05:05:21 -0400] "GET /wp-includes/dropdown.php HTTP/1.1" 404 1251 "-" "Mozilla/5.0 (Windows NT 10.0; Win64; x64) AppleWebKit/537.36 (KHTML, like Gecko) Chrome/58.0.3029.110 Safari/537.36"
188.166.118.38 - - [01/Apr/2025:05:05:29 -0400] "GET /tyasd.php HTTP/1.1" 404 1251 "-" "Mozilla/5.0 (Windows NT 10.0; Win64; x64) AppleWebKit/537.36 (KHTML, like Gecko) Chrome/58.0.3029.110 Safari/537.36"
188.166.118.38 - - [01/Apr/2025:05:05:36 -0400] "GET /atomlib.php HTTP/1.1" 404 1251 "-" "Mozilla/5.0 (Windows NT 10.0; Win64; x64) AppleWebKit/537.36 (KHTML, like Gecko) Chrome/58.0.3029.110 Safari/537.36"
188.166.118.38 - - [01/Apr/2025:05:05:43 -0400] "GET /wp-content/plugins/elementor-pro/modules/gallery/assets/index.php HTTP/1.1" 404 1251 "-" "Mozilla/5.0 (Windows NT 10.0; Win64; x64) AppleWebKit/537.36 (KHTML, like Gecko) Chrome/58.0.3029.110 Safari/537.36"
2a02:4780:12:1979::1 - - [01/Apr/2025:05:05:43 -0400] "GET /wp-login.php HTTP/1.1" 200 1873 "-" "Mozila/5.0"
188.166.118.38 - - [01/Apr/2025:05:05:51 -0400] "GET /wp-includes/pomo/index.php HTTP/1.1" 404 1251 "-" "Mozilla/5.0 (Windows NT 10.0; Win64; x64) AppleWebKit/537.36 (KHTML, like Gecko) Chrome/58.0.3029.110 Safari/537.36"
2a02:4780:12:1979::1 - - [01/Apr/2025:05:05:45 -0400] "POST /wp-login.php HTTP/1.1" 200 1946 "-" "Mozila/5.0"
198.54.114.83 - - [01/Apr/2025:05:05:52 -0400] "POST /wp-cron.php?doing_wp_cron=1743498351.0475978851318359375000 HTTP/1.1" 200 0 "-" "WordPress/6.7.2; https://webhostingeswatini.com"
2a02:4780:12:1979::1 - - [01/Apr/2025:05:05:54 -0400] "GET /wp-admin/ HTTP/1.1" 302 0 "-" "Mozila/5.0"
188.166.118.38 - - [01/Apr/2025:05:05:57 -0400] "GET /wp-content/plugins/elementor/core/editor/data/index.php HTTP/1.1" 404 1251 "-" "Mozilla/5.0 (Windows NT 10.0; Win64; x64) AppleWebKit/537.36 (KHTML, like Gecko) Chrome/58.0.3029.110 Safari/537.36"
2a02:4780:12:1979::1 - - [01/Apr/2025:05:05:57 -0400] "GET /wp-login.php?redirect_to=https%3A%2F%2Fwebhostingeswatini.com%2Fwp-admin%2F&reauth=1 HTTP/1.1" 200 1873 "-" "Mozila/5.0"
188.166.118.38 - - [01/Apr/2025:05:06:03 -0400] "GET /wp-includes/Requests/Text/admin.php HTTP/1.1" 404 1251 "-" "Mozilla/5.0 (Windows NT 10.0; Win64; x64) AppleWebKit/537.36 (KHTML, like Gecko) Chrome/58.0.3029.110 Safari/537.36"
188.166.118.38 - - [01/Apr/2025:05:06:09 -0400] "GET /wp-admin/css/colors/midnight/wp-login.php HTTP/1.1" 404 1251 "-" "Mozilla/5.0 (Windows NT 10.0; Win64; x64) AppleWebKit/537.36 (KHTML, like Gecko) Chrome/58.0.3029.110 Safari/537.36"
188.166.118.38 - - [01/Apr/2025:05:06:15 -0400] "GET /plugins/background-image-cropper/ups.php HTTP/1.1" 404 1251 "-" "Mozilla/5.0 (Windows NT 10.0; Win64; x64) AppleWebKit/537.36 (KHTML, like Gecko) Chrome/58.0.3029.110 Safari/537.36"
188.166.118.38 - - [01/Apr/2025:05:06:22 -0400] "GET /content.php HTTP/1.1" 404 1251 "-" "Mozilla/5.0 (Windows NT 10.0; Win64; x64) AppleWebKit/537.36 (KHTML, like Gecko) Chrome/58.0.3029.110 Safari/537.36"
188.166.118.38 - - [01/Apr/2025:05:06:28 -0400] "GET //about/function.php HTTP/1.1" 404 1251 "-" "Mozilla/5.0 (Windows NT 10.0; Win64; x64) AppleWebKit/537.36 (KHTML, like Gecko) Chrome/58.0.3029.110 Safari/537.36"
188.166.118.38 - - [01/Apr/2025:05:06:34 -0400] "GET /wp-includes/SimplePie/themes.php HTTP/1.1" 404 1251 "-" "Mozilla/5.0 (Windows NT 10.0; Win64; x64) AppleWebKit/537.36 (KHTML, like Gecko) Chrome/58.0.3029.110 Safari/537.36"
188.166.118.38 - - [01/Apr/2025:05:06:38 -0400] "GET /wp-includes/sodium_compat/namespaced/Core/Curve25519/Ge/wp.php HTTP/1.1" 404 1251 "-" "Mozilla/5.0 (Windows NT 10.0; Win64; x64) AppleWebKit/537.36 (KHTML, like Gecko) Chrome/58.0.3029.110 Safari/537.36"
188.166.118.38 - - [01/Apr/2025:05:06:44 -0400] "GET /wp-admin/images/moon.php HTTP/1.1" 404 1251 "-" "Mozilla/5.0 (Windows NT 10.0; Win64; x64) AppleWebKit/537.36 (KHTML, like Gecko) Chrome/58.0.3029.110 Safari/537.36"
188.166.118.38 - - [01/Apr/2025:05:06:46 -0400] "GET //as/function.php HTTP/1.1" 404 1251 "-" "Mozilla/5.0 (Windows NT 10.0; Win64; x64) AppleWebKit/537.36 (KHTML, like Gecko) Chrome/58.0.3029.110 Safari/537.36"
188.166.118.38 - - [01/Apr/2025:05:06:50 -0400] "GET /wp-admin/css/colors/blue/wp-crons.php HTTP/1.1" 404 1251 "-" "Mozilla/5.0 (Windows NT 10.0; Win64; x64) AppleWebKit/537.36 (KHTML, like Gecko) Chrome/58.0.3029.110 Safari/537.36"
188.166.118.38 - - [01/Apr/2025:05:06:52 -0400] "GET /wp-includes/product.php HTTP/1.1" 404 1251 "-" "Mozilla/5.0 (Windows NT 10.0; Win64; x64) AppleWebKit/537.36 (KHTML, like Gecko) Chrome/58.0.3029.110 Safari/537.36"
188.166.118.38 - - [01/Apr/2025:05:06:56 -0400] "GET /wp-includes/SimplePie/Parse/themes.php HTTP/1.1" 404 1251 "-" "Mozilla/5.0 (Windows NT 10.0; Win64; x64) AppleWebKit/537.36 (KHTML, like Gecko) Chrome/58.0.3029.110 Safari/537.36"
188.166.118.38 - - [01/Apr/2025:05:06:59 -0400] "GET /wp-content/plugins/seoplugins/mar.php HTTP/1.1" 404 1251 "-" "Mozilla/5.0 (Windows NT 10.0; Win64; x64) AppleWebKit/537.36 (KHTML, like Gecko) Chrome/58.0.3029.110 Safari/537.36"
188.166.118.38 - - [01/Apr/2025:05:07:01 -0400] "GET /wp-admin/dropdown.php HTTP/1.1" 404 1251 "-" "Mozilla/5.0 (Windows NT 10.0; Win64; x64) AppleWebKit/537.36 (KHTML, like Gecko) Chrome/58.0.3029.110 Safari/537.36"
188.166.118.38 - - [01/Apr/2025:05:07:05 -0400] "GET /rx.php HTTP/1.1" 404 1251 "-" "Mozilla/5.0 (Windows NT 10.0; Win64; x64) AppleWebKit/537.36 (KHTML, like Gecko) Chrome/58.0.3029.110 Safari/537.36"
188.166.118.38 - - [01/Apr/2025:05:07:07 -0400] "GET /wp-admin/function.php HTTP/1.1" 404 1251 "-" "Mozilla/5.0 (Windows NT 10.0; Win64; x64) AppleWebKit/537.36 (KHTML, like Gecko) Chrome/58.0.3029.110 Safari/537.36"
188.166.118.38 - - [01/Apr/2025:05:07:11 -0400] "GET /wp-admin/css/wp-login.php HTTP/1.1" 404 1251 "-" "Mozilla/5.0 (Windows NT 10.0; Win64; x64) AppleWebKit/537.36 (KHTML, like Gecko) Chrome/58.0.3029.110 Safari/537.36"
188.166.118.38 - - [01/Apr/2025:05:07:15 -0400] "GET /wp-commentin.php?pass=f0aab4595a024d626315fb786dce8282 HTTP/1.1" 404 1251 "-" "Mozilla/5.0 (Windows NT 10.0; Win64; x64) AppleWebKit/537.36 (KHTML, like Gecko) Chrome/58.0.3029.110 Safari/537.36"
188.166.118.38 - - [01/Apr/2025:05:07:21 -0400] "GET /wp-includes/PHPMailer/themes.php HTTP/1.1" 404 1251 "-" "Mozilla/5.0 (Windows NT 10.0; Win64; x64) AppleWebKit/537.36 (KHTML, like Gecko) Chrome/58.0.3029.110 Safari/537.36"
188.166.118.38 - - [01/Apr/2025:05:07:27 -0400] "GET /wp-admin/css/colors/coffee/lofter.php HTTP/1.1" 404 1251 "-" "Mozilla/5.0 (Windows NT 10.0; Win64; x64) AppleWebKit/537.36 (KHTML, like Gecko) Chrome/58.0.3029.110 Safari/537.36"
188.166.118.38 - - [01/Apr/2025:05:07:31 -0400] "GET /wp-content/gifshell.php HTTP/1.1" 404 1251 "-" "Mozilla/5.0 (Windows NT 10.0; Win64; x64) AppleWebKit/537.36 (KHTML, like Gecko) Chrome/58.0.3029.110 Safari/537.36"
188.166.118.38 - - [01/Apr/2025:05:07:35 -0400] "GET /.well-known/acme-challenge/install.php HTTP/1.1" 404 1251 "-" "Mozilla/5.0 (Windows NT 10.0; Win64; x64) AppleWebKit/537.36 (KHTML, like Gecko) Chrome/58.0.3029.110 Safari/537.36"
188.166.118.38 - - [01/Apr/2025:05:07:39 -0400] "GET /admin/function.php HTTP/1.1" 404 1251 "-" "Mozilla/5.0 (Windows NT 10.0; Win64; x64) AppleWebKit/537.36 (KHTML, like Gecko) Chrome/58.0.3029.110 Safari/537.36"
188.166.118.38 - - [01/Apr/2025:05:07:43 -0400] "GET /wp-content/plugins/revslider/includes/external/page/index.php HTTP/1.1" 404 1251 "-" "Mozilla/5.0 (Windows NT 10.0; Win64; x64) AppleWebKit/537.36 (KHTML, like Gecko) Chrome/58.0.3029.110 Safari/537.36"
188.166.118.38 - - [01/Apr/2025:05:07:46 -0400] "GET /templates/atomic/error.php HTTP/1.1" 404 1251 "-" "Mozilla/5.0 (Windows NT 10.0; Win64; x64) AppleWebKit/537.36 (KHTML, like Gecko) Chrome/58.0.3029.110 Safari/537.36"
188.166.118.38 - - [01/Apr/2025:05:07:48 -0400] "GET /wp-includes/pomo/themes.php HTTP/1.1" 404 1251 "-" "Mozilla/5.0 (Windows NT 10.0; Win64; x64) AppleWebKit/537.36 (KHTML, like Gecko) Chrome/58.0.3029.110 Safari/537.36"
188.166.118.38 - - [01/Apr/2025:05:07:53 -0400] "GET /moduless.php HTTP/1.1" 404 1251 "-" "Mozilla/5.0 (Windows NT 10.0; Win64; x64) AppleWebKit/537.36 (KHTML, like Gecko) Chrome/58.0.3029.110 Safari/537.36"
188.166.118.38 - - [01/Apr/2025:05:07:58 -0400] "GET /wp-content/j.php HTTP/1.1" 404 1251 "-" "Mozilla/5.0 (Windows NT 10.0; Win64; x64) AppleWebKit/537.36 (KHTML, like Gecko) Chrome/58.0.3029.110 Safari/537.36"
188.166.118.38 - - [01/Apr/2025:05:08:02 -0400] "GET /wp-content/plugins/Core-Econ/upH.php HTTP/1.1" 404 1251 "-" "Mozilla/5.0 (Windows NT 10.0; Win64; x64) AppleWebKit/537.36 (KHTML, like Gecko) Chrome/58.0.3029.110 Safari/537.36"
188.166.118.38 - - [01/Apr/2025:05:08:08 -0400] "GET /beence.php HTTP/1.1" 404 1251 "-" "Mozilla/5.0 (Windows NT 10.0; Win64; x64) AppleWebKit/537.36 (KHTML, like Gecko) Chrome/58.0.3029.110 Safari/537.36"
188.166.118.38 - - [01/Apr/2025:05:08:14 -0400] "GET /.well-known/admin.php HTTP/1.1" 404 1251 "-" "Mozilla/5.0 (Windows NT 10.0; Win64; x64) AppleWebKit/537.36 (KHTML, like Gecko) Chrome/58.0.3029.110 Safari/537.36"
188.166.118.38 - - [01/Apr/2025:05:08:19 -0400] "GET /wp-admin/css/colors/coffee/wp-load.php HTTP/1.1" 404 1251 "-" "Mozilla/5.0 (Windows NT 10.0; Win64; x64) AppleWebKit/537.36 (KHTML, like Gecko) Chrome/58.0.3029.110 Safari/537.36"
188.166.118.38 - - [01/Apr/2025:05:08:24 -0400] "GET /wp-admin/css/colors/wp-admin.php HTTP/1.1" 404 1251 "-" "Mozilla/5.0 (Windows NT 10.0; Win64; x64) AppleWebKit/537.36 (KHTML, like Gecko) Chrome/58.0.3029.110 Safari/537.36"
188.166.118.38 - - [01/Apr/2025:05:08:27 -0400] "GET /wp-admin/css/colors/blue/admin.php HTTP/1.1" 404 1251 "-" "Mozilla/5.0 (Windows NT 10.0; Win64; x64) AppleWebKit/537.36 (KHTML, like Gecko) Chrome/58.0.3029.110 Safari/537.36"
188.166.118.38 - - [01/Apr/2025:05:08:29 -0400] "GET /wp-content/themes/themes.php HTTP/1.1" 404 1251 "-" "Mozilla/5.0 (Windows NT 10.0; Win64; x64) AppleWebKit/537.36 (KHTML, like Gecko) Chrome/58.0.3029.110 Safari/537.36"
188.166.118.38 - - [01/Apr/2025:05:08:34 -0400] "GET /WSOEnigma.php HTTP/1.1" 404 1251 "-" "Mozilla/5.0 (Windows NT 10.0; Win64; x64) AppleWebKit/537.36 (KHTML, like Gecko) Chrome/58.0.3029.110 Safari/537.36"
188.166.118.38 - - [01/Apr/2025:05:08:37 -0400] "GET /.well-known/acme-challenge/xmrlpc.php HTTP/1.1" 404 1251 "-" "Mozilla/5.0 (Windows NT 10.0; Win64; x64) AppleWebKit/537.36 (KHTML, like Gecko) Chrome/58.0.3029.110 Safari/537.36"
188.166.118.38 - - [01/Apr/2025:05:08:41 -0400] "GET /wp-content/plugins/pwnd-1/pwnd.php HTTP/1.1" 404 1251 "-" "Mozilla/5.0 (Windows NT 10.0; Win64; x64) AppleWebKit/537.36 (KHTML, like Gecko) Chrome/58.0.3029.110 Safari/537.36"
188.166.118.38 - - [01/Apr/2025:05:08:45 -0400] "GET /modules/mod_simplefileuploadv1.3/elements/text.php HTTP/1.1" 404 1251 "-" "Mozilla/5.0 (Windows NT 10.0; Win64; x64) AppleWebKit/537.36 (KHTML, like Gecko) Chrome/58.0.3029.110 Safari/537.36"
188.166.118.38 - - [01/Apr/2025:05:08:50 -0400] "GET /wp-includes/classwithtostring.php HTTP/1.1" 404 1251 "-" "Mozilla/5.0 (Windows NT 10.0; Win64; x64) AppleWebKit/537.36 (KHTML, like Gecko) Chrome/58.0.3029.110 Safari/537.36"
188.166.118.38 - - [01/Apr/2025:05:08:52 -0400] "GET /fm.php HTTP/1.1" 404 1251 "-" "Mozilla/5.0 (Windows NT 10.0; Win64; x64) AppleWebKit/537.36 (KHTML, like Gecko) Chrome/58.0.3029.110 Safari/537.36"
188.166.118.38 - - [01/Apr/2025:05:08:58 -0400] "GET /wp-admin/includes/themes.php HTTP/1.1" 404 1251 "-" "Mozilla/5.0 (Windows NT 10.0; Win64; x64) AppleWebKit/537.36 (KHTML, like Gecko) Chrome/58.0.3029.110 Safari/537.36"
188.166.118.38 - - [01/Apr/2025:05:09:01 -0400] "GET /templates/protostar/index.php HTTP/1.1" 404 1251 "-" "Mozilla/5.0 (Windows NT 10.0; Win64; x64) AppleWebKit/537.36 (KHTML, like Gecko) Chrome/58.0.3029.110 Safari/537.36"
188.166.118.38 - - [01/Apr/2025:05:09:05 -0400] "GET /alfanew.php7 HTTP/1.1" 404 1251 "-" "Mozilla/5.0 (Windows NT 10.0; Win64; x64) AppleWebKit/537.36 (KHTML, like Gecko) Chrome/58.0.3029.110 Safari/537.36"
188.166.118.38 - - [01/Apr/2025:05:09:11 -0400] "GET /wp-admin/images/index.php HTTP/1.1" 404 1251 "-" "Mozilla/5.0 (Windows NT 10.0; Win64; x64) AppleWebKit/537.36 (KHTML, like Gecko) Chrome/58.0.3029.110 Safari/537.36"
188.166.118.38 - - [01/Apr/2025:05:09:18 -0400] "GET /simple.php HTTP/1.1" 404 1251 "-" "Mozilla/5.0 (Windows NT 10.0; Win64; x64) AppleWebKit/537.36 (KHTML, like Gecko) Chrome/58.0.3029.110 Safari/537.36"
188.166.118.38 - - [01/Apr/2025:05:09:25 -0400] "GET /wp-includes/index.php HTTP/1.1" 404 1251 "-" "Mozilla/5.0 (Windows NT 10.0; Win64; x64) AppleWebKit/537.36 (KHTML, like Gecko) Chrome/58.0.3029.110 Safari/537.36"
188.166.118.38 - - [01/Apr/2025:05:09:33 -0400] "GET /wp-includes/sitemaps/providers/about.php HTTP/1.1" 404 1251 "-" "Mozilla/5.0 (Windows NT 10.0; Win64; x64) AppleWebKit/537.36 (KHTML, like Gecko) Chrome/58.0.3029.110 Safari/537.36"
188.166.118.38 - - [01/Apr/2025:05:09:39 -0400] "GET /jga.php HTTP/1.1" 404 1251 "-" "Mozilla/5.0 (Windows NT 10.0; Win64; x64) AppleWebKit/537.36 (KHTML, like Gecko) Chrome/58.0.3029.110 Safari/537.36"
188.166.118.38 - - [01/Apr/2025:05:09:45 -0400] "GET /wp-content/plugins/about.php HTTP/1.1" 404 1251 "-" "Mozilla/5.0 (Windows NT 10.0; Win64; x64) AppleWebKit/537.36 (KHTML, like Gecko) Chrome/58.0.3029.110 Safari/537.36"
188.166.118.38 - - [01/Apr/2025:05:09:52 -0400] "GET /.well-known/index.php HTTP/1.1" 404 1251 "-" "Mozilla/5.0 (Windows NT 10.0; Win64; x64) AppleWebKit/537.36 (KHTML, like Gecko) Chrome/58.0.3029.110 Safari/537.36"
188.166.118.38 - - [01/Apr/2025:05:09:59 -0400] "GET /wp-content/plugins/admin.php HTTP/1.1" 404 1251 "-" "Mozilla/5.0 (Windows NT 10.0; Win64; x64) AppleWebKit/537.36 (KHTML, like Gecko) Chrome/58.0.3029.110 Safari/537.36"
188.166.118.38 - - [01/Apr/2025:05:10:08 -0400] "GET /wp-content/plugins/dummyyummy/wp-signup.php HTTP/1.1" 404 1251 "-" "Mozilla/5.0 (Windows NT 10.0; Win64; x64) AppleWebKit/537.36 (KHTML, like Gecko) Chrome/58.0.3029.110 Safari/537.36"
188.166.118.38 - - [01/Apr/2025:05:10:17 -0400] "GET /wp-includes/SimplePie/index.php HTTP/1.1" 404 1251 "-" "Mozilla/5.0 (Windows NT 10.0; Win64; x64) AppleWebKit/537.36 (KHTML, like Gecko) Chrome/58.0.3029.110 Safari/537.36"
188.166.118.38 - - [01/Apr/2025:05:10:26 -0400] "GET /wp-includes/Text/themes.php HTTP/1.1" 404 1251 "-" "Mozilla/5.0 (Windows NT 10.0; Win64; x64) AppleWebKit/537.36 (KHTML, like Gecko) Chrome/58.0.3029.110 Safari/537.36"
188.166.118.38 - - [01/Apr/2025:05:10:34 -0400] "GET /wp-content/plugins/shell/noimg.php HTTP/1.1" 404 1251 "-" "Mozilla/5.0 (Windows NT 10.0; Win64; x64) AppleWebKit/537.36 (KHTML, like Gecko) Chrome/58.0.3029.110 Safari/537.36"
188.166.118.38 - - [01/Apr/2025:05:10:39 -0400] "GET /wp-admin/network/xmrlpc.php HTTP/1.1" 404 1251 "-" "Mozilla/5.0 (Windows NT 10.0; Win64; x64) AppleWebKit/537.36 (KHTML, like Gecko) Chrome/58.0.3029.110 Safari/537.36"
188.166.118.38 - - [01/Apr/2025:05:10:43 -0400] "GET /templates/beez5/index.php HTTP/1.1" 404 1251 "-" "Mozilla/5.0 (Windows NT 10.0; Win64; x64) AppleWebKit/537.36 (KHTML, like Gecko) Chrome/58.0.3029.110 Safari/537.36"
217.174.152.39 - - [01/Apr/2025:05:10:39 -0400] "POST /xmlrpc.php HTTP/1.1" 200 205 "-" "Mozilla/5.0 (X11; Fedora; Linux x86_64; rv:94.0) Gecko/20100101 Firefox/95.0"
198.54.114.83 - - [01/Apr/2025:05:10:45 -0400] "POST /wp-cron.php?doing_wp_cron=1743498643.9893410205841064453125 HTTP/1.1" 200 0 "-" "WordPress/6.7.2; https://webhostingeswatini.com"
188.166.118.38 - - [01/Apr/2025:05:10:47 -0400] "GET /wp-admin/css/colors/midnight/wp-crons.php HTTP/1.1" 404 1251 "-" "Mozilla/5.0 (Windows NT 10.0; Win64; x64) AppleWebKit/537.36 (KHTML, like Gecko) Chrome/58.0.3029.110 Safari/537.36"
188.166.118.38 - - [01/Apr/2025:05:10:52 -0400] "GET //doc/function.php HTTP/1.1" 404 1251 "-" "Mozilla/5.0 (Windows NT 10.0; Win64; x64) AppleWebKit/537.36 (KHTML, like Gecko) Chrome/58.0.3029.110 Safari/537.36"
188.166.118.38 - - [01/Apr/2025:05:10:57 -0400] "GET /.tmb/moon.php HTTP/1.1" 404 1251 "-" "Mozilla/5.0 (Windows NT 10.0; Win64; x64) AppleWebKit/537.36 (KHTML, like Gecko) Chrome/58.0.3029.110 Safari/537.36"
188.166.118.38 - - [01/Apr/2025:05:11:02 -0400] "GET /wp-admin/network/index.php HTTP/1.1" 302 0 "-" "Mozilla/5.0 (Windows NT 10.0; Win64; x64) AppleWebKit/537.36 (KHTML, like Gecko) Chrome/58.0.3029.110 Safari/537.36"
188.166.118.38 - - [01/Apr/2025:05:11:07 -0400] "GET /wp-login.php?redirect_to=https://webhostingeswatini.com/wp-admin/network/index.php&reauth=1 HTTP/1.1" 200 1881 "-" "Mozilla/5.0 (Windows NT 10.0; Win64; x64) AppleWebKit/537.36 (KHTML, like Gecko) Chrome/58.0.3029.110 Safari/537.36"
188.166.118.38 - - [01/Apr/2025:05:11:15 -0400] "GET /admin-heade.php HTTP/1.1" 404 1251 "-" "Mozilla/5.0 (Windows NT 10.0; Win64; x64) AppleWebKit/537.36 (KHTML, like Gecko) Chrome/58.0.3029.110 Safari/537.36"
188.166.118.38 - - [01/Apr/2025:05:11:20 -0400] "GET /wp-includes/about.php HTTP/1.1" 404 1251 "-" "Mozilla/5.0 (Windows NT 10.0; Win64; x64) AppleWebKit/537.36 (KHTML, like Gecko) Chrome/58.0.3029.110 Safari/537.36"
188.166.118.38 - - [01/Apr/2025:05:11:25 -0400] "GET /wp-includes/SimplePie/about.php HTTP/1.1" 404 1251 "-" "Mozilla/5.0 (Windows NT 10.0; Win64; x64) AppleWebKit/537.36 (KHTML, like Gecko) Chrome/58.0.3029.110 Safari/537.36"
188.166.118.38 - - [01/Apr/2025:05:11:31 -0400] "GET /wp-includes/ID3/wp-login.php HTTP/1.1" 404 1251 "-" "Mozilla/5.0 (Windows NT 10.0; Win64; x64) AppleWebKit/537.36 (KHTML, like Gecko) Chrome/58.0.3029.110 Safari/537.36"
188.166.118.38 - - [01/Apr/2025:05:11:36 -0400] "GET /css/bak.php HTTP/1.1" 404 1251 "-" "Mozilla/5.0 (Windows NT 10.0; Win64; x64) AppleWebKit/537.36 (KHTML, like Gecko) Chrome/58.0.3029.110 Safari/537.36"
188.166.118.38 - - [01/Apr/2025:05:11:39 -0400] "GET /wp-content/product.php HTTP/1.1" 404 1251 "-" "Mozilla/5.0 (Windows NT 10.0; Win64; x64) AppleWebKit/537.36 (KHTML, like Gecko) Chrome/58.0.3029.110 Safari/537.36"
188.166.118.38 - - [01/Apr/2025:05:11:44 -0400] "GET /.well-known/acme-challenge/atomlib.php HTTP/1.1" 404 1251 "-" "Mozilla/5.0 (Windows NT 10.0; Win64; x64) AppleWebKit/537.36 (KHTML, like Gecko) Chrome/58.0.3029.110 Safari/537.36"
188.166.118.38 - - [01/Apr/2025:05:11:51 -0400] "GET /.well-known/acme-challenge/wp-login.php HTTP/1.1" 404 1251 "-" "Mozilla/5.0 (Windows NT 10.0; Win64; x64) AppleWebKit/537.36 (KHTML, like Gecko) Chrome/58.0.3029.110 Safari/537.36"
188.166.118.38 - - [01/Apr/2025:05:11:56 -0400] "GET /wp-includes/ID3/moon.php HTTP/1.1" 404 1251 "-" "Mozilla/5.0 (Windows NT 10.0; Win64; x64) AppleWebKit/537.36 (KHTML, like Gecko) Chrome/58.0.3029.110 Safari/537.36"
188.166.118.38 - - [01/Apr/2025:05:12:02 -0400] "GET /wp-content/themes/wp-login.php HTTP/1.1" 404 1251 "-" "Mozilla/5.0 (Windows NT 10.0; Win64; x64) AppleWebKit/537.36 (KHTML, like Gecko) Chrome/58.0.3029.110 Safari/537.36"
103.153.202.100 - - [01/Apr/2025:05:12:09 -0400] "GET /admin.php HTTP/1.1" 404 1251 "https://webhostingeswatini.com/admin.php" "Mozilla/4.0 (compatible; MSIE 9.0; Windows NT 6.1)"
188.166.118.38 - - [01/Apr/2025:05:12:10 -0400] "GET /wp-includes/css/plugins.php HTTP/1.1" 404 1251 "-" "Mozilla/5.0 (Windows NT 10.0; Win64; x64) AppleWebKit/537.36 (KHTML, like Gecko) Chrome/58.0.3029.110 Safari/537.36"
188.166.118.38 - - [01/Apr/2025:05:12:16 -0400] "GET /wp-includes/wp-includes/js/tinymce/themes/advanced/skins/default/wp.php HTTP/1.1" 404 1251 "-" "Mozilla/5.0 (Windows NT 10.0; Win64; x64) AppleWebKit/537.36 (KHTML, like Gecko) Chrome/58.0.3029.110 Safari/537.36"
188.166.118.38 - - [01/Apr/2025:05:12:22 -0400] "GET /dropdown.php HTTP/1.1" 404 1251 "-" "Mozilla/5.0 (Windows NT 10.0; Win64; x64) AppleWebKit/537.36 (KHTML, like Gecko) Chrome/58.0.3029.110 Safari/537.36"
188.166.118.38 - - [01/Apr/2025:05:12:26 -0400] "GET /alfa-rex.php7 HTTP/1.1" 404 1251 "-" "Mozilla/5.0 (Windows NT 10.0; Win64; x64) AppleWebKit/537.36 (KHTML, like Gecko) Chrome/58.0.3029.110 Safari/537.36"
188.166.118.38 - - [01/Apr/2025:05:12:31 -0400] "GET /wp-admin/images/revision.php HTTP/1.1" 404 1251 "-" "Mozilla/5.0 (Windows NT 10.0; Win64; x64) AppleWebKit/537.36 (KHTML, like Gecko) Chrome/58.0.3029.110 Safari/537.36"
188.166.118.38 - - [01/Apr/2025:05:12:36 -0400] "GET /wp-includes/themes.php HTTP/1.1" 404 1251 "-" "Mozilla/5.0 (Windows NT 10.0; Win64; x64) AppleWebKit/537.36 (KHTML, like Gecko) Chrome/58.0.3029.110 Safari/537.36"
51.222.253.19 - - [01/Apr/2025:05:12:42 -0400] "GET /marina-yacht-rental-dubai/feed/ HTTP/1.1" 404 1251 "-" "Mozilla/5.0 (compatible; AhrefsBot/7.0; +http://ahrefs.com/robot/)"
188.166.118.38 - - [01/Apr/2025:05:12:42 -0400] "GET /wp-content/plugins/elementor/assets/lib/swiper/index.php HTTP/1.1" 404 1251 "-" "Mozilla/5.0 (Windows NT 10.0; Win64; x64) AppleWebKit/537.36 (KHTML, like Gecko) Chrome/58.0.3029.110 Safari/537.36"
188.166.118.38 - - [01/Apr/2025:05:12:50 -0400] "GET /wp-admin/images/xmrlpc.php HTTP/1.1" 404 1251 "-" "Mozilla/5.0 (Windows NT 10.0; Win64; x64) AppleWebKit/537.36 (KHTML, like Gecko) Chrome/58.0.3029.110 Safari/537.36"
188.166.118.38 - - [01/Apr/2025:05:12:53 -0400] "GET /wp-includes/block-patterns/plugins.php HTTP/1.1" 404 1251 "-" "Mozilla/5.0 (Windows NT 10.0; Win64; x64) AppleWebKit/537.36 (KHTML, like Gecko) Chrome/58.0.3029.110 Safari/537.36"
188.166.118.38 - - [01/Apr/2025:05:12:58 -0400] "GET /wp-content/content.php HTTP/1.1" 404 1251 "-" "Mozilla/5.0 (Windows NT 10.0; Win64; x64) AppleWebKit/537.36 (KHTML, like Gecko) Chrome/58.0.3029.110 Safari/537.36"
188.166.118.38 - - [01/Apr/2025:05:13:05 -0400] "GET /about.php HTTP/1.1" 404 1251 "-" "Mozilla/5.0 (Windows NT 10.0; Win64; x64) AppleWebKit/537.36 (KHTML, like Gecko) Chrome/58.0.3029.110 Safari/537.36"
188.166.118.38 - - [01/Apr/2025:05:13:09 -0400] "GET /wp-includes/customize/wp-login.php HTTP/1.1" 404 1251 "-" "Mozilla/5.0 (Windows NT 10.0; Win64; x64) AppleWebKit/537.36 (KHTML, like Gecko) Chrome/58.0.3029.110 Safari/537.36"
188.166.118.38 - - [01/Apr/2025:05:13:16 -0400] "GET /wp-admin/css/colors/blue/xmlrpcs.php HTTP/1.1" 404 1251 "-" "Mozilla/5.0 (Windows NT 10.0; Win64; x64) AppleWebKit/537.36 (KHTML, like Gecko) Chrome/58.0.3029.110 Safari/537.36"
188.166.118.38 - - [01/Apr/2025:05:13:21 -0400] "GET /wp-content/plugins/clara/clara.php HTTP/1.1" 404 1251 "-" "Mozilla/5.0 (Windows NT 10.0; Win64; x64) AppleWebKit/537.36 (KHTML, like Gecko) Chrome/58.0.3029.110 Safari/537.36"
162.142.125.34 - - [01/Apr/2025:05:14:14 -0400] "GET / HTTP/1.1" 200 156165 "-" "Mozilla/5.0 (compatible; CensysInspect/1.1; +https://about.censys.io/)"
2620:96:e000::b2 - - [01/Apr/2025:05:14:39 -0400] "GET /favicon.ico HTTP/1.1" 404 1251 "-" "Mozilla/5.0 (compatible; CensysInspect/1.1; +https://about.censys.io/)"
2620:96:e000::b2 - - [01/Apr/2025:05:15:54 -0400] "GET /favicon.ico HTTP/1.1" 404 1251 "-" "Mozilla/5.0 (compatible; CensysInspect/1.1; +https://about.censys.io/)"
18.217.228.61 - - [01/Apr/2025:05:17:46 -0400] "GET /dp/B0BTG4S29L HTTP/1.1" 404 1251 "-" "Mozilla/5.0 AppleWebKit/537.36 (KHTML, like Gecko; compatible; ClaudeBot/1.0; +claudebot@anthropic.com)"
184.168.126.97 - - [01/Apr/2025:05:19:58 -0400] "POST /xmlrpc.php HTTP/1.1" 200 205 "-" "Mozilla/5.0 (X11; Fedora; Linux x86_64; rv:94.0) Gecko/20100101 Firefox/95.0"
198.54.114.83 - - [01/Apr/2025:05:20:07 -0400] "POST /wp-cron.php?doing_wp_cron=1743499205.0533299446105957031250 HTTP/1.1" 200 0 "-" "WordPress/6.7.2; https://webhostingeswatini.com"
52.71.218.25 - - [01/Apr/2025:05:20:33 -0400] "GET /hotels-mit-spas-und-funf-sterne-luxusresorts-am-gardasee/ HTTP/1.1" 404 1251 "-" "Mozilla/5.0 AppleWebKit/537.36 (KHTML, like Gecko; compatible; Amazonbot/0.1; +https://developer.amazon.com/support/amazonbot) Chrome/119.0.6045.214 Safari/537.36"
198.54.114.83 - - [01/Apr/2025:05:21:38 -0400] "POST /wp-admin/admin-ajax.php?action=async_litespeed&nonce=xB2egMgig9BnFnQoJ8rqglQ5qIHInJcx&litespeed_type=imgoptm HTTP/1.1" 200 0 "-" "WordPress/6.7.2; https://webhostingeswatini.com"
5.255.231.15 - - [01/Apr/2025:05:24:44 -0400] "GET /robots.txt HTTP/1.1" 304 0 "-" "Mozilla/5.0 (compatible; YandexBot/3.0; +http://yandex.com/bots)"
5.255.231.158 - - [01/Apr/2025:05:24:46 -0400] "GET /cheapest-smm-panel-review/ HTTP/1.1" 404 1251 "-" "Mozilla/5.0 (compatible; YandexBot/3.0; +http://yandex.com/bots)"
112.92.70.120 - - [01/Apr/2025:05:27:21 -0400] "GET /holistic-medicine-austin/ HTTP/1.1" 404 1251 "https://webhostingeswatini.com" "Mozilla/5.0 (Windows NT 10.0; Win64; x64) AppleWebKit/537.36 (KHTML, like Gecko) Chrome/62.0.3202.94 Safari/537.36"
112.92.70.120 - - [01/Apr/2025:05:27:23 -0400] "GET /holistic-medicine-austin/ HTTP/1.1" 404 1251 "https://webhostingeswatini.com" "Mozilla/5.0 (Windows NT 10.0; Win64; x64) AppleWebKit/537.36 (KHTML, like Gecko) Chrome/62.0.3202.94 Safari/537.36"
198.54.114.83 - - [01/Apr/2025:05:30:02 -0400] "POST /wp-cron.php?doing_wp_cron=1743499800.6984469890594482421875 HTTP/1.1" 200 0 "-" "WordPress/6.7.2; https://webhostingeswatini.com"
217.174.152.39 - - [01/Apr/2025:05:29:56 -0400] "POST /xmlrpc.php HTTP/1.1" 200 205 "-" "Mozilla/5.0 (X11; Fedora; Linux x86_64; rv:94.0) Gecko/20100101 Firefox/95.0"
2a03:2880:f800:3:: - - [01/Apr/2025:05:30:27 -0400] "GET /wp-content/plugins/advanced-google-recaptcha/libs/captcha.php?wpcaptcha-generate-image=true&color=%23FFFFFF&noise=1&id=9762 HTTP/1.1" 200 227 "-" "meta-externalagent/1.1 (+https://developers.facebook.com/docs/sharing/webmasters/crawler)"
112.92.70.120 - - [01/Apr/2025:05:39:06 -0400] "GET /old-casino-favourites-blackjack-and-roulette/ HTTP/1.1" 404 1251 "https://webhostingeswatini.com" "Mozilla/5.0 (Windows NT 10.0; Win64; x64) AppleWebKit/537.36 (KHTML, like Gecko) Chrome/62.0.3202.94 Safari/537.36"
112.92.70.120 - - [01/Apr/2025:05:39:07 -0400] "GET /old-casino-favourites-blackjack-and-roulette/ HTTP/1.1" 404 1251 "https://webhostingeswatini.com" "Mozilla/5.0 (Windows NT 10.0; Win64; x64) AppleWebKit/537.36 (KHTML, like Gecko) Chrome/62.0.3202.94 Safari/537.36"
112.92.70.120 - - [01/Apr/2025:05:39:08 -0400] "GET /old-casino-favourites-blackjack-and-roulette/ HTTP/1.1" 404 1251 "https://webhostingeswatini.com" "Mozilla/5.0 (Windows NT 10.0; Win64; x64) AppleWebKit/537.36 (KHTML, like Gecko) Chrome/62.0.3202.94 Safari/537.36"
112.92.70.120 - - [01/Apr/2025:05:39:11 -0400] "GET /old-casino-favourites-blackjack-and-roulette/ HTTP/1.1" 404 1251 "https://webhostingeswatini.com" "Mozilla/5.0 (Windows NT 10.0; Win64; x64) AppleWebKit/537.36 (KHTML, like Gecko) Chrome/62.0.3202.94 Safari/537.36"
18.118.24.69 - - [01/Apr/2025:05:39:22 -0400] "GET /dp/B07NQ7HNHY HTTP/1.1" 404 1251 "-" "Mozilla/5.0 AppleWebKit/537.36 (KHTML, like Gecko; compatible; ClaudeBot/1.0; +claudebot@anthropic.com)"
198.54.114.83 - - [01/Apr/2025:05:39:59 -0400] "POST /wp-cron.php?doing_wp_cron=1743500399.0365719795227050781250 HTTP/1.1" 200 0 "-" "WordPress/6.7.2; https://webhostingeswatini.com"
135.125.107.12 - - [01/Apr/2025:05:39:54 -0400] "POST /xmlrpc.php HTTP/1.1" 200 205 "-" "Mozilla/5.0 (X11; Fedora; Linux x86_64; rv:94.0) Gecko/20100101 Firefox/95.0"
198.54.114.83 - - [01/Apr/2025:05:40:00 -0400] "POST /wp-admin/admin-ajax.php?action=async_litespeed&nonce=Xb0bprvKEQmS1xaKZaKPwd2fe7jQ66Uy&litespeed_type=imgoptm HTTP/1.1" 200 0 "-" "WordPress/6.7.2; https://webhostingeswatini.com"
51.222.253.18 - - [01/Apr/2025:05:42:49 -0400] "GET /be-in-style-with-in-vogue-handbags/feed/ HTTP/1.1" 404 1251 "-" "Mozilla/5.0 (compatible; AhrefsBot/7.0; +http://ahrefs.com/robot/)"
151.106.162.202 - - [01/Apr/2025:05:43:18 -0400] "GET /wp-content/uploads/2023/06/How-to-Turn-Off-Call-Announcement-on-iPhone.jpg HTTP/1.1" 200 13427 "-" "Mozilla/5.0 (X11; Ubuntu; Linux x86_64; rv:72.0) Gecko/20100101 Firefox/72.0"
2a03:2880:f800:9:: - - [01/Apr/2025:05:48:33 -0400] "GET /wp-content/plugins/advanced-google-recaptcha/libs/captcha.php?wpcaptcha-generate-image=true&color=%23FFFFFF&noise=1&id=3520 HTTP/1.1" 200 225 "-" "meta-externalagent/1.1 (+https://developers.facebook.com/docs/sharing/webmasters/crawler)"
198.54.114.83 - - [01/Apr/2025:05:49:45 -0400] "POST /wp-cron.php?doing_wp_cron=1743500984.5579609870910644531250 HTTP/1.1" 200 0 "-" "WordPress/6.7.2; https://webhostingeswatini.com"
109.207.79.205 - - [01/Apr/2025:05:49:39 -0400] "POST /xmlrpc.php HTTP/1.1" 200 205 "-" "Mozilla/5.0 (X11; Fedora; Linux x86_64; rv:94.0) Gecko/20100101 Firefox/95.0"
198.54.114.83 - - [01/Apr/2025:05:49:46 -0400] "POST /wp-admin/admin-ajax.php?action=async_litespeed&nonce=KcePHprJG2eUKvDlQCgXYvudSIuajmKL&litespeed_type=imgoptm HTTP/1.1" 200 0 "-" "WordPress/6.7.2; https://webhostingeswatini.com"
52.14.200.7 - - [01/Apr/2025:05:57:02 -0400] "GET /dp/B08LZ3LTFV HTTP/1.1" 404 1251 "-" "Mozilla/5.0 AppleWebKit/537.36 (KHTML, like Gecko; compatible; ClaudeBot/1.0; +claudebot@anthropic.com)"
198.54.114.83 - - [01/Apr/2025:05:59:17 -0400] "POST /wp-cron.php?doing_wp_cron=1743501557.5678699016571044921875 HTTP/1.1" 200 0 "-" "WordPress/6.7.2; https://webhostingeswatini.com"
103.127.134.129 - - [01/Apr/2025:05:59:14 -0400] "POST /xmlrpc.php HTTP/1.1" 200 205 "-" "Mozilla/5.0 (X11; Fedora; Linux x86_64; rv:94.0) Gecko/20100101 Firefox/95.0"
198.54.114.83 - - [01/Apr/2025:05:59:18 -0400] "POST /wp-admin/admin-ajax.php?action=async_litespeed&nonce=fXrCF0LcjvXC5GrQM5ZKMXBXLtW8I5Z7&litespeed_type=imgoptm HTTP/1.1" 200 0 "-" "WordPress/6.7.2; https://webhostingeswatini.com"
198.54.114.83 - - [01/Apr/2025:06:09:13 -0400] "POST /wp-cron.php?doing_wp_cron=1743502153.6174349784851074218750 HTTP/1.1" 200 0 "-" "WordPress/6.7.2; https://webhostingeswatini.com"
118.128.165.171 - - [01/Apr/2025:06:09:10 -0400] "POST /xmlrpc.php HTTP/1.1" 200 205 "-" "Mozilla/5.0 (X11; Fedora; Linux x86_64; rv:94.0) Gecko/20100101 Firefox/95.0"
198.54.114.83 - - [01/Apr/2025:06:09:14 -0400] "POST /wp-admin/admin-ajax.php?action=async_litespeed&nonce=Mp0LCtrONpjFtwlGs5I6Cdu0CQH88Nur&litespeed_type=imgoptm HTTP/1.1" 200 5 "-" "WordPress/6.7.2; https://webhostingeswatini.com"
69.10.52.140 - - [01/Apr/2025:06:19:42 -0400] "POST /xmlrpc.php HTTP/1.1" 200 205 "-" "Mozilla/5.0 (X11; Fedora; Linux x86_64; rv:94.0) Gecko/20100101 Firefox/95.0"
198.54.114.83 - - [01/Apr/2025:06:29:58 -0400] "POST /wp-cron.php?doing_wp_cron=1743503396.3442330360412597656250 HTTP/1.1" 200 0 "-" "WordPress/6.7.2; https://webhostingeswatini.com"
185.220.206.115 - - [01/Apr/2025:06:29:48 -0400] "POST /xmlrpc.php HTTP/1.1" 200 205 "-" "Mozilla/5.0 (X11; Fedora; Linux x86_64; rv:94.0) Gecko/20100101 Firefox/95.0"
185.212.115.113 - - [01/Apr/2025:06:32:31 -0400] "GET /wp-login.php HTTP/1.1" 200 1873 "-" "Mozilla/5.0 (Windows NT 10.0; Win64; x64) AppleWebKit/537.36 (KHTML, like Gecko) Chrome/115.0.0.0 Safari/537.36 Edg/115.0.1901.203"
185.212.115.113 - - [01/Apr/2025:06:32:34 -0400] "POST /wp-login.php HTTP/1.1" 200 1946 "https://webhostingeswatini.com/wp-login.php" "Mozilla/5.0 (Windows NT 10.0; Win64; x64) AppleWebKit/537.36 (KHTML, like Gecko) Chrome/115.0.0.0 Safari/537.36 Edg/115.0.1901.203"
52.167.144.173 - - [01/Apr/2025:06:38:18 -0400] "GET /the-modest-cost-ticket-can-create-difficult-issues/feed/ HTTP/1.1" 404 1251 "-" "Mozilla/5.0 AppleWebKit/537.36 (KHTML, like Gecko; compatible; bingbot/2.0; +http://www.bing.com/bingbot.htm) Chrome/116.0.1938.76 Safari/537.36"
41.140.30.121 - - [01/Apr/2025:06:39:21 -0400] "GET /breastfeeding-leaks/ HTTP/1.1" 404 1251 "https://yandex.com/" "Mozilla/5.0 (Windows NT 10.0; Win64; x64) AppleWebKit/537.36 (KHTML, like Gecko) Chrome/134.0.0.0 Safari/537.36"
41.140.30.121 - - [01/Apr/2025:06:39:21 -0400] "GET /favicon.ico HTTP/1.1" 404 1251 "https://webhostingeswatini.com/breastfeeding-leaks/" "Mozilla/5.0 (Windows NT 10.0; Win64; x64) AppleWebKit/537.36 (KHTML, like Gecko) Chrome/134.0.0.0 Safari/537.36"
198.54.114.83 - - [01/Apr/2025:06:40:51 -0400] "POST /wp-cron.php?doing_wp_cron=1743504050.2310540676116943359375 HTTP/1.1" 200 0 "-" "WordPress/6.7.2; https://webhostingeswatini.com"
188.165.54.175 - - [01/Apr/2025:06:40:45 -0400] "POST /xmlrpc.php HTTP/1.1" 200 205 "-" "Mozilla/5.0 (X11; Fedora; Linux x86_64; rv:94.0) Gecko/20100101 Firefox/95.0"
13.58.245.201 - - [01/Apr/2025:06:42:24 -0400] "GET /dp/B084NTF5ZY HTTP/1.1" 404 1251 "-" "Mozilla/5.0 AppleWebKit/537.36 (KHTML, like Gecko; compatible; ClaudeBot/1.0; +claudebot@anthropic.com)"
13.58.245.201 - - [01/Apr/2025:06:42:24 -0400] "GET /dp/B085Q2ZF1X HTTP/1.1" 404 1251 "-" "Mozilla/5.0 AppleWebKit/537.36 (KHTML, like Gecko; compatible; ClaudeBot/1.0; +claudebot@anthropic.com)"
116.203.199.189 - - [01/Apr/2025:06:48:38 -0400] "GET / HTTP/1.1" 200 156165 "-" "SeobilityBot (SEO Tool; https://www.seobility.net/sites/bot.html)"
66.249.66.199 - - [01/Apr/2025:06:48:58 -0400] "GET /robots.txt HTTP/1.1" 304 0 "-" "Mozilla/5.0 (compatible; Googlebot/2.1; +http://www.google.com/bot.html)"
66.249.66.198 - - [01/Apr/2025:06:49:00 -0400] "GET /wp-login.php?redirect_to=http%3A%2F%2Fsdnllxhvj.lol/281/1527/718fe02/ HTTP/1.1" 200 1899 "-" "Mozilla/5.0 (Linux; Android 6.0.1; Nexus 5X Build/MMB29P) AppleWebKit/537.36 (KHTML, like Gecko) Chrome/134.0.6998.165 Mobile Safari/537.36 (compatible; Googlebot/2.1; +http://www.google.com/bot.html)"
198.54.114.83 - - [01/Apr/2025:06:49:08 -0400] "POST /wp-cron.php?doing_wp_cron=1743504545.6382529735565185546875 HTTP/1.1" 200 0 "-" "WordPress/6.7.2; https://webhostingeswatini.com"
121.40.58.137 - - [01/Apr/2025:06:50:04 -0400] "POST /xmlrpc.php HTTP/1.1" 200 205 "-" "Mozilla/5.0 (X11; Fedora; Linux x86_64; rv:94.0) Gecko/20100101 Firefox/95.0"
198.54.114.83 - - [01/Apr/2025:06:50:08 -0400] "POST /wp-cron.php?doing_wp_cron=1743504606.2632939815521240234375 HTTP/1.1" 200 0 "-" "WordPress/6.7.2; https://webhostingeswatini.com"
51.222.253.9 - - [01/Apr/2025:06:55:24 -0400] "GET /how-to-find-the-best-sports-betting-sites/feed/ HTTP/1.1" 404 1251 "-" "Mozilla/5.0 (compatible; AhrefsBot/7.0; +http://ahrefs.com/robot/)"
36.226.210.76 - - [01/Apr/2025:06:57:01 -0400] "GET / HTTP/1.1" 200 156165 "https://www.atlanticcoastboating.com/" "Mozilla/5.0 (compatible; Baiduspider/2.0; +http://www.baidu.com/search/spider.html)"
198.54.114.83 - - [01/Apr/2025:06:57:59 -0400] "POST /wp-cron.php?doing_wp_cron=1743505077.6556899547576904296875 HTTP/1.1" 200 0 "-" "WordPress/6.7.2; https://webhostingeswatini.com"
103.59.95.65 - - [01/Apr/2025:06:57:53 -0400] "POST /wp-login.php/wp-login.php HTTP/1.1" 200 1943 "-" "python-requests/2.32.3"
112.92.70.120 - - [01/Apr/2025:07:00:59 -0400] "GET /holistic-medicine-austin/ HTTP/1.1" 404 1251 "https://webhostingeswatini.com" "Mozilla/5.0 (Windows NT 10.0; Win64; x64) AppleWebKit/537.36 (KHTML, like Gecko) Chrome/62.0.3202.94 Safari/537.36"
39.105.205.117 - - [01/Apr/2025:07:00:58 -0400] "POST /xmlrpc.php HTTP/1.1" 200 205 "-" "Mozilla/5.0 (X11; Fedora; Linux x86_64; rv:94.0) Gecko/20100101 Firefox/95.0"
198.54.114.83 - - [01/Apr/2025:07:01:07 -0400] "POST /wp-cron.php?doing_wp_cron=1743505263.4909288883209228515625 HTTP/1.1" 200 0 "-" "WordPress/6.7.2; https://webhostingeswatini.com"
51.222.253.18 - - [01/Apr/2025:07:02:32 -0400] "GET /how-pilates-can-help-you/feed/ HTTP/1.1" 404 1251 "-" "Mozilla/5.0 (compatible; AhrefsBot/7.0; +http://ahrefs.com/robot/)"
102.157.122.249 - - [01/Apr/2025:07:04:11 -0400] "GET /wp-login.php HTTP/1.1" 200 1873 "http://webhostingeswatini.com/wp-admin/" "Mozilla/5.0 (Windows NT 10.0; Win64; x64) AppleWebKit/537.36 (KHTML, like Gecko) Chrome/90.0.4430.85 Safari/537.36"
66.249.66.198 - - [01/Apr/2025:07:04:12 -0400] "GET /wp-admin/js/user-profile.min.js?ver=6.7.2 HTTP/1.1" 304 0 "https://webhostingeswatini.com/wp-login.php?redirect_to=http%3A%2F%2Fsdnllxhvj.lol/281/1527/718fe02/" "Mozilla/5.0 (Linux; Android 6.0.1; Nexus 5X Build/MMB29P) AppleWebKit/537.36 (KHTML, like Gecko) Chrome/133.0.6943.141 Mobile Safari/537.36 (compatible; Googlebot/2.1; +http://www.google.com/bot.html)"
66.249.66.198 - - [01/Apr/2025:07:04:15 -0400] "GET /wp-includes/js/underscore.min.js?ver=1.13.7 HTTP/1.1" 304 0 "https://webhostingeswatini.com/wp-login.php?redirect_to=http%3A%2F%2Fsdnllxhvj.lol/281/1527/718fe02/" "Mozilla/5.0 (Linux; Android 6.0.1; Nexus 5X Build/MMB29P) AppleWebKit/537.36 (KHTML, like Gecko) Chrome/133.0.6943.141 Mobile Safari/537.36 (compatible; Googlebot/2.1; +http://www.google.com/bot.html)"
102.157.122.249 - - [01/Apr/2025:07:04:15 -0400] "POST /wp-login.php HTTP/1.1" 200 1943 "http://webhostingeswatini.com/wp-admin/" "Mozilla/5.0 (Windows NT 10.0; Win64; x64) AppleWebKit/537.36 (KHTML, like Gecko) Chrome/90.0.4430.85 Safari/537.36"
66.249.66.199 - - [01/Apr/2025:07:04:18 -0400] "GET /wp-admin/load-scripts.php?c=1&load%5Bchunk_0%5D=clipboard,jquery-core,jquery-migrate,zxcvbn-async,wp-hooks&ver=6.7.2 HTTP/1.1" 200 39842 "https://webhostingeswatini.com/wp-login.php?redirect_to=http%3A%2F%2Fsdnllxhvj.lol/281/1527/718fe02/" "Mozilla/5.0 (Linux; Android 6.0.1; Nexus 5X Build/MMB29P) AppleWebKit/537.36 (KHTML, like Gecko) Chrome/133.0.6943.141 Mobile Safari/537.36 (compatible; Googlebot/2.1; +http://www.google.com/bot.html)"
102.157.122.249 - - [01/Apr/2025:07:04:18 -0400] "GET /wp-admin/ HTTP/1.1" 302 0 "www.google.com" "Mozilla/5.0 (Windows NT 10.0; Win64; x64) AppleWebKit/537.36 (KHTML, like Gecko) Chrome/90.0.4430.85 Safari/537.36"
66.249.66.198 - - [01/Apr/2025:07:04:22 -0400] "GET /wp-includes/js/dist/i18n.min.js?ver=5e580eb46a90c2b997e6 HTTP/1.1" 304 0 "https://webhostingeswatini.com/wp-login.php?redirect_to=http%3A%2F%2Fsdnllxhvj.lol/281/1527/718fe02/" "Mozilla/5.0 (Linux; Android 6.0.1; Nexus 5X Build/MMB29P) AppleWebKit/537.36 (KHTML, like Gecko) Chrome/133.0.6943.141 Mobile Safari/537.36 (compatible; Googlebot/2.1; +http://www.google.com/bot.html)"
102.157.122.249 - - [01/Apr/2025:07:04:23 -0400] "GET /wp-login.php?redirect_to=https%3A%2F%2Fwebhostingeswatini.com%2Fwp-admin%2F&reauth=1 HTTP/1.1" 200 1873 "www.google.com" "Mozilla/5.0 (Windows NT 10.0; Win64; x64) AppleWebKit/537.36 (KHTML, like Gecko) Chrome/90.0.4430.85 Safari/537.36"
66.249.66.198 - - [01/Apr/2025:07:04:24 -0400] "GET /wp-includes/js/zxcvbn.min.js HTTP/1.1" 304 0 "https://webhostingeswatini.com/wp-login.php?redirect_to=http%3A%2F%2Fsdnllxhvj.lol/281/1527/718fe02/" "Mozilla/5.0 (Linux; Android 6.0.1; Nexus 5X Build/MMB29P) AppleWebKit/537.36 (KHTML, like Gecko) Chrome/133.0.6943.141 Mobile Safari/537.36 (compatible; Googlebot/2.1; +http://www.google.com/bot.html)"
178.172.245.215 - - [01/Apr/2025:07:06:01 -0400] "GET / HTTP/1.1" 200 156165 "https://techlivenews.co.uk" "Mozilla/5.0 (compatible; Googlebot/2.1; +http://www.google.com/bot.html)"
51.222.253.4 - - [01/Apr/2025:07:09:52 -0400] "GET /dwi-defense-lawyer/feed/ HTTP/1.1" 404 1251 "-" "Mozilla/5.0 (compatible; AhrefsBot/7.0; +http://ahrefs.com/robot/)"
198.54.114.83 - - [01/Apr/2025:07:11:19 -0400] "POST /wp-cron.php?doing_wp_cron=1743505879.4832830429077148437500 HTTP/1.1" 200 0 "-" "WordPress/6.7.2; https://webhostingeswatini.com"
2804:b44:1000::35 - - [01/Apr/2025:07:11:15 -0400] "POST /xmlrpc.php HTTP/1.1" 200 205 "-" "Mozilla/5.0 (X11; Fedora; Linux x86_64; rv:94.0) Gecko/20100101 Firefox/95.0"
198.54.114.83 - - [01/Apr/2025:07:11:20 -0400] "POST /wp-admin/admin-ajax.php?action=async_litespeed&nonce=kjqchYQtKzDDti0abtRDm2dPnYx5uGTR&litespeed_type=imgoptm HTTP/1.1" 200 0 "-" "WordPress/6.7.2; https://webhostingeswatini.com"
54.197.82.195 - - [01/Apr/2025:07:13:56 -0400] "GET /damenparfum-top-10/ HTTP/1.1" 404 1251 "-" "Mozilla/5.0 AppleWebKit/537.36 (KHTML, like Gecko; compatible; Amazonbot/0.1; +https://developer.amazon.com/support/amazonbot) Chrome/119.0.6045.214 Safari/537.36"
18.190.159.202 - - [01/Apr/2025:07:14:12 -0400] "GET /dp/B0CPKX85TD HTTP/1.1" 404 1251 "-" "Mozilla/5.0 AppleWebKit/537.36 (KHTML, like Gecko; compatible; ClaudeBot/1.0; +claudebot@anthropic.com)"
51.222.253.17 - - [01/Apr/2025:07:16:47 -0400] "GET /whats-a-good-hair-dryer-for-travel/feed/ HTTP/1.1" 404 1251 "-" "Mozilla/5.0 (compatible; AhrefsBot/7.0; +http://ahrefs.com/robot/)"
58.254.68.93 - - [01/Apr/2025:07:19:17 -0400] "GET /how-to-make-your-brownie-box-taste-like-homemade/ HTTP/1.1" 404 1251 "https://webhostingeswatini.com" "Mozilla/5.0 (Windows NT 10.0; Win64; x64) AppleWebKit/537.36 (KHTML, like Gecko) Chrome/62.0.3202.94 Safari/537.36"
58.254.68.93 - - [01/Apr/2025:07:19:19 -0400] "GET /how-to-make-your-brownie-box-taste-like-homemade/ HTTP/1.1" 404 1251 "https://webhostingeswatini.com" "Mozilla/5.0 (Windows NT 10.0; Win64; x64) AppleWebKit/537.36 (KHTML, like Gecko) Chrome/62.0.3202.94 Safari/537.36"
58.254.68.93 - - [01/Apr/2025:07:19:22 -0400] "GET /how-to-make-your-brownie-box-taste-like-homemade/ HTTP/1.1" 404 1251 "https://webhostingeswatini.com" "Mozilla/5.0 (Windows NT 10.0; Win64; x64) AppleWebKit/537.36 (KHTML, like Gecko) Chrome/62.0.3202.94 Safari/537.36"
58.254.68.93 - - [01/Apr/2025:07:19:25 -0400] "GET /how-to-make-your-brownie-box-taste-like-homemade/ HTTP/1.1" 404 1251 "https://webhostingeswatini.com" "Mozilla/5.0 (Windows NT 10.0; Win64; x64) AppleWebKit/537.36 (KHTML, like Gecko) Chrome/62.0.3202.94 Safari/537.36"
198.54.114.83 - - [01/Apr/2025:07:21:54 -0400] "POST /wp-cron.php?doing_wp_cron=1743506513.8315649032592773437500 HTTP/1.1" 200 0 "-" "WordPress/6.7.2; https://webhostingeswatini.com"
157.230.219.118 - - [01/Apr/2025:07:21:48 -0400] "POST /xmlrpc.php HTTP/1.1" 200 205 "-" "Mozilla/5.0 (X11; Fedora; Linux x86_64; rv:94.0) Gecko/20100101 Firefox/95.0"
198.54.114.83 - - [01/Apr/2025:07:21:55 -0400] "POST /wp-admin/admin-ajax.php?action=async_litespeed&nonce=zKBxo06bf5vdMvcMZIRC1bgm63GfG78j&litespeed_type=imgoptm HTTP/1.1" 200 0 "-" "WordPress/6.7.2; https://webhostingeswatini.com"
51.222.253.14 - - [01/Apr/2025:07:24:21 -0400] "GET /plastic-fix-for-auto-body-shops-and-auto-itemizing-firms/feed/ HTTP/1.1" 404 1251 "-" "Mozilla/5.0 (compatible; AhrefsBot/7.0; +http://ahrefs.com/robot/)"
152.42.209.58 - - [01/Apr/2025:07:24:55 -0400] "GET /wp-login.php HTTP/1.1" 200 1873 "-" "Mozilla/5.0 (Linux; Android 12; Redmi Note 9 Pro Build/SKQ1.211019.001; wv) AppleWebKit/537.36 (KHTML, like Gecko) Version/4.0 Chrome/126.0.6478.71 Mobile Safari/537.36"
3.15.194.249 - - [01/Apr/2025:07:26:12 -0400] "GET /dp/B09L462YVZ HTTP/1.1" 404 1251 "-" "Mozilla/5.0 AppleWebKit/537.36 (KHTML, like Gecko; compatible; ClaudeBot/1.0; +claudebot@anthropic.com)"
198.54.114.83 - - [01/Apr/2025:07:28:00 -0400] "POST /wp-admin/admin-ajax.php?action=async_litespeed&nonce=S1yMdIQepOxjUTJYT2H5quHrifuZJVB4&litespeed_type=imgoptm HTTP/1.1" 200 0 "-" "WordPress/6.7.2; https://webhostingeswatini.com"
156.228.91.195 - - [01/Apr/2025:07:28:01 -0400] "GET /wp-login.php HTTP/1.1" 200 1873 "https://www.google.com" "Mozilla/5.0 (X11; Linux x86_64) AppleWebKit/537.36 (KHTML, like Gecko) Chrome/119.0.0.0 Safari/537.36"
